11-05 15:00:06.006 D/XiriService( 313): check file name: /data/data/com.android.cts.priv.ctsshim/lib
11-05 15:00:06.006 D/XiriService( 313): check file name: /data/data/com.android.cts.priv.ctsshim/lib
11-05 15:00:06.006 D/XiriService( 313): check file name: /data/data/com.android.cts.priv.ctsshim/lib
11-05 15:00:06.006 D/XiriService( 313): check file name: /data/data/com.android.cts.priv.ctsshim/lib
11-05 15:00:06.007 D/XiriService( 313): check file name: /data/data/com.android.dynsystem/lib
11-05 15:00:06.007 D/XiriService( 313): check file name: /data/data/com.android.dynsystem/lib
11-05 15:00:06.008 D/XiriService( 313): check file name: /data/data/com.android.dynsystem/lib
11-05 15:00:06.009 D/XiriService( 313): check file name: /data/data/com.android.dynsystem/lib
11-05 15:00:06.012 W/InputReader( 484): Device sunxi-ir-uinput is associated with display ADISPLAY_ID_NONE.
11-05 15:00:06.012 I/SystemServerTiming( 484): StartStorageManagerService
11-05 15:00:06.013 I/SystemServiceManager( 484): Starting com.android.server.StorageManagerService$Lifecycle
11-05 15:00:06.014 I/InputManager-JNI( 484): Viewport [0] to add: local:0, isActive: false
11-05 15:00:06.015 D/MtpDeviceJNI( 242): register_android_mtp_MtpDevice
11-05 15:00:06.016 I/InputReader( 484): Reconfiguring input devices, changes=DISPLAY_INFO |
11-05 15:00:06.019 I/init ( 1): processing action (sys.sysctl.extra_free_kbytes=*) from (/system/etc/init/hw/init.rc:1139)
11-05 15:00:06.020 D/installd( 355): Found quota mount /dev/block/by-name/userdata at /data
11-05 15:00:06.020 D/installd( 355): Found quota mount /dev/block/by-name/userdata at /data/user/0
11-05 15:00:06.021 D/XiriService( 313): check file name: /data/data/com.android.dynsystem/lib
11-05 15:00:06.022 D/XiriService( 313): check file name: /data/data/com.dangbei.lerad.rocky/lib
11-05 15:00:06.022 D/XiriService( 313): check file name: /data/data/com.dangbei.lerad.rocky/lib
11-05 15:00:06.023 D/XiriService( 313): check file name: /data/data/com.dangbei.lerad.rocky/lib
11-05 15:00:06.023 D/XiriService( 313): check file name: /data/data/com.dangbei.lerad.rocky/lib
11-05 15:00:06.030 D/XiriService( 313): check file name: /data/data/com.dangbei.lerad.rocky/lib
11-05 15:00:06.030 D/XiriService( 313): check file name: /data/data/com.dangbei.lerad.rocky/lib
11-05 15:00:06.031 D/XiriService( 313): check file name: /data/data/com.dangbei.lerad.rocky/lib
11-05 15:00:06.031 D/XiriService( 313): check file name: /data/data/com.dangbei.lerad.rocky/lib
11-05 15:00:06.034 I/SystemServerTiming( 484): StartStorageStatsService
11-05 15:00:06.034 I/SystemServiceManager( 484): Starting com.android.server.usage.StorageStatsService$Lifecycle
11-05 15:00:06.037 D/StorageManagerService( 484): Thinking about init, mBootCompleted=false, mDaemonConnected=true
11-05 15:00:06.037 D/StorageManagerService( 484): Thinking about reset, mBootCompleted=false, mDaemonConnected=true
11-05 15:00:06.039 D/installd( 355): Found quota mount /dev/block/by-name/userdata at /data
11-05 15:00:06.039 D/installd( 355): Found quota mount /dev/block/by-name/userdata at /data/user/0
11-05 15:00:06.038 D/StorageManagerService( 484): Thinking about init, mBootCompleted=false, mDaemonConnected=true
11-05 15:00:06.042 D/StorageManagerService( 484): Thinking about reset, mBootCompleted=false, mDaemonConnected=true
11-05 15:00:06.043 D/installd( 355): Found quota mount /dev/block/by-name/userdata at /data
11-05 15:00:06.043 D/installd( 355): Found quota mount /dev/block/by-name/userdata at /data/user/0
11-05 15:00:06.046 I/SystemServerTiming( 484): StartUiModeManager
11-05 15:00:06.046 I/SystemServiceManager( 484): Starting com.android.server.UiModeManagerService
11-05 15:00:06.047 D/XiriService( 313): check file name: /data/data/com.android.tv.settings/lib
11-05 15:00:06.047 D/XiriService( 313): check file name: /data/data/com.android.tv.settings/lib
11-05 15:00:06.048 D/XiriService( 313): check file name: /data/data/com.android.tv.settings/lib
11-05 15:00:06.048 D/XiriService( 313): check file name: /data/data/com.android.tv.settings/lib
11-05 15:00:06.048 I/SystemServerTimingAsync( 484): InitThreadPoolExec:UiModeManager.onStart
11-05 15:00:06.048 D/SystemServerInitThreadPool( 484): Started executing UiModeManager.onStart
11-05 15:00:06.050 I/SystemServerTiming( 484): UpdatePackagesIfNeeded
11-05 15:00:06.050 I/Watchdog( 484): Pausing HandlerChecker: main thread for reason: dexopt. Pause count: 1
11-05 15:00:06.050 I/Watchdog( 484): Resuming HandlerChecker: main thread for reason: dexopt. Pause count: 0
11-05 15:00:06.050 I/SystemServerTiming( 484): PerformFstrimIfNeeded
11-05 15:00:06.050 I/SystemServerTiming( 484): StartLockSettingsService
11-05 15:00:06.051 I/SystemServiceManager( 484): Starting com.android.server.locksettings.LockSettingsService$Lifecycle
11-05 15:00:06.057 D/XiriService( 313): check file name: /data/data/com.android.tv.settings/lib
11-05 15:00:06.058 D/SystemServerInitThreadPool( 484): Finished executing UiModeManager.onStart
11-05 15:00:06.058 D/XiriService( 313): check file name: /data/data/com.android.tv.settings/lib
11-05 15:00:06.065 D/XiriService( 313): check file name: /data/data/com.oranth.factory/lib
11-05 15:00:06.065 D/XiriService( 313): check file name: /data/data/com.oranth.factory/lib
11-05 15:00:06.066 D/XiriService( 313): check file name: /data/data/com.oranth.factory/lib
11-05 15:00:06.074 D/XiriService( 313): check file name: /data/data/com.oranth.factory/lib
11-05 15:00:06.075 D/XiriService( 313): check file name: /data/data/com.oranth.factory/lib
11-05 15:00:06.075 D/XiriService( 313): check file name: /data/data/com.oranth.factory/lib
11-05 15:00:06.082 I/SystemServerTiming( 484): StartPersistentDataBlock
11-05 15:00:06.082 I/SystemServiceManager( 484): Starting com.android.server.PersistentDataBlockService
11-05 15:00:06.082 D/XiriService( 313): check file name: /data/data/com.dangbei.zhushou.os/lib
11-05 15:00:06.082 D/XiriService( 313): check file name: /data/data/com.dangbei.zhushou.os/lib
11-05 15:00:06.083 I/SystemServerTimingAsync( 484): InitThreadPoolExec:PersistentDataBlockService.onStart
11-05 15:00:06.083 D/SystemServerInitThreadPool( 484): Started executing PersistentDataBlockService.onStart
11-05 15:00:06.083 D/XiriService( 313): check file name: /data/data/com.dangbei.zhushou.os/lib
11-05 15:00:06.083 D/XiriService( 313): check file name: /data/data/com.dangbei.zhushou.os/lib
11-05 15:00:06.084 I/SystemServerTiming( 484): StartTestHarnessMode
11-05 15:00:06.084 I/SystemServiceManager( 484): Starting com.android.server.testharness.TestHarnessModeService
11-05 15:00:06.085 I/SystemServerTiming( 484): StartOemLockService
11-05 15:00:06.085 I/SystemServiceManager( 484): Starting com.android.server.oemlock.OemLockService
11-05 15:00:06.090 I/hwservicemanager( 180): getTransport: Cannot find entry android.hardware.oemlock@1.0::IOemLock/default in either framework or device VINTF manifest.
11-05 15:00:06.091 D/XiriService( 313): check file name: /data/data/com.dangbei.zhushou.os/lib
11-05 15:00:06.091 I/OemLock ( 484): OemLock HAL not present on device
11-05 15:00:06.091 D/XiriService( 313): check file name: /data/data/com.dangbei.zhushou.os/lib
11-05 15:00:06.091 I/OemLock ( 484): Using persistent data block based lock
11-05 15:00:06.092 D/XiriService( 313): check file name: /data/data/com.dangbei.zhushou.os/lib
11-05 15:00:06.092 D/XiriService( 313): check file name: /data/data/com.dangbei.zhushou.os/lib
11-05 15:00:06.092 I/SystemServerTiming( 484): StartDeviceIdleController
11-05 15:00:06.093 I/SystemServiceManager( 484): Starting com.android.server.DeviceIdleController
11-05 15:00:06.097 D/SystemServerInitThreadPool( 484): Finished executing PersistentDataBlockService.onStart
11-05 15:00:06.100 I/SystemServerTiming( 484): StartDevicePolicyManager
11-05 15:00:06.100 I/SystemServiceManager( 484): Starting com.android.server.devicepolicy.DevicePolicyManagerService$Lifecycle
11-05 15:00:06.114 I/SystemServerTiming( 484): StartStatusBarManagerService
11-05 15:00:06.116 D/SystemServer( 484): MusicRecognitionManagerService not defined by OEM or disabled by flag
11-05 15:00:06.116 D/XiriService( 313): check file name: /data/data/com.sohu.inputmethod.sogou.tv/lib
11-05 15:00:06.116 D/XiriService( 313): check file name: /data/data/com.sohu.inputmethod.sogou.tv/lib
11-05 15:00:06.112 I/xiriservice_All( 313): type=1400 audit(0.0:323): avc: denied { search } for name="com.sohu.inputmethod.sogou.tv" dev="mmcblk0p25" ino=1408 scontext=u:r:init:s0 tcontext=u:object_r:app_data_file:s0:c52,c256,c512,c768 tclass=dir permissive=1
11-05 15:00:06.116 D/XiriService( 313): check file name: /data/data/com.sohu.inputmethod.sogou.tv/lib
11-05 15:00:06.112 I/xiriservice_All( 313): type=1400 audit(0.0:324): avc: denied { read } for name="lib" dev="mmcblk0p25" ino=10062 scontext=u:r:init:s0 tcontext=u:object_r:app_data_file:s0:c52,c256,c512,c768 tclass=lnk_file permissive=1
11-05 15:00:06.117 D/XiriService( 313): check file name: /data/data/com.sohu.inputmethod.sogou.tv/lib
11-05 15:00:06.121 D/SystemServer( 484): ContentCaptureService disabled because resource is not overlaid
11-05 15:00:06.121 D/SystemServer( 484): AttentionService is not configured on this device
11-05 15:00:06.122 D/SystemServer( 484): RotationResolverService is not configured on this device
11-05 15:00:06.122 D/SystemServer( 484): SystemCaptionsManagerService disabled because resource is not overlaid
11-05 15:00:06.122 I/SystemServerTiming( 484): StartTextToSpeechManagerService
11-05 15:00:06.122 I/SystemServiceManager( 484): Starting com.android.server.texttospeech.TextToSpeechManagerService
11-05 15:00:06.124 I/SystemServerTiming( 484): StartSpeechRecognitionManagerService
11-05 15:00:06.125 D/XiriService( 313): check file name: /data/data/com.sohu.inputmethod.sogou.tv/lib
11-05 15:00:06.125 D/XiriService( 313): check file name: /data/data/com.sohu.inputmethod.sogou.tv/lib
11-05 15:00:06.125 I/SystemServiceManager( 484): Starting com.android.server.speech.SpeechRecognitionManagerService
11-05 15:00:06.125 D/XiriService( 313): check file name: /data/data/com.sohu.inputmethod.sogou.tv/lib
11-05 15:00:06.125 D/XiriService( 313): check file name: /data/data/com.sohu.inputmethod.sogou.tv/lib
11-05 15:00:06.128 D/SystemServer( 484): AppPredictionService not defined by OEM
11-05 15:00:06.128 D/SystemServer( 484): ContentSuggestionsService not defined by OEM
11-05 15:00:06.128 I/SystemServerTiming( 484): StartSearchUiService
11-05 15:00:06.128 I/SystemServiceManager( 484): Starting com.android.server.searchui.SearchUiManagerService
11-05 15:00:06.130 I/SystemServerTiming( 484): StartSmartspaceService
11-05 15:00:06.130 I/SystemServiceManager( 484): Starting com.android.server.smartspace.SmartspaceManagerService
11-05 15:00:06.132 I/SystemServerTiming( 484): InitConnectivityModuleConnector
11-05 15:00:06.133 D/ConnectivityModuleConnector( 484): Network stack init
11-05 15:00:06.137 I/SystemServerTiming( 484): InitNetworkStackClient
11-05 15:00:06.139 I/SystemServerTiming( 484): StartNetworkManagementService
11-05 15:00:06.146 I/SystemServerTiming( 484): StartIpSecService
11-05 15:00:06.153 I/SystemServerTiming( 484): StartTextServicesManager
11-05 15:00:06.153 I/SystemServiceManager( 484): Starting com.android.server.textservices.TextServicesManagerService$Lifecycle
11-05 15:00:06.154 I/SystemServerTimingAsync( 484): InitThreadPoolExec:START_FONT_MANAGER_SERVICE
11-05 15:00:06.154 D/SystemServerInitThreadPool( 484): Started executing START_FONT_MANAGER_SERVICE
11-05 15:00:06.154 I/SystemServerTimingAsync( 484): START_FONT_MANAGER_SERVICE
11-05 15:00:06.157 I/SystemServerTiming( 484): StartTextClassificationManagerService
11-05 15:00:06.157 I/SystemServiceManager( 484): Starting com.android.server.textclassifier.TextClassificationManagerService$Lifecycle
11-05 15:00:06.159 D/XiriService( 313): check file name: /data/data/com.oranth.ledstatus/lib
11-05 15:00:06.160 D/XiriService( 313): check file name: /data/data/com.oranth.ledstatus/lib
11-05 15:00:06.160 D/XiriService( 313): check file name: /data/data/com.oranth.ledstatus/lib
11-05 15:00:06.161 D/XiriService( 313): check file name: /data/data/com.oranth.ledstatus/lib
11-05 15:00:06.162 I/SystemServerTiming( 484): StartNetworkScoreService
11-05 15:00:06.162 I/SystemServiceManager( 484): Starting com.android.server.NetworkScoreService$Lifecycle
11-05 15:00:06.164 I/NetworkScoreService( 484): Registering network_score
11-05 15:00:06.165 I/SystemServerTiming( 484): StartNetworkStatsService
11-05 15:00:06.167 D/XiriService( 313): check file name: /data/data/com.oranth.ledstatus/lib
11-05 15:00:06.167 D/XiriService( 313): check file name: /data/data/com.oranth.ledstatus/lib
11-05 15:00:06.168 D/XiriService( 313): check file name: /data/data/com.oranth.ledstatus/lib
11-05 15:00:06.168 D/XiriService( 313): check file name: /data/data/com.oranth.ledstatus/lib
11-05 15:00:06.169 I/SystemServerTiming( 484): StartNetworkPolicyManagerService
11-05 15:00:06.169 D/XiriService( 313): check file name: /data/data/com.dangbei.lerad.videoposter/lib
11-05 15:00:06.169 D/XiriService( 313): check file name: /data/data/com.dangbei.lerad.videoposter/lib
11-05 15:00:06.170 D/XiriService( 313): check file name: /data/data/com.dangbei.lerad.videoposter/lib
11-05 15:00:06.170 D/XiriService( 313): check file name: /data/data/com.dangbei.lerad.videoposter/lib
11-05 15:00:06.176 I/SystemServerTiming( 484): StartWifi
11-05 15:00:06.176 D/XiriService( 313): check file name: /data/data/com.dangbei.lerad.videoposter/lib
11-05 15:00:06.177 D/XiriService( 313): check file name: /data/data/com.dangbei.lerad.videoposter/lib
11-05 15:00:06.177 D/XiriService( 313): check file name: /data/data/com.dangbei.lerad.videoposter/lib
11-05 15:00:06.177 D/XiriService( 313): check file name: /data/data/com.dangbei.lerad.videoposter/lib
11-05 15:00:06.195 D/XiriService( 313): check file name: /data/data/com.android.networkstack/lib
11-05 15:00:06.195 D/XiriService( 313): check file name: /data/data/com.android.networkstack/lib
11-05 15:00:06.195 D/XiriService( 313): check file name: /data/data/com.android.networkstack/lib
11-05 15:00:06.195 D/XiriService( 313): check file name: /data/data/com.android.networkstack/lib
11-05 15:00:06.192 I/xiriservice_All( 313): type=1400 audit(0.0:325): avc: denied { read } for name="lib" dev="mmcblk0p25" ino=10069 scontext=u:r:init:s0 tcontext=u:object_r:radio_data_file:s0 tclass=lnk_file permissive=1
11-05 15:00:06.203 D/XiriService( 313): check file name: /data/data/com.android.networkstack/lib
11-05 15:00:06.204 D/XiriService( 313): check file name: /data/data/com.android.networkstack/lib
11-05 15:00:06.204 D/XiriService( 313): check file name: /data/data/com.android.networkstack/lib
11-05 15:00:06.204 D/XiriService( 313): check file name: /data/data/com.android.networkstack/lib
11-05 15:00:06.219 I/SystemServiceManager( 484): Starting com.android.server.wifi.WifiService
11-05 15:00:06.244 I/WifiContext( 484): Found Wifi Resources APK at: com.android.wifi.resources
11-05 15:00:06.260 V/NetworkScoreManager( 484): registerNetworkScoreCallback: callback=com.android.server.wifi.WifiNetworkScoreCache@a8983d5, executor=com.android.wifi.x.android.os.HandlerExecutor@e7637ea
11-05 15:00:06.262 W/Zygote ( 242): Class not found for preloading: android.view.SurfaceView$2
11-05 15:00:06.287 D/XiriService( 313): check file name: /data/data/com.dangbei.screencast/lib
11-05 15:00:06.284 I/xiriservice_All( 313): type=1400 audit(0.0:326): avc: denied { read } for name="lib" dev="mmcblk0p25" ino=10071 scontext=u:r:init:s0 tcontext=u:object_r:app_data_file:s0:c512,c768 tclass=lnk_file permissive=1
11-05 15:00:06.289 D/ScanMetrics( 484): Settings package: com.android.tv.settings
11-05 15:00:06.289 E/ScanMetrics( 484): Can't get GMS uid
11-05 15:00:06.294 D/XiriService( 313): check file name: /data/data/com.dangbei.screencast/lib
11-05 15:00:06.294 D/XiriService( 313): check file name: /data/data/com.dangbei.screencast/lib
11-05 15:00:06.294 D/XiriService( 313): check file name: /data/data/com.dangbei.screencast/lib
11-05 15:00:06.295 D/XiriService( 313): check file name: /data/data/com.dangbei.screencast/lib
11-05 15:00:06.308 D/XiriService( 313): check file name: /data/data/com.dangbei.leard.leradlauncher/lib
11-05 15:00:06.308 D/XiriService( 313): check file name: /data/data/com.dangbei.leard.leradlauncher/lib
11-05 15:00:06.308 D/XiriService( 313): check file name: /data/data/com.dangbei.leard.leradlauncher/lib
11-05 15:00:06.309 D/XiriService( 313): check file name: /data/data/com.dangbei.leard.leradlauncher/lib
11-05 15:00:06.304 I/xiriservice_All( 313): type=1400 audit(0.0:327): avc: denied { read } for name="lib" dev="mmcblk0p25" ino=10073 scontext=u:r:init:s0 tcontext=u:object_r:system_app_data_file:s0 tclass=lnk_file permissive=1
11-05 15:00:06.316 D/XiriService( 313): check file name: /data/data/com.dangbei.leard.leradlauncher/lib
11-05 15:00:06.316 D/XiriService( 313): check file name: /data/data/com.dangbei.leard.leradlauncher/lib
11-05 15:00:06.316 D/XiriService( 313): check file name: /data/data/com.dangbei.leard.leradlauncher/lib
11-05 15:00:06.322 I/WifiCoexManager( 484): Default coex algorithm is disabled.
11-05 15:00:06.325 D/XiriService( 313): check file name: /data/data/com.android.printspooler/lib
11-05 15:00:06.324 I/xiriservice_All( 313): type=1400 audit(0.0:328): avc: denied { search } for name="com.android.printspooler" dev="mmcblk0p25" ino=933 scontext=u:r:init:s0 tcontext=u:object_r:app_data_file:s0:c37,c256,c512,c768 tclass=dir permissive=1
11-05 15:00:06.326 D/XiriService( 313): check file name: /data/data/com.android.printspooler/lib
11-05 15:00:06.324 I/xiriservice_All( 313): type=1400 audit(0.0:329): avc: denied { read } for name="lib" dev="mmcblk0p25" ino=10075 scontext=u:r:init:s0 tcontext=u:object_r:app_data_file:s0:c37,c256,c512,c768 tclass=lnk_file permissive=1
11-05 15:00:06.332 D/XiriService( 313): check file name: /data/data/com.android.printspooler/lib
11-05 15:00:06.332 D/XiriService( 313): check file name: /data/data/com.android.printspooler/lib
11-05 15:00:06.333 D/XiriService( 313): check file name: /data/data/com.android.printspooler/lib
11-05 15:00:06.333 D/XiriService( 313): check file name: /data/data/com.android.printspooler/lib
11-05 15:00:06.340 D/XiriService( 313): check file name: /data/data/com.android.webview/lib
11-05 15:00:06.336 I/xiriservice_All( 313): type=1400 audit(0.0:330): avc: denied { search } for name="com.android.webview" dev="mmcblk0p25" ino=953 scontext=u:r:init:s0 tcontext=u:object_r:app_data_file:s0:c60,c256,c512,c768 tclass=dir permissive=1
11-05 15:00:06.341 D/XiriService( 313): check file name: /data/data/com.android.webview/lib
11-05 15:00:06.336 I/xiriservice_All( 313): type=1400 audit(0.0:331): avc: denied { read } for name="lib" dev="mmcblk0p25" ino=10213 scontext=u:r:init:s0 tcontext=u:object_r:app_data_file:s0:c60,c256,c512,c768 tclass=lnk_file permissive=1
11-05 15:00:06.342 D/XiriService( 313): check file name: /data/data/com.android.webview/lib
11-05 15:00:06.342 D/XiriService( 313): check file name: /data/data/com.android.webview/lib
11-05 15:00:06.351 D/XiriService( 313): check file name: /data/data/com.android.webview/lib
11-05 15:00:06.352 D/XiriService( 313): check file name: /data/data/com.android.webview/lib
11-05 15:00:06.353 D/XiriService( 313): check file name: /data/data/com.android.webview/lib
11-05 15:00:06.353 D/XiriService( 313): check file name: /data/data/com.android.webview/lib
11-05 15:00:06.365 D/XiriService( 313): check file name: /data/data/com.android.bips/lib
11-05 15:00:06.365 D/XiriService( 313): check file name: /data/data/com.android.bips/lib
11-05 15:00:06.366 D/XiriService( 313): check file name: /data/data/com.android.bips/lib
11-05 15:00:06.364 I/xiriservice_All( 313): type=1400 audit(0.0:332): avc: denied { read } for name="lib" dev="mmcblk0p25" ino=10079 scontext=u:r:init:s0 tcontext=u:object_r:privapp_data_file:s0:c512,c768 tclass=lnk_file permissive=1
11-05 15:00:06.367 D/XiriService( 313): check file name: /data/data/com.android.bips/lib
11-05 15:00:06.373 D/XiriService( 313): check file name: /data/data/com.android.bips/lib
11-05 15:00:06.373 D/XiriService( 313): check file name: /data/data/com.android.bips/lib
11-05 15:00:06.373 D/XiriService( 313): check file name: /data/data/com.android.bips/lib
11-05 15:00:06.375 D/XiriService( 313): check file name: /data/data/com.oranth.inputmacsn/lib
11-05 15:00:06.381 D/XiriService( 313): check file name: /data/data/com.oranth.inputmacsn/lib
11-05 15:00:06.381 D/XiriService( 313): check file name: /data/data/com.oranth.inputmacsn/lib
11-05 15:00:06.381 D/XiriService( 313): check file name: /data/data/com.oranth.inputmacsn/lib
11-05 15:00:06.395 D/WifiOpenNetworkNotifier( 484): Settings toggle enabled=true
11-05 15:00:06.399 D/XiriService( 313): check file name: /data/data/com.dangbei.hqmedia/lib
11-05 15:00:06.396 I/xiriservice_All( 313): type=1400 audit(0.0:333): avc: denied { search } for name="com.dangbei.hqmedia" dev="mmcblk0p25" ino=7655 scontext=u:r:init:s0 tcontext=u:object_r:app_data_file:s0:c76,c256,c512,c768 tclass=dir permissive=1
11-05 15:00:06.396 I/xiriservice_All( 313): type=1400 audit(0.0:334): avc: denied { read } for name="lib" dev="mmcblk0p25" ino=10217 scontext=u:r:init:s0 tcontext=u:object_r:app_data_file:s0:c76,c256,c512,c768 tclass=lnk_file permissive=1
11-05 15:00:06.401 D/XiriService( 313): check file name: /data/data/com.dangbei.hqmedia/lib
11-05 15:00:06.404 D/WifiNl80211Manager( 484): registerCountryCodeEventListener called
11-05 15:00:06.404 I/wificond( 364): New wificond event callback registered
11-05 15:00:06.404 D/WifiCountryCode( 484): Default country code from system property ro.boot.wificountrycode is CN
11-05 15:00:06.410 D/XiriService( 313): check file name: /data/data/com.android.keychain/lib
11-05 15:00:06.408 I/xiriservice_All( 313): type=1400 audit(0.0:335): avc: denied { search } for name="com.android.keychain" dev="mmcblk0p25" ino=1017 scontext=u:r:init:s0 tcontext=u:object_r:system_app_data_file:s0 tclass=dir permissive=1
11-05 15:00:06.411 D/XiriService( 313): check file name: /data/data/com.android.keychain/lib
11-05 15:00:06.412 D/XiriService( 313): check file name: /data/data/com.android.keychain/lib
11-05 15:00:06.412 D/XiriService( 313): check file name: /data/data/com.android.keychain/lib
11-05 15:00:06.415 D/WakeupController( 484): WifiWake enabled
11-05 15:00:06.419 V/HistoricalRegistry( 484): Interaction before persistence initialized
11-05 15:00:06.420 D/XiriService( 313): check file name: /data/data/com.android.keychain/lib
11-05 15:00:06.432 I/WifiService( 484): Registering wifi
11-05 15:00:06.436 I/SystemServerTiming( 484): StartWifiScanning
11-05 15:00:06.437 I/SystemServiceManager( 484): Starting com.android.server.wifi.scanner.WifiScanningService
11-05 15:00:06.437 I/WifiScanningService( 484): Creating wifiscanner
11-05 15:00:06.439 D/XiriService( 313): check file name: /data/data/com.android.localtransport/lib
11-05 15:00:06.439 D/XiriService( 313): check file name: /data/data/com.android.localtransport/lib
11-05 15:00:06.439 D/XiriService( 313): check file name: /data/data/com.android.localtransport/lib
11-05 15:00:06.439 D/XiriService( 313): check file name: /data/data/com.android.localtransport/lib
11-05 15:00:06.446 D/XiriService( 313): check file name: /data/data/com.android.localtransport/lib
11-05 15:00:06.446 D/XiriService( 313): check file name: /data/data/com.android.localtransport/lib
11-05 15:00:06.446 D/XiriService( 313): check file name: /data/data/com.android.localtransport/lib
11-05 15:00:06.448 D/XiriService( 313): check file name: /data/data/com.android.packageinstaller/lib
11-05 15:00:06.450 I/WifiScanningService( 484): Publishing wifiscanner
11-05 15:00:06.451 I/SystemServerTiming( 484): StartWifiP2P
11-05 15:00:06.452 I/SystemServiceManager( 484): Starting com.android.server.wifi.p2p.WifiP2pService
11-05 15:00:06.456 D/XiriService( 313): check file name: /data/data/com.android.packageinstaller/lib
11-05 15:00:06.460 I/WifiP2pService( 484): Registering wifip2p
11-05 15:00:06.461 I/SystemServerTiming( 484): StartEthernet
11-05 15:00:06.462 I/SystemServiceManager( 484): Starting com.android.server.ethernet.EthernetService
11-05 15:00:06.463 I/EthernetService( 484): Registering service ethernet
11-05 15:00:06.464 I/SystemServerTiming( 484): StartPacProxyService
11-05 15:00:06.471 D/XiriService( 313): check file name: /data/data/com.oranth.usbopenft/lib
11-05 15:00:06.471 D/XiriService( 313): check file name: /data/data/com.oranth.usbopenft/lib
11-05 15:00:06.472 D/XiriService( 313): check file name: /data/data/com.oranth.usbopenft/lib
11-05 15:00:06.474 I/SystemServerTiming( 484): StartPppoe
11-05 15:00:06.475 I/SystemServiceManager( 484): Starting com.android.server.pppoe.PppoeService
11-05 15:00:06.476 I/PppoeServiceImpl( 484): Creating PppoeServiceImpl
11-05 15:00:06.479 D/XiriService( 313): check file name: /data/data/com.oranth.usbopenft/lib
11-05 15:00:06.479 D/XiriService( 313): check file name: /data/data/com.oranth.usbopenft/lib
11-05 15:00:06.479 D/XiriService( 313): check file name: /data/data/com.oranth.usbopenft/lib
11-05 15:00:06.479 D/XiriService( 313): check file name: /data/data/com.oranth.usbopenft/lib
11-05 15:00:06.480 D/XiriService( 313): check file name: /data/data/com.android.networkstack.tethering/lib
11-05 15:00:06.480 D/XiriService( 313): check file name: /data/data/com.android.networkstack.tethering/lib
11-05 15:00:06.480 D/XiriService( 313): check file name: /data/data/com.android.networkstack.tethering/lib
11-05 15:00:06.480 D/XiriService( 313): check file name: /data/data/com.android.networkstack.tethering/lib
11-05 15:00:06.488 D/XiriService( 313): check file name: /data/data/com.android.networkstack.tethering/lib
11-05 15:00:06.488 D/XiriService( 313): check file name: /data/data/com.android.networkstack.tethering/lib
11-05 15:00:06.488 D/XiriService( 313): check file name: /data/data/com.android.networkstack.tethering/lib
11-05 15:00:06.488 D/XiriService( 313): check file name: /data/data/com.android.networkstack.tethering/lib
11-05 15:00:06.492 I/PppoeService( 484): Registering service pppoe
11-05 15:00:06.493 I/SystemServerTiming( 484): StartConnectivityService
11-05 15:00:06.495 D/XiriService( 313): check file name: /data/data/com.dangbei.lerad.etna.haqu/lib
11-05 15:00:06.495 D/XiriService( 313): check file name: /data/data/com.dangbei.lerad.etna.haqu/lib
11-05 15:00:06.495 D/XiriService( 313): check file name: /data/data/com.dangbei.lerad.etna.haqu/lib
11-05 15:00:06.495 D/XiriService( 313): check file name: /data/data/com.dangbei.lerad.etna.haqu/lib
11-05 15:00:06.502 D/XiriService( 313): check file name: /data/data/com.dangbei.lerad.etna.haqu/lib
11-05 15:00:06.502 D/XiriService( 313): check file name: /data/data/com.dangbei.lerad.etna.haqu/lib
11-05 15:00:06.502 D/XiriService( 313): check file name: /data/data/com.dangbei.lerad.etna.haqu/lib
11-05 15:00:06.502 D/XiriService( 313): check file name: /data/data/com.dangbei.lerad.etna.haqu/lib
11-05 15:00:06.511 D/SystemServerInitThreadPool( 484): Finished executing START_FONT_MANAGER_SERVICE
11-05 15:00:06.513 I/Zygote ( 242): ...preloaded 7337 classes in 883ms.
11-05 15:00:06.517 I/SystemServiceManager( 484): Starting com.android.server.ConnectivityServiceInitializer
11-05 15:00:06.520 D/ApplicationLoaders( 242): Created zygote-cached class loader: /system/framework/android.hidl.base-V1.0-java.jar
11-05 15:00:06.525 D/ApplicationLoaders( 242): Created zygote-cached class loader: /system/framework/android.hidl.manager-V1.0-java.jar
11-05 15:00:06.529 D/XiriService( 313): check file name: /data/data/com.oranth.powerwindow/lib
11-05 15:00:06.529 D/ApplicationLoaders( 242): Created zygote-cached class loader: /system/framework/android.test.base.jar
11-05 15:00:06.529 D/XiriService( 313): check file name: /data/data/com.oranth.powerwindow/lib
11-05 15:00:06.529 I/Zygote ( 242): Preloading resources...
11-05 15:00:06.530 D/XiriService( 313): check file name: /data/data/com.oranth.powerwindow/lib
11-05 15:00:06.530 D/XiriService( 313): check file name: /data/data/com.oranth.powerwindow/lib
11-05 15:00:06.536 D/XiriService( 313): check file name: /data/data/com.oranth.powerwindow/lib
11-05 15:00:06.536 D/XiriService( 313): check file name: /data/data/com.oranth.powerwindow/lib
11-05 15:00:06.536 D/XiriService( 313): check file name: /data/data/com.oranth.powerwindow/lib
11-05 15:00:06.544 D/ConnectivityService( 484): ConnectivityService starting up
11-05 15:00:06.546 W/Resources( 242): Preloaded drawable resource #0x1080286 (android:drawable/dialog_background_material) that varies with configuration!!
11-05 15:00:06.547 D/pppoeNRI:( 484): uid/pid:1000/484 activeRequest: null callbackRequest: 5 [NetworkRequest [ REQUEST id=5, [ Transports: PPPOE Capabilities: INTERNET&NOT_RESTRICTED&TRUSTED&NOT_VPN&NOT_VCN_MANAGED RequestorUid: 1000 RequestorPkg: android] ]] callback flags: 1 priority: 2147483647
11-05 15:00:06.549 D/XiriService( 313): check file name: /data/data/com.android.networkstack.permissionconfig/lib
11-05 15:00:06.549 D/XiriService( 313): check file name: /data/data/com.android.networkstack.permissionconfig/lib
11-05 15:00:06.549 D/XiriService( 313): check file name: /data/data/com.android.networkstack.permissionconfig/lib
11-05 15:00:06.549 D/XiriService( 313): check file name: /data/data/com.android.networkstack.permissionconfig/lib
11-05 15:00:06.557 D/XiriService( 313): check file name: /data/data/com.android.networkstack.permissionconfig/lib
11-05 15:00:06.557 D/XiriService( 313): check file name: /data/data/com.android.networkstack.permissionconfig/lib
11-05 15:00:06.558 D/XiriService( 313): check file name: /data/data/com.android.networkstack.permissionconfig/lib
11-05 15:00:06.558 D/XiriService( 313): check file name: /data/data/com.android.networkstack.permissionconfig/lib
11-05 15:00:06.558 E/TAG ( 484): Exception = android.content.pm.PackageManager$NameNotFoundException: android.telephony.cts
11-05 15:00:06.558 E/TAG ( 484): Exception = android.content.pm.PackageManager$NameNotFoundException: android.net.cts
11-05 15:00:06.564 D/XiriService( 313): check file name: /data/data/com.dangbei.lerad.screensaver/lib
11-05 15:00:06.560 I/xiriservice_All( 313): type=1400 audit(0.0:336): avc: denied { search } for name="com.dangbei.lerad.screensaver" dev="mmcblk0p25" ino=1187 scontext=u:r:init:s0 tcontext=u:object_r:app_data_file:s0:c48,c256,c512,c768 tclass=dir permissive=1
11-05 15:00:06.565 D/XiriService( 313): check file name: /data/data/com.dangbei.lerad.screensaver/lib
11-05 15:00:06.560 I/xiriservice_All( 313): type=1400 audit(0.0:337): avc: denied { read } for name="lib" dev="mmcblk0p25" ino=10227 scontext=u:r:init:s0 tcontext=u:object_r:app_data_file:s0:c48,c256,c512,c768 tclass=lnk_file permissive=1
11-05 15:00:06.566 D/XiriService( 313): check file name: /data/data/com.dangbei.lerad.screensaver/lib
11-05 15:00:06.566 D/XiriService( 313): check file name: /data/data/com.dangbei.lerad.screensaver/lib
11-05 15:00:06.574 D/XiriService( 313): check file name: /data/data/com.dangbei.lerad.screensaver/lib
11-05 15:00:06.574 D/XiriService( 313): check file name: /data/data/com.dangbei.lerad.screensaver/lib
11-05 15:00:06.574 D/XiriService( 313): check file name: /data/data/com.dangbei.lerad.screensaver/lib
11-05 15:00:06.574 D/XiriService( 313): check file name: /data/data/com.dangbei.lerad.screensaver/lib
11-05 15:00:06.588 D/CompatibilityChangeReporter( 484): Compat change id reported: 182478738; UID 1000; state: ENABLED
11-05 15:00:06.589 I/Zygote ( 242): ...preloaded 64 resources in 59ms.
11-05 15:00:06.598 I/ConnectivityServiceInitializer( 484): Registering connectivity
11-05 15:00:06.600 I/SystemServerTiming( 484): StartVpnManagerService
11-05 15:00:06.600 I/Zygote ( 242): ...preloaded 41 resources in 11ms.
11-05 15:00:06.606 D/VpnManagerService( 484): VpnManagerService starting up
11-05 15:00:06.607 I/SystemServerTiming( 484): StartVcnManagementService
11-05 15:00:06.608 D/XiriService( 313): check file name: /data/data/com.android.wallpaperbackup/lib
11-05 15:00:06.608 D/XiriService( 313): check file name: /data/data/com.android.wallpaperbackup/lib
11-05 15:00:06.608 D/XiriService( 313): check file name: /data/data/com.android.wallpaperbackup/lib
11-05 15:00:06.608 D/XiriService( 313): check file name: /data/data/com.android.wallpaperbackup/lib
11-05 15:00:06.612 I/SystemServerTiming( 484): StartNsdService
11-05 15:00:06.613 D/NsdService( 484): Network service discovery is enabled
11-05 15:00:06.615 D/XiriService( 313): check file name: /data/data/com.android.wallpaperbackup/lib
11-05 15:00:06.615 D/XiriService( 313): check file name: /data/data/com.android.wallpaperbackup/lib
11-05 15:00:06.616 D/XiriService( 313): check file name: /data/data/com.android.wallpaperbackup/lib
11-05 15:00:06.616 D/XiriService( 313): check file name: /data/data/com.android.wallpaperbackup/lib
11-05 15:00:06.616 I/SystemServerTiming( 484): StartSystemUpdateManagerService
11-05 15:00:06.617 I/SystemUpdateManagerService( 484): No existing info file /data/system/system-update-info.xml
11-05 15:00:06.619 I/SystemServerTiming( 484): StartUpdateLockService
11-05 15:00:06.620 I/SystemServerTiming( 484): StartNotificationManager
11-05 15:00:06.620 I/SystemServiceManager( 484): Starting com.android.server.notification.NotificationManagerService
11-05 15:00:06.627 D/libEGL ( 242): loaded /vendor/lib/egl/libGLES_mali.so
11-05 15:00:06.628 I/xiriservice_All( 313): type=1400 audit(0.0:338): avc: denied { search } for name="com.android.providers.media.module" dev="mmcblk0p25" ino=1259 scontext=u:r:init:s0 tcontext=u:object_r:privapp_data_file:s0:c74,c256,c512,c768 tclass=dir permissive=1
11-05 15:00:06.630 D/XiriService( 313): check file name: /data/data/com.android.providers.media.module/lib
11-05 15:00:06.630 D/XiriService( 313): check file name: /data/data/com.android.providers.media.module/lib
11-05 15:00:06.630 D/XiriService( 313): check file name: /data/data/com.android.providers.media.module/lib
11-05 15:00:06.628 I/xiriservice_All( 313): type=1400 audit(0.0:339): avc: denied { read } for name="lib" dev="mmcblk0p25" ino=10109 scontext=u:r:init:s0 tcontext=u:object_r:privapp_data_file:s0:c74,c256,c512,c768 tclass=lnk_file permissive=1
11-05 15:00:06.638 D/ConditionProviders.SCP( 484): new ScheduleConditionProvider()
11-05 15:00:06.641 D/XiriService( 313): check file name: /data/data/com.android.providers.media.module/lib
11-05 15:00:06.641 D/XiriService( 313): check file name: /data/data/com.android.providers.media.module/lib
11-05 15:00:06.641 D/XiriService( 313): check file name: /data/data/com.android.providers.media.module/lib
11-05 15:00:06.641 D/XiriService( 313): check file name: /data/data/com.android.providers.media.module/lib
11-05 15:00:06.648 D/XiriService( 313): check file name: /data/data/com.oranth.storage/lib
11-05 15:00:06.648 D/XiriService( 313): check file name: /data/data/com.oranth.storage/lib
11-05 15:00:06.649 D/XiriService( 313): check file name: /data/data/com.oranth.storage/lib
11-05 15:00:06.649 D/XiriService( 313): check file name: /data/data/com.oranth.storage/lib
11-05 15:00:06.655 D/XiriService( 313): check file name: /data/data/com.oranth.storage/lib
11-05 15:00:06.655 D/XiriService( 313): check file name: /data/data/com.oranth.storage/lib
11-05 15:00:06.655 D/XiriService( 313): check file name: /data/data/com.oranth.storage/lib
11-05 15:00:06.655 D/XiriService( 313): check file name: /data/data/com.oranth.storage/lib
11-05 15:00:06.658 I/NotificationAssistants( 484): Read notification assistant permissions from xml
11-05 15:00:06.658 I/ConditionProviders( 484): Read condition provider permissions from xml
11-05 15:00:06.658 I/ConditionProviders( 484): Read condition provider permissions from xml
11-05 15:00:06.659 D/NotificationAssistants( 484): Approving default notification assistant for user 0
11-05 15:00:06.659 I/ConditionProviders( 484): Allowing condition provider android.ext.services/android.ext.services.notification.Assistant (userSet: true)
11-05 15:00:06.662 D/CompatibilityChangeReporter( 484): Compat change id reported: 147600208; UID 1000; state: ENABLED
11-05 15:00:06.664 D/CompatibilityChangeReporter( 484): Compat change id reported: 157233955; UID 1000; state: ENABLED
11-05 15:00:06.669 D/XiriService( 313): check file name: /data/data/com.dangbei.haqusetting/lib
11-05 15:00:06.669 D/XiriService( 313): check file name: /data/data/com.dangbei.haqusetting/lib
11-05 15:00:06.669 D/XiriService( 313): check file name: /data/data/com.dangbei.haqusetting/lib
11-05 15:00:06.669 D/XiriService( 313): check file name: /data/data/com.dangbei.haqusetting/lib
11-05 15:00:06.673 I/SystemServerTiming( 484): StartDeviceMonitor
11-05 15:00:06.673 I/SystemServiceManager( 484): Starting com.android.server.storage.DeviceStorageMonitorService
11-05 15:00:06.676 I/SystemServerTiming( 484): StartLocationManagerService
11-05 15:00:06.676 I/SystemServiceManager( 484): Starting com.android.server.location.LocationManagerService$Lifecycle
11-05 15:00:06.677 D/XiriService( 313): check file name: /data/data/com.dangbei.haqusetting/lib
11-05 15:00:06.678 D/XiriService( 313): check file name: /data/data/com.dangbei.haqusetting/lib
11-05 15:00:06.678 D/XiriService( 313): check file name: /data/data/com.dangbei.haqusetting/lib
11-05 15:00:06.683 I/SystemServerTiming( 484): StartCountryDetectorService
11-05 15:00:06.685 I/SystemServerTiming( 484): StartTimeDetectorService
11-05 15:00:06.685 I/SystemServiceManager( 484): Starting com.android.server.timedetector.TimeDetectorService$Lifecycle
11-05 15:00:06.689 I/SystemServerTiming( 484): StartTimeZoneDetectorService
11-05 15:00:06.689 I/SystemServiceManager( 484): Starting com.android.server.timezonedetector.TimeZoneDetectorService$Lifecycle
11-05 15:00:06.692 I/SystemServerTiming( 484): StartLocationTimeZoneManagerService
11-05 15:00:06.692 I/SystemServiceManager( 484): Starting com.android.server.timezonedetector.location.LocationTimeZoneManagerService$Lifecycle
11-05 15:00:06.693 D/XiriService( 313): check file name: /data/data/com.softwinner.miracastReceiver/lib
11-05 15:00:06.693 D/XiriService( 313): check file name: /data/data/com.softwinner.miracastReceiver/lib
11-05 15:00:06.693 D/XiriService( 313): check file name: /data/data/com.softwinner.miracastReceiver/lib
11-05 15:00:06.693 D/XiriService( 313): check file name: /data/data/com.softwinner.miracastReceiver/lib
11-05 15:00:06.694 I/SystemServerTiming( 484): StartSearchManagerService
11-05 15:00:06.694 I/SystemServiceManager( 484): Starting com.android.server.search.SearchManagerService$Lifecycle
11-05 15:00:06.696 I/SystemServerTiming( 484): StartWallpaperManagerService
11-05 15:00:06.696 I/SystemServiceManager( 484): Starting com.android.server.wallpaper.WallpaperManagerService$Lifecycle
11-05 15:00:06.698 I/SystemServerTiming( 484): StartAudioService
11-05 15:00:06.698 I/SystemServiceManager( 484): Starting com.android.server.audio.AudioService$Lifecycle
11-05 15:00:06.702 D/XiriService( 313): check file name: /data/data/com.softwinner.miracastReceiver/lib
11-05 15:00:06.702 D/XiriService( 313): check file name: /data/data/com.softwinner.miracastReceiver/lib
11-05 15:00:06.702 D/XiriService( 313): check file name: /data/data/com.softwinner.miracastReceiver/lib
11-05 15:00:06.702 D/XiriService( 313): check file name: /data/data/com.softwinner.miracastReceiver/lib
11-05 15:00:06.709 D/XiriService( 313): check file name: /data/data/com.android.bluetooth/lib
11-05 15:00:06.709 D/XiriService( 313): check file name: /data/data/com.android.bluetooth/lib
11-05 15:00:06.709 D/XiriService( 313): check file name: /data/data/com.android.bluetooth/lib
11-05 15:00:06.710 D/XiriService( 313): check file name: /data/data/com.android.bluetooth/lib
11-05 15:00:06.708 I/xiriservice_All( 313): type=1400 audit(0.0:340): avc: denied { read } for name="lib" dev="mmcblk0p25" ino=10117 scontext=u:r:init:s0 tcontext=u:object_r:bluetooth_data_file:s0 tclass=lnk_file permissive=1
11-05 15:00:06.716 D/XiriService( 313): check file name: /data/data/com.android.bluetooth/lib
11-05 15:00:06.716 D/XiriService( 313): check file name: /data/data/com.android.bluetooth/lib
11-05 15:00:06.717 D/XiriService( 313): check file name: /data/data/com.android.bluetooth/lib
11-05 15:00:06.723 I/Zygote ( 242): Preloading shared libraries...
11-05 15:00:06.729 I/Zygote ( 242): Called ZygoteHooks.endPreload()
11-05 15:00:06.731 I/Zygote ( 242): Installed AndroidKeyStoreProvider in 1ms.
11-05 15:00:06.732 I/android_os_HwBinder( 484): HwBinder: Starting thread pool for getting: android.hidl.manager@1.0::IServiceManager/default
11-05 15:00:06.742 W/AudioFlinger( 266): no wake lock to update, system not ready yet
11-05 15:00:06.743 I/PackageManager( 484): Deferred reconcileAppsData finished 99 packages
11-05 15:00:06.744 D/SystemServerInitThreadPool( 484): Finished executing prepareAppData
11-05 15:00:06.746 I/Zygote ( 242): Warmed up JCA providers in 15ms.
11-05 15:00:06.746 D/Zygote ( 242): end preload
11-05 15:00:06.747 D/SystemServerInitThreadPool( 484): Finished executing SecondaryZygotePreload
11-05 15:00:06.748 D/PermissionCache( 266): checking android.permission.MODIFY_AUDIO_ROUTING for uid=1000 => granted (522 us)
11-05 15:00:06.764 D/PermissionCache( 266): checking android.permission.MODIFY_AUDIO_SETTINGS for uid=1000 => granted (154 us)
11-05 15:00:06.768 D/AudioFlinger( 266): isLowRamDevice:false totalMemory:2055442432 mClientSharedHeapSize:4194304
11-05 15:00:06.770 I/SystemServerTiming( 484): StartSoundTriggerMiddlewareService
11-05 15:00:06.770 I/SystemServiceManager( 484): Starting com.android.server.soundtrigger_middleware.SoundTriggerMiddlewareService$Lifecycle
11-05 15:00:06.772 D/SoundTriggerMiddlewareService( 484): Connecting to default ISoundTriggerHw
11-05 15:00:06.773 I/hwservicemanager( 180): getTransport: Cannot find entry android.hardware.soundtrigger@2.0::ISoundTriggerHw/default in either framework or device VINTF manifest.
11-05 15:00:06.776 E/SoundTriggerMiddlewareImpl( 484): Failed to add a SoundTriggerModule instance
11-05 15:00:06.776 E/SoundTriggerMiddlewareImpl( 484): java.util.NoSuchElementException
11-05 15:00:06.776 E/SoundTriggerMiddlewareImpl( 484): at android.os.HwBinder.getService(Native Method)
11-05 15:00:06.776 E/SoundTriggerMiddlewareImpl( 484): at android.hardware.soundtrigger.V2_0.ISoundTriggerHw.getService(ISoundTriggerHw.java:57)
11-05 15:00:06.776 E/SoundTriggerMiddlewareImpl( 484): at android.hardware.soundtrigger.V2_0.ISoundTriggerHw.getService(ISoundTriggerHw.java:64)
11-05 15:00:06.776 E/SoundTriggerMiddlewareImpl( 484): at com.android.server.soundtrigger_middleware.SoundTriggerMiddlewareService$Lifecycle.lambda$onStart$0(SoundTriggerMiddlewareService.java:238)
11-05 15:00:06.776 E/SoundTriggerMiddlewareImpl( 484): at com.android.server.soundtrigger_middleware.SoundTriggerMiddlewareService$Lifecycle$$ExternalSyntheticLambda0.create(Unknown Source:0)
11-05 15:00:06.776 E/SoundTriggerMiddlewareImpl( 484): at com.android.server.soundtrigger_middleware.SoundTriggerModule.attachToHal(SoundTriggerModule.java:222)
11-05 15:00:06.776 E/SoundTriggerMiddlewareImpl( 484): at com.android.server.soundtrigger_middleware.SoundTriggerModule.(SoundTriggerModule.java:112)
11-05 15:00:06.776 E/SoundTriggerMiddlewareImpl( 484): at com.android.server.soundtrigger_middleware.SoundTriggerMiddlewareImpl.(SoundTriggerMiddlewareImpl.java:89)
11-05 15:00:06.776 E/SoundTriggerMiddlewareImpl( 484): at com.android.server.soundtrigger_middleware.SoundTriggerMiddlewareService$Lifecycle.onStart(SoundTriggerMiddlewareService.java:244)
11-05 15:00:06.776 E/SoundTriggerMiddlewareImpl( 484): at com.android.server.SystemServiceManager.startService(SystemServiceManager.java:205)
11-05 15:00:06.776 E/SoundTriggerMiddlewareImpl( 484): at com.android.server.SystemServiceManager.startService(SystemServiceManager.java:192)
11-05 15:00:06.776 E/SoundTriggerMiddlewareImpl( 484): at com.android.server.SystemServer.startOtherServices(SystemServer.java:2161)
11-05 15:00:06.776 E/SoundTriggerMiddlewareImpl( 484): at com.android.server.SystemServer.run(SystemServer.java:928)
11-05 15:00:06.776 E/SoundTriggerMiddlewareImpl( 484): at com.android.server.SystemServer.main(SystemServer.java:628)
11-05 15:00:06.776 E/SoundTriggerMiddlewareImpl( 484): at java.lang.reflect.Method.invoke(Native Method)
11-05 15:00:06.776 E/SoundTriggerMiddlewareImpl( 484): at com.android.internal.os.RuntimeInit$MethodAndArgsCaller.run(RuntimeInit.java:548)
11-05 15:00:06.776 E/SoundTriggerMiddlewareImpl( 484): at com.android.internal.os.ZygoteInit.main(ZygoteInit.java:1160)
11-05 15:00:06.778 I/CaptureStateNotifier( 266): Registering a listener
11-05 15:00:06.778 I/SystemServerTiming( 484): StartDockObserver
11-05 15:00:06.778 I/SystemServiceManager( 484): Starting com.android.server.DockObserver
11-05 15:00:06.779 I/SoundTriggerMiddlewareLogging( 484): setCaptureState[this=com.android.server.soundtrigger_middleware.SoundTriggerMiddlewareImpl@3bc8815, client=null](false)
11-05 15:00:06.779 W/DockObserver( 484): This kernel does not have dock station support
11-05 15:00:06.780 I/SystemServerTiming( 484): StartWiredAccessoryManager
11-05 15:00:06.781 I/SystemServer( 484): Audio device manager Observer
11-05 15:00:06.781 E/Environment( 484): Path requests must specify a user by using UserEnvironment
11-05 15:00:06.781 E/Environment( 484): java.lang.Throwable
11-05 15:00:06.781 E/Environment( 484): at android.os.Environment.throwIfUserRequired(Environment.java:1449)
11-05 15:00:06.781 E/Environment( 484): at android.os.Environment.getExternalStorageDirectory(Environment.java:707)
11-05 15:00:06.781 E/Environment( 484): at com.android.server.SystemServer.startOtherServices(SystemServer.java:2192)
11-05 15:00:06.781 E/Environment( 484): at com.android.server.SystemServer.run(SystemServer.java:928)
11-05 15:00:06.781 E/Environment( 484): at com.android.server.SystemServer.main(SystemServer.java:628)
11-05 15:00:06.781 E/Environment( 484): at java.lang.reflect.Method.invoke(Native Method)
11-05 15:00:06.781 E/Environment( 484): at com.android.internal.os.RuntimeInit$MethodAndArgsCaller.run(RuntimeInit.java:548)
11-05 15:00:06.781 E/Environment( 484): at com.android.internal.os.ZygoteInit.main(ZygoteInit.java:1160)
11-05 15:00:06.784 W/StorageManagerService( 484): No primary storage defined yet; hacking together a stub
11-05 15:00:06.785 I/DropBoxManagerService( 484): add tag=system_server_wtf isTagEnabled=true flags=0x2
11-05 15:00:06.819 W/system_server( 484): ClassLoaderContext parent mismatch. (PCL[] | PCL[];PCL[/system/framework/com.android.location.provider.jar*3633238673:/system/framework/services.jar*2328234306:/system/framework/services.jar!classes2.dex*1279896001:/system/framework/ethernet-service.jar*655162001:/system/framework/pppoe-service.jar*2082030846:/apex/com.android.appsearch/javalib/service-appsearch.jar*4100577803:/apex/com.android.media/javalib/service-media-s.jar*3881732923:/apex/com.android.permission/javalib/service-permission.jar*62506796])
11-05 15:00:06.823 I/system_server( 484): Waiting for a blocking GC ClassLinker
11-05 15:00:06.879 I/update_engine( 390): [INFO:cleanup_previous_update_action.cc(112)] Executing task 4
11-05 15:00:06.882 I/update_engine( 390): [INFO:cleanup_previous_update_action.cc(124)] CleanupPreviousUpdateAction scheduled task ID 5 for WaitBootCompleted
11-05 15:00:06.946 I/system_server( 484): Background young concurrent copying GC freed 86374(4940KB) AllocSpace objects, 18(532KB) LOS objects, 39% free, 8035KB/13MB, paused 267us total 133.283ms
11-05 15:00:06.947 I/system_server( 484): WaitForGcToComplete blocked ClassLinker on Background for 123.667ms
11-05 15:00:06.950 D/DisplayOutputManager( 484): ro.build.characteristics=homlet
11-05 15:00:06.951 E/SELinux ( 179): avc: denied { find } for pid=484 uid=1000 name=vendor.display.output.IDisplayOutputManager/default scontext=u:r:system_server:s0 tcontext=u:object_r:hal_awdisplayoutput_service:s0 tclass=service_manager permissive=1
11-05 15:00:06.951 I/servicemanager( 179): Found vendor.display.output.IDisplayOutputManager/default in device VINTF manifest.
11-05 15:00:06.954 D/HomletDisplayOutputManager( 484): get IDisplayOutputManager service success
11-05 15:00:06.954 D/AudioManagerEx( 484): AudioManagerEx
11-05 15:00:06.955 D/AudioDeviceManagerObserver( 484): AudioDeviceManagerObserver construct
11-05 15:00:06.955 I/SystemServerTiming( 484): StartMidiManager
11-05 15:00:06.955 I/SystemServiceManager( 484): Starting com.android.server.midi.MidiService$Lifecycle
11-05 15:00:06.957 I/SystemServerTiming( 484): StartAdbService
11-05 15:00:06.957 I/SystemServiceManager( 484): Starting com.android.server.adb.AdbService$Lifecycle
11-05 15:00:06.959 I/SystemServerTiming( 484): StartUsbService
11-05 15:00:06.959 I/SystemServiceManager( 484): Starting com.android.server.usb.UsbService$Lifecycle
11-05 15:00:06.959 I/SystemServerTiming( 484): StartSerialService
11-05 15:00:06.959 I/SystemServerTimingAsync( 484): InitThreadPoolExec:UsbService$Lifecycle#onStart
11-05 15:00:06.959 D/SystemServerInitThreadPool( 484): Started executing UsbService$Lifecycle#onStart
11-05 15:00:06.960 I/SystemServerTiming( 484): StartHardwarePropertiesManagerService
11-05 15:00:06.961 I/hwservicemanager( 180): getTransport: Cannot find entry android.hardware.thermal@1.0::IThermal/default in either framework or device VINTF manifest.
11-05 15:00:06.961 E/HardwarePropertiesManagerService-JNI( 484): Unable to get Thermal service.
11-05 15:00:06.962 I/SystemServerTiming( 484): StartTwilightService
11-05 15:00:06.962 I/SystemServiceManager( 484): Starting com.android.server.twilight.TwilightService
11-05 15:00:06.962 I/SystemServerTiming( 484): StartColorDisplay
