11-05 15:00:11.217 I/bt_bte ( 670): system/bt/main/bte_logmsg.cc:248 load_levels_from_config: BTE_InitTraceLevels -- TRC_BTAPP : Level 2
11-05 15:00:11.217 I/bt_bte ( 670): system/bt/main/bte_logmsg.cc:248 load_levels_from_config: BTE_InitTraceLevels -- TRC_BTIF : Level 2
11-05 15:00:11.220 I/mkswap ( 1): Swapspace size: 1505444k, UUID=1136c0ba-72b8-435c-8f2b-ae9f46c31bca
11-05 15:00:11.220 I/bt_stack( 670): [INFO:message_loop_thread.cc(224)] Run: message loop starting for thread bt_main_thread
11-05 15:00:11.224 I/bt_core_module( 670): system/bt/btcore/src/module.cc:85 module_start_up: module_start_up Starting module "controller_module"
11-05 15:00:11.251 I/ ( 1): Adding 1505444k swap on /dev/block/zram0. Priority:-2 extents:1 across:1505444k SS
11-05 15:00:11.256 E/ ( 342): recv_kernel_event address f4:ab:5c:b3:ba:64
11-05 15:00:11.264 I/init ( 1030): type=1400 audit(0.0:381): avc: denied { entrypoint } for path="/system/bin/appsdisable" dev="dm-0" ino=892 scontext=u:r:shell:s0 tcontext=u:object_r:system_file:s0 tclass=file permissive=1
11-05 15:00:11.300 I/rainbow_flow( 321): type=1400 audit(0.0:382): avc: denied { ioctl } for path="/dev/spidev1.0" dev="tmpfs" ino=1229 ioctlcmd=0x6b00 scontext=u:r:init:s0 tcontext=u:object_r:device:s0 tclass=chr_file permissive=1
11-05 15:00:11.382 D/hdmi-cec( 260): reset logical address to broadcast
11-05 15:00:11.380 I/EventThread( 260): type=1400 audit(0.0:383): avc: denied { search } for name="extcon" dev="sysfs" ino=18103 scontext=u:r:hal_tv_cec_default:s0 tcontext=u:object_r:sysfs_extcon:s0 tclass=dir permissive=1
11-05 15:00:11.383 W/Looper ( 484): Slow dispatch took 704ms main h=android.os.Handler c=com.android.server.hdmi.WorkSourceUidPreservingRunnable@bd34891 m=0
11-05 15:00:11.385 W/Looper ( 484): Slow delivery took 697ms main h=com.android.providers.settings.SettingsProvider$SettingsRegistry$MyHandler c=null m=1
11-05 15:00:11.387 W/HDMI ( 484): [1]:Unhandled cec command: 04:46
11-05 15:00:11.393 D/AdbService( 484): setAdbEnabled(true), mIsAdbUsbEnabled=true, mIsAdbWifiEnabled=true, transportType=1
11-05 15:00:11.399 I/bootstat( 1031): Service started: /system/bin/bootstat --record_boot_complete --record_boot_reason --record_time_since_factory_reset -l
11-05 15:00:11.426 E/bootstat( 1031): Failed to read /data/misc/bootstat/post_decrypt_time_elapsed: No such file or directory
11-05 15:00:11.426 E/bootstat( 1031): Failed to parse boot time record: /data/misc/bootstat/post_decrypt_time_elapsed
11-05 15:00:11.430 W/HDMI ( 484): [1]:Unhandled cec command: 54:7E:01
11-05 15:00:11.438 W/bootstat( 1031): LogBootEvents, atomInfo not defined for events:last_boot_time_utc,build_date,ro.boottime.init.cold_boot_wait,boot_reason,system_boot_reason,time_since_last_boot
11-05 15:00:11.460 I/runin.sh( 1038): type=1400 audit(0.0:384): avc: denied { dac_read_search } for capability=2 scontext=u:r:shell:s0 tcontext=u:r:shell:s0 tclass=capability permissive=1
11-05 15:00:11.467 D/XM_HIDREAD( 319): add@ add@/class/hci_reg
11-05 15:00:11.467 D/XM_HIDREAD( 319): add@ add@/module/sunxi_hci
11-05 15:00:11.478 D/XiriService( 313): check file name: /data/data/com.android.cts.priv.ctsshim/lib
11-05 15:00:11.476 I/xiriservice_All( 313): type=1400 audit(0.0:385): avc: denied { search } for name="com.android.cts.priv.ctsshim" dev="mmcblk0p25" ino=569 scontext=u:r:init:s0 tcontext=u:object_r:privapp_data_file:s0:c512,c768 tclass=dir permissive=1
11-05 15:00:11.476 I/xiriservice_All( 313): type=1400 audit(0.0:386): avc: denied { read } for name="lib" dev="mmcblk0p25" ino=10048 scontext=u:r:init:s0 tcontext=u:object_r:privapp_data_file:s0:c512,c768 tclass=lnk_file permissive=1
11-05 15:00:11.479 D/XiriService( 313): check file name: /data/data/com.android.cts.priv.ctsshim/lib
11-05 15:00:11.479 D/XiriService( 313): check file name: /data/data/com.android.cts.priv.ctsshim/lib
11-05 15:00:11.480 D/XiriService( 313): check file name: /data/data/com.android.dynsystem/lib
11-05 15:00:11.476 I/xiriservice_All( 313): type=1400 audit(0.0:387): avc: denied { search } for name="com.android.dynsystem" dev="mmcblk0p25" ino=577 scontext=u:r:init:s0 tcontext=u:object_r:system_app_data_file:s0 tclass=dir permissive=1
11-05 15:00:11.476 I/xiriservice_All( 313): type=1400 audit(0.0:388): avc: denied { read } for name="lib" dev="mmcblk0p25" ino=10050 scontext=u:r:init:s0 tcontext=u:object_r:system_app_data_file:s0 tclass=lnk_file permissive=1
11-05 15:00:11.482 D/XiriService( 313): check file name: /data/data/com.android.dynsystem/lib
11-05 15:00:11.482 D/XiriService( 313): check file name: /data/data/com.android.dynsystem/lib
11-05 15:00:11.483 D/XiriService( 313): check file name: /data/data/com.dangbei.lerad.rocky/lib
11-05 15:00:11.485 D/XiriService( 313): check file name: /data/data/com.dangbei.lerad.rocky/lib
11-05 15:00:11.486 D/XiriService( 313): check file name: /data/data/com.android.tv.settings/lib
11-05 15:00:11.487 D/XiriService( 313): check file name: /data/data/com.android.tv.settings/lib
11-05 15:00:11.488 D/XiriService( 313): check file name: /data/data/com.android.tv.settings/lib
11-05 15:00:11.489 D/XiriService( 313): check file name: /data/data/com.oranth.factory/lib
11-05 15:00:11.491 D/XiriService( 313): check file name: /data/data/com.oranth.factory/lib
11-05 15:00:11.492 D/XiriService( 313): check file name: /data/data/com.dangbei.zhushou.os/lib
11-05 15:00:11.493 D/XiriService( 313): check file name: /data/data/com.dangbei.zhushou.os/lib
11-05 15:00:11.496 D/XiriService( 313): check file name: /data/data/com.sohu.inputmethod.sogou.tv/lib
11-05 15:00:11.492 I/xiriservice_All( 313): type=1400 audit(0.0:389): avc: denied { search } for name="com.sohu.inputmethod.sogou.tv" dev="mmcblk0p25" ino=1408 scontext=u:r:init:s0 tcontext=u:object_r:app_data_file:s0:c52,c256,c512,c768 tclass=dir permissive=1
11-05 15:00:11.492 I/xiriservice_All( 313): type=1400 audit(0.0:390): avc: denied { read } for name="lib" dev="mmcblk0p25" ino=10063 scontext=u:r:init:s0 tcontext=u:object_r:app_data_file:s0:c52,c256,c512,c768 tclass=lnk_file permissive=1
11-05 15:00:11.497 D/XiriService( 313): check file name: /data/data/com.sohu.inputmethod.sogou.tv/lib
11-05 15:00:11.498 D/XiriService( 313): check file name: /data/data/com.oranth.ledstatus/lib
11-05 15:00:11.500 D/XiriService( 313): check file name: /data/data/com.oranth.ledstatus/lib
11-05 15:00:11.501 D/XiriService( 313): check file name: /data/data/com.dangbei.lerad.videoposter/lib
11-05 15:00:11.504 D/XM_HIDREAD( 319): add@ add@/devices/virtual/devlink/regulator.8--5101000.ehci0-controller
11-05 15:00:11.508 W/sunxi-ehci( 163): EHCI SUNXI driver
11-05 15:00:11.509 W/ ( 163): sunxi ehci0-controller don't init wakeup source
11-05 15:00:11.509 W/[sunxi-ehci0]( 163): probe, pdev->name: 5101000.ehci0-controller, sunxi_ehci: 0xffffffc008f81018, 0x:ffffffc0121ed000, irq_no:32
11-05 15:00:11.504 I/xiriservice_All( 313): type=1400 audit(0.0:391): avc: denied { search } for name="com.dangbei.lerad.videoposter" dev="mmcblk0p25" ino=750 scontext=u:r:init:s0 tcontext=u:object_r:app_data_file:s0:c512,c768 tclass=dir permissive=1
11-05 15:00:11.504 I/xiriservice_All( 313): type=1400 audit(0.0:392): avc: denied { read } for name="lib" dev="mmcblk0p25" ino=10155 scontext=u:r:init:s0 tcontext=u:object_r:app_data_file:s0:c512,c768 tclass=lnk_file permissive=1
11-05 15:00:11.513 I/sunxi-ehci 5101000.ehci0-controller( 163): EHCI Host Controller
11-05 15:00:11.513 I/sunxi-ehci 5101000.ehci0-controller( 163): new USB bus registered, assigned bus number 1
11-05 15:00:11.513 I/sunxi-ehci 5101000.ehci0-controller( 163): irq 50, io mem 0x05101000
11-05 15:00:11.508 W/Looper ( 484): Drained
11-05 15:00:11.510 D/XiriService( 313): check file name: /data/data/com.dangbei.lerad.videoposter/lib
11-05 15:00:11.510 D/XiriService( 313): check file name: /data/data/com.android.networkstack/lib
11-05 15:00:11.517 W/audit ( 313): audit_lost=1 audit_rate_limit=5 audit_backlog_limit=64
11-05 15:00:11.517 E/audit ( 313): rate limit exceeded
11-05 15:00:11.516 D/XiriService( 313): check file name: /data/data/com.android.networkstack/lib
11-05 15:00:11.516 D/XiriService( 313): check file name: /data/data/android/lib
11-05 15:00:11.518 D/XiriService( 313): check file name: /data/data/com.dangbei.screencast/lib
11-05 15:00:11.518 D/XiriService( 313): check file name: /data/data/com.dangbei.screencast/lib
11-05 15:00:11.519 D/XiriService( 313): check file name: /data/data/com.dangbei.leard.leradlauncher/lib
11-05 15:00:11.520 D/XiriService( 313): check file name: /data/data/com.dangbei.leard.leradlauncher/lib
11-05 15:00:11.521 D/XiriService( 313): check file name: /data/data/com.android.providers.settings/lib
11-05 15:00:11.522 D/XiriService( 313): check file name: /data/data/com.android.providers.settings/lib
11-05 15:00:11.523 D/XM_HIDREAD( 319): add@ add@/devices/platform/soc@3000000/5101000.ehci0-controller/usb1
11-05 15:00:11.523 D/XM_HIDREAD( 319): add@ add@/devices/platform/soc@3000000/5101000.ehci0-controller/usb1/1-0:1.0
11-05 15:00:11.527 I/sunxi-ehci 5101000.ehci0-controller( 163): USB 2.0 started, EHCI 1.00
11-05 15:00:11.528 I/usb1 ( 163): New USB device found, idVendor=1d6b, idProduct=0002, bcdDevice= 5.04
11-05 15:00:11.528 I/usb1 ( 163): New USB device strings: Mfr=3, Product=2, SerialNumber=1
11-05 15:00:11.528 I/usb1 ( 163): Product: EHCI Host Controller
11-05 15:00:11.528 I/usb1 ( 163): Manufacturer: Linux 5.4.125+ ehci_hcd
11-05 15:00:11.528 I/usb1 ( 163): SerialNumber: sunxi-ehci
11-05 15:00:11.530 I/hub 1-0 ( 163): 1.0: USB hub found
11-05 15:00:11.530 I/hub 1-0 ( 163): 1.0: 1 port detected
11-05 15:00:11.527 I/BLEAudioDrive_HV410( 247): not hidraw* create or delete event
11-05 15:00:11.533 W/ ( 163): sunxi ehci1-controller don't init wakeup source
11-05 15:00:11.529 D/XM_HIDREAD( 319): add@ add@/devices/virtual/devlink/regulator.8--5200000.ehci1-controller
11-05 15:00:11.533 W/[sunxi-ehci1]( 163): probe, pdev->name: 5200000.ehci1-controller, sunxi_ehci: 0xffffffc008f816d8, 0x:ffffffc012203000, irq_no:34
11-05 15:00:11.531 D/XiriService( 313): check file name: /data/data/com.android.printspooler/lib
11-05 15:00:11.537 I/sunxi-ehci 5200000.ehci1-controller( 163): EHCI Host Controller
11-05 15:00:11.537 I/sunxi-ehci 5200000.ehci1-controller( 163): new USB bus registered, assigned bus number 2
11-05 15:00:11.538 I/sunxi-ehci 5200000.ehci1-controller( 163): irq 52, io mem 0x05200000
11-05 15:00:11.534 D/XiriService( 313): check file name: /data/data/com.android.webview/lib
11-05 15:00:11.537 D/XiriService( 313): check file name: /data/data/com.android.webview/lib
11-05 15:00:11.538 D/XiriService( 313): check file name: /data/data/com.android.webview/lib
11-05 15:00:11.540 D/XiriService( 313): check file name: /data/data/com.android.inputdevices/lib
11-05 15:00:11.542 D/XiriService( 313): check file name: /data/data/com.android.inputdevices/lib
11-05 15:00:11.543 D/XiriService( 313): check file name: /data/data/com.android.bips/lib
11-05 15:00:11.545 D/XiriService( 313): check file name: /data/data/com.android.bips/lib
11-05 15:00:11.546 D/XiriService( 313): check file name: /data/data/com.oranth.inputmacsn/lib
11-05 15:00:11.546 D/XiriService( 313): check file name: /data/data/com.oranth.inputmacsn/lib
11-05 15:00:11.547 D/XiriService( 313): check file name: /data/data/com.oranth.inputmacsn/lib
11-05 15:00:11.548 D/XiriService( 313): check file name: /data/data/com.dangbei.hqmedia/lib
11-05 15:00:11.550 D/XiriService( 313): check file name: /data/data/com.dangbei.hqmedia/lib
11-05 15:00:11.550 D/XiriService( 313): check file name: /data/data/com.android.keychain/lib
11-05 15:00:11.551 D/XiriService( 313): check file name: /data/data/com.android.keychain/lib
11-05 15:00:11.551 D/XiriService( 313): check file name: /data/data/android.ext.services/lib
11-05 15:00:11.551 D/XiriService( 313): check file name: /data/data/android.ext.services/lib
11-05 15:00:11.552 D/XiriService( 313): check file name: /data/data/com.android.localtransport/lib
11-05 15:00:11.552 D/XiriService( 313): check file name: /data/data/com.android.localtransport/lib
11-05 15:00:11.553 D/XiriService( 313): check file name: /data/data/com.android.packageinstaller/lib
11-05 15:00:11.554 D/XiriService( 313): check file name: /data/data/com.android.packageinstaller/lib
11-05 15:00:11.554 D/XiriService( 313): check file name: /data/data/com.oranth.usbopenft/lib
11-05 15:00:11.551 I/sunxi-ehci 5200000.ehci1-controller( 163): USB 2.0 started, EHCI 1.00
11-05 15:00:11.551 E/debugfs ( 163): Directory 'sunxi-ehci' with parent 'ehci' already present!
11-05 15:00:11.555 D/XiriService( 313): check file name: /data/data/com.oranth.usbopenft/lib
11-05 15:00:11.555 D/XiriService( 313): check file name: /data/data/com.android.networkstack.tethering/lib
11-05 15:00:11.555 D/XM_HIDREAD( 319): add@ add@/devices/platform/soc@3000000/5200000.ehci1-controller/usb2
11-05 15:00:11.555 D/XM_HIDREAD( 319): add@ add@/devices/platform/soc@3000000/5200000.ehci1-controller/usb2/2-0:1.0
11-05 15:00:11.560 I/usb2 ( 163): New USB device found, idVendor=1d6b, idProduct=0002, bcdDevice= 5.04
11-05 15:00:11.560 I/usb2 ( 163): New USB device strings: Mfr=3, Product=2, SerialNumber=1
11-05 15:00:11.560 I/usb2 ( 163): Product: EHCI Host Controller
11-05 15:00:11.560 I/usb2 ( 163): Manufacturer: Linux 5.4.125+ ehci_hcd
11-05 15:00:11.560 I/usb2 ( 163): SerialNumber: sunxi-ehci
11-05 15:00:11.562 I/hub 2-0 ( 163): 1.0: USB hub found
11-05 15:00:11.562 I/hub 2-0 ( 163): 1.0: 1 port detected
11-05 15:00:11.558 D/XM_HIDREAD( 319): add@ add@/devices/virtual/devlink/regulator.8--5310000.ehci2-controller
11-05 15:00:11.559 D/XiriService( 313): check file name: /data/data/com.android.networkstack.tethering/lib
11-05 15:00:11.560 D/XiriService( 313): check file name: /data/data/com.dangbei.lerad.etna.haqu/lib
11-05 15:00:11.564 W/ ( 163): sunxi ehci2-controller don't init wakeup source
11-05 15:00:11.564 W/[sunxi-ehci2]( 163): probe, pdev->name: 5310000.ehci2-controller, sunxi_ehci: 0xffffffc008f81d98, 0x:ffffffc0133ff000, irq_no:36
11-05 15:00:11.564 I/sunxi-ehci 5310000.ehci2-controller( 163): EHCI Host Controller
11-05 15:00:11.564 I/sunxi-ehci 5310000.ehci2-controller( 163): new USB bus registered, assigned bus number 3
11-05 15:00:11.565 I/sunxi-ehci 5310000.ehci2-controller( 163): irq 54, io mem 0x05310000
11-05 15:00:11.561 D/XiriService( 313): check file name: /data/data/com.dangbei.lerad.etna.haqu/lib
11-05 15:00:11.562 D/XiriService( 313): check file name: /data/data/com.oranth.powerwindow/lib
11-05 15:00:11.563 D/XiriService( 313): check file name: /data/data/com.oranth.powerwindow/lib
11-05 15:00:11.563 D/XiriService( 313): check file name: /data/data/com.android.networkstack.permissionconfig/lib
11-05 15:00:11.564 D/XiriService( 313): check file name: /data/data/com.android.networkstack.permissionconfig/lib
11-05 15:00:11.565 D/XiriService( 313): check file name: /data/data/com.dangbei.lerad.screensaver/lib
11-05 15:00:11.566 D/XiriService( 313): check file name: /data/data/com.dangbei.lerad.screensaver/lib
11-05 15:00:11.567 D/XiriService( 313): check file name: /data/data/com.android.wallpaperbackup/lib
11-05 15:00:11.567 D/XiriService( 313): check file name: /data/data/com.android.wallpaperbackup/lib
11-05 15:00:11.569 D/XiriService( 313): check file name: /data/data/com.android.wallpaperbackup/lib
11-05 15:00:11.570 D/XiriService( 313): check file name: /data/data/com.android.providers.media.module/lib
11-05 15:00:11.571 D/XiriService( 313): check file name: /data/data/com.android.providers.media.module/lib
11-05 15:00:11.572 D/XiriService( 313): check file name: /data/data/com.oranth.storage/lib
11-05 15:00:11.572 D/XiriService( 313): check file name: /data/data/com.oranth.storage/lib
11-05 15:00:11.573 D/XiriService( 313): check file name: /data/data/com.android.location.fused/lib
11-05 15:00:11.574 D/XiriService( 313): check file name: /data/data/com.android.location.fused/lib
11-05 15:00:11.574 D/XiriService( 313): check file name: /data/data/com.dangbei.haqusetting/lib
11-05 15:00:11.575 D/XiriService( 313): check file name: /data/data/com.dangbei.haqusetting/lib
11-05 15:00:11.575 D/XiriService( 313): check file name: /data/data/com.softwinner.miracastReceiver/lib
11-05 15:00:11.576 D/XiriService( 313): check file name: /data/data/com.softwinner.miracastReceiver/lib
11-05 15:00:11.576 D/XiriService( 313): check file name: /data/data/com.android.bluetooth/lib
11-05 15:00:11.577 V/PackageManager( 484): reconcileAppsData finished 113 packages
11-05 15:00:11.578 D/XiriService( 313): check file name: /data/data/com.android.bluetooth/lib
11-05 15:00:11.578 I/ActivityManager( 484): User 0 state changed from RUNNING_LOCKED to RUNNING_UNLOCKING
11-05 15:00:11.579 D/ActivityManager( 484): Unlocking user 0 progress 20
11-05 15:00:11.579 I/sunxi-ehci 5310000.ehci2-controller( 163): USB 2.0 started, EHCI 1.00
11-05 15:00:11.579 E/debugfs ( 163): Directory 'sunxi-ehci' with parent 'ehci' already present!
11-05 15:00:11.583 I/SystemServerTimingAsync( 484): ssm.UnlockingUser-0
11-05 15:00:11.584 I/SystemServiceManager( 484): Calling onUnlockingUser 0
11-05 15:00:11.589 I/usb3 ( 163): New USB device found, idVendor=1d6b, idProduct=0002, bcdDevice= 5.04
11-05 15:00:11.589 I/usb3 ( 163): New USB device strings: Mfr=3, Product=2, SerialNumber=1
11-05 15:00:11.589 I/usb3 ( 163): Product: EHCI Host Controller
11-05 15:00:11.589 I/usb3 ( 163): Manufacturer: Linux 5.4.125+ ehci_hcd
11-05 15:00:11.589 I/usb3 ( 163): SerialNumber: sunxi-ehci
11-05 15:00:11.590 D/XM_HIDREAD( 319): add@ add@/devices/platform/soc@3000000/5310000.ehci2-controller/usb3
11-05 15:00:11.593 D/XM_HIDREAD( 319): add@ add@/devices/platform/soc@3000000/5310000.ehci2-controller/usb3/3-0:1.0
11-05 15:00:11.599 I/hub 3-0 ( 163): 1.0: USB hub found
11-05 15:00:11.599 I/hub 3-0 ( 163): 1.0: 1 port detected
11-05 15:00:11.602 W/ ( 163): sunxi ehci3-controller don't init wakeup source
11-05 15:00:11.602 W/[sunxi-ehci3]( 163): probe, pdev->name: 5311000.ehci3-controller, sunxi_ehci: 0xffffffc008f82458, 0x:ffffffc01345d000, irq_no:38
11-05 15:00:11.597 D/XM_HIDREAD( 319): add@ add@/devices/virtual/devlink/regulator.8--5311000.ehci3-controller
11-05 15:00:11.597 D/BluetoothManagerService( 484): User 0 unlocked
11-05 15:00:11.597 D/StorageManagerService( 484): onUnlockUser 0
11-05 15:00:11.598 I/StorageSessionController( 484): On user unlock 0
11-05 15:00:11.604 I/sunxi-ehci 5311000.ehci3-controller( 163): EHCI Host Controller
11-05 15:00:11.604 I/sunxi-ehci 5311000.ehci3-controller( 163): new USB bus registered, assigned bus number 4
11-05 15:00:11.605 I/sunxi-ehci 5311000.ehci3-controller( 163): irq 56, io mem 0x05311000
11-05 15:00:11.603 D/BluetoothManagerService( 484): MESSAGE_USER_UNLOCKED
11-05 15:00:11.604 D/SystemUIService( 684): Starting Wifi now
11-05 15:00:11.604 I/StorageSessionController( 484): Initialialising...
11-05 15:00:11.606 D/AW_CODE ( 484): rotation =0
11-05 15:00:11.606 I/vold ( 184): onUserStarted: 0
11-05 15:00:11.614 V/StorageManagerService( 484): Found primary storage at VolumeInfo{emulated;0}:
11-05 15:00:11.614 V/StorageManagerService( 484): type=EMULATED diskId=null partGuid= mountFlags=0 mountUserId=0
11-05 15:00:11.614 V/StorageManagerService( 484): state=UNMOUNTED
11-05 15:00:11.614 V/StorageManagerService( 484): fsType=null fsUuid=null fsLabel=null
11-05 15:00:11.614 V/StorageManagerService( 484): path=null internalPath=null
11-05 15:00:11.615 I/StorageManagerService( 484): Mounting volume VolumeInfo{emulated;0}:
11-05 15:00:11.615 I/StorageManagerService( 484): type=EMULATED diskId=null partGuid= mountFlags=PRIMARY|VISIBLE
11-05 15:00:11.615 I/StorageManagerService( 484): mountUserId=0 state=UNMOUNTED
11-05 15:00:11.615 I/StorageManagerService( 484): fsType=null fsUuid=null fsLabel=null
11-05 15:00:11.615 I/StorageManagerService( 484): path=null internalPath=null
11-05 15:00:11.616 I/vold ( 184): Mounting emulated fuse volume
11-05 15:00:11.619 D/AW_CODE ( 484): rotation =0
11-05 15:00:11.619 I/sunxi-ehci 5311000.ehci3-controller( 163): USB 2.0 started, EHCI 1.00
11-05 15:00:11.619 E/debugfs ( 163): Directory 'sunxi-ehci' with parent 'ehci' already present!
11-05 15:00:11.626 D/ColorDisplayService( 484): setUp: currentUser=0
11-05 15:00:11.636 I/usb4 ( 163): New USB device found, idVendor=1d6b, idProduct=0002, bcdDevice= 5.04
11-05 15:00:11.636 I/usb4 ( 163): New USB device strings: Mfr=3, Product=2, SerialNumber=1
11-05 15:00:11.636 I/usb4 ( 163): Product: EHCI Host Controller
11-05 15:00:11.636 I/usb4 ( 163): Manufacturer: Linux 5.4.125+ ehci_hcd
11-05 15:00:11.636 I/usb4 ( 163): SerialNumber: sunxi-ehci
11-05 15:00:11.638 I/hub 4-0 ( 163): 1.0: USB hub found
11-05 15:00:11.638 I/hub 4-0 ( 163): 1.0: 1 port detected
11-05 15:00:11.630 W/TextServicesManagerService( 484): no available spell checker services found
11-05 15:00:11.631 D/XM_HIDREAD( 319): add@ add@/devices/platform/soc@3000000/5311000.ehci3-controller/usb4
11-05 15:00:11.634 D/XM_HIDREAD( 319): add@ add@/devices/platform/soc@3000000/5311000.ehci3-controller/usb4/4-0:1.0
11-05 15:00:11.636 D/XM_HIDREAD( 319): add@ add@/bus/platform/drivers/sunxi-ehci
11-05 15:00:11.637 D/XM_HIDREAD( 319): add@ add@/module/ehci_sunxi
11-05 15:00:11.638 D/XM_HIDREAD( 319): add@ add@/devices/virtual/bdi/0:47
11-05 15:00:11.642 I/vold ( 184): Bind mounting /data/media to /mnt/pass_through/0/emulated
11-05 15:00:11.645 I/WifiService( 484): setWifiEnabled package=com.android.systemui uid=10066 enable=true
11-05 15:00:11.653 D/ColorDisplayService( 484): onNightDisplayAutoModeChanged: autoMode=0
11-05 15:00:11.653 W/InputMethodUtils( 484): Found no fallback locale. imis=[InputMethodInfo{com.sohu.inputmethod.sogou.tv/.SogouIME, settings: com.sohu.inputmethod.sogou.SogouIMESettingsLauncher}]
11-05 15:00:11.654 I/ColorDisplayService( 484): Turning off night display
11-05 15:00:11.655 W/InputMethodUtils( 484): No software keyboard is found. imis=[InputMethodInfo{com.sohu.inputmethod.sogou.tv/.SogouIME, settings: com.sohu.inputmethod.sogou.SogouIMESettingsLauncher}] systemLocale=zh_CN fallbackLocale=null
11-05 15:00:11.656 I/StorageSessionController( 484): On volume mount VolumeInfo{emulated;0}:
11-05 15:00:11.656 I/StorageSessionController( 484): type=EMULATED diskId=null partGuid= mountFlags=PRIMARY|VISIBLE
11-05 15:00:11.656 I/StorageSessionController( 484): mountUserId=0 state=CHECKING
11-05 15:00:11.656 I/StorageSessionController( 484): fsType=null fsUuid=null fsLabel=null
11-05 15:00:11.656 I/StorageSessionController( 484): path=/storage/emulated internalPath=/data/media
11-05 15:00:11.657 D/ColorDisplayService( 484): Setting bright color reduction level: 50
11-05 15:00:11.662 D/WifiActiveModeWarden( 484): Starting primary ClientModeManager in connect mode
11-05 15:00:11.663 I/StorageSessionController( 484): Creating connection for user: 0
11-05 15:00:11.664 I/StorageSessionController( 484): Creating and starting session with id: emulated;0
11-05 15:00:11.664 I/StorageUserConnection( 484): Binding to the ExternalStorageService for user 0
11-05 15:00:11.667 D/WifiService( 484): Handle user unlock 0
11-05 15:00:11.669 D/WifiController( 484): DisabledState.exit()
11-05 15:00:11.670 D/WifiController( 484): EnabledState.enter()
11-05 15:00:11.670 I/WallpaperManagerService( 484): on-unlock-user-0
11-05 15:00:11.671 D/WifiClientModeManager[unknown]( 484): entering IdleState
11-05 15:00:11.672 I/UsageStatsService( 484): User[0] Rollover scheduled @ 2025-11-06 14:49:03(1762411743896)
11-05 15:00:11.672 D/AW_CODE ( 484): rotation =0
11-05 15:00:11.673 I/NotificationHistory( 484): Attempted to unlock gone/disabled user 0
11-05 15:00:11.673 D/CompatibilityChangeReporter( 484): Compat change id reported: 135634846; UID 10074; state: DISABLED
11-05 15:00:11.673 D/WifiHWInfo( 664): Start to load wireless module hardware info table...
11-05 15:00:11.675 D/WifiHWInfo( 664): Entry [01], BUS: SDIO, ID: 0x024C8179, Name: rtl8189es.
11-05 15:00:11.675 D/WifiHWInfo( 664): Entry [02], BUS: SDIO, ID: 0x024CB723, Name: rtl8723bs_vq0.
11-05 15:00:11.675 D/WifiHWInfo( 664): Entry [03], BUS: SDIO, ID: 0x024CB703, Name: rtl8723cs.
11-05 15:00:11.675 D/WifiHWInfo( 664): Entry [04], BUS: SDIO, ID: 0x024CD723, Name: rtl8723ds.
11-05 15:00:11.675 D/WifiHWInfo( 664): Entry [05], BUS: SDIO, ID: 0x024CF179, Name: rtl8189fs.
11-05 15:00:11.675 D/WifiHWInfo( 664): Entry [06], BUS: SDIO, ID: 0x024CB822, Name: rtl88x2bs.
11-05 15:00:11.675 D/WifiHWInfo( 664): Entry [07], BUS: USB, ID: 0x0BDAD723, Name: rtl8723du.
11-05 15:00:11.675 D/WifiHWInfo( 664): Entry [08], BUS: USB, ID: 0x0BDA8179, Name: rtl8188etv.
11-05 15:00:11.675 D/WifiHWInfo( 664): Entry [09], BUS: USB, ID: 0x0BDA0179, Name: rtl8188eu.
11-05 15:00:11.675 D/WifiHWInfo( 664): Entry [10], BUS: USB, ID: 0x0BDA818B, Name: rtl8192eu.
11-05 15:00:11.675 D/WifiHWInfo( 664): Entry [11], BUS: USB, ID: 0x0BDAB720, Name: rtl8723bu.
11-05 15:00:11.675 D/WifiHWInfo( 664): Entry [12], BUS: USB, ID: 0x0BDAC82C, Name: rtl8822cu.
11-05 15:00:11.675 D/WifiHWInfo( 664): Entry [13], BUS: USB, ID: 0x0BDAF179, Name: rtl8188fu.
11-05 15:00:11.675 D/WifiHWInfo( 664): Entry [14], BUS: SDIO, ID: 0x02D0A9A6, Name: ap6212.
11-05 15:00:11.675 D/WifiHWInfo( 664): Entry [15], BUS: SDIO, ID: 0x02D04330, Name: ap6330.
11-05 15:00:11.675 D/WifiHWInfo( 664): Entry [16], BUS: SDIO, ID: 0x02D04356, Name: ap6356s.
11-05 15:00:11.675 D/WifiHWInfo( 664): Entry [17], BUS: SDIO, ID: 0x02D0A9BF, Name: ap6255.
11-05 15:00:11.675 D/WifiHWInfo( 664): Entry [18], BUS: SDIO, ID: 0x02D04334, Name: bcm43342.
11-05 15:00:11.675 D/WifiHWInfo( 664): Entry [19], BUS: SDIO, ID: 0x00202281, Name: xr819.
11-05 15:00:11.675 W/AppHibernationService( 484): Attempt to call setHibernatingForUser before states have been read from disk
11-05 15:00:11.675 D/WifiHWInfo( 664): Entry [20], BUS: SDIO, ID: 0x0A9E2282, Name: xr829.
11-05 15:00:11.675 D/WifiHWInfo( 664): Entry [21], BUS: SDIO, ID: 0x0271050A, Name: qca6174a.
11-05 15:00:11.675 D/WifiHWInfo( 664): Entry [22], BUS: SDIO, ID: 0x30303030, Name: ssv6x5x.
11-05 15:00:11.675 D/WifiHWInfo( 664): Entry [23], BUS: SDIO, ID: 0x00000000, Name: uwe5621.
11-05 15:00:11.675 D/WifiHWInfo( 664): Entry [24], BUS: SDIO, ID: 0x54490145, Name: aic8800.
11-05 15:00:11.675 D/WifiHWInfo( 664): Entry [25], BUS: SDIO, ID: 0xC8A1C08D, Name: aic8800.
11-05 15:00:11.675 D/WifiHWInfo( 664): Entry [26], BUS: USB, ID: 0xA69C8800, Name: aic8800.
11-05 15:00:11.675 D/WifiHWInfo( 664): Entry [27], BUS: USB, ID: 0x007A8888, Name: atbm6023is.
11-05 15:00:11.675 D/WifiHWInfo( 664): Entry [28], BUS: SDIO, ID: 0x02E79086, Name: 9012p.
11-05 15:00:11.675 D/WifiHWInfo( 664): Entry [29], BUS: SDIO, ID: 0x007A6011, Name: atbm613x_wifi_sdio.
11-05 15:00:11.675 D/WifiHWInfo( 664): Entry [30], BUS: SDIO, ID: 0x024CC822, Name: 88x2cs.
11-05 15:00:11.675 D/WifiHWInfo( 664): Entry [31], BUS: SDIO, ID: 0x000018F0, Name: dummy.
11-05 15:00:11.675 W/android.hardware.wifi@1.0-service-lazy( 664): DRIVER_MODULE_TAG: sprdwl_ng : Success
11-05 15:00:11.676 W/AppHibernationService( 484): Attempt to call setHibernatingForUser before states have been read from disk
11-05 15:00:11.676 I/android.hardware.wifi@1.0-service-lazy( 664): driver_module_path: /vendor/lib/modules/sprdwl_ng.ko
11-05 15:00:11.676 I/android.hardware.wifi@1.0-service-lazy( 664): driver_module_arg:
11-05 15:00:11.676 D/AW_CODE ( 484): rotation =0
11-05 15:00:11.676 W/AppHibernationService( 484): Attempt to call setHibernatingForUser before states have been read from disk
11-05 15:00:11.676 W/AppHibernationService( 484): Attempt to call setHibernatingForUser before states have been read from disk
11-05 15:00:11.676 W/AppHibernationService( 484): Attempt to call setHibernatingForUser before states have been read from disk
11-05 15:00:11.676 W/AppHibernationService( 484): Attempt to call setHibernatingForUser before states have been read from disk
11-05 15:00:11.677 W/AppHibernationService( 484): Attempt to call setHibernatingForUser before states have been read from disk
11-05 15:00:11.677 W/AppHibernationService( 484): Attempt to call setHibernatingForUser before states have been read from disk
11-05 15:00:11.677 W/AppHibernationService( 484): Attempt to call setHibernatingForUser before states have been read from disk
11-05 15:00:11.677 W/AppHibernationService( 484): Attempt to call setHibernatingForUser before states have been read from disk
11-05 15:00:11.677 W/AppHibernationService( 484): Attempt to call setHibernatingForUser before states have been read from disk
11-05 15:00:11.677 W/AppHibernationService( 484): Attempt to call setHibernatingForUser before states have been read from disk
11-05 15:00:11.678 D/CompatibilityChangeReporter( 484): Compat change id reported: 143937733; UID 10074; state: ENABLED
11-05 15:00:11.678 W/AppHibernationService( 484): Attempt to call setHibernatingForUser before states have been read from disk
11-05 15:00:11.679 W/AppHibernationService( 484): Attempt to call setHibernatingForUser before states have been read from disk
11-05 15:00:11.679 W/AppHibernationService( 484): Attempt to call setHibernatingForUser before states have been read from disk
11-05 15:00:11.679 W/AppHibernationService( 484): Attempt to call setHibernatingForUser before states have been read from disk
11-05 15:00:11.679 I/StorageUserConnection( 484): Bound to the ExternalStorageService for user 0
11-05 15:00:11.683 I/UsageStatsService( 484): User[0] Flushing usage stats to disk
11-05 15:00:11.688 D/XM_HIDREAD( 319): add@ add@/devices/virtual/devlink/regulator.8--5101400.ohci0-controller
11-05 15:00:11.689 W/ContextImpl( 834): Calling a method in the system process without a qualified user: android.app.ContextImpl.startService:1816 android.content.ContextWrapper.startService:774 android.content.ContextWrapper.startService:774 com.android.tv.settings.users.UserSwitchListenerService$BootReceiver.onReceive:50 android.app.ActivityThread.handleReceiver:4308
11-05 15:00:11.692 W/sunxi-ohci( 163): OHCI SUNXI driver
11-05 15:00:11.693 W/ ( 163): sunxi ohci0-controller don't init wakeup source
11-05 15:00:11.693 W/[sunxi-ohci0]( 163): probe, pdev->name: 5101400.ohci0-controller, sunxi_ohci: 0xffffffc008f81378
11-05 15:00:11.694 I/sunxi-ohci 5101400.ohci0-controller( 163): OHCI Host Controller
11-05 15:00:11.694 I/sunxi-ohci 5101400.ohci0-controller( 163): new USB bus registered, assigned bus number 5
11-05 15:00:11.694 I/sunxi-ohci 5101400.ohci0-controller( 163): irq 51, io mem 0x05101400
11-05 15:00:11.699 W/VoiceInteractionManager( 484): no available voice recognition services found for user 0
11-05 15:00:11.700 I/BackupManagerService( 484): Starting service for user: 0
11-05 15:00:11.700 V/BackupManagerService( 484): [UserID:0] Starting with transport com.android.localtransport/.LocalTransport
11-05 15:00:11.701 I/HibernationStateDiskStore( 484): No hibernation file on disk for file /data/system_ce/0/hibernation/states
11-05 15:00:11.703 D/BackupManagerService( 484): [UserID:0] Started thread backup-0
11-05 15:00:11.713 D/AutofillUI( 484): destroySaveUiUiThread(): already destroyed
11-05 15:00:11.714 D/AutofillManagerServiceImpl( 484): Reset component for user 0:
11-05 15:00:11.715 D/FieldClassificationStrategy( 484): reset(): service is not bound. Do nothing.
11-05 15:00:11.716 W/AppBindingService( 484): [Default SMS app] u0 Target package not found
11-05 15:00:11.721 D/XM_HIDREAD( 319): add@ add@/bus/platform/drivers/unisoc_wifi
11-05 15:00:11.721 D/XM_HIDREAD( 319): add@ add@/devices/platform/unisoc_wifi
11-05 15:00:11.722 I/ActivityTaskManager( 484): Loading recents for user 0 into memory.
11-05 15:00:11.728 D/Zygote ( 242): Forked child process 1055
11-05 15:00:11.727 I/WCN ( 664): start_marlin [MARLIN_WIFI]
11-05 15:00:11.727 D/ ( 664): CPU: 2 PID: 664 Comm: wifi@1.0-servic Tainted: G O 5.4.125+ #1
11-05 15:00:11.727 D/Hardware name( 664): sun50iw9 (DT)
11-05 15:00:11.727 D/Call trace( 664):
11-05 15:00:11.727 D/ ( 664): dump_backtrace.cfi_jt+0x0/0x4
11-05 15:00:11.727 D/ ( 664): dump_stack+0xbc/0x104
11-05 15:00:11.728 D/ ( 664): marlin_set_power+0x2c/0x78c [uwe5621_bsp_sdio]
11-05 15:00:11.728 D/ ( 664): start_marlin+0xbc/0x14c [uwe5621_bsp_sdio]
11-05 15:00:11.728 D/ ( 664): sprdwl_probe+0x28/0x3f4 [sprdwl_ng]
11-05 15:00:11.728 D/ ( 664): platform_drv_probe+0xac/0xf0
11-05 15:00:11.728 D/ ( 664): really_probe+0x340/0x8f8
11-05 15:00:11.728 D/ ( 664): driver_probe_device+0x70/0x144
11-05 15:00:11.728 D/ ( 664): __device_attach_driver+0x14c/0x210
11-05 15:00:11.728 D/ ( 664): bus_for_each_drv+0x98/0x10c
11-05 15:00:11.728 D/ ( 664): __device_attach.llvm.11688684802597760888+0x108/0x1a8
11-05 15:00:11.728 D/ ( 664): bus_probe_device+0x3c/0xdc
11-05 15:00:11.728 D/ ( 664): device_add+0x950/0xb78
11-05 15:00:11.728 D/ ( 664): platform_device_add+0x90/0x260
11-05 15:00:11.728 D/ ( 664): init_module+0x48/0xfc4 [sprdwl_ng]
11-05 15:00:11.728 D/ ( 664): do_one_initcall+0xc4/0x238
11-05 15:00:11.728 D/ ( 664): do_init_module+0x58/0x2e0
11-05 15:00:11.728 D/ ( 664): load_module+0x31b8/0x3a40
11-05 15:00:11.728 D/ ( 664): __arm64_sys_finit_module+0xbc/0x120
11-05 15:00:11.728 D/ ( 664): el0_svc_common+0xb8/0x1cc
11-05 15:00:11.728 D/ ( 664): el0_svc_compat_handler+0x1c/0x28
11-05 15:00:11.728 D/ ( 664): el0_svc_compat+0x8/0x24
11-05 15:00:11.728 I/WCN ( 664): marlin power state:1, subsys: [MARLIN_WIFI] power 1
11-05 15:00:11.728 I/WCN ( 664): marlin have open, GNSS is closed
11-05 15:00:11.730 W/ActivityManager( 484): Slow operation: 59ms so far, now at startProcess: returned from zygote!
11-05 15:00:11.731 D/XM_HIDREAD( 319): add@ add@/devices/platform/unisoc_wifi/wakeup/wakeup25
11-05 15:00:11.735 I/AppSearchUserInstanceMa( 484): Creating new AppSearch instance at: /data/system_ce/0/appsearch/icing
11-05 15:00:11.748 W/ActivityManager( 484): Slow operation: 77ms so far, now at startProcess: done updating battery stats
11-05 15:00:11.749 I/Watchdog( 484): Interesting Java process com.android.providers.media.module started. Pid 1055
11-05 15:00:11.750 W/ActivityManager( 484): Slow operation: 78ms so far, now at startProcess: building log message
11-05 15:00:11.750 I/ActivityManager( 484): app.processName = com.android.providers.media.module
11-05 15:00:11.750 I/ActivityManager( 484): Start proc 1055:com.android.providers.media.module/u0a74 for service {com.android.providers.media.module/com.android.providers.media.fuse.ExternalStorageServiceImpl}
11-05 15:00:11.750 W/ActivityManager( 484): Slow operation: 79ms so far, now at startProcess: starting to update pids map
11-05 15:00:11.756 I/usb5 ( 163): New USB device found, idVendor=1d6b, idProduct=0001, bcdDevice= 5.04
11-05 15:00:11.756 I/usb5 ( 163): New USB device strings: Mfr=3, Product=2, SerialNumber=1
11-05 15:00:11.756 I/usb5 ( 163): Product: OHCI Host Controller
11-05 15:00:11.756 I/usb5 ( 163): Manufacturer: Linux 5.4.125+ ohci_hcd
11-05 15:00:11.756 I/usb5 ( 163): SerialNumber: sunxi-ohci
11-05 15:00:11.757 I/hub 5-0 ( 163): 1.0: USB hub found
11-05 15:00:11.757 I/hub 5-0 ( 163): 1.0: 1 port detected
11-05 15:00:11.759 W/ ( 163): sunxi ohci1-controller don't init wakeup source
11-05 15:00:11.759 W/[sunxi-ohci1]( 163): probe, pdev->name: 5200400.ohci1-controller, sunxi_ohci: 0xffffffc008f81a38
11-05 15:00:11.760 I/sunxi-ohci 5200400.ohci1-controller( 163): OHCI Host Controller
11-05 15:00:11.760 I/sunxi-ohci 5200400.ohci1-controller( 163): new USB bus registered, assigned bus number 6
11-05 15:00:11.760 E/debugfs ( 163): Directory 'sunxi-ohci' with parent 'ohci' already present!
11-05 15:00:11.751 D/XM_HIDREAD( 319): add@ add@/devices/platform/soc@3000000/5101400.ohci0-controller/usb5
11-05 15:00:11.752 D/XM_HIDREAD( 319): add@ add@/devices/platform/soc@3000000/5101400.ohci0-controller/usb5/5-0:1.0
11-05 15:00:11.754 D/XM_HIDREAD( 319): add@ add@/devices/virtual/devlink/regulator.8--5200400.ohci1-controller
11-05 15:00:11.771 I/sunxi-ohci 5200400.ohci1-controller( 163): irq 53, io mem 0x05200400
11-05 15:00:11.765 I/Zygote ( 1055): seccomp disabled by setenforce 0
11-05 15:00:11.770 W/Searchables( 484): No global search activity found
11-05 15:00:11.772 I/SELinux ( 484): SELinux: Loaded file_contexts
11-05 15:00:11.783 E/BackupPasswordManager( 484): Unable to read backup pw version
11-05 15:00:11.783 E/BackupPasswordManager( 484): Unable to read saved backup pw hash
11-05 15:00:11.793 I/adbd ( 396): jdwp connection from 1055
11-05 15:00:11.797 W/UnsafeUtil( 484): platform method missing - proto runtime falling back to safer methods: java.lang.NoSuchMethodException: sun.misc.Unsafe.copyMemory [class java.lang.Object, long, class java.lang.Object, long, long]
11-05 15:00:11.797 I/system_server( 484): Using smaps_rollup for pss collection
11-05 15:00:11.783 E/sprdwl ( 664): __sprdwl_cmd_getbuf cant't get vif, ctx_id: 0
11-05 15:00:11.809 V/PackageConfigPersister( 484): loadPackages: empty list files from /data/system_ce/0/package_configs
11-05 15:00:11.812 W/ActivityManager( 484): Slow operation: 141ms so far, now at startProcess: done updating pids map
11-05 15:00:11.813 W/ActivityManager( 484): UserLifecycleEvent 5 received without an active userJourneySession.
11-05 15:00:11.813 W/ActivityManager( 484): UserLifecycleEvent 6 received without an active userJourneySession.
11-05 15:00:11.813 I/ActivityManager( 484): User 0 state changed from RUNNING_UNLOCKING to RUNNING_UNLOCKED
11-05 15:00:11.815 D/SystemServerTiming( 484): SystemUserUnlock took to complete: 1097ms
11-05 15:00:11.817 I/ActivityManager( 484): com.dangbei.lerad.etna.haqu is exempt from freezer
11-05 15:00:11.823 D/CompatibilityChangeReporter( 484): Compat change id reported: 135634846; UID 1000; state: DISABLED
11-05 15:00:11.832 D/XM_HIDREAD( 319): add@ add@/devices/platform/soc@3000000/5200400.ohci1-controller/usb6
11-05 15:00:11.833 D/XM_HIDREAD( 319): add@ add@/devices/platform/soc@3000000/5200400.ohci1-controller/usb6/6-0:1.0
11-05 15:00:11.837 I/usb6 ( 163): New USB device found, idVendor=1d6b, idProduct=0001, bcdDevice= 5.04
11-05 15:00:11.837 I/usb6 ( 163): New USB device strings: Mfr=3, Product=2, SerialNumber=1
11-05 15:00:11.837 I/usb6 ( 163): Product: OHCI Host Controller
11-05 15:00:11.837 I/usb6 ( 163): Manufacturer: Linux 5.4.125+ ohci_hcd
11-05 15:00:11.837 I/usb6 ( 163): SerialNumber: sunxi-ohci
11-05 15:00:11.839 I/hub 6-0 ( 163): 1.0: USB hub found
11-05 15:00:11.839 I/hub 6-0 ( 163): 1.0: 1 port detected
11-05 15:00:11.838 D/XM_HIDREAD( 319): add@ add@/devices/virtual/devlink/regulator.8--5310400.ohci2-controller
11-05 15:00:11.843 I/ActivityManager( 484): Posting BOOT_COMPLETED user #0
11-05 15:00:11.843 W/ ( 163): sunxi ohci2-controller don't init wakeup source
11-05 15:00:11.843 W/[sunxi-ohci2]( 163): probe, pdev->name: 5310400.ohci2-controller, sunxi_ohci: 0xffffffc008f820f8
11-05 15:00:11.844 I/sunxi-ohci 5310400.ohci2-controller( 163): OHCI Host Controller
11-05 15:00:11.844 I/sunxi-ohci 5310400.ohci2-controller( 163): new USB bus registered, assigned bus number 7
11-05 15:00:11.844 E/debugfs ( 163): Directory 'sunxi-ohci' with parent 'ohci' already present!
11-05 15:00:11.854 I/sunxi-ohci 5310400.ohci2-controller( 163): irq 55, io mem 0x05310400
11-05 15:00:11.857 I/AppWidgetServiceImpl( 484): Processing of handleUserUnlocked u0 took 14 ms
11-05 15:00:11.858 D/CompatibilityChangeReporter( 484): Compat change id reported: 168419799; UID 10074; state: DISABLED
11-05 15:00:11.859 D/Zygote ( 242): Forked child process 1073
11-05 15:00:11.868 I/Zygote ( 1073): seccomp disabled by setenforce 0
11-05 15:00:11.878 W/ActivityManager( 484): Slow operation: 62ms so far, now at startProcess: done updating battery stats
11-05 15:00:11.879 D/CompatibilityChangeReporter( 1055): Compat change id reported: 171979766; UID 10074; state: DISABLED
11-05 15:00:11.880 W/ActivityManager( 484): Slow operation: 63ms so far, now at startProcess: building log message
11-05 15:00:11.880 I/ActivityManager( 484): app.processName = com.dangbei.lerad.etna.haqu
11-05 15:00:11.880 I/ActivityManager( 484): Start proc 1073:com.dangbei.lerad.etna.haqu/1000 for added application com.dangbei.lerad.etna.haqu
11-05 15:00:11.880 W/ActivityManager( 484): Slow operation: 64ms so far, now at startProcess: starting to update pids map
11-05 15:00:11.881 W/ActivityManager( 484): Slow operation: 65ms so far, now at startProcess: done updating pids map
11-05 15:00:11.888 D/CompatibilityChangeReporter( 484): Compat change id reported: 135634846; UID 10031; state: DISABLED
11-05 15:00:11.888 D/CompatibilityChangeReporter( 484): Compat change id reported: 177438394; UID 10031; state: DISABLED
11-05 15:00:11.888 D/CompatibilityChangeReporter( 484): Compat change id reported: 135772972; UID 10031; state: DISABLED
11-05 15:00:11.888 D/CompatibilityChangeReporter( 484): Compat change id reported: 135754954; UID 10031; state: ENABLED
11-05 15:00:11.892 D/CompatibilityChangeReporter( 484): Compat change id reported: 143937733; UID 10031; state: ENABLED
11-05 15:00:11.898 I/adbd ( 396): jdwp connection from 1073
11-05 15:00:11.898 D/hdmi-cec( 260): cec physical address: 1.1.0.0
11-05 15:00:11.899 D/hdmi-cec( 260): cec physical address: 1.1.0.0
11-05 15:00:11.900 D/hdmi-cec( 260): cec physical address: 1.1.0.0
11-05 15:00:11.900 D/hdmi-cec( 260): addLogicalAddress (4)
11-05 15:00:11.902 D/hdmi-cec( 260): cec physical address: 1.1.0.0
11-05 15:00:11.904 D/hdmi-cec( 260): cec physical address: 1.1.0.0
11-05 15:00:11.908 D/hdmi-cec( 260): cec physical address: 1.1.0.0
11-05 15:00:11.912 D/hdmi-cec( 260): cec physical address: 1.1.0.0
11-05 15:00:11.914 D/hdmi-cec( 260): cec physical address: 1.1.0.0
11-05 15:00:11.921 I/usb7 ( 163): New USB device found, idVendor=1d6b, idProduct=0001, bcdDevice= 5.04
11-05 15:00:11.921 I/usb7 ( 163): New USB device strings: Mfr=3, Product=2, SerialNumber=1
11-05 15:00:11.921 I/usb7 ( 163): Product: OHCI Host Controller
11-05 15:00:11.921 I/usb7 ( 163): Manufacturer: Linux 5.4.125+ ohci_hcd
11-05 15:00:11.921 I/usb7 ( 163): SerialNumber: sunxi-ohci
11-05 15:00:11.922 I/hub 7-0 ( 163): 1.0: USB hub found
11-05 15:00:11.922 I/hub 7-0 ( 163): 1.0: 1 port detected
11-05 15:00:11.926 W/ ( 163): sunxi ohci3-controller don't init wakeup source
11-05 15:00:11.926 W/[sunxi-ohci3]( 163): probe, pdev->name: 5311400.ohci3-controller, sunxi_ohci: 0xffffffc008f827b8
11-05 15:00:11.917 D/XM_HIDREAD( 319): add@ add@/devices/platform/soc@3000000/5310400.ohci2-controller/usb7
11-05 15:00:11.918 D/XM_HIDREAD( 319): add@ add@/devices/platform/soc@3000000/5310400.ohci2-controller/usb7/7-0:1.0
11-05 15:00:11.924 D/Zygote ( 242): Forked child process 1087
11-05 15:00:11.924 D/XM_HIDREAD( 319): add@ add@/devices/virtual/devlink/regulator.8--5311400.ohci3-controller
11-05 15:00:11.926 I/ActivityManager( 484): app.processName = com.android.traceur
11-05 15:00:11.926 I/ActivityManager( 484): Start proc 1087:com.android.traceur/u0a31 for broadcast {com.android.traceur/com.android.traceur.Receiver}
11-05 15:00:11.927 I/SystemServerTimingAsync( 484): ssm.UnlockedUser-0
11-05 15:00:11.927 I/SystemServiceManager( 484): Calling onUnlockedUser 0
11-05 15:00:11.938 D/FallbackHome( 834): User unlocked and real home found; let's go!
11-05 15:00:11.930 I/sunxi-ohci 5311400.ohci3-controller( 163): OHCI Host Controller
11-05 15:00:11.930 I/sunxi-ohci 5311400.ohci3-controller( 163): new USB bus registered, assigned bus number 8
11-05 15:00:11.930 E/debugfs ( 163): Directory 'sunxi-ohci' with parent 'ohci' already present!
11-05 15:00:11.942 I/LaunchParamsPersister( 484): Didn't find launch param folder for user 0
11-05 15:00:11.943 D/BluetoothOppFileProvider( 670): Initialized
11-05 15:00:11.944 W/ActivityManager( 484): UserLifecycleEvent 6 received without an active userJourneySession.
11-05 15:00:11.949 I/sunxi-ohci 5311400.ohci3-controller( 163): irq 57, io mem 0x05311400
11-05 15:00:11.951 I/Zygote ( 1087): seccomp disabled by setenforce 0
11-05 15:00:11.961 W/Looper ( 484): Slow dispatch took 193ms main h=android.os.Handler c=com.android.server.hdmi.WorkSourceUidPreservingRunnable@47f82c6 m=0
11-05 15:00:11.971 V/BackupManagerService( 484): [UserID:0] No ancestral data
11-05 15:00:11.977 V/BackupManagerConstants( 484): getKeyValueBackupIntervalMilliseconds(...) returns 14400000
11-05 15:00:11.977 V/BackupManagerConstants( 484): getKeyValueBackupFuzzMilliseconds(...) returns 600000
11-05 15:00:11.978 V/BackupManagerConstants( 484): getKeyValueBackupRequiredNetworkType(...) returns 1
11-05 15:00:11.978 V/BackupManagerConstants( 484): getKeyValueBackupRequireCharging(...) returns true
11-05 15:00:11.978 V/KeyValueBackupJob( 484): Scheduling k/v pass in 249 minutes
11-05 15:00:11.983 W/IorapForwardingService( 484): No service published for: iorapd
11-05 15:00:11.999 W/StorageManagerService( 484): Reporting emulated;0 unmounted due to system locked
11-05 15:00:12.004 D/ConnectivityService( 484): requestNetwork for uid/pid:1000/484 activeRequest: null callbackRequest: 22 [NetworkRequest [ REQUEST id=23, [ Capabilities: INTERNET&NOT_RESTRICTED&TRUSTED&NOT_VCN_MANAGED Uid: 1000 RequestorUid: 1000 RequestorPkg: android] ]] callback flags: 0 priority: 2147483647
11-05 15:00:12.008 D/XM_HIDREAD( 319): add@ add@/devices/platform/soc@3000000/5311400.ohci3-controller/usb8
11-05 15:00:12.008 D/XM_HIDREAD( 319): add@ add@/devices/platform/soc@3000000/5311400.ohci3-controller/usb8/8-0:1.0
11-05 15:00:12.012 I/usb8 ( 163): New USB device found, idVendor=1d6b, idProduct=0001, bcdDevice= 5.04
11-05 15:00:12.012 I/usb8 ( 163): New USB device strings: Mfr=3, Product=2, SerialNumber=1
11-05 15:00:12.012 I/usb8 ( 163): Product: OHCI Host Controller
11-05 15:00:12.009 D/ConnectivityService( 484): NetReassign [no changes]
11-05 15:00:12.012 I/usb8 ( 163): Manufacturer: Linux 5.4.125+ ohci_hcd
11-05 15:00:12.012 I/usb8 ( 163): SerialNumber: sunxi-ohci
11-05 15:00:12.014 I/hub 8-0 ( 163): 1.0: USB hub found
11-05 15:00:12.015 I/hub 8-0 ( 163): 1.0: 1 port detected
11-05 15:00:12.013 D/PPPOE ( 484): got request NetworkRequest [ REQUEST id=23, [ Capabilities: INTERNET&NOT_RESTRICTED&TRUSTED&NOT_VCN_MANAGED Uid: 1000 RequestorUid: 1000 RequestorPkg: android] ]
11-05 15:00:12.013 D/Ethernet( 484): got request NetworkRequest [ REQUEST id=23, [ Capabilities: INTERNET&NOT_RESTRICTED&TRUSTED&NOT_VCN_MANAGED Uid: 1000 RequestorUid: 1000 RequestorPkg: android] ]
11-05 15:00:12.014 D/EthernetNetworkFactory( 484): acceptRequest, request: NetworkRequest [ REQUEST id=23, [ Capabilities: INTERNET&NOT_RESTRICTED&TRUSTED&NOT_VCN_MANAGED Uid: 1000 RequestorUid: 1000 RequestorPkg: android] ]
11-05 15:00:12.014 I/EthernetNetworkFactory( 484): networkForRequest, request: NetworkRequest [ REQUEST id=23, [ Capabilities: INTERNET&NOT_RESTRICTED&TRUSTED&NOT_VCN_MANAGED Uid: 1000 RequestorUid: 1000 RequestorPkg: android] ], network: null
11-05 15:00:12.014 I/ActivityStarter( 484): ---START u0 {act=android.intent.action.MAIN cat=[android.intent.category.HOME] flg=0x10000100 cmp=com.dangbei.leard.leradlauncher/com.dangbei.launcher.home.LauncherActivity (has extras)} from uid 0
11-05 15:00:12.015 D/XM_HIDREAD( 319): add@ add@/bus/platform/drivers/sunxi-ohci
11-05 15:00:12.015 D/XM_HIDREAD( 319): add@ add@/module/ohci_sunxi
11-05 15:00:12.024 I/adbd ( 396): jdwp connection from 1087
11-05 15:00:12.027 I/BackupManagerService( 484): isBackupEnabled() => false due to absent settings file
11-05 15:00:12.027 D/BackupManagerService( 484): user:0 readBackupEnableState enabled:false
11-05 15:00:12.027 I/BackupManagerService( 484): [UserID:0] Backup enabled => false
11-05 15:00:12.038 W/NotificationHistory( 484): Attempted to add notif for locked/gone/disabled user 0
11-05 15:00:12.061 D/ ( 163): get det_vbus is fail, -84
11-05 15:00:12.061 D/ ( 163): get id is fail, -84
11-05 15:00:12.059 D/XM_HIDREAD( 319): add@ add@/bus/platform/drivers/otg manager
11-05 15:00:12.059 D/XM_HIDREAD( 319): add@ add@/module/sunxi_usbc
11-05 15:00:12.073 D/CompatibilityChangeReporter( 484): Compat change id reported: 174042980; UID 1000; state: DISABLED
11-05 15:00:12.084 D/ActivityTaskManager( 484): isHomeLauncher info= ActivityInfo{2bcb6bd com.dangbei.launcher.home.LauncherActivity}
11-05 15:00:12.099 I/AW_PowerHAL( 259): Power setMode: SUSTAINED_PERFORMANCE to: 1
11-05 15:00:12.106 D/CompatibilityChangeReporter( 484): Compat change id reported: 168419799; UID 1000; state: DISABLED
11-05 15:00:12.118 V/BackupManagerConstants( 484): getKeyValueBackupIntervalMilliseconds(...) returns 14400000
11-05 15:00:12.118 V/BackupManagerConstants( 484): getKeyValueBackupFuzzMilliseconds(...) returns 600000
11-05 15:00:12.118 V/BackupManagerConstants( 484): getKeyValueBackupRequiredNetworkType(...) returns 1
11-05 15:00:12.118 V/BackupManagerConstants( 484): getKeyValueBackupRequireCharging(...) returns true
11-05 15:00:12.118 V/KeyValueBackupJob( 484): Scheduling k/v pass in 241 minutes
11-05 15:00:12.127 W/AW_PowerHAL( 259): Could not open nsi-bw: No such file or directory
11-05 15:00:12.128 I/AW_PowerHAL( 259): cur-mode:PERFORMANCE
11-05 15:00:12.128 W/Looper ( 484): Slow delivery took 222ms main h=android.app.ActivityThread$H c=android.app.LoadedApk$ReceiverDispatcher$Args$$ExternalSyntheticLambda0@29da87b m=0
11-05 15:00:12.128 V/NotificationAssistants( 484): disabling notification assistant for user 0: ComponentInfo{android.ext.services/android.ext.services.notification.Assistant}
11-05 15:00:12.129 D/NotificationListeners( 484): Removing active service ComponentInfo{android.ext.services/android.ext.services.notification.Assistant}
11-05 15:00:12.129 E/TaskPersister( 484): File error accessing recents directory (directory doesn't exist?).
11-05 15:00:12.131 W/ActivityManager( 484): Slow operation: 62ms so far, now at startProcess: done creating new process record
11-05 15:00:12.131 W/ActivityManager( 484): Slow operation: 62ms so far, now at startProcess: stepping in to startProcess
11-05 15:00:12.134 I/BpBinder( 289): onLastStrongRef automatically unlinking death recipients:
