11-05 15:00:04.774 I/PackageManager( 484): Finished scanning system apps. Time: 553 ms, packageCount: 112 , timePerPackage: 4 , cached: 112
11-05 15:00:04.779 D/CompatibilityChangeReporter( 484): Compat change id reported: 133396946; UID -1; state: DISABLED
11-05 15:00:04.783 I/PackageManager( 484): Finished scanning non-system apps. Time: 9 ms, packageCount: 1 , timePerPackage: 9 , cached: 1
11-05 15:00:04.785 W/PackageManager( 484): There should probably be exactly one storage manager; found 2: matches=[ResolveInfo{4d7af6f com.android.storagemanager/.deletionhelper.DeletionHelperActivity m=0x108000}, ResolveInfo{623b47c com.android.tv.settings/.device.StorageResetActivity m=0x108000}]
11-05 15:00:04.785 E/PackageManager( 484): There should probably be exactly one setup wizard; found 2: matches=[ResolveInfo{219d105 com.dangbei.hqguide/.main.MainActivity p=1000 m=0x108000}, ResolveInfo{18bb55a com.softwinner.provision/.DefaultActivity p=1 m=0x108000}]
11-05 15:00:04.800 I/PackageManager( 484): Time to scan packages: 0.579 seconds
11-05 15:00:04.836 I/PackageManager( 484): Permission ownership changed. Updating all permissions.
11-05 15:00:04.871 I/update_engine( 390): [INFO:cleanup_previous_update_action.cc(112)] Executing task 3
11-05 15:00:04.875 I/update_engine( 390): [INFO:cleanup_previous_update_action.cc(124)] CleanupPreviousUpdateAction scheduled task ID 4 for WaitBootCompleted
11-05 15:00:04.888 V/PackageManager( 484): reconcileAppsData for null u0 0x3 migrateAppData=true
11-05 15:00:04.918 I/SELinux ( 355): SELinux: Loaded file_contexts
11-05 15:00:05.029 D/XiriService( 313): check file name: /data/data/android/lib
11-05 15:00:05.029 D/XiriService( 313): check file name: /data/data/android/lib
11-05 15:00:05.024 I/xiriservice_All( 313): type=1400 audit(0.0:315): avc: denied { search } for name="android" dev="mmcblk0p25" ino=507 scontext=u:r:init:s0 tcontext=u:object_r:system_app_data_file:s0 tclass=dir permissive=1
11-05 15:00:05.030 D/XiriService( 313): check file name: /data/data/android/lib
11-05 15:00:05.030 D/XiriService( 313): check file name: /data/data/android/lib
11-05 15:00:05.028 I/xiriservice_All( 313): type=1400 audit(0.0:316): avc: denied { read } for name="lib" dev="mmcblk0p25" ino=10030 scontext=u:r:init:s0 tcontext=u:object_r:system_app_data_file:s0 tclass=lnk_file permissive=1
11-05 15:00:05.035 D/XiriService( 313): check file name: /data/data/android/lib
11-05 15:00:05.035 D/XiriService( 313): check file name: /data/data/android/lib
11-05 15:00:05.035 D/XiriService( 313): check file name: /data/data/android/lib
11-05 15:00:05.035 D/XiriService( 313): check file name: /data/data/android/lib
11-05 15:00:05.036 D/XiriService( 313): check file name: /data/data/com.android.providers.settings/lib
11-05 15:00:05.036 D/XiriService( 313): check file name: /data/data/com.android.providers.settings/lib
11-05 15:00:05.036 D/XiriService( 313): check file name: /data/data/com.android.providers.settings/lib
11-05 15:00:05.036 D/XiriService( 313): check file name: /data/data/com.android.providers.settings/lib
11-05 15:00:05.048 D/XiriService( 313): check file name: /data/data/com.android.providers.settings/lib
11-05 15:00:05.049 D/XiriService( 313): check file name: /data/data/com.android.providers.settings/lib
11-05 15:00:05.049 D/XiriService( 313): check file name: /data/data/com.android.providers.settings/lib
11-05 15:00:05.049 D/XiriService( 313): check file name: /data/data/com.android.providers.settings/lib
11-05 15:00:05.050 D/XiriService( 313): check file name: /data/data/com.android.inputdevices/lib
11-05 15:00:05.050 D/XiriService( 313): check file name: /data/data/com.android.inputdevices/lib
11-05 15:00:05.050 D/XiriService( 313): check file name: /data/data/com.android.inputdevices/lib
11-05 15:00:05.050 D/XiriService( 313): check file name: /data/data/com.android.inputdevices/lib
11-05 15:00:05.055 D/XiriService( 313): check file name: /data/data/com.android.inputdevices/lib
11-05 15:00:05.055 D/XiriService( 313): check file name: /data/data/com.android.inputdevices/lib
11-05 15:00:05.056 D/XiriService( 313): check file name: /data/data/com.android.inputdevices/lib
11-05 15:00:05.056 D/XiriService( 313): check file name: /data/data/com.android.inputdevices/lib
11-05 15:00:05.062 D/XiriService( 313): check file name: /data/data/android.ext.services/lib
11-05 15:00:05.062 D/XiriService( 313): check file name: /data/data/android.ext.services/lib
11-05 15:00:05.060 I/xiriservice_All( 313): type=1400 audit(0.0:317): avc: denied { search } for name="android.ext.services" dev="mmcblk0p25" ino=439 scontext=u:r:init:s0 tcontext=u:object_r:app_data_file:s0:c512,c768 tclass=dir permissive=1
11-05 15:00:05.062 D/XiriService( 313): check file name: /data/data/android.ext.services/lib
11-05 15:00:05.063 D/XiriService( 313): check file name: /data/data/android.ext.services/lib
11-05 15:00:05.060 I/xiriservice_All( 313): type=1400 audit(0.0:318): avc: denied { read } for name="lib" dev="mmcblk0p25" ino=10036 scontext=u:r:init:s0 tcontext=u:object_r:app_data_file:s0:c512,c768 tclass=lnk_file permissive=1
11-05 15:00:05.068 D/XiriService( 313): check file name: /data/data/android.ext.services/lib
11-05 15:00:05.068 D/XiriService( 313): check file name: /data/data/android.ext.services/lib
11-05 15:00:05.070 D/XiriService( 313): check file name: /data/data/android.ext.services/lib
11-05 15:00:05.088 D/XiriService( 313): check file name: /data/data/com.android.location.fused/lib
11-05 15:00:05.089 D/XiriService( 313): check file name: /data/data/com.android.location.fused/lib
11-05 15:00:05.089 D/XiriService( 313): check file name: /data/data/com.android.location.fused/lib
11-05 15:00:05.089 D/XiriService( 313): check file name: /data/data/com.android.location.fused/lib
11-05 15:00:05.094 D/XiriService( 313): check file name: /data/data/com.android.location.fused/lib
11-05 15:00:05.094 D/XiriService( 313): check file name: /data/data/com.android.location.fused/lib
11-05 15:00:05.095 D/XiriService( 313): check file name: /data/data/com.android.location.fused/lib
11-05 15:00:05.095 D/XiriService( 313): check file name: /data/data/com.android.location.fused/lib
11-05 15:00:05.113 V/PackageManager( 484): reconcileAppsData finished 14 packages
11-05 15:00:05.114 I/PackageManagerTiming( 484): write settings
11-05 15:00:05.114 I/SystemServerTimingAsync( 484): InitThreadPoolExec:prepareAppData
11-05 15:00:05.114 D/SystemServerInitThreadPool( 484): Started executing prepareAppData
11-05 15:00:05.114 E/cutils-trace( 355): Error opening trace file: No such file or directory (2)
11-05 15:00:05.117 W/installd( 355): Ignoring /data/data/android/lib with unexpected GID 0 instead of 1000
11-05 15:00:05.117 W/installd( 355): Ignoring /data/data/com.android.providers.settings/lib with unexpected GID 0 instead of 1000
11-05 15:00:05.118 W/installd( 355): Ignoring /data/data/com.android.inputdevices/lib with unexpected GID 0 instead of 1000
11-05 15:00:05.118 W/installd( 355): Ignoring /data/data/android.ext.services/lib with unexpected GID 0 instead of 10075
11-05 15:00:05.119 W/installd( 355): Ignoring /data/data/com.android.location.fused/lib with unexpected GID 0 instead of 1000
11-05 15:00:05.120 W/installd( 355): Ignoring /data/data/com.android.cts.priv.ctsshim/lib with unexpected GID 0 instead of 10023
11-05 15:00:05.121 W/installd( 355): Ignoring /data/data/com.android.dynsystem/lib with unexpected GID 0 instead of 1000
11-05 15:00:05.121 W/installd( 355): Ignoring /data/data/com.dangbei.lerad.rocky/lib with unexpected GID 0 instead of 1000
11-05 15:00:05.123 W/installd( 355): Ignoring /data/data/com.android.tv.settings/lib with unexpected GID 0 instead of 1000
11-05 15:00:05.124 W/installd( 355): Ignoring /data/data/com.oranth.factory/lib with unexpected GID 0 instead of 1000
11-05 15:00:05.126 W/installd( 355): Ignoring /data/data/com.dangbei.zhushou.os/lib with unexpected GID 0 instead of 1000
11-05 15:00:05.129 W/installd( 355): Ignoring /data/data/com.sohu.inputmethod.sogou.tv/lib with unexpected GID 0 instead of 10052
11-05 15:00:05.135 W/installd( 355): Ignoring /data/data/com.oranth.ledstatus/lib with unexpected GID 0 instead of 1000
11-05 15:00:05.137 W/installd( 355): Ignoring /data/data/com.dangbei.lerad.videoposter/lib with unexpected GID 0 instead of 10042
11-05 15:00:05.139 W/installd( 355): Ignoring /data/data/com.android.networkstack/lib with unexpected GID 0 instead of 1073
11-05 15:00:05.147 W/installd( 355): Ignoring /data/data/com.dangbei.screencast/lib with unexpected GID 0 instead of 10024
11-05 15:00:05.150 W/installd( 355): Ignoring /data/data/com.dangbei.leard.leradlauncher/lib with unexpected GID 0 instead of 1000
11-05 15:00:05.152 W/installd( 355): Ignoring /data/data/com.android.printspooler/lib with unexpected GID 0 instead of 10037
11-05 15:00:05.154 W/installd( 355): Ignoring /data/data/com.android.webview/lib with unexpected GID 0 instead of 10060
11-05 15:00:05.155 W/installd( 355): Ignoring /data/data/com.android.bips/lib with unexpected GID 0 instead of 10022
11-05 15:00:05.156 W/installd( 355): Ignoring /data/data/com.oranth.inputmacsn/lib with unexpected GID 0 instead of 1000
11-05 15:00:05.158 W/installd( 355): Ignoring /data/data/com.android.keychain/lib with unexpected GID 0 instead of 1000
11-05 15:00:05.159 I/SELinux ( 484): SELinux: Loaded file_contexts
11-05 15:00:05.160 W/installd( 355): Ignoring /data/data/com.android.localtransport/lib with unexpected GID 0 instead of 1000
11-05 15:00:05.161 W/installd( 355): Ignoring /data/data/com.android.packageinstaller/lib with unexpected GID 0 instead of 1000
11-05 15:00:05.162 W/installd( 355): Ignoring /data/data/com.oranth.usbopenft/lib with unexpected GID 0 instead of 1000
11-05 15:00:05.163 W/installd( 355): Ignoring /data/data/com.android.networkstack.tethering/lib with unexpected GID 0 instead of 1073
11-05 15:00:05.166 W/installd( 355): Ignoring /data/data/com.dangbei.lerad.etna.haqu/lib with unexpected GID 0 instead of 1000
11-05 15:00:05.173 W/installd( 355): Ignoring /data/data/com.oranth.powerwindow/lib with unexpected GID 0 instead of 1000
11-05 15:00:05.176 W/installd( 355): Ignoring /data/data/com.android.networkstack.permissionconfig/lib with unexpected GID 0 instead of 1073
11-05 15:00:05.178 W/installd( 355): Ignoring /data/data/com.dangbei.lerad.screensaver/lib with unexpected GID 0 instead of 10048
11-05 15:00:05.181 W/installd( 355): Ignoring /data/data/com.android.wallpaperbackup/lib with unexpected GID 0 instead of 1000
11-05 15:00:05.182 W/PackageManager( 484): There should probably be a verifier, but, none were found
11-05 15:00:05.183 W/PackageManager( 484): Domain verification agent not found
11-05 15:00:05.184 W/installd( 355): Ignoring /data/data/com.android.providers.media.module/lib with unexpected GID 0 instead of 10074
11-05 15:00:05.188 W/installd( 355): Ignoring /data/data/com.oranth.storage/lib with unexpected GID 0 instead of 1000
11-05 15:00:05.190 W/installd( 355): Ignoring /data/data/com.dangbei.haqusetting/lib with unexpected GID 0 instead of 1000
11-05 15:00:05.190 D/PackageManager( 484): Ephemeral resolver NOT found; no matching intent filters
11-05 15:00:05.191 D/PackageManager( 484): Instant App installer not found with android.intent.action.INSTALL_INSTANT_APP_PACKAGE
11-05 15:00:05.191 D/PackageManager( 484): Clear ephemeral installer activity
11-05 15:00:05.192 W/installd( 355): Ignoring /data/data/com.softwinner.miracastReceiver/lib with unexpected GID 0 instead of 1000
11-05 15:00:05.193 W/installd( 355): Ignoring /data/data/com.android.bluetooth/lib with unexpected GID 0 instead of 1002
11-05 15:00:05.197 W/installd( 355): Ignoring /data/data/com.dangbei.hqmedia/lib with unexpected GID 0 instead of 10076
11-05 15:00:05.201 I/PackageManagerTiming( 484): GC
11-05 15:00:05.201 I/PackageManager( 484): Fix for b/169414761 is applied
11-05 15:00:05.205 W/installd( 355): Ignoring /data/user_de/0/android/lib with unexpected GID 0 instead of 1000
11-05 15:00:05.206 W/installd( 355): Ignoring /data/user_de/0/com.android.providers.settings/lib with unexpected GID 0 instead of 1000
11-05 15:00:05.206 W/installd( 355): Ignoring /data/user_de/0/com.android.inputdevices/lib with unexpected GID 0 instead of 1000
11-05 15:00:05.208 W/installd( 355): Ignoring /data/user_de/0/com.android.location.fused/lib with unexpected GID 0 instead of 1000
11-05 15:00:05.212 W/installd( 355): Ignoring /data/user_de/0/com.android.tv.settings/lib with unexpected GID 0 instead of 1000
11-05 15:00:05.216 W/installd( 355): Ignoring /data/user_de/0/com.sohu.inputmethod.sogou.tv/lib with unexpected GID 0 instead of 10052
11-05 15:00:05.224 W/installd( 355): Ignoring /data/user_de/0/com.android.networkstack/lib with unexpected GID 0 instead of 1073
11-05 15:00:05.249 W/installd( 355): Ignoring /data/user_de/0/com.android.packageinstaller/lib with unexpected GID 0 instead of 1000
11-05 15:00:05.249 V/UserManagerService( 484): Checking that all system packages are whitelisted.
11-05 15:00:05.259 W/installd( 355): Ignoring /data/user_de/0/com.android.networkstack.tethering/lib with unexpected GID 0 instead of 1073
11-05 15:00:05.260 W/UserManagerService( 484): checkWhitelistedSystemPackages(mode=ENFORCE|IMPLICIT_WHITELIST|IMPLICIT_WHITELIST_SYSTEM) has 55 warnings:
11-05 15:00:05.260 W/UserManagerService( 484): com.android.internal.display.cutout.emulation.corner is allowlisted but not present.
11-05 15:00:05.260 W/UserManagerService( 484): com.android.internal.display.cutout.emulation.double is allowlisted but not present.
11-05 15:00:05.260 W/UserManagerService( 484): com.android.theme.color.amethyst is allowlisted but not present.
11-05 15:00:05.260 W/UserManagerService( 484): com.android.theme.icon.pebble is allowlisted but not present.
11-05 15:00:05.260 W/UserManagerService( 484): com.android.theme.color.sand is allowlisted but not present.
11-05 15:00:05.260 W/UserManagerService( 484): com.android.theme.icon.vessel is allowlisted but not present.
11-05 15:00:05.260 W/UserManagerService( 484): com.android.theme.color.cinnamon is allowlisted but not present.
11-05 15:00:05.260 W/UserManagerService( 484): com.android.theme.icon_pack.victor.settings is allowlisted but not present.
11-05 15:00:05.260 W/UserManagerService( 484): com.android.theme.icon_pack.rounded.systemui is allowlisted but not present.
11-05 15:00:05.260 W/UserManagerService( 484): com.android.theme.icon.taperedrect is allowlisted but not present.
11-05 15:00:05.260 W/UserManagerService( 484): com.android.theme.icon_pack.rounded.android is allowlisted but not present.
11-05 15:00:05.260 W/UserManagerService( 484): com.android.theme.icon_pack.victor.systemui is allowlisted but not present.
11-05 15:00:05.260 W/UserManagerService( 484): com.android.theme.icon_pack.circular.themepicker is allowlisted but not present.
11-05 15:00:05.260 W/UserManagerService( 484): com.android.theme.color.tangerine is allowlisted but not present.
11-05 15:00:05.260 W/UserManagerService( 484): com.android.theme.color.aquamarine is allowlisted but not present.
11-05 15:00:05.260 W/UserManagerService( 484): com.android.internal.display.cutout.emulation.hole is allowlisted but not present.
11-05 15:00:05.260 W/UserManagerService( 484): com.android.internal.display.cutout.emulation.tall is allowlisted but not present.
11-05 15:00:05.260 W/UserManagerService( 484): com.android.theme.color.black is allowlisted but not present.
11-05 15:00:05.260 W/UserManagerService( 484): com.android.theme.color.green is allowlisted but not present.
11-05 15:00:05.260 W/UserManagerService( 484): com.android.theme.color.ocean is allowlisted but not present.
11-05 15:00:05.260 W/UserManagerService( 484): com.android.theme.color.space is allowlisted but not present.
11-05 15:00:05.260 W/UserManagerService( 484): com.android.theme.icon_pack.rounded.launcher is allowlisted but not present.
11-05 15:00:05.260 W/UserManagerService( 484): com.android.theme.icon_pack.kai.settings is allowlisted but not present.
11-05 15:00:05.260 W/UserManagerService( 484): com.android.internal.systemui.navbar.twobutton is allowlisted but not present.
11-05 15:00:05.260 W/UserManagerService( 484): com.android.theme.icon_pack.sam.settings is allowlisted but not present.
11-05 15:00:05.260 W/UserManagerService( 484): com.android.theme.icon_pack.kai.themepicker is allowlisted but not present.
11-05 15:00:05.260 W/UserManagerService( 484): com.android.theme.icon_pack.victor.launcher is allowlisted but not present.
11-05 15:00:05.260 W/UserManagerService( 484): com.android.theme.icon_pack.filled.settings is allowlisted but not present.
11-05 15:00:05.260 W/UserManagerService( 484): com.android.theme.icon_pack.kai.systemui is allowlisted but not present.
11-05 15:00:05.260 W/UserManagerService( 484): com.android.theme.icon_pack.circular.settings is allowlisted but not present.
11-05 15:00:05.260 W/UserManagerService( 484): com.android.theme.icon_pack.sam.systemui is allowlisted but not present.
11-05 15:00:05.260 W/UserManagerService( 484): com.android.theme.icon.teardrop is allowlisted but not present.
11-05 15:00:05.260 W/UserManagerService( 484): com.android.theme.icon_pack.rounded.themepicker is allowlisted but not present.
11-05 15:00:05.260 W/UserManagerService( 484): com.android.theme.icon_pack.filled.systemui is allowlisted but not present.
11-05 15:00:05.260 W/UserManagerService( 484): com.android.theme.icon_pack.sam.android is allowlisted but not present.
11-05 15:00:05.260 W/UserManagerService( 484): com.android.theme.icon_pack.filled.android is allowlisted but not present.
11-05 15:00:05.260 W/UserManagerService( 484): com.android.internal.display.cutout.emulation.waterfall is allowlisted but not present.
11-05 15:00:05.260 W/UserManagerService( 484): com.android.theme.icon_pack.circular.systemui is allowlisted but not present.
11-05 15:00:05.260 W/UserManagerService( 484): com.android.theme.icon_pack.kai.android is allowlisted but not present.
11-05 15:00:05.260 W/UserManagerService( 484): com.android.theme.icon_pack.kai.launcher is allowlisted but not present.
11-05 15:00:05.260 W/UserManagerService( 484): com.android.theme.icon_pack.sam.launcher is allowlisted but not present.
11-05 15:00:05.260 W/UserManagerService( 484): com.android.theme.icon.squircle is allowlisted but not present.
11-05 15:00:05.260 W/UserManagerService( 484): com.android.theme.icon_pack.victor.android is allowlisted but not present.
11-05 15:00:05.260 W/UserManagerService( 484): com.android.theme.color.palette is allowlisted but not present.
11-05 15:00:05.260 W/UserManagerService( 484): com.android.theme.icon_pack.filled.launcher is allowlisted but not present.
11-05 15:00:05.260 W/UserManagerService( 484): com.android.theme.color.carbon is allowlisted but not present.
11-05 15:00:05.260 W/UserManagerService( 484): com.android.theme.icon_pack.circular.launcher is allowlisted but not present.
11-05 15:00:05.260 W/UserManagerService( 484): com.android.theme.icon_pack.filled.themepicker is allowlisted but not present.
11-05 15:00:05.260 W/UserManagerService( 484): com.android.theme.icon_pack.victor.themepicker is allowlisted but not present.
11-05 15:00:05.260 W/UserManagerService( 484): com.android.theme.color.orchid is allowlisted but not present.
11-05 15:00:05.261 W/UserManagerService( 484): com.android.theme.color.purple is allowlisted but not present.
11-05 15:00:05.261 W/UserManagerService( 484): com.android.theme.icon_pack.sam.themepicker is allowlisted but not present.
11-05 15:00:05.261 W/UserManagerService( 484): com.android.theme.icon.roundedrect is allowlisted but not present.
11-05 15:00:05.261 W/UserManagerService( 484): com.android.theme.icon_pack.rounded.settings is allowlisted but not present.
11-05 15:00:05.261 W/UserManagerService( 484): com.android.theme.icon_pack.circular.android is allowlisted but not present.
11-05 15:00:05.263 I/Watchdog( 484): Resuming HandlerChecker: main thread for reason: packagemanagermain. Pause count: 0
11-05 15:00:05.263 I/SystemServerDexLoadReporter( 484): Configuring system server dex reporter
11-05 15:00:05.273 W/installd( 355): Ignoring /data/user_de/0/com.android.bluetooth/lib with unexpected GID 0 instead of 1002
11-05 15:00:05.277 I/SystemServerTiming( 484): StartOtaDexOptService
11-05 15:00:05.277 I/Watchdog( 484): Pausing HandlerChecker: main thread for reason: moveab. Pause count: 1
11-05 15:00:05.279 D/OTADexopt( 484): No upgrade, skipping A/B artifacts check.
11-05 15:00:05.279 I/Watchdog( 484): Resuming HandlerChecker: main thread for reason: moveab. Pause count: 0
11-05 15:00:05.279 I/SystemServerTiming( 484): StartUserManagerService
11-05 15:00:05.279 I/SystemServiceManager( 484): Starting com.android.server.pm.UserManagerService$LifeCycle
11-05 15:00:05.281 I/SystemServerTiming( 484): InitAttributerCache
11-05 15:00:05.282 I/SystemServerTiming( 484): SetSystemProcess
11-05 15:00:05.287 V/HistoricalRegistry( 484): Interaction before persistence initialized
11-05 15:00:05.290 I/audioserver( 266): Waiting for sensor privacy service
11-05 15:00:05.291 V/HistoricalRegistry( 484): Interaction before persistence initialized
11-05 15:00:05.296 I/ServiceManager( 362): Waiting for service 'package_native' on '/dev/binder' successful after waiting 4158ms
11-05 15:00:05.297 I/cameraserver( 343): Waiting for sensor privacy service
11-05 15:00:05.303 I/ActivityManager( 484): Connection with lmkd established
11-05 15:00:05.303 I/lowmemorykiller( 178): lmkd data connection established
11-05 15:00:05.307 I/SystemServerTiming( 484): InitWatchdog
11-05 15:00:05.308 I/SystemServerTiming( 484): StartOverlayManagerService
11-05 15:00:05.317 I/storaged( 362): storaged: Start
11-05 15:00:05.329 I/init ( 1): Control message: Processed ctl.start for 'idmap2d' from pid: 484 (system_server)
11-05 15:00:05.326 E/cutils-trace( 353): Error opening trace file: No such file or directory (2)
11-05 15:00:05.334 I/ServiceManager( 359): Waiting for service 'package_native' on '/dev/binder' successful after waiting 4134ms
11-05 15:00:05.335 W/AudioAnalytics( 359): (key=audio.flinger) Audioflinger constructor event detected
11-05 15:00:05.376 W/idmap2d ( 353): active ffro iterator was not previously released
11-05 15:00:05.395 I/SystemServerTiming( 484): StartSensorPrivacyService
11-05 15:00:05.403 I/SystemServerTiming( 484): StartSensorService
11-05 15:00:05.403 I/SystemServiceManager( 484): Starting com.android.server.sensors.SensorService
11-05 15:00:05.404 I/SystemServerTiming( 484): startCoreServices
11-05 15:00:05.404 I/SystemServerTiming( 484): StartSystemConfigService
11-05 15:00:05.404 I/SystemServiceManager( 484): Starting com.android.server.SystemConfigService
11-05 15:00:05.406 I/SystemServerTiming( 484): StartBatteryService
11-05 15:00:05.407 I/SystemServiceManager( 484): Starting com.android.server.BatteryService
11-05 15:00:05.409 I/SystemServerTimingAsync( 484): InitThreadPoolExec:StartNativeSensorService
11-05 15:00:05.409 D/SystemServerInitThreadPool( 484): Started executing StartNativeSensorService
11-05 15:00:05.409 I/SystemServerTimingAsync( 484): StartNativeSensorService
11-05 15:00:05.409 D/SensorService( 484): nuSensorService starting...
11-05 15:00:05.410 I/hwservicemanager( 180): getTransport: Cannot find entry android.hardware.sensors@2.1::ISensors/default in either framework or device VINTF manifest.
11-05 15:00:05.411 I/hwservicemanager( 180): getTransport: Cannot find entry android.hardware.sensors@2.0::ISensors/default in either framework or device VINTF manifest.
11-05 15:00:05.411 I/hwservicemanager( 180): getTransport: Cannot find entry android.hardware.sensors@1.0::ISensors/default in either framework or device VINTF manifest.
11-05 15:00:05.414 D/SystemServerInitThreadPool( 484): Finished executing StartNativeSensorService
11-05 15:00:05.420 I/android_os_HwBinder( 484): HwBinder: Starting thread pool for getting: android.hardware.health@2.0::IHealth/default
11-05 15:00:05.424 I/HidlServiceManagement( 343): Registered android.frameworks.cameraservice.service@2.2::ICameraService/default
11-05 15:00:05.425 I/CameraService( 343): CameraService pinged cameraservice proxy
11-05 15:00:05.427 I/cameraserver( 343): ServiceManager: 0xeae9e960 done instantiate
11-05 15:00:05.434 W/healthd ( 257): battery none chg=
11-05 15:00:05.435 I/android_os_HwBinder( 484): HwBinder: Starting thread pool for getting: android.hidl.manager@1.0::IServiceManager/default
11-05 15:00:05.439 I/HealthServiceWrapper( 484): health: HealthServiceWrapper listening to instance default
11-05 15:00:05.439 I/BatteryService( 484): health: Waited 0ms and received the update.
11-05 15:00:05.441 I/SystemServerTiming( 484): StartUsageService
11-05 15:00:05.442 I/SystemServiceManager( 484): Starting com.android.server.usage.UsageStatsService
11-05 15:00:05.443 I/android_os_HwBinder( 484): HwBinder: Starting thread pool for getting: android.hardware.health@2.0::IHealth/default
11-05 15:00:05.453 I/SystemServerTiming( 484): StartWebViewUpdateService
11-05 15:00:05.453 I/SystemServiceManager( 484): Starting com.android.server.webkit.WebViewUpdateService
11-05 15:00:05.456 I/SystemServerTiming( 484): StartCachedDeviceStateService
11-05 15:00:05.457 I/SystemServiceManager( 484): Starting com.android.server.CachedDeviceStateService
11-05 15:00:05.457 I/SystemServerTiming( 484): StartBinderCallsStatsService
11-05 15:00:05.457 I/SystemServiceManager( 484): Starting com.android.server.BinderCallsStatsService$LifeCycle
11-05 15:00:05.460 I/SystemServerTiming( 484): StartLooperStatsService
11-05 15:00:05.460 I/SystemServiceManager( 484): Starting com.android.server.LooperStatsService$Lifecycle
11-05 15:00:05.461 I/SystemServerTiming( 484): StartRollbackManagerService
11-05 15:00:05.462 I/SystemServiceManager( 484): Starting com.android.server.rollback.RollbackManagerService
11-05 15:00:05.464 D/installd( 355): Found quota mount /dev/block/by-name/userdata at /data
11-05 15:00:05.464 D/installd( 355): Found quota mount /dev/block/by-name/userdata at /data/user/0
11-05 15:00:05.468 I/PackageWatchdog( 484): Syncing state, reason: added new observer
11-05 15:00:05.468 I/PackageWatchdog( 484): Not pruning observers, elapsed time: 0ms
11-05 15:00:05.468 I/PackageWatchdog( 484): Cancelling state sync, nothing to sync
11-05 15:00:05.468 I/PackageWatchdog( 484): Saving observer state to file
11-05 15:00:05.472 I/SystemServerTiming( 484): StartNativeTombstoneManagerService
11-05 15:00:05.472 I/SystemServiceManager( 484): Starting com.android.server.os.NativeTombstoneManagerService
11-05 15:00:05.476 I/SystemServerTiming( 484): StartBugreportManagerService
11-05 15:00:05.476 I/SystemServiceManager( 484): Starting com.android.server.os.BugreportManagerService
11-05 15:00:05.478 I/SystemServerTiming( 484): GpuService
11-05 15:00:05.478 I/SystemServiceManager( 484): Starting com.android.server.gpu.GpuService
11-05 15:00:05.478 I/SystemServerTiming( 484): startOtherServices
11-05 15:00:05.479 I/SystemServerTiming( 484): StartKeyAttestationApplicationIdProviderService
11-05 15:00:05.479 I/SystemServerTimingAsync( 484): InitThreadPoolExec:SecondaryZygotePreload
11-05 15:00:05.479 D/SystemServerInitThreadPool( 484): Started executing SecondaryZygotePreload
11-05 15:00:05.480 I/SystemServer( 484): SecondaryZygotePreload
11-05 15:00:05.480 I/SystemServerTimingAsync( 484): SecondaryZygotePreload
11-05 15:00:05.482 I/SystemServerTiming( 484): StartKeyChainSystemService
11-05 15:00:05.482 I/Zygote ( 242): Lazily preloading resources.
11-05 15:00:05.482 I/SystemServiceManager( 484): Starting com.android.server.security.KeyChainSystemService
11-05 15:00:05.482 D/Zygote ( 242): begin preload
11-05 15:00:05.482 I/Zygote ( 242): Calling ZygoteHooks.beginPreload()
11-05 15:00:05.483 I/SystemServerTiming( 484): StartSchedulingPolicyService
11-05 15:00:05.484 I/SystemServerTiming( 484): StartTelecomLoaderService
11-05 15:00:05.484 I/SystemServiceManager( 484): Starting com.android.server.telecom.TelecomLoaderService
11-05 15:00:05.485 I/SystemServerTimingAsync( 484): InitThreadPoolExec:SchedulingPolicyService.
11-05 15:00:05.485 D/SystemServerInitThreadPool( 484): Started executing SchedulingPolicyService.
11-05 15:00:05.486 I/SystemServerTiming( 484): StartTelephonyRegistry
11-05 15:00:05.491 I/SystemServerTiming( 484): StartEntropyMixer
11-05 15:00:05.492 I/EventThread( 260): type=1400 audit(0.0:319): avc: denied { search } for name="extcon" dev="sysfs" ino=18103 scontext=u:r:hal_tv_cec_default:s0 tcontext=u:object_r:sysfs_extcon:s0 tclass=dir permissive=1
11-05 15:00:05.521 I/EntropyMixer( 484): Writing entropy...
11-05 15:00:05.524 I/SystemServerTiming( 484): StartAccountManagerService
11-05 15:00:05.525 I/SystemServiceManager( 484): Starting com.android.server.accounts.AccountManagerService$Lifecycle
11-05 15:00:05.534 D/CompatibilityChangeReporter( 484): Compat change id reported: 148180766; UID 1000; state: ENABLED
11-05 15:00:05.539 I/SchedulingPolicyService( 484): Moving 388 back to group default
11-05 15:00:05.540 D/SystemServerInitThreadPool( 484): Finished executing SchedulingPolicyService.
11-05 15:00:05.541 I/SystemServerTiming( 484): StartContentService
11-05 15:00:05.541 I/SystemServiceManager( 484): Starting com.android.server.content.ContentService$Lifecycle
11-05 15:00:05.543 I/SystemServerTiming( 484): InstallSystemProviders
11-05 15:00:05.572 I/system_server( 484): Waiting for a blocking GC ClassLinker
11-05 15:00:05.621 D/Sunxi_PQ( 293): has no clients connectted, close the socket.
11-05 15:00:05.630 I/Zygote ( 242): Preloading classes...
11-05 15:00:05.640 I/system_server( 484): Background concurrent copying GC freed 102255(4446KB) AllocSpace objects, 20(544KB) LOS objects, 49% free, 6687KB/13MB, paused 210us total 438.362ms
11-05 15:00:05.640 I/system_server( 484): WaitForGcToComplete blocked ClassLinker on Background for 68.266ms
11-05 15:00:05.666 I/gralloc ( 255): alloc buffer:W:1920 H:1080 S:1920 PL[1920 1080] SZ:8294400 fmt:43 if:0 af:43 usg:20000b00 fg:00000004
11-05 15:00:05.701 W/SettingsState( 484): No settings state /data/system/users/0/settings_config.xml
11-05 15:00:05.705 I/SettingsState( 484): directory info for directory/file /data/system/users/0/settings_config.xml with stacktrace
11-05 15:00:05.705 I/SettingsState( 484): java.lang.Exception
11-05 15:00:05.705 I/SettingsState( 484): at com.android.providers.settings.SettingsState.logSettingsDirectoryInformation(SettingsState.java:877)
11-05 15:00:05.705 I/SettingsState( 484): at com.android.providers.settings.SettingsState.readStateSyncLocked(SettingsState.java:1008)
11-05 15:00:05.705 I/SettingsState( 484): at com.android.providers.settings.SettingsState.(SettingsState.java:283)
11-05 15:00:05.705 I/SettingsState( 484): at com.android.providers.settings.SettingsProvider$SettingsRegistry.ensureSettingsStateLocked(SettingsProvider.java:2884)
11-05 15:00:05.705 I/SettingsState( 484): at com.android.providers.settings.SettingsProvider$SettingsRegistry.ensureSettingsForUserLocked(SettingsProvider.java:2849)
11-05 15:00:05.705 I/SettingsState( 484): at com.android.providers.settings.SettingsProvider$SettingsRegistry.peekSettingsStateLocked(SettingsProvider.java:3201)
11-05 15:00:05.705 I/SettingsState( 484): at com.android.providers.settings.SettingsProvider$SettingsRegistry.getSettingsNamesLocked(SettingsProvider.java:2814)
11-05 15:00:05.705 I/SettingsState( 484): at com.android.providers.settings.SettingsProvider$SettingsRegistry.syncSsaidTableOnStartLocked(SettingsProvider.java:2797)
11-05 15:00:05.705 I/SettingsState( 484): at com.android.providers.settings.SettingsProvider$SettingsRegistry.access$100(SettingsProvider.java:2667)
11-05 15:00:05.705 I/SettingsState( 484): at com.android.providers.settings.SettingsProvider.onCreate(SettingsProvider.java:397)
11-05 15:00:05.705 I/SettingsState( 484): at android.content.ContentProvider.attachInfo(ContentProvider.java:2404)
11-05 15:00:05.705 I/SettingsState( 484): at android.content.ContentProvider.attachInfo(ContentProvider.java:2374)
11-05 15:00:05.705 I/SettingsState( 484): at android.app.ActivityThread.installProvider(ActivityThread.java:7437)
11-05 15:00:05.705 I/SettingsState( 484): at android.app.ActivityThread.installContentProviders(ActivityThread.java:6954)
11-05 15:00:05.705 I/SettingsState( 484): at android.app.ActivityThread.installSystemProviders(ActivityThread.java:7624)
11-05 15:00:05.705 I/SettingsState( 484): at com.android.server.am.ContentProviderHelper.installSystemProviders(ContentProviderHelper.java:1247)
11-05 15:00:05.705 I/SettingsState( 484): at com.android.server.SystemServer.startOtherServices(SystemServer.java:1507)
11-05 15:00:05.705 I/SettingsState( 484): at com.android.server.SystemServer.run(SystemServer.java:928)
11-05 15:00:05.705 I/SettingsState( 484): at com.android.server.SystemServer.main(SystemServer.java:628)
11-05 15:00:05.705 I/SettingsState( 484): at java.lang.reflect.Method.invoke(Native Method)
11-05 15:00:05.705 I/SettingsState( 484): at com.android.internal.os.RuntimeInit$MethodAndArgsCaller.run(RuntimeInit.java:548)
11-05 15:00:05.705 I/SettingsState( 484): at com.android.internal.os.ZygoteInit.main(ZygoteInit.java:1160)
11-05 15:00:05.705 I/SettingsState( 484): ancestor directory /data/system/users/0 exists
11-05 15:00:05.706 I/SettingsState( 484): ancestor directory /data/system/users/0 permissions: r: true w: true x: true
11-05 15:00:05.706 I/SettingsState( 484): ancestor's parent directory /data/system/users permissions: r: true w: true x: true
11-05 15:00:05.713 I/Typeface( 242): Preloading /system/fonts/Roboto-Regular.ttf
11-05 15:00:05.714 I/Typeface( 242): Preloading /system/fonts/RobotoStatic-Regular.ttf
11-05 15:00:05.740 D/ActivityManager( 484): Freezer enabled
11-05 15:00:05.740 D/ActivityManager( 484): freezer override set to false
11-05 15:00:05.740 I/SystemServerTiming( 484): StartDropBoxManager
11-05 15:00:05.740 I/SystemServiceManager( 484): Starting com.android.server.DropBoxManagerService
11-05 15:00:05.742 I/SystemServerTiming( 484): StartRoleManagerService
11-05 15:00:05.743 I/SystemServiceManager( 484): Starting com.android.role.RoleService
11-05 15:00:05.750 I/SystemServerTiming( 484): StartVibratorManagerService
11-05 15:00:05.750 I/SystemServiceManager( 484): Starting com.android.server.vibrator.VibratorManagerService$Lifecycle
11-05 15:00:05.754 E/servicemanager( 179): Could not find android.hardware.vibrator.IVibratorManager/default in the VINTF manifest.
11-05 15:00:05.755 E/servicemanager( 179): Could not find android.hardware.vibrator.IVibrator/default in the VINTF manifest.
11-05 15:00:05.755 I/hwservicemanager( 180): getTransport: Cannot find entry android.hardware.vibrator@1.0::IVibrator/default in either framework or device VINTF manifest.
11-05 15:00:05.758 I/SystemServerTiming( 484): StartDynamicSystemService
11-05 15:00:05.760 I/SystemServerTiming( 484): StartConsumerIrService
11-05 15:00:05.761 I/hwservicemanager( 180): getTransport: Cannot find entry android.hardware.ir@1.0::IConsumerIr/default in either framework or device VINTF manifest.
11-05 15:00:05.763 I/SystemServerTiming( 484): StartAlarmManagerService
11-05 15:00:05.764 I/SystemServiceManager( 484): Starting com.android.server.alarm.AlarmManagerService
11-05 15:00:05.771 D/XM_HIDREAD( 319): add@ add@/devices/virtual/wakeup/wakeup13
11-05 15:00:05.771 D/XM_HIDREAD( 319): add@ add@/devices/virtual/wakeup/wakeup14
11-05 15:00:05.771 D/XM_HIDREAD( 319): add@ add@/devices/virtual/wakeup/wakeup15
11-05 15:00:05.772 D/XM_HIDREAD( 319): add@ add@/devices/virtual/wakeup/wakeup16
11-05 15:00:05.772 D/XM_HIDREAD( 319): add@ add@/devices/virtual/wakeup/wakeup17
11-05 15:00:05.772 D/XM_HIDREAD( 319): add@ add@/devices/virtual/wakeup/wakeup18
11-05 15:00:05.772 D/XM_HIDREAD( 319): add@ add@/devices/virtual/wakeup/wakeup19
11-05 15:00:05.772 D/AlarmManagerService( 484): Kernel timezone updated to -480 minutes west of GMT
11-05 15:00:05.773 D/CompatibilityChangeReporter( 484): Compat change id reported: 160794467; UID 1000; state: ENABLED
11-05 15:00:05.768 I/xiriservice_All( 339): type=1400 audit(0.0:320): avc: denied { read } for scontext=u:r:init:s0 tcontext=u:r:init:s0 tclass=netlink_kobject_uevent_socket permissive=1
11-05 15:00:05.778 I/SystemServerTiming( 484): StartInputManagerService
11-05 15:00:05.780 I/InputManager( 484): Initializing input manager, mUseDevInputEventForAudioJack=true
11-05 15:00:05.786 D/XM_HIDREAD( 319): add@ add@/devices/virtual/wakeup/wakeup20
11-05 15:00:05.786 D/XM_HIDREAD( 319): add@ add@/devices/virtual/wakeup/wakeup21
11-05 15:00:05.787 D/XM_HIDREAD( 319): add@ add@/devices/virtual/wakeup/wakeup22
11-05 15:00:05.788 I/ServiceManager( 240): Waiting for service 'statscompanion' on '/dev/binder'...
11-05 15:00:05.791 I/SystemServerTiming( 484): DeviceStateManagerService
11-05 15:00:05.792 I/SystemServiceManager( 484): Starting com.android.server.devicestate.DeviceStateManagerService
11-05 15:00:05.797 I/SystemServerTiming( 484): StartCameraServiceProxy
11-05 15:00:05.797 I/SystemServiceManager( 484): Starting com.android.server.camera.CameraServiceProxy
11-05 15:00:05.800 I/SystemServerTiming( 484): StartWindowManagerService
11-05 15:00:05.800 I/SystemServiceManager( 484): Starting phase 200
11-05 15:00:05.800 I/SystemServerTiming( 484): OnBootPhase_200
11-05 15:00:05.804 I/WindowManager( 484): No existing display settings, starting empty
11-05 15:00:05.805 I/WindowManager( 484): No existing display settings, starting empty
11-05 15:00:05.812 I/WindowTracing( 484): Setting window tracing log level to 1
11-05 15:00:05.812 I/WindowTracing( 484): Setting window tracing buffer capacity to 2097152bytes
11-05 15:00:05.815 I/Typeface( 242): Preloading /system/fonts/NotoSansCJK-Regular.ttc
11-05 15:00:05.815 I/Typeface( 242): Preloading /system/fonts/NotoSerifCJK-Regular.ttc
11-05 15:00:05.827 I/SystemServerTiming( 484): SetWindowManagerService
11-05 15:00:05.838 I/InputDispatcher( 484): Created monitor PointerEventDispatcher0 for display 0, gesture=false, pid=484
11-05 15:00:05.864 E/ActivityRecognitionHardware( 242): activity_recognition HAL is deprecated. class_init is effectively a no-op
11-05 15:00:05.889 I/ActivityTaskManager( 484): Loaded persisted task ids for user 0
11-05 15:00:05.894 I/SystemServerTiming( 484): WindowManagerServiceOnInitReady
11-05 15:00:05.911 D/ExtconUEventObserver( 484): FilenameExtconByName: /sys/class/extcon/extcon0
11-05 15:00:05.912 W/WindowManager( 484): /sys/class/extcon/hdmi/state not found while attempting to determine initial state
11-05 15:00:05.912 W/WindowManager( 484): java.io.FileNotFoundException: /sys/class/extcon/hdmi/state: open failed: ENOENT (No such file or directory)
11-05 15:00:05.912 W/WindowManager( 484): at libcore.io.IoBridge.open(IoBridge.java:575)
11-05 15:00:05.912 W/WindowManager( 484): at java.io.FileInputStream.(FileInputStream.java:160)
11-05 15:00:05.912 W/WindowManager( 484): at android.os.FileUtils.readTextFile(FileUtils.java:637)
11-05 15:00:05.912 W/WindowManager( 484): at com.android.server.ExtconStateObserver.parseStateFromFile(ExtconStateObserver.java:49)
11-05 15:00:05.912 W/WindowManager( 484): at com.android.server.policy.PhoneWindowManager$HdmiVideoExtconUEventObserver.init(PhoneWindowManager.java:5666)
11-05 15:00:05.912 W/WindowManager( 484): at com.android.server.policy.PhoneWindowManager$HdmiVideoExtconUEventObserver.access$5200(PhoneWindowManager.java:5658)
11-05 15:00:05.912 W/WindowManager( 484): at com.android.server.policy.PhoneWindowManager.initializeHdmiStateInternal(PhoneWindowManager.java:3425)
11-05 15:00:05.912 W/WindowManager( 484): at com.android.server.policy.PhoneWindowManager.initializeHdmiState(PhoneWindowManager.java:3389)
11-05 15:00:05.912 W/WindowManager( 484): at com.android.server.policy.PhoneWindowManager.init(PhoneWindowManager.java:1821)
11-05 15:00:05.912 W/WindowManager( 484): at com.android.server.policy.TvWindowManager.init(TvWindowManager.java:260)
11-05 15:00:05.912 W/WindowManager( 484): at com.android.server.wm.WindowManagerService$5.run(WindowManagerService.java:1199)
11-05 15:00:05.912 W/WindowManager( 484): at android.os.Handler$BlockingRunnable.run(Handler.java:961)
11-05 15:00:05.912 W/WindowManager( 484): at android.os.Handler.handleCallback(Handler.java:938)
11-05 15:00:05.912 W/WindowManager( 484): at android.os.Handler.dispatchMessage(Handler.java:99)
11-05 15:00:05.912 W/WindowManager( 484): at android.os.Looper.loopOnce(Looper.java:201)
11-05 15:00:05.912 W/WindowManager( 484): at android.os.Looper.loop(Looper.java:288)
11-05 15:00:05.912 W/WindowManager( 484): at android.os.HandlerThread.run(HandlerThread.java:67)
11-05 15:00:05.912 W/WindowManager( 484): at com.android.server.ServiceThread.run(ServiceThread.java:44)
11-05 15:00:05.912 W/WindowManager( 484): at com.android.server.UiThread.run(UiThread.java:45)
11-05 15:00:05.912 W/WindowManager( 484): Caused by: android.system.ErrnoException: open failed: ENOENT (No such file or directory)
11-05 15:00:05.912 W/WindowManager( 484): at libcore.io.Linux.open(Native Method)
11-05 15:00:05.912 W/WindowManager( 484): at libcore.io.ForwardingOs.open(ForwardingOs.java:567)
11-05 15:00:05.912 W/WindowManager( 484): at libcore.io.BlockGuardOs.open(BlockGuardOs.java:273)
11-05 15:00:05.912 W/WindowManager( 484): at libcore.io.IoBridge.open(IoBridge.java:561)
11-05 15:00:05.912 W/WindowManager( 484): ... 18 more
11-05 15:00:05.927 D/com_softwinner_gpio( 484): Gpio JNI_OnLoad()
11-05 15:00:05.927 D/com_softwinner_gpio( 484): init
11-05 15:00:05.928 E/SELinux ( 179): avc: denied { find } for pid=484 uid=1000 name=softwinner.gpio scontext=u:r:system_server:s0 tcontext=u:object_r:default_android_service:s0 tclass=service_manager permissive=1
11-05 15:00:05.929 I/SystemServerTimingAsync( 484): InitThreadPoolExec:StartHidlServices
11-05 15:00:05.930 D/SystemServerInitThreadPool( 484): Started executing StartHidlServices
11-05 15:00:05.930 I/SystemServerTimingAsync( 484): StartHidlServices
11-05 15:00:05.930 I/SystemServerTiming( 484): StartInputManager
11-05 15:00:05.930 I/InputManager( 484): Starting input manager
11-05 15:00:05.932 I/HidlServiceManagement( 484): Registered android.frameworks.sensorservice@1.0::ISensorManager/default
11-05 15:00:05.933 I/hwservicemanager( 180): getTransport: Cannot find entry android.frameworks.schedulerservice@1.0::ISchedulingPolicyService/default in either framework or device VINTF manifest.
11-05 15:00:05.933 W/system_server( 484): android.frameworks.schedulerservice@1.0::ISchedulingPolicyService is deprecated. Skipping registration.
11-05 15:00:05.933 D/SystemServerInitThreadPool( 484): Finished executing StartHidlServices
11-05 15:00:05.934 I/InputManager( 484): Enabling motion classifier because just booted: feature enabled, long press timeout = 400
11-05 15:00:05.934 I/InputClassifier( 484): Enabling motion classifier
11-05 15:00:05.935 I/hwservicemanager( 180): getTransport: Cannot find entry android.hardware.input.classifier@1.0::IInputClassifier/default in either framework or device VINTF manifest.
11-05 15:00:05.936 D/EventHub( 484): No input device configuration file found for device 'sunxi-ir-uinput'.
11-05 15:00:05.936 I/SystemServerTiming( 484): DisplayManagerWindowManagerAndInputReady
11-05 15:00:05.938 I/SystemServerTiming( 484): StartBluetoothService
11-05 15:00:05.938 I/LogicalDisplayMapper( 484): Requesting Transition to state: 0
11-05 15:00:05.938 I/SystemServiceManager( 484): Starting com.android.server.BluetoothService
11-05 15:00:05.938 I/LogicalDisplayMapper( 484): Applying layout: [{addr: {port=0}, dispId: 0(ON)}], Previous layout: [{addr: {port=0}, dispId: 0(ON)}]
11-05 15:00:05.938 I/InputClassifier( 484): Could not obtain InputClassifier HAL
11-05 15:00:05.941 D/BluetoothManagerService( 484): Loading stored name and address
11-05 15:00:05.941 D/BluetoothManagerService( 484): Stored bluetooth Name=DBBOX-A2,Address=F4:AB:5C:B3:BA:64
11-05 15:00:05.942 D/BluetoothManagerService( 484): Bluetooth persisted state: 1
11-05 15:00:05.942 D/BluetoothManagerService( 484): Startup: Bluetooth persisted state is ON.
11-05 15:00:05.942 D/BluetoothManagerService( 484): Detected SystemUiUid: 10066
11-05 15:00:05.942 I/SystemServerTiming( 484): IpConnectivityMetrics
11-05 15:00:05.942 I/SystemServiceManager( 484): Starting com.android.server.connectivity.IpConnectivityMetrics
11-05 15:00:05.943 I/SystemServerTiming( 484): NetworkWatchlistService
11-05 15:00:05.943 I/SystemServiceManager( 484): Starting com.android.server.net.watchlist.NetworkWatchlistService$Lifecycle
11-05 15:00:05.946 I/EventHub( 484): usingClockIoctl=true
11-05 15:00:05.947 D/XM_HIDREAD( 319): add@ add@/devices/virtual/wakeup/wakeup23
11-05 15:00:05.947 I/EventHub( 484): New device: id=1, fd=164, path='/dev/input/event1', name='sunxi-ir-uinput', classes=KEYBOARD | ALPHAKEY | CURSOR | DPAD, configuration='', keyLayout='/system/usr/keylayout/sunxi-ir-uinput.kl', keyCharacterMap='/system/usr/keychars/Generic.kcm', builtinKeyboard=false,
11-05 15:00:05.947 D/EventHub( 484): No input device configuration file found for device 'sunxi-ir'.
11-05 15:00:05.951 I/WatchlistSettings( 484): Reload watchlist settings done
11-05 15:00:05.954 I/WatchlistLoggingHandler( 484): No need to aggregate record yet.
11-05 15:00:05.954 I/WatchlistLoggingHandler( 484): Milliseconds spent on tryAggregateRecords(): 0
11-05 15:00:05.955 I/SystemServerTiming( 484): PinnerService
11-05 15:00:05.955 I/SystemServiceManager( 484): Starting com.android.server.PinnerService
11-05 15:00:05.955 I/EventHub( 484): usingClockIoctl=true
11-05 15:00:05.955 I/EventHub( 484): New device: id=2, fd=165, path='/dev/input/event0', name='sunxi-ir', classes=KEYBOARD, configuration='', keyLayout='/system/usr/keylayout/sunxi-ir.kl', keyCharacterMap='/system/usr/keychars/Generic.kcm', builtinKeyboard=false,
11-05 15:00:05.955 D/XM_HIDREAD( 319): add@ add@/devices/virtual/wakeup/wakeup24
11-05 15:00:05.956 V/HistoricalRegistry( 484): Interaction before persistence initialized
11-05 15:00:05.959 I/SystemServerTiming( 484): IorapForwardingService
11-05 15:00:05.959 I/SystemServiceManager( 484): Starting com.google.android.startop.iorap.IorapForwardingService
11-05 15:00:05.961 W/IorapForwardingService( 484): No service published for: iorapd
11-05 15:00:05.963 I/InputReader( 484): Device added: id=-1, eventHubId=-1, name='Virtual', descriptor='a718a782d34bc767f4689c232d64d527998ea7fd',sources=0x00000301
11-05 15:00:05.963 I/InputReader( 484): Device added: id=2, eventHubId=2, name='sunxi-ir', descriptor='485d69228e24f5e46da1598745890b214130dbc4',sources=0x00000101
11-05 15:00:05.964 W/InputReader( 484): Can't find the designated viewport with ID 0 to update cursor input mapper. Fall back to default display
11-05 15:00:05.964 E/InputReader( 484): Still can't find a viable viewport to update cursor input mapper. Skip setting it to PointerController.
11-05 15:00:05.964 I/InputReader( 484): Device added: id=3, eventHubId=1, name='sunxi-ir-uinput', descriptor='0a253e777d1b2169367be63d7c9054e7991953a6',sources=0x00002303
11-05 15:00:05.966 I/SystemServerTiming( 484): SignedConfigService
11-05 15:00:05.967 I/SystemServerTiming( 484): AppIntegrityService
11-05 15:00:05.967 I/SystemServiceManager( 484): Starting com.android.server.integrity.AppIntegrityManagerService
11-05 15:00:05.970 E/IntegrityFileManager( 484): Error creating staging and rules directory
11-05 15:00:05.975 I/WindowManager( 484): SAFE MODE not enabled
11-05 15:00:05.975 I/SystemServerTiming( 484): StartInputMethodManagerLifecycle
11-05 15:00:05.975 I/SystemServiceManager( 484): Starting com.android.server.inputmethod.InputMethodManagerService$Lifecycle
11-05 15:00:05.983 I/SystemServerTiming( 484): StartAccessibilityManagerService
11-05 15:00:05.983 I/SystemServiceManager( 484): Starting com.android.server.accessibility.AccessibilityManagerService$Lifecycle
11-05 15:00:05.994 I/SystemServerTiming( 484): MakeDisplayReady
11-05 15:00:05.992 I/xiriservice_All( 313): type=1400 audit(0.0:321): avc: denied { search } for name="com.android.cts.priv.ctsshim" dev="mmcblk0p25" ino=569 scontext=u:r:init:s0 tcontext=u:object_r:privapp_data_file:s0:c512,c768 tclass=dir permissive=1
11-05 15:00:05.992 I/xiriservice_All( 313): type=1400 audit(0.0:322): avc: denied { read } for name="lib" dev="mmcblk0p25" ino=10047 scontext=u:r:init:s0 tcontext=u:object_r:privapp_data_file:s0:c512,c768 tclass=lnk_file permissive=1
11-05 15:00:05.995 D/XiriService( 313): check file name: /data/data/com.android.cts.priv.ctsshim/lib
11-05 15:00:05.995 D/XiriService( 313): check file name: /data/data/com.android.cts.priv.ctsshim/lib
11-05 15:00:05.995 D/XiriService( 313): check file name: /data/data/com.android.cts.priv.ctsshim/lib
11-05 15:00:05.995 D/XiriService( 313): check file name: /data/data/com.android.cts.priv.ctsshim/lib
11-05 15:00:05.997 W/InputReader( 484): Device sunxi-ir-uinput is associated with display ADISPLAY_ID_NONE.
11-05 15:00:05.997 W/InputReader( 484): Device sunxi-ir-uinput is associated with display ADISPLAY_ID_NONE.
11-05 15:00:05.998 I/ActivityTaskManager( 484): Config changes=20005df8 {1.0 ?mcc?mnc [zh_CN] ldltr sw720dp w1280dp h696dp 240dpi xlrg long land ?uimode ?night -touch qwerty/v/v dpad/v winConfig={ mBounds=Rect(0, 0 - 1920, 1080) mAppBounds=Rect(0, 0 - 1920, 1080) mMaxBounds=Rect(0, 0 - 1920, 1080) mWindowingMode=fullscreen mDisplayWindowingMode=fullscreen mActivityType=undefined mAlwaysOnTop=undefined mRotation=ROTATION_0} s.2 ?fontWeightAdjustment}
11-05 15:00:06.001 I/WindowManager( 484): Override config changes=60007dfc {1.0 ?mcc?mnc [zh_CN] ldltr sw720dp w1280dp h696dp 240dpi xlrg long land ?uimode ?night -touch qwerty/v/v dpad/v winConfig={ mBounds=Rect(0, 0 - 1920, 1080) mAppBounds=Rect(0, 0 - 1920, 1080) mMaxBounds=Rect(0, 0 - 1920, 1080) mWindowingMode=fullscreen mDisplayWindowingMode=fullscreen mActivityType=undefined mAlwaysOnTop=undefined mRotation=ROTATION_0} s.2 ?fontWeightAdjustment} for displayId=0
