11-05 15:00:10.527 I/bt_core_module( 670): system/bt/btcore/src/module.cc:90 module_start_up: module_start_up Started module "btif_config_module"
11-05 15:00:10.527 I/bt_core_module( 670): system/bt/btcore/src/module.cc:85 module_start_up: module_start_up Starting module "btsnoop_module"
11-05 15:00:10.528 I/droid.bluetoot( 670): [1105/150010.527942:INFO:btsnoop.cc(204)] start_up: Snoop Logs fully enabled
11-05 15:00:10.528 I/droid.bluetoot( 670): [1105/150010.528108:INFO:btsnoop.cc(356)] delete_btsnoop_files: Deleting snoop logs if they exist. filtered = 1
11-05 15:00:10.529 I/bt_core_module( 670): system/bt/btcore/src/module.cc:90 module_start_up: module_start_up Started module "btsnoop_module"
11-05 15:00:10.530 I/bt_core_module( 670): system/bt/btcore/src/module.cc:85 module_start_up: module_start_up Starting module "hci_module"
11-05 15:00:10.530 I/bt_hci ( 670): system/bt/hci/src/hci_layer.cc:200 hci_module_start_up: hci_module_start_up
11-05 15:00:10.533 I/droid.bluetoot( 670): [1105/150010.533605:INFO:message_loop_thread.cc(224)] Run: message loop starting for thread bt_hci_thread
11-05 15:00:10.534 I/bt_hci ( 670): system/bt/hci/src/hci_layer_android.cc:159 hci_initialize: hci_initialize
11-05 15:00:10.534 I/bt_hci ( 670): system/bt/hci/src/hci_layer.cc:257 hci_module_start_up: hci_module_start_up starting async portion
11-05 15:00:10.535 I/hwservicemanager( 180): getTransport: Cannot find entry android.hardware.bluetooth@1.1::IBluetoothHci/default in either framework or device VINTF manifest.
11-05 15:00:10.536 I/bt_hci ( 670): system/bt/hci/src/hci_layer_android.cc:178 hci_initialize: hci_initialize: IBluetoothHci::getService() returned 0xf2daa3e0 (remote)
11-05 15:00:10.537 E/cutils-trace( 670): Error opening trace file: No such file or directory (2)
11-05 15:00:10.537 I/android.hardware.bluetooth@1.0-impl( 248): BluetoothHci::initialize()
11-05 15:00:10.539 D/android.hardware.bluetooth@1.0-service( 248): get_local_address: Trying /sys/class/addr_mgt/addr_bt
11-05 15:00:10.539 D/android.hardware.bluetooth@1.0-service( 248): get_local_address: Got Factory BDA 4A:A3:4B:AF:25:FF
11-05 15:00:10.539 D/WifiHWInfo( 248): Start to load wireless module hardware info table...
11-05 15:00:10.540 D/WifiHWInfo( 248): Entry [01], BUS: SDIO, ID: 0x024C8179, Name: rtl8189es.
11-05 15:00:10.540 D/WifiHWInfo( 248): Entry [02], BUS: SDIO, ID: 0x024CB723, Name: rtl8723bs_vq0.
11-05 15:00:10.540 D/WifiHWInfo( 248): Entry [03], BUS: SDIO, ID: 0x024CB703, Name: rtl8723cs.
11-05 15:00:10.540 D/WifiHWInfo( 248): Entry [04], BUS: SDIO, ID: 0x024CD723, Name: rtl8723ds.
11-05 15:00:10.540 D/WifiHWInfo( 248): Entry [05], BUS: SDIO, ID: 0x024CF179, Name: rtl8189fs.
11-05 15:00:10.540 D/WifiHWInfo( 248): Entry [06], BUS: SDIO, ID: 0x024CB822, Name: rtl88x2bs.
11-05 15:00:10.540 D/WifiHWInfo( 248): Entry [07], BUS: USB, ID: 0x0BDAD723, Name: rtl8723du.
11-05 15:00:10.540 D/WifiHWInfo( 248): Entry [08], BUS: USB, ID: 0x0BDA8179, Name: rtl8188etv.
11-05 15:00:10.540 D/WifiHWInfo( 248): Entry [09], BUS: USB, ID: 0x0BDA0179, Name: rtl8188eu.
11-05 15:00:10.540 D/WifiHWInfo( 248): Entry [10], BUS: USB, ID: 0x0BDA818B, Name: rtl8192eu.
11-05 15:00:10.540 D/WifiHWInfo( 248): Entry [11], BUS: USB, ID: 0x0BDAB720, Name: rtl8723bu.
11-05 15:00:10.540 D/WifiHWInfo( 248): Entry [12], BUS: USB, ID: 0x0BDAC82C, Name: rtl8822cu.
11-05 15:00:10.540 D/WifiHWInfo( 248): Entry [13], BUS: USB, ID: 0x0BDAF179, Name: rtl8188fu.
11-05 15:00:10.540 D/WifiHWInfo( 248): Entry [14], BUS: SDIO, ID: 0x02D0A9A6, Name: ap6212.
11-05 15:00:10.540 D/WifiHWInfo( 248): Entry [15], BUS: SDIO, ID: 0x02D04330, Name: ap6330.
11-05 15:00:10.540 D/WifiHWInfo( 248): Entry [16], BUS: SDIO, ID: 0x02D04356, Name: ap6356s.
11-05 15:00:10.540 D/WifiHWInfo( 248): Entry [17], BUS: SDIO, ID: 0x02D0A9BF, Name: ap6255.
11-05 15:00:10.540 D/WifiHWInfo( 248): Entry [18], BUS: SDIO, ID: 0x02D04334, Name: bcm43342.
11-05 15:00:10.540 D/WifiHWInfo( 248): Entry [19], BUS: SDIO, ID: 0x00202281, Name: xr819.
11-05 15:00:10.540 D/WifiHWInfo( 248): Entry [20], BUS: SDIO, ID: 0x0A9E2282, Name: xr829.
11-05 15:00:10.540 D/WifiHWInfo( 248): Entry [21], BUS: SDIO, ID: 0x0271050A, Name: qca6174a.
11-05 15:00:10.540 D/WifiHWInfo( 248): Entry [22], BUS: SDIO, ID: 0x30303030, Name: ssv6x5x.
11-05 15:00:10.540 D/WifiHWInfo( 248): Entry [23], BUS: SDIO, ID: 0x00000000, Name: uwe5621.
11-05 15:00:10.540 D/WifiHWInfo( 248): Entry [24], BUS: SDIO, ID: 0x54490145, Name: aic8800.
11-05 15:00:10.540 D/WifiHWInfo( 248): Entry [25], BUS: SDIO, ID: 0xC8A1C08D, Name: aic8800.
11-05 15:00:10.540 D/WifiHWInfo( 248): Entry [26], BUS: USB, ID: 0xA69C8800, Name: aic8800.
11-05 15:00:10.540 D/WifiHWInfo( 248): Entry [27], BUS: USB, ID: 0x007A8888, Name: atbm6023is.
11-05 15:00:10.540 D/WifiHWInfo( 248): Entry [28], BUS: SDIO, ID: 0x02E79086, Name: 9012p.
11-05 15:00:10.540 D/WifiHWInfo( 248): Entry [29], BUS: SDIO, ID: 0x007A6011, Name: atbm613x_wifi_sdio.
11-05 15:00:10.540 D/WifiHWInfo( 248): Entry [30], BUS: SDIO, ID: 0x024CC822, Name: 88x2cs.
11-05 15:00:10.540 D/WifiHWInfo( 248): Entry [31], BUS: SDIO, ID: 0x000018F0, Name: dummy.
11-05 15:00:10.540 D/libbt-auto-detect( 248): init, get libbt name: libbt-sprd.so.
11-05 15:00:10.542 I/bt_vendor( 248): init
11-05 15:00:10.540 I//system/bin/init( 1): type=1107 audit(0.0:376): uid=0 auid=4294967295 ses=4294967295 subj=u:r:init:s0 msg='avc: denied { set } for property=vendor.driver.lpm.load pid=248 uid=1002 gid=1002 scontext=u:r:hal_bluetooth_default:s0 tcontext=u:object_r:vendor_wireless_prop:s0 tclass=property_service permissive=1'
11-05 15:00:10.544 D/bt_vnd_hci( 248): sprd_vendor_hci_init
11-05 15:00:10.544 I/bt_chip_vendor( 248): marlin3_init
11-05 15:00:10.544 I/bt_vnd_conf( 248): Attempt to load conf from /vendor/etc/bt_configure_pskey.ini
11-05 15:00:10.545 D/bt_vnd_conf( 248): device_class -> 0x001F00
11-05 15:00:10.545 D/bt_vnd_conf( 248): feature_set -> 0xBF, 0xFE, 0x8D, 0xFE, 0xDB, 0x3D, 0x7B, 0x87, 0xFF, 0xA7, 0xFF, 0x7F, 0x00, 0xE0, 0xF7, 0x3E
11-05 15:00:10.545 D/bt_vnd_conf( 248): device_addr -> 0x6D, 0x6D, 0x8E, 0x8E, 0x8F, 0x8F
11-05 15:00:10.545 D/bt_vnd_conf( 248): comp_id -> 0x01EC
11-05 15:00:10.545 D/bt_vnd_conf( 248): g_sys_uart0_communication_supported -> 1
11-05 15:00:10.545 D/bt_vnd_conf( 248): cp2_log_mode -> 1
11-05 15:00:10.545 D/bt_vnd_conf( 248): LogLevel -> 0xFF
11-05 15:00:10.545 D/bt_vnd_conf( 248): g_central_or_perpheral -> 0
11-05 15:00:10.545 D/bt_vnd_conf( 248): Log_BitMask -> 0xFFFF
11-05 15:00:10.545 D/bt_vnd_conf( 248): super_ssp_enable -> 0
11-05 15:00:10.545 D/bt_vnd_conf( 248): common_rfu_b3 -> 2
11-05 15:00:10.545 D/bt_vnd_conf( 248): common_rfu_w -> 0x00000000, 0x00000000
11-05 15:00:10.545 D/bt_vnd_conf( 248): le_rfu_w -> 0x00000000, 0x000000000
11-05 15:00:10.545 D/bt_vnd_conf( 248): lmp_rfu_w -> 0x00000000, 0x000000000
11-05 15:00:10.545 D/bt_vnd_conf( 248): lc_rfu_w -> 0x00000000, 0x000000000
11-05 15:00:10.545 D/bt_vnd_conf( 248): g_wbs_nv_117 -> 0x004D
11-05 15:00:10.545 D/bt_vnd_conf( 248): g_wbs_nv_118 -> 0x0066
11-05 15:00:10.545 D/bt_vnd_conf( 248): g_nbv_nv_117 -> 0x009B
11-05 15:00:10.545 D/bt_vnd_conf( 248): g_nbv_nv_118 -> 0x0066
11-05 15:00:10.545 D/bt_vnd_conf( 248): g_sys_sco_transmit_mode -> 0
11-05 15:00:10.545 D/bt_vnd_conf( 248): audio_rfu_b1 -> 0
11-05 15:00:10.545 D/bt_vnd_conf( 248): audio_rfu_b2 -> 0
11-05 15:00:10.546 D/bt_vnd_conf( 248): audio_rfu_b3 -> 0
11-05 15:00:10.546 D/bt_vnd_conf( 248): audio_rfu_w -> 0x00000000, 0x00000000
11-05 15:00:10.546 D/bt_vnd_conf( 248): g_sys_sleep_in_standby_supported -> 1
11-05 15:00:10.546 D/bt_vnd_conf( 248): g_sys_sleep_master_supported -> 1
11-05 15:00:10.546 D/bt_vnd_conf( 248): g_sys_sleep_slave_supported -> 1
11-05 15:00:10.546 D/bt_vnd_conf( 248): power_rfu_b1 -> 0
11-05 15:00:10.546 D/bt_vnd_conf( 248): power_rfu_w -> 0x00000000, 0x00000000
11-05 15:00:10.546 D/bt_vnd_conf( 248): win_ext -> 40
11-05 15:00:10.546 D/bt_vnd_conf( 248): edr_tx_edr_delay -> 6
11-05 15:00:10.546 D/bt_vnd_conf( 248): edr_rx_edr_delay -> 8
11-05 15:00:10.546 D/bt_vnd_conf( 248): tx_delay -> 12
11-05 15:00:10.546 D/bt_vnd_conf( 248): rx_delay -> 34
11-05 15:00:10.546 D/bt_vnd_conf( 248): bb_rfu_w -> 0x00000000, 0x00000000
11-05 15:00:10.546 D/bt_vnd_conf( 248): agc_mode -> 0
11-05 15:00:10.546 D/bt_vnd_conf( 248): diff_or_eq -> 0xFF
11-05 15:00:10.546 D/bt_vnd_conf( 248): ramp_mode -> 0
11-05 15:00:10.546 D/bt_vnd_conf( 248): modem_rfu_b1 -> 0
11-05 15:00:10.546 D/bt_vnd_conf( 248): modem_rfu_w -> 0x00000000, 0x00000000
11-05 15:00:10.546 D/bt_vnd_conf( 248): BQB_BitMask_1 -> 0x00000000
11-05 15:00:10.546 D/bt_vnd_conf( 248): BQB_BitMask_2 -> 0x00000000
11-05 15:00:10.546 D/bt_vnd_conf( 248): bt_coex_threshold -> 0x04E2, 0x1F40, 0x0020, 0x00C8, 0x000A, 0x0000, 0x0000, 0x0000
11-05 15:00:10.546 D/bt_vnd_conf( 248): other_rfu_w -> 0x00000000, 0x00000000
11-05 15:00:10.546 I/bt_vnd_conf( 248): Attempt to load conf from /vendor/etc/bt_configure_rf.ini
11-05 15:00:10.547 D/bt_vnd_conf( 248): g_GainValue_A -> 0xE000, 0xE000, 0xE000, 0xE000, 0xE000, 0xE000
11-05 15:00:10.547 D/bt_vnd_conf( 248): g_ClassicPowerValue_A -> 0x4115, 0x3A15, 0x3415, 0x2E15, 0x2715, 0x2115, 0x1A15, 0x1315, 0x0D15, 0x0715
11-05 15:00:10.547 D/bt_vnd_conf( 248): g_LEPowerValue_A -> 0x3B15, 0x3715, 0x3315, 0x2F15, 0x2B15, 0x2715, 0x2315, 0x1F15, 0x1B15, 0x1715, 0x1315, 0x0F15, 0x0B15, 0x0815, 0x0415, 0x0015
11-05 15:00:10.547 D/bt_vnd_conf( 248): g_BRChannelpwrvalue_A -> 0x0915, 0x0915, 0x0815, 0x0815, 0x0815, 0x0815, 0x0715, 0x0715
11-05 15:00:10.547 D/bt_vnd_conf( 248): g_EDRChannelpwrvalue_A -> 0x0D15, 0x0D15, 0x0C15, 0x0C15, 0x0B15, 0x0B15, 0x0B15, 0x0B15
11-05 15:00:10.547 D/bt_vnd_conf( 248): g_LEChannelpwrvalue_A -> 0x1015,0x1015,0x0F15,0x0F15,0x0F15,0x0F15,0x0F15,0x0F15
11-05 15:00:10.547 D/bt_vnd_conf( 248): g_GainValue_B -> 0xE000, 0xE000, 0xE000, 0xE000, 0xE000, 0xE000
11-05 15:00:10.547 D/bt_vnd_conf( 248): g_ClassicPowerValue_B -> 0x4D15, 0x4615, 0x3D15, 0x3615, 0x2D15, 0x2615, 0x1F15, 0x1815, 0x0F15, 0x0815
11-05 15:00:10.547 D/bt_vnd_conf( 248): g_LEPowerValue_B -> 0x4B15, 0x4B15, 0x4B15, 0x4B15, 0x4B15, 0x4615, 0x4015, 0x3B15, 0x3615, 0x3015, 0x2B15, 0x2615, 0x2015, 0x1A15, 0x1415, 0x0E15
11-05 15:00:10.547 D/bt_vnd_conf( 248): g_BRChannelpwrvalue_B -> 0x0915, 0x0915, 0x0815, 0x0815, 0x0815, 0x0815, 0x0715, 0x0715
11-05 15:00:10.547 D/bt_vnd_conf( 248): g_EDRChannelpwrvalue_B -> 0x0D15, 0x0D15, 0x0C15, 0x0C15, 0x0B15, 0x0B15, 0x0B15, 0x0B15
11-05 15:00:10.547 D/bt_vnd_conf( 248): g_LEChannelpwrvalue_B -> 0x1015,0x1015,0x0F15,0x0F15,0x0F15,0x0F15,0x0F15,0x0F15
11-05 15:00:10.547 D/bt_vnd_conf( 248): LE_fix_powerword -> 0x00
11-05 15:00:10.547 D/bt_vnd_conf( 248): Classic_pc_by_channel -> 0xFF
11-05 15:00:10.547 D/bt_vnd_conf( 248): LE_pc_by_channel -> 0xFF
11-05 15:00:10.547 D/bt_vnd_conf( 248): RF_switch_mode -> 0x01
11-05 15:00:10.547 D/bt_vnd_conf( 248): Data_Capture_Mode -> 0x00
11-05 15:00:10.547 D/bt_vnd_conf( 248): Analog_IQ_Debug_Mode -> 0x00
11-05 15:00:10.547 D/bt_vnd_conf( 248): RF_common_rfu_b3 -> 0x55
11-05 15:00:10.547 D/bt_vnd_conf( 248): RF_common_rfu_w -> 0x555F4344, 0x5555C855, 0x55555555, 0x55555555, 0x55555555
11-05 15:00:10.547 I/bt_vnd_conf( 248): set_mac_address
11-05 15:00:10.547 D/bt_vendor( 248): marlin3 start up
11-05 15:00:10.547 D/android.hardware.bluetooth@1.0-impl( 248): Open vendor library loaded
11-05 15:00:10.548 E/bt_upio ( 248): init_rfkill: No rfkill control node found
11-05 15:00:10.548 I/bt_userial_vendor( 248): userial vendor open: opening /dev/ttyBT0, baud 14
11-05 15:00:10.548 D/bt_vendor( 248): check_access, /dev/ttyBT0 R/W access OK after wait 0ms
11-05 15:00:10.549 D/bt_vnd_hci( 248): hci_server_thread
11-05 15:00:10.550 D/bt_vnd_hci( 248): name: bt_vendor_sprd_hci
11-05 15:00:10.550 D/bt_vnd_hci( 248): listen socket: bt_vendor_sprd_hci, fd: 6
11-05 15:00:10.550 D/bt_vnd_hci( 248): hci_server_thread wati for btools
11-05 15:00:10.554 I/ ( 248): mtty_open probe is success!
11-05 15:00:10.554 E/bluetooth_set_power( 248): start_block=0
11-05 15:00:10.556 I/init ( 1): processing action (vendor.driver.lpm.load=1) from (/vendor/etc/init/init.bluetooth.common.rc:68)
11-05 15:00:10.560 I/WCN ( 248): start_marlin [MARLIN_BLUETOOTH]
11-05 15:00:10.560 D/ ( 248): CPU: 3 PID: 248 Comm: bluetooth@1.0-s Tainted: G O 5.4.125+ #1
11-05 15:00:10.560 D/Hardware name( 248): sun50iw9 (DT)
11-05 15:00:10.560 D/Call trace( 248):
11-05 15:00:10.560 D/ ( 248): dump_backtrace.cfi_jt+0x0/0x4
11-05 15:00:10.560 D/ ( 248): dump_stack+0xbc/0x104
11-05 15:00:10.560 D/ ( 248): marlin_set_power+0x2c/0x78c [uwe5621_bsp_sdio]
11-05 15:00:10.560 D/ ( 248): start_marlin+0xbc/0x14c [uwe5621_bsp_sdio]
11-05 15:00:10.560 D/ ( 248): bluetooth_set_power+0x44/0x70 [sprdbt_tty]
11-05 15:00:10.560 D/ ( 248): mtty_open+0xb0/0x150 [sprdbt_tty]
11-05 15:00:10.560 D/ ( 248): tty_open+0x350/0x550
11-05 15:00:10.560 D/ ( 248): chrdev_open+0x1d8/0x254
11-05 15:00:10.560 D/ ( 248): do_dentry_open+0x270/0x3ac
11-05 15:00:10.560 D/ ( 248): vfs_open+0x2c/0x38
11-05 15:00:10.560 D/ ( 248): path_openat+0x6a8/0xf78
11-05 15:00:10.560 D/ ( 248): do_filp_open+0x78/0x124
11-05 15:00:10.560 D/ ( 248): do_sys_open+0x13c/0x290
11-05 15:00:10.560 D/ ( 248): __arm64_compat_sys_openat+0x24/0x30
11-05 15:00:10.560 D/ ( 248): el0_svc_common+0xb8/0x1cc
11-05 15:00:10.560 D/ ( 248): el0_svc_compat_handler+0x1c/0x28
11-05 15:00:10.560 D/ ( 248): el0_svc_compat+0x8/0x24
11-05 15:00:10.560 I/WCN ( 248): marlin power state:0, subsys: [MARLIN_BLUETOOTH] power 1
11-05 15:00:10.560 I/WCN ( 248): the first power on start
11-05 15:00:10.562 I/init ( 1): processing action (vendor.init.lpm.load=1) from (/vendor/etc/init/init.bluetooth.common.rc:71)
11-05 15:00:10.557 D/hdmi-cec( 260): cec physical address: 1.1.0.0
11-05 15:00:10.562 W/Looper ( 484): Drained
11-05 15:00:10.578 I/hwservicemanager( 180): Notifying android.hardware.wifi@1.5::IWifi/default they have clients: 1
11-05 15:00:10.579 I/HidlLazyUtils( 664): Process has 1 (of 1 available) client(s) in use after notification android.hardware.wifi@1.5::IWifi/default has clients: 1
11-05 15:00:10.597 D/CompatibilityChangeReporter( 484): Compat change id reported: 158002302; UID 10066; state: ENABLED
11-05 15:00:10.598 V/WallpaperService( 684): Setting wallpaper dimming: 0
11-05 15:00:10.602 I/ActivityManagerTiming( 484): FinishBooting
11-05 15:00:10.604 W/Zygote ( 242): forkRepeatedly terminated due to non-simple command
11-05 15:00:10.604 D/Zygote ( 242): mbuffer starts with 1 , nice name is , mEnd = 19, mNext = 19, mLinesLeft = 0, mFd = 4
11-05 15:00:10.607 I/ActivityManager( 484): About to commit checkpoint
11-05 15:00:10.608 I/SystemServiceManager( 484): Starting phase 1000
11-05 15:00:10.608 I/ActivityManagerTiming( 484): OnBootPhase_1000
11-05 15:00:10.609 E/PowerStatsService( 484): Failed to start PowerStatsService loggers
11-05 15:00:10.610 V/DisplayPowerController[0]( 484): Brightness [0.39763778] reason changing to: 'manual', previous reason: 'override'.
11-05 15:00:10.612 D/RollbackManager( 484): mRollbackLifetimeDurationInMillis=1209600000
11-05 15:00:10.612 D/AppStandbyController( 484): Loading headless system app cache. appIdleEnabled=false
11-05 15:00:10.613 I/hwservicemanager( 180): getTransport: Cannot find entry android.hardware.configstore@1.0::ISurfaceFlingerConfigs/default in either framework or device VINTF manifest.
11-05 15:00:10.622 D/EglHelper( 684): createEglContext start
11-05 15:00:10.627 D/IorapForwardingService( 484): BgJob Scheduled (jobId=283673059, interval: 86400000ms)
11-05 15:00:10.628 D/EglHelper( 684): createEglContext done
11-05 15:00:10.628 D/EglHelper( 684): createEglSurface start
11-05 15:00:10.628 D/StorageManagerService( 484): Thinking about init, mBootCompleted=true, mDaemonConnected=true
11-05 15:00:10.628 D/TestHarnessModeService( 484): Completing Test Harness Mode setup.
11-05 15:00:10.628 D/StorageManagerService( 484): Setting up emulation state, initlocked=false
11-05 15:00:10.629 D/vold ( 184): fscrypt_unlock_user_key 0 serial=0
11-05 15:00:10.629 D/EglHelper( 684): createEglSurface done
11-05 15:00:10.629 D/StorageManagerService( 484): Thinking about reset, mBootCompleted=true, mDaemonConnected=true
11-05 15:00:10.631 I/StorageSessionController( 484): Started resetting external storage service...
11-05 15:00:10.631 I/StorageSessionController( 484): Finished resetting external storage service
11-05 15:00:10.631 I/StorageManagerService( 484): Resetting vold...
11-05 15:00:10.633 I/StorageManagerService( 484): Reset vold
11-05 15:00:10.634 I/vold ( 184): onUserAdded: 0
11-05 15:00:10.644 D/WifiService( 484): Handle boot completed
11-05 15:00:10.645 D/SoundTriggerService( 484): onBootPhase: 1000 : false
11-05 15:00:10.646 D/AdbService( 484): boot completed
11-05 15:00:10.647 I/HibernationStateDiskStore( 484): No hibernation file on disk for file /data/system/hibernation/states
11-05 15:00:10.649 D/CompatibilityChangeReporter( 484): Compat change id reported: 168936375; UID 1000; state: ENABLED
11-05 15:00:10.649 D/CompatibilityChangeReporter( 484): Compat change id reported: 168936375; UID 1000; state: DISABLED
11-05 15:00:10.649 E/AdbDebuggingManager( 484): Expected keyStore, but got tag=adbKey
11-05 15:00:10.650 I/Tethering( 772): USB bcast connected:false configured:false rndis:false ncm:false
11-05 15:00:10.650 I/WifiScoreCard( 484): Installing MemoryStore
11-05 15:00:10.650 I/WifiHealthMonitor( 484): Installing MemoryStore
11-05 15:00:10.650 E/AdbDebuggingManager( 484): Expected keyStore, but got tag=adbKey
11-05 15:00:10.658 I/adbd ( 396): adbd_auth: received a new framework connection
11-05 15:00:10.658 I/adbd ( 396): adbd_auth: received new framework fd 31 (current = -1)
11-05 15:00:10.667 D/WifiNetworkFactory( 484): Registering NetworkFactory
11-05 15:00:10.668 D/ConnectivityService( 484): Got NetworkProvider Messenger for WifiNetworkFactory
11-05 15:00:10.668 D/UntrustedWifiNetworkFactory( 484): Registering NetworkFactory
11-05 15:00:10.668 D/ConnectivityService( 484): Got NetworkProvider Messenger for UntrustedWifiNetworkFactory
11-05 15:00:10.668 D/OemPaidWifiNetworkFactory( 484): Registering NetworkFactory
11-05 15:00:10.668 D/ConnectivityService( 484): Got NetworkProvider Messenger for OemPaidWifiNetworkFactory
11-05 15:00:10.672 D/CompatibilityChangeReporter( 484): Compat change id reported: 73144566; UID 1000; state: ENABLED
11-05 15:00:10.673 D/CompatibilityChangeReporter( 484): Compat change id reported: 73144566; UID 1000; state: DISABLED
11-05 15:00:10.677 I/sunxi-rfkill soc@3000000( 248): rfkill: wlan power on success
11-05 15:00:10.677 I/WCN ( 248): marlin chip en pull up
11-05 15:00:10.678 I/AdbDebuggingManager( 484): Not connected to any wireless network. Not enabling adbwifi.
11-05 15:00:10.680 D/WifiNetworkFactory( 484): got request NetworkRequest [ REQUEST id=3, [ Transports: WIFI Capabilities: INTERNET&NOT_RESTRICTED&TRUSTED&NOT_VPN&NOT_VCN_MANAGED RequestorUid: 1000 RequestorPkg: android] ]
11-05 15:00:10.681 D/GameManagerService( 484): onBootCompleted
11-05 15:00:10.681 D/WifiNetworkFactory( 484): got request NetworkRequest [ REQUEST id=19, [ Capabilities: INTERNET&NOT_RESTRICTED&TRUSTED&NOT_VCN_MANAGED Uid: 1073 RequestorUid: 1073 RequestorPkg: com.android.networkstack] ]
11-05 15:00:10.681 D/WifiNetworkFactory( 484): got request NetworkRequest [ REQUEST id=1, [ Capabilities: INTERNET&NOT_RESTRICTED&TRUSTED&NOT_VPN&NOT_VCN_MANAGED RequestorUid: 1000 RequestorPkg: android] ]
11-05 15:00:10.682 D/WifiNetworkFactory( 484): got request NetworkRequest [ REQUEST id=10, [ Capabilities: INTERNET&NOT_RESTRICTED&TRUSTED&NOT_VCN_MANAGED Uid: 1000 RequestorUid: 1000 RequestorPkg: android] ]
11-05 15:00:10.682 D/WifiNetworkFactory( 484): got request NetworkRequest [ REQUEST id=17, [ Capabilities: INTERNET&NOT_RESTRICTED&TRUSTED&NOT_VCN_MANAGED Uid: 1000 RequestorUid: 1000 RequestorPkg: android] ]
11-05 15:00:10.682 D/UntrustedWifiNetworkFactory( 484): got request NetworkRequest [ REQUEST id=3, [ Transports: WIFI Capabilities: INTERNET&NOT_RESTRICTED&TRUSTED&NOT_VPN&NOT_VCN_MANAGED RequestorUid: 1000 RequestorPkg: android] ]
11-05 15:00:10.682 D/UntrustedWifiNetworkFactory( 484): got request NetworkRequest [ REQUEST id=19, [ Capabilities: INTERNET&NOT_RESTRICTED&TRUSTED&NOT_VCN_MANAGED Uid: 1073 RequestorUid: 1073 RequestorPkg: com.android.networkstack] ]
11-05 15:00:10.682 D/UntrustedWifiNetworkFactory( 484): got request NetworkRequest [ REQUEST id=1, [ Capabilities: INTERNET&NOT_RESTRICTED&TRUSTED&NOT_VPN&NOT_VCN_MANAGED RequestorUid: 1000 RequestorPkg: android] ]
11-05 15:00:10.682 D/UntrustedWifiNetworkFactory( 484): got request NetworkRequest [ REQUEST id=10, [ Capabilities: INTERNET&NOT_RESTRICTED&TRUSTED&NOT_VCN_MANAGED Uid: 1000 RequestorUid: 1000 RequestorPkg: android] ]
11-05 15:00:10.682 D/UntrustedWifiNetworkFactory( 484): got request NetworkRequest [ REQUEST id=17, [ Capabilities: INTERNET&NOT_RESTRICTED&TRUSTED&NOT_VCN_MANAGED Uid: 1000 RequestorUid: 1000 RequestorPkg: android] ]
11-05 15:00:10.682 D/OemPaidWifiNetworkFactory( 484): got request NetworkRequest [ REQUEST id=3, [ Transports: WIFI Capabilities: INTERNET&NOT_RESTRICTED&TRUSTED&NOT_VPN&NOT_VCN_MANAGED RequestorUid: 1000 RequestorPkg: android] ]
11-05 15:00:10.683 D/OemPaidWifiNetworkFactory( 484): got request NetworkRequest [ REQUEST id=19, [ Capabilities: INTERNET&NOT_RESTRICTED&TRUSTED&NOT_VCN_MANAGED Uid: 1073 RequestorUid: 1073 RequestorPkg: com.android.networkstack] ]
11-05 15:00:10.683 D/OemPaidWifiNetworkFactory( 484): got request NetworkRequest [ REQUEST id=1, [ Capabilities: INTERNET&NOT_RESTRICTED&TRUSTED&NOT_VPN&NOT_VCN_MANAGED RequestorUid: 1000 RequestorPkg: android] ]
11-05 15:00:10.683 D/OemPaidWifiNetworkFactory( 484): got request NetworkRequest [ REQUEST id=10, [ Capabilities: INTERNET&NOT_RESTRICTED&TRUSTED&NOT_VCN_MANAGED Uid: 1000 RequestorUid: 1000 RequestorPkg: android] ]
11-05 15:00:10.683 D/AppSearchStatsCollector( 484): atoms registered
11-05 15:00:10.683 D/OemPaidWifiNetworkFactory( 484): got request NetworkRequest [ REQUEST id=17, [ Capabilities: INTERNET&NOT_RESTRICTED&TRUSTED&NOT_VCN_MANAGED Uid: 1000 RequestorUid: 1000 RequestorPkg: android] ]
11-05 15:00:10.683 D/ActivityManagerTiming( 484): TotalBootTime took to complete: 8060ms
11-05 15:00:10.683 D/SystemServerInitThreadPool( 484): Shutdown requested
11-05 15:00:10.683 I/SystemServerTiming( 484): WaitInitThreadPoolShutdown
11-05 15:00:10.684 D/SystemServerInitThreadPool( 484): Shutdown successful
11-05 15:00:10.693 I/init ( 1): processing action (sys.boot_completed=1) from (/system/etc/init/hw/init.rc:1130)
11-05 15:00:10.695 I/init ( 1): starting service 'exec 16 (/bin/rm -rf /data/per_boot)'...
11-05 15:00:10.688 D/ActivityManager( 484): refreshZramWriteback
11-05 15:00:10.688 D/ActivityManager( 484): real start flush
11-05 15:00:10.690 W/ZramWriteback( 484): Writeback device is not set
11-05 15:00:10.691 D/ZramWriteback( 484): wait to flush
11-05 15:00:10.691 I/ActivityManager( 484): User 0 state changed from BOOTING to RUNNING_LOCKED
11-05 15:00:10.691 W/ActivityManager( 484): UserLifecycleEvent 4 received without an active userJourneySession.
11-05 15:00:10.699 I/init ( 1): SVC_EXEC service 'exec 16 (/bin/rm -rf /data/per_boot)' pid 1018 (uid 1000 gid 1000+0 context default) started; waiting...
11-05 15:00:10.703 I/sdiohal ( 248): sdiohal_scan_card
11-05 15:00:10.703 I/sunxi-rfkill soc@3000000( 248): rfkill: bus_index: 1
11-05 15:00:10.704 I/xiriservice_All( 339): type=1400 audit(0.0:377): avc: denied { read } for scontext=u:r:init:s0 tcontext=u:r:init:s0 tclass=netlink_kobject_uevent_socket permissive=1
11-05 15:00:10.706 D/XM_HIDREAD( 319): add@ add@/bus/sdio/drivers/sdiohal
11-05 15:00:10.703 E/ ( 0): [ C0] sunxi-mmc 4021000.sdmmc: smc 2 p1 err, cmd 52, RTO !!
11-05 15:00:10.711 W/sdiohal ( 248): probe of mmc2:8800:1 failed with error -110
11-05 15:00:10.712 E/ ( 0): [ C0] sunxi-mmc 4021000.sdmmc: smc 2 p1 err, cmd 7, RTO !!
11-05 15:00:10.712 D/StorageManagerService( 484): unlockUserKey: 0 isFileEncryptedNativeOrEmulated: false hasToken: false hasSecret: false
11-05 15:00:10.717 W/ActivityManager( 484): UserLifecycleEvent 5 received without an active userJourneySession.
11-05 15:00:10.718 D/ActivityManager( 484): Started unlocking user 0
11-05 15:00:10.718 D/ActivityManager( 484): Unlocking user 0 progress 0
11-05 15:00:10.718 D/ActivityManager( 484): Unlocking user 0 progress 5
11-05 15:00:10.719 D/vold ( 184): fscrypt_prepare_user_storage for volume null, user 0, serial 0, flags 2
11-05 15:00:10.719 D/vold ( 184): Preparing: /data/system_ce/0
11-05 15:00:10.719 D/vold ( 184): Preparing: /data/misc_ce/0
11-05 15:00:10.719 D/vold ( 184): Preparing: /data/vendor_ce/0
11-05 15:00:10.719 E/ ( 0): [ C0] sunxi-mmc 4021000.sdmmc: smc 2 p1 err, cmd 7, RTO !!
11-05 15:00:10.727 E/ ( 0): [ C0] sunxi-mmc 4021000.sdmmc: smc 2 p1 err, cmd 7, RTO !!
11-05 15:00:10.732 V/WallpaperService( 684): Setting wallpaper dimming: 0.05
11-05 15:00:10.735 E/ ( 0): [ C0] sunxi-mmc 4021000.sdmmc: smc 2 p1 err, cmd 7, RTO !!
11-05 15:00:10.743 I/mmc2 ( 34): card 8800 removed
11-05 15:00:10.737 D/XM_HIDREAD( 319): remove@ remove@/devices/platform/soc@3000000/4021000.sdmmc/mmc_host/mmc2/mmc2:8800/mmc2:8800:1
11-05 15:00:10.737 D/XM_HIDREAD( 319): remove@ remove@/devices/platform/soc@3000000/4021000.sdmmc/mmc_host/mmc2/mmc2:8800
11-05 15:00:10.743 I/sunxi-mmc 4021000.sdmmc( 34): sdc set ios:clk 0Hz bm PP pm OFF vdd 0 width 1 timing LEGACY(SDR12) dt B
11-05 15:00:10.737 D/vold ( 184): Preparing: /data/media/0
11-05 15:00:10.738 D/vold ( 184): Preparing: /data/data
11-05 15:00:10.738 D/vold ( 184): Starting restorecon of /data/system_ce/0
11-05 15:00:10.744 I/sunxi-mmc 4021000.sdmmc( 34): sdc set ios:clk 0Hz bm PP pm UP vdd 23 width 1 timing LEGACY(SDR12) dt B
11-05 15:00:10.747 I/init ( 1): Service 'exec 16 (/bin/rm -rf /data/per_boot)' (pid 1018) exited with status 0 waiting took 0.049000 seconds
11-05 15:00:10.747 I/init ( 1): Sending signal 9 to service 'exec 16 (/bin/rm -rf /data/per_boot)' (pid 1018) process group...
11-05 15:00:10.747 I/libprocessgroup( 1): Successfully killed process cgroup uid 1000 pid 1018 in 0ms
11-05 15:00:10.746 D/vold ( 184): Finished restorecon of /data/system_ce/0
11-05 15:00:10.750 I/selinux ( 1019): SELinux: Skipping restorecon on directory(/data/system_ce/0)
11-05 15:00:10.746 D/vold ( 184): Starting restorecon of /data/vendor_ce/0
11-05 15:00:10.750 I/selinux ( 1019):
11-05 15:00:10.751 D/vold ( 184): Finished restorecon of /data/vendor_ce/0
11-05 15:00:10.751 D/vold ( 184): Starting restorecon of /data/misc_ce/0
11-05 15:00:10.757 I/sunxi-mmc 4021000.sdmmc( 34): sdc set ios:clk 400000Hz bm PP pm ON vdd 23 width 1 timing LEGACY(SDR12) dt B
11-05 15:00:10.760 D/vold ( 184): Finished restorecon of /data/misc_ce/0
11-05 15:00:10.761 D/vold ( 184): /system/bin/vold_prepare_subdirs
11-05 15:00:10.761 D/vold ( 184): prepare
11-05 15:00:10.761 D/vold ( 184):
11-05 15:00:10.761 D/vold ( 184): 0
11-05 15:00:10.761 D/vold ( 184): 2
11-05 15:00:10.768 E/ ( 0): [ C0] sunxi-mmc 4021000.sdmmc: smc 2 p1 err, cmd 52, RTO !!
11-05 15:00:10.775 I/hwservicemanager( 180): getTransport: Cannot find entry android.hardware.graphics.mapper@4.0::IMapper/default in either framework or device VINTF manifest.
11-05 15:00:10.775 I/Gralloc4( 684): mapper 4.x is not supported
11-05 15:00:10.775 I/hwservicemanager( 180): getTransport: Cannot find entry android.hardware.graphics.mapper@3.0::IMapper/default in either framework or device VINTF manifest.
11-05 15:00:10.775 W/Gralloc3( 684): mapper 3.x is not supported
11-05 15:00:10.777 E/ ( 0): [ C0] sunxi-mmc 4021000.sdmmc: smc 2 p1 err, cmd 52, RTO !!
11-05 15:00:10.784 I/sunxi-mmc 4021000.sdmmc( 34): sdc set ios:clk 400000Hz bm PP pm ON vdd 23 width 1 timing LEGACY(SDR12) dt B
11-05 15:00:10.787 I/sunxi-mmc 4021000.sdmmc( 34): sdc set ios:clk 400000Hz bm PP pm ON vdd 23 width 1 timing LEGACY(SDR12) dt B
11-05 15:00:10.789 E/gralloc ( 684): Arm Module v1.0
11-05 15:00:10.791 I/hwservicemanager( 180): getTransport: Cannot find entry android.hardware.graphics.allocator@4.0::IAllocator/default in either framework or device VINTF manifest.
11-05 15:00:10.791 W/Gralloc4( 684): allocator 4.x is not supported
11-05 15:00:10.792 I/hwservicemanager( 180): getTransport: Cannot find entry android.hardware.graphics.allocator@3.0::IAllocator/default in either framework or device VINTF manifest.
11-05 15:00:10.792 W/Gralloc3( 684): allocator 3.x is not supported
11-05 15:00:10.799 I/sunxi-mmc 4021000.sdmmc( 34): sdc set ios:clk 400000Hz bm PP pm ON vdd 23 width 4 timing LEGACY(SDR12) dt B
11-05 15:00:10.800 I/sunxi-mmc 4021000.sdmmc( 34): sdc set ios:clk 400000Hz bm PP pm ON vdd 23 width 4 timing UHS-SDR104 dt B
11-05 15:00:10.800 I/sunxi-mmc 4021000.sdmmc( 34): sdc set ios:clk 150000000Hz bm PP pm ON vdd 23 width 4 timing UHS-SDR104 dt B
11-05 15:00:10.801 I/mmc2 ( 34): new ultra high speed SDR104 SDIO card at address 8800
11-05 15:00:10.797 D/XM_HIDREAD( 319): add@ add@/devices/platform/soc@3000000/4021000.sdmmc/mmc_host/mmc2/mmc2:8800
11-05 15:00:10.797 D/XM_HIDREAD( 319): add@ add@/devices/platform/soc@3000000/4021000.sdmmc/mmc_host/mmc2/mmc2:8800/mmc2:8800:1
11-05 15:00:10.804 I/sdiohal ( 34): sdiohal_probe: func->class=0, vendor=0x0000, device=0x0000, func_num=0x0001, clock=150000000, SDIOHAL_RX_RECVBUF_LEN:200,SDIOHAL_32_BIT_RX_RECVBUF_LEN:32.
11-05 15:00:10.798 I/gralloc ( 255): alloc buffer:W:1920 H:1080 S:1920 PL[1920 1080] SZ:8294400 fmt:43 if:0 af:43 usg:20000b00 fg:00000004
11-05 15:00:10.805 I/WCN ( 34): marlin_get_wcn_chipid: chipid: 0x56630001
11-05 15:00:10.805 I/sdiohal ( 248): scan end!
11-05 15:00:10.805 I/WCN ( 34): marlin_scan_finish!
11-05 15:00:10.805 I/WCN ( 248): then marlin start to download
11-05 15:00:10.805 I/sdiohal ( 34): sdiohal_probe: sdio_dev_host, max_req_size=0x2000000, max_blk_count=0x2000, max_blk_size=0x1000
11-05 15:00:10.805 I/sdiohal ( 34): probe ok
11-05 15:00:10.805 I/WCN ( 34): marlin_request_firmware from /vendor/etc/firmware/wcnmodem.bin start!
11-05 15:00:10.806 E/ion ( 684): ioctl c0044901 failed with code -1: Inappropriate ioctl for device
11-05 15:00:10.815 I/WCN ( 34): marlin_firmware_parse_image imagepack is WCNE type,need parse it
11-05 15:00:10.815 I/WCN ( 34): marlin marlin_firmware_write imagepack is WCNE type,need parse it
11-05 15:00:10.815 E/ ( 0): [ C0] sunxi-mmc 4021000.sdmmc: smc 2 p1 err, cmd 53, WR DCE !!
11-05 15:00:10.823 I/sunxi-mmc 4021000.sdmmc( 132): *****retry:start*****
11-05 15:00:10.823 I/sunxi-mmc 4021000.sdmmc( 132): REG_DRV_DL: 0x00010000
11-05 15:00:10.823 I/sunxi-mmc 4021000.sdmmc( 132): REG_SD_NTSR: 0x81710000
11-05 15:00:10.823 I/sunxi-mmc 4021000.sdmmc( 132): *****retry:re-send cmd*****
11-05 15:00:10.823 E/ ( 0): [ C0] sunxi-mmc 4021000.sdmmc: smc 2 p1 err, cmd 53, WR DCE !!
11-05 15:00:10.822 D/vold_prepare_subdirs( 1022): Setting up mode 771 uid 1000 gid 1000 context u:object_r:system_data_file:s0:c512,c768 on path: /data/data
11-05 15:00:10.823 D/vold_prepare_subdirs( 1022): Setting up mode 700 uid 0 gid 0 context u:object_r:vold_data_file:s0 on path: /data/misc_ce/0/vold
11-05 15:00:10.831 I/sunxi-mmc 4021000.sdmmc( 132): *****retry:start*****
11-05 15:00:10.831 I/sunxi-mmc 4021000.sdmmc( 132): REG_DRV_DL: 0x00010000
11-05 15:00:10.831 I/sunxi-mmc 4021000.sdmmc( 132): REG_SD_NTSR: 0x81710000
11-05 15:00:10.831 I/sunxi-mmc 4021000.sdmmc( 132): *****retry:re-send cmd*****
11-05 15:00:10.831 E/ ( 0): [ C0] sunxi-mmc 4021000.sdmmc: smc 2 p1 err, cmd 53, WR DCE !!
11-05 15:00:10.840 I/sunxi-mmc 4021000.sdmmc( 132): *****retry:start*****
11-05 15:00:10.840 I/sunxi-mmc 4021000.sdmmc( 132): REG_DRV_DL: 0x00010000
11-05 15:00:10.840 I/sunxi-mmc 4021000.sdmmc( 132): REG_SD_NTSR: 0x81710000
11-05 15:00:10.840 I/sunxi-mmc 4021000.sdmmc( 132): *****retry:re-send cmd*****
11-05 15:00:10.840 E/ ( 0): [ C0] sunxi-mmc 4021000.sdmmc: smc 2 p1 err, cmd 53, WR DCE !!
11-05 15:00:10.836 W/sunxihwc( 256): computeLayerMemoryFootprint: Unknown pixelformat(-1)
11-05 15:00:10.848 I/sunxi-mmc 4021000.sdmmc( 132): *****retry:start*****
11-05 15:00:10.848 I/sunxi-mmc 4021000.sdmmc( 132): REG_DRV_DL: 0x00030000
11-05 15:00:10.848 I/sunxi-mmc 4021000.sdmmc( 132): REG_SD_NTSR: 0x81710110
11-05 15:00:10.848 I/sunxi-mmc 4021000.sdmmc( 132): *****retry:re-send cmd*****
11-05 15:00:10.848 D/ ( 0): [ C0] 4,end
11-05 15:00:10.844 D/vold_prepare_subdirs( 1022): Setting up mode 700 uid 0 gid 0 context u:object_r:storaged_data_file:s0 on path: /data/misc_ce/0/storaged
11-05 15:00:10.853 D/vold_prepare_subdirs( 1022): Setting up mode 700 uid 0 gid 0 context u:object_r:rollback_data_file:s0 on path: /data/misc_ce/0/rollback
11-05 15:00:10.854 I/gralloc ( 255): alloc buffer:W:1920 H:1080 S:1920 PL[1920 1080] SZ:8294400 fmt:43 if:0 af:43 usg:20000b00 fg:00000004
11-05 15:00:10.860 D/vold_prepare_subdirs( 1022): Setting up mode 700 uid 0 gid 0 context u:object_r:apex_rollback_data_file:s0 on path: /data/misc_ce/0/apexrollback
11-05 15:00:10.865 D/vold_prepare_subdirs( 1022): Setting up mode 711 uid 0 gid 0 context u:object_r:apex_module_data_file:s0 on path: /data/misc_ce/0/apexdata
11-05 15:00:10.869 D/vold_prepare_subdirs( 1022): Setting up mode 771 uid 0 gid 1000 context u:object_r:apex_wifi_data_file:s0 on path: /data/misc_ce/0/apexdata/com.android.wifi
11-05 15:00:10.876 D/vold_prepare_subdirs( 1022): Setting up mode 771 uid 0 gid 1000 context u:object_r:apex_module_data_file:s0 on path: /data/misc_ce/0/apexdata/com.android.vndk.v31
11-05 15:00:10.878 D/vold_prepare_subdirs( 1022): Setting up mode 771 uid 0 gid 1000 context u:object_r:apex_module_data_file:s0 on path: /data/misc_ce/0/apexdata/com.android.tzdata
11-05 15:00:10.879 D/vold_prepare_subdirs( 1022): Setting up mode 771 uid 0 gid 1000 context u:object_r:apex_module_data_file:s0 on path: /data/misc_ce/0/apexdata/com.android.tethering
11-05 15:00:10.880 D/vold_prepare_subdirs( 1022): Setting up mode 771 uid 0 gid 1000 context u:object_r:apex_module_data_file:s0 on path: /data/misc_ce/0/apexdata/com.android.sdkext
11-05 15:00:10.880 D/vold_prepare_subdirs( 1022): Setting up mode 771 uid 0 gid 1000 context u:object_r:apex_module_data_file:s0 on path: /data/misc_ce/0/apexdata/com.android.scheduling
11-05 15:00:10.881 D/vold_prepare_subdirs( 1022): Setting up mode 771 uid 0 gid 1000 context u:object_r:apex_module_data_file:s0 on path: /data/misc_ce/0/apexdata/com.android.runtime
11-05 15:00:10.882 D/vold_prepare_subdirs( 1022): Setting up mode 771 uid 0 gid 1000 context u:object_r:apex_module_data_file:s0 on path: /data/misc_ce/0/apexdata/com.android.resolv
11-05 15:00:10.883 D/vold_prepare_subdirs( 1022): Setting up mode 771 uid 0 gid 1000 context u:object_r:apex_permission_data_file:s0 on path: /data/misc_ce/0/apexdata/com.android.permission
11-05 15:00:10.883 D/vold_prepare_subdirs( 1022): Setting up mode 771 uid 0 gid 1000 context u:object_r:apex_module_data_file:s0 on path: /data/misc_ce/0/apexdata/com.android.os.statsd
11-05 15:00:10.884 D/vold_prepare_subdirs( 1022): Setting up mode 771 uid 0 gid 1000 context u:object_r:apex_module_data_file:s0 on path: /data/misc_ce/0/apexdata/com.android.neuralnetworks
11-05 15:00:10.886 D/vold_prepare_subdirs( 1022): Setting up mode 771 uid 0 gid 1000 context u:object_r:apex_module_data_file:s0 on path: /data/misc_ce/0/apexdata/com.android.mediaprovider
11-05 15:00:10.889 D/vold_prepare_subdirs( 1022): Setting up mode 771 uid 0 gid 1000 context u:object_r:apex_module_data_file:s0 on path: /data/misc_ce/0/apexdata/com.android.media.swcodec
11-05 15:00:10.890 I/update_engine( 390): [INFO:cleanup_previous_update_action.cc(112)] Executing task 6
11-05 15:00:10.892 D/vold_prepare_subdirs( 1022): Setting up mode 771 uid 0 gid 1000 context u:object_r:apex_module_data_file:s0 on path: /data/misc_ce/0/apexdata/com.android.media
11-05 15:00:10.898 D/vold_prepare_subdirs( 1022): Setting up mode 771 uid 0 gid 1000 context u:object_r:apex_module_data_file:s0 on path: /data/misc_ce/0/apexdata/com.android.ipsec
11-05 15:00:10.898 I/update_engine( 390): [INFO:cleanup_previous_update_action.cc(189)] Boot completed, waiting on markBootSuccessful()
11-05 15:00:10.907 D/vold_prepare_subdirs( 1022): Setting up mode 771 uid 0 gid 1000 context u:object_r:apex_module_data_file:s0 on path: /data/misc_ce/0/apexdata/com.android.i18n
11-05 15:00:10.910 I/update_engine( 390): EnsureMetadataMounted does nothing in Android mode.
11-05 15:00:10.910 D/vold_prepare_subdirs( 1022): Setting up mode 771 uid 0 gid 1000 context u:object_r:apex_module_data_file:s0 on path: /data/misc_ce/0/apexdata/com.android.extservices
11-05 15:00:10.912 D/vold_prepare_subdirs( 1022): Setting up mode 771 uid 0 gid 1000 context u:object_r:apex_module_data_file:s0 on path: /data/misc_ce/0/apexdata/com.android.conscrypt
11-05 15:00:10.913 I/update_engine( 390): Read merge statistics file failed: No such file or directory
11-05 15:00:10.913 D/vold_prepare_subdirs( 1022): Setting up mode 771 uid 0 gid 1000 context u:object_r:apex_module_data_file:s0 on path: /data/misc_ce/0/apexdata/com.android.art
11-05 15:00:10.914 D/vold_prepare_subdirs( 1022): Setting up mode 771 uid 0 gid 1000 context u:object_r:apex_appsearch_data_file:s0 on path: /data/misc_ce/0/apexdata/com.android.appsearch
11-05 15:00:10.915 D/vold_prepare_subdirs( 1022): Setting up mode 771 uid 0 gid 1000 context u:object_r:apex_module_data_file:s0 on path: /data/misc_ce/0/apexdata/com.android.adbd
11-05 15:00:10.918 I/update_engine( 390): [INFO:cleanup_previous_update_action.cc(261)] Waiting for any previous merge request to complete. This can take up to several minutes.
11-05 15:00:10.918 D/vold_prepare_subdirs( 1022): Setting up mode 700 uid 1000 gid 1000 context u:object_r:backup_data_file:s0 on path: /data/system_ce/0/backup
11-05 15:00:10.920 D/vold_prepare_subdirs( 1022): Setting up mode 700 uid 1000 gid 1000 context u:object_r:backup_data_file:s0 on path: /data/system_ce/0/backup_stage
11-05 15:00:10.921 D/vold_prepare_subdirs( 1022): Setting up mode 700 uid 1000 gid 1000 context u:object_r:face_vendor_data_file:s0 on path: /data/vendor_ce/0/facedata
11-05 15:00:10.921 E/update_engine( 390): Read state file failed: No such file or directory
11-05 15:00:10.925 V/UserDataPreparer( 484): Found /data/user/0 with serial number 0
11-05 15:00:10.925 V/UserDataPreparer( 484): Found /data/system_ce/0 with serial number 0
11-05 15:00:10.926 D/UserDataPreparer( 484): Setting property: sys.user.0.ce_available=true
11-05 15:00:10.927 V/PackageManager( 484): reconcileAppsData for null u0 0x2 migrateAppData=false
11-05 15:00:10.931 E/update_engine( 390): Read state file failed: No such file or directory
11-05 15:00:10.934 I/update_engine( 390): CheckMergeState for snapshots returned: 0
11-05 15:00:10.937 I/update_engine( 390): ProcessUpdateState handling state: 0
11-05 15:00:10.939 I/update_engine( 390): [INFO:cleanup_previous_update_action.cc(287)] Can't find any snapshot to merge.
11-05 15:00:10.942 E/update_engine( 390): Read state file failed: No such file or directory
11-05 15:00:10.945 I/update_engine( 390): [INFO:cleanup_previous_update_action.cc(130)] Stopping/suspending/completing CleanupPreviousUpdateAction
11-05 15:00:10.947 I/update_engine( 390): [INFO:cleanup_previous_update_action.cc(469)] Not reporting merge stats because state is None
11-05 15:00:10.949 I/update_engine( 390): [INFO:cleanup_previous_update_action.cc(130)] Stopping/suspending/completing CleanupPreviousUpdateAction
11-05 15:00:10.951 I/update_engine( 390): [INFO:action_processor.cc(116)] ActionProcessor: finished last action CleanupPreviousUpdateAction with code ErrorCode::kSuccess
11-05 15:00:10.954 I/update_engine( 390): [INFO:update_attempter_android.cc(549)] Processing Done.
11-05 15:00:10.957 I/update_engine( 390): [INFO:update_attempter_android.cc(701)] Terminating cleanup previous update.
11-05 15:00:10.969 I/WCN ( 34): combin_img 4 marlin_firmware_write finish and successful
11-05 15:00:10.969 I/WCN ( 34): marlin_start_run read reset reg val:0x180008
11-05 15:00:10.969 I/WCN ( 34): after do marlin_start_run reset reg val:0x80008
11-05 15:00:10.973 W/IorapForwardingService( 484): No service published for: iorapd
11-05 15:00:10.970 I/WCN ( 34): s_marlin_bootup_time=17900672514
11-05 15:00:10.977 I/WCN ( 34): clock mode: TCXO, outside clock
11-05 15:00:10.977 I/WCN ( 34): marlin_write_cali_data sync init_state:0x0
11-05 15:00:11.003 I/WCN ( 34): marlin_write_cali_data sync init_state:0x0
11-05 15:00:11.031 I/WCN ( 34): marlin_write_cali_data sync init_state:0x0
11-05 15:00:11.061 I/WCN ( 34): marlin_write_cali_data sync init_state:0xf0f0f0f1
11-05 15:00:11.061 I/WCN ( 34): sdio_config bt_wake_host trigger:[high]
11-05 15:00:11.061 I/WCN ( 34): sdio_config irq:[inband]
11-05 15:00:11.061 I/WCN ( 34): sdio_config wake_host_level_duration_time:[20ms]
11-05 15:00:11.061 I/WCN ( 34): sdio_config wake_host_data_separation:[bt/wifi reuse]
11-05 15:00:11.061 I/WCN ( 34): marlin_send_sdio_config_to_cp sdio_config:0x80f01 (enable config)
11-05 15:00:11.061 I/WCN ( 34): marlin_write_cali_data finish
11-05 15:00:11.061 I/WCN ( 34): check_cp_ready sync val:0xf0f0f0f2, prj_type val:0xe0e0e0e0
11-05 15:00:11.073 D/hdmi-cec( 260): setOption, flag=0x0005, value=0x007a686f
11-05 15:00:11.074 D/hdmi-cec( 260): reset logical address to broadcast
11-05 15:00:11.087 I/WCN ( 34): check_cp_ready sync val:0xf0f0f0f2, prj_type val:0xe0e0e0e0
11-05 15:00:11.119 I/WCN ( 34): check_cp_ready sync val:0xf0f0f0f2, prj_type val:0xe0e0e0e0
11-05 15:00:11.151 I/init (163)( 163): drop_caches: 3
11-05 15:00:11.144 I/init ( 163): type=1400 audit(0.0:378): avc: denied { write } for name="dirty_expire_centisecs" dev="proc" ino=12276 scontext=u:r:vendor_init:s0 tcontext=u:object_r:proc_dirty:s0 tclass=file permissive=1
11-05 15:00:11.152 I/WCN ( 34): check_cp_ready sync val:0xf0f0f0f2, prj_type val:0xe0e0e0e0
11-05 15:00:11.158 D/XM_HIDREAD( 319): add@ add@/kernel/slab/:0000008
11-05 15:00:11.156 I/xiriservice_All( 339): type=1400 audit(0.0:379): avc: denied { read } for scontext=u:r:init:s0 tcontext=u:r:init:s0 tclass=netlink_kobject_uevent_socket permissive=1
11-05 15:00:11.164 I/zram0 ( 1): detected capacity change from 0 to 1541578752
11-05 15:00:11.183 I/WCN ( 34): check_cp_ready sync val:0xf0f0f0ff, prj_type val:0xe0e0e0e0
11-05 15:00:11.183 I/WCN ( 34): dcxo_aon_set_mode read DCXO_LP_CTRL21 reg val:0x00000000
11-05 15:00:11.183 I/WCN ( 34): after do dcxo_aon_set_mode set reg val:0x00008000
11-05 15:00:11.183 I/sdiohal ( 34): sdiohal_runtime_get entry
11-05 15:00:11.183 D/ ( 34): [xw] before reg = 0x1
11-05 15:00:11.183 D/ ( 34): [xw] after reg = 0x3
11-05 15:00:11.184 I/WCN ( 34): get_cp2_version entry!
11-05 15:00:11.185 I/WCN ( 342): WCND at cmd read:WCN_VER:Platform Version:MARLIN3E_23A_W25.25.3~Project Version:uwe5623_marlin3E_ott~06-18-2025 16:53:51~
11-05 15:00:11.185 I/WCN ( 34): switch_cp2_log - close entry!
11-05 15:00:11.186 I/WCN ( 342): WCND at cmd read:OK
11-05 15:00:11.186 I/WCN ( 248): then marlin download finished and run ok
11-05 15:00:11.186 E/bluetooth_set_power( 248): end_block=0
11-05 15:00:11.186 I/bt_userial_vendor( 248): device fd = 5 open
11-05 15:00:11.186 I/bt_chip_vendor( 248): marlin3_pskey_preload
11-05 15:00:11.186 D/bt_vnd_hci( 248): sprd_vnd_send_hci_vsc a0 fc b0 00 1f 00 00 bf fe 8d fe db 3d 7b 87 ff a7 ff 7f 00 e0 f7 3e ff 25 af 4b a3 4a ec 01 01 01 ff 00 ff ff 00 02 00 00 00 00 00 00 00 00 00 00 00 00 00 00 00 00 00 00 00 00 00 00 00 00 00 00 00 00 00 00 00 00 4d 00 66 00 9b 00 66 00 00 00 00 00 00 00 00 00 00 00 00 00 01 01 01 00 00 00 00 00 00 00 00 00 28 00 00 00 06 08 0c 22 00 00 00 00 00 00 00 00 00 ff 00 00 00 00 00 00 00 00 00 00 00 00 00 00 00 00 00 00 e2 04 40 1f 20 00 c8 00 0a 00 00 00 00 00 00 00 00 00 00 00 00 00 00 00 00 00 00 00 00 00 00 00 00 00 00 00 00 00 00 00
11-05 15:00:11.186 E/bt_upio ( 248): upio_set : /proc/bluetooth/sleep/btwrite(-1) incorrent
11-05 15:00:11.188 I/bt_chip_vendor( 248): Bluetooth Firmware Node: 6245 Date: 2015-06-10
11-05 15:00:11.190 I/bt_chip_vendor( 248): yujian.qin marlin3_rf_preload
11-05 15:00:11.190 D/bt_vnd_hci( 248): sprd_vnd_send_hci_vsc a2 fc fc 00 e0 00 e0 00 e0 00 e0 00 e0 00 e0 15 41 15 3a 15 34 15 2e 15 27 15 21 15 1a 15 13 15 0d 15 07 15 3b 15 37 15 33 15 2f 15 2b 15 27 15 23 15 1f 15 1b 15 17 15 13 15 0f 15 0b 15 08 15 04 15 00 15 09 15 09 15 08 15 08 15 08 15 08 15 07 15 07 15 0d 15 0d 15 0c 15 0c 15 0b 15 0b 15 0b 15 0b 15 10 15 10 15 0f 15 0f 15 0f 15 0f 15 0f 15 0f 00 e0 00 e0 00 e0 00 e0 00 e0 00 e0 15 4d 15 46 15 3d 15 36 15 2d 15 26 15 1f 15 18 15 0f 15 08 15 4b 15 4b 15 4b 15 4b 15 4b 15 46 15 40 15 3b 15 36 15 30 15 2b 15 26 15 20 15 1a 15 14 15 0e 15 09 15 09 15 08 15 08 15 08 15 08 15 07 15 07 15 0d 15 0d 15 0c 15 0c 15 0b 15 0b 15 0b 15 0b 15 10 15 10 15 0f 15 0f 15 0f 15 0f 15 0f 15 0f 00 00 ff ff 01 00 00 55 44 43 5f 55 55 c8 55 55 55 55 55 55 55 55 55 55 55 55 55 55
11-05 15:00:11.188 I//system/bin/init( 1): type=1107 audit(0.0:380): uid=0 auid=4294967295 ses=4294967295 subj=u:r:init:s0 msg='avc: denied { set } for property=rw.vendor.bluetooth.fw.ver pid=248 uid=1002 gid=1002 scontext=u:r:hal_bluetooth_default:s0 tcontext=u:object_r:default_prop:s0 tclass=property_service permissive=1'
11-05 15:00:11.209 I/bt_chip_vendor( 248): hw_rf_cback hw_core_cback response: [0xFCA2, 0x0000, 0x00]
11-05 15:00:11.209 I/bt_chip_vendor( 248): hw_core_enable
11-05 15:00:11.210 I/bt_chip_vendor( 248): hw_core_enable : 1
11-05 15:00:11.210 E/bt_upio ( 248): upio_set : /proc/bluetooth/sleep/btwrite(-1) incorrent
11-05 15:00:11.211 I/bt_chip_vendor( 248): hw_core_cback hw_core_cback response: [0xFCA1, 0x0000, 0x01]
11-05 15:00:11.211 D/android.hardware.bluetooth@1.0-impl( 248): OnFirmwareConfigured result: 0
11-05 15:00:11.211 I/android.hardware.bluetooth@1.0-impl( 248): Firmware configured in 0.025s
11-05 15:00:11.212 I/bt_hci ( 670): system/bt/hci/src/hci_layer.cc:367 event_finish_startup: event_finish_startup
11-05 15:00:11.212 I/android.hardware.bluetooth@1.0-impl( 248): OnFirmwareConfigured: lpm_timeout_ms 1500
11-05 15:00:11.212 D/android.hardware.bluetooth@1.0-impl( 248): low_power_mode_cb result: 0
11-05 15:00:11.212 D/android.hardware.bluetooth@1.0-impl( 248): OnFirmwareConfigured Calling StartLowPowerWatchdog()
11-05 15:00:11.212 I/bt_core_module( 670): system/bt/btcore/src/module.cc:90 module_start_up: module_start_up Started module "hci_module"
11-05 15:00:11.213 I/bt_l2cap( 670): system/bt/stack/l2cap/l2c_api.cc:134 L2CA_Register: L2CAP Registered service classic PSM: 0x0001
11-05 15:00:11.214 I/bt_l2cap( 670): system/bt/stack/l2cap/l2c_api.cc:134 L2CA_Register: L2CAP Registered service classic PSM: 0x001f
11-05 15:00:11.214 I/bluetooth( 670): system/bt/stack/gatt/gatt_api.cc:1019 GATT_Register: Allocated name:GattProfileDb uuid:81818181-8181-8181-8181-818181818181 gatt_if:1 eatt_support:0
11-05 15:00:11.215 I/droid.bluetoot( 670): [1105/150011.214976:INFO:gatt_api.cc(179)] GATTS_AddService
11-05 15:00:11.215 I/droid.bluetoot( 670): [1105/150011.215239:INFO:gatt_api.cc(288)] GATTS_AddService: service parsed correctly, now starting
11-05 15:00:11.215 I/droid.bluetoot( 670): [1105/150011.215391:INFO:gatt_sr_hash.cc(124)] gatts_calculate_database_hash: hash=80AEB10BC70DCCEFA207489DCED98FED
11-05 15:00:11.215 I/bt_l2cap( 670): system/bt/stack/l2cap/l2c_api.cc:434 L2CA_RegisterLECoc: Registered service LE COC PSM: 0x0027
11-05 15:00:11.216 I/bt_l2cap( 670): system/bt/stack/l2cap/l2c_api.cc:134 L2CA_Register: L2CAP Registered service classic PSM: 0x0003
11-05 15:00:11.216 I/bluetooth( 670): system/bt/stack/gatt/gatt_api.cc:1019 GATT_Register: Allocated name:Gap uuid:82828282-8282-8282-8282-828282828282 gatt_if:2 eatt_support:0
11-05 15:00:11.216 I/droid.bluetoot( 670): [1105/150011.216449:INFO:gatt_api.cc(179)] GATTS_AddService
11-05 15:00:11.216 I/droid.bluetoot( 670): [1105/150011.216520:INFO:gatt_api.cc(288)] GATTS_AddService: service parsed correctly, now starting
11-05 15:00:11.216 I/droid.bluetoot( 670): [1105/150011.216609:INFO:gatt_sr_hash.cc(124)] gatts_calculate_database_hash: hash=8991C462EBE9D90B9EA0DA3E16D0F513
11-05 15:00:11.217 I/bt_bte ( 670): system/bt/main/bte_logmsg.cc:248 load_levels_from_config: BTE_InitTraceLevels -- TRC_HCI : Level 2
11-05 15:00:11.217 I/bt_bte ( 670): system/bt/main/bte_logmsg.cc:248 load_levels_from_config: BTE_InitTraceLevels -- TRC_L2CAP : Level 2
11-05 15:00:11.217 I/bt_bte ( 670): system/bt/main/bte_logmsg.cc:248 load_levels_from_config: BTE_InitTraceLevels -- TRC_RFCOMM : Level 2
11-05 15:00:11.217 I/bt_bte ( 670): system/bt/main/bte_logmsg.cc:248 load_levels_from_config: BTE_InitTraceLevels -- TRC_AVDT : Level 2
11-05 15:00:11.217 I/bt_bte ( 670): system/bt/main/bte_logmsg.cc:248 load_levels_from_config: BTE_InitTraceLevels -- TRC_AVRC : Level 2
11-05 15:00:11.217 I/bt_bte ( 670): system/bt/main/bte_logmsg.cc:248 load_levels_from_config: BTE_InitTraceLevels -- TRC_A2D : Level 2
11-05 15:00:11.217 I/bt_bte ( 670): system/bt/main/bte_logmsg.cc:248 load_levels_from_config: BTE_InitTraceLevels -- TRC_BNEP : Level 2
11-05 15:00:11.217 I/bt_bte ( 670): system/bt/main/bte_logmsg.cc:248 load_levels_from_config: BTE_InitTraceLevels -- TRC_BTM : Level 2
11-05 15:00:11.217 I/bt_bte ( 670): system/bt/main/bte_logmsg.cc:248 load_levels_from_config: BTE_InitTraceLevels -- TRC_HID_HOST : Level 2
11-05 15:00:11.217 I/bt_bte ( 670): system/bt/main/bte_logmsg.cc:248 load_levels_from_config: BTE_InitTraceLevels -- TRC_PAN : Level 2
11-05 15:00:11.217 I/bt_bte ( 670): system/bt/main/bte_logmsg.cc:248 load_levels_from_config: BTE_InitTraceLevels -- TRC_SDP : Level 2
11-05 15:00:11.217 I/bt_bte ( 670): system/bt/main/bte_logmsg.cc:248 load_levels_from_config: BTE_InitTraceLevels -- TRC_SMP : Level 2
11-05 15:00:11.217 I/bt_bte ( 670): system/bt/main/bte_logmsg.cc:248 load_levels_from_config: BTE_InitTraceLevels -- TRC_HID_DEV : Level 2
