11-05 15:00:28.476 I/gralloc ( 255): alloc buffer:W:1920 H:1080 S:1920 PL[1920 1080] SZ:8294400 fmt:1 if:0 af:1 usg:20000b00 fg:00000004
11-05 15:00:28.525 W/RecyclerView( 2850): No adapter attached; skipping layout
11-05 15:00:28.551 I/AW_PowerHAL( 259): Power setMode: LAUNCH to: 0
11-05 15:00:28.557 I/AW_PowerHAL( 259): cur-mode:SCHEDUTIL
11-05 15:00:28.571 D/CompatibilityChangeReporter( 484): Compat change id reported: 158002302; UID 10054; state: ENABLED
11-05 15:00:28.572 W/ServiceManager( 289): Permission failure: android.permission.ACCESS_SURFACE_FLINGER from uid=10054 pid=2664
11-05 15:00:28.572 D/PermissionCache( 289): checking android.permission.ACCESS_SURFACE_FLINGER for uid=10054 => denied (608 us)
11-05 15:00:28.573 W/ServiceManager( 289): Permission failure: android.permission.ROTATE_SURFACE_FLINGER from uid=10054 pid=2664
11-05 15:00:28.573 D/PermissionCache( 289): checking android.permission.ROTATE_SURFACE_FLINGER for uid=10054 => denied (319 us)
11-05 15:00:28.582 I/ActivityTaskManager( 484): +++Displayed com.dangbei.haqusetting/.ui.HomeActivity: +932ms
11-05 15:00:28.583 I/hwservicemanager( 180): getTransport: Cannot find entry android.hardware.configstore@1.0::ISurfaceFlingerConfigs/default in either framework or device VINTF manifest.
11-05 15:00:28.636 D/CompatibilityChangeReporter( 484): Compat change id reported: 168419799; UID 10029; state: DISABLED
11-05 15:00:28.657 E/HWComposer( 289): getSupportedContentTypes: getSupportedContentTypes failed for display 0: Unsupported (8)
11-05 15:00:28.675 I/hwservicemanager( 180): getTransport: Cannot find entry android.hardware.graphics.mapper@4.0::IMapper/default in either framework or device VINTF manifest.
11-05 15:00:28.679 I/Gralloc4( 2664): mapper 4.x is not supported
11-05 15:00:28.688 I/hwservicemanager( 180): getTransport: Cannot find entry android.hardware.graphics.mapper@3.0::IMapper/default in either framework or device VINTF manifest.
11-05 15:00:28.688 W/Gralloc3( 2664): mapper 3.x is not supported
11-05 15:00:28.703 E/gralloc ( 2664): Arm Module v1.0
11-05 15:00:28.711 I/hwservicemanager( 180): getTransport: Cannot find entry android.hardware.graphics.allocator@4.0::IAllocator/default in either framework or device VINTF manifest.
11-05 15:00:28.712 W/Gralloc4( 2664): allocator 4.x is not supported
11-05 15:00:28.716 I/hwservicemanager( 180): getTransport: Cannot find entry android.hardware.graphics.allocator@3.0::IAllocator/default in either framework or device VINTF manifest.
11-05 15:00:28.716 W/Gralloc3( 2664): allocator 3.x is not supported
11-05 15:00:28.725 I/gralloc ( 255): alloc buffer:W:936 H:566 S:944 PL[936 566] SZ:2137216 fmt:1 if:0 af:1 usg:20000b00 fg:00000004
11-05 15:00:28.726 E/ion ( 2664): ioctl c0044901 failed with code -1: Inappropriate ioctl for device
11-05 15:00:28.728 I/gralloc ( 255): alloc buffer:W:936 H:566 S:944 PL[936 566] SZ:2137216 fmt:1 if:0 af:1 usg:20000b00 fg:00000004
11-05 15:00:28.730 I/gralloc ( 255): alloc buffer:W:936 H:566 S:944 PL[936 566] SZ:2137216 fmt:1 if:0 af:1 usg:20000b00 fg:00000004
11-05 15:00:28.756 D/UsbDialogItem( 2664): usb name > meida
11-05 15:00:28.775 I/WifiService( 484): startScan uid=1000
11-05 15:00:28.799 D/ConnectivityService( 484): requestNetwork for uid/pid:1000/2850 activeRequest: null callbackRequest: 35 [NetworkRequest [ REQUEST id=36, [ Capabilities: INTERNET&NOT_RESTRICTED&TRUSTED&NOT_VCN_MANAGED Uid: 1000 RequestorUid: 1000 RequestorPkg: com.dangbei.haqusetting] ]] callback flags: 0 priority: 2147483647
11-05 15:00:28.800 D/WifiNl80211Manager( 484): Scan result ready event
11-05 15:00:28.800 D/WifiNative( 484): Scan result ready event
11-05 15:00:28.806 D/ConnectivityService( 484): NetReassign [36 : null → 100]
11-05 15:00:28.814 D/Ethernet( 484): got request NetworkRequest [ REQUEST id=36, [ Capabilities: INTERNET&NOT_RESTRICTED&TRUSTED&NOT_VCN_MANAGED Uid: 1000 RequestorUid: 1000 RequestorPkg: com.dangbei.haqusetting] ]
11-05 15:00:28.814 D/EthernetNetworkFactory( 484): acceptRequest, request: NetworkRequest [ REQUEST id=36, [ Capabilities: INTERNET&NOT_RESTRICTED&TRUSTED&NOT_VCN_MANAGED Uid: 1000 RequestorUid: 1000 RequestorPkg: com.dangbei.haqusetting] ]
11-05 15:00:28.814 I/EthernetNetworkFactory( 484): networkForRequest, request: NetworkRequest [ REQUEST id=36, [ Capabilities: INTERNET&NOT_RESTRICTED&TRUSTED&NOT_VCN_MANAGED Uid: 1000 RequestorUid: 1000 RequestorPkg: com.dangbei.haqusetting] ], network: null
11-05 15:00:28.815 D/WifiNetworkFactory( 484): got request NetworkRequest [ REQUEST id=36, [ Capabilities: INTERNET&NOT_RESTRICTED&TRUSTED&NOT_VCN_MANAGED Uid: 1000 RequestorUid: 1000 RequestorPkg: com.dangbei.haqusetting] ]
11-05 15:00:28.817 D/UntrustedWifiNetworkFactory( 484): got request NetworkRequest [ REQUEST id=36, [ Capabilities: INTERNET&NOT_RESTRICTED&TRUSTED&NOT_VCN_MANAGED Uid: 1000 RequestorUid: 1000 RequestorPkg: com.dangbei.haqusetting] ]
11-05 15:00:28.838 D/OemPaidWifiNetworkFactory( 484): got request NetworkRequest [ REQUEST id=36, [ Capabilities: INTERNET&NOT_RESTRICTED&TRUSTED&NOT_VCN_MANAGED Uid: 1000 RequestorUid: 1000 RequestorPkg: com.dangbei.haqusetting] ]
11-05 15:00:28.912 E/ccc ( 1073): cccccc settingHelper resetManager
11-05 15:00:28.919 D/DisplayOutputImpl( 1073): updateSupportModes type = 4
11-05 15:00:28.922 D/DisplayConfig( 256): virtual Return vendor::display::config::V1_0::implementation::DisplayConfig::getSupportedModes(int32_t, vendor::display::config::V1_0::IDisplayConfig::getSupportedModes_cb): display[0] ret=0, supported modes count(9)
11-05 15:00:28.928 D/DisplayConfig( 256): virtual Return vendor::display::config::V1_0::implementation::DisplayConfig::getSupportedModes(int32_t, vendor::display::config::V1_0::IDisplayConfig::getSupportedModes_cb): display[0] ret=0, supported modes count(9)
11-05 15:00:28.931 W/displayd( 256): xxxxxxx: hdmi user strategy: 255
11-05 15:00:28.932 W/displayd( 256): xxxxxxx: getHDMINativeMode: use perfect hdmi mode(10) as native mode
11-05 15:00:28.932 D/DisplayOutputImpl( 1073): updateSupportModes = 10 , 255 , true
11-05 15:00:28.933 V/HdmiDisplayManager( 1073): H618
11-05 15:00:28.933 D/DisplayConfig( 256): virtual Return vendor::display::config::V1_0::implementation::DisplayConfig::getSupportedModes(int32_t, vendor::display::config::V1_0::IDisplayConfig::getSupportedModes_cb): display[0] ret=0, supported modes count(9)
11-05 15:00:28.934 W/displayd( 256): xxxxxxx: hdmi user strategy: 255
11-05 15:00:28.936 W/displayd( 256): xxxxxxx: getHDMINativeMode: use perfect hdmi mode(10) as native mode
11-05 15:00:28.938 D/DisplayOutputImpl( 1073): getDisplayOutputMode = 10 , 255 , true
11-05 15:00:28.940 D/DisplayConfig( 256): virtual Return vendor::display::config::V1_0::implementation::DisplayConfig::getSupportedModes(int32_t, vendor::display::config::V1_0::IDisplayConfig::getSupportedModes_cb): display[0] ret=0, supported modes count(9)
11-05 15:00:28.941 W/displayd( 256): xxxxxxx: hdmi user strategy: 255
11-05 15:00:28.942 W/displayd( 256): xxxxxxx: getHDMINativeMode: use perfect hdmi mode(10) as native mode
11-05 15:00:28.942 D/DisplayOutputImpl( 1073): getDisplayOutputMode = 10 , 255 , true
11-05 15:00:28.942 E/ccc ( 1073): cccccc current is AUTO(1080p 60Hz)
11-05 15:00:28.943 D/DisplayOutputImpl( 1073): updateSupportModes type = 4
11-05 15:00:28.945 D/DisplayConfig( 256): virtual Return vendor::display::config::V1_0::implementation::DisplayConfig::getSupportedModes(int32_t, vendor::display::config::V1_0::IDisplayConfig::getSupportedModes_cb): display[0] ret=0, supported modes count(9)
11-05 15:00:28.947 D/DisplayConfig( 256): virtual Return vendor::display::config::V1_0::implementation::DisplayConfig::getSupportedModes(int32_t, vendor::display::config::V1_0::IDisplayConfig::getSupportedModes_cb): display[0] ret=0, supported modes count(9)
11-05 15:00:28.951 W/displayd( 256): xxxxxxx: hdmi user strategy: 255
11-05 15:00:28.952 E/USBDialogUtils( 2664): usbdisk alert found
11-05 15:00:28.953 W/displayd( 256): xxxxxxx: getHDMINativeMode: use perfect hdmi mode(10) as native mode
11-05 15:00:28.954 D/DisplayOutputImpl( 1073): updateSupportModes = 10 , 255 , true
11-05 15:00:28.954 D/DisplayOutputImpl( 1073): updateSupportModes type = 4
11-05 15:00:28.958 D/DisplayConfig( 256): virtual Return vendor::display::config::V1_0::implementation::DisplayConfig::getSupportedModes(int32_t, vendor::display::config::V1_0::IDisplayConfig::getSupportedModes_cb): display[0] ret=0, supported modes count(9)
11-05 15:00:28.959 D/DisplayConfig( 256): virtual Return vendor::display::config::V1_0::implementation::DisplayConfig::getSupportedModes(int32_t, vendor::display::config::V1_0::IDisplayConfig::getSupportedModes_cb): display[0] ret=0, supported modes count(9)
11-05 15:00:28.960 W/displayd( 256): xxxxxxx: hdmi user strategy: 255
11-05 15:00:28.961 W/displayd( 256): xxxxxxx: getHDMINativeMode: use perfect hdmi mode(10) as native mode
11-05 15:00:28.961 D/DisplayOutputImpl( 1073): updateSupportModes = 10 , 255 , true
11-05 15:00:28.974 E/ccc ( 1073): cccccc ColorFormatManager reset
11-05 15:00:28.984 W/IE_Capabilities( 484): Unknown RSN cipher suite: 6ac0f00
11-05 15:00:28.991 D/DisplayConfig( 256): virtual Return vendor::display::config::V1_0::implementation::DisplayConfig::getSupportedModes(int32_t, vendor::display::config::V1_0::IDisplayConfig::getSupportedModes_cb): display[0] ret=0, supported modes count(9)
11-05 15:00:28.993 W/displayd( 256): xxxxxxx: hdmi user strategy: 255
11-05 15:00:28.994 W/displayd( 256): xxxxxxx: getHDMINativeMode: use perfect hdmi mode(10) as native mode
11-05 15:00:28.995 D/DisplayOutputImpl( 1073): getDisplayOutputMode = 10 , 255 , true
11-05 15:00:28.995 E/ccc ( 1073): cccccc current is AUTO(1080p 60Hz)
11-05 15:00:28.995 D/DisplayOutputImpl( 1073): updateSupportModes type = 4
11-05 15:00:28.996 D/DisplayConfig( 256): virtual Return vendor::display::config::V1_0::implementation::DisplayConfig::getSupportedModes(int32_t, vendor::display::config::V1_0::IDisplayConfig::getSupportedModes_cb): display[0] ret=0, supported modes count(9)
11-05 15:00:28.996 D/DisplayConfig( 256): virtual Return vendor::display::config::V1_0::implementation::DisplayConfig::getSupportedModes(int32_t, vendor::display::config::V1_0::IDisplayConfig::getSupportedModes_cb): display[0] ret=0, supported modes count(9)
11-05 15:00:28.997 W/displayd( 256): xxxxxxx: hdmi user strategy: 255
11-05 15:00:29.005 W/displayd( 256): xxxxxxx: getHDMINativeMode: use perfect hdmi mode(10) as native mode
11-05 15:00:29.006 D/DisplayOutputImpl( 1073): updateSupportModes = 10 , 255 , true
11-05 15:00:29.012 D/TvWindowManager( 484): key event key = KEYCODE_DPAD_DOWN down = true
11-05 15:00:29.031 I/BLEAudioDrive_HV410( 247): data len: 9 1
11-05 15:00:29.035 D/TvWindowManager( 484): key event key = KEYCODE_DPAD_DOWN down = true
11-05 15:00:29.077 W/IorapForwardingService( 484): No service published for: iorapd
11-05 15:00:29.083 W/InputDispatcher( 484): Excessive delay in interceptKeyBeforeQueueing; took 125 ms
11-05 15:00:29.094 D/GpioService( 484): mFlickerEnable = true
11-05 15:00:29.099 E/WifiHAL ( 664): wifi_get_link_stats: requestResponse Error:-5
11-05 15:00:29.124 I/DefaultIMS( 2402): onStartInput attribute=android.view.inputmethod.EditorInfo@f10b079 restarting=false inputType: 0
11-05 15:00:29.147 E/WifiVendorHal( 484): getWifiLinkLayerStats_1_5_Internal(l.1191) failed {.code = ERROR_INVALID_ARGS, .description = }
11-05 15:00:29.183 D/GpioService( 484): mFlickerEnable = true
11-05 15:00:29.189 I/BLEAudioDrive_HV410( 247): data len: 9 1
11-05 15:00:29.189 I/BLEAudioDrive_HV410( 247): keyboard stop
11-05 15:00:29.192 D/TvWindowManager( 484): key event key = KEYCODE_DPAD_DOWN down = false
11-05 15:00:29.194 D/GpioService( 484): mFlickerEnable = true
11-05 15:00:29.214 W/IE_Capabilities( 484): Unknown RSN cipher suite: 6ac0f00
11-05 15:00:29.216 D/TvWindowManager( 484): key event key = KEYCODE_DPAD_DOWN down = false
11-05 15:00:29.240 I/excHandlerThrea( 2742): type=1400 audit(0.0:1356): avc: denied { search } for name="net" dev="sysfs" ino=10442 scontext=u:r:platform_app:s0:c512,c768 tcontext=u:object_r:sysfs_net:s0 tclass=dir permissive=1 app=com.dangbei.screencast
11-05 15:00:29.240 I/excHandlerThrea( 2742): type=1400 audit(0.0:1357): avc: denied { read } for name="address" dev="sysfs" ino=16906 scontext=u:r:platform_app:s0:c512,c768 tcontext=u:object_r:sysfs_net:s0 tclass=file permissive=1 app=com.dangbei.screencast
11-05 15:00:29.240 I/excHandlerThrea( 2742): type=1400 audit(0.0:1358): avc: denied { open } for path="/sys/devices/virtual/net/dummy0/address" dev="sysfs" ino=16906 scontext=u:r:platform_app:s0:c512,c768 tcontext=u:object_r:sysfs_net:s0 tclass=file permissive=1 app=com.dangbei.screencast
11-05 15:00:29.244 I/excHandlerThrea( 2742): type=1400 audit(0.0:1359): avc: denied { getattr } for path="/sys/devices/virtual/net/dummy0/address" dev="sysfs" ino=16906 scontext=u:r:platform_app:s0:c512,c768 tcontext=u:object_r:sysfs_net:s0 tclass=file permissive=1 app=com.dangbei.screencast
11-05 15:00:29.297 I/SogouIME( 2402): onKeyUp: keyoCode=20
11-05 15:00:29.297 I/DefaultIMS( 2402): onKeyUp: keyoCode=20
11-05 15:00:29.304 I/excHandlerThrea( 2742): type=1400 audit(0.0:1360): avc: denied { read } for name="address" dev="sysfs" ino=27658 scontext=u:r:platform_app:s0:c512,c768 tcontext=u:object_r:sysfs:s0 tclass=file permissive=1 app=com.dangbei.screencast
11-05 15:00:29.327 W/NotificationHistory( 484): Attempted to add notif for locked/gone/disabled user 0
11-05 15:00:29.347 V/TvNotificationHandler( 684): Notification not added because it isn't relevant for tv
11-05 15:00:29.349 W/IE_Capabilities( 484): Unknown RSN cipher suite: 6ac0f00
11-05 15:00:29.375 W/IE_Capabilities( 484): Unknown RSN cipher suite: 6ac0f00
11-05 15:00:29.391 D/WificondScannerImpl( 484): Filtering out 12 scan results.
11-05 15:00:29.447 D/TvWindowManager( 484): key event key = KEYCODE_DPAD_DOWN down = true
11-05 15:00:29.447 I/BLEAudioDrive_HV410( 247): data len: 9 1
11-05 15:00:29.458 D/GpioService( 484): mFlickerEnable = true
11-05 15:00:29.482 E/hq ( 1130): NetWorkStateReceiver:::NetWorkStateReceiver onReceive: 网络变化广播 >>>> intent.action=android.net.wifi.SCAN_RESULTS
11-05 15:00:29.523 E/WifiHAL ( 664): wifi_get_link_stats: requestResponse Error:-5
11-05 15:00:29.527 I/gbei.screencas( 2742): Background young concurrent copying GC freed 85006(5249KB) AllocSpace objects, 54(1528KB) LOS objects, 84% free, 4422KB/28MB, paused 387us total 332.676ms
11-05 15:00:29.527 E/WifiVendorHal( 484): getWifiLinkLayerStats_1_5_Internal(l.1191) failed {.code = ERROR_INVALID_ARGS, .description = }
11-05 15:00:29.537 I/BLEAudioDrive_HV410( 247): data len: 9 1
11-05 15:00:29.537 I/BLEAudioDrive_HV410( 247): keyboard stop
11-05 15:00:29.537 D/TvWindowManager( 484): key event key = KEYCODE_DPAD_DOWN down = false
11-05 15:00:29.576 W/TelephonyPermissions( 484): reportAccessDeniedToReadIdentifiers:com.dangbei.screencast:getSerial:-1
11-05 15:00:29.598 D/GpioService( 484): mFlickerEnable = true
11-05 15:00:29.600 I/SogouIME( 2402): onKeyDown: keyoCode=20
11-05 15:00:29.600 I/DefaultIMS( 2402): onKeyDown: keyoCode=20
11-05 15:00:29.607 I/SogouIME( 2402): onKeyUp: keyoCode=20
11-05 15:00:29.607 I/DefaultIMS( 2402): onKeyUp: keyoCode=20
11-05 15:00:29.614 W/eventbuscore( 1130): post Event:com.dangbei.leard.base.entity.event.NetWifiRssiEvent
11-05 15:00:29.686 V/NFC ( 2742): this device does not have NFC support
11-05 15:00:29.813 W/audit ( 276): audit_lost=893 audit_rate_limit=5 audit_backlog_limit=64
11-05 15:00:29.813 E/audit ( 276): rate limit exceeded
11-05 15:00:29.828 I/WifiService( 484): startScan uid=1000
11-05 15:00:29.897 I/BLEAudioDrive_HV410( 247): data len: 9 1
11-05 15:00:29.897 D/TvWindowManager( 484): key event key = KEYCODE_BACK down = true
11-05 15:00:29.900 I/WifiService( 484): startScan uid=10024
11-05 15:00:29.904 D/GpioService( 484): mFlickerEnable = true
11-05 15:00:29.998 I/BLEAudioDrive_HV410( 247): data len: 9 1
11-05 15:00:29.998 I/BLEAudioDrive_HV410( 247): keyboard stop
11-05 15:00:29.999 D/TvWindowManager( 484): key event key = KEYCODE_BACK down = false
11-05 15:00:30.001 D/AutofillManagerService( 484): onBackKeyPressed()
11-05 15:00:30.002 D/AutofillManagerServiceImpl( 484): Reset component for user 0:
11-05 15:00:30.004 D/AutofillUI( 484): destroySaveUiUiThread(): already destroyed
11-05 15:00:30.048 D/GpioService( 484): mFlickerEnable = true
11-05 15:00:30.050 I/SogouIME( 2402): onKeyDown: keyoCode=4
11-05 15:00:30.051 I/DefaultIMS( 2402): onKeyDown: keyoCode=4
11-05 15:00:30.053 I/SogouIME( 2402): onKeyUp: keyoCode=4
11-05 15:00:30.053 I/DefaultIMS( 2402): onKeyUp: keyoCode=4
11-05 15:00:30.063 W/InputManager-JNI( 484): Input channel object '7e966ec com.tv.filemanager.os (client)' was disposed without first being removed with the input manager!
11-05 15:00:30.081 I/init ( 1): processing action (sys.topWindow.package=com.dangbei.haqusetting) from (/vendor/etc/init/hw/init.oranth.rc:157)
11-05 15:00:30.083 I/init ( 1): starting service 'exec 21 (/system/bin/restartime.sh)'...
11-05 15:00:30.080 W/IorapForwardingService( 484): No service published for: iorapd
11-05 15:00:30.092 I/init ( 1): SVC_EXEC service 'exec 21 (/system/bin/restartime.sh)' pid 3002 (uid 0 gid 0+0 context default) started; waiting...
11-05 15:00:30.093 W/InputEventReceiver( 2664): Attempted to finish an input event but the input event receiver has already been disposed.
11-05 15:00:30.129 I/DefaultIMS( 2402): onStartInput attribute=android.view.inputmethod.EditorInfo@ee2db35 restarting=false inputType: 0
11-05 15:00:30.325 W/NotificationHistory( 484): Attempted to remove channel for locked/gone/disabled user 0
11-05 15:00:30.339 D/CompatibilityChangeReporter( 484): Compat change id reported: 175319604; UID 1000; state: ENABLED
11-05 15:00:30.342 D/CompatibilityChangeReporter( 484): Compat change id reported: 175319604; UID 1000; state: DISABLED
11-05 15:00:30.345 D/CompatibilityChangeReporter( 484): Compat change id reported: 175319604; UID 10075; state: DISABLED
11-05 15:00:30.350 D/CompatibilityChangeReporter( 484): Compat change id reported: 175319604; UID 10066; state: ENABLED
11-05 15:00:30.380 I/BLEAudioDrive_HV410( 247): data len: 9 1
11-05 15:00:30.381 D/TvWindowManager( 484): key event key = KEYCODE_DPAD_DOWN down = true
11-05 15:00:30.391 D/GpioService( 484): mFlickerEnable = true
11-05 15:00:30.515 I/BLEAudioDrive_HV410( 247): data len: 9 1
11-05 15:00:30.515 I/BLEAudioDrive_HV410( 247): keyboard stop
11-05 15:00:30.515 D/TvWindowManager( 484): key event key = KEYCODE_DPAD_DOWN down = false
11-05 15:00:30.531 D/GpioService( 484): mFlickerEnable = true
11-05 15:00:30.533 I/SogouIME( 2402): onKeyDown: keyoCode=20
11-05 15:00:30.534 I/DefaultIMS( 2402): onKeyDown: keyoCode=20
11-05 15:00:30.540 I/SogouIME( 2402): onKeyUp: keyoCode=20
11-05 15:00:30.541 I/DefaultIMS( 2402): onKeyUp: keyoCode=20
11-05 15:00:30.558 I/DefaultIMS( 2402): onStartInput attribute=android.view.inputmethod.EditorInfo@f26da04 restarting=false inputType: 0
11-05 15:00:30.763 I/WifiService( 484): startScan uid=1000
11-05 15:00:30.767 E/ccc ( 2850): cccccc i will start scan
11-05 15:00:30.775 D/TvWindowManager( 484): key event key = KEYCODE_DPAD_DOWN down = true
11-05 15:00:30.774 I/BLEAudioDrive_HV410( 247): data len: 9 1
11-05 15:00:30.783 E/ccc ( 2850): cccccc 222222222222222222
11-05 15:00:30.785 D/GpioService( 484): mFlickerEnable = true
11-05 15:00:30.815 E/ccc ( 2850): cccccc sort 6 38
11-05 15:00:30.819 E/ccc ( 2850): cccccc 4444444444444444444 CONNECTED
11-05 15:00:30.850 E/ccc ( 2850): cccccc sort 6 38
11-05 15:00:30.868 D/skia ( 2850): --- Failed to create image decoder with message 'unimplemented'
11-05 15:00:30.869 D/skia ( 2850): --- Failed to create image decoder with message 'unimplemented'
11-05 15:00:30.870 D/skia ( 2850): --- Failed to create image decoder with message 'unimplemented'
11-05 15:00:30.871 D/skia ( 2850): --- Failed to create image decoder with message 'unimplemented'
11-05 15:00:30.871 D/skia ( 2850): --- Failed to create image decoder with message 'unimplemented'
11-05 15:00:30.872 D/skia ( 2850): --- Failed to create image decoder with message 'unimplemented'
11-05 15:00:30.878 D/skia ( 2850): --- Failed to create image decoder with message 'unimplemented'
11-05 15:00:30.879 D/skia ( 2850): --- Failed to create image decoder with message 'unimplemented'
11-05 15:00:30.880 D/skia ( 2850): --- Failed to create image decoder with message 'unimplemented'
11-05 15:00:30.880 D/skia ( 2850): --- Failed to create image decoder with message 'unimplemented'
11-05 15:00:30.881 D/skia ( 2850): --- Failed to create image decoder with message 'unimplemented'
11-05 15:00:30.881 D/skia ( 2850): --- Failed to create image decoder with message 'unimplemented'
11-05 15:00:30.882 D/skia ( 2850): --- Failed to create image decoder with message 'unimplemented'
11-05 15:00:30.882 D/skia ( 2850): --- Failed to create image decoder with message 'unimplemented'
11-05 15:00:30.882 D/skia ( 2850): --- Failed to create image decoder with message 'unimplemented'
11-05 15:00:30.882 D/skia ( 2850): --- Failed to create image decoder with message 'unimplemented'
11-05 15:00:30.882 D/skia ( 2850): --- Failed to create image decoder with message 'unimplemented'
11-05 15:00:30.882 D/skia ( 2850): --- Failed to create image decoder with message 'unimplemented'
11-05 15:00:30.898 I/BLEAudioDrive_HV410( 247): data len: 9 1
11-05 15:00:30.898 I/BLEAudioDrive_HV410( 247): keyboard stop
11-05 15:00:30.898 D/TvWindowManager( 484): key event key = KEYCODE_DPAD_DOWN down = false
11-05 15:00:30.922 D/skia ( 2850): --- Failed to create image decoder with message 'unimplemented'
11-05 15:00:30.923 D/skia ( 2850): --- Failed to create image decoder with message 'unimplemented'
11-05 15:00:30.924 D/skia ( 2850): --- Failed to create image decoder with message 'unimplemented'
11-05 15:00:30.924 D/skia ( 2850): --- Failed to create image decoder with message 'unimplemented'
11-05 15:00:30.925 D/GpioService( 484): mFlickerEnable = true
11-05 15:00:30.925 D/skia ( 2850): --- Failed to create image decoder with message 'unimplemented'
11-05 15:00:30.927 D/skia ( 2850): --- Failed to create image decoder with message 'unimplemented'
11-05 15:00:30.931 D/SntpClient( 484): request time failed: java.net.SocketTimeoutException: Poll timed out
11-05 15:00:30.933 I/SogouIME( 2402): onKeyDown: keyoCode=20
11-05 15:00:30.933 I/DefaultIMS( 2402): onKeyDown: keyoCode=20
11-05 15:00:30.962 I/SogouIME( 2402): onKeyUp: keyoCode=20
11-05 15:00:30.962 I/DefaultIMS( 2402): onKeyUp: keyoCode=20
11-05 15:00:31.006 E/dangbei111( 1073): cccccc 检查遥控器是否连接: Dangbei C9:B5:96:5C:E3:CB
11-05 15:00:31.010 E/dangbei111( 1073): cccccc 检查遥控器是否连接: 蓝牙的结果 Dangbei C9:B5:96:5C:E3:CB true
11-05 15:00:31.012 E/dangbei111( 1073): cccccc 确实有遥控器 存在 取消check任务
11-05 15:00:31.012 E/dangbei111( 1073): cccccc 确实有遥控器 存在 重置beeGatt
11-05 15:00:31.012 E/dangbei111( 1073): cccccc 尝试 stopBleScan
11-05 15:00:31.015 D/BluetoothAdapter( 1073): isLeEnabled(): ON
11-05 15:00:31.031 I/DefaultIMS( 2402): onStartInput attribute=android.view.inputmethod.EditorInfo@1f2f10f restarting=false inputType: 0
11-05 15:00:31.033 I/bt_stack( 670): [INFO:gatt_api.cc(1042)] GATT_Deregister gatt_if=5
11-05 15:00:31.034 E/dangbei111( 1073): cccccc stopBleScanInner com.dangbei.remotecontroller.RCHelper$3@71f1112
11-05 15:00:31.034 E/dangbei111( 1073): cccccc rc is connected, stop scan =C9:B5:96:5C:E3:CB
11-05 15:00:31.032 I/lerad.etna.haqu( 1073): type=1400 audit(0.0:1373): avc: denied { read } for name="devices" dev="proc" ino=4026532014 scontext=u:r:system_app:s0 tcontext=u:object_r:proc:s0 tclass=file permissive=1
11-05 15:00:31.032 I/lerad.etna.haqu( 1073): type=1400 audit(0.0:1374): avc: denied { open } for path="/proc/bus/input/devices" dev="proc" ino=4026532014 scontext=u:r:system_app:s0 tcontext=u:object_r:proc:s0 tclass=file permissive=1
11-05 15:00:31.032 I/lerad.etna.haqu( 1073): type=1400 audit(0.0:1375): avc: denied { getattr } for path="/proc/bus/input/devices" dev="proc" ino=4026532014 scontext=u:r:system_app:s0 tcontext=u:object_r:proc:s0 tclass=file permissive=1
11-05 15:00:31.047 D/BluetoothGatt( 1073): connect() - device: C9:B5:96:5C:E3:CB, auto: true
11-05 15:00:31.048 D/BluetoothGatt( 1073): registerApp()
11-05 15:00:31.048 D/BluetoothGatt( 1073): registerApp() - UUID=60531a06-c3c5-46d3-930e-7c63e00ffd11
11-05 15:00:31.053 I/bluetooth( 670): system/bt/stack/gatt/gatt_api.cc:1019 GATT_Register: Allocated name:GattClient uuid:b1310b56-5d84-f739-478f-ee1689202420 gatt_if:5 eatt_support:0
11-05 15:00:31.054 I/bt_bta_gattc( 670): system/bt/bta/gatt/bta_gattc_act.cc:1110 bta_gattc_conn_cback: Connected att_id:5 transport:le reason:GATT_CONN_OK
11-05 15:00:31.054 E/dangbei111( 1073): getBattery delay 0
11-05 15:00:31.055 I/BLEAudioDrive_HV410( 247): data len: 9 1
11-05 15:00:31.056 D/TvWindowManager( 484): key event key = KEYCODE_DPAD_DOWN down = true
11-05 15:00:31.058 D/BluetoothGatt( 1073): onClientRegistered() - status=0 clientIf=5
11-05 15:00:31.065 I/bt_btif_config( 670): system/bt/btif/src/btif_config.cc:137 btif_get_device_type: Device [c9:b5:96:5c:e3:cb] device type 2
11-05 15:00:31.066 D/GpioService( 484): mFlickerEnable = true
11-05 15:00:31.067 D/BluetoothGatt( 1073): connect() - device: C9:B5:96:5C:E3:CB, auto: true
11-05 15:00:31.068 D/BluetoothGatt( 1073): registerApp()
11-05 15:00:31.068 D/BluetoothGatt( 1073): onClientConnectionState() - status=0 clientIf=5 device=C9:B5:96:5C:E3:CB
11-05 15:00:31.068 D/BluetoothGatt( 1073): registerApp() - UUID=2ed3483f-cc9a-432a-a868-49633a80260f
11-05 15:00:31.068 D/BluetoothGatt( 1073): discoverServices() - device: C9:B5:96:5C:E3:CB
11-05 15:00:31.070 I/bluetooth( 670): system/bt/stack/gatt/gatt_api.cc:1019 GATT_Register: Allocated name:GattClient uuid:8d5ca218-9ef9-3faf-8e6d-1cccdaba6b6a gatt_if:6 eatt_support:0
11-05 15:00:31.070 E/dangbei111( 1073): 5mins后会再次获取电量
11-05 15:00:31.070 E/dangbei111( 1073): getBattery delay 300000
11-05 15:00:31.071 I/bt_bta_gattc( 670): system/bt/bta/gatt/bta_gattc_act.cc:1110 bta_gattc_conn_cback: Connected att_id:6 transport:le reason:GATT_CONN_OK
11-05 15:00:31.071 D/BluetoothGatt( 1073): onClientRegistered() - status=0 clientIf=6
11-05 15:00:31.073 I/bt_btif_config( 670): system/bt/btif/src/btif_config.cc:137 btif_get_device_type: Device [c9:b5:96:5c:e3:cb] device type 2
11-05 15:00:31.073 I/bt_bta_gattc( 670): system/bt/bta/gatt/bta_gattc_cache.cc:902 bta_gattc_get_gatt_db: bta_gattc_get_gatt_db
11-05 15:00:31.078 D/BluetoothGatt( 1073): onClientConnectionState() - status=0 clientIf=6 device=C9:B5:96:5C:E3:CB
11-05 15:00:31.078 D/BluetoothGatt( 1073): discoverServices() - device: C9:B5:96:5C:E3:CB
11-05 15:00:31.079 D/BluetoothGatt( 1073): onSearchComplete() = Device=C9:B5:96:5C:E3:CB Status=0
11-05 15:00:31.081 I/bt_bta_gattc( 670): system/bt/bta/gatt/bta_gattc_cache.cc:902 bta_gattc_get_gatt_db: bta_gattc_get_gatt_db
11-05 15:00:31.082 W/IorapForwardingService( 484): No service published for: iorapd
11-05 15:00:31.084 D/BluetoothGatt( 1073): onSearchComplete() = Device=C9:B5:96:5C:E3:CB Status=0
11-05 15:00:31.090 I/MediaProvider( 1055): Scanned external_primary due to REASON_MOUNTED, found 49 items in 6423ms, 0 inserts 9 updates 0 deletes
11-05 15:00:31.095 I/MediaProvider( 1055): End Intent { act=com.android.providers.media.action.SCAN_VOLUME (has extras) }
11-05 15:00:31.096 I/MediaProvider( 1055): Begin Intent { act=com.android.providers.media.action.SCAN_VOLUME (has extras) }
11-05 15:00:31.114 I/MediaProvider( 1055): Scanned internal due to REASON_MOUNTED, found 5 items in 13ms, 0 inserts 0 updates 0 deletes
11-05 15:00:31.117 W/ModernMediaScanner( 1055): Failed to visit /oem/media: java.nio.file.NoSuchFileException: /oem/media
11-05 15:00:31.119 I/MediaProvider( 1055): Scanned internal due to REASON_MOUNTED, found 0 items in 4ms, 0 inserts 0 updates 0 deletes
11-05 15:00:31.167 I/BLEAudioDrive_HV410( 247): data len: 9 1
11-05 15:00:31.168 I/BLEAudioDrive_HV410( 247): keyboard stop
11-05 15:00:31.168 D/TvWindowManager( 484): key event key = KEYCODE_DPAD_DOWN down = false
11-05 15:00:31.208 D/GpioService( 484): mFlickerEnable = true
11-05 15:00:31.213 E/dangbei111( 1073): battery level=100
11-05 15:00:31.217 E/TaskPersister( 484): File error accessing recents directory (directory doesn't exist?).
11-05 15:00:31.256 I/SogouIME( 2402): onKeyDown: keyoCode=20
11-05 15:00:31.256 I/DefaultIMS( 2402): onKeyDown: keyoCode=20
11-05 15:00:31.270 I/SogouIME( 2402): onKeyUp: keyoCode=20
11-05 15:00:31.270 I/DefaultIMS( 2402): onKeyUp: keyoCode=20
11-05 15:00:31.274 I/DefaultIMS( 2402): onStartInput attribute=android.view.inputmethod.EditorInfo@9aef546 restarting=false inputType: 0
11-05 15:00:31.280 I/keystore2( 204): keystore2::watchdog: Watchdog thread idle -> terminating. Have a great day.
11-05 15:00:31.300 W/MediaProvider( 1055): getVolumePath for unknown volume: internal
11-05 15:00:31.306 W/MediaProvider( 1055): getVolumePath for unknown volume: internal
11-05 15:00:31.496 I/Binder:1073_4( 1073): type=1400 audit(0.0:1376): avc: denied { open } for path="/dev/__properties__/u:object_r:vendor_default_prop:s0" dev="tmpfs" ino=2439 scontext=u:r:system_app:s0 tcontext=u:object_r:vendor_default_prop:s0 tclass=file permissive=1
11-05 15:00:31.496 I/Binder:1073_4( 1073): type=1400 audit(0.0:1377): avc: denied { getattr } for path="/dev/__properties__/u:object_r:vendor_default_prop:s0" dev="tmpfs" ino=2439 scontext=u:r:system_app:s0 tcontext=u:object_r:vendor_default_prop:s0 tclass=file permissive=1
11-05 15:00:31.506 W/audit ( 2203): audit_lost=901 audit_rate_limit=5 audit_backlog_limit=64
11-05 15:00:31.506 E/audit ( 2203): rate limit exceeded
11-05 15:00:31.509 E/ccc ( 1073): cccccc led current is 100 标准
11-05 15:00:31.520 D/BluetoothAdapterService( 670): cancelDiscovery
11-05 15:00:31.521 I/bt_btif_dm( 670): system/bt/btif/src/btif_dm.cc:1884 btif_dm_cancel_discovery: Cancel search
11-05 15:00:31.524 E/ccc ( 1073): cccccc led current is 100 标准
11-05 15:00:31.645 W/MediaProvider( 1055): getVolumePath for unknown volume: internal
11-05 15:00:31.646 W/MediaProvider( 1055): getVolumePath for unknown volume: internal
11-05 15:00:31.647 W/MediaProvider( 1055): getVolumePath for unknown volume: internal
11-05 15:00:31.647 I/MediaProvider( 1055): Scanned internal due to REASON_MOUNTED, found 230 items in 526ms, 0 inserts 7 updates 0 deletes
11-05 15:00:31.648 W/MediaProvider( 1055): getVolumePath for unknown volume: internal
11-05 15:00:31.649 W/MediaProvider( 1055): getVolumePath for unknown volume: internal
11-05 15:00:32.093 W/IorapForwardingService( 484): No service published for: iorapd
11-05 15:00:32.187 E/WifiHAL ( 664): wifi_get_link_stats: requestResponse Error:-5
11-05 15:00:32.190 E/WifiVendorHal( 484): getWifiLinkLayerStats_1_5_Internal(l.1191) failed {.code = ERROR_INVALID_ARGS, .description = }
11-05 15:00:32.316 I/excHandlerThrea( 2742): type=1400 audit(0.0:1379): avc: denied { search } for name="com.dangbei.screencast" dev="mmcblk0p25" ino=891 scontext=u:r:platform_app:s0:c512,c768 tcontext=u:object_r:app_data_file:s0:c512,c768 tclass=dir permissive=1 app=com.dangbei.screencast
11-05 15:00:32.324 I/pool-5-thread-1( 2742): type=1400 audit(0.0:1380): avc: denied { getattr } for path="/data/user/0/com.dangbei.screencast/files/__database_reborn_January_one__/td_database2SaaS" dev="mmcblk0p25" ino=2163 scontext=u:r:platform_app:s0:c512,c768 tcontext=u:object_r:app_data_file:s0:c512,c768 tclass=dir permissive=1 app=com.dangbei.screencast
11-05 15:00:32.324 I/pool-5-thread-1( 2742): type=1400 audit(0.0:1381): avc: denied { read } for name="td_database2SaaS" dev="mmcblk0p25" ino=2163 scontext=u:r:platform_app:s0:c512,c768 tcontext=u:object_r:app_data_file:s0:c512,c768 tclass=dir permissive=1 app=com.dangbei.screencast
11-05 15:00:32.324 I/pool-5-thread-1( 2742): type=1400 audit(0.0:1382): avc: denied { open } for path="/data/user/0/com.dangbei.screencast/files/__database_reborn_January_one__/td_database2SaaS" dev="mmcblk0p25" ino=2163 scontext=u:r:platform_app:s0:c512,c768 tcontext=u:object_r:app_data_file:s0:c512,c768 tclass=dir permissive=1 app=com.dangbei.screencast
11-05 15:00:32.324 I/pool-5-thread-1( 2742): type=1400 audit(0.0:1383): avc: denied { write } for name="td_database2SaaS" dev="mmcblk0p25" ino=2163 scontext=u:r:platform_app:s0:c512,c768 tcontext=u:object_r:app_data_file:s0:c512,c768 tclass=dir permissive=1 app=com.dangbei.screencast
11-05 15:00:32.388 D/WifiNl80211Manager( 484): Scan result ready event
11-05 15:00:32.389 D/WifiNative( 484): Scan result ready event
11-05 15:00:32.411 W/IE_Capabilities( 484): Unknown RSN cipher suite: 6ac0f00
11-05 15:00:32.427 W/IE_Capabilities( 484): Unknown RSN cipher suite: 6ac0f00
11-05 15:00:32.445 W/IE_Capabilities( 484): Unknown RSN cipher suite: 6ac0f00
11-05 15:00:32.462 W/IE_Capabilities( 484): Unknown RSN cipher suite: 6ac0f00
11-05 15:00:32.480 D/WificondScannerImpl( 484): Filtering out 12 scan results.
11-05 15:00:32.522 E/ccc ( 2850): cccccc SCAN_RESULTS_AVAILABLE_ACTION hhhh
11-05 15:00:32.525 E/hq ( 1130): NetWorkStateReceiver:::NetWorkStateReceiver onReceive: 网络变化广播 >>>> intent.action=android.net.wifi.SCAN_RESULTS
11-05 15:00:32.526 I/efs.px.api( 2742): get config from server, url is https://errlog.umeng.com/apm_cc
11-05 15:00:32.531 E/WifiHAL ( 664): wifi_get_link_stats: requestResponse Error:-5
11-05 15:00:32.533 E/WifiVendorHal( 484): getWifiLinkLayerStats_1_5_Internal(l.1191) failed {.code = ERROR_INVALID_ARGS, .description = }
11-05 15:00:32.558 W/eventbuscore( 1130): post Event:com.dangbei.leard.base.entity.event.NetWifiRssiEvent
11-05 15:00:32.563 E/ccc ( 2850): cccccc result is not empty call back
11-05 15:00:32.563 E/ccc ( 2850): cccccc 666666666666666
11-05 15:00:32.585 E/ccc ( 2850): cccccc sort 6 41
11-05 15:00:32.762 I/efs.base( 2742): lt=event`ev_ct=efs_core`ev_ac=config_coverage`tm=2025-11-05 15:00:74`dn=b7818bb2-5f62-4f12-9a91-36673dce94c0`ps=com.dangbei.screencast`um_os=android`stime=1762326027204`pid=2742`fr=android`pkg=com.dangbei.screencast`cver=1735614866`vcode=20830`dsp_w=1920`uid=b7818bb2-5f62-4f12-9a91-36673dce94c0`rom=12`wid=b7818bb2-5f62-4f12-9a91-36673dce94c0`um_app_carrier=`um_access=wifi`um_app_channel=os`um_crash_sdk_version=1.4.0`ctime=1762326032`model=dbbox-a2`lang=zh`net=wifi`brand=dangbei`dsp_h=1080`um_network_type=0`ver=v2.8.3`build_model=DBBOX-A2`w_tm=1762326032`appid=5fc60c21094d637f3130af19`um_umid_header=ai7db9f68508b83bfb5af66567cfa3d0f5`sdk=31`tzone=Asia/Shanghai`sdk_ver=1.3.6.umeng
11-05 15:00:32.763 I/efs.config( 2742): config request succ, config is:
11-05 15:00:32.763 I/efs.config( 2742): {"msg":"成功","code":0,"cip":"127.0.0.1","config":{"common":{"updateInteval":480,"gate_way_https":true},"sign":"f3NRWw9OcFZVbFwTAA==","app_configs":[{"conditions":[{"val":"0.0.0.0","opc":">=","fld":"ver"}],"actions":[{"opt":"apm_netperf_state","set":100},{"opt":"apm_netperf_day_limit","set":100},{"opt":"apm_netperf_res_bd_state","set":100},{"opt":"apm_oom_state","set":0},{"opt":"apm_netperf_data_rate","set":10},{"opt":"apm_native_h5perf_sampling_rate","set":5},{"opt":"apm_netperf_req_hd_state","set":100},{"opt":"apm_netperf_sampling_rate","set":1},{"opt":"flutter_dart_exception_max_count","set":20},{"opt":"flutter_pv_sampling_rate","set":5},{"opt":"apm_netperf_res_hd_state","set":100},{"opt":"flutter_page_state","set":100},{"opt":"flutter_page_rate","set":5},{"opt":"apm_memperf_sampling_rate","set":0},{"opt":"apm_crash_user_upload_type","set":1},{"opt":"apm_memperf_collect_max_period_sec","set":600},{"opt":"apm_crash_user_max_count","set":20},{"opt":"apm_netperf_bd_state","set":100},{"opt":"apm_native_h5_state","set":0},{"opt":"apm_mem_state","set":0},{"opt":"flutter_dart_exception_state","set":100},{"opt":"flutter_pv_max_count","set":200},{"opt":"apm_memperf_collect_interval","set":5},{"opt":"apm_flutter_state","set":100},{"opt":"apm_patrace_switch_rate","set":5},{"opt":"record_accumulation_time","set":60},{"opt":"apm_net_state","set":0},{"opt":"apm_startperf_sampling_rate","set":5},{"opt":"apm_oom_sampling_rate","set":5}]}]},"stm":1762326032,"cver":1735614866}
11-05 15:00:32.763 I/efs.config( 2742): efs config is {"msg":"成功","code":0,"cip":"127.0.0.1","config":{"common":{"updateInteval":480,"gate_way_https":true},"sign":"f3NRWw9OcFZVbFwTAA==","app_configs":[{"conditions":[{"val":"0.0.0.0","opc":">=","fld":"ver"}],"actions":[{"opt":"apm_netperf_state","set":100},{"opt":"apm_netperf_day_limit","set":100},{"opt":"apm_netperf_res_bd_state","set":100},{"opt":"apm_oom_state","set":0},{"opt":"apm_netperf_data_rate","set":10},{"opt":"apm_native_h5perf_sampling_rate","set":5},{"opt":"apm_netperf_req_hd_state","set":100},{"opt":"apm_netperf_sampling_rate","set":1},{"opt":"flutter_dart_exception_max_count","set":20},{"opt":"flutter_pv_sampling_rate","set":5},{"opt":"apm_netperf_res_hd_state","set":100},{"opt":"flutter_page_state","set":100},{"opt":"flutter_page_rate","set":5},{"opt":"apm_memperf_sampling_rate","set":0},{"opt":"apm_crash_user_upload_type","set":1},{"opt":"apm_memperf_collect_max_period_sec","set":600},{"opt":"apm_crash_user_max_count","set":20},{"opt":"apm_netperf_bd_state","set":100},{"opt":"apm_native_h5_state","set":0},{"opt":"apm_mem_state","set":0},{"opt":"flutter_dart_exception_state","set":100},{"opt":"flutter_pv_max_count","set":200},{"opt":"apm_memperf_collect_interval","set":5},{"opt":"apm_flutter_state","set":100},{"opt":"apm_patrace_switch_rate","set":5},{"opt":"record_accumulation_time","set":60},{"opt":"apm_net_state","set":0},{"opt":"apm_startperf_sampling_rate","set":5},{"opt":"apm_oom_sampling_rate","set":5}]}]},"stm":1762326032,"cver":1735614866}
11-05 15:00:32.766 E/efs.config( 2742): updateConfigCond error
11-05 15:00:32.766 E/efs.config( 2742): java.lang.NumberFormatException: For input string: "v2"
11-05 15:00:32.766 E/efs.config( 2742): at java.lang.Integer.parseInt(Integer.java:615)
11-05 15:00:32.766 E/efs.config( 2742): at java.lang.Integer.parseInt(Integer.java:650)
11-05 15:00:32.766 E/efs.config( 2742): at com.efs.sdk.base.core.config.a.d.a(Unknown Source:33)
11-05 15:00:32.766 E/efs.config( 2742): at com.efs.sdk.base.core.config.a.d.a(Unknown Source:8)
11-05 15:00:32.766 E/efs.config( 2742): at com.efs.sdk.base.core.config.a.d.a(Unknown Source:404)
11-05 15:00:32.766 E/efs.config( 2742): at com.efs.sdk.base.core.config.a.d.a(Unknown Source:129)
11-05 15:00:32.766 E/efs.config( 2742): at com.efs.sdk.base.core.config.a.c.a(Unknown Source:4)
11-05 15:00:32.766 E/efs.config( 2742): at com.efs.sdk.base.core.config.a.c.e(Unknown Source:53)
11-05 15:00:32.766 E/efs.config( 2742): at com.efs.sdk.base.core.config.a.c.handleMessage(Unknown Source:105)
11-05 15:00:32.766 E/efs.config( 2742): at android.os.Handler.dispatchMessage(Handler.java:102)
11-05 15:00:32.766 E/efs.config( 2742): at android.os.Looper.loopOnce(Looper.java:201)
11-05 15:00:32.766 E/efs.config( 2742): at android.os.Looper.loop(Looper.java:288)
11-05 15:00:32.766 E/efs.config( 2742): at android.os.HandlerThread.run(HandlerThread.java:67)
11-05 15:00:32.777 I/WifiService( 484): releaseMulticastLock uid=10024
11-05 15:00:32.779 I/WifiService( 484): releaseMulticastLock uid=10024
11-05 15:00:32.835 D/HiSight-SinkService( 2742): setDiscoverable true
11-05 15:00:32.837 D/wenhc ( 1130): getScreenInfo uri = content://com.dangbei.screencast.parts.info/screen_cast
11-05 15:00:32.837 D/wenhc ( 1130): getScreenInfo uri = content://com.dangbei.screencast.parts.info/screen_cast
11-05 15:00:32.837 D/NearFieldManager( 2742): init.
11-05 15:00:32.838 D/NearFieldManager( 2742): try check dmsdp
11-05 15:00:32.856 D/NearFieldManager( 2742): package not exist
11-05 15:00:32.860 D/CompatibilityChangeReporter( 484): Compat change id reported: 135634846; UID 10024; state: DISABLED
11-05 15:00:32.861 D/CompatibilityChangeReporter( 484): Compat change id reported: 143937733; UID 10024; state: DISABLED
11-05 15:00:32.862 D/NearFieldManager( 2742): bind nearfield service true
11-05 15:00:32.863 D/NearFieldManager( 2742): registerCallback true
11-05 15:00:32.863 D/HiSight-Discovery( 2742): set deviceInfo type:46
11-05 15:00:32.863 D/HiSight-Discovery( 2742): startAdvertise 1
11-05 15:00:32.879 W/audit ( 2961): audit_lost=903 audit_rate_limit=5 audit_backlog_limit=64
11-05 15:00:32.879 E/audit ( 2961): rate limit exceeded
11-05 15:00:32.879 D/Zygote ( 242): Forked child process 3047
11-05 15:00:32.883 I/MediaProvider( 1055): Observed non-standard /storage/02E24445E2443EE3/FAT32 音图/Android/data/.nomedia
11-05 15:00:32.883 I/ActivityManager( 484): app.processName = com.huawei.connection
11-05 15:00:32.883 I/ActivityManager( 484): Start proc 3047:com.huawei.connection/u0a24 for service {com.dangbei.screencast/com.huawei.connection.service.NearFieldManagerService}
11-05 15:00:32.891 I/Zygote ( 3047): seccomp disabled by setenforce 0
11-05 15:00:32.901 I/MediaProvider( 1055): Observed non-standard /storage/02E24445E2443EE3/FAT32 音图/Android/data/com.amazon.avod/files/.nomedia
11-05 15:00:32.908 I/MediaProvider( 1055): Observed non-standard /storage/02E24445E2443EE3/FAT32 音图/Android/data/com.amazon.avod/files/.nomedia
11-05 15:00:32.941 I/adbd ( 396): jdwp connection from 3047
11-05 15:00:32.958 D/CompatibilityChangeReporter( 3047): Compat change id reported: 171979766; UID 10024; state: DISABLED
11-05 15:00:32.972 D/ApplicationLoaders( 3047): Returning zygote-cached class loader: /system/framework/android.test.base.jar
11-05 15:00:32.972 D/ApplicationLoaders( 3047): Returning zygote-cached class loader: /system/framework/android.hidl.manager-V1.0-java.jar
11-05 15:00:32.972 D/ApplicationLoaders( 3047): Returning zygote-cached class loader: /system/framework/android.hidl.base-V1.0-java.jar
11-05 15:00:33.001 E/dangbei111( 1073): cccccc 检测到网络 准备请求遥控器ota信息
11-05 15:00:33.002 W/ContextImpl( 1073): Calling a method in the system process without a qualified user: android.app.ContextImpl.sendBroadcast:1173 android.content.ContextWrapper.sendBroadcast:479 com.dangbei.remotecontroller.RemoteControllerReceiver.sendMessageToUpdateHelper:123 com.dangbei.remotecontroller.RemoteControllerReceiver.access$100:28 com.dangbei.remotecontroller.RemoteControllerReceiver$1.handleMessage:41
11-05 15:00:33.005 E/ActivityManager( 484): Sending non-protected broadcast com.dangbei.remote.connected from system 1073:com.dangbei.lerad.etna.haqu/1000 pkg com.dangbei.lerad.etna.haqu
11-05 15:00:33.005 E/ActivityManager( 484): java.lang.Throwable
11-05 15:00:33.005 E/ActivityManager( 484): at com.android.server.am.ActivityManagerService.checkBroadcastFromSystem(ActivityManagerService.java:12816)
11-05 15:00:33.005 E/ActivityManager( 484): at com.android.server.am.ActivityManagerService.broadcastIntentLocked(ActivityManagerService.java:13416)
11-05 15:00:33.005 E/ActivityManager( 484): at com.android.server.am.ActivityManagerService.broadcastIntentLocked(ActivityManagerService.java:12833)
11-05 15:00:33.005 E/ActivityManager( 484): at com.android.server.am.ActivityManagerService.broadcastIntentWithFeature(ActivityManagerService.java:13670)
11-05 15:00:33.005 E/ActivityManager( 484): at android.app.IActivityManager$Stub.onTransact(IActivityManager.java:2326)
11-05 15:00:33.005 E/ActivityManager( 484): at com.android.server.am.ActivityManagerService.onTransact(ActivityManagerService.java:2509)
11-05 15:00:33.005 E/ActivityManager( 484): at android.os.Binder.execTransactInternal(Binder.java:1179)
11-05 15:00:33.005 E/ActivityManager( 484): at android.os.Binder.execTransact(Binder.java:1143)
11-05 15:00:33.007 E/ActivityManager( 484): Sending non-protected broadcast com.dangbei.remote.connected from system 1073:com.dangbei.lerad.etna.haqu/1000 pkg com.dangbei.lerad.etna.haqu
11-05 15:00:33.007 E/ActivityManager( 484): java.lang.Throwable
11-05 15:00:33.007 E/ActivityManager( 484): at com.android.server.am.ActivityManagerService.checkBroadcastFromSystem(ActivityManagerService.java:12816)
11-05 15:00:33.007 E/ActivityManager( 484): at com.android.server.am.ActivityManagerService.broadcastIntentLocked(ActivityManagerService.java:13513)
11-05 15:00:33.007 E/ActivityManager( 484): at com.android.server.am.ActivityManagerService.broadcastIntentLocked(ActivityManagerService.java:12833)
11-05 15:00:33.007 E/ActivityManager( 484): at com.android.server.am.ActivityManagerService.broadcastIntentWithFeature(ActivityManagerService.java:13670)
11-05 15:00:33.007 E/ActivityManager( 484): at android.app.IActivityManager$Stub.onTransact(IActivityManager.java:2326)
11-05 15:00:33.007 E/ActivityManager( 484): at com.android.server.am.ActivityManagerService.onTransact(ActivityManagerService.java:2509)
11-05 15:00:33.007 E/ActivityManager( 484): at android.os.Binder.execTransactInternal(Binder.java:1179)
11-05 15:00:33.007 E/ActivityManager( 484): at android.os.Binder.execTransact(Binder.java:1143)
11-05 15:00:33.009 I/DropBoxManagerService( 484): add tag=system_server_wtf isTagEnabled=true flags=0x2
11-05 15:00:33.015 I/DropBoxManagerService( 484): add tag=system_server_wtf isTagEnabled=true flags=0x2
11-05 15:00:33.022 E/dangbei111( 1073): 读出来的遥控器版本不是空 CSH251028
11-05 15:00:33.023 E/dangbei111( 1073): cccccc requestRemoteInfoInner factory BK version CSH251028
11-05 15:00:33.053 D/bbb ( 1208): onStartCommand begin !!!!!!! data分区剩余 24877MB
11-05 15:00:33.054 D/aaa ( 1143): LedStatusService onStartCommand begin
11-05 15:00:33.058 D/CompatibilityChangeReporter( 484): Compat change id reported: 171306433; UID 1000; state: ENABLED
11-05 15:00:33.072 D/aaa ( 1143): topPkg is -------------- :com.dangbei.haqusetting
11-05 15:00:33.075 I/okhttp.OkHttpClient( 1073): --> POST http://tymsgapi.qun7.com/v1/core/ykota (624-byte body)
11-05 15:00:33.096 W/IorapForwardingService( 484): No service published for: iorapd
11-05 15:00:33.098 V/GraphicsEnvironment( 3047): ANGLE Developer option for 'com.dangbei.screencast' set to: 'default'
11-05 15:00:33.099 V/GraphicsEnvironment( 3047): Neither updatable production driver nor prerelease driver is supported.
11-05 15:00:33.100 D/NetworkSecurityConfig( 3047): Using Network Security Config from resource network_security_config debugBuild: false
11-05 15:00:33.103 D/NetworkSecurityConfig( 3047): Using Network Security Config from resource network_security_config debugBuild: false
11-05 15:00:33.105 I/MultiDex( 3047): VM with version 2.1.0 has multidex support
11-05 15:00:33.105 I/MultiDex( 3047): Installing application
11-05 15:00:33.105 I/MultiDex( 3047): VM has multidex support, MultiDex support library is disabled.
11-05 15:00:33.107 I/MediaProvider( 1055): Observed non-standard /storage/02E24445E2443EE3/FAT32 音图/Android/data/.nomedia
11-05 15:00:33.110 I/MediaProvider( 1055): Observed non-standard /storage/02E24445E2443EE3/FAT32 音图/Android/obb/.nomedia
11-05 15:00:33.117 I/MediaProvider( 1055): Observed non-standard /storage/02E24445E2443EE3/FAT32 音图/Android/obb/.nomedia
11-05 15:00:33.132 I/okhttp.OkHttpClient( 1073): <-- 200 OK http://tymsgapi.qun7.com/v1/core/ykota (57ms, unknown-length body)
11-05 15:00:33.138 E/dangbei111( 1073): cccccc requestRemoteInfoInner BaseResponse{message='success', data=RemoteUpdateBean{downloadId='114', name='H5Pro', rommodel='DBBOX-A2,DBBOX-A3', versionName='CSH1000000', downUrl='http://dl.qun7.com/YKQ/CSH/20251028_CSH251028/HB9261_BT016G-CS-002_OTA_1028CSH999999_APP_1.3.12850.231102_169CA5F4.dat', reUrl='http://dl.v5tv.com/YKQ/CSH/20251028_CSH251028/HB9261_BT016G-CS-002_OTA_1028CSH999999_APP_1.3.12850.231102_169CA5F4.dat', reUrl2='http://dl.tymcdn.com/YKQ/CSH/20251028_CSH251028/HB9261_BT016G-CS-002_OTA_1028CSH999999_APP_1.3.12850.231102_169CA5F4.dat', contentLength=277300, md5v='d8eb76dd9965a467fe8800ddddbf225e', tempUrl='null', desc='null', status=idle, progress=0.0, isPaused=false, cancelled=false, extraInfo='null', localPath='null', current=0, create_time=0, remark='H5/H5Pro橙视遥控器OTA测试
11-05 15:00:33.138 E/dangbei111( 1073):
11-05 15:00:33.138 E/dangbei111( 1073): 20251028:CSH251028'}, code=0}
11-05 15:00:33.144 E/dangbei111( 1073): cccccc hmm 确定遥控器是有更新的 --------------------------
11-05 15:00:33.165 E/ccc ( 2850): cccccc notifyUpdateChanged {"code":1,"data":{"hasUpdate":true,"what":2,"why":-1},"message":"更新状态变化"}
11-05 15:00:33.169 E/ccc ( 2850): cccccc EtnaSendUpdateStatusChangeBean.remoteUpdateChanged
11-05 15:00:33.170 E/ccc ( 2850): cccccc event HomeActivity REMOTE_UPDATE_STATUS_CHANGED
11-05 15:00:33.178 E/ccc ( 1073): cccccc updateHelper 通知更新
11-05 15:00:33.178 E/ccc ( 1073): cccccc 有更新 且存在文件 RemoteUpdateBean{downloadId='114', name='H5Pro', rommodel='DBBOX-A2,DBBOX-A3', versionName='CSH1000000', downUrl='http://dl.qun7.com/YKQ/CSH/20251028_CSH251028/HB9261_BT016G-CS-002_OTA_1028CSH999999_APP_1.3.12850.231102_169CA5F4.dat', reUrl='http://dl.v5tv.com/YKQ/CSH/20251028_CSH251028/HB9261_BT016G-CS-002_OTA_1028CSH999999_APP_1.3.12850.231102_169CA5F4.dat', reUrl2='http://dl.tymcdn.com/YKQ/CSH/20251028_CSH251028/HB9261_BT016G-CS-002_OTA_1028CSH999999_APP_1.3.12850.231102_169CA5F4.dat', contentLength=277300, md5v='d8eb76dd9965a467fe8800ddddbf225e', tempUrl='http://dl.qun7.com/YKQ/CSH/20251028_CSH251028/HB9261_BT016G-CS-002_OTA_1028CSH999999_APP_1.3.12850.231102_169CA5F4.dat', desc='null', status=completed, progress=100.0, isPaused=false, cancelled=true, extraInfo='null', localPath='/data/etna_download/remote/114.dat', current=277300, create_time=0, remark='H5/H5Pro橙视遥控器OTA测试
11-05 15:00:33.178 E/ccc ( 1073):
11-05 15:00:33.178 E/ccc ( 1073): 20251028:CSH251028'}
11-05 15:00:33.196 I/crashsdk( 3047): version unique build id: 6230cced
11-05 15:00:33.207 W/System ( 1073): A resource failed to call close.
11-05 15:00:33.207 W/System ( 1073): A resource failed to call close.
11-05 15:00:33.207 W/System ( 1073): A resource failed to call close.
11-05 15:00:33.207 W/System ( 1073): A resource failed to call close.
11-05 15:00:33.212 D/crashsdk( 3047): Native log stat thread 3094 setup, waiting
