11-05 15:00:07.821 E/omx_vdec( 365): : erro: pParamData->nIndex > m_sPortFormatType.nIndex
11-05 15:00:07.821 W/omx_vdec( 365): <__AwOmxVdecGetExtensionIndex:1737>: GetExtensionIndex OMX.google.android.index.describeColorFormat, err [0x80001001].
11-05 15:00:07.821 W/omx_vdec( 365): <__AwOmxVdecGetExtensionIndex:1737>: GetExtensionIndex OMX.google.android.index.describeColorFormat2, err [0x80001001].
11-05 15:00:07.821 E/omx_vdec( 365): : erro: pParamData->nIndex > m_sPortFormatType.nIndex
11-05 15:00:07.821 W/omx_vdec( 365): <__AwOmxVdecGetExtensionIndex:1737>: GetExtensionIndex OMX.google.android.index.describeColorFormat, err [0x80001001].
11-05 15:00:07.821 W/omx_vdec( 365): <__AwOmxVdecGetExtensionIndex:1737>: GetExtensionIndex OMX.google.android.index.describeColorFormat2, err [0x80001001].
11-05 15:00:07.821 E/omx_vdec( 365): : erro: pParamData->nIndex > m_sPortFormatType.nIndex
11-05 15:00:07.821 W/omx_vdec( 365): <__AwOmxVdecGetExtensionIndex:1737>: GetExtensionIndex OMX.google.android.index.describeColorFormat, err [0x80001001].
11-05 15:00:07.822 W/omx_vdec( 365): <__AwOmxVdecGetExtensionIndex:1737>: GetExtensionIndex OMX.google.android.index.describeColorFormat2, err [0x80001001].
11-05 15:00:07.822 E/omx_vdec( 365): : erro: pParamData->nIndex > m_sPortFormatType.nIndex
11-05 15:00:07.822 W/omx_vdec( 365): <__AwOmxVdecGetExtensionIndex:1737>: GetExtensionIndex OMX.google.android.index.describeColorFormat, err [0x80001001].
11-05 15:00:07.822 W/omx_vdec( 365): <__AwOmxVdecGetExtensionIndex:1737>: GetExtensionIndex OMX.google.android.index.describeColorFormat2, err [0x80001001].
11-05 15:00:07.822 E/omx_vdec( 365): : erro: pParamData->nIndex > m_sPortFormatType.nIndex
11-05 15:00:07.822 W/omx_vdec( 365): <__AwOmxVdecGetExtensionIndex:1737>: GetExtensionIndex OMX.google.android.index.describeColorFormat, err [0x80001001].
11-05 15:00:07.822 W/omx_vdec( 365): <__AwOmxVdecGetExtensionIndex:1737>: GetExtensionIndex OMX.google.android.index.describeColorFormat2, err [0x80001001].
11-05 15:00:07.822 E/omx_vdec( 365): : erro: pParamData->nIndex > m_sPortFormatType.nIndex
11-05 15:00:07.822 W/omx_vdec( 365): <__AwOmxVdecGetExtensionIndex:1737>: GetExtensionIndex OMX.google.android.index.describeColorFormat, err [0x80001001].
11-05 15:00:07.822 W/omx_vdec( 365): <__AwOmxVdecGetExtensionIndex:1737>: GetExtensionIndex OMX.google.android.index.describeColorFormat2, err [0x80001001].
11-05 15:00:07.823 E/omx_vdec( 365): : erro: pParamData->nIndex > m_sPortFormatType.nIndex
11-05 15:00:07.823 W/omx_vdec( 365): <__AwOmxVdecGetExtensionIndex:1737>: GetExtensionIndex OMX.google.android.index.describeColorFormat, err [0x80001001].
11-05 15:00:07.823 W/omx_vdec( 365): <__AwOmxVdecGetExtensionIndex:1737>: GetExtensionIndex OMX.google.android.index.describeColorFormat2, err [0x80001001].
11-05 15:00:07.823 E/omx_vdec( 365): : erro: pParamData->nIndex > m_sPortFormatType.nIndex
11-05 15:00:07.823 W/omx_vdec( 365): <__AwOmxVdecGetExtensionIndex:1737>: GetExtensionIndex OMX.google.android.index.describeColorFormat, err [0x80001001].
11-05 15:00:07.823 W/omx_vdec( 365): <__AwOmxVdecGetExtensionIndex:1737>: GetExtensionIndex OMX.google.android.index.describeColorFormat2, err [0x80001001].
11-05 15:00:07.823 E/omx_vdec( 365): : erro: pParamData->nIndex > m_sPortFormatType.nIndex
11-05 15:00:07.823 W/omx_vdec( 365): <__AwOmxVdecGetExtensionIndex:1737>: GetExtensionIndex OMX.google.android.index.describeColorFormat, err [0x80001001].
11-05 15:00:07.823 W/omx_vdec( 365): <__AwOmxVdecGetExtensionIndex:1737>: GetExtensionIndex OMX.google.android.index.describeColorFormat2, err [0x80001001].
11-05 15:00:07.824 E/omx_vdec( 365): : erro: pParamData->nIndex > m_sPortFormatType.nIndex
11-05 15:00:07.824 W/omx_vdec( 365): <__AwOmxVdecGetExtensionIndex:1737>: GetExtensionIndex OMX.google.android.index.describeColorFormat, err [0x80001001].
11-05 15:00:07.824 W/omx_vdec( 365): <__AwOmxVdecGetExtensionIndex:1737>: GetExtensionIndex OMX.google.android.index.describeColorFormat2, err [0x80001001].
11-05 15:00:07.824 E/omx_vdec( 365): : erro: pParamData->nIndex > m_sPortFormatType.nIndex
11-05 15:00:07.825 W/omx_vdec( 365): <__AwOmxVdecGetExtensionIndex:1737>: GetExtensionIndex OMX.google.android.index.describeColorFormat, err [0x80001001].
11-05 15:00:07.825 W/omx_vdec( 365): <__AwOmxVdecGetExtensionIndex:1737>: GetExtensionIndex OMX.google.android.index.describeColorFormat2, err [0x80001001].
11-05 15:00:07.825 E/LocationManagerService( 484): no geocoder provider found
11-05 15:00:07.825 E/omx_vdec( 365): : erro: pParamData->nIndex > m_sPortFormatType.nIndex
11-05 15:00:07.825 E/ActivityRecognitionHardware( 484): activity_recognition HAL is deprecated. is_supported is effectively a no-op
11-05 15:00:07.825 W/omx_vdec( 365): <__AwOmxVdecGetExtensionIndex:1737>: GetExtensionIndex OMX.google.android.index.describeColorFormat, err [0x80001001].
11-05 15:00:07.825 W/omx_vdec( 365): <__AwOmxVdecGetExtensionIndex:1737>: GetExtensionIndex OMX.google.android.index.describeColorFormat2, err [0x80001001].
11-05 15:00:07.825 E/LocationManagerService( 484): unable to bind ActivityRecognitionProxy
11-05 15:00:07.825 E/omx_vdec( 365): : erro: pParamData->nIndex > m_sPortFormatType.nIndex
11-05 15:00:07.825 W/omx_vdec( 365): <__AwOmxVdecGetExtensionIndex:1737>: GetExtensionIndex OMX.google.android.index.describeColorFormat, err [0x80001001].
11-05 15:00:07.825 W/omx_vdec( 365): <__AwOmxVdecGetExtensionIndex:1737>: GetExtensionIndex OMX.google.android.index.describeColorFormat2, err [0x80001001].
11-05 15:00:07.825 I/WallpaperManagerService( 484): switch-user-0
11-05 15:00:07.825 E/omx_vdec( 365): : erro: pParamData->nIndex > m_sPortFormatType.nIndex
11-05 15:00:07.826 W/omx_vdec( 365): <__AwOmxVdecGetExtensionIndex:1737>: GetExtensionIndex OMX.google.android.index.describeColorFormat, err [0x80001001].
11-05 15:00:07.826 W/omx_vdec( 365): <__AwOmxVdecGetExtensionIndex:1737>: GetExtensionIndex OMX.google.android.index.describeColorFormat2, err [0x80001001].
11-05 15:00:07.826 V/WallpaperManagerService( 484): bindWallpaperComponentLocked: componentName=ComponentInfo{com.android.systemui/com.android.systemui.ImageWallpaper}
11-05 15:00:07.826 W/ACodec ( 360): [OMX.allwinner.video.decoder.vp9] stopping checking formats after 32: COLOR_FormatYUV420Planar(13)
11-05 15:00:07.826 W/omx_vdec( 365): <__AwOmxVdecGetExtensionIndex:1737>: GetExtensionIndex OMX.google.android.index.configureVideoTunnelMode, err [0x80001001].
11-05 15:00:07.826 E/OMXNodeInstance( 365): getExtensionIndex(0xee5b5000:allwinner.decoder.vp9, OMX.google.android.index.configureVideoTunnelMode) ERROR: Undefined(0x80001001)
11-05 15:00:07.826 D/MediaCodecInfo( 360): detail feature-tunneled-playback wasn't present to remove
11-05 15:00:07.826 W/omx_vdec( 365): <__AwOmxVdecGetExtensionIndex:1737>: GetExtensionIndex OMX.google.android.index.storeANWBufferInMetadata, err [0x80001001].
11-05 15:00:07.826 W/omx_vdec_aw( 365): <__anSetExtPara:3011>: Setparameter: unknown param 2131755011
11-05 15:00:07.826 W/OMXNodeInstance( 365): [0xee5b5000:allwinner.decoder.vp9] component does not support metadata mode; using fallback
11-05 15:00:07.827 W/libc ( 365): invalid pthread_t (0) passed to pthread_join
11-05 15:00:07.827 W/PackageManager( 484): Loading a package that does not exist for the calling user. package=null, user=0
11-05 15:00:07.827 W/libc ( 365): invalid pthread_t (0) passed to pthread_join
11-05 15:00:07.827 W/libc ( 365): invalid pthread_t (0) passed to pthread_join
11-05 15:00:07.828 D/nativeloader( 705): classloader namespace configured for unbundled product apk. library_path=/product/app/webview/lib/arm:/product/app/webview/webview.apk!/lib/armeabi-v7a:/product/lib:/system/product/lib
11-05 15:00:07.830 I/OMXClient( 360): IOmx service obtained
11-05 15:00:07.830 I/OMXStore( 365): makeComponentInstance(OMX.allwinner.video.decoder.vp9.secure) in android.hardwar process
11-05 15:00:07.831 D/SoundTriggerService( 484): onBootPhase: 600 : false
11-05 15:00:07.831 E/omx_vdec( 365): : This platform does not support secure video playback
11-05 15:00:07.831 E/omx_sem ( 365): : handle is null
11-05 15:00:07.831 E/omx_sem ( 365): : handle is null
11-05 15:00:07.831 E/omx_sem ( 365): : handle is null
11-05 15:00:07.831 E/omx_sem ( 365): : handle is null
11-05 15:00:07.831 E/omx_sem ( 365): : handle is null
11-05 15:00:07.831 W/omx_vdec_aw( 365): : pdec is null
11-05 15:00:07.831 E/android.hardware.media.omx@1.0-service( 365): Failed to allocate omx component 'OMX.allwinner.video.decoder.vp9.secure' err=InvalidComponentName(0x80001002)
11-05 15:00:07.832 W/OmxInfoBuilder( 360): Fail to add media type video/x-vnd.on2.vp9 to codec OMX.allwinner.video.decoder.vp9.secure
11-05 15:00:07.834 I/keystore2( 204): keystore2::authorization: on_lock_screen_event(LockScreenEvent(0), user_id=0, password.is_some()=false, unlocking_sids=Some([]))
11-05 15:00:07.837 I/OMXClient( 360): IOmx service obtained
11-05 15:00:07.837 I/OMXStore( 365): makeComponentInstance(OMX.allwinner.video.encoder.avc) in android.hardwar process
11-05 15:00:07.848 W/cedarc ( 365): : cannot open /dev/sunxi_soc_info, it maybe ok!
11-05 15:00:07.848 I/cedarc ( 365): : *** ic_version = 0x3301000012011,
11-05 15:00:07.854 D/ ( 365): enable_cedar_hw_clk,516
11-05 15:00:07.849 E/OMXNodeInstance( 365): getParameter(0xee5b3000:allwinner.encoder.avc, ParamVideoProfileLevelQuerySupported(0x600000f)) ERROR: BadParameter(0x80001005)
11-05 15:00:07.850 W/OMXUtils( 360): do not know color format 0x7f000789 = 2130708361
11-05 15:00:07.850 W/OMXUtils( 360): do not know color format 0x7f000001 = 2130706433
11-05 15:00:07.851 E/omx_venc( 365): <__AwOmxVencGetParameter:882>: get_parameter erro: pParamData->nIndex > m_sInPortFormatType.nIndex, param index 3. impl in->index 2.
11-05 15:00:07.851 E/OMXNodeInstance( 365): getConfig(0xee5b3000:allwinner.encoder.avc, ConfigAndroidIntraRefresh(0x6f60000a)) ERROR: UnsupportedIndex(0x8000101a)
11-05 15:00:07.851 E/omx_venc( 365): : get_parameter: unknown param 0xee69dd00
11-05 15:00:07.851 E/omx_venc( 365): 
11-05 15:00:07.851 E/OMXNodeInstance( 365): getParameter(0xee5b3000:allwinner.encoder.avc, ParamVideoIntraRefresh(0x6000006)) ERROR: UnsupportedIndex(0x8000101a)
11-05 15:00:07.851 D/MediaCodecInfo( 360): detail feature-frame-parsing wasn't present to remove
11-05 15:00:07.856 W/AlarmManager( 484): Unrecognized alarm listener com.android.server.stats.StatsCompanionService$AnomalyAlarmListener@86226a0
11-05 15:00:07.856 W/AlarmManager( 484): Unrecognized alarm listener com.android.server.stats.StatsCompanionService$PullingAlarmListener@94f6259
11-05 15:00:07.856 W/AlarmManager( 484): Unrecognized alarm listener com.android.server.stats.StatsCompanionService$PeriodicAlarmListener@9a2e1e
11-05 15:00:07.859 I/cedarc ( 365): : not malloc locks
11-05 15:00:07.865 D/ ( 399): disable_cedar_hw_clk,546
11-05 15:00:07.866 I/Codec2Client( 360): Available Codec2 services: "software"
11-05 15:00:07.869 V/C2Store ( 388): in init
11-05 15:00:07.869 V/C2Store ( 388): loading dll
11-05 15:00:07.871 I/StatsCompanionService( 484): Told statsd that StatsCompanionService is alive.
11-05 15:00:07.873 D/StatsPullAtomService( 484): Registering NetworkStats pullers with statsd
11-05 15:00:07.876 I/SystemServerTiming( 484): StartNetworkStack
11-05 15:00:07.876 D/ConnectivityModuleConnector( 484): Starting networking module android.net.INetworkStackConnector
11-05 15:00:07.877 D/ConnectivityModuleConnector( 484): Starting networking module in network_stack process
11-05 15:00:07.878 W/BestClock( 484): java.time.DateTimeException: Missing NTP fix
11-05 15:00:07.888 D/CompatibilityChangeReporter( 484): Compat change id reported: 135634846; UID 1073; state: DISABLED
11-05 15:00:07.888 D/ConnectivityModuleConnector( 484): Networking module service start requested
11-05 15:00:07.889 I/SystemServerTiming( 484): StartTethering
11-05 15:00:07.889 D/ConnectivityModuleConnector( 484): Starting networking module android.net.ITetheringConnector
11-05 15:00:07.890 D/ConnectivityModuleConnector( 484): Starting networking module in network_stack process
11-05 15:00:07.892 D/ConnectivityModuleConnector( 484): Networking module service start requested
11-05 15:00:07.892 I/SystemServerTiming( 484): MakeCountryDetectionServiceReady
11-05 15:00:07.892 V/C2Store ( 388): in ~ComponentModule
11-05 15:00:07.892 V/C2Store ( 388): unloading dll
11-05 15:00:07.892 I/SystemServerTiming( 484): MakeNetworkTimeUpdateReady
11-05 15:00:07.892 V/C2Store ( 388): in init
11-05 15:00:07.892 V/C2Store ( 388): loading dll
11-05 15:00:07.895 D/ConnectivityService( 484): requestNetwork for uid/pid:1000/484 activeRequest: null callbackRequest: 16 [NetworkRequest [ REQUEST id=17, [ Capabilities: INTERNET&NOT_RESTRICTED&TRUSTED&NOT_VCN_MANAGED Uid: 1000 RequestorUid: 1000 RequestorPkg: android] ]] callback flags: 0 priority: 2147483647
11-05 15:00:07.896 D/ConnectivityService( 484): NetReassign [no changes]
11-05 15:00:07.897 I/SystemServerTiming( 484): MakeInputManagerServiceReady
11-05 15:00:07.899 D/PPPOE ( 484): got request NetworkRequest [ REQUEST id=17, [ Capabilities: INTERNET&NOT_RESTRICTED&TRUSTED&NOT_VCN_MANAGED Uid: 1000 RequestorUid: 1000 RequestorPkg: android] ]
11-05 15:00:07.905 I/InputReader( 484): Reconfiguring input devices, changes=DEVICE_ALIAS |
11-05 15:00:07.906 D/Zygote ( 242): Forked child process 757
11-05 15:00:07.909 I/ActivityManager( 484): app.processName = com.android.networkstack.process
11-05 15:00:07.909 I/ActivityManager( 484): Start proc 757:com.android.networkstack.process/1073 for service {com.android.networkstack/com.android.server.NetworkStackService}
11-05 15:00:07.909 I/SystemServerTiming( 484): MakeTelephonyRegistryReady
11-05 15:00:07.910 I/SystemServerTiming( 484): MakeMediaRouterServiceReady
11-05 15:00:07.910 I/SystemServerTiming( 484): MakeMmsServiceReady
11-05 15:00:07.910 I/MmsServiceBroker( 484): Delay connecting to MmsService until an API is called
11-05 15:00:07.910 I/SystemServerTiming( 484): IncidentDaemonReady
11-05 15:00:07.912 I/InputReader( 484): Reconfiguring input devices, changes=KEYBOARD_LAYOUTS |
11-05 15:00:07.913 I/SystemServerTiming( 484): MakeIncrementalServiceReady
11-05 15:00:07.913 I/SystemServerTiming( 484): getCurrentUser
11-05 15:00:07.913 I/ActivityManager( 484): Current user:0
11-05 15:00:07.913 I/SystemServerTiming( 484): ActivityManagerStartApps
11-05 15:00:07.914 W/BestClock( 484): java.time.DateTimeException: Missing NTP fix
11-05 15:00:07.914 I/SystemServerTiming( 484): ssm.StartUser-0
11-05 15:00:07.914 I/SystemServiceManager( 484): Calling onStartUser 0
11-05 15:00:07.916 V/C2Store ( 388): in ~ComponentModule
11-05 15:00:07.917 V/C2Store ( 388): unloading dll
11-05 15:00:07.917 V/C2Store ( 388): in init
11-05 15:00:07.919 I/Zygote ( 757): seccomp disabled by setenforce 0
11-05 15:00:07.920 W/BestClock( 484): java.time.DateTimeException: Missing NTP fix
11-05 15:00:07.923 W/BestClock( 484): java.time.DateTimeException: Missing NTP fix
11-05 15:00:07.928 V/StorageManagerService( 484): Package com.dangbei.lerad.leradwatcher has legacy storage
11-05 15:00:07.929 V/StorageManagerService( 484): Package com.android.cts.priv.ctsshim does not have legacy storage
11-05 15:00:07.929 V/StorageManagerService( 484): Package com.android.dynsystem does not have legacy storage
11-05 15:00:07.929 V/StorageManagerService( 484): Package com.dangbei.lerad.rocky does not have legacy storage
11-05 15:00:07.929 V/StorageManagerService( 484): Package com.android.providers.calendar does not have legacy storage
11-05 15:00:07.929 V/StorageManagerService( 484): Package com.android.tv.settings does not have legacy storage
11-05 15:00:07.929 V/StorageManagerService( 484): Package com.android.providers.media does not have legacy storage
11-05 15:00:07.929 V/StorageManagerService( 484): Package com.oranth.factory does not have legacy storage
11-05 15:00:07.929 V/StorageManagerService( 484): Package com.android.internal.systemui.navbar.gestural_wide_back does not have legacy storage
11-05 15:00:07.929 V/StorageManagerService( 484): Package com.dangbei.zhushou.os does not have legacy storage
11-05 15:00:07.929 V/StorageManagerService( 484): Package com.android.wallpapercropper does not have legacy storage
11-05 15:00:07.929 V/StorageManagerService( 484): Package com.softwinner.provision does not have legacy storage
11-05 15:00:07.929 V/StorageManagerService( 484): Package com.softwinner.awlogsettings does not have legacy storage
11-05 15:00:07.929 V/StorageManagerService( 484): Package com.android.documentsui does not have legacy storage
11-05 15:00:07.930 V/StorageManagerService( 484): Package com.sohu.inputmethod.sogou.tv has legacy storage
11-05 15:00:07.930 V/StorageManagerService( 484): Package com.android.externalstorage does not have legacy storage
11-05 15:00:07.930 V/StorageManagerService( 484): Package com.android.htmlviewer does not have legacy storage
11-05 15:00:07.931 V/StorageManagerService( 484): Package com.android.companiondevicemanager does not have legacy storage
11-05 15:00:07.931 W/BestClock( 484): java.time.DateTimeException: Missing NTP fix
11-05 15:00:07.926 V/C2Store ( 388): loading dll
11-05 15:00:07.931 V/StorageManagerService( 484): Package com.android.mms.service does not have legacy storage
11-05 15:00:07.931 V/StorageManagerService( 484): Package com.android.providers.downloads does not have legacy storage
11-05 15:00:07.932 V/StorageManagerService( 484): Package com.android.providers.tv does not have legacy storage
11-05 15:00:07.932 V/StorageManagerService( 484): Package com.android.internal.systemui.onehanded.gestural does not have legacy storage
11-05 15:00:07.932 V/StorageManagerService( 484): Package com.oranth.ledstatus does not have legacy storage
11-05 15:00:07.932 V/StorageManagerService( 484): Package com.dangbei.lerad.videoposter has legacy storage
11-05 15:00:07.932 V/StorageManagerService( 484): Package com.android.providers.downloads.ui does not have legacy storage
11-05 15:00:07.932 V/StorageManagerService( 484): Package com.android.pacprocessor does not have legacy storage
11-05 15:00:07.932 V/StorageManagerService( 484): Package com.android.simappdialog does not have legacy storage
11-05 15:00:07.932 V/StorageManagerService( 484): Package com.android.networkstack does not have legacy storage
11-05 15:00:07.932 V/StorageManagerService( 484): Package com.android.connectivity.resources does not have legacy storage
11-05 15:00:07.932 V/StorageManagerService( 484): Package com.android.modulemetadata does not have legacy storage
11-05 15:00:07.932 V/StorageManagerService( 484): Package com.android.certinstaller does not have legacy storage
11-05 15:00:07.932 V/StorageManagerService( 484): Package com.android.carrierconfig does not have legacy storage
11-05 15:00:07.932 V/StorageManagerService( 484): Package com.google.android.apps.searchlite.overlay does not have legacy storage
11-05 15:00:07.932 V/StorageManagerService( 484): Package com.android.internal.systemui.navbar.threebutton does not have legacy storage
11-05 15:00:07.933 V/StorageManagerService( 484): Package android does not have legacy storage
11-05 15:00:07.933 V/StorageManagerService( 484): Package com.google.android.networkstackconfig does not have legacy storage
11-05 15:00:07.933 V/StorageManagerService( 484): Package com.softwinner.settingssetup does not have legacy storage
11-05 15:00:07.933 V/StorageManagerService( 484): Package com.android.egg does not have legacy storage
11-05 15:00:07.933 V/StorageManagerService( 484): Package com.android.mtp does not have legacy storage
11-05 15:00:07.933 V/StorageManagerService( 484): Package com.android.backupconfirm does not have legacy storage
11-05 15:00:07.933 V/StorageManagerService( 484): Package com.softwinner.timerswitch does not have legacy storage
11-05 15:00:07.933 V/StorageManagerService( 484): Package com.android.statementservice does not have legacy storage
11-05 15:00:07.933 V/StorageManagerService( 484): Package com.dangbei.screencast has legacy storage
11-05 15:00:07.933 V/StorageManagerService( 484): Package com.android.settings.intelligence does not have legacy storage
11-05 15:00:07.933 V/StorageManagerService( 484): Package com.android.internal.systemui.navbar.gestural_extra_wide_back does not have legacy storage
11-05 15:00:07.933 V/StorageManagerService( 484): Package com.dangbei.leard.leradlauncher does not have legacy storage
11-05 15:00:07.933 V/StorageManagerService( 484): Package com.android.providers.settings does not have legacy storage
11-05 15:00:07.934 V/StorageManagerService( 484): Package com.android.sharedstoragebackup does not have legacy storage
11-05 15:00:07.934 V/StorageManagerService( 484): Package com.android.printspooler does not have legacy storage
11-05 15:00:07.934 V/StorageManagerService( 484): Package com.android.dreams.basic does not have legacy storage
11-05 15:00:07.934 V/StorageManagerService( 484): Package com.android.webview does not have legacy storage
11-05 15:00:07.934 V/StorageManagerService( 484): Package com.android.se does not have legacy storage
11-05 15:00:07.934 V/StorageManagerService( 484): Package com.android.tv does not have legacy storage
11-05 15:00:07.934 V/StorageManagerService( 484): Package com.android.inputdevices does not have legacy storage
11-05 15:00:07.934 V/StorageManagerService( 484): Package com.android.bips does not have legacy storage
11-05 15:00:07.934 V/StorageManagerService( 484): Package com.oranth.inputmacsn does not have legacy storage
11-05 15:00:07.934 V/StorageManagerService( 484): Package com.android.musicfx does not have legacy storage
11-05 15:00:07.935 V/StorageManagerService( 484): Package com.dangbei.hqguide does not have legacy storage
11-05 15:00:07.935 V/StorageManagerService( 484): Package com.dangbei.hqmedia does not have legacy storage
11-05 15:00:07.935 V/StorageManagerService( 484): Package android.ext.shared does not have legacy storage
11-05 15:00:07.935 V/StorageManagerService( 484): Package com.android.onetimeinitializer does not have legacy storage
11-05 15:00:07.935 V/StorageManagerService( 484): Package com.android.keychain does not have legacy storage
11-05 15:00:07.935 V/StorageManagerService( 484): Package com.android.printservice.recommendation does not have legacy storage
11-05 15:00:07.935 V/StorageManagerService( 484): Package com.google.android.networkstack.tetheringconfig does not have legacy storage
11-05 15:00:07.935 V/StorageManagerService( 484): Package android.ext.services does not have legacy storage
11-05 15:00:07.935 V/StorageManagerService( 484): Package com.android.wifi.resources does not have legacy storage
11-05 15:00:07.935 V/StorageManagerService( 484): Package com.android.localtransport does not have legacy storage
11-05 15:00:07.935 V/StorageManagerService( 484): Package com.android.packageinstaller does not have legacy storage
11-05 15:00:07.935 V/StorageManagerService( 484): Package com.android.theme.font.notoserifsource does not have legacy storage
11-05 15:00:07.935 V/StorageManagerService( 484): Package com.android.proxyhandler does not have legacy storage
11-05 15:00:07.935 V/StorageManagerService( 484): Package com.softwinner.screenshot does not have legacy storage
11-05 15:00:07.935 V/StorageManagerService( 484): Package com.android.managedprovisioning does not have legacy storage
11-05 15:00:07.936 V/StorageManagerService( 484): Package com.oranth.usbopenft does not have legacy storage
11-05 15:00:07.936 V/StorageManagerService( 484): Package com.android.networkstack.tethering does not have legacy storage
11-05 15:00:07.937 V/StorageManagerService( 484): Package com.android.soundpicker does not have legacy storage
11-05 15:00:07.937 V/StorageManagerService( 484): Package com.dangbei.lerad.etna.haqu does not have legacy storage
11-05 15:00:07.937 V/StorageManagerService( 484): Package com.allwinnertech.packageoverride does not have legacy storage
11-05 15:00:07.932 I/rainbow_flow( 321): type=1400 audit(0.0:347): avc: denied { ioctl } for path="/dev/spidev1.0" dev="tmpfs" ino=1229 ioctlcmd=0x6b00 scontext=u:r:init:s0 tcontext=u:object_r:device:s0 tclass=chr_file permissive=1
11-05 15:00:07.937 V/StorageManagerService( 484): Package com.android.smspush does not have legacy storage
11-05 15:00:07.937 V/StorageManagerService( 484): Package com.android.wallpaper.livepicker does not have legacy storage
11-05 15:00:07.938 V/StorageManagerService( 484): Package com.tv.filemanager.os has legacy storage
11-05 15:00:07.938 V/StorageManagerService( 484): Package com.oranth.powerwindow does not have legacy storage
11-05 15:00:07.938 V/StorageManagerService( 484): Package com.android.storagemanager does not have legacy storage
11-05 15:00:07.938 V/StorageManagerService( 484): Package com.android.bookmarkprovider does not have legacy storage
11-05 15:00:07.938 V/StorageManagerService( 484): Package com.android.networkstack.permissionconfig does not have legacy storage
11-05 15:00:07.938 V/StorageManagerService( 484): Package com.android.cts.ctsshim does not have legacy storage
11-05 15:00:07.938 V/StorageManagerService( 484): Package com.dangbei.lerad.screensaver does not have legacy storage
11-05 15:00:07.938 V/StorageManagerService( 484): Package com.android.remoteprovisioner does not have legacy storage
11-05 15:00:07.938 V/StorageManagerService( 484): Package com.softwinner.theme.icon does not have legacy storage
11-05 15:00:07.938 V/StorageManagerService( 484): Package com.android.wallpaper does not have legacy storage
11-05 15:00:07.938 V/StorageManagerService( 484): Package com.android.vpndialogs does not have legacy storage
11-05 15:00:07.939 V/StorageManagerService( 484): Package com.android.music does not have legacy storage
11-05 15:00:07.939 V/StorageManagerService( 484): Package com.android.shell does not have legacy storage
11-05 15:00:07.939 V/StorageManagerService( 484): Package com.android.wallpaperbackup does not have legacy storage
11-05 15:00:07.939 V/StorageManagerService( 484): Package com.android.providers.blockednumber does not have legacy storage
11-05 15:00:07.939 V/StorageManagerService( 484): Package com.android.providers.userdictionary does not have legacy storage
11-05 15:00:07.939 V/StorageManagerService( 484): Package com.android.providers.media.module does not have legacy storage
11-05 15:00:07.939 V/StorageManagerService( 484): Package com.softwinner.theme.color does not have legacy storage
11-05 15:00:07.939 V/StorageManagerService( 484): Package com.oranth.storage does not have legacy storage
11-05 15:00:07.939 V/StorageManagerService( 484): Package com.android.hotspot2.osulogin does not have legacy storage
11-05 15:00:07.939 V/StorageManagerService( 484): Package com.android.internal.systemui.navbar.gestural does not have legacy storage
11-05 15:00:07.939 V/StorageManagerService( 484): Package com.android.location.fused does not have legacy storage
11-05 15:00:07.939 V/StorageManagerService( 484): Package com.android.systemui does not have legacy storage
11-05 15:00:07.939 V/StorageManagerService( 484): Package com.dangbei.haqusetting does not have legacy storage
11-05 15:00:07.939 V/StorageManagerService( 484): Package com.android.bluetoothmidiservice does not have legacy storage
11-05 15:00:07.939 V/StorageManagerService( 484): Package com.softwinner.awmanager does not have legacy storage
11-05 15:00:07.940 V/StorageManagerService( 484): Package com.android.permissioncontroller does not have legacy storage
11-05 15:00:07.940 V/StorageManagerService( 484): Package com.softwinner.miracastReceiver does not have legacy storage
11-05 15:00:07.940 V/StorageManagerService( 484): Package com.android.traceur does not have legacy storage
11-05 15:00:07.940 V/StorageManagerService( 484): Package com.android.bluetooth does not have legacy storage
11-05 15:00:07.940 V/StorageManagerService( 484): Package com.android.providers.contacts does not have legacy storage
11-05 15:00:07.940 V/StorageManagerService( 484): Package com.android.captiveportallogin does not have legacy storage
11-05 15:00:07.940 V/StorageManagerService( 484): Package com.android.internal.systemui.navbar.gestural_narrow_back does not have legacy storage
11-05 15:00:07.940 V/StorageManagerService( 484): Package android.auto_generated_rro_vendor__ does not have legacy storage
11-05 15:00:07.946 W/VoiceInteractionManager( 484): no available voice recognition services found for user 0
11-05 15:00:07.947 W/AppBindingService( 484): [Default SMS app] u0 Target package not found
11-05 15:00:07.949 I/adbd ( 396): jdwp connection from 757
11-05 15:00:07.951 V/GameManagerService( 484): Settings file doesn't exists, skip reading
11-05 15:00:07.951 I/SystemServerTiming( 484): startPersistentApps
11-05 15:00:07.955 D/CompatibilityChangeReporter( 484): Compat change id reported: 135634846; UID 1068; state: DISABLED
11-05 15:00:07.955 V/C2Store ( 388): in ~ComponentModule
11-05 15:00:07.956 V/C2Store ( 388): unloading dll
11-05 15:00:07.956 I/SystemServerTiming( 484): startHomeOnAllDisplays
11-05 15:00:07.956 V/C2Store ( 388): in init
11-05 15:00:07.956 V/C2Store ( 388): loading dll
11-05 15:00:07.964 I/ActivityStarter( 484): ---START u0 {act=android.intent.action.MAIN cat=[android.intent.category.HOME] flg=0x10000100 cmp=com.android.tv.settings/.system.FallbackHome (has extras)} from uid 0
11-05 15:00:07.965 W/IorapForwardingService( 484): No service published for: iorapd
11-05 15:00:07.966 W/BestClock( 484): java.time.DateTimeException: Missing NTP fix
11-05 15:00:07.971 W/BestClock( 484): java.time.DateTimeException: Missing NTP fix
11-05 15:00:07.972 D/Zygote ( 242): Forked child process 772
11-05 15:00:07.976 V/C2Store ( 388): in ~ComponentModule
11-05 15:00:07.976 V/C2Store ( 388): unloading dll
11-05 15:00:07.976 V/C2Store ( 388): in init
11-05 15:00:07.979 V/C2Store ( 388): loading dll
11-05 15:00:07.982 I/Zygote ( 772): seccomp disabled by setenforce 0
11-05 15:00:07.991 V/C2Store ( 388): in ~ComponentModule
11-05 15:00:07.991 V/C2Store ( 388): unloading dll
11-05 15:00:07.991 V/C2Store ( 388): in init
11-05 15:00:07.991 V/C2Store ( 388): loading dll
11-05 15:00:07.996 I/EventThread( 260): type=1400 audit(0.0:348): avc: denied { search } for name="extcon" dev="sysfs" ino=18103 scontext=u:r:hal_tv_cec_default:s0 tcontext=u:object_r:sysfs_extcon:s0 tclass=dir permissive=1
11-05 15:00:08.001 W/BestClock( 484): java.time.DateTimeException: Missing NTP fix
11-05 15:00:08.004 I/adbd ( 396): jdwp connection from 772
11-05 15:00:08.006 W/BestClock( 484): java.time.DateTimeException: Missing NTP fix
11-05 15:00:08.012 V/C2Store ( 388): in ~ComponentModule
11-05 15:00:08.012 V/C2Store ( 388): unloading dll
11-05 15:00:08.012 V/C2Store ( 388): in init
11-05 15:00:08.012 V/C2Store ( 388): loading dll
11-05 15:00:08.012 I/ndroid.systemui( 684): type=1400 audit(0.0:349): avc: denied { search } for name="com.android.systemui" dev="mmcblk0p25" ino=486 scontext=u:r:platform_app:s0:c512,c768 tcontext=u:object_r:app_data_file:s0:c512,c768 tclass=dir permissive=1 app=com.softwinner.screenshot
11-05 15:00:08.017 V/GraphicsEnvironment( 684): ANGLE Developer option for 'com.android.systemui' set to: 'default'
11-05 15:00:08.017 V/GraphicsEnvironment( 684): Neither updatable production driver nor prerelease driver is supported.
11-05 15:00:08.019 D/NetworkSecurityConfig( 684): No Network Security Config specified, using platform default
11-05 15:00:08.019 D/NetworkSecurityConfig( 684): No Network Security Config specified, using platform default
11-05 15:00:08.024 V/C2Store ( 388): in ~ComponentModule
11-05 15:00:08.024 V/C2Store ( 388): unloading dll
11-05 15:00:08.024 V/C2Store ( 388): in init
11-05 15:00:08.024 V/C2Store ( 388): loading dll
11-05 15:00:08.037 V/C2Store ( 388): in ~ComponentModule
11-05 15:00:08.037 V/C2Store ( 388): unloading dll
11-05 15:00:08.038 V/C2Store ( 388): in init
11-05 15:00:08.038 V/C2Store ( 388): loading dll
11-05 15:00:08.044 W/BestClock( 484): java.time.DateTimeException: Missing NTP fix
11-05 15:00:08.045 W/Zygote ( 242): forkRepeatedly terminated due to non-simple command
11-05 15:00:08.045 D/Zygote ( 242): mbuffer starts with 14, nice name is webview_zygote, mEnd = 401, mNext = 159, mLinesLeft = 6, mFd = 4
11-05 15:00:08.047 W/BestClock( 484): java.time.DateTimeException: Missing NTP fix
11-05 15:00:08.049 I/WebViewLoader-( 705): System.exit called, status: 0
11-05 15:00:08.049 I/AndroidRuntime( 705): VM exiting with result code 0, cleanup skipped.
11-05 15:00:08.056 V/SystemUIService( 684): SystemUIApplication constructed.
11-05 15:00:08.058 I/mediaswcodec( 388): missing struct descriptor #Param::CoreIndex(--004) for field values of struct #Param::CoreIndex(F-12004)
11-05 15:00:08.059 I/mediaswcodec( 388): missing struct descriptor #Param::CoreIndex(--1812) for field values of struct #Param::CoreIndex(F-11812)
11-05 15:00:08.062 V/C2Store ( 388): in ~ComponentModule
11-05 15:00:08.062 V/C2Store ( 388): unloading dll
11-05 15:00:08.063 V/C2Store ( 388): in init
11-05 15:00:08.063 V/C2Store ( 388): loading dll
11-05 15:00:08.065 D/Zygote ( 242): Forked child process 794
11-05 15:00:08.069 W/ZygoteProcess( 484): Got error connecting to zygote, retrying. msg= Connection refused
11-05 15:00:08.074 I/Zygote ( 242): Process 705 exited cleanly (0)
11-05 15:00:08.076 I/Zygote ( 794): seccomp disabled by setenforce 0
11-05 15:00:08.078 W/BestClock( 484): java.time.DateTimeException: Missing NTP fix
11-05 15:00:08.083 D/CompatibilityChangeReporter( 484): Compat change id reported: 174042980; UID 1000; state: DISABLED
11-05 15:00:08.087 V/C2Store ( 388): in ~ComponentModule
11-05 15:00:08.087 V/C2Store ( 388): unloading dll
11-05 15:00:08.087 V/C2Store ( 388): in init
11-05 15:00:08.087 V/C2Store ( 388): loading dll
11-05 15:00:08.088 W/BestClock( 484): java.time.DateTimeException: Missing NTP fix
11-05 15:00:08.088 I/WebViewZygoteInit( 794): Starting WebViewZygoteInit
11-05 15:00:08.090 I/Zygote ( 794): seccomp disabled by setenforce 0
11-05 15:00:08.094 V/C2Store ( 388): in ~ComponentModule
11-05 15:00:08.094 V/C2Store ( 388): unloading dll
11-05 15:00:08.094 V/C2Store ( 388): in init
11-05 15:00:08.094 V/C2Store ( 388): loading dll
11-05 15:00:08.095 D/libcheckfile( 484): checkfile_init
11-05 15:00:08.096 D/ActivityTaskManager( 484): isHomeLauncher info= ActivityInfo{abd3ffa com.android.tv.settings.system.FallbackHome}
11-05 15:00:08.098 V/C2Store ( 388): in ~ComponentModule
11-05 15:00:08.099 V/C2Store ( 388): unloading dll
11-05 15:00:08.099 V/C2Store ( 388): in init
11-05 15:00:08.099 V/C2Store ( 388): loading dll
11-05 15:00:08.096 I/ndroid.systemui( 684): type=1400 audit(0.0:350): avc: denied { search } for name="com.android.systemui" dev="mmcblk0p25" ino=486 scontext=u:r:platform_app:s0:c512,c768 tcontext=u:object_r:app_data_file:s0:c512,c768 tclass=dir permissive=1 app=com.softwinner.screenshot
11-05 15:00:08.096 I/system_server( 806): type=1400 audit(0.0:351): avc: denied { execute } for name="am" dev="dm-1" ino=1164 scontext=u:r:system_server:s0 tcontext=u:object_r:vendor_file:s0 tclass=file permissive=1
11-05 15:00:08.096 I/system_server( 806): type=1400 audit(0.0:352): avc: denied { read open } for path="/vendor/xbin/am" dev="dm-1" ino=1164 scontext=u:r:system_server:s0 tcontext=u:object_r:vendor_file:s0 tclass=file permissive=1
11-05 15:00:08.096 I/ndroid.systemui( 684): type=1400 audit(0.0:353): avc: denied { getattr } for path="/data/user_de/0/com.android.systemui/cache" dev="mmcblk0p25" ino=487 scontext=u:r:platform_app:s0:c512,c768 tcontext=u:object_r:app_data_file:s0:c512,c768 tclass=dir permissive=1 app=com.softwinner.screenshot
11-05 15:00:08.096 I/system_server( 806): type=1400 audit(0.0:354): avc: denied { execute_no_trans } for path="/vendor/xbin/am" dev="dm-1" ino=1164 scontext=u:r:system_server:s0 tcontext=u:object_r:vendor_file:s0 tclass=file permissive=1
11-05 15:00:08.100 I/system_server( 806): type=1400 audit(0.0:355): avc: denied { execute } for name="sh" dev="dm-0" ino=1202 scontext=u:r:system_server:s0 tcontext=u:object_r:shell_exec:s0 tclass=file permissive=1
11-05 15:00:08.103 V/C2Store ( 388): in ~ComponentModule
11-05 15:00:08.100 I/system_server( 806): type=1400 audit(0.0:356): avc: denied { read open } for path="/system/bin/sh" dev="dm-0" ino=1202 scontext=u:r:system_server:s0 tcontext=u:object_r:shell_exec:s0 tclass=file permissive=1
11-05 15:00:08.103 V/C2Store ( 388): unloading dll
11-05 15:00:08.100 I/am ( 806): type=1400 audit(0.0:357): avc: denied { map } for path="/system/bin/sh" dev="dm-0" ino=1202 scontext=u:r:system_server:s0 tcontext=u:object_r:shell_exec:s0 tclass=file permissive=1
11-05 15:00:08.103 V/C2Store ( 388): in init
11-05 15:00:08.103 V/C2Store ( 388): loading dll
11-05 15:00:08.104 W/StorageManagerService( 484): No primary storage defined yet; hacking together a stub
11-05 15:00:08.104 I/am ( 806): type=1400 audit(0.0:358): avc: denied { getattr } for path="/system/bin/sh" dev="dm-0" ino=1202 scontext=u:r:system_server:s0 tcontext=u:object_r:shell_exec:s0 tclass=file permissive=1
11-05 15:00:08.106 I/AW_PowerHAL( 259): Power setMode: SUSTAINED_PERFORMANCE to: 1
11-05 15:00:08.107 W/AW_PowerHAL( 259): Could not open nsi-bw: No such file or directory
11-05 15:00:08.107 I/AW_PowerHAL( 259): cur-mode:PERFORMANCE
11-05 15:00:08.114 V/C2Store ( 388): in ~ComponentModule
11-05 15:00:08.114 V/C2Store ( 388): unloading dll
11-05 15:00:08.114 V/C2Store ( 388): in init
11-05 15:00:08.114 V/C2Store ( 388): loading dll
11-05 15:00:08.115 I/SystemServerTiming( 484): showSystemReadyErrorDialogs
11-05 15:00:08.115 I/system_server( 484): getFrameworkHalManifest: Reading VINTF information.
11-05 15:00:08.120 W/BestClock( 484): java.time.DateTimeException: Missing NTP fix
11-05 15:00:08.125 I/system_server( 484): getDeviceHalManifest: Reading VINTF information.
11-05 15:00:08.125 W/BestClock( 484): java.time.DateTimeException: Missing NTP fix
11-05 15:00:08.128 I/WebViewZygoteInit( 794): Beginning application preload for com.android.webview
11-05 15:00:08.128 I/am ( 809): type=1400 audit(0.0:359): avc: denied { execute_no_trans } for path="/system/bin/cmd" dev="dm-0" ino=937 scontext=u:r:system_server:s0 tcontext=u:object_r:system_file:s0 tclass=file permissive=1
11-05 15:00:08.132 I/system_server( 484): getDeviceHalManifest: Successfully processed VINTF information
11-05 15:00:08.132 I/system_server( 484): getFrameworkHalManifest: Successfully processed VINTF information
11-05 15:00:08.132 I/system_server( 484): getFrameworkCompatibilityMatrix: Reading VINTF information.
11-05 15:00:08.138 V/C2Store ( 388): in ~ComponentModule
11-05 15:00:08.139 V/C2Store ( 388): unloading dll
11-05 15:00:08.139 V/C2Store ( 388): in init
11-05 15:00:08.139 V/C2Store ( 388): loading dll
11-05 15:00:08.139 D/nativeloader( 794): classloader namespace configured for unbundled product apk. library_path=/product/app/webview/lib/arm:/product/app/webview/webview.apk!/lib/armeabi-v7a:/product/lib:/system/product/lib
11-05 15:00:08.150 V/C2Store ( 388): in ~ComponentModule
11-05 15:00:08.151 V/C2Store ( 388): unloading dll
11-05 15:00:08.152 V/C2Store ( 388): in init
11-05 15:00:08.152 V/C2Store ( 388): loading dll
11-05 15:00:08.165 V/C2Store ( 388): in ~ComponentModule
11-05 15:00:08.165 V/C2Store ( 388): unloading dll
11-05 15:00:08.166 W/BestClock( 484): java.time.DateTimeException: Missing NTP fix
11-05 15:00:08.166 V/C2Store ( 388): in init
11-05 15:00:08.167 V/C2Store ( 388): loading dll
11-05 15:00:08.170 W/BestClock( 484): java.time.DateTimeException: Missing NTP fix
11-05 15:00:08.176 I/mediaswcodec( 388): missing struct descriptor #Param::CoreIndex(--004) for field values of struct #Param::CoreIndex(F-12004)
11-05 15:00:08.179 D/C2SoftHevcEnc( 388): Given level 6000 does not cover current configuration: adjusting to 6001
11-05 15:00:08.180 V/C2Store ( 388): in ~ComponentModule
11-05 15:00:08.180 V/C2Store ( 388): unloading dll
11-05 15:00:08.180 V/C2Store ( 388): in init
11-05 15:00:08.180 V/C2Store ( 388): loading dll
11-05 15:00:08.185 V/C2Store ( 388): in ~ComponentModule
11-05 15:00:08.186 V/C2Store ( 388): unloading dll
11-05 15:00:08.186 V/C2Store ( 388): in init
11-05 15:00:08.186 V/C2Store ( 388): loading dll
11-05 15:00:08.193 V/C2Store ( 388): in ~ComponentModule
11-05 15:00:08.193 V/C2Store ( 388): unloading dll
11-05 15:00:08.193 V/C2Store ( 388): in init
11-05 15:00:08.193 V/C2Store ( 388): loading dll
11-05 15:00:08.195 W/BestClock( 484): java.time.DateTimeException: Missing NTP fix
11-05 15:00:08.198 W/BestClock( 484): java.time.DateTimeException: Missing NTP fix
11-05 15:00:08.201 V/C2Store ( 388): in ~ComponentModule
11-05 15:00:08.201 V/C2Store ( 388): unloading dll
11-05 15:00:08.201 V/C2Store ( 388): in init
11-05 15:00:08.201 V/C2Store ( 388): loading dll
11-05 15:00:08.209 V/C2Store ( 388): in ~ComponentModule
11-05 15:00:08.209 V/C2Store ( 388): unloading dll
11-05 15:00:08.209 V/C2Store ( 388): in init
11-05 15:00:08.209 V/C2Store ( 388): loading dll
11-05 15:00:08.217 V/C2Store ( 388): in ~ComponentModule
11-05 15:00:08.217 V/C2Store ( 388): unloading dll
11-05 15:00:08.218 V/C2Store ( 388): in init
11-05 15:00:08.218 V/C2Store ( 388): loading dll
11-05 15:00:08.224 V/C2Store ( 388): in ~ComponentModule
11-05 15:00:08.224 V/C2Store ( 388): unloading dll
11-05 15:00:08.224 V/C2Store ( 388): in init
11-05 15:00:08.224 V/C2Store ( 388): loading dll
11-05 15:00:08.224 I/WebViewZygoteInit( 794): Application preload done
11-05 15:00:08.227 W/BestClock( 484): java.time.DateTimeException: Missing NTP fix
11-05 15:00:08.229 V/C2Store ( 388): in ~ComponentModule
11-05 15:00:08.229 V/C2Store ( 388): unloading dll
11-05 15:00:08.230 V/C2Store ( 388): in init
11-05 15:00:08.230 V/C2Store ( 388): loading dll
11-05 15:00:08.230 W/BestClock( 484): java.time.DateTimeException: Missing NTP fix
11-05 15:00:08.234 V/C2Store ( 388): in ~ComponentModule
11-05 15:00:08.234 V/C2Store ( 388): unloading dll
11-05 15:00:08.234 V/C2Store ( 388): in init
11-05 15:00:08.234 V/C2Store ( 388): loading dll
11-05 15:00:08.241 I/system_server( 484): getFrameworkCompatibilityMatrix: Successfully processed VINTF information
11-05 15:00:08.241 I/system_server( 484): getDeviceCompatibilityMatrix: Reading VINTF information.
11-05 15:00:08.240 I/xiriservice_All( 339): type=1400 audit(0.0:360): avc: denied { read } for scontext=u:r:init:s0 tcontext=u:r:init:s0 tclass=netlink_kobject_uevent_socket permissive=1
11-05 15:00:08.245 I/libphy ( 241): 5030000.eth: probed
11-05 15:00:08.245 E/ ( 241): get_key_map_info()187 - Failed to find "oe" in dts.
11-05 15:00:08.248 I/system_server( 484): getDeviceCompatibilityMatrix: Successfully processed VINTF information
11-05 15:00:08.255 I/ ( 241): sunxi-gmac 5030000.eth eth0: eth0: Type(7) PHY ID 00441400 at 0 IRQ poll (5030000.eth-0:00)
11-05 15:00:08.251 V/C2Store ( 388): in ~ComponentModule
11-05 15:00:08.252 V/C2Store ( 388): unloading dll
11-05 15:00:08.252 V/C2Store ( 388): in init
11-05 15:00:08.252 V/C2Store ( 388): loading dll
11-05 15:00:08.257 I/C2SoftVp8Enc( 388): setting temporal layering 0 + 0
11-05 15:00:08.259 V/C2Store ( 388): in ~ComponentModule
11-05 15:00:08.259 V/C2Store ( 388): unloading dll
11-05 15:00:08.259 V/C2Store ( 388): in init
11-05 15:00:08.259 V/C2Store ( 388): loading dll
11-05 15:00:08.260 I/SystemServerTiming( 484): sendUserStartBroadcast
11-05 15:00:08.262 I/EthernetTracker( 484): interfaceLinkStateChanged, iface: eth0, up: false
11-05 15:00:08.263 W/PppoeNetworkFactory( 484): interfaceLinkStateChanged
11-05 15:00:08.263 D/PppoeNetworkFactory( 484): updateInterface: mIface: mPhyIface:eth0 iface:eth0 link:down
11-05 15:00:08.263 I/SystemServerTiming( 484): resumeTopActivities
11-05 15:00:08.264 W/BestClock( 484): java.time.DateTimeException: Missing NTP fix
11-05 15:00:08.265 I/SystemServerTiming( 484): sendUserSwitchBroadcasts
11-05 15:00:08.265 I/SystemServerTiming( 484): setBinderProxies
11-05 15:00:08.266 I/SystemServerTiming( 484): StartSystemUI
11-05 15:00:08.266 W/ActivityManager( 484): Slow operation: 315ms so far, now at startProcess: done updating battery stats
11-05 15:00:08.267 W/ActivityManager( 484): Slow operation: 315ms so far, now at startProcess: building log message
11-05 15:00:08.267 I/ActivityManager( 484): app.processName = com.android.networkstack.process
11-05 15:00:08.267 I/ActivityManager( 484): Start proc 772:com.android.networkstack.process/1073 for added application com.android.networkstack.process
11-05 15:00:08.267 W/ActivityManager( 484): Slow operation: 315ms so far, now at startProcess: starting to update pids map
11-05 15:00:08.267 W/ActivityManager( 484): Slow operation: 315ms so far, now at startProcess: done updating pids map
11-05 15:00:08.267 W/ActivityManager( 484): Slow operation: 312ms so far, now at startProcess: asking zygote to start proc
11-05 15:00:08.267 W/ActivityManager( 484): No pending application record for pid 757 (IApplicationThread android.app.IApplicationThread$Stub$Proxy@ce59baa); dropping process
11-05 15:00:08.268 I/EthernetTracker( 484): interfaceLinkStateChanged, iface: eth0, up: false
11-05 15:00:08.268 W/PppoeNetworkFactory( 484): interfaceLinkStateChanged
11-05 15:00:08.268 D/PppoeNetworkFactory( 484): updateInterface: mIface: mPhyIface:eth0 iface:eth0 link:down
11-05 15:00:08.270 W/BestClock( 484): java.time.DateTimeException: Missing NTP fix
11-05 15:00:08.271 D/CompatibilityChangeReporter( 484): Compat change id reported: 168419799; UID 1073; state: DISABLED
11-05 15:00:08.274 D/EthernetTracker( 484): Tracking interface in client mode: eth0
11-05 15:00:08.274 D/EthernetNetworkFactory( 484): addInterface, iface: eth0, capabilities: [ Transports: ETHERNET Capabilities: NOT_METERED&INTERNET&NOT_RESTRICTED&TRUSTED&NOT_VPN&NOT_ROAMING&NOT_CONGESTED&NOT_SUSPENDED&NOT_VCN_MANAGED LinkUpBandwidth>=100000Kbps LinkDnBandwidth>=100000Kbps]
11-05 15:00:08.276 D/EthernetNetworkFactory( 484): updateCapabilityFilter: [ Transports: ETHERNET Capabilities: NOT_METERED&INTERNET&NOT_RESTRICTED&TRUSTED&NOT_VPN&NOT_ROAMING&NOT_CONGESTED&NOT_SUSPENDED&NOT_VCN_MANAGED]
11-05 15:00:08.276 D/EthernetNetworkFactory( 484): updateInterfaceLinkState, iface: eth0, up: false
11-05 15:00:08.276 D/EthernetNetworkFactory( 484): updateInterfaceLinkState, iface: eth0, up: false
11-05 15:00:08.277 D/Ethernet( 484): got request NetworkRequest [ REQUEST id=4, [ Transports: ETHERNET Capabilities: INTERNET&NOT_RESTRICTED&TRUSTED&NOT_VPN&NOT_VCN_MANAGED RequestorUid: 1000 RequestorPkg: android] ]
11-05 15:00:08.278 D/EthernetNetworkFactory( 484): acceptRequest, request: NetworkRequest [ REQUEST id=4, [ Transports: ETHERNET Capabilities: INTERNET&NOT_RESTRICTED&TRUSTED&NOT_VPN&NOT_VCN_MANAGED RequestorUid: 1000 RequestorPkg: android] ]
11-05 15:00:08.278 I/EthernetNetworkFactory( 484): networkForRequest, request: NetworkRequest [ REQUEST id=4, [ Transports: ETHERNET Capabilities: INTERNET&NOT_RESTRICTED&TRUSTED&NOT_VPN&NOT_VCN_MANAGED RequestorUid: 1000 RequestorPkg: android] ], network: null
11-05 15:00:08.278 D/Ethernet( 484): got request NetworkRequest [ REQUEST id=1, [ Capabilities: INTERNET&NOT_RESTRICTED&TRUSTED&NOT_VPN&NOT_VCN_MANAGED RequestorUid: 1000 RequestorPkg: android] ]
11-05 15:00:08.278 D/EthernetNetworkFactory( 484): acceptRequest, request: NetworkRequest [ REQUEST id=1, [ Capabilities: INTERNET&NOT_RESTRICTED&TRUSTED&NOT_VPN&NOT_VCN_MANAGED RequestorUid: 1000 RequestorPkg: android] ]
11-05 15:00:08.278 I/EthernetNetworkFactory( 484): networkForRequest, request: NetworkRequest [ REQUEST id=1, [ Capabilities: INTERNET&NOT_RESTRICTED&TRUSTED&NOT_VPN&NOT_VCN_MANAGED RequestorUid: 1000 RequestorPkg: android] ], network: null
11-05 15:00:08.278 D/Ethernet( 484): got request NetworkRequest [ REQUEST id=10, [ Capabilities: INTERNET&NOT_RESTRICTED&TRUSTED&NOT_VCN_MANAGED Uid: 1000 RequestorUid: 1000 RequestorPkg: android] ]
11-05 15:00:08.278 D/EthernetNetworkFactory( 484): acceptRequest, request: NetworkRequest [ REQUEST id=10, [ Capabilities: INTERNET&NOT_RESTRICTED&TRUSTED&NOT_VCN_MANAGED Uid: 1000 RequestorUid: 1000 RequestorPkg: android] ]
11-05 15:00:08.278 I/EthernetNetworkFactory( 484): networkForRequest, request: NetworkRequest [ REQUEST id=10, [ Capabilities: INTERNET&NOT_RESTRICTED&TRUSTED&NOT_VCN_MANAGED Uid: 1000 RequestorUid: 1000 RequestorPkg: android] ], network: null
11-05 15:00:08.279 D/Ethernet( 484): got request NetworkRequest [ REQUEST id=17, [ Capabilities: INTERNET&NOT_RESTRICTED&TRUSTED&NOT_VCN_MANAGED Uid: 1000 RequestorUid: 1000 RequestorPkg: android] ]
11-05 15:00:08.279 D/EthernetNetworkFactory( 484): acceptRequest, request: NetworkRequest [ REQUEST id=17, [ Capabilities: INTERNET&NOT_RESTRICTED&TRUSTED&NOT_VCN_MANAGED Uid: 1000 RequestorUid: 1000 RequestorPkg: android] ]
11-05 15:00:08.279 I/EthernetNetworkFactory( 484): networkForRequest, request: NetworkRequest [ REQUEST id=17, [ Capabilities: INTERNET&NOT_RESTRICTED&TRUSTED&NOT_VCN_MANAGED Uid: 1000 RequestorUid: 1000 RequestorPkg: android] ], network: null
11-05 15:00:08.287 V/C2Store ( 388): in ~ComponentModule
11-05 15:00:08.287 V/C2Store ( 388): unloading dll
11-05 15:00:08.288 V/C2Store ( 388): in init
11-05 15:00:08.288 V/C2Store ( 388): loading dll
11-05 15:00:08.295 I/C2SoftVp9Enc( 388): setting temporal layering 0 + 0
11-05 15:00:08.296 W/BestClock( 484): java.time.DateTimeException: Missing NTP fix
11-05 15:00:08.300 I/binder ( 33): undelivered TRANSACTION_COMPLETE
11-05 15:00:08.300 I/binder ( 33): undelivered transaction 11090, process died.
11-05 15:00:08.298 V/C2Store ( 388): in ~ComponentModule
11-05 15:00:08.298 V/C2Store ( 388): unloading dll
11-05 15:00:08.300 D/MediaCodecsXmlParser( 360): parsing /apex/com.android.media.swcodec/etc/media_codecs.xml...
11-05 15:00:08.302 W/BestClock( 484): java.time.DateTimeException: Missing NTP fix
11-05 15:00:08.302 D/MediaCodecsXmlParser( 360): disabling c2.android.gsm.decoder
