11-05 15:00:12.134 I/ActivityManager( 484): com.android.keychain is exempt from freezer
11-05 15:00:12.153 W/ActivityManager( 484): Slow operation: 83ms so far, now at startProcess: done starting proc!
11-05 15:00:12.167 V/GraphicsEnvironment( 1055): ANGLE Developer option for 'com.android.providers.media.module' set to: 'default'
11-05 15:00:12.167 V/GraphicsEnvironment( 1055): Neither updatable production driver nor prerelease driver is supported.
11-05 15:00:12.175 D/Zygote ( 242): Forked child process 1112
11-05 15:00:12.182 D/NetworkSecurityConfig( 1055): No Network Security Config specified, using platform default
11-05 15:00:12.183 D/NetworkSecurityConfig( 1055): No Network Security Config specified, using platform default
11-05 15:00:12.195 D/CompatibilityChangeReporter( 484): Compat change id reported: 181136395; UID 1000; state: DISABLED
11-05 15:00:12.194 I/Zygote ( 1112): seccomp disabled by setenforce 0
11-05 15:00:12.199 D/CompatibilityChangeReporter( 484): Compat change id reported: 174042936; UID 1000; state: DISABLED
11-05 15:00:12.207 D/CompatibilityChangeReporter( 1073): Compat change id reported: 171979766; UID 1000; state: DISABLED
11-05 15:00:12.211 D/CompatibilityChangeReporter( 484): Compat change id reported: 168419799; UID 10031; state: DISABLED
11-05 15:00:12.228 I/adbd ( 396): jdwp connection from 1112
11-05 15:00:12.245 V/MediaProvider( 1055): Attached media from com.android.providers.media.module
11-05 15:00:12.250 I/ActivityManager( 484): com.dangbei.leard.leradlauncher is exempt from freezer
11-05 15:00:12.250 D/CompatibilityChangeReporter( 484): Compat change id reported: 135634846; UID 1000; state: DISABLED
11-05 15:00:12.252 W/ActivityManager( 484): Slow operation: 120ms so far, now at startProcess: done updating battery stats
11-05 15:00:12.252 W/ActivityManager( 484): Slow operation: 120ms so far, now at startProcess: building log message
11-05 15:00:12.252 I/ActivityManager( 484): app.processName = com.android.keychain
11-05 15:00:12.252 I/ActivityManager( 484): Start proc 1112:com.android.keychain/1000 for service {com.android.keychain/com.android.keychain.KeyChainService}
11-05 15:00:12.252 W/ActivityManager( 484): Slow operation: 120ms so far, now at startProcess: starting to update pids map
11-05 15:00:12.252 W/ActivityManager( 484): Slow operation: 121ms so far, now at startProcess: done updating pids map
11-05 15:00:12.253 V/NotificationAssistants( 484): enabling notification assistant for 0: ComponentInfo{android.ext.services/android.ext.services.notification.Assistant}
11-05 15:00:12.253 V/NotificationAssistants( 484): binding: Intent { act=android.service.notification.NotificationAssistantService cmp=android.ext.services/.notification.Assistant (has extras) }
11-05 15:00:12.254 D/TvPipController( 684): onTaskStackChanged()
11-05 15:00:12.257 I/ActivityManager( 484): com.oranth.ledstatus is exempt from freezer
11-05 15:00:12.259 D/CompatibilityChangeReporter( 1087): Compat change id reported: 171979766; UID 10031; state: ENABLED
11-05 15:00:12.287 D/Zygote ( 242): Forked child process 1130
11-05 15:00:12.287 D/ApplicationLoaders( 1073): Returning zygote-cached class loader: /system/framework/android.test.base.jar
11-05 15:00:12.287 D/ApplicationLoaders( 1073): Returning zygote-cached class loader: /system/framework/android.hidl.manager-V1.0-java.jar
11-05 15:00:12.287 D/ApplicationLoaders( 1073): Returning zygote-cached class loader: /system/framework/android.hidl.base-V1.0-java.jar
11-05 15:00:12.299 I/Zygote ( 1130): seccomp disabled by setenforce 0
11-05 15:00:12.313 W/ActivityManager( 484): Slow operation: 65ms so far, now at startProcess: done updating battery stats
11-05 15:00:12.314 W/ActivityManager( 484): Slow operation: 65ms so far, now at startProcess: building log message
11-05 15:00:12.314 I/ActivityManager( 484): app.processName = com.dangbei.leard.leradlauncher
11-05 15:00:12.314 I/ActivityManager( 484): Start proc 1130:com.dangbei.leard.leradlauncher/1000 for top-activity {com.dangbei.leard.leradlauncher/com.dangbei.launcher.home.LauncherActivity}
11-05 15:00:12.314 W/ActivityManager( 484): Slow operation: 65ms so far, now at startProcess: starting to update pids map
11-05 15:00:12.317 W/ActivityManager( 484): Slow operation: 69ms so far, now at startProcess: done updating pids map
11-05 15:00:12.318 W/ActivityManager( 484): Slow operation: 62ms so far, now at startProcess: asking zygote to start proc
11-05 15:00:12.329 I/adbd ( 396): jdwp connection from 1130
11-05 15:00:12.336 W/Looper ( 484): Slow dispatch took 208ms main h=android.app.ActivityThread$H c=android.app.LoadedApk$ReceiverDispatcher$Args$$ExternalSyntheticLambda0@3591209 m=0
11-05 15:00:12.346 D/Zygote ( 242): Forked child process 1143
11-05 15:00:12.346 W/ActivityManager( 484): Slow operation: 91ms so far, now at startProcess: returned from zygote!
11-05 15:00:12.347 W/ActivityManager( 484): Slow operation: 92ms so far, now at startProcess: done updating battery stats
11-05 15:00:12.348 W/ActivityManager( 484): Slow operation: 92ms so far, now at startProcess: building log message
11-05 15:00:12.348 I/ActivityManager( 484): app.processName = com.oranth.ledstatus
11-05 15:00:12.348 I/ActivityManager( 484): Start proc 1143:com.oranth.ledstatus/1000 for service {com.oranth.ledstatus/com.oranth.ledstatus.LedStatusService}
11-05 15:00:12.348 W/ActivityManager( 484): Slow operation: 92ms so far, now at startProcess: starting to update pids map
11-05 15:00:12.348 W/ActivityManager( 484): Slow operation: 92ms so far, now at startProcess: done updating pids map
11-05 15:00:12.355 D/CompatibilityChangeReporter( 484): Compat change id reported: 168419799; UID 1000; state: DISABLED
11-05 15:00:12.364 I/Zygote ( 1143): seccomp disabled by setenforce 0
11-05 15:00:12.372 I/ranth.ledstatu( 1143): Late-enabling -Xcheck:jni
11-05 15:00:12.377 D/VoHCI ( 1107): VoHCI service version: v1.0.0
11-05 15:00:12.382 E/VoHCI ( 1107): Cannot get card id for name: VoHCILoopback
11-05 15:00:12.387 D/CompatibilityChangeReporter( 1112): Compat change id reported: 171979766; UID 1000; state: ENABLED
11-05 15:00:12.401 D/AW_CODE ( 484): rotation =0
11-05 15:00:12.409 D/CompatibilityChangeReporter( 484): Compat change id reported: 174042980; UID 1000; state: DISABLED
11-05 15:00:12.414 V/GraphicsEnvironment( 1087): ANGLE Developer option for 'com.android.traceur' set to: 'default'
11-05 15:00:12.414 V/GraphicsEnvironment( 1087): Neither updatable production driver nor prerelease driver is supported.
11-05 15:00:12.418 D/NetworkSecurityConfig( 1087): No Network Security Config specified, using platform default
11-05 15:00:12.418 D/NetworkSecurityConfig( 1087): No Network Security Config specified, using platform default
11-05 15:00:12.431 W/ActivityManager( 484): Slow operation: 59ms so far, now at attachApplicationLocked: after mServices.attachApplicationLocked
11-05 15:00:12.456 D/CompatibilityChangeReporter( 1130): Compat change id reported: 171979766; UID 1000; state: DISABLED
11-05 15:00:12.468 I/AccountManagerService( 484): User 0 is unlocked - opening CE database
11-05 15:00:12.474 I/adbd ( 396): jdwp connection from 1143
11-05 15:00:12.476 D/ApplicationLoaders( 1130): Returning zygote-cached class loader: /system/framework/android.test.base.jar
11-05 15:00:12.476 D/ApplicationLoaders( 1130): Returning zygote-cached class loader: /system/framework/android.hidl.manager-V1.0-java.jar
11-05 15:00:12.476 D/ApplicationLoaders( 1130): Returning zygote-cached class loader: /system/framework/android.hidl.base-V1.0-java.jar
11-05 15:00:12.485 I/Traceur ( 1087): Received BOOT_COMPLETE
11-05 15:00:12.499 I/TranscodeHelper( 1055): Empty transcode compat stale
11-05 15:00:12.500 I/TranscodeHelper( 1055): Parsed 0 packages from resource
11-05 15:00:12.500 I/TranscodeHelper( 1055): Empty device config transcode compat manifest
11-05 15:00:12.567 I/usb 1-1 ( 35): new high-speed USB device number 2 using sunxi-ehci
11-05 15:00:12.566 V/MediaStore( 1055): Examining volume emulated;0 with name external_primary and state checking
11-05 15:00:12.572 D/CompatibilityChangeReporter( 484): Compat change id reported: 168419799; UID 1000; state: DISABLED
11-05 15:00:12.575 D/CompatibilityChangeReporter( 1055): Compat change id reported: 148180766; UID 10074; state: ENABLED
11-05 15:00:12.602 W/Looper ( 484): Slow dispatch took 238ms main h=android.app.ActivityThread$H c=android.app.LoadedApk$ReceiverDispatcher$Args$$ExternalSyntheticLambda0@b746d22 m=0
11-05 15:00:12.621 D/PulledMetrics( 1055): Registering callback with StatsManager
11-05 15:00:12.624 W/ActivityManager( 484): Slow operation: 60ms so far, now at attachApplicationLocked: after mServices.attachApplicationLocked
11-05 15:00:12.625 W/ActivityManager( 484): Slow operation: 61ms so far, now at attachApplicationLocked: after sendPendingBroadcastsLocked
11-05 15:00:12.627 I/SyncManager( 484): Loaded persisted syncs: 0 periodic syncs, 0 oneshot syncs, 17 total system server jobs, JobStats: FirstLoad: 5/2/0 LastSave: -1/-1/-1
11-05 15:00:12.632 V/NotificationAssistants( 484): 0 notification assistant service connected: ComponentInfo{android.ext.services/android.ext.services.notification.Assistant}
11-05 15:00:12.644 I/StorageUserConnection( 484): Service: [ComponentInfo{com.android.providers.media.module/com.android.providers.media.fuse.ExternalStorageServiceImpl}] connected. User [0]
11-05 15:00:12.649 I/system_server( 484): Background young concurrent copying GC freed 172749(6550KB) AllocSpace objects, 35(1796KB) LOS objects, 42% free, 10MB/17MB, paused 9.038ms total 665.804ms
11-05 15:00:12.649 I/ExternalStorageServiceImpl( 1055): Starting session for id: emulated;0
11-05 15:00:12.650 V/FuseDaemonThread( 1055): Waiting 1000ms for FUSE start. Count 4
11-05 15:00:12.653 I/FuseDaemonThread( 1055): Starting thread for emulated;0 ...
11-05 15:00:12.654 I/FuseDaemon( 1055): Starting fuse...
11-05 15:00:12.663 D/GattService( 670): Unlocked userId 0
11-05 15:00:12.680 V/GraphicsEnvironment( 1112): ANGLE Developer option for 'com.android.keychain' set to: 'default'
11-05 15:00:12.680 V/GraphicsEnvironment( 1112): Neither updatable production driver nor prerelease driver is supported.
11-05 15:00:12.683 W/System ( 484): A resource failed to call release.
11-05 15:00:12.683 W/System ( 484): A resource failed to call release.
11-05 15:00:12.687 D/NetworkSecurityConfig( 1112): No Network Security Config specified, using platform default
11-05 15:00:12.689 V/GraphicsEnvironment( 1073): ANGLE Developer option for 'com.dangbei.lerad.etna.haqu' set to: 'default'
11-05 15:00:12.690 V/GraphicsEnvironment( 1073): Neither updatable production driver nor prerelease driver is supported.
11-05 15:00:12.692 V/MediaProvider( 1055): onConfigure() for external.db
11-05 15:00:12.694 D/NetworkSecurityConfig( 1112): No Network Security Config specified, using platform default
11-05 15:00:12.697 D/NetworkSecurityConfig( 1073): Using Network Security Config from resource network_security_config debugBuild: false
11-05 15:00:12.705 V/GraphicsEnvironment( 1130): ANGLE Developer option for 'com.dangbei.leard.leradlauncher' set to: 'default'
11-05 15:00:12.705 D/CompatibilityChangeReporter( 1143): Compat change id reported: 171979766; UID 1000; state: DISABLED
11-05 15:00:12.705 V/GraphicsEnvironment( 1130): Neither updatable production driver nor prerelease driver is supported.
11-05 15:00:12.707 D/hdmi-cec( 260): cec physical address: 1.1.0.0
11-05 15:00:12.710 D/NetworkSecurityConfig( 1130): Using Network Security Config from resource network_permission_config debugBuild: false
11-05 15:00:12.714 D/NetworkSecurityConfig( 1073): Using Network Security Config from resource network_security_config debugBuild: false
11-05 15:00:12.715 D/NetworkSecurityConfig( 1130): Using Network Security Config from resource network_permission_config debugBuild: false
11-05 15:00:12.717 V/MediaProvider( 1055): onOpen() for external.db
11-05 15:00:12.723 V/MediaProvider( 1055): onOpen() finished for external.db
11-05 15:00:12.734 I/usb 1-1 ( 35): New USB device found, idVendor=0480, idProduct=b301, bcdDevice= 0.00
11-05 15:00:12.734 I/usb 1-1 ( 35): New USB device strings: Mfr=2, Product=3, SerialNumber=1
11-05 15:00:12.734 I/usb 1-1 ( 35): Product: EXTERNAL_USB
11-05 15:00:12.734 I/usb 1-1 ( 35): Manufacturer: TOSHIBA
11-05 15:00:12.734 I/usb 1-1 ( 35): SerialNumber: 20201101000454F
11-05 15:00:12.724 I/xiriservice_All( 339): type=1400 audit(0.0:431): avc: denied { read } for scontext=u:r:init:s0 tcontext=u:r:init:s0 tclass=netlink_kobject_uevent_socket permissive=1
11-05 15:00:12.730 D/XM_HIDREAD( 319): add@ add@/devices/platform/soc@3000000/5101000.ehci0-controller/usb1/1-1
11-05 15:00:12.736 D/XM_HIDREAD( 319): add@ add@/devices/platform/soc@3000000/5101000.ehci0-controller/usb1/1-1/1-1:1.0
11-05 15:00:12.744 I/usb-storage 1-1( 35): 1.0: USB Mass Storage device detected
11-05 15:00:12.746 D/ApplicationLoaders( 1143): Returning zygote-cached class loader: /system/framework/android.test.base.jar
11-05 15:00:12.747 D/ApplicationLoaders( 1143): Returning zygote-cached class loader: /system/framework/android.hidl.manager-V1.0-java.jar
11-05 15:00:12.747 D/ApplicationLoaders( 1143): Returning zygote-cached class loader: /system/framework/android.hidl.base-V1.0-java.jar
11-05 15:00:12.755 I/scsi host0( 35): usb-storage 1-1:1.0
11-05 15:00:12.749 D/XM_HIDREAD( 319): add@ add@/kernel/slab/scsi_sense_cache
11-05 15:00:12.749 D/XM_HIDREAD( 319): add@ add@/devices/platform/soc@3000000/5101000.ehci0-controller/usb1/1-1/1-1:1.0/host0
11-05 15:00:12.749 D/XM_HIDREAD( 319): add@ add@/devices/platform/soc@3000000/5101000.ehci0-controller/usb1/1-1/1-1:1.0/host0/scsi_host/host0
11-05 15:00:12.754 D/UsbHostManager( 484): USB device attached: vidpid 0480:b301 mfg/product/ver/serial TOSHIBA/EXTERNAL_USB/0.00/20201101000454F hasAudio/HID/Storage: false/false/true
11-05 15:00:12.772 D/UsbDeviceDescriptor( 484): 1 configs
11-05 15:00:12.781 D/UsbHostManager( 484): Added device UsbDevice[mName=/dev/bus/usb/001/002,mVendorId=1152,mProductId=45825,mClass=0,mSubclass=0,mProtocol=0,mManufacturerName=TOSHIBA,mProductName=EXTERNAL_USB,mVersion=0.00,mSerialNumberReader=com.android.server.usb.UsbSerialReader@3a5695d, mHasAudioPlayback=false, mHasAudioCapture=false, mHasMidi=false, mHasVideoCapture=false, mHasVideoPlayback=false, mConfigurations=[
11-05 15:00:12.781 D/UsbHostManager( 484): UsbConfiguration[mId=1,mName=null,mAttributes=128,mMaxPower=250,mInterfaces=[
11-05 15:00:12.781 D/UsbHostManager( 484): UsbInterface[mId=0,mAlternateSetting=0,mName=null,mClass=8,mSubclass=6,mProtocol=80,mEndpoints=[
11-05 15:00:12.781 D/UsbHostManager( 484): UsbEndpoint[mAddress=129,mAttributes=2,mMaxPacketSize=512,mInterval=20]
11-05 15:00:12.781 D/UsbHostManager( 484): UsbEndpoint[mAddress=2,mAttributes=2,mMaxPacketSize=512,mInterval=20]]]]
11-05 15:00:12.786 I/MultiDex( 1130): VM with version 2.1.0 has multidex support
11-05 15:00:12.788 I/MultiDex( 1073): VM with version 2.1.0 has multidex support
11-05 15:00:12.788 I/MultiDex( 1073): Installing application
11-05 15:00:12.788 I/MultiDex( 1073): VM has multidex support, MultiDex support library is disabled.
11-05 15:00:12.788 I/MultiDex( 1130): Installing application
11-05 15:00:12.788 I/MultiDex( 1130): VM has multidex support, MultiDex support library is disabled.
11-05 15:00:12.789 D/CompatibilityChangeReporter( 484): Compat change id reported: 135634846; UID 10016; state: DISABLED
11-05 15:00:12.789 D/CompatibilityChangeReporter( 484): Compat change id reported: 177438394; UID 10016; state: DISABLED
11-05 15:00:12.789 D/CompatibilityChangeReporter( 484): Compat change id reported: 135772972; UID 10016; state: DISABLED
11-05 15:00:12.789 D/CompatibilityChangeReporter( 484): Compat change id reported: 135754954; UID 10016; state: ENABLED
11-05 15:00:12.790 D/CompatibilityChangeReporter( 484): Compat change id reported: 143937733; UID 10016; state: ENABLED
11-05 15:00:12.810 D/QuickLifeImpl( 1073): DatabaseHelper
11-05 15:00:12.819 D/Zygote ( 242): Forked child process 1181
11-05 15:00:12.822 W/ranth.ledstatu( 1143): ClassLoaderContext shared library size mismatch. Expected=0, found=4 (PCL[] | PCL[]{PCL[/system/framework/android.test.base.jar*3790657674]#PCL[/system/framework/android.hidl.manager-V1.0-java.jar*1809561547]#PCL[/system/framework/android.hidl.base-V1.0-java.jar*2233032481]#PCL[/system/framework/org.apache.http.legacy.jar*2058259660]})
11-05 15:00:12.828 I/ActivityManager( 484): app.processName = android.process.media
11-05 15:00:12.828 I/ActivityManager( 484): Start proc 1181:android.process.media/u0a16 for broadcast {com.android.mtp/com.android.mtp.UsbIntentReceiver}
11-05 15:00:12.836 W/StorageManagerService( 484): Reporting emulated;0 unmounted due to system locked
11-05 15:00:12.842 W/StorageManagerService( 484): Reporting emulated;0 unmounted due to system locked
11-05 15:00:12.849 W/StorageManagerService( 484): Reporting emulated;0 unmounted due to system locked
11-05 15:00:12.853 I/Zygote ( 1181): seccomp disabled by setenforce 0
11-05 15:00:12.864 I/rainbow_flow( 321): type=1400 audit(0.0:432): avc: denied { ioctl } for path="/dev/spidev1.0" dev="tmpfs" ino=1229 ioctlcmd=0x6b00 scontext=u:r:init:s0 tcontext=u:object_r:device:s0 tclass=chr_file permissive=1
11-05 15:00:12.866 D/CompatibilityChangeReporter( 484): Compat change id reported: 149924527; UID 1000; state: ENABLED
11-05 15:00:12.868 D/CompatibilityChangeReporter( 484): Compat change id reported: 132649864; UID 1000; state: DISABLED
11-05 15:00:12.878 I/adbd ( 396): jdwp connection from 1181
11-05 15:00:12.879 V/GraphicsEnvironment( 1143): ANGLE Developer option for 'com.oranth.ledstatus' set to: 'default'
11-05 15:00:12.881 V/GraphicsEnvironment( 1143): Neither updatable production driver nor prerelease driver is supported.
11-05 15:00:12.882 D/hdmi-cec( 260): cec physical address: 1.1.0.0
11-05 15:00:12.883 W/Looper ( 484): Slow dispatch took 248ms main h=android.os.Handler c=com.android.server.hdmi.WorkSourceUidPreservingRunnable@c8ed9ef m=0
11-05 15:00:12.898 D/NetworkSecurityConfig( 1143): No Network Security Config specified, using platform default
11-05 15:00:12.902 W/StorageManagerService( 484): Reporting emulated;0 unmounted due to system locked
11-05 15:00:12.903 D/NetworkSecurityConfig( 1143): No Network Security Config specified, using platform default
11-05 15:00:12.911 W/StorageManagerService( 484): Reporting emulated;0 unmounted due to system locked
11-05 15:00:12.913 D/aaa ( 1143): onCreate()
11-05 15:00:12.915 E/SELinux ( 179): avc: denied { find } for pid=1143 uid=1000 name=MyLedService scontext=u:r:system_app:s0 tcontext=u:object_r:default_android_service:s0 tclass=service_manager permissive=1
11-05 15:00:12.917 E/SELinux ( 179): avc: denied { add } for pid=1143 uid=1000 name=MyLedService scontext=u:r:system_app:s0 tcontext=u:object_r:default_android_service:s0 tclass=service_manager permissive=1
11-05 15:00:12.921 W/Looper ( 484): Drained
11-05 15:00:12.922 D/CompatibilityChangeReporter( 484): Compat change id reported: 168419799; UID 10016; state: DISABLED
11-05 15:00:12.944 D/CompatibilityChangeReporter( 1181): Compat change id reported: 171979766; UID 10016; state: ENABLED
11-05 15:00:12.947 W/StorageManagerService( 484): Reporting emulated;0 unmounted due to system locked
11-05 15:00:12.962 W/StorageManagerService( 484): Reporting emulated;0 unmounted due to system locked
11-05 15:00:12.965 W/StorageManagerService( 484): Reporting emulated;0 unmounted due to system locked
11-05 15:00:12.970 D/aaa ( 1143): LedStatusService onStartCommand begin
11-05 15:00:12.979 I/WCN ( 342): WCND at cmd read:3
11-05 15:00:12.975 D/aaa ( 1143): topPkg is -------------- :com.android.tv.settings
11-05 15:00:12.981 W/StorageManagerService( 484): Reporting emulated;0 unmounted due to system locked
11-05 15:00:12.984 I/aaa ( 1143): BootCompleteService is start !!!
11-05 15:00:12.986 W/ContextImpl( 1143): Calling a method in the system process without a qualified user: android.app.ContextImpl.startService:1816 android.content.ContextWrapper.startService:774 android.content.ContextWrapper.startService:774 com.oranth.ledstatus.BootCompletedReceiver.onReceive:15 android.app.ActivityThread.handleReceiver:4308
11-05 15:00:12.988 W/StorageManagerService( 484): Reporting emulated;0 unmounted due to system locked
11-05 15:00:12.988 W/IorapForwardingService( 484): No service published for: iorapd
11-05 15:00:12.994 D/aaa ( 1143): LedStatusService onStartCommand begin
11-05 15:00:12.994 I/ActivityManager( 484): com.oranth.storage is exempt from freezer
11-05 15:00:12.995 D/aaa ( 1143): topPkg is -------------- :com.android.tv.settings
11-05 15:00:12.996 D/CompatibilityChangeReporter( 484): Compat change id reported: 135634846; UID 1000; state: DISABLED
11-05 15:00:12.999 I/WCN ( 664): get_board_ant_num [three_ant]
11-05 15:00:12.999 E/ ( 664): wifi ini path = /vendor/etc/wifi_56630001_3ant.ini
11-05 15:00:13.013 W/StorageManagerService( 484): Reporting emulated;0 unmounted due to system locked
11-05 15:00:13.019 W/StorageManagerService( 484): Reporting emulated;0 unmounted due to system locked
11-05 15:00:13.017 E/sprdwl ( 664): __sprdwl_cmd_getbuf cant't get vif, ctx_id: 0
11-05 15:00:13.023 D/Zygote ( 242): Forked child process 1208
11-05 15:00:13.025 I/ActivityManager( 484): app.processName = com.oranth.storage
11-05 15:00:13.025 I/ActivityManager( 484): Start proc 1208:com.oranth.storage/1000 for broadcast {com.oranth.storage/com.oranth.storage.BootCompletedReceiver}
11-05 15:00:13.030 W/StorageManagerService( 484): Reporting emulated;0 unmounted due to system locked
11-05 15:00:13.033 I/Zygote ( 1208): seccomp disabled by setenforce 0
11-05 15:00:13.042 I/.oranth.storag( 1208): Late-enabling -Xcheck:jni
11-05 15:00:13.045 E/sprdwl ( 664): __sprdwl_cmd_getbuf cant't get vif, ctx_id: 0
11-05 15:00:13.066 W/StorageManagerService( 484): Reporting emulated;0 unmounted due to system locked
11-05 15:00:13.111 I/FrameWorkHelper( 1130): userHttps:
11-05 15:00:13.111 D/QuickLifeImpl( 1073): DatabaseHelper
11-05 15:00:13.111 D/QuickLifeImpl( 1073): initSQLiteDatabase : mDatabase = null
11-05 15:00:13.115 E/SQLiteLog( 1073): (5) statement aborts at 1: [PRAGMA journal_mode=TRUNCATE] database is locked
11-05 15:00:13.116 W/SQLiteConnection( 1073): Could not change the database journal mode of '/data/user/0/com.dangbei.lerad.etna.haqu/databases/quickLife.db' from 'wal' to 'TRUNCATE' because the database is locked. This usually means that there are other open connections to the database which prevents the database from enabling or disabling write-ahead logging mode. Proceeding without changing the journal mode.
11-05 15:00:13.126 I/adbd ( 396): jdwp connection from 1208
11-05 15:00:13.133 V/GraphicsEnvironment( 1181): ANGLE Developer option for 'com.android.mtp' set to: 'default'
11-05 15:00:13.133 V/GraphicsEnvironment( 1181): Neither updatable production driver nor prerelease driver is supported.
11-05 15:00:13.146 W/StorageManagerService( 484): Reporting emulated;0 unmounted due to system locked
11-05 15:00:13.147 E/hq ( 1130): USBReceiver:::USBReceiver onReceive: list=1
11-05 15:00:13.151 D/NetworkSecurityConfig( 1181): No Network Security Config specified, using platform default
11-05 15:00:13.152 D/NetworkSecurityConfig( 1181): No Network Security Config specified, using platform default
11-05 15:00:13.156 E/DispatcherManager( 1130): publishMode=DBBOX-A2 piDispatcher=com.dangbei.launcher.dispatcher.function.BOXAXDispatcher@237fb6f
11-05 15:00:13.157 D/hq ( 1130): NetWorkStateReceiver:::检查网络,并且持续更新 isConnect=false
11-05 15:00:13.162 I/QuickLifeImpl( 1073): Quick life start 1 time(s)
11-05 15:00:13.164 D/QuickLifeImpl( 1073): Start QuickLifeService in QuickLifeApplication!
11-05 15:00:13.173 W/ContextImpl( 1073): Calling a method in the system process without a qualified user: android.app.ContextImpl.startService:1816 android.content.ContextWrapper.startService:774 com.dangbei.quicklife.QuickLifeManager.startQuickLifeService:108 com.dangbei.quicklife.QuickLifeManager.init:57 com.dangbei.lerad.etna.haqu.EtnaApplication.init:68
11-05 15:00:13.169 E/sprdwl ( 664): sprdwl_get_fw_info, drv_version=1, fw_version=2, compat_ver=0
11-05 15:00:13.186 E/sprdwl ( 664): chip_model:0x2355, chip_ver:0x0
11-05 15:00:13.189 D/CompatibilityChangeReporter( 484): Compat change id reported: 168419799; UID 1000; state: DISABLED
11-05 15:00:13.188 I/EventThread( 260): type=1400 audit(0.0:433): avc: denied { search } for name="extcon" dev="sysfs" ino=18103 scontext=u:r:hal_tv_cec_default:s0 tcontext=u:object_r:sysfs_extcon:s0 tclass=dir permissive=1
11-05 15:00:13.197 W/HDMI ( 484): [1]:Unhandled cec command: 04:00:8E:00
11-05 15:00:13.199 E/sprdwl ( 664): fw_ver:0, fw_std:0x5b, fw_capa:0x120f7f
11-05 15:00:13.201 D/TheRouter::RouterInject( 1130): interception::===interface com.dangbei.leard.protocol.user.UserManagerInterface===UserManagerInterfaceImpl257126385
11-05 15:00:13.204 E/ccc ( 1073): cccccc etna EtnaApplication init com.dangbei.lerad.etna.haqu.EtnaApplication@17361bb
11-05 15:00:13.208 E/sprdwl ( 664): mac_addr:f4:ab:5c:b4:08:c0
11-05 15:00:13.208 I/MMKV ( 1073): Disable checkProcessMode()
11-05 15:00:13.219 E/sprdwl ( 664): credit_capa:TX_WITH_CREDIT, extend_feature:0x43
11-05 15:00:13.228 E/sprdwl ( 664): ott support:1
11-05 15:00:13.232 I/xiriservice_All( 339): type=1400 audit(0.0:434): avc: denied { read } for scontext=u:r:init:s0 tcontext=u:r:init:s0 tclass=netlink_kobject_uevent_socket permissive=1
11-05 15:00:13.235 D/XM_HIDREAD( 319): add@ add@/devices/platform/unisoc_wifi/ieee80211/phy0
11-05 15:00:13.253 D/XM_HIDREAD( 319): add@ add@/devices/platform/unisoc_wifi/ieee80211/phy0/rfkill2
11-05 15:00:13.256 I/MMKV ( 1073): current API level = 31
11-05 15:00:13.257 I/MMKV ( 1073): version v1.2.8 page size:4096
11-05 15:00:13.259 I/MMKV ( 1073): root dir: /data/user/0/com.dangbei.lerad.etna.haqu/files/mmkv
11-05 15:00:13.250 E/sprdwl ( 664): __sprdwl_cmd_getbuf cant't get vif, ctx_id: 0
11-05 15:00:13.268 D/CompatibilityChangeReporter( 1208): Compat change id reported: 171979766; UID 1000; state: ENABLED
11-05 15:00:13.295 I/bt_core_module( 670): system/bt/btcore/src/module.cc:90 module_start_up: module_start_up Started module "controller_module"
11-05 15:00:13.295 I/bt_btm_pm( 670): system/bt/stack/acl/btm_pm.cc:392 btm_pm_reset: reset pm
11-05 15:00:13.298 I/btm_acl ( 670): system/bt/stack/acl/btm_acl.cc:654 check_link_policy: hold not supported (settings: 0x000d)
11-05 15:00:13.298 I/btm_acl ( 670): system/bt/stack/acl/btm_acl.cc:664 check_link_policy: park not supported (settings: 0x0005)
11-05 15:00:13.298 I/bt_btm_sec( 670): system/bt/stack/btm/btm_sec.cc:226 BTM_SecRegister: BTM_SecRegister p_cb_info->p_le_callback == 0x0xc71936c1
11-05 15:00:13.298 I/bt_btm_sec( 670): system/bt/stack/btm/btm_sec.cc:241 BTM_SecRegister: BTM_SecRegister btm_cb.api.p_le_callback = 0x0xc71936c1
11-05 15:00:13.300 I/bluetooth( 670): system/bt/stack/gatt/gatt_api.cc:1019 GATT_Register: Allocated name:GattClient uuid:5e1e3286-2d06-fb7a-0b93-fa28a57d942b gatt_if:3 eatt_support:0
11-05 15:00:13.305 D/XM_HIDREAD( 319): add@ add@/devices/platform/unisoc_wifi/net/wlan0
11-05 15:00:13.312 W/PppoeNetworkFactory( 484): interfaceAdded
11-05 15:00:13.317 I/EthernetTracker( 484): interfaceLinkStateChanged, iface: wlan0, up: false
11-05 15:00:13.317 W/PppoeNetworkFactory( 484): interfaceLinkStateChanged
11-05 15:00:13.317 D/PppoeNetworkFactory( 484): updateInterface: mIface: mPhyIface:eth0 iface:wlan0 link:down
11-05 15:00:13.317 D/PppoeNetworkFactory( 484): not tracker interface
11-05 15:00:13.317 I/EthernetTracker( 484): interfaceLinkStateChanged, iface: wlan1, up: false
11-05 15:00:13.317 W/PppoeNetworkFactory( 484): interfaceLinkStateChanged
11-05 15:00:13.317 D/PppoeNetworkFactory( 484): updateInterface: mIface: mPhyIface:eth0 iface:wlan1 link:down
11-05 15:00:13.317 W/unisoc_wifi wlan0( 664): mixed HW and IP checksum settings.
11-05 15:00:13.318 W/unisoc_wifi wlan1( 664): mixed HW and IP checksum settings.
11-05 15:00:13.319 E/unisoc_wifi wlan1( 664): netif_napi_add() called with weight 128
11-05 15:00:13.317 D/PppoeNetworkFactory( 484): not tracker interface
11-05 15:00:13.317 W/PppoeNetworkFactory( 484): interfaceAdded
11-05 15:00:13.321 I/Tethering( 772): adding IpServer for: wlan0
11-05 15:00:13.324 D/XM_HIDREAD( 319): add@ add@/devices/platform/unisoc_wifi/net/wlan0/queues/rx-0
11-05 15:00:13.324 D/XM_HIDREAD( 319): add@ add@/devices/platform/unisoc_wifi/net/wlan0/queues/tx-0
11-05 15:00:13.324 D/XM_HIDREAD( 319): add@ add@/devices/platform/unisoc_wifi/net/wlan1
11-05 15:00:13.324 D/XM_HIDREAD( 319): add@ add@/devices/platform/unisoc_wifi/net/wlan1/queues/rx-0
11-05 15:00:13.324 D/XM_HIDREAD( 319): add@ add@/devices/platform/unisoc_wifi/net/wlan1/queues/tx-0
11-05 15:00:13.338 D/XM_HIDREAD( 319): add@ add@/module/sprdwl_ng
11-05 15:00:13.339 D/wifi_hal-auto-detect( 664): libwifi hal name: libwifi-hal-sprd.so
11-05 15:00:13.350 W/hdr10p_Configure( 375): 309 callbacks suppressed
11-05 15:00:13.350 I/ ( 375): DVI mode selected: packets not configured
11-05 15:00:13.350 W/set_vsif_config( 375): 309 callbacks suppressed
11-05 15:00:13.350 I/ ( 375): Error: set vsif failed
11-05 15:00:13.350 I/ ( 375): DVI mode selected: packets not configured
11-05 15:00:13.350 I/ ( 375): Error: set vsif failed
11-05 15:00:13.350 I/ ( 375): DVI mode selected: packets not configured
11-05 15:00:13.350 I/ ( 375): Error: set vsif failed
11-05 15:00:13.347 I/bt_stack( 670): [INFO:ble_advertiser_hci_interface.cc(767)] Extended advertising will be in use
11-05 15:00:13.348 I/wifi@1.0-servic( 664): type=1400 audit(0.0:435): avc: denied { read } for name="u:object_r:persist_vendor_debug_wifi_prop:s0" dev="tmpfs" ino=2378 scontext=u:r:hal_wifi_default:s0 tcontext=u:object_r:persist_vendor_debug_wifi_prop:s0 tclass=file permissive=1
11-05 15:00:13.349 D/AdapterProperties( 670): BT_PROPERTY_LOCAL_LE_FEATURES: update from BT controller mNumOfAdvertisementInstancesSupported = 0 mRpaOffloadSupported = false mNumOfOffloadedIrkSupported = 0 mNumOfOffloadedScanFilterSupported = 0 mOffloadedScanResultStorageBytes= 0 mIsActivityAndEnergyReporting = false mVersSupported = 0 mTotNumOfTrackableAdv = 0 mIsExtendedScanSupported = false mIsDebugLogSupported = false mIsLe2MPhySupported = true mIsLeCodedPhySupported = true mIsLeExtendedAdvertisingSupported = true mIsLePeriodicAdvertisingSupported = true mLeMaximumAdvertisingDataLength = 1650 mDynamicAudioBufferSizeSupportedCodecsGroup1 = 0 mDynamicAudioBufferSizeSupportedCodecsGroup2 = 0
11-05 15:00:13.355 W/audit ( 664): audit_lost=39 audit_rate_limit=5 audit_backlog_limit=64
11-05 15:00:13.355 E/audit ( 664): rate limit exceeded
11-05 15:00:13.357 I/android.hardware.wifi@1.0-service-lazy( 664): Wifi HAL started
11-05 15:00:13.358 E/bt_btif_storage( 670): system/bt/btif/src/btif_storage.cc:632 btif_storage_get_adapter_property: btif_storage_get_adapter_property: Controller ready!
11-05 15:00:13.358 I/bt_btif_storage( 670): system/bt/btif/src/btif_storage.cc:661 btif_storage_get_adapter_property: btif_storage_get_adapter_property service_mask:0x20000000
11-05 15:00:13.358 I/bt_stack( 670): [INFO:btif_bqr.cc(229)] EnableBtQualityReport: is_enable: true
11-05 15:00:13.358 I/WifiVendorHal( 484): Vendor Hal started successfully
11-05 15:00:13.358 W/bt_stack( 670): [WARNING:btif_bqr.cc(237)] EnableBtQualityReport: Bluetooth Quality Report is disabled. bqr_prop_evtmask: , bqr_prop_interval_ms:
11-05 15:00:13.359 I/bt_osi_thread( 670): system/bt/osi/src/thread.cc:209 run_thread: run_thread: thread id 1238, thread name btif_sock started
11-05 15:00:13.362 I/bt_bte_conf( 670): system/bt/main/bte_conf.cc:84 bte_load_did_conf: Device ID record 1 : primary
11-05 15:00:13.362 I/bt_bte_conf( 670): system/bt/main/bte_conf.cc:85 bte_load_did_conf: vendorId = 00e0
11-05 15:00:13.362 I/bt_bte_conf( 670): system/bt/main/bte_conf.cc:86 bte_load_did_conf: vendorIdSource = 0001
11-05 15:00:13.362 I/bt_bte_conf( 670): system/bt/main/bte_conf.cc:87 bte_load_did_conf: product = 1200
11-05 15:00:13.362 I/bt_bte_conf( 670): system/bt/main/bte_conf.cc:88 bte_load_did_conf: version = 1436
11-05 15:00:13.362 I/bt_bte_conf( 670): system/bt/main/bte_conf.cc:89 bte_load_did_conf: clientExecutableURL =
11-05 15:00:13.362 I/bt_bte_conf( 670): system/bt/main/bte_conf.cc:90 bte_load_did_conf: serviceDescription =
11-05 15:00:13.362 I/bt_bte_conf( 670): system/bt/main/bte_conf.cc:91 bte_load_did_conf: documentationURL =
11-05 15:00:13.362 I/bt_bta_dm( 670): system/bt/bta/dm/bta_dm_act.cc:3191 bta_dm_eir_update_uuid: EIR Adding UUID=0x1200 into extended inquiry response
11-05 15:00:13.362 I/bt_bta_dm( 670): system/bt/bta/dm/bta_dm_act.cc:2890 bta_dm_set_eir: Generating extended inquiry response packet EIR
11-05 15:00:13.363 I/bt_bte_conf( 670): system/bt/main/bte_conf.cc:47 bte_load_did_conf: bte_load_did_conf no section named DID2.
11-05 15:00:13.363 I/bt_btif_core( 670): system/bt/btif/src/btif_core.cc:312 btif_enable_bluetooth_evt: Bluetooth enable event completed
11-05 15:00:13.363 I/bt_bta_dm( 670): system/bt/bta/dm/bta_dm_act.cc:2890 bta_dm_set_eir: Generating extended inquiry response packet EIR
11-05 15:00:13.363 E/bt_btm ( 670): system/bt/main/bte_logmsg.cc:191 LogMsg: btm_ble_resolving_list_load_dev: Device already in Resolving list
11-05 15:00:13.367 I/bt_stack_manager( 670): system/bt/btif/src/stack_manager.cc:311 event_start_up_stack: event_start_up_stack finished
11-05 15:00:13.374 D/hdmi-cec( 260): cec physical address: 1.1.0.0
11-05 15:00:13.384 I/ ( 375): DVI mode selected: packets not configured
11-05 15:00:13.384 I/ ( 375): Error: set vsif failed
11-05 15:00:13.384 I/ ( 375): DVI mode selected: packets not configured
11-05 15:00:13.384 I/ ( 375): Error: set vsif failed
11-05 15:00:13.384 I/ ( 375): DVI mode selected: packets not configured
11-05 15:00:13.384 I/ ( 375): Error: set vsif failed
11-05 15:00:13.376 D/hdmi-cec( 260): cec physical address: 1.1.0.0
11-05 15:00:13.378 D/hdmi-cec( 260): cec physical address: 1.1.0.0
11-05 15:00:13.378 D/hdmi-cec( 260): cec physical address: 1.1.0.0
11-05 15:00:13.379 W/Looper ( 484): Slow dispatch took 182ms main h=android.os.Handler c=com.android.server.hdmi.WorkSourceUidPreservingRunnable@a068551 m=0
11-05 15:00:13.386 E/ccc ( 1073): cccccc ota-path is cache/recovery/
11-05 15:00:13.387 W/StorageManagerService( 484): Reporting emulated;0 unmounted due to system locked
11-05 15:00:13.390 W/ContextImpl( 1073): Calling a method in the system process without a qualified user: android.app.ContextImpl.startService:1816 android.content.ContextWrapper.startService:774 com.dangbei.lerad.etna.core.EtnaManager.startService:64 com.dangbei.lerad.etna.core.EtnaManager.init:39 com.dangbei.lerad.etna.haqu.EtnaApplication.init:89
11-05 15:00:13.392 W/android.hardware.wifi@1.0-service-lazy( 664): No active wlan interfaces in use! Using default
11-05 15:00:13.393 E/android.hardware.wifi@1.0-service-lazy( 664): Unknown iface name: wlan0
11-05 15:00:13.393 E/android.hardware.wifi@1.0-service-lazy( 664): Unknown iface name: wlan0
11-05 15:00:13.399 D/BluetoothManagerService( 484): Bluetooth Adapter address changed to F4:AB:5C:B3:BA:64
11-05 15:00:13.400 D/BluetoothManagerService( 484): Stored Bluetoothaddress: F4:AB:5C:B3:BA:64
11-05 15:00:13.403 D/AdapterProperties( 670): Name is: DBBOX-A2
11-05 15:00:13.404 W/ContextImpl( 1073): Calling a method in the system process without a qualified user: android.app.ContextImpl.startService:1816 android.content.ContextWrapper.startService:774 com.dangbei.andes.CoreService$Companion.start:29 com.dangbei.lerad.etna.haqu.EtnaApplication.init:90 com.dangbei.lerad.etna.haqu.EtnaApplication.onCreate:60
11-05 15:00:13.404 D/BluetoothManagerService( 484): Bluetooth Adapter name changed to DBBOX-A2 by android
11-05 15:00:13.406 D/BluetoothManagerService( 484): Stored Bluetooth name: DBBOX-A2
11-05 15:00:13.420 D/AdapterProperties( 670): Scan Mode:20
11-05 15:00:13.420 D/AdapterProperties( 670): Discoverable Timeout:120
11-05 15:00:13.434 I/ ( 375): DVI mode selected: packets not configured
11-05 15:00:13.434 I/ ( 375): Error: set vsif failed
11-05 15:00:13.434 I/ ( 375): DVI mode selected: packets not configured
11-05 15:00:13.434 I/ ( 375): Error: set vsif failed
11-05 15:00:13.434 I/ ( 375): DVI mode selected: packets not configured
11-05 15:00:13.434 I/ ( 375): Error: set vsif failed
11-05 15:00:13.422 I/WifiHAL ( 664): Initializing wifi
11-05 15:00:13.424 D/AdapterProperties( 670): Adding bonded device:C9:B5:96:5C:E3:CB
11-05 15:00:13.430 D/DisplayOutputManager( 1073): ro.build.characteristics=homlet
11-05 15:00:13.435 E/WifiHAL ( 664): wifi_get_logger_supported_feature_set: Error -5 happened.
11-05 15:00:13.435 E/WifiHAL ( 664): Failed to get supported logger feature set: -5
11-05 15:00:13.435 E/WifiHAL ( 664): wifi_get_firmware_version: Error -5 happened.
11-05 15:00:13.435 E/WifiHAL ( 664): Failed to get supported logger feature set: -5
11-05 15:00:13.436 E/WifiHAL ( 664): get_firmware_bus_max_size_supported: requestResponse Error:-3
11-05 15:00:13.436 E/WifiHAL ( 664): Failed to get supported bus size, error : -3
11-05 15:00:13.436 E/WifiHAL ( 664): wifi_logger_ring_buffers_init: Ring buffer logging feature not supported 0
11-05 15:00:13.436 E/WifiHAL ( 664): Wifi Logger Ring Initialization Failed
11-05 15:00:13.436 E/WifiHAL ( 664): wifiGetCapabilities: Failed to send request, Error:-5
11-05 15:00:13.436 E/WifiHAL ( 664): Failed to get wifi Capabilities, error: -5
11-05 15:00:13.437 I/android.hardware.wifi@1.0-service-lazy( 664): Adding interface handle for wlan1
11-05 15:00:13.437 I/android.hardware.wifi@1.0-service-lazy( 664): Adding interface handle for wlan0
11-05 15:00:13.437 W/android.hardware.wifi@1.0-service-lazy( 664): No active wlan interfaces in use! Using default
11-05 15:00:13.437 W/android.hardware.wifi@1.0-service-lazy( 664): No active wlan interfaces in use! Using default
11-05 15:00:13.437 I/servicemanager( 179): Found vendor.display.output.IDisplayOutputManager/default in device VINTF manifest.
11-05 15:00:13.440 I/ieee80211 phy0( 664): sprdwl_vendor_get_support_feature
11-05 15:00:13.438 E/WifiHAL ( 664): wifi_get_driver_version: Error -5 happened.
11-05 15:00:13.438 E/android.hardware.wifi@1.0-service-lazy( 664): Failed to get driver version: INVALID_ARGS
11-05 15:00:13.438 I/android.hardware.wifi@1.0-service-lazy( 664): Configured chip in mode 3
11-05 15:00:13.438 W/android.hardware.wifi@1.0-service-lazy( 664): No active wlan interfaces in use! Using default
11-05 15:00:13.439 I/EthernetTracker( 484): interfaceLinkStateChanged, iface: wlan0, up: true
11-05 15:00:13.439 W/PppoeNetworkFactory( 484): interfaceLinkStateChanged
11-05 15:00:13.439 D/PppoeNetworkFactory( 484): updateInterface: mIface: mPhyIface:eth0 iface:wlan0 link:up
11-05 15:00:13.439 D/PppoeNetworkFactory( 484): not tracker interface
11-05 15:00:13.440 D/HalDevMgr( 484): updateRttController: no one is interested in RTT controllers
11-05 15:00:13.443 D/HomletDisplayOutputManager( 1073): get IDisplayOutputManager service success
11-05 15:00:13.447 D/WifiHAL ( 664): wifi_virtual_interface_create: ifname=wlan0 create
11-05 15:00:13.448 I/android.hardware.wifi@1.0-service-lazy( 664): Adding interface handle for wlan1
11-05 15:00:13.448 I/android.hardware.wifi@1.0-service-lazy( 664): Adding interface handle for wlan0
11-05 15:00:13.448 I/Tethering( 772): adding IpServer for: wlan1
11-05 15:00:13.448 E/android.hardware.wifi@1.0-service-lazy( 664): Failed to set DFS flag; DFS channels may be unavailable.
11-05 15:00:13.456 D/AudioManagerEx( 1073): AudioManagerEx
11-05 15:00:13.466 I/ ( 375): DVI mode selected: packets not configured
11-05 15:00:13.466 I/ ( 375): Error: set vsif failed
11-05 15:00:13.463 D/audio_hw_primary( 247): Mic get_audio_devices_active:
11-05 15:00:13.463 D/audio_hw_primary( 247): get_audio_devices_active: AUDIO_HDMI
11-05 15:00:13.465 D/xm_audio( 247): adev_get_parameters
11-05 15:00:13.466 I/hash_map_utils( 266): system/bt/osi/src/hash_map_utils.cc:81 hash_map_utils_dump_string_keys_string_values: key: 'audio_devices_out_active' value: ''
11-05 15:00:13.474 I/WifiService( 484): updateInterfaceIpState uid=1073
11-05 15:00:13.475 D/AudioManagerEx( 1073): type audio_devices_out_active list AUDIO_HDMI=
11-05 15:00:13.493 W/BestClock( 484): java.time.DateTimeException: Missing NTP fix
11-05 15:00:13.495 I/WifiService( 484): updateInterfaceIpState uid=1073
11-05 15:00:13.496 I/AdapterState( 670): BLE_ON : entered
11-05 15:00:13.496 D/AdapterProperties( 670): Setting state to BLE_ON
11-05 15:00:13.497 D/BluetoothAdapterService( 670): updateAdapterState() - Broadcasting state BLE_ON to 1 receivers.
11-05 15:00:13.499 D/BluetoothManagerService( 484): MESSAGE_BLUETOOTH_STATE_CHANGE: BLE_TURNING_ON > BLE_ON
11-05 15:00:13.499 D/BluetoothManagerService( 484): Bluetooth is in LE only mode
11-05 15:00:13.499 D/BluetoothManagerService( 484): Binding Bluetooth GATT service
11-05 15:00:13.500 I/WifiHAL ( 664): mpdu_size_threshold : 128, aggressive_statistics_gathering : 0
11-05 15:00:13.500 E/WifiHAL ( 664): wifi_set_link_stats: requestResponse Error:-5
11-05 15:00:13.500 V/GraphicsEnvironment( 1208): ANGLE Developer option for 'com.oranth.storage' set to: 'default'
11-05 15:00:13.507 E/WifiVendorHal( 484): enableLinkLayerStats(l.1461) failed {.code = ERROR_INVALID_ARGS, .description = }
11-05 15:00:13.507 V/GraphicsEnvironment( 1208): Neither updatable production driver nor prerelease driver is supported.
11-05 15:00:13.507 E/WifiVendorHal( 484): unable to enable link layer stats collection
11-05 15:00:13.508 D/WifiNl80211Manager( 484): Setting up interface for client mode: wlan0
11-05 15:00:13.509 D/audio_hw_primary( 247): getAudioDevices()
11-05 15:00:13.509 D/audio_hw_primary( 247): out dev:AUDIO_CODEC
11-05 15:00:13.509 D/audio_hw_primary( 247): in dev:AUDIO_SPDIF
11-05 15:00:13.509 D/audio_hw_primary( 247): out dev:AUDIO_SPDIF
11-05 15:00:13.509 D/audio_hw_primary( 247): in dev:AUDIO_HDMI
11-05 15:00:13.509 D/audio_hw_primary( 247): out dev:AUDIO_HDMI
11-05 15:00:13.509 D/audio_hw_primary( 247): in dev:AUDIO_I2S2
11-05 15:00:13.509 D/audio_hw_primary( 247): out playback: AUDIO_CODEC,AUDIO_SPDIF,AUDIO_HDMI
11-05 15:00:13.510 I/wificond( 364): createClientInterface: wiphy_index 0 iface_name wlan0
11-05 15:00:13.513 D/BluetoothManagerService( 484): Sending BLE State Change: BLE_TURNING_ON > BLE_ON
11-05 15:00:13.514 I/wificond( 364): create scanner for interface with index: 14
11-05 15:00:13.514 I/wificond( 364): subscribe scan result for interface with index: 14
11-05 15:00:13.515 D/xm_audio( 247): adev_get_parameters
11-05 15:00:13.515 D/NetworkSecurityConfig( 1208): No Network Security Config specified, using platform default
11-05 15:00:13.519 D/NetworkSecurityConfig( 1208): No Network Security Config specified, using platform default
11-05 15:00:13.520 I/wificond( 364): add channel type 0 support at wiphy index: 0
11-05 15:00:13.520 I/wificond( 364): add channel type 1 support at wiphy index: 0
11-05 15:00:13.521 I/hash_map_utils( 266): system/bt/osi/src/hash_map_utils.cc:81 hash_map_utils_dump_string_keys_string_values: key: 'audio_devices_out' value: ''
11-05 15:00:13.521 D/BluetoothManagerService( 484): BluetoothServiceConnection: com.android.bluetooth.gatt.GattService
11-05 15:00:13.522 D/BluetoothManagerService( 484): MESSAGE_BLUETOOTH_SERVICE_CONNECTED: 2
11-05 15:00:13.523 D/BluetoothManagerService( 484): continueFromBleOnState()
11-05 15:00:13.524 I/AdapterState( 670): TURNING_ON : entered
11-05 15:00:13.524 D/AdapterProperties( 670): Setting state to TURNING_ON
11-05 15:00:13.524 D/BluetoothManagerService( 484): Persisting Bluetooth Setting: 1
11-05 15:00:13.526 D/BluetoothAdapterService( 670): updateAdapterState() - Broadcasting state TURNING_ON to 1 receivers.
11-05 15:00:13.528 D/BluetoothAdapterService( 670): startCoreServices()
11-05 15:00:13.528 I/aaa ( 1208): low stroage service is start !!!
11-05 15:00:13.530 D/BluetoothManagerService( 484): MESSAGE_BLUETOOTH_STATE_CHANGE: BLE_ON > TURNING_ON
11-05 15:00:13.530 D/BluetoothManagerService( 484): Sending BLE State Change: BLE_ON > TURNING_ON
11-05 15:00:13.530 W/ContextImpl( 1208): Calling a method in the system process without a qualified user: android.app.ContextImpl.startService:1816 android.content.ContextWrapper.startService:774 android.content.ContextWrapper.startService:774 com.oranth.storage.BootCompletedReceiver.onReceive:15 android.app.ActivityThread.handleReceiver:4308
11-05 15:00:13.533 D/AudioManagerEx( 1073): type audio_devices_out list AUDIO_CODEC,AUDIO_SPDIF,AUDIO_HDMI=
11-05 15:00:13.540 D/CompatibilityChangeReporter( 484): Compat change id reported: 168419799; UID 1002; state: DISABLED
11-05 15:00:13.544 I/WifiNative( 484): Interface state changed on Iface:{Name=wlan0,Id=0,Type=STA_SCAN}, isUp=true
11-05 15:00:13.546 D/BluetoothManagerService( 484): Sending State Change: OFF > TURNING_ON
11-05 15:00:13.547 I/HeadsetService( 670): create()
11-05 15:00:13.549 I/WifiNative( 484): Successfully setup Iface:{Name=wlan0,Id=0,Type=STA_SCAN}
11-05 15:00:13.549 W/BestClock( 484): java.time.DateTimeException: Missing NTP fix
11-05 15:00:13.558 D/bbb ( 1208): onCreate()
11-05 15:00:13.560 E/SupplicantStaIfaceHal( 484): checkHalVersionByInterfaceName: called but mServiceManager is null
11-05 15:00:13.560 E/SupplicantStaIfaceHal( 484): checkHalVersionByInterfaceName: called but mServiceManager is null
11-05 15:00:13.560 E/SupplicantStaIfaceHal( 484): Method getKeyMgmtCapabilities is not supported in existing HAL
11-05 15:00:13.560 E/SupplicantStaIfaceHal( 484): checkHalVersionByInterfaceName: called but mServiceManager is null
11-05 15:00:13.560 I/HeadsetService( 670): start()
11-05 15:00:13.564 D/CompatibilityChangeReporter( 1208): Compat change id reported: 160794467; UID 1000; state: ENABLED
11-05 15:00:13.575 E/WifiHAL ( 664): wifi_get_logger_supported_feature_set: Error -5 happened.
11-05 15:00:13.581 I/ieee80211 phy0( 664): sprdwl_vendor_get_support_feature
11-05 15:00:13.586 I/ieee80211 phy0( 664): sprdwl_vendor_get_support_feature
11-05 15:00:13.581 E/WifiHAL ( 664): wifi_get_logger_supported_feature_set: Error -5 happened.
11-05 15:00:13.593 W/ContextImpl( 1073): Calling a method in the system process without a qualified user: android.app.ContextImpl.bindService:1895 android.content.ContextWrapper.bindService:810 com.dangbei.lerad.etna.lib.client.EtnaClient.bindServer:138 com.dangbei.lerad.etna.lib.client.EtnaClient.access$600:29 com.dangbei.lerad.etna.lib.client.EtnaClient$3.call:205
11-05 15:00:13.594 V/SystemUIService( 684): BOOT_COMPLETED received
11-05 15:00:13.595 D/bbb ( 1208): onStartCommand begin !!!!!!! data分区剩余 24878MB
11-05 15:00:13.595 W/BestClock( 484): java.time.DateTimeException: Missing NTP fix
11-05 15:00:13.607 E/WifiHAL ( 664): wifi_get_logger_supported_feature_set: Error -5 happened.
11-05 15:00:13.612 I/ieee80211 phy0( 664): sprdwl_vendor_get_support_feature
11-05 15:00:13.612 I/BluetoothHeadsetServiceJni( 670): classInitNative: succeeds
11-05 15:00:13.612 I/bt_btif ( 670): system/bt/btif/src/bluetooth.cc:417 get_profile_interface: get_profile_interface: id = handsfree
11-05 15:00:13.613 I/bt_stack( 670): [INFO:btif_hf.cc(1491)] GetInterface
11-05 15:00:13.613 D/CompatibilityChangeReporter( 484): Compat change id reported: 171306433; UID 1000; state: ENABLED
11-05 15:00:13.616 D/ConnectivityService( 484): NetReassign [no changes]
11-05 15:00:13.616 D/SystemUIBootTiming( 684): SystemUIService: bootcomplete com.android.systemui.util.NotificationChannels took 0 ms
11-05 15:00:13.616 D/SystemUIService( 684): loading: com.android.systemui.volume.VolumeUI
11-05 15:00:13.618 I/bt_stack( 670): [INFO:btif_hf.cc(289)] btif_hf_upstreams_evt: AG enable/disable event 0
11-05 15:00:13.618 I/bt_bta_dm( 670): system/bt/bta/dm/bta_dm_act.cc:3191 bta_dm_eir_update_uuid: EIR Adding UUID=0x1112 into extended inquiry response
11-05 15:00:13.618 I/bt_bta_dm( 670): system/bt/bta/dm/bta_dm_act.cc:2890 bta_dm_set_eir: Generating extended inquiry response packet EIR
11-05 15:00:13.618 I/bt_bta_dm( 670): system/bt/bta/dm/bta_dm_act.cc:3191 bta_dm_eir_update_uuid: EIR Adding UUID=0x111F into extended inquiry response
11-05 15:00:13.618 I/bt_bta_dm( 670): system/bt/bta/dm/bta_dm_act.cc:2890 bta_dm_set_eir: Generating extended inquiry response packet EIR
11-05 15:00:13.618 I/bt_stack( 670): [INFO:port_api.cc(234)] RFCOMM_CreateConnection: bd_addr=ff:ff:ff:ff:ff:ff, scn=2, is_server=1, mtu=256, uuid=0x1112, dlci=4, signal_state=0x0b, p_port=0xc769d524
11-05 15:00:13.618 I/bt_stack( 670): [INFO:port_api.cc(234)] RFCOMM_CreateConnection: bd_addr=ff:ff:ff:ff:ff:ff, scn=3, is_server=1, mtu=256, uuid=0x111f, dlci=6, signal_state=0x0b, p_port=0xc769d5ac
11-05 15:00:13.621 I/bt_stack( 670): [INFO:port_api.cc(234)] RFCOMM_CreateConnection: bd_addr=ff:ff:ff:ff:ff:ff, scn=2, is_server=1, mtu=256, uuid=0x1112, dlci=4, signal_state=0x0b, p_port=0xc769d634
11-05 15:00:13.621 I/bt_stack( 670): [INFO:port_api.cc(234)] RFCOMM_CreateConnection: bd_addr=ff:ff:ff:ff:ff:ff, scn=3, is_server=1, mtu=256, uuid=0x111f, dlci=6, signal_state=0x0b, p_port=0xc769d6bc
11-05 15:00:13.628 I/bt_btif_storage( 670): system/bt/btif/src/btif_storage.cc:661 btif_storage_get_adapter_property: btif_storage_get_adapter_property service_mask:0x20000040
11-05 15:00:13.631 I/hq ( 1130): 当前的服务模式是,serviceMode=0
11-05 15:00:13.631 E/hq ( 1130): 检查user:::switchDao id=-1
11-05 15:00:13.632 D/ConnectivityService( 484): NetReassign [no changes]
11-05 15:00:13.638 W/BestClock( 484): java.time.DateTimeException: Missing NTP fix
11-05 15:00:13.645 W/BestClock( 484): java.time.DateTimeException: Missing NTP fix
11-05 15:00:13.645 I/A2dpService( 670): create()
11-05 15:00:13.646 D/BluetoothA2dp( 484): Proxy object connected
11-05 15:00:13.646 D/BluetoothA2dp( 484): Proxy object connected
