11-05 15:00:13.647 W/BestClock( 484): java.time.DateTimeException: Missing NTP fix
11-05 15:00:13.647 D/BluetoothA2dp( 484): Proxy object connected
11-05 15:00:13.651 W/BestClock( 484): java.time.DateTimeException: Missing NTP fix
11-05 15:00:13.652 W/BestClock( 484): java.time.DateTimeException: Missing NTP fix
11-05 15:00:13.654 E/SupplicantStaIfaceHal( 484): checkHalVersionByInterfaceName: called but mServiceManager is null
11-05 15:00:13.654 E/SupplicantStaIfaceHal( 484): checkHalVersionByInterfaceName: called but mServiceManager is null
11-05 15:00:13.654 I/SupplicantStaIfaceHal( 484): Method getWpaDriverFeatureSet is not supported in existing HAL
11-05 15:00:13.655 D/WifiClientModeManager[wlan0]( 484): entering StartedState
11-05 15:00:13.656 I/A2dpService( 670): start()
11-05 15:00:13.657 I/BluetoothA2dpServiceJni( 670): classInitNative: succeeds
11-05 15:00:13.659 I/vol.Events( 684): writeEvent collection_started
11-05 15:00:13.661 I/A2dpService( 670): Max connected audio devices set to 5
11-05 15:00:13.663 I/bt_btif ( 670): system/bt/btif/src/bluetooth.cc:417 get_profile_interface: get_profile_interface: id = a2dp
11-05 15:00:13.663 I/btif_av ( 670): system/bt/btif/src/btif_av.cc:965 Init: bt_status_t BtifAvSource::Init(btav_source_callbacks_t *, int, const std::vector &, const std::vector &): max_connected_audio_devices=5
11-05 15:00:13.663 I/a2dp_codec( 670): system/bt/stack/a2dp/a2dp_codec_config.cc:569 init: init
11-05 15:00:13.663 I/a2dp_codec( 670): system/bt/stack/a2dp/a2dp_codec_config.cc:113 createCodec: createCodec: codec SBC
11-05 15:00:13.663 I/a2dp_codec( 670): system/bt/stack/a2dp/a2dp_codec_config.cc:633 init: init: updated SBC codec priority to 1001
11-05 15:00:13.663 I/a2dp_codec( 670): system/bt/stack/a2dp/a2dp_codec_config.cc:113 createCodec: createCodec: codec AAC
11-05 15:00:13.663 I/a2dp_codec( 670): system/bt/stack/a2dp/a2dp_codec_config.cc:633 init: init: updated AAC codec priority to 2001
11-05 15:00:13.664 D/WakeupConfigStoreData( 484): WifiWake user data has been read
11-05 15:00:13.665 I/bt_stack( 670): [INFO:port_api.cc(234)] RFCOMM_CreateConnection: bd_addr=ff:ff:ff:ff:ff:ff, scn=2, is_server=1, mtu=256, uuid=0x1112, dlci=4, signal_state=0x0b, p_port=0xc769d744
11-05 15:00:13.666 I/bt_stack( 670): [INFO:port_api.cc(234)] RFCOMM_CreateConnection: bd_addr=ff:ff:ff:ff:ff:ff, scn=3, is_server=1, mtu=256, uuid=0x111f, dlci=6, signal_state=0x0b, p_port=0xc769d7cc
11-05 15:00:13.666 I/bt_stack( 670): [INFO:port_api.cc(234)] RFCOMM_CreateConnection: bd_addr=ff:ff:ff:ff:ff:ff, scn=2, is_server=1, mtu=256, uuid=0x1112, dlci=4, signal_state=0x0b, p_port=0xc769d854
11-05 15:00:13.666 I/bt_stack( 670): [INFO:port_api.cc(234)] RFCOMM_CreateConnection: bd_addr=ff:ff:ff:ff:ff:ff, scn=3, is_server=1, mtu=256, uuid=0x111f, dlci=6, signal_state=0x0b, p_port=0xc769d8dc
11-05 15:00:13.666 I/bt_stack( 670): [INFO:port_api.cc(234)] RFCOMM_CreateConnection: bd_addr=ff:ff:ff:ff:ff:ff, scn=2, is_server=1, mtu=256, uuid=0x1112, dlci=4, signal_state=0x0b, p_port=0xc769d964
11-05 15:00:13.666 I/bt_stack( 670): [INFO:port_api.cc(234)] RFCOMM_CreateConnection: bd_addr=ff:ff:ff:ff:ff:ff, scn=3, is_server=1, mtu=256, uuid=0x111f, dlci=6, signal_state=0x0b, p_port=0xc769d9ec
11-05 15:00:13.666 I/bt_stack( 670): [INFO:port_api.cc(234)] RFCOMM_CreateConnection: bd_addr=ff:ff:ff:ff:ff:ff, scn=2, is_server=1, mtu=256, uuid=0x1112, dlci=4, signal_state=0x0b, p_port=0xc769da74
11-05 15:00:13.666 I/bt_stack( 670): [INFO:port_api.cc(234)] RFCOMM_CreateConnection: bd_addr=ff:ff:ff:ff:ff:ff, scn=3, is_server=1, mtu=256, uuid=0x111f, dlci=6, signal_state=0x0b, p_port=0xc769dafc
11-05 15:00:13.670 I/a2dp_codec( 670): system/bt/stack/a2dp/a2dp_codec_config.cc:113 createCodec: createCodec: codec aptX
11-05 15:00:13.673 E/a2dp_vendor_aptx_encoder( 670): system/bt/stack/a2dp/a2dp_vendor_aptx_encoder.cc:123 A2DP_VendorLoadEncoderAptx: A2DP_VendorLoadEncoderAptx: cannot open aptX encoder library libaptX_encoder.so: dlopen failed: library "libaptX_encoder.so" not found
11-05 15:00:13.673 D/WifiConfigStore( 484): Reading from user stores completed in 13 ms.
11-05 15:00:13.673 E/a2dp_vendor_aptx( 670): system/bt/stack/a2dp/a2dp_vendor_aptx.cc:465 init: init: cannot load the encoder
11-05 15:00:13.674 I/a2dp_codec( 670): system/bt/stack/a2dp/a2dp_codec_config.cc:113 createCodec: createCodec: codec aptX-HD
11-05 15:00:13.676 E/a2dp_vendor_aptx_hd_encoder( 670): system/bt/stack/a2dp/a2dp_vendor_aptx_hd_encoder.cc:123 A2DP_VendorLoadEncoderAptxHd: A2DP_VendorLoadEncoderAptxHd: cannot open aptX-HD encoder library libaptXHD_encoder.so: dlopen failed: library "libaptXHD_encoder.so" not found
11-05 15:00:13.676 E/a2dp_vendor_aptx_hd( 670): system/bt/stack/a2dp/a2dp_vendor_aptx_hd.cc:483 init: init: cannot load the encoder
11-05 15:00:13.676 I/a2dp_codec( 670): system/bt/stack/a2dp/a2dp_codec_config.cc:113 createCodec: createCodec: codec LDAC
11-05 15:00:13.684 I/a2dp_codec( 670): system/bt/stack/a2dp/a2dp_codec_config.cc:633 init: init: updated LDAC codec priority to 5001
11-05 15:00:13.685 I/a2dp_codec( 670): system/bt/stack/a2dp/a2dp_codec_config.cc:113 createCodec: createCodec: codec SBC SINK
11-05 15:00:13.685 I/a2dp_codec( 670): system/bt/stack/a2dp/a2dp_codec_config.cc:113 createCodec: createCodec: codec AAC SINK
11-05 15:00:13.685 I/a2dp_codec( 670): system/bt/stack/a2dp/a2dp_codec_config.cc:113 createCodec: createCodec: codec LDAC SINK
11-05 15:00:13.687 E/a2dp_vendor_ldac_decoder( 670): system/bt/stack/a2dp/a2dp_vendor_ldac_decoder.cc:134 A2DP_VendorLoadDecoderLdac: A2DP_VendorLoadDecoderLdac: cannot open LDAC decoder library libldacBT_bco.so: dlopen failed: library "libldacBT_bco.so" not found
11-05 15:00:13.687 E/a2dp_vendor_ldac( 670): system/bt/stack/a2dp/a2dp_vendor_ldac.cc:1418 init: init: cannot load the decoder
11-05 15:00:13.687 I/a2dp_codec( 670): system/bt/stack/a2dp/a2dp_codec_config.cc:658 init: init: initialized Source codec LDAC
11-05 15:00:13.687 I/a2dp_codec( 670): system/bt/stack/a2dp/a2dp_codec_config.cc:658 init: init: initialized Source codec AAC
11-05 15:00:13.687 I/a2dp_codec( 670): system/bt/stack/a2dp/a2dp_codec_config.cc:658 init: init: initialized Source codec SBC
11-05 15:00:13.687 I/a2dp_codec( 670): system/bt/stack/a2dp/a2dp_codec_config.cc:665 init: init: initialized Sink codec AAC SINK
11-05 15:00:13.687 I/a2dp_codec( 670): system/bt/stack/a2dp/a2dp_codec_config.cc:665 init: init: initialized Sink codec SBC SINK
11-05 15:00:13.687 I/a2dp_codec( 670): system/bt/stack/a2dp/a2dp_codec_config.cc:569 init: init
11-05 15:00:13.687 I/a2dp_codec( 670): system/bt/stack/a2dp/a2dp_codec_config.cc:113 createCodec: createCodec: codec SBC
11-05 15:00:13.687 I/a2dp_codec( 670): system/bt/stack/a2dp/a2dp_codec_config.cc:633 init: init: updated SBC codec priority to 1001
11-05 15:00:13.687 I/a2dp_codec( 670): system/bt/stack/a2dp/a2dp_codec_config.cc:113 createCodec: createCodec: codec AAC
11-05 15:00:13.687 I/a2dp_codec( 670): system/bt/stack/a2dp/a2dp_codec_config.cc:633 init: init: updated AAC codec priority to 2001
11-05 15:00:13.687 I/a2dp_codec( 670): system/bt/stack/a2dp/a2dp_codec_config.cc:113 createCodec: createCodec: codec aptX
11-05 15:00:13.689 E/a2dp_vendor_aptx_encoder( 670): system/bt/stack/a2dp/a2dp_vendor_aptx_encoder.cc:123 A2DP_VendorLoadEncoderAptx: A2DP_VendorLoadEncoderAptx: cannot open aptX encoder library libaptX_encoder.so: dlopen failed: library "libaptX_encoder.so" not found
11-05 15:00:13.691 E/a2dp_vendor_aptx( 670): system/bt/stack/a2dp/a2dp_vendor_aptx.cc:465 init: init: cannot load the encoder
11-05 15:00:13.691 I/a2dp_codec( 670): system/bt/stack/a2dp/a2dp_codec_config.cc:113 createCodec: createCodec: codec aptX-HD
11-05 15:00:13.695 E/a2dp_vendor_aptx_hd_encoder( 670): system/bt/stack/a2dp/a2dp_vendor_aptx_hd_encoder.cc:123 A2DP_VendorLoadEncoderAptxHd: A2DP_VendorLoadEncoderAptxHd: cannot open aptX-HD encoder library libaptXHD_encoder.so: dlopen failed: library "libaptXHD_encoder.so" not found
11-05 15:00:13.696 E/a2dp_vendor_aptx_hd( 670): system/bt/stack/a2dp/a2dp_vendor_aptx_hd.cc:483 init: init: cannot load the encoder
11-05 15:00:13.696 I/a2dp_codec( 670): system/bt/stack/a2dp/a2dp_codec_config.cc:113 createCodec: createCodec: codec LDAC
11-05 15:00:13.696 I/a2dp_codec( 670): system/bt/stack/a2dp/a2dp_codec_config.cc:633 init: init: updated LDAC codec priority to 5001
11-05 15:00:13.696 I/a2dp_codec( 670): system/bt/stack/a2dp/a2dp_codec_config.cc:113 createCodec: createCodec: codec SBC SINK
11-05 15:00:13.696 I/a2dp_codec( 670): system/bt/stack/a2dp/a2dp_codec_config.cc:113 createCodec: createCodec: codec AAC SINK
11-05 15:00:13.696 I/a2dp_codec( 670): system/bt/stack/a2dp/a2dp_codec_config.cc:113 createCodec: createCodec: codec LDAC SINK
11-05 15:00:13.698 E/a2dp_vendor_ldac_decoder( 670): system/bt/stack/a2dp/a2dp_vendor_ldac_decoder.cc:134 A2DP_VendorLoadDecoderLdac: A2DP_VendorLoadDecoderLdac: cannot open LDAC decoder library libldacBT_bco.so: dlopen failed: library "libldacBT_bco.so" not found
11-05 15:00:13.699 E/a2dp_vendor_ldac( 670): system/bt/stack/a2dp/a2dp_vendor_ldac.cc:1418 init: init: cannot load the decoder
11-05 15:00:13.699 I/a2dp_codec( 670): system/bt/stack/a2dp/a2dp_codec_config.cc:658 init: init: initialized Source codec LDAC
11-05 15:00:13.699 I/a2dp_codec( 670): system/bt/stack/a2dp/a2dp_codec_config.cc:658 init: init: initialized Source codec AAC
11-05 15:00:13.700 I/a2dp_codec( 670): system/bt/stack/a2dp/a2dp_codec_config.cc:658 init: init: initialized Source codec SBC
11-05 15:00:13.700 I/a2dp_codec( 670): system/bt/stack/a2dp/a2dp_codec_config.cc:665 init: init: initialized Sink codec AAC SINK
11-05 15:00:13.700 I/a2dp_codec( 670): system/bt/stack/a2dp/a2dp_codec_config.cc:665 init: init: initialized Sink codec SBC SINK
11-05 15:00:13.700 I/a2dp_codec( 670): system/bt/stack/a2dp/a2dp_codec_config.cc:569 init: init
11-05 15:00:13.700 I/vold ( 184): Bind mounting //data/media/0/Android/data on /mnt/user/0/emulated/0/Android/data
11-05 15:00:13.700 I/a2dp_codec( 670): system/bt/stack/a2dp/a2dp_codec_config.cc:113 createCodec: createCodec: codec SBC
11-05 15:00:13.700 I/a2dp_codec( 670): system/bt/stack/a2dp/a2dp_codec_config.cc:633 init: init: updated SBC codec priority to 1001
11-05 15:00:13.700 I/a2dp_codec( 670): system/bt/stack/a2dp/a2dp_codec_config.cc:113 createCodec: createCodec: codec AAC
11-05 15:00:13.700 I/a2dp_codec( 670): system/bt/stack/a2dp/a2dp_codec_config.cc:633 init: init: updated AAC codec priority to 2001
11-05 15:00:13.700 I/a2dp_codec( 670): system/bt/stack/a2dp/a2dp_codec_config.cc:113 createCodec: createCodec: codec aptX
11-05 15:00:13.702 E/a2dp_vendor_aptx_encoder( 670): system/bt/stack/a2dp/a2dp_vendor_aptx_encoder.cc:123 A2DP_VendorLoadEncoderAptx: A2DP_VendorLoadEncoderAptx: cannot open aptX encoder library libaptX_encoder.so: dlopen failed: library "libaptX_encoder.so" not found
11-05 15:00:13.702 E/a2dp_vendor_aptx( 670): system/bt/stack/a2dp/a2dp_vendor_aptx.cc:465 init: init: cannot load the encoder
11-05 15:00:13.702 I/a2dp_codec( 670): system/bt/stack/a2dp/a2dp_codec_config.cc:113 createCodec: createCodec: codec aptX-HD
11-05 15:00:13.703 I/vold ( 184): Bind mounted //data/media/0/Android/data on /mnt/user/0/emulated/0/Android/data
11-05 15:00:13.703 I/vold ( 184): Bind mounting //data/media/0/Android/obb on /mnt/user/0/emulated/0/Android/obb
11-05 15:00:13.704 E/a2dp_vendor_aptx_hd_encoder( 670): system/bt/stack/a2dp/a2dp_vendor_aptx_hd_encoder.cc:123 A2DP_VendorLoadEncoderAptxHd: A2DP_VendorLoadEncoderAptxHd: cannot open aptX-HD encoder library libaptXHD_encoder.so: dlopen failed: library "libaptXHD_encoder.so" not found
11-05 15:00:13.705 E/a2dp_vendor_aptx_hd( 670): system/bt/stack/a2dp/a2dp_vendor_aptx_hd.cc:483 init: init: cannot load the encoder
11-05 15:00:13.705 I/a2dp_codec( 670): system/bt/stack/a2dp/a2dp_codec_config.cc:113 createCodec: createCodec: codec LDAC
11-05 15:00:13.705 I/a2dp_codec( 670): system/bt/stack/a2dp/a2dp_codec_config.cc:633 init: init: updated LDAC codec priority to 5001
11-05 15:00:13.705 I/a2dp_codec( 670): system/bt/stack/a2dp/a2dp_codec_config.cc:113 createCodec: createCodec: codec SBC SINK
11-05 15:00:13.705 I/a2dp_codec( 670): system/bt/stack/a2dp/a2dp_codec_config.cc:113 createCodec: createCodec: codec AAC SINK
11-05 15:00:13.705 I/a2dp_codec( 670): system/bt/stack/a2dp/a2dp_codec_config.cc:113 createCodec: createCodec: codec LDAC SINK
11-05 15:00:13.708 E/a2dp_vendor_ldac_decoder( 670): system/bt/stack/a2dp/a2dp_vendor_ldac_decoder.cc:134 A2DP_VendorLoadDecoderLdac: A2DP_VendorLoadDecoderLdac: cannot open LDAC decoder library libldacBT_bco.so: dlopen failed: library "libldacBT_bco.so" not found
11-05 15:00:13.708 E/a2dp_vendor_ldac( 670): system/bt/stack/a2dp/a2dp_vendor_ldac.cc:1418 init: init: cannot load the decoder
11-05 15:00:13.708 I/a2dp_codec( 670): system/bt/stack/a2dp/a2dp_codec_config.cc:658 init: init: initialized Source codec LDAC
11-05 15:00:13.708 I/a2dp_codec( 670): system/bt/stack/a2dp/a2dp_codec_config.cc:658 init: init: initialized Source codec AAC
11-05 15:00:13.708 I/a2dp_codec( 670): system/bt/stack/a2dp/a2dp_codec_config.cc:658 init: init: initialized Source codec SBC
11-05 15:00:13.708 I/a2dp_codec( 670): system/bt/stack/a2dp/a2dp_codec_config.cc:665 init: init: initialized Sink codec AAC SINK
11-05 15:00:13.709 I/a2dp_codec( 670): system/bt/stack/a2dp/a2dp_codec_config.cc:665 init: init: initialized Sink codec SBC SINK
11-05 15:00:13.709 I/a2dp_codec( 670): system/bt/stack/a2dp/a2dp_codec_config.cc:569 init: init
11-05 15:00:13.709 I/a2dp_codec( 670): system/bt/stack/a2dp/a2dp_codec_config.cc:113 createCodec: createCodec: codec SBC
11-05 15:00:13.709 I/a2dp_codec( 670): system/bt/stack/a2dp/a2dp_codec_config.cc:633 init: init: updated SBC codec priority to 1001
11-05 15:00:13.709 I/a2dp_codec( 670): system/bt/stack/a2dp/a2dp_codec_config.cc:113 createCodec: createCodec: codec AAC
11-05 15:00:13.709 I/a2dp_codec( 670): system/bt/stack/a2dp/a2dp_codec_config.cc:633 init: init: updated AAC codec priority to 2001
11-05 15:00:13.709 I/a2dp_codec( 670): system/bt/stack/a2dp/a2dp_codec_config.cc:113 createCodec: createCodec: codec aptX
11-05 15:00:13.711 E/a2dp_vendor_aptx_encoder( 670): system/bt/stack/a2dp/a2dp_vendor_aptx_encoder.cc:123 A2DP_VendorLoadEncoderAptx: A2DP_VendorLoadEncoderAptx: cannot open aptX encoder library libaptX_encoder.so: dlopen failed: library "libaptX_encoder.so" not found
11-05 15:00:13.711 I/vold ( 184): Bind mounted //data/media/0/Android/obb on /mnt/user/0/emulated/0/Android/obb
11-05 15:00:13.711 E/a2dp_vendor_aptx( 670): system/bt/stack/a2dp/a2dp_vendor_aptx.cc:465 init: init: cannot load the encoder
11-05 15:00:13.711 I/vold ( 184): Configuring read_ahead of /mnt/user/0/emulated fuse filesystem to 256kb
11-05 15:00:13.711 I/a2dp_codec( 670): system/bt/stack/a2dp/a2dp_codec_config.cc:113 createCodec: createCodec: codec aptX-HD
11-05 15:00:13.713 E/a2dp_vendor_aptx_hd_encoder( 670): system/bt/stack/a2dp/a2dp_vendor_aptx_hd_encoder.cc:123 A2DP_VendorLoadEncoderAptxHd: A2DP_VendorLoadEncoderAptxHd: cannot open aptX-HD encoder library libaptXHD_encoder.so: dlopen failed: library "libaptXHD_encoder.so" not found
11-05 15:00:13.713 E/a2dp_vendor_aptx_hd( 670): system/bt/stack/a2dp/a2dp_vendor_aptx_hd.cc:483 init: init: cannot load the encoder
11-05 15:00:13.713 I/a2dp_codec( 670): system/bt/stack/a2dp/a2dp_codec_config.cc:113 createCodec: createCodec: codec LDAC
11-05 15:00:13.713 I/a2dp_codec( 670): system/bt/stack/a2dp/a2dp_codec_config.cc:633 init: init: updated LDAC codec priority to 5001
11-05 15:00:13.713 I/a2dp_codec( 670): system/bt/stack/a2dp/a2dp_codec_config.cc:113 createCodec: createCodec: codec SBC SINK
11-05 15:00:13.713 I/a2dp_codec( 670): system/bt/stack/a2dp/a2dp_codec_config.cc:113 createCodec: createCodec: codec AAC SINK
11-05 15:00:13.713 I/a2dp_codec( 670): system/bt/stack/a2dp/a2dp_codec_config.cc:113 createCodec: createCodec: codec LDAC SINK
11-05 15:00:13.715 E/a2dp_vendor_ldac_decoder( 670): system/bt/stack/a2dp/a2dp_vendor_ldac_decoder.cc:134 A2DP_VendorLoadDecoderLdac: A2DP_VendorLoadDecoderLdac: cannot open LDAC decoder library libldacBT_bco.so: dlopen failed: library "libldacBT_bco.so" not found
11-05 15:00:13.715 E/a2dp_vendor_ldac( 670): system/bt/stack/a2dp/a2dp_vendor_ldac.cc:1418 init: init: cannot load the decoder
11-05 15:00:13.715 I/a2dp_codec( 670): system/bt/stack/a2dp/a2dp_codec_config.cc:658 init: init: initialized Source codec LDAC
11-05 15:00:13.715 I/a2dp_codec( 670): system/bt/stack/a2dp/a2dp_codec_config.cc:658 init: init: initialized Source codec AAC
11-05 15:00:13.715 I/a2dp_codec( 670): system/bt/stack/a2dp/a2dp_codec_config.cc:658 init: init: initialized Source codec SBC
11-05 15:00:13.715 I/a2dp_codec( 670): system/bt/stack/a2dp/a2dp_codec_config.cc:665 init: init: initialized Sink codec AAC SINK
11-05 15:00:13.715 I/a2dp_codec( 670): system/bt/stack/a2dp/a2dp_codec_config.cc:665 init: init: initialized Sink codec SBC SINK
11-05 15:00:13.715 I/a2dp_codec( 670): system/bt/stack/a2dp/a2dp_codec_config.cc:569 init: init
11-05 15:00:13.716 I/a2dp_codec( 670): system/bt/stack/a2dp/a2dp_codec_config.cc:113 createCodec: createCodec: codec SBC
11-05 15:00:13.716 I/a2dp_codec( 670): system/bt/stack/a2dp/a2dp_codec_config.cc:633 init: init: updated SBC codec priority to 1001
11-05 15:00:13.716 I/a2dp_codec( 670): system/bt/stack/a2dp/a2dp_codec_config.cc:113 createCodec: createCodec: codec AAC
11-05 15:00:13.716 I/a2dp_codec( 670): system/bt/stack/a2dp/a2dp_codec_config.cc:633 init: init: updated AAC codec priority to 2001
11-05 15:00:13.716 I/a2dp_codec( 670): system/bt/stack/a2dp/a2dp_codec_config.cc:113 createCodec: createCodec: codec aptX
11-05 15:00:13.717 E/a2dp_vendor_aptx_encoder( 670): system/bt/stack/a2dp/a2dp_vendor_aptx_encoder.cc:123 A2DP_VendorLoadEncoderAptx: A2DP_VendorLoadEncoderAptx: cannot open aptX encoder library libaptX_encoder.so: dlopen failed: library "libaptX_encoder.so" not found
11-05 15:00:13.717 E/a2dp_vendor_aptx( 670): system/bt/stack/a2dp/a2dp_vendor_aptx.cc:465 init: init: cannot load the encoder
11-05 15:00:13.718 I/a2dp_codec( 670): system/bt/stack/a2dp/a2dp_codec_config.cc:113 createCodec: createCodec: codec aptX-HD
11-05 15:00:13.718 I/vold ( 184): Writing 256 to /sys/class/bdi/0:47/read_ahead_kb
11-05 15:00:13.718 I/vold ( 184): Configuring max_ratio of /mnt/user/0/emulated fuse filesystem to 40
11-05 15:00:13.719 I/vold ( 184): Writing 40 to /sys/class/bdi/0:47/max_ratio
11-05 15:00:13.719 E/a2dp_vendor_aptx_hd_encoder( 670): system/bt/stack/a2dp/a2dp_vendor_aptx_hd_encoder.cc:123 A2DP_VendorLoadEncoderAptxHd: A2DP_VendorLoadEncoderAptxHd: cannot open aptX-HD encoder library libaptXHD_encoder.so: dlopen failed: library "libaptXHD_encoder.so" not found
11-05 15:00:13.719 E/a2dp_vendor_aptx_hd( 670): system/bt/stack/a2dp/a2dp_vendor_aptx_hd.cc:483 init: init: cannot load the encoder
11-05 15:00:13.720 I/a2dp_codec( 670): system/bt/stack/a2dp/a2dp_codec_config.cc:113 createCodec: createCodec: codec LDAC
11-05 15:00:13.720 I/a2dp_codec( 670): system/bt/stack/a2dp/a2dp_codec_config.cc:633 init: init: updated LDAC codec priority to 5001
11-05 15:00:13.720 I/a2dp_codec( 670): system/bt/stack/a2dp/a2dp_codec_config.cc:113 createCodec: createCodec: codec SBC SINK
11-05 15:00:13.720 I/a2dp_codec( 670): system/bt/stack/a2dp/a2dp_codec_config.cc:113 createCodec: createCodec: codec AAC SINK
11-05 15:00:13.720 I/a2dp_codec( 670): system/bt/stack/a2dp/a2dp_codec_config.cc:113 createCodec: createCodec: codec LDAC SINK
11-05 15:00:13.720 I/StorageManagerService( 484): Mounted volume VolumeInfo{emulated;0}:
11-05 15:00:13.720 I/StorageManagerService( 484): type=EMULATED diskId=null partGuid= mountFlags=PRIMARY|VISIBLE
11-05 15:00:13.720 I/StorageManagerService( 484): mountUserId=0 state=MOUNTED
11-05 15:00:13.720 I/StorageManagerService( 484): fsType=null fsUuid=null fsLabel=null
11-05 15:00:13.720 I/StorageManagerService( 484): path=/storage/emulated internalPath=/data/media
11-05 15:00:13.721 I/StorageSessionController( 484): Notifying volume state changed for session with id: emulated;0
11-05 15:00:13.721 E/a2dp_vendor_ldac_decoder( 670): system/bt/stack/a2dp/a2dp_vendor_ldac_decoder.cc:134 A2DP_VendorLoadDecoderLdac: A2DP_VendorLoadDecoderLdac: cannot open LDAC decoder library libldacBT_bco.so: dlopen failed: library "libldacBT_bco.so" not found
11-05 15:00:13.722 E/a2dp_vendor_ldac( 670): system/bt/stack/a2dp/a2dp_vendor_ldac.cc:1418 init: init: cannot load the decoder
11-05 15:00:13.722 I/a2dp_codec( 670): system/bt/stack/a2dp/a2dp_codec_config.cc:658 init: init: initialized Source codec LDAC
11-05 15:00:13.722 I/a2dp_codec( 670): system/bt/stack/a2dp/a2dp_codec_config.cc:658 init: init: initialized Source codec AAC
11-05 15:00:13.722 I/a2dp_codec( 670): system/bt/stack/a2dp/a2dp_codec_config.cc:658 init: init: initialized Source codec SBC
11-05 15:00:13.722 I/a2dp_codec( 670): system/bt/stack/a2dp/a2dp_codec_config.cc:665 init: init: initialized Sink codec AAC SINK
11-05 15:00:13.722 I/a2dp_codec( 670): system/bt/stack/a2dp/a2dp_codec_config.cc:665 init: init: initialized Sink codec SBC SINK
11-05 15:00:13.722 I/a2dp_codec( 670): system/bt/stack/a2dp/a2dp_codec_config.cc:569 init: init
11-05 15:00:13.722 I/a2dp_codec( 670): system/bt/stack/a2dp/a2dp_codec_config.cc:113 createCodec: createCodec: codec SBC
11-05 15:00:13.722 I/a2dp_codec( 670): system/bt/stack/a2dp/a2dp_codec_config.cc:633 init: init: updated SBC codec priority to 1001
11-05 15:00:13.722 I/a2dp_codec( 670): system/bt/stack/a2dp/a2dp_codec_config.cc:113 createCodec: createCodec: codec AAC
11-05 15:00:13.722 I/a2dp_codec( 670): system/bt/stack/a2dp/a2dp_codec_config.cc:633 init: init: updated AAC codec priority to 2001
11-05 15:00:13.722 I/a2dp_codec( 670): system/bt/stack/a2dp/a2dp_codec_config.cc:113 createCodec: createCodec: codec aptX
11-05 15:00:13.724 E/a2dp_vendor_aptx_encoder( 670): system/bt/stack/a2dp/a2dp_vendor_aptx_encoder.cc:123 A2DP_VendorLoadEncoderAptx: A2DP_VendorLoadEncoderAptx: cannot open aptX encoder library libaptX_encoder.so: dlopen failed: library "libaptX_encoder.so" not found
11-05 15:00:13.728 E/a2dp_vendor_aptx( 670): system/bt/stack/a2dp/a2dp_vendor_aptx.cc:465 init: init: cannot load the encoder
11-05 15:00:13.728 I/a2dp_codec( 670): system/bt/stack/a2dp/a2dp_codec_config.cc:113 createCodec: createCodec: codec aptX-HD
11-05 15:00:13.730 W/ContextImpl( 1073): Calling a method in the system process without a qualified user: android.app.ContextImpl.bindService:1895 android.content.ContextWrapper.bindService:810 com.dangbei.lerad.etna.lib.client.EtnaClient.bindServer:138 com.dangbei.lerad.etna.lib.client.EtnaClient.access$600:29 com.dangbei.lerad.etna.lib.client.EtnaClient$3.call:205
11-05 15:00:13.744 E/hq ( 1130): 检查user:::更新前的信息: null
11-05 15:00:13.744 E/hq ( 1130): 更新后的信息: Users{userId=-1, nickName='游客', avatarUrl='null', wxToken='null', vip='null', mobile='null', sex=null, description='null', city='null', province='null', country='null', launcherMode=null, token='null', token='null'}
11-05 15:00:13.748 E/a2dp_vendor_aptx_hd_encoder( 670): system/bt/stack/a2dp/a2dp_vendor_aptx_hd_encoder.cc:123 A2DP_VendorLoadEncoderAptxHd: A2DP_VendorLoadEncoderAptxHd: cannot open aptX-HD encoder library libaptXHD_encoder.so: dlopen failed: library "libaptXHD_encoder.so" not found
11-05 15:00:13.748 E/a2dp_vendor_aptx_hd( 670): system/bt/stack/a2dp/a2dp_vendor_aptx_hd.cc:483 init: init: cannot load the encoder
11-05 15:00:13.748 I/a2dp_codec( 670): system/bt/stack/a2dp/a2dp_codec_config.cc:113 createCodec: createCodec: codec LDAC
11-05 15:00:13.748 I/a2dp_codec( 670): system/bt/stack/a2dp/a2dp_codec_config.cc:633 init: init: updated LDAC codec priority to 5001
11-05 15:00:13.748 I/a2dp_codec( 670): system/bt/stack/a2dp/a2dp_codec_config.cc:113 createCodec: createCodec: codec SBC SINK
11-05 15:00:13.748 V/MediaStore( 1055): Examining volume emulated;0 with name external_primary and state mounted
11-05 15:00:13.749 D/TheRouter::RouterInject( 1130): interception::===interface com.dangbei.leard.protocol.home.HomeManagerInterface===HomeManagerInterfaceImpl44392933
11-05 15:00:13.750 D/AdHelper( 1130): ad server environment is official? false
11-05 15:00:13.750 D/AdHelper( 1130): ad server environment is official? false
11-05 15:00:13.750 D/AdHelper( 1130): ad server environment is official? false
11-05 15:00:13.750 D/AdHelper( 1130): ad server environment is official? false
11-05 15:00:13.750 I/a2dp_codec( 670): system/bt/stack/a2dp/a2dp_codec_config.cc:113 createCodec: createCodec: codec AAC SINK
11-05 15:00:13.751 I/a2dp_codec( 670): system/bt/stack/a2dp/a2dp_codec_config.cc:113 createCodec: createCodec: codec LDAC SINK
11-05 15:00:13.753 E/a2dp_vendor_ldac_decoder( 670): system/bt/stack/a2dp/a2dp_vendor_ldac_decoder.cc:134 A2DP_VendorLoadDecoderLdac: A2DP_VendorLoadDecoderLdac: cannot open LDAC decoder library libldacBT_bco.so: dlopen failed: library "libldacBT_bco.so" not found
11-05 15:00:13.754 E/a2dp_vendor_ldac( 670): system/bt/stack/a2dp/a2dp_vendor_ldac.cc:1418 init: init: cannot load the decoder
11-05 15:00:13.754 I/a2dp_codec( 670): system/bt/stack/a2dp/a2dp_codec_config.cc:658 init: init: initialized Source codec LDAC
11-05 15:00:13.754 I/a2dp_codec( 670): system/bt/stack/a2dp/a2dp_codec_config.cc:658 init: init: initialized Source codec AAC
11-05 15:00:13.754 I/a2dp_codec( 670): system/bt/stack/a2dp/a2dp_codec_config.cc:658 init: init: initialized Source codec SBC
11-05 15:00:13.754 I/a2dp_codec( 670): system/bt/stack/a2dp/a2dp_codec_config.cc:665 init: init: initialized Sink codec AAC SINK
11-05 15:00:13.754 I/a2dp_codec( 670): system/bt/stack/a2dp/a2dp_codec_config.cc:665 init: init: initialized Sink codec SBC SINK
11-05 15:00:13.754 I/bt_btif_a2dp_source( 670): system/bt/btif/src/btif_a2dp_source.cc:325 btif_a2dp_source_init: btif_a2dp_source_init
11-05 15:00:13.758 D/WifiConfigStore( 484): Writing to stores completed in 42 ms.
11-05 15:00:13.759 D/WifiNetworkFactory( 484): got request NetworkRequest [ REQUEST id=23, [ Capabilities: INTERNET&NOT_RESTRICTED&TRUSTED&NOT_VCN_MANAGED Uid: 1000 RequestorUid: 1000 RequestorPkg: android] ]
11-05 15:00:13.759 D/UntrustedWifiNetworkFactory( 484): got request NetworkRequest [ REQUEST id=23, [ Capabilities: INTERNET&NOT_RESTRICTED&TRUSTED&NOT_VCN_MANAGED Uid: 1000 RequestorUid: 1000 RequestorPkg: android] ]
11-05 15:00:13.760 D/OemPaidWifiNetworkFactory( 484): got request NetworkRequest [ REQUEST id=23, [ Capabilities: INTERNET&NOT_RESTRICTED&TRUSTED&NOT_VCN_MANAGED Uid: 1000 RequestorUid: 1000 RequestorPkg: android] ]
11-05 15:00:13.762 D/WifiService( 484): updateInterfaceIpState: ifaceName=wlan0 mode=-1 previous LOHS mode= -1
11-05 15:00:13.762 D/WifiService( 484): updateInterfaceIpState: ifaceName=wlan1 mode=-1 previous LOHS mode= -1
11-05 15:00:13.767 I/StorageSessionController( 484): Notifying volume state changed for session with id: emulated;0
11-05 15:00:13.767 D/AdHelper( 1130): AdHelper init: end
11-05 15:00:13.771 D/WifiP2pService( 484): Wifi enabled=false
11-05 15:00:13.776 I/nd.statics.boot( 1130): type=1400 audit(0.0:441): avc: denied { read } for name="u:object_r:serialno_prop:s0" dev="tmpfs" ino=2398 scontext=u:r:system_app:s0 tcontext=u:object_r:serialno_prop:s0 tclass=file permissive=1
11-05 15:00:13.776 I/nd.statics.boot( 1130): type=1400 audit(0.0:442): avc: denied { open } for path="/dev/__properties__/u:object_r:serialno_prop:s0" dev="tmpfs" ino=2398 scontext=u:r:system_app:s0 tcontext=u:object_r:serialno_prop:s0 tclass=file permissive=1
11-05 15:00:13.776 I/nd.statics.boot( 1130): type=1400 audit(0.0:443): avc: denied { getattr } for path="/dev/__properties__/u:object_r:serialno_prop:s0" dev="tmpfs" ino=2398 scontext=u:r:system_app:s0 tcontext=u:object_r:serialno_prop:s0 tclass=file permissive=1
11-05 15:00:13.781 E/memInfo.totalMem( 1130): memInfo.totalMem=2055442432 1073741824
11-05 15:00:13.776 I/nd.statics.boot( 1130): type=1400 audit(0.0:444): avc: denied { map } for path="/dev/__properties__/u:object_r:serialno_prop:s0" dev="tmpfs" ino=2398 scontext=u:r:system_app:s0 tcontext=u:object_r:serialno_prop:s0 tclass=file permissive=1
11-05 15:00:13.776 I//system/bin/init( 1): type=1107 audit(0.0:445): uid=0 auid=4294967295 ses=4294967295 subj=u:r:init:s0 msg='avc: denied { set } for property=persist.android.util.log pid=1130 uid=1000 gid=1000 scontext=u:r:system_app:s0 tcontext=u:object_r:default_prop:s0 tclass=property_service permissive=1'
11-05 15:00:13.782 I/android_os_HwBinder( 484): HwBinder: Starting thread pool for getting: android.hidl.manager@1.0::IServiceManager/default
11-05 15:00:13.782 D/XM_HIDREAD( 319): add@ add@/devices/platform/soc@3000000/5101000.ehci0-controller/usb1/1-1/1-1:1.0/host0/target0:0:0
11-05 15:00:13.782 D/XM_HIDREAD( 319): add@ add@/devices/platform/soc@3000000/5101000.ehci0-controller/usb1/1-1/1-1:1.0/host0/target0:0:0/0:0:0:0
11-05 15:00:13.782 D/XM_HIDREAD( 319): add@ add@/devices/platform/soc@3000000/5101000.ehci0-controller/usb1/1-1/1-1:1.0/host0/target0:0:0/0:0:0:0/scsi_device/0:0:0:0
11-05 15:00:13.788 I/scsi 0 ( 35): 0:0:0: Direct-Access TOSHIBA EXTERNAL_USB 0 PQ: 0 ANSI: 6
11-05 15:00:13.785 D/XM_HIDREAD( 319): add@ add@/devices/platform/soc@3000000/5101000.ehci0-controller/usb1/1-1/1-1:1.0/host0/target0:0:0/0:0:0:0/scsi_disk/0:0:0:0
11-05 15:00:13.785 D/XM_HIDREAD( 319): add@ add@/devices/platform/soc@3000000/5101000.ehci0-controller/usb1/1-1/1-1:1.0/host0/target0:0:0/0:0:0:0/bsg/0:0:0:0
11-05 15:00:13.797 I/sd 0 ( 7): 0:0:0: [sda] Spinning up disk...
11-05 15:00:13.799 I/ExternalStorageServiceImpl( 1055): Ignoring volume state for vol:external_primary. State: checking
11-05 15:00:13.800 D/FrameWorkHelper( 1130): resetLauncherAd end
11-05 15:00:13.801 I/bt_stack( 670): [INFO:message_loop_thread.cc(224)] Run: message loop starting for thread bt_a2dp_source_worker_thread
11-05 15:00:13.811 I/BLEAudioDrive_HV410( 247): not hidraw* create or delete event
11-05 15:00:13.815 I/bt_btif_storage( 670): system/bt/btif/src/btif_storage.cc:661 btif_storage_get_adapter_property: btif_storage_get_adapter_property service_mask:0x20000048
11-05 15:00:13.815 I/bt_bta_av( 670): system/bt/bta/av/bta_av_main.cc:418 bta_av_api_register: bta_av_api_register: AVRCP version used for sdp: "avrcp15"
11-05 15:00:13.815 I/bt_l2cap( 670): system/bt/stack/l2cap/l2c_api.cc:134 L2CA_Register: L2CAP Registered service classic PSM: 0x0019
11-05 15:00:13.815 I/bt_l2cap( 670): system/bt/stack/l2cap/l2c_api.cc:134 L2CA_Register: L2CAP Registered service classic PSM: 0x0017
11-05 15:00:13.815 I/bt_l2cap( 670): system/bt/stack/l2cap/l2c_api.cc:134 L2CA_Register: L2CAP Registered service classic PSM: 0x001b
11-05 15:00:13.815 D/A2dpService( 670): A2DP offload flag set to false
11-05 15:00:13.815 I/bt_bta_dm( 670): system/bt/bta/dm/bta_dm_act.cc:3191 bta_dm_eir_update_uuid: EIR Adding UUID=0x110A into extended inquiry response
11-05 15:00:13.815 I/bt_bta_dm( 670): system/bt/bta/dm/bta_dm_act.cc:2890 bta_dm_set_eir: Generating extended inquiry response packet EIR
11-05 15:00:13.815 I/bt_bta_av( 670): system/bt/bta/av/bta_av_act.cc:304 bta_av_rc_create: Skipping RC creation for the old AVRCP profile
11-05 15:00:13.815 I/bt_bta_dm( 670): system/bt/bta/dm/bta_dm_act.cc:3191 bta_dm_eir_update_uuid: EIR Adding UUID=0x110E into extended inquiry response
11-05 15:00:13.815 I/bt_bta_dm( 670): system/bt/bta/dm/bta_dm_act.cc:2890 bta_dm_set_eir: Generating extended inquiry response packet EIR
11-05 15:00:13.815 I/bt_bta_av( 670): system/bt/bta/av/bta_av_main.cc:418 bta_av_api_register: bta_av_api_register: AVRCP version used for sdp: "avrcp15"
11-05 15:00:13.815 I/bt_bta_av( 670): system/bt/bta/av/bta_av_main.cc:418 bta_av_api_register: bta_av_api_register: AVRCP version used for sdp: "avrcp15"
11-05 15:00:13.815 I/bt_bta_av( 670): system/bt/bta/av/bta_av_main.cc:418 bta_av_api_register: bta_av_api_register: AVRCP version used for sdp: "avrcp15"
11-05 15:00:13.815 I/bt_bta_av( 670): system/bt/bta/av/bta_av_main.cc:418 bta_av_api_register: bta_av_api_register: AVRCP version used for sdp: "avrcp15"
11-05 15:00:13.816 I/bt_bta_av( 670): system/bt/bta/av/bta_av_main.cc:418 bta_av_api_register: bta_av_api_register: AVRCP version used for sdp: "avrcp15"
11-05 15:00:13.819 I/bt_btif_a2dp_source( 670): system/bt/btif/src/btif_a2dp_source.cc:335 btif_a2dp_source_init_delayed: btif_a2dp_source_init_delayed
11-05 15:00:13.828 I/SupplicantStaIfaceHal( 484): Starting supplicant using HIDL
11-05 15:00:13.829 D/A2dpService( 670): setA2dpService(): set to: com.android.bluetooth.a2dp.A2dpService@fbec17b
11-05 15:00:13.830 D/BluetoothActiveDeviceManager( 670): handleMessage(MESSAGE_ADAPTER_ACTION_STATE_CHANGED): newState=11
11-05 15:00:13.832 D/getEthernetMacAddr( 1130): getEthernetMacAddr use eth0
11-05 15:00:13.834 I/hwservicemanager( 180): Since android.hardware.wifi.supplicant@1.0::ISupplicant/default is not registered, trying to start it as a lazy HAL.
11-05 15:00:13.839 I/BluetoothHidHostServiceJni( 670): classInitNative: succeeds
11-05 15:00:13.840 D/TheRouter::FlowTask( 1130): Virtual Flow Task TheRouter_activity_splash done
11-05 15:00:13.843 D/SupplicantStaIfaceHal( 484): Successfully triggered start of supplicant using HIDL
11-05 15:00:13.846 D/OsInitLaunch( 1130): send cache: homeCreate, null, null, null
11-05 15:00:13.865 D/TheRouter::RouterInject( 1130): interception::===interface com.dangbei.leard.protocol.IProviderProtocol===ProviderManager46074064
11-05 15:00:13.875 I/UMConfigure( 1130): common version is 2.0.0
11-05 15:00:13.875 I/UMConfigure( 1130): common type is 0
11-05 15:00:13.878 I/WebViewFactory( 1130): Loading com.android.webview version 91.0.4472.114 (code 447211450)
11-05 15:00:13.886 D/CompatibilityChangeReporter( 484): Compat change id reported: 135634846; UID 10024; state: DISABLED
11-05 15:00:13.890 D/CompatibilityChangeReporter( 484): Compat change id reported: 143937733; UID 10024; state: DISABLED
11-05 15:00:13.891 V/MediaStore( 1055): Examining volume emulated;0 with name external_primary and state mounted
11-05 15:00:13.891 D/BufferPoolAccessor2.0( 484): bufferpool2 0xf20a16d8 : 0(0 size) total buffers - 0(0 size) used buffers - 2/7 (recycle/alloc) - 5/294 (fetch/transfer)
11-05 15:00:13.891 D/BufferPoolAccessor2.0( 484): bufferpool2 0xf20a1598 : 0(0 size) total buffers - 0(0 size) used buffers - 2/7 (recycle/alloc) - 6/294 (fetch/transfer)
11-05 15:00:13.891 D/BufferPoolAccessor2.0( 484): evictor expired: 2, evicted: 2
11-05 15:00:13.911 I/UMConfigure( 1130): channel is HQOS_DBBOX-A2
11-05 15:00:13.912 D/BufferPoolAccessor2.0( 388): bufferpool2 0xe95da2d8 : 0(0 size) total buffers - 0(0 size) used buffers - 141/145 (recycle/alloc) - 4/144 (fetch/transfer)
11-05 15:00:13.912 D/BufferPoolAccessor2.0( 388): bufferpool2 0xe95da418 : 0(0 size) total buffers - 0(0 size) used buffers - 142/145 (recycle/alloc) - 3/144 (fetch/transfer)
11-05 15:00:13.912 D/BufferPoolAccessor2.0( 388): evictor expired: 2, evicted: 2
11-05 15:00:13.920 D/BufferPoolAccessor2.0( 834): bufferpool2 0xf34cbad8 : 0(0 size) total buffers - 0(0 size) used buffers - 1/7 (recycle/alloc) - 6/96 (fetch/transfer)
11-05 15:00:13.920 D/BufferPoolAccessor2.0( 834): evictor expired: 1, evicted: 1
11-05 15:00:13.932 I/bt_btif ( 670): system/bt/btif/src/bluetooth.cc:417 get_profile_interface: get_profile_interface: id = hidhost
11-05 15:00:13.934 E/update_engine( 390): [ERROR:update_attempter_android.cc(-1)] unknown(...): Domain=update_engine, Code=generic_error, Message=No ongoing update to cancel.
11-05 15:00:13.936 I/bt_l2cap( 670): system/bt/stack/l2cap/l2c_api.cc:134 L2CA_Register: L2CAP Registered service classic PSM: 0x0011
11-05 15:00:13.936 I/bt_l2cap( 670): system/bt/stack/l2cap/l2c_api.cc:134 L2CA_Register: L2CAP Registered service classic PSM: 0x0013
11-05 15:00:13.936 I/bluetooth( 670): system/bt/stack/gatt/gatt_api.cc:1019 GATT_Register: Allocated name:GattClient uuid:d566d372-6631-78dc-e245-37058a23c2ed gatt_if:4 eatt_support:0
11-05 15:00:13.936 I/bt_btif_storage( 670): system/bt/btif/src/btif_storage.cc:661 btif_storage_get_adapter_property: btif_storage_get_adapter_property service_mask:0x20100048
11-05 15:00:13.938 D/Zygote ( 242): Forked child process 1271
11-05 15:00:13.941 E/update_engine( 390): [ERROR:update_attempter_android.cc(90)] Replying with failure: pc:0x82b6a79: No ongoing update to cancel.
11-05 15:00:13.943 W/ActivityManager( 484): Slow operation: 68ms so far, now at startProcess: returned from zygote!
11-05 15:00:13.943 W/bt_stack( 670): [WARNING:btif_hh.cc(403)] Added device c9:b5:96:5c:e3:cb
11-05 15:00:13.944 W/bt_btif ( 670): system/bt/main/bte_logmsg.cc:194 LogMsg: BTA_HH_ADD_DEV_EVT: status = 0, handle = 16
11-05 15:00:13.945 W/ActivityManager( 484): Slow operation: 71ms so far, now at startProcess: done updating battery stats
11-05 15:00:13.950 W/ActivityManager( 484): Slow operation: 75ms so far, now at startProcess: building log message
11-05 15:00:13.950 I/ActivityManager( 484): app.processName = com.dangbei.screencast
11-05 15:00:13.950 I/ActivityManager( 484): Start proc 1271:com.dangbei.screencast/u0a24 for broadcast {com.dangbei.screencast/com.dangbei.screencast.usb.UsbEventBroadcastReceiver}
11-05 15:00:13.950 W/ActivityManager( 484): Slow operation: 75ms so far, now at startProcess: starting to update pids map
11-05 15:00:13.950 W/ActivityManager( 484): Slow operation: 75ms so far, now at startProcess: done updating pids map
11-05 15:00:13.951 E/ccc ( 1073): cccccc 故意做的cancel 捕获 No ongoing update to cancel.
11-05 15:00:13.954 W/System.err( 1073): android.os.ServiceSpecificException: No ongoing update to cancel. (code 1)
11-05 15:00:13.967 I/Zygote ( 1271): seccomp disabled by setenforce 0
11-05 15:00:13.972 W/System.err( 1073): at android.os.Parcel.createExceptionOrNull(Parcel.java:2439)
11-05 15:00:13.972 W/System.err( 1073): at android.os.Parcel.createException(Parcel.java:2409)
11-05 15:00:13.972 W/System.err( 1073): at android.os.Parcel.readException(Parcel.java:2392)
11-05 15:00:13.972 W/System.err( 1073): at android.os.Parcel.readException(Parcel.java:2334)
11-05 15:00:13.972 W/System.err( 1073): at android.os.IUpdateEngine$Stub$Proxy.cancel(IUpdateEngine.java:480)
11-05 15:00:13.972 W/System.err( 1073): at android.os.UpdateEngine.cancel(UpdateEngine.java:381)
11-05 15:00:13.972 W/System.err( 1073): at com.oranth.otalibrary.OTAManager.cancel(OTAManager.java:54)
11-05 15:00:13.972 W/System.err( 1073): at com.dangbei.etna.update.ota.OtaUpdateHelper.cancelInstalling(OtaUpdateHelper.kt:134)
11-05 15:00:13.972 W/System.err( 1073): at com.dangbei.etna.update.ota.OtaUpdateHelper.init(OtaUpdateHelper.kt:72)
11-05 15:00:13.972 W/System.err( 1073): at com.dangbei.etna.update.UpdateHelper.init(UpdateHelper.kt:62)
11-05 15:00:13.972 W/System.err( 1073): at com.dangbei.lerad.etna.haqu.EtnaApplication.init(EtnaApplication.kt:99)
11-05 15:00:13.972 W/System.err( 1073): at com.dangbei.lerad.etna.haqu.EtnaApplication.onCreate(EtnaApplication.kt:60)
11-05 15:00:13.973 W/System.err( 1073): at android.app.Instrumentation.callApplicationOnCreate(Instrumentation.java:1211)
11-05 15:00:13.973 W/System.err( 1073): at android.app.ActivityThread.handleBindApplication(ActivityThread.java:6740)
11-05 15:00:13.973 W/System.err( 1073): at android.app.ActivityThread.access$1500(ActivityThread.java:247)
11-05 15:00:13.973 W/System.err( 1073): at android.app.ActivityThread$H.handleMessage(ActivityThread.java:2053)
11-05 15:00:13.973 W/System.err( 1073): at android.os.Handler.dispatchMessage(Handler.java:106)
11-05 15:00:13.973 W/System.err( 1073): at android.os.Looper.loopOnce(Looper.java:201)
11-05 15:00:13.973 W/System.err( 1073): at android.os.Looper.loop(Looper.java:288)
11-05 15:00:13.973 W/System.err( 1073): at android.app.ActivityThread.main(ActivityThread.java:7854)
11-05 15:00:13.973 W/System.err( 1073): at java.lang.reflect.Method.invoke(Native Method)
11-05 15:00:13.973 W/System.err( 1073): at com.android.internal.os.RuntimeInit$MethodAndArgsCaller.run(RuntimeInit.java:548)
11-05 15:00:13.973 W/System.err( 1073): at com.android.internal.os.ZygoteInit.main(ZygoteInit.java:1182)
11-05 15:00:13.974 I/update_engine( 390): [INFO:update_attempter_android.cc(365)] Attempting to reset state from UPDATE_STATUS_IDLE to UpdateStatus::IDLE
11-05 15:00:13.983 E/hq ( 1130): LauncherCallback:::onViewCreate
11-05 15:00:13.983 E/hq ( 1130): LauncherCallback:::onAttach
11-05 15:00:13.999 I/BluetoothPanServiceJni( 670): classInitNative(L110): succeeds
11-05 15:00:14.001 W/IorapForwardingService( 484): No service published for: iorapd
11-05 15:00:14.017 I/adbd ( 396): jdwp connection from 1271
11-05 15:00:14.025 I/update_engine( 390): [INFO:update_attempter_android.cc(369)] Cleaning up reserved space for compressed APEX (if any)
11-05 15:00:14.037 D/BluetoothPanServiceJni( 670): initializeNative(L115): pan
11-05 15:00:14.037 I/bt_btif ( 670): system/bt/btif/src/bluetooth.cc:417 get_profile_interface: get_profile_interface: id = pan
11-05 15:00:14.038 I/bt_l2cap( 670): system/bt/stack/l2cap/l2c_api.cc:134 L2CA_Register: L2CAP Registered service classic PSM: 0x000f
11-05 15:00:14.038 I/bt_bta_dm( 670): system/bt/bta/dm/bta_dm_act.cc:3191 bta_dm_eir_update_uuid: EIR Adding UUID=0x1116 into extended inquiry response
11-05 15:00:14.038 I/bt_bta_dm( 670): system/bt/bta/dm/bta_dm_act.cc:2890 bta_dm_set_eir: Generating extended inquiry response packet EIR
11-05 15:00:14.038 I/bt_bta_dm( 670): system/bt/bta/dm/bta_dm_act.cc:3191 bta_dm_eir_update_uuid: EIR Adding UUID=0x1115 into extended inquiry response
11-05 15:00:14.038 I/bt_bta_dm( 670): system/bt/bta/dm/bta_dm_act.cc:2890 bta_dm_set_eir: Generating extended inquiry response packet EIR
11-05 15:00:14.038 I/bt_bta_dm( 670): system/bt/bta/dm/bta_dm_act.cc:3191 bta_dm_eir_update_uuid: EIR Adding UUID=0x1116 into extended inquiry response
11-05 15:00:14.038 I/bt_bta_dm( 670): system/bt/bta/dm/bta_dm_act.cc:2890 bta_dm_set_eir: Generating extended inquiry response packet EIR
11-05 15:00:14.038 I/bt_bta_dm( 670): system/bt/bta/dm/bta_dm_act.cc:3191 bta_dm_eir_update_uuid: EIR Adding UUID=0x1115 into extended inquiry response
11-05 15:00:14.038 I/bt_bta_dm( 670): system/bt/bta/dm/bta_dm_act.cc:2890 bta_dm_set_eir: Generating extended inquiry response packet EIR
11-05 15:00:14.045 I/update_engine( 390): [INFO:dynamic_partition_control_android.cc(1284)] ResetUpdate resetting update state and deleting snapshots.
11-05 15:00:14.062 I/update_engine( 390): [INFO:delta_performer.cc(1389)] Resetting recorded hash for prepared partitions.
11-05 15:00:14.066 D/CompatibilityChangeReporter( 484): Compat change id reported: 168419799; UID 10024; state: DISABLED
11-05 15:00:14.067 D/UMLog ( 1130): 统计SDK常见问题索引贴 详见链接 http://developer.umeng.com/docs/66650/cate/66650
11-05 15:00:14.069 E/update_engine( 390): Read state file failed: No such file or directory
11-05 15:00:14.084 E/hq ( 1130): LauncherCallback:::inspect
11-05 15:00:14.084 E/Trigger ( 1130): ContinuousTrigger register 0: AdCallback 队列name: launcer
11-05 15:00:14.084 E/Trigger ( 1130): ContinuousTrigger autoStart 队列name: launcer
11-05 15:00:14.084 E/Trigger ( 1130): ContinuousTrigger current:null next: AdCallback 队列name: launcer
11-05 15:00:14.084 E/hq ( 1130): AdHelper:::后台配置是否展现广告: true
11-05 15:00:14.089 D/OsInitLaunch( 1130): send cache: launchHome, launchMainActivity, null, 1
11-05 15:00:14.092 E/ccc ( 1073): cccccc 只是做下reset 哈
11-05 15:00:14.095 I/StorageSessionController( 484): Notifying volume state changed for session with id: emulated;0
11-05 15:00:14.104 D/OsInitLaunch( 1130): send cache: mangoAuth, null, AUTH_NO_NETWORK, null
11-05 15:00:14.108 D/nativeloader( 1130): classloader namespace configured for unbundled product apk. library_path=/product/app/webview/lib/arm:/product/app/webview/webview.apk!/lib/armeabi-v7a:/product/lib:/system/product/lib
11-05 15:00:14.112 D/BluetoothPanServiceJni( 670): control_state_callback(L62): state:0, local_role:3, ifname:bt-pan
11-05 15:00:14.115 D/CompatibilityChangeReporter( 1271): Compat change id reported: 171979766; UID 10024; state: DISABLED
11-05 15:00:14.118 I/MMKV ( 1073): loading [mmkv.default] with 2770 actual size, file size 4096, InterProcess 0, meta info version:3
11-05 15:00:14.118 I/MMKV ( 1073): loading [mmkv.default] with crc 1803428561 sequence 1 version 3
11-05 15:00:14.118 I/MMKV ( 1073): loaded [mmkv.default] with 8 key-values
11-05 15:00:14.135 I/capability( 1268): warning: `wpa_supplicant' uses 32-bit capabilities (legacy support in use)
11-05 15:00:14.135 V/MediaStore( 1055): Examining volume emulated;0 with name external_primary and state mounted
11-05 15:00:14.147 D/wpa_supplicant( 1268): wpa_supplicant v2.10-devel-12
11-05 15:00:14.149 D/wpa_supplicant( 1268): Global control interface '@android:wpa_wlan0'
11-05 15:00:14.149 D/wpa_supplicant( 1268): Using Android control socket 'wpa_wlan0'
11-05 15:00:14.149 D/wpa_supplicant( 1268): Initing hidl control
11-05 15:00:14.150 I/wpa_supplicant( 1268): Processing hidl events on FD 4
11-05 15:00:14.151 E/cutils-trace( 1268): Error opening trace file: No such file or directory (2)
11-05 15:00:14.157 E/ccc ( 1073): cccccc updateHelper 通知更新
11-05 15:00:14.158 E/ccc ( 1073): cccccc updateHelper 通知更新
11-05 15:00:14.163 I/UMLog ( 1130): 统计SDK初始化成功
11-05 15:00:14.166 E/ccc ( 1073): cccccc updateHelper 通知更新
11-05 15:00:14.167 W/WindowManager( 484): Failed looking up window session=Session{f3c70e 1130:1000} callers=com.android.server.wm.WindowManagerService.windowForClientLocked:5702 com.android.server.wm.Session.insetsModified:629 android.view.IWindowSession$Stub.onTransact:1151
11-05 15:00:14.174 I/UMConfigure( 1130): current appkey is 5bc71fa4b465f5845d0001b8, last appkey is 5bc71fa4b465f5845d0001b8
11-05 15:00:14.174 D/ApplicationLoaders( 1271): Returning zygote-cached class loader: /system/framework/android.test.base.jar
11-05 15:00:14.174 D/ApplicationLoaders( 1271): Returning zygote-cached class loader: /system/framework/android.hidl.manager-V1.0-java.jar
11-05 15:00:14.174 D/ApplicationLoaders( 1271): Returning zygote-cached class loader: /system/framework/android.hidl.base-V1.0-java.jar
11-05 15:00:14.174 I/Choreographer( 1130): Skipped 65 frames! The application may be doing too much work on its main thread.
11-05 15:00:14.179 I/HidlServiceManagement( 1268): Registered android.hardware.wifi.supplicant@1.4::ISupplicant/default
11-05 15:00:14.179 D/CompatibilityChangeReporter( 1130): Compat change id reported: 147600208; UID 1000; state: DISABLED
11-05 15:00:14.180 I/wpa_supplicant( 1268): Successfully initialized wpa_supplicant
11-05 15:00:14.187 I/android_os_HwBinder( 484): HwBinder: Starting thread pool for getting: android.hardware.wifi.supplicant@1.0::ISupplicant/default
11-05 15:00:14.199 I/SupplicantStaIfaceHal( 484): Completed initialization of ISupplicant.
11-05 15:00:14.215 I/hwservicemanager( 180): getTransport: Cannot find entry android.hardware.configstore@1.0::ISurfaceFlingerConfigs/default in either framework or device VINTF manifest.
11-05 15:00:14.238 E/dangbei111( 1073): getBattery delay 0
11-05 15:00:14.243 E/dangbei111( 1073): cccccc 没有遥控器连接 不进行 getRCInfo return
11-05 15:00:14.264 I/FuseDaemon( 1055): Background young concurrent copying GC freed 12823(878KB) AllocSpace objects, 4(80KB) LOS objects, 88% free, 3280KB/27MB, paused 18.440ms total 483.509ms
11-05 15:00:14.282 E/SupplicantStaIfaceHal( 484): Can't call setupIface, ISupplicantStaIface is null for iface=wlan0
11-05 15:00:14.296 I/android_os_HwBinder( 484): HwBinder: Starting thread pool for getting: android.hardware.wifi.supplicant@1.0::ISupplicant/default
11-05 15:00:14.301 D/wpa_supplicant( 1268): Override interface parameter: ctrl_interface ('(null)' -> '/data/vendor/wifi/wpa/sockets')
11-05 15:00:14.301 D/wpa_supplicant( 1268): Initializing interface 'wlan0' conf '/data/vendor/wifi/wpa/wpa_supplicant.conf' driver 'nl80211' ctrl_interface '/data/vendor/wifi/wpa/sockets' bridge 'N/A'
11-05 15:00:14.301 D/wpa_supplicant( 1268): Configuration file '/data/vendor/wifi/wpa/wpa_supplicant.conf' -> '/data/vendor/wifi/wpa/wpa_supplicant.conf'
11-05 15:00:14.301 D/wpa_supplicant( 1268): Reading configuration file '/data/vendor/wifi/wpa/wpa_supplicant.conf'
11-05 15:00:14.301 D/wpa_supplicant( 1268): ctrl_interface='/data/vendor/wifi/wpa/sockets'
11-05 15:00:14.302 D/wpa_supplicant( 1268): disable_scan_offload=1
11-05 15:00:14.302 D/wpa_supplicant( 1268): update_config=1
11-05 15:00:14.302 D/wpa_supplicant( 1268): p2p_add_cli_chan=1
11-05 15:00:14.302 D/wpa_supplicant( 1268): filter_rssi=-75
11-05 15:00:14.302 D/wpa_supplicant( 1268): pmf=1
11-05 15:00:14.302 D/wpa_supplicant( 1268): external_sim=1
11-05 15:00:14.302 D/wpa_supplicant( 1268): wowlan_triggers='any'
11-05 15:00:14.302 D/wpa_supplicant( 1268): gas_rand_addr_lifetime=0
11-05 15:00:14.302 D/wpa_supplicant( 1268): gas_rand_mac_addr=1
11-05 15:00:14.302 D/wpa_supplicant( 1268): Line: 12 - start of a new network block
11-05 15:00:14.302 D/wpa_supplicant( 1268): ssid - hexdump(len=4): 72 65 64 35
11-05 15:00:14.302 D/wpa_supplicant( 1268): scan_ssid=1 (0x1)
11-05 15:00:14.302 D/wpa_supplicant( 1268): PSK - hexdump(len=32): [REMOVED]
11-05 15:00:14.302 D/wpa_supplicant( 1268): sae_password - hexdump(len=8): [REMOVED]
11-05 15:00:14.302 D/wpa_supplicant( 1268): proto: 0x2
11-05 15:00:14.302 D/wpa_supplicant( 1268): key_mgmt: 0x400
11-05 15:00:14.303 D/wpa_supplicant( 1268): pairwise: 0x50
11-05 15:00:14.303 D/wpa_supplicant( 1268): group: 0x50
11-05 15:00:14.304 D/wpa_supplicant( 1268): ieee80211w=2 (0x2)
11-05 15:00:14.304 D/wpa_supplicant( 1268): id_str - hexdump(len=86): 25 37 42 25 32 32 63 6f 6e 66 69 67 4b 65 79 25 32 32 25 33 41 25 32 32 25 35 43 25 32 32 72 65 ...
11-05 15:00:14.304 D/wpa_supplicant( 1268): Priority group 0
11-05 15:00:14.304 D/wpa_supplicant( 1268): id=0 ssid='red5'
11-05 15:00:14.304 D/wpa_supplicant( 1268): Reading configuration file '/vendor/etc/wifi/wpa_supplicant_overlay.conf'
