11-05 15:00:15.162 D/SystemUIService( 684): running: com.android.systemui.statusbar.tv.VpnStatusObserver@52b6383
11-05 15:00:15.162 D/CompatibilityChangeReporter( 484): Compat change id reported: 135772972; UID 10018; state: DISABLED
11-05 15:00:15.163 D/SystemUIBootTiming( 684): SystemUIService: bootcomplete com.android.systemui.statusbar.tv.VpnStatusObserver took 124 ms
11-05 15:00:15.163 D/SystemUIService( 684): loading: com.android.systemui.globalactions.GlobalActionsComponent
11-05 15:00:15.163 D/CompatibilityChangeReporter( 484): Compat change id reported: 135754954; UID 10018; state: ENABLED
11-05 15:00:15.167 D/CompatibilityChangeReporter( 670): Compat change id reported: 150939131; UID 1002; state: ENABLED
11-05 15:00:15.168 D/AdapterProperties( 670): onBluetoothReady, state=TURNING_ON, ScanMode=20
11-05 15:00:15.169 D/SystemUIService( 684): running: com.android.systemui.globalactions.GlobalActionsComponent@61d7900
11-05 15:00:15.170 D/hq ( 1130): NetWorkStateReceiver:::检查网络,并且持续更新 isConnect=false
11-05 15:00:15.172 D/BluetoothAdapterService( 670): updateUuids() - Updating UUIDs for bonded devices
11-05 15:00:15.173 I/BluetoothAdapterService( 670): initProfileServices: Initializing all bluetooth profile services
11-05 15:00:15.174 I/BluetoothA2dpSinkServiceJni( 670): classInitNative: succeeds
11-05 15:00:15.174 W/HeadsetClientService( 670): getHeadsetClientService(): service is null
11-05 15:00:15.174 W/MapClientService( 670): getMapClientService(): service is null
11-05 15:00:15.174 W/PbapClientService( 670): getPbapClientService(): service is null
11-05 15:00:15.174 W/HearingAidService( 670): getHearingAidService(): service is NULL
11-05 15:00:15.174 W/SapService( 670): getSapService(): service is null
11-05 15:00:15.174 I/AdapterState( 670): ON : entered
11-05 15:00:15.174 D/AdapterProperties( 670): Setting state to ON
11-05 15:00:15.175 D/BluetoothAdapterService( 670): updateAdapterState() - Broadcasting state ON to 1 receivers.
11-05 15:00:15.181 D/ObexServerSockets0( 670): Accepting socket connection...
11-05 15:00:15.182 D/ObexServerSockets0( 670): Accepting socket connection...
11-05 15:00:15.185 I/BluetoothPhonePolicy( 670): Received ACTION_UUID for device C9:B5:96:5C:E3:CB
11-05 15:00:15.185 I/BluetoothPhonePolicy( 670): index=0uuid=00001812-0000-1000-8000-00805f9b34fb
11-05 15:00:15.185 I/BluetoothPhonePolicy( 670): processInitProfilePriorities() - device C9:B5:96:5C:E3:CB
11-05 15:00:15.185 W/HearingAidService( 670): getHearingAidService(): service is NULL
11-05 15:00:15.185 V/BluetoothDatabase( 670): getProfileConnectionPolicy: C9:B5:96:5C:E3:CB, profile=4, connectionPolicy = 100
11-05 15:00:15.189 D/AdapterProperties( 670): Scan Mode:21
11-05 15:00:15.189 D/AdapterProperties( 670): Discoverable Timeout:120
11-05 15:00:15.190 D/Zygote ( 242): Forked child process 1424
11-05 15:00:15.191 E/hq ( 1130): LauncherCallback:::onDetach
11-05 15:00:15.191 E/hq ( 1130): AdHelper:::handleFinishAd: true
11-05 15:00:15.192 D/AdapterProperties( 670): mLocalIOCapability set to 1
11-05 15:00:15.192 D/AdapterProperties( 670): mLocalIOCapabilityBLE set to 4
11-05 15:00:15.193 W/ActivityManager( 484): Slow operation: 58ms so far, now at startProcess: returned from zygote!
11-05 15:00:15.195 W/ActivityManager( 484): Slow operation: 60ms so far, now at startProcess: done updating battery stats
11-05 15:00:15.195 W/ActivityManager( 484): Slow operation: 60ms so far, now at startProcess: building log message
11-05 15:00:15.195 I/ActivityManager( 484): app.processName = com.android.music
11-05 15:00:15.195 I/ActivityManager( 484): Start proc 1424:com.android.music/u0a46 for service {com.android.music/com.android.music.MediaPlaybackService}
11-05 15:00:15.195 W/ActivityManager( 484): Slow operation: 60ms so far, now at startProcess: starting to update pids map
11-05 15:00:15.196 W/ActivityManager( 484): Slow operation: 61ms so far, now at startProcess: done updating pids map
11-05 15:00:15.196 D/CompatibilityChangeReporter( 484): Compat change id reported: 143937733; UID 10018; state: ENABLED
11-05 15:00:15.201 I/Zygote ( 1424): seccomp disabled by setenforce 0
11-05 15:00:15.202 D/BluetoothManagerService( 484): MESSAGE_BLUETOOTH_STATE_CHANGE: TURNING_ON > ON
11-05 15:00:15.202 D/BluetoothManagerService( 484): Broadcasting onBluetoothStateChange(true) to 4 receivers.
11-05 15:00:15.202 D/BluetoothHeadset( 484): onBluetoothStateChange: up=true
11-05 15:00:15.202 D/BluetoothManagerService( 484): Creating new ProfileServiceConnections object for profile: 1
11-05 15:00:15.210 D/BluetoothManagerService( 484): Sending BLE State Change: TURNING_ON > ON
11-05 15:00:15.211 D/BluetoothManagerService( 484): Sending State Change: TURNING_ON > ON
11-05 15:00:15.213 E/DangXiaoBeiManager( 1130): setMessageList: false
11-05 15:00:15.214 E/hq ( 1130): 当小贝:::显示消息type=SIMPLE_TEXT ,data.isShowInCur=false ,delay=60000 ,message.mandatoryMessage=null , message=null
11-05 15:00:15.214 E/hq ( 1130): 当小贝:::当前显示了消息,不显示新消息
11-05 15:00:15.219 D/Zygote ( 242): Forked child process 1428
11-05 15:00:15.220 W/ActivityManager( 484): Slow operation: 60ms so far, now at startProcess: returned from zygote!
11-05 15:00:15.220 W/ActivityManager( 484): Slow operation: 61ms so far, now at startProcess: done updating battery stats
11-05 15:00:15.220 W/ActivityManager( 484): Slow operation: 61ms so far, now at startProcess: building log message
11-05 15:00:15.220 I/ActivityManager( 484): app.processName = android.process.acore
11-05 15:00:15.220 I/ActivityManager( 484): Start proc 1428:android.process.acore/u0a18 for content provider {com.android.providers.contacts/com.android.providers.contacts.ContactsProvider2}
11-05 15:00:15.220 W/ActivityManager( 484): Slow operation: 61ms so far, now at startProcess: starting to update pids map
11-05 15:00:15.221 W/ActivityManager( 484): Slow operation: 61ms so far, now at startProcess: done updating pids map
11-05 15:00:15.222 D/SystemUIBootTiming( 684): SystemUIService: bootcomplete com.android.systemui.globalactions.GlobalActionsComponent took 58 ms
11-05 15:00:15.222 D/SystemUIService( 684): loading: com.android.systemui.usb.StorageNotification
11-05 15:00:15.223 D/SystemUIService( 684): running: com.android.systemui.usb.StorageNotification@5b86bf5
11-05 15:00:15.225 D/BluetoothActiveDeviceManager( 670): handleMessage(MESSAGE_ADAPTER_ACTION_STATE_CHANGED): newState=12
11-05 15:00:15.236 D/BluetoothAdapterService( 670): isQuetModeEnabled() - Enabled = false
11-05 15:00:15.237 I/BluetoothPhonePolicy( 670): autoConnect: Initiate auto connection on BT on...
11-05 15:00:15.238 D/BluetoothDatabase( 670): getMostRecentlyConnectedA2dpDevice: Invalid address for device LocalStorage
11-05 15:00:15.238 E/BluetoothPhonePolicy( 670): autoConnect: most recently active a2dp device is null
11-05 15:00:15.238 D/BtOppService( 670): start Socket Listeners
11-05 15:00:15.238 D/BtOppService( 670): stopListeners: mServerSocket is null
11-05 15:00:15.238 D/ObexServerSockets( 670): create(rfcomm = -2, l2capPsm = -2)
11-05 15:00:15.238 I/Zygote ( 1428): seccomp disabled by setenforce 0
11-05 15:00:15.245 I/bt_btif_sock_rfcomm( 670): system/bt/btif/src/btif_sock_rfc.cc:303 btsock_rfc_listen: Adding listening socket service_name: (null) - channel: -2
11-05 15:00:15.246 I/bt_stack( 670): [INFO:port_api.cc(234)] RFCOMM_CreateConnection: bd_addr=ff:ff:ff:ff:ff:ff, scn=5, is_server=1, mtu=990, uuid=000000, dlci=10, signal_state=0x0b, p_port=0xc769dc0c
11-05 15:00:15.249 D/LocalBluetoothProfileManager( 684): Adding local A2DP profile
11-05 15:00:15.250 D/StorageNotification( 684): Notifying about private volume: VolumeInfo{private}:
11-05 15:00:15.250 D/StorageNotification( 684): type=PRIVATE diskId=null partGuid=null mountFlags=0 mountUserId=-10000
11-05 15:00:15.250 D/StorageNotification( 684): state=MOUNTED
11-05 15:00:15.250 D/StorageNotification( 684): fsType=null fsUuid=null fsLabel=null
11-05 15:00:15.250 D/StorageNotification( 684): path=/data internalPath=null
11-05 15:00:15.256 D/BluetoothA2dp( 684): Binding service...
11-05 15:00:15.258 D/BluetoothAdapter( 670): listenUsingInsecureL2capOn: port=-2
11-05 15:00:15.259 D/SystemUIBootTiming( 684): SystemUIService: bootcomplete com.android.systemui.usb.StorageNotification took 37 ms
11-05 15:00:15.259 D/SystemUIService( 684): loading: com.android.systemui.power.PowerUI
11-05 15:00:15.259 D/SystemUIService( 684): running: com.android.systemui.power.PowerUI@2f0d271
11-05 15:00:15.270 I/adbd ( 396): jdwp connection from 1424
11-05 15:00:15.270 I/bluetooth( 670): system/bt/btif/src/btif_sock_l2cap.cc:316 btsock_l2cap_alloc_l: Allocated l2cap socket structure socket_id:2
11-05 15:00:15.287 I/bt_l2cap( 670): system/bt/stack/l2cap/l2c_api.cc:134 L2CA_Register: L2CAP Registered service classic PSM: 0x1003
11-05 15:00:15.288 I/bluetooth( 670): system/bt/btif/src/btif_sock_l2cap.cc:341 send_app_psm_or_chan_l: Sending l2cap socket socket_id:2 channel:4099
11-05 15:00:15.288 D/BluetoothAdapter( 670): listenUsingInsecureL2capOn: set assigned channel to 4099
11-05 15:00:15.288 D/ObexServerSockets( 670): Succeed to create listening sockets
11-05 15:00:15.288 D/ObexServerSockets1( 670): startAccept()
11-05 15:00:15.289 D/ObexServerSockets1( 670): Accepting socket connection...
11-05 15:00:15.295 D/CompatibilityChangeReporter( 484): Compat change id reported: 168419799; UID 1000; state: DISABLED
11-05 15:00:15.305 I/adbd ( 396): jdwp connection from 1428
11-05 15:00:15.312 D/ObexServerSockets1( 670): Accepting socket connection...
11-05 15:00:15.312 D/BluetoothHeadset( 484): Proxy object connected
11-05 15:00:15.314 D/BluetoothSdpJni( 670): sdpCreateOppOpsRecordNative
11-05 15:00:15.314 E/dangbei111( 1073): cccccc 检查遥控器是否连接: Dangbei C9:B5:96:5C:E3:CB
11-05 15:00:15.316 I/AS.BtHelper( 484): setBtScoActiveDevice: (null) -> (null)
11-05 15:00:15.321 E/dangbei111( 1073): cccccc 检查遥控器是否连接: 蓝牙的结果 Dangbei C9:B5:96:5C:E3:CB false
11-05 15:00:15.324 I/bt_bta_dm( 670): system/bt/bta/dm/bta_dm_act.cc:3191 bta_dm_eir_update_uuid: EIR Adding UUID=0x1105 into extended inquiry response
11-05 15:00:15.324 I/bt_bta_dm( 670): system/bt/bta/dm/bta_dm_act.cc:2890 bta_dm_set_eir: Generating extended inquiry response packet EIR
11-05 15:00:15.326 D/BluetoothSdpJni( 670): SDP Create record success - handle: 1
11-05 15:00:15.328 D/BtOppService( 670): mOppSdpHandle :1
11-05 15:00:15.330 E/dangbei111( 1073): cccccc input中没有遥控器存在
11-05 15:00:15.330 E/dangbei111( 1073): cccccc 蓝牙状态连接 不是连接状态 啥都不干
11-05 15:00:15.332 I/hq ( 1130): hq:::curl -X POST -H "Content-Type:application/x-www-form-urlencoded" -d 'rommodelnumber=40I2XonQAUU%3D&cpuserial=PlZpqfc1JpxOOZ0anAV38AcloAYinsDQ&pattern=4Beei9NZNdo%3D&rommodel=Pqlpla5YRarwmFg%2B5VG%2FRQ%3D%3D&sn=ia%2FaFKiHtUJo0HCvzs4gKS1PBA%2F2QVm5&lang=vT%2FCsDI%2Fr10%3D&brand=elfd%2FN0Mw6U%3D&theme=L%2B%2FPU%2FFQgEY%3D&vcode=o%2BppAkqptlQ%3D&vname=oql4Ml1tHJc%3D&license=Hs4jp68qr9I%3D&channel=TIQ8TWTDuwcufJjk0AcBhA%3D%3D&packagename=qzBdBNULiCmiu3CIMurjL7PIryC36aZ2YdCJzQtyjcQ%3D&romvercode=BhA8%2F38Giec%3D&romvername=UDOuEwwco6o%3D&network=IGYWVa9OT%2Bk%3D&deviceEid=uSuGjXxL1dquKF1QG%2BzuNgcKc1GMhNRjqypkEmW7WV4lQRKF1DwATA%3D%3D&mac=iP4TVZLko9UsEdSbENu6i8HfL7VxZFhy&userid=pctYUOG3RH0%3D' "https://ottdbui-tyapiqun7.yysh.mgtv.com/v1/message/getpopmsgId"
11-05 15:00:15.342 D/CompatibilityChangeReporter( 484): Compat change id reported: 168419799; UID 10046; state: DISABLED
11-05 15:00:15.365 D/WifiCountryCode( 484): evaluateAllCmmStateAndApplyIfAllReady: {ConcreteClientModeManager{id=18594 iface=wlan0 role=ROLE_CLIENT_PRIMARY}=true}
11-05 15:00:15.369 D/CompatibilityChangeReporter( 1424): Compat change id reported: 171979766; UID 10046; state: DISABLED
11-05 15:00:15.377 W/Looper ( 484): Drained
11-05 15:00:15.380 D/WifiCountryCode( 484): Reading country code from telephony
11-05 15:00:15.392 W/OverlayManager( 484): service 'idmap' died
11-05 15:00:15.417 D/AndroidAutoSize( 1271): designWidthInDp = 1920, designHeightInDp = 1080, screenWidth = 1920, screenHeight = 1080
11-05 15:00:15.418 D/AndroidAutoSize( 1271): initDensity = 1.5, initScaledDensity = 1.5
11-05 15:00:15.420 D/wpa_supplicant( 1268): EAPOL: disable timer tick
11-05 15:00:15.422 D/SystemUIBootTiming( 684): SystemUIService: bootcomplete com.android.systemui.power.PowerUI took 163 ms
11-05 15:00:15.422 D/SystemUIService( 684): loading: com.android.systemui.media.RingtonePlayer
11-05 15:00:15.423 D/SystemUIService( 684): running: com.android.systemui.media.RingtonePlayer@7436306
11-05 15:00:15.424 D/LocalBluetoothProfileManager( 684): Adding local HEADSET profile
11-05 15:00:15.427 D/CompatibilityChangeReporter( 1396): Compat change id reported: 171979766; UID 1000; state: ENABLED
11-05 15:00:14.803 D/ ( 7): .
11-05 15:00:15.436 W/audit ( 1311): audit_lost=99 audit_rate_limit=5 audit_backlog_limit=64
11-05 15:00:15.436 E/audit ( 1311): rate limit exceeded
11-05 15:00:15.441 D/WifiCountryCode( 484): Set telephony country code to:
11-05 15:00:15.442 D/WifiCountryCode( 484): updateCountryCode to CN
11-05 15:00:15.443 D/WifiHWInfo( 1268): Start to load wireless module hardware info table...
11-05 15:00:15.443 D/WifiHWInfo( 1268): Entry [01], BUS: SDIO, ID: 0x024C8179, Name: rtl8189es.
11-05 15:00:15.443 D/WifiHWInfo( 1268): Entry [02], BUS: SDIO, ID: 0x024CB723, Name: rtl8723bs_vq0.
11-05 15:00:15.443 D/WifiHWInfo( 1268): Entry [03], BUS: SDIO, ID: 0x024CB703, Name: rtl8723cs.
11-05 15:00:15.443 D/WifiHWInfo( 1268): Entry [04], BUS: SDIO, ID: 0x024CD723, Name: rtl8723ds.
11-05 15:00:15.443 D/WifiHWInfo( 1268): Entry [05], BUS: SDIO, ID: 0x024CF179, Name: rtl8189fs.
11-05 15:00:15.443 D/WifiHWInfo( 1268): Entry [06], BUS: SDIO, ID: 0x024CB822, Name: rtl88x2bs.
11-05 15:00:15.443 D/WifiHWInfo( 1268): Entry [07], BUS: USB, ID: 0x0BDAD723, Name: rtl8723du.
11-05 15:00:15.443 D/WifiHWInfo( 1268): Entry [08], BUS: USB, ID: 0x0BDA8179, Name: rtl8188etv.
11-05 15:00:15.443 D/WifiHWInfo( 1268): Entry [09], BUS: USB, ID: 0x0BDA0179, Name: rtl8188eu.
11-05 15:00:15.443 D/WifiHWInfo( 1268): Entry [10], BUS: USB, ID: 0x0BDA818B, Name: rtl8192eu.
11-05 15:00:15.443 D/WifiHWInfo( 1268): Entry [11], BUS: USB, ID: 0x0BDAB720, Name: rtl8723bu.
11-05 15:00:15.443 D/WifiHWInfo( 1268): Entry [12], BUS: USB, ID: 0x0BDAC82C, Name: rtl8822cu.
11-05 15:00:15.443 D/WifiHWInfo( 1268): Entry [13], BUS: USB, ID: 0x0BDAF179, Name: rtl8188fu.
11-05 15:00:15.443 D/WifiHWInfo( 1268): Entry [14], BUS: SDIO, ID: 0x02D0A9A6, Name: ap6212.
11-05 15:00:15.443 D/WifiHWInfo( 1268): Entry [15], BUS: SDIO, ID: 0x02D04330, Name: ap6330.
11-05 15:00:15.443 D/WifiHWInfo( 1268): Entry [16], BUS: SDIO, ID: 0x02D04356, Name: ap6356s.
11-05 15:00:15.443 D/WifiHWInfo( 1268): Entry [17], BUS: SDIO, ID: 0x02D0A9BF, Name: ap6255.
11-05 15:00:15.443 D/WifiHWInfo( 1268): Entry [18], BUS: SDIO, ID: 0x02D04334, Name: bcm43342.
11-05 15:00:15.443 D/WifiHWInfo( 1268): Entry [19], BUS: SDIO, ID: 0x00202281, Name: xr819.
11-05 15:00:15.443 D/WifiHWInfo( 1268): Entry [20], BUS: SDIO, ID: 0x0A9E2282, Name: xr829.
11-05 15:00:15.443 D/WifiHWInfo( 1268): Entry [21], BUS: SDIO, ID: 0x0271050A, Name: qca6174a.
11-05 15:00:15.443 D/WifiHWInfo( 1268): Entry [22], BUS: SDIO, ID: 0x30303030, Name: ssv6x5x.
11-05 15:00:15.443 D/WifiHWInfo( 1268): Entry [23], BUS: SDIO, ID: 0x00000000, Name: uwe5621.
11-05 15:00:15.443 D/WifiHWInfo( 1268): Entry [24], BUS: SDIO, ID: 0x54490145, Name: aic8800.
11-05 15:00:15.443 D/WifiHWInfo( 1268): Entry [25], BUS: SDIO, ID: 0xC8A1C08D, Name: aic8800.
11-05 15:00:15.443 D/WifiHWInfo( 1268): Entry [26], BUS: USB, ID: 0xA69C8800, Name: aic8800.
11-05 15:00:15.443 D/WifiHWInfo( 1268): Entry [27], BUS: USB, ID: 0x007A8888, Name: atbm6023is.
11-05 15:00:15.443 D/WifiHWInfo( 1268): Entry [28], BUS: SDIO, ID: 0x02E79086, Name: 9012p.
11-05 15:00:15.443 D/WifiHWInfo( 1268): Entry [29], BUS: SDIO, ID: 0x007A6011, Name: atbm613x_wifi_sdio.
11-05 15:00:15.443 D/WifiHWInfo( 1268): Entry [30], BUS: SDIO, ID: 0x024CC822, Name: 88x2cs.
11-05 15:00:15.443 D/WifiHWInfo( 1268): Entry [31], BUS: SDIO, ID: 0x000018F0, Name: dummy.
11-05 15:00:15.443 W/wpa_supplicant( 1268): check_initialed for nl80211, use sprd wpa_supplicant_8_lib.
11-05 15:00:15.444 W/wpa_supplicant( 1268): check_initialed found wpa_supplicant_8_lib vendor implement for sprd.
11-05 15:00:15.444 D/wpa_supplicant( 1268): wlan0: Event CHANNEL_LIST_CHANGED (27) received
11-05 15:00:15.444 I/wpa_supplicant( 1268): wlan0: CTRL-EVENT-REGDOM-CHANGE init=USER type=COUNTRY alpha2=CN
11-05 15:00:15.444 D/wpa_supplicant( 1268): p2p-dev-wlan0: Updating hw mode
11-05 15:00:15.445 D/wpa_supplicant( 1268): nl80211: No channel number found for frequency 5920 MHz
11-05 15:00:15.445 D/wpa_supplicant( 1268): nl80211: No channel number found for frequency 5940 MHz
11-05 15:00:15.445 D/wpa_supplicant( 1268): nl80211: Regulatory information - country=CN (DFS-FCC)
11-05 15:00:15.445 D/wpa_supplicant( 1268): nl80211: 2400-2483 @ 40 MHz 20 mBm
11-05 15:00:15.445 D/wpa_supplicant( 1268): nl80211: 5150-5350 @ 80 MHz 20 mBm (DFS)
11-05 15:00:15.445 D/wpa_supplicant( 1268): nl80211: 5725-5850 @ 80 MHz 33 mBm
11-05 15:00:15.445 D/wpa_supplicant( 1268): nl80211: 57240-59400 @ 2160 MHz 28 mBm
11-05 15:00:15.445 D/wpa_supplicant( 1268): nl80211: 59400-63720 @ 2160 MHz 44 mBm
11-05 15:00:15.445 D/wpa_supplicant( 1268): nl80211: 63720-65880 @ 2160 MHz 28 mBm
11-05 15:00:15.445 D/wpa_supplicant( 1268): nl80211: Added 802.11b mode based on 802.11g information
11-05 15:00:15.445 D/wpa_supplicant( 1268): nl80211: Mode IEEE 802.11g: 2412 2417 2422 2427 2432 2437 2442 2447 2452 2457 2462 2467 2472 2484[DISABLED]
11-05 15:00:15.445 D/wpa_supplicant( 1268): nl80211: Mode IEEE 802.11a: 5170[DISABLED] 5180 5200 5220 5240 5260[RADAR] 5280[RADAR] 5300[RADAR] 5320[RADAR] 5500[DISABLED][RADAR] 5520[DISABLED][RADAR] 5540[DISABLED][RADAR] 5560[DISABLED][RADAR] 5580[DISABLED][RADAR]
11-05 15:00:15.445 D/wpa_supplicant( 1268): nl80211: Mode IEEE 802.11b: 2412 2417 2422 2427 2432 2437 2442 2447 2452 2457 2462 2467 2472 2484[DISABLED]
11-05 15:00:15.445 D/wpa_supplicant( 1268): wlan0: Updating hw mode
11-05 15:00:15.361 I/hq ( 1130): hq:::curl -X POST -H "Content-Type:application/x-www-form-urlencoded" -d 'nothing=pzcJgKapKRo%3D&rommodelnumber=40I2XonQAUU%3D&cpuserial=PlZpqfc1JpxOOZ0anAV38AcloAYinsDQ&pattern=4Beei9NZNdo%3D&rommodel=Pqlpla5YRarwmFg%2B5VG%2FRQ%3D%3D&sn=ia%2FaFKiHtUJo0HCvzs4gKS1PBA%2F2QVm5&lang=vT%2FCsDI%2Fr10%3D&brand=elfd%2FN0Mw6U%3D&theme=L%2B%2FPU%2FFQgEY%3D&vcode=o%2BppAkqptlQ%3D&vname=oql4Ml1tHJc%3D&license=Hs4jp68qr9I%3D&channel=TIQ8TWTDuwcufJjk0AcBhA%3D%3D&packagename=qzBdBNULiCmiu3CIMurjL7PIryC36aZ2YdCJzQtyjcQ%3D&romvercode=BhA8%2F38Giec%3D&romvername=UDOuEwwco6o%3D&network=IGYWVa9OT%2Bk%3D&deviceEid=uSuGjXxL1dquKF1QG%2BzuNgcKc1GMhNRjqypkEmW7WV4lQRKF1DwATA%3D%3D&mac=iP4TVZLko9UsEdSbENu6i8HfL7VxZFhy&userid=pctYUOG3RH0%3D' "https://ottdbui-tyapiqun7.yysh.mgtv.com/v1/boot/agreement"
11-05 15:00:15.446 D/wpa_supplicant( 1268): nl80211: No channel number found for frequency 5920 MHz
11-05 15:00:15.446 D/wpa_supplicant( 1268): nl80211: No channel number found for frequency 5940 MHz
11-05 15:00:15.446 W/System.err( 1130): com.dangbei.leard.base.proider.error.ApiException: java.net.UnknownHostException: Unable to resolve host "ottdbui-tyapiqun7.yysh.mgtv.com": No address associated with hostname
11-05 15:00:15.447 W/System.err( 1130): at com.dangbei.leard.base.proider.error.ErrorExtKt.handleException(SourceFile:286)
11-05 15:00:15.447 W/System.err( 1130): at com.dangbei.leard.base.ext.FlowExtKt.runHttpTry2Data(SourceFile:224)
11-05 15:00:15.447 D/wpa_supplicant( 1268): nl80211: Regulatory information - country=CN (DFS-FCC)
11-05 15:00:15.447 W/System.err( 1130): at com.dangbei.leard.base.ext.FlowExtKt$runHttpTry2Data$1.invokeSuspend(Unknown Source:15)
11-05 15:00:15.447 D/wpa_supplicant( 1268): nl80211: 2400-2483 @ 40 MHz 20 mBm
11-05 15:00:15.447 W/System.err( 1130): at kotlin.coroutines.jvm.internal.BaseContinuationImpl.resumeWith(SourceFile:12)
11-05 15:00:15.447 D/wpa_supplicant( 1268): nl80211: 5150-5350 @ 80 MHz 20 mBm (DFS)
11-05 15:00:15.447 D/wpa_supplicant( 1268): nl80211: 5725-5850 @ 80 MHz 33 mBm
11-05 15:00:15.447 W/System.err( 1130): at kotlinx.coroutines.internal.ScopeCoroutine.afterResume(Unknown Source:6)
11-05 15:00:15.447 D/wpa_supplicant( 1268): nl80211: 57240-59400 @ 2160 MHz 28 mBm
11-05 15:00:15.447 W/System.err( 1130): at kotlinx.coroutines.AbstractCoroutine.resumeWith(SourceFile:16)
11-05 15:00:15.447 D/wpa_supplicant( 1268): nl80211: 59400-63720 @ 2160 MHz 44 mBm
11-05 15:00:15.447 W/System.err( 1130): at kotlin.coroutines.jvm.internal.BaseContinuationImpl.resumeWith(SourceFile:50)
11-05 15:00:15.447 D/wpa_supplicant( 1268): nl80211: 63720-65880 @ 2160 MHz 28 mBm
11-05 15:00:15.447 W/System.err( 1130): at kotlinx.coroutines.DispatchedTask.run(SourceFile:105)
11-05 15:00:15.447 W/System.err( 1130): at kotlinx.coroutines.internal.LimitedDispatcher.run(SourceFile:13)
11-05 15:00:15.447 W/System.err( 1130): at kotlinx.coroutines.scheduling.TaskImpl.run(SourceFile:3)
11-05 15:00:15.447 W/System.err( 1130): at kotlinx.coroutines.scheduling.CoroutineScheduler.runSafely(SourceFile:1)
11-05 15:00:15.447 D/wpa_supplicant( 1268): nl80211: Added 802.11b mode based on 802.11g information
11-05 15:00:15.447 W/System.err( 1130): at kotlinx.coroutines.scheduling.CoroutineScheduler$Worker.executeTask(SourceFile:15)
11-05 15:00:15.447 D/wpa_supplicant( 1268): nl80211: Mode IEEE 802.11g: 2412 2417 2422 2427 2432 2437 2442 2447 2452 2457 2462 2467 2472 2484[DISABLED]
11-05 15:00:15.447 W/System.err( 1130): at kotlinx.coroutines.scheduling.CoroutineScheduler$Worker.runWorker(SourceFile:29)
11-05 15:00:15.447 W/System.err( 1130): at kotlinx.coroutines.scheduling.CoroutineScheduler$Worker.run(Unknown Source:0)
11-05 15:00:15.447 D/wpa_supplicant( 1268): nl80211: Mode IEEE 802.11a: 5170[DISABLED] 5180 5200 5220 5240 5260[RADAR] 5280[RADAR] 5300[RADAR] 5320[RADAR] 5500[DISABLED][RADAR] 5520[DISABLED][RADAR] 5540[DISABLED][RADAR] 5560[DISABLED][RADAR] 5580[DISABLED][RADAR]
11-05 15:00:15.447 D/wpa_supplicant( 1268): nl80211: Mode IEEE 802.11b: 2412 2417 2422 2427 2432 2437 2442 2447 2452 2457 2462 2467 2472 2484[DISABLED]
11-05 15:00:15.447 D/wpa_supplicant( 1268): wlan0: Determining shared radio frequencies (max len 2)
11-05 15:00:15.447 D/wpa_supplicant( 1268): wlan0: Shared frequencies (len=0): completed iteration
11-05 15:00:15.447 D/wpa_supplicant( 1268): P2P: Add operating class 81
11-05 15:00:15.447 D/wpa_supplicant( 1268): P2P: Channels - hexdump(len=13): 01 02 03 04 05 06 07 08 09 0a 0b 0c 0d
11-05 15:00:15.447 D/wpa_supplicant( 1268): P2P: Add operating class 115
11-05 15:00:15.447 D/wpa_supplicant( 1268): P2P: Channels - hexdump(len=4): 24 28 2c 30
11-05 15:00:15.447 D/wpa_supplicant( 1268): P2P: Add operating class 116
11-05 15:00:15.447 D/wpa_supplicant( 1268): P2P: Channels - hexdump(len=2): 24 2c
11-05 15:00:15.447 D/wpa_supplicant( 1268): P2P: Add operating class 117
11-05 15:00:15.447 D/wpa_supplicant( 1268): P2P: Channels - hexdump(len=2): 28 30
11-05 15:00:15.447 D/wpa_supplicant( 1268): P2P: Add operating class 124
11-05 15:00:15.447 D/wpa_supplicant( 1268): P2P: Channels - hexdump(len=4): 95 99 9d a1
11-05 15:00:15.447 D/wpa_supplicant( 1268): P2P: Add operating class 125
11-05 15:00:15.447 D/wpa_supplicant( 1268): P2P: Channels - hexdump(len=5): 95 99 9d a1 a5
11-05 15:00:15.447 D/wpa_supplicant( 1268): P2P: Add operating class 126
11-05 15:00:15.447 D/wpa_supplicant( 1268): P2P: Channels - hexdump(len=2): 95 9d
11-05 15:00:15.447 D/wpa_supplicant( 1268): P2P: Add operating class 127
11-05 15:00:15.447 D/wpa_supplicant( 1268): P2P: Channels - hexdump(len=2): 99 a1
11-05 15:00:15.447 D/wpa_supplicant( 1268): P2P: Add operating class 128
11-05 15:00:15.447 D/SystemUIBootTiming( 684): SystemUIService: bootcomplete com.android.systemui.media.RingtonePlayer took 25 ms
11-05 15:00:15.447 D/wpa_supplicant( 1268): P2P: Channels - hexdump(len=8): 24 28 2c 30 95 99 9d a1
11-05 15:00:15.448 D/SystemUIService( 684): loading: com.android.systemui.keyboard.KeyboardUI
11-05 15:00:15.448 D/wpa_supplicant( 1268): P2P: Add operating class 130
11-05 15:00:15.448 W/System.err( 1130): Caused by: java.net.UnknownHostException: Unable to resolve host "ottdbui-tyapiqun7.yysh.mgtv.com": No address associated with hostname
11-05 15:00:15.448 D/wpa_supplicant( 1268): P2P: Channels - hexdump(len=9): 24 28 2c 30 95 99 9d a1 a5
11-05 15:00:15.448 D/wpa_supplicant( 1268): P2P: Update channel list
11-05 15:00:15.448 W/System.err( 1130): at java.net.Inet6AddressImpl.lookupHostByName(Inet6AddressImpl.java:156)
11-05 15:00:15.448 W/System.err( 1130): at java.net.Inet6AddressImpl.lookupAllHostAddr(Inet6AddressImpl.java:103)
11-05 15:00:15.448 W/System.err( 1130): at java.net.InetAddress.getAllByName(InetAddress.java:1152)
11-05 15:00:15.448 W/System.err( 1130): at okhttp3.Dns$Companion$DnsSystem.lookup(SourceFile:6)
11-05 15:00:15.448 W/System.err( 1130): at okhttp3.internal.connection.RouteSelector.resetNextInetSocketAddress(SourceFile:153)
11-05 15:00:15.448 D/wpa_supplicant( 1268): P2P: channels: 81:1,2,3,4,5,6,7,8,9,10,11,12,13 115:36,40,44,48 116:36,44 117:40,48 124:149,153,157,161 125:149,153,157,161,165 126:149,157 127:153,161 128:36,40,44,48,149,153,157,161 130:36,40,44,48,149,153,157,161,165
11-05 15:00:15.448 W/System.err( 1130): at okhttp3.internal.connection.RouteSelector.nextProxy(SourceFile:21)
11-05 15:00:15.448 D/wpa_supplicant( 1268): P2P: cli_channels:
11-05 15:00:15.448 W/System.err( 1130): at okhttp3.internal.connection.RouteSelector.next(SourceFile:18)
11-05 15:00:15.448 D/wpa_supplicant( 1268): sprd_wpa_driver_nl80211_driver_cmd COUNTRY CN len = 0, 10
11-05 15:00:15.448 W/System.err( 1130): at okhttp3.internal.connection.ExchangeFinder.findConnection(SourceFile:197)
11-05 15:00:15.448 W/System.err( 1130): at okhttp3.internal.connection.ExchangeFinder.findHealthyConnection(SourceFile:1)
11-05 15:00:15.448 W/System.err( 1130): at okhttp3.internal.connection.ExchangeFinder.find(SourceFile:52)
11-05 15:00:15.448 W/System.err( 1130): at okhttp3.internal.connection.RealCall.initExchange$okhttp(SourceFile:32)
11-05 15:00:15.448 W/System.err( 1130): at okhttp3.internal.connection.ConnectInterceptor.intercept(SourceFile:12)
11-05 15:00:15.448 W/System.err( 1130): at okhttp3.internal.http.RealInterceptorChain.proceed(SourceFile:155)
11-05 15:00:15.448 W/System.err( 1130): at okhttp3.internal.cache.CacheInterceptor.intercept(SourceFile:190)
11-05 15:00:15.448 W/System.err( 1130): at okhttp3.internal.http.RealInterceptorChain.proceed(SourceFile:155)
11-05 15:00:15.448 W/System.err( 1130): at okhttp3.internal.http.BridgeInterceptor.intercept(SourceFile:168)
11-05 15:00:15.448 W/System.err( 1130): at okhttp3.internal.http.RealInterceptorChain.proceed(SourceFile:155)
11-05 15:00:15.448 W/System.err( 1130): at okhttp3.internal.http.RetryAndFollowUpInterceptor.intercept(SourceFile:35)
11-05 15:00:15.448 W/System.err( 1130): at okhttp3.internal.http.RealInterceptorChain.proceed(SourceFile:155)
11-05 15:00:15.448 W/System.err( 1130): at com.monster.ok2curl.CurlInterceptor.intercept(SourceFile:26)
11-05 15:00:15.448 W/System.err( 1130): at okhttp3.internal.http.RealInterceptorChain.proceed(SourceFile:155)
11-05 15:00:15.448 W/System.err( 1130): at com.dangbei.leard.base.proider.net.interceptor.DomainSwitchInterceptor.intercept(SourceFile:72)
11-05 15:00:15.448 W/System.err( 1130): at okhttp3.internal.http.RealInterceptorChain.proceed(SourceFile:155)
11-05 15:00:15.448 W/System.err( 1130): at com.dangbei.leard.base.proider.net.interceptor.RequestSignAndEncryptInterceptor.intercept(SourceFile:240)
11-05 15:00:15.448 W/System.err( 1130): at okhttp3.internal.http.RealInterceptorChain.proceed(SourceFile:155)
11-05 15:00:15.448 W/System.err( 1130): at com.dangbei.leard.base.proider.net.interceptor.RequestExtraParamsInterceptor.intercept(SourceFile:241)
11-05 15:00:15.448 W/System.err( 1130): at okhttp3.internal.http.RealInterceptorChain.proceed(SourceFile:155)
11-05 15:00:15.448 W/System.err( 1130): at okhttp3.internal.connection.RealCall.getResponseWithInterceptorChain$okhttp(SourceFile:114)
11-05 15:00:15.448 W/System.err( 1130): at okhttp3.internal.connection.RealCall$AsyncCall.run(SourceFile:41)
11-05 15:00:15.448 W/System.err( 1130): at java.util.concurrent.ThreadPoolExecutor.runWorker(ThreadPoolExecutor.java:1167)
11-05 15:00:15.448 W/System.err( 1130): at java.util.concurrent.ThreadPoolExecutor$Worker.run(ThreadPoolExecutor.java:641)
11-05 15:00:15.448 D/SystemUIService( 684): running: com.android.systemui.keyboard.KeyboardUI@4797760
11-05 15:00:15.448 W/System.err( 1130): at java.lang.Thread.run(Thread.java:920)
11-05 15:00:15.449 W/System.err( 1130): Caused by: android.system.GaiException: android_getaddrinfo failed: EAI_NODATA (No address associated with hostname)
11-05 15:00:15.449 W/System.err( 1130): at libcore.io.Linux.android_getaddrinfo(Native Method)
11-05 15:00:15.449 W/System.err( 1130): at libcore.io.ForwardingOs.android_getaddrinfo(ForwardingOs.java:136)
11-05 15:00:15.449 W/System.err( 1130): at libcore.io.BlockGuardOs.android_getaddrinfo(BlockGuardOs.java:221)
11-05 15:00:15.449 W/System.err( 1130): at libcore.io.ForwardingOs.android_getaddrinfo(ForwardingOs.java:136)
11-05 15:00:15.449 W/System.err( 1130): at java.net.Inet6AddressImpl.lookupHostByName(Inet6AddressImpl.java:135)
11-05 15:00:15.449 W/System.err( 1130): ... 31 more
11-05 15:00:15.451 D/ApplicationLoaders( 1424): Returning zygote-cached class loader: /system/framework/android.test.base.jar
11-05 15:00:15.453 E/hq ( 1130): ErrorCoroutineExceptionHandler:::runTry error:java.net.UnknownHostException: Unable to resolve host "ottdbui-tyapiqun7.yysh.mgtv.com": No address associated with hostname from=requestMessageDialog
11-05 15:00:15.455 D/wpa_supplicant( 1268): EAPOL: disable timer tick
11-05 15:00:15.460 D/WifiNative( 484): onSetCountryCodeSucceeded: CN
11-05 15:00:15.464 I/WifiCountryCode( 484): Receive onSetCountryCodeSucceeded CN
11-05 15:00:15.464 D/SystemUIBootTiming( 684): SystemUIService: bootcomplete com.android.systemui.keyboard.KeyboardUI took 16 ms
11-05 15:00:15.464 D/SystemUIService( 684): loading: com.android.systemui.shortcut.ShortcutKeyDispatcher
11-05 15:00:15.465 D/SystemUIService( 684): running: com.android.systemui.shortcut.ShortcutKeyDispatcher@e574419
11-05 15:00:15.465 W/System.err( 1130): com.dangbei.leard.base.proider.error.ApiException: java.net.UnknownHostException: Unable to resolve host "ottdbui-tyapiqun7.yysh.mgtv.com": No address associated with hostname
11-05 15:00:15.466 W/System.err( 1130): at com.dangbei.leard.base.proider.error.ErrorExtKt.handleException(SourceFile:286)
11-05 15:00:15.466 W/System.err( 1130): at com.dangbei.leard.base.ext.FlowExtKt.runHttpTry2Data(SourceFile:224)
11-05 15:00:15.466 W/System.err( 1130): at com.dangbei.leard.base.ext.FlowExtKt$runHttpTry2Data$1.invokeSuspend(Unknown Source:15)
11-05 15:00:15.466 W/System.err( 1130): at kotlin.coroutines.jvm.internal.BaseContinuationImpl.resumeWith(SourceFile:12)
11-05 15:00:15.466 W/System.err( 1130): at kotlinx.coroutines.internal.ScopeCoroutine.afterResume(Unknown Source:6)
11-05 15:00:15.466 W/System.err( 1130): at kotlinx.coroutines.AbstractCoroutine.resumeWith(SourceFile:16)
11-05 15:00:15.466 W/System.err( 1130): at kotlin.coroutines.jvm.internal.BaseContinuationImpl.resumeWith(SourceFile:50)
11-05 15:00:15.466 W/System.err( 1130): at kotlinx.coroutines.DispatchedTask.run(SourceFile:105)
11-05 15:00:15.466 W/System.err( 1130): at kotlinx.coroutines.internal.LimitedDispatcher.run(SourceFile:13)
11-05 15:00:15.466 W/System.err( 1130): at kotlinx.coroutines.scheduling.TaskImpl.run(SourceFile:3)
11-05 15:00:15.466 W/System.err( 1130): at kotlinx.coroutines.scheduling.CoroutineScheduler.runSafely(SourceFile:1)
11-05 15:00:15.466 W/System.err( 1130): at kotlinx.coroutines.scheduling.CoroutineScheduler$Worker.executeTask(SourceFile:15)
11-05 15:00:15.466 W/System.err( 1130): at kotlinx.coroutines.scheduling.CoroutineScheduler$Worker.runWorker(SourceFile:29)
11-05 15:00:15.466 W/System.err( 1130): at kotlinx.coroutines.scheduling.CoroutineScheduler$Worker.run(Unknown Source:0)
11-05 15:00:15.468 E/dangbei111( 1073): cccccc 蓝牙状态连接 配对状态 啥都不做
11-05 15:00:15.468 E/GetBgColorManager( 1130): setTargetImageView:
11-05 15:00:15.469 D/SystemUIBootTiming( 684): SystemUIService: bootcomplete com.android.systemui.shortcut.ShortcutKeyDispatcher took 5 ms
11-05 15:00:15.469 D/SystemUIService( 684): loading: com.android.systemui.VendorServices
11-05 15:00:15.470 D/SystemUIService( 684): running: com.android.systemui.VendorServices@e700ebf
11-05 15:00:15.470 D/SystemUIBootTiming( 684): SystemUIService: bootcomplete com.android.systemui.VendorServices took 1 ms
11-05 15:00:15.470 D/SystemUIService( 684): loading: com.android.systemui.SliceBroadcastRelayHandler
11-05 15:00:15.470 D/SystemUIService( 684): running: com.android.systemui.SliceBroadcastRelayHandler@eea98c
11-05 15:00:15.470 D/SystemUIBootTiming( 684): SystemUIService: bootcomplete com.android.systemui.SliceBroadcastRelayHandler took 0 ms
11-05 15:00:15.470 D/SystemUIService( 684): loading: com.android.systemui.statusbar.notification.InstantAppNotifier
11-05 15:00:15.473 W/System.err( 1130): Caused by: java.net.UnknownHostException: Unable to resolve host "ottdbui-tyapiqun7.yysh.mgtv.com": No address associated with hostname
11-05 15:00:15.473 W/System.err( 1130): at java.net.Inet6AddressImpl.lookupHostByName(Inet6AddressImpl.java:124)
11-05 15:00:15.473 W/System.err( 1130): at java.net.Inet6AddressImpl.lookupAllHostAddr(Inet6AddressImpl.java:103)
11-05 15:00:15.473 W/System.err( 1130): at java.net.InetAddress.getAllByName(InetAddress.java:1152)
11-05 15:00:15.473 W/System.err( 1130): at okhttp3.Dns$Companion$DnsSystem.lookup(SourceFile:6)
11-05 15:00:15.473 W/System.err( 1130): at okhttp3.internal.connection.RouteSelector.resetNextInetSocketAddress(SourceFile:153)
11-05 15:00:15.477 W/System.err( 1130): at okhttp3.internal.connection.RouteSelector.nextProxy(SourceFile:21)
11-05 15:00:15.477 W/System.err( 1130): at okhttp3.internal.connection.RouteSelector.next(SourceFile:18)
11-05 15:00:15.478 W/System.err( 1130): at okhttp3.internal.connection.ExchangeFinder.findConnection(SourceFile:197)
11-05 15:00:15.478 W/System.err( 1130): at okhttp3.internal.connection.ExchangeFinder.findHealthyConnection(SourceFile:1)
11-05 15:00:15.478 W/System.err( 1130): at okhttp3.internal.connection.ExchangeFinder.find(SourceFile:52)
11-05 15:00:15.478 W/System.err( 1130): at okhttp3.internal.connection.RealCall.initExchange$okhttp(SourceFile:32)
11-05 15:00:15.478 W/System.err( 1130): at okhttp3.internal.connection.ConnectInterceptor.intercept(SourceFile:12)
11-05 15:00:15.478 W/System.err( 1130): at okhttp3.internal.http.RealInterceptorChain.proceed(SourceFile:155)
11-05 15:00:15.478 W/System.err( 1130): at okhttp3.internal.cache.CacheInterceptor.intercept(SourceFile:190)
11-05 15:00:15.478 W/System.err( 1130): at okhttp3.internal.http.RealInterceptorChain.proceed(SourceFile:155)
11-05 15:00:15.480 D/TheRouter::RouterInject( 1130): interception::===interface com.dangbei.leard.protocol.MainManagerInterface===MainManagerInterfaceImpl85437754
11-05 15:00:15.482 W/System.err( 1130): at okhttp3.internal.http.BridgeInterceptor.intercept(SourceFile:168)
11-05 15:00:15.482 W/System.err( 1130): at okhttp3.internal.http.RealInterceptorChain.proceed(SourceFile:155)
11-05 15:00:15.487 W/System.err( 1130): at okhttp3.internal.http.RetryAndFollowUpInterceptor.intercept(SourceFile:35)
11-05 15:00:15.487 W/System.err( 1130): at okhttp3.internal.http.RealInterceptorChain.proceed(SourceFile:155)
11-05 15:00:15.487 W/System.err( 1130): at com.monster.ok2curl.CurlInterceptor.intercept(SourceFile:26)
11-05 15:00:15.488 W/System.err( 1130): at okhttp3.internal.http.RealInterceptorChain.proceed(SourceFile:155)
11-05 15:00:15.488 W/System.err( 1130): at com.dangbei.leard.base.proider.net.interceptor.DomainSwitchInterceptor.intercept(SourceFile:72)
11-05 15:00:15.488 W/System.err( 1130): at okhttp3.internal.http.RealInterceptorChain.proceed(SourceFile:155)
11-05 15:00:15.488 W/System.err( 1130): at com.dangbei.leard.base.proider.net.interceptor.RequestSignAndEncryptInterceptor.intercept(SourceFile:240)
11-05 15:00:15.488 W/System.err( 1130): at okhttp3.internal.http.RealInterceptorChain.proceed(SourceFile:155)
11-05 15:00:15.488 W/System.err( 1130): at com.dangbei.leard.base.proider.net.interceptor.RequestExtraParamsInterceptor.intercept(SourceFile:241)
11-05 15:00:15.488 W/System.err( 1130): at okhttp3.internal.http.RealInterceptorChain.proceed(SourceFile:155)
11-05 15:00:15.488 W/System.err( 1130): at okhttp3.internal.connection.RealCall.getResponseWithInterceptorChain$okhttp(SourceFile:114)
11-05 15:00:15.488 W/System.err( 1130): at okhttp3.internal.connection.RealCall$AsyncCall.run(SourceFile:41)
11-05 15:00:15.488 W/System.err( 1130): at java.util.concurrent.ThreadPoolExecutor.runWorker(ThreadPoolExecutor.java:1167)
11-05 15:00:15.488 W/System.err( 1130): at java.util.concurrent.ThreadPoolExecutor$Worker.run(ThreadPoolExecutor.java:641)
11-05 15:00:15.488 W/System.err( 1130): at java.lang.Thread.run(Thread.java:920)
11-05 15:00:15.488 E/hq ( 1130): ErrorCoroutineExceptionHandler:::runTry error:java.net.UnknownHostException: Unable to resolve host "ottdbui-tyapiqun7.yysh.mgtv.com": No address associated with hostname from=requestUserAgreement
11-05 15:00:15.488 D/CompatibilityChangeReporter( 484): Compat change id reported: 168419799; UID 10018; state: DISABLED
11-05 15:00:15.488 E/UserProtocolInterceptorImpl( 1130): isAgree: 20210615 20210615 true
11-05 15:00:15.490 E/UserProtocolInterceptorImpl( 1130): version===>0
11-05 15:00:15.503 D/SystemUIService( 684): running: com.android.systemui.statusbar.notification.InstantAppNotifier@b8f08d5
11-05 15:00:15.507 D/WakeupController( 484): onWifiEnabled()
11-05 15:00:15.508 W/WifiClientModeImpl( 484): No cached packet filter to apply
11-05 15:00:15.508 E/getHdmiStatus( 1130): sourceInputStatus=null mEtnaAdapter=com.dangbei.launcher.etna.EtnaAdapter@c812dc7
11-05 15:00:15.528 D/SystemUIBootTiming( 684): SystemUIService: bootcomplete com.android.systemui.statusbar.notification.InstantAppNotifier took 58 ms
11-05 15:00:15.528 D/SystemUIService( 684): loading: com.android.systemui.toast.ToastUI
11-05 15:00:15.532 W/ActivityManager( 484): Slow operation: 57ms so far, now at attachApplicationLocked: after updateOomAdjLocked
11-05 15:00:15.534 D/WifiP2pService( 484): Wifi enabled=true
11-05 15:00:15.536 D/QuickLifeImpl( 1073): onReceive intent : Intent { act=android.net.wifi.WIFI_STATE_CHANGED flg=0x4000010 (has extras) }
11-05 15:00:15.538 D/WifiClientModeImpl[wlan0]( 484): entering ConnectableState: ifaceName = wlan0
11-05 15:00:15.541 D/wpa_supplicant( 1268): sprd_wpa_driver_nl80211_driver_cmd SETSUSPENDMODE 1 len = 0, 16
11-05 15:00:15.544 D/WifiClientModeImpl[wlan0]( 484): Start makeIpClient ifaceName = wlan0
11-05 15:00:15.553 D/LocalBluetoothProfileManager( 684): Adding local MAP profile
11-05 15:00:15.566 D/CompatibilityChangeReporter( 1428): Compat change id reported: 171979766; UID 10018; state: ENABLED
11-05 15:00:15.580 I/init ( 1): Service 'gmsopt' (pid 1034) exited with status 0 oneshot service took 4.259000 seconds in background
11-05 15:00:15.581 I/init ( 1): Sending signal 9 to service 'gmsopt' (pid 1034) process group...
11-05 15:00:15.581 I/libprocessgroup( 1): Successfully killed process cgroup uid 0 pid 1034 in 0ms
11-05 15:00:15.589 I/binder ( 17): undelivered transaction 24510, process died.
11-05 15:00:15.591 I/init ( 1): Service 'bootanim' (pid 520) exited with status 0 oneshot service took 12.871000 seconds in background
11-05 15:00:15.591 I/init ( 1): Sending signal 9 to service 'bootanim' (pid 520) process group...
11-05 15:00:15.592 I/libprocessgroup( 1): Successfully killed process cgroup uid 1003 pid 520 in 0ms
11-05 15:00:15.593 I/init ( 1): processing action (init.svc.bootanim=stopped) from (/vendor/etc/init/hw/init.oranth.rc:34)
11-05 15:00:15.594 I/init ( 1): starting service 'preinstall'...
11-05 15:00:15.594 D/BluetoothMap( 684): Create BluetoothMap proxy object
11-05 15:00:15.604 D/CompatibilityChangeReporter( 484): Compat change id reported: 149924527; UID 10024; state: ENABLED
11-05 15:00:15.606 D/CompatibilityChangeReporter( 484): Compat change id reported: 132649864; UID 10024; state: DISABLED
11-05 15:00:15.626 D/ConnectivityService( 484): requestNetwork for uid/pid:1000/1130 activeRequest: null callbackRequest: 27 [NetworkRequest [ REQUEST id=28, [ Capabilities: INTERNET&NOT_RESTRICTED&TRUSTED&NOT_VCN_MANAGED Uid: 1000 RequestorUid: 1000 RequestorPkg: com.dangbei.leard.leradlauncher] ]] callback flags: 0 priority: 2147483647
11-05 15:00:15.633 D/BluetoothMap( 684): Binding service...
11-05 15:00:15.634 D/ConnectivityService( 484): NetReassign [no changes]
11-05 15:00:15.634 D/OsInitLaunch( 1130): send cache: launchAd, playAd, complete, null
11-05 15:00:15.635 E/Trigger ( 1130): ContinuousTrigger current:AdCallback next: null 队列name: launcer
11-05 15:00:15.635 E/Trigger ( 1130): ContinuousTrigger clear 队列name: launcer
11-05 15:00:15.645 D/SystemUIService( 684): running: com.android.systemui.toast.ToastUI@b445d51
11-05 15:00:15.645 D/SystemUIBootTiming( 684): SystemUIService: bootcomplete com.android.systemui.toast.ToastUI took 117 ms
11-05 15:00:15.645 D/SystemUIService( 684): loading: com.android.systemui.wmshell.WMShell
11-05 15:00:15.646 D/SystemUIService( 684): running: com.android.systemui.wmshell.WMShell@24b16b7
11-05 15:00:15.649 D/PPPOE ( 484): got request NetworkRequest [ REQUEST id=28, [ Capabilities: INTERNET&NOT_RESTRICTED&TRUSTED&NOT_VCN_MANAGED Uid: 1000 RequestorUid: 1000 RequestorPkg: com.dangbei.leard.leradlauncher] ]
11-05 15:00:15.651 V/GraphicsEnvironment( 1396): ANGLE Developer option for 'com.android.localtransport' set to: 'default'
11-05 15:00:15.652 D/Ethernet( 484): got request NetworkRequest [ REQUEST id=28, [ Capabilities: INTERNET&NOT_RESTRICTED&TRUSTED&NOT_VCN_MANAGED Uid: 1000 RequestorUid: 1000 RequestorPkg: com.dangbei.leard.leradlauncher] ]
11-05 15:00:15.652 V/GraphicsEnvironment( 1396): Neither updatable production driver nor prerelease driver is supported.
11-05 15:00:15.652 D/EthernetNetworkFactory( 484): acceptRequest, request: NetworkRequest [ REQUEST id=28, [ Capabilities: INTERNET&NOT_RESTRICTED&TRUSTED&NOT_VCN_MANAGED Uid: 1000 RequestorUid: 1000 RequestorPkg: com.dangbei.leard.leradlauncher] ]
11-05 15:00:15.652 I/EthernetNetworkFactory( 484): networkForRequest, request: NetworkRequest [ REQUEST id=28, [ Capabilities: INTERNET&NOT_RESTRICTED&TRUSTED&NOT_VCN_MANAGED Uid: 1000 RequestorUid: 1000 RequestorPkg: com.dangbei.leard.leradlauncher] ], network: null
11-05 15:00:15.654 D/BluetoothHeadset( 684): Proxy object connected
11-05 15:00:15.658 D/NetworkSecurityConfig( 1396): No Network Security Config specified, using platform default
11-05 15:00:15.659 D/SystemUIBootTiming( 684): SystemUIService: bootcomplete com.android.systemui.wmshell.WMShell took 14 ms
11-05 15:00:15.660 D/NetworkSecurityConfig( 1396): No Network Security Config specified, using platform default
11-05 15:00:15.662 D/SystemUIService( 684): loading: com.android.systemui.media.systemsounds.HomeSoundEffectController
11-05 15:00:15.664 D/SystemUIService( 684): running: com.android.systemui.media.systemsounds.HomeSoundEffectController@7f06753
11-05 15:00:15.665 V/GraphicsEnvironment( 1424): ANGLE Developer option for 'com.android.music' set to: 'default'
11-05 15:00:15.665 D/SystemUIBootTiming( 684): SystemUIService: bootcomplete com.android.systemui.media.systemsounds.HomeSoundEffectController took 4 ms
11-05 15:00:15.671 I/ManagerService( 684): --------------------- system activated! ---------------
11-05 15:00:15.671 V/GraphicsEnvironment( 1424): Neither updatable production driver nor prerelease driver is supported.
11-05 15:00:15.672 D/SystemUIBootTiming( 684): SystemUIService: bootcomplete com.android.systemui.oranth.ManagerService took 7 ms
11-05 15:00:15.674 D/CompatibilityChangeReporter( 484): Compat change id reported: 168419799; UID 1000; state: DISABLED
11-05 15:00:15.681 D/NetworkSecurityConfig( 1424): No Network Security Config specified, using platform default
11-05 15:00:15.691 D/NetworkSecurityConfig( 484): No Network Security Config specified, using platform default
11-05 15:00:15.693 D/LocalBluetoothProfileManager( 684): Adding local OPP profile
11-05 15:00:15.695 E/BootReceiver( 484): Could not open /sys/kernel/tracing/instances/bootreceiver/trace_pipe
11-05 15:00:15.695 E/BootReceiver( 484): android.system.ErrnoException: open failed: ENOENT (No such file or directory)
11-05 15:00:15.695 E/BootReceiver( 484): at libcore.io.Linux.open(Native Method)
11-05 15:00:15.695 E/BootReceiver( 484): at libcore.io.ForwardingOs.open(ForwardingOs.java:567)
11-05 15:00:15.695 E/BootReceiver( 484): at libcore.io.BlockGuardOs.open(BlockGuardOs.java:273)
11-05 15:00:15.695 E/BootReceiver( 484): at android.system.Os.open(Os.java:501)
11-05 15:00:15.695 E/BootReceiver( 484): at com.android.server.BootReceiver.onReceive(BootReceiver.java:167)
11-05 15:00:15.695 E/BootReceiver( 484): at android.app.ActivityThread.handleReceiver(ActivityThread.java:4308)
11-05 15:00:15.695 E/BootReceiver( 484): at android.app.ActivityThread.access$1600(ActivityThread.java:247)
11-05 15:00:15.695 E/BootReceiver( 484): at android.app.ActivityThread$H.handleMessage(ActivityThread.java:2064)
11-05 15:00:15.695 E/BootReceiver( 484): at android.os.Handler.dispatchMessage(Handler.java:106)
11-05 15:00:15.695 E/BootReceiver( 484): at android.os.Looper.loopOnce(Looper.java:201)
11-05 15:00:15.695 E/BootReceiver( 484): at android.os.Looper.loop(Looper.java:288)
11-05 15:00:15.695 E/BootReceiver( 484): at com.android.server.SystemServer.run(SystemServer.java:966)
11-05 15:00:15.695 E/BootReceiver( 484): at com.android.server.SystemServer.main(SystemServer.java:628)
11-05 15:00:15.695 E/BootReceiver( 484): at java.lang.reflect.Method.invoke(Native Method)
11-05 15:00:15.695 E/BootReceiver( 484): at com.android.internal.os.RuntimeInit$MethodAndArgsCaller.run(RuntimeInit.java:548)
11-05 15:00:15.695 E/BootReceiver( 484): at com.android.internal.os.ZygoteInit.main(ZygoteInit.java:1160)
11-05 15:00:15.696 D/NetworkSecurityConfig( 1424): No Network Security Config specified, using platform default
11-05 15:00:15.723 D/LocalBluetoothProfileManager( 684): Adding local HID_HOST profile
11-05 15:00:15.730 W/ContextImpl( 834): Calling a method in the system process without a qualified user: android.app.ContextImpl.startService:1816 android.content.ContextWrapper.startService:774 android.content.ContextWrapper.startService:774 com.android.tv.settings.users.UserSwitchListenerService$BootReceiver.onReceive:50 android.app.ActivityThread.handleReceiver:4308
11-05 15:00:15.748 E/IpClient.wlan0( 772): Failed to set accept_ra to 2
11-05 15:00:15.752 D/music_MediaPlaybackSer( 1424): onCreate()
11-05 15:00:15.762 I/WifiClientModeImpl[wlan0]( 484): disconnectedstate enter
11-05 15:00:15.768 V/GraphicsEnvironment( 1333): ANGLE Developer option for 'com.dangbei.lerad.rocky' set to: 'default'
11-05 15:00:15.770 E/WifiScoringParams( 484): Invalid frequency(-1), using 5G as default rssi array
11-05 15:00:15.776 V/GraphicsEnvironment( 1333): Neither updatable production driver nor prerelease driver is supported.
11-05 15:00:15.757 D/music_MediaPlaybackSer( 1424): Create MusicProvider
11-05 15:00:15.781 I/RecoverySystem( 484): No recovery log file
11-05 15:00:15.783 D/music_MediaPlaybackSer( 1424): Create MediaSession
11-05 15:00:15.785 I/TransportClient( 484): LocalTransportService#0: Notifying [TransportManager.registerTransport()] transport = IBackupTransport
11-05 15:00:15.786 I/DropBoxManagerService( 484): add tag=SYSTEM_BOOT isTagEnabled=true flags=0x2
11-05 15:00:15.788 V/AudioDeviceManagerObserver( 484): AudioDeviceManagerObserver init()
11-05 15:00:15.789 I/BootReceiver( 484): Copying audit failures to DropBox
11-05 15:00:15.789 D/NetworkSecurityConfig( 1333): No Network Security Config specified, using platform default
11-05 15:00:15.790 I/BootReceiver( 484): Checking for fsck errors
11-05 15:00:15.791 D/AudioDeviceManagerObserver( 484): AudioDeviceManagerObserver: newCardId: /sys/class/sound/card0/id
11-05 15:00:15.788 I/system_server( 484): type=1400 audit(0.0:538): avc: denied { read } for name="id" dev="sysfs" ino=23576 scontext=u:r:system_server:s0 tcontext=u:object_r:sysfs:s0 tclass=file permissive=1
11-05 15:00:15.788 I/system_server( 484): type=1400 audit(0.0:539): avc: denied { open } for path="/sys/devices/platform/soc@3000000/soc@3000000:codec_mach/sound/card0/id" dev="sysfs" ino=23576 scontext=u:r:system_server:s0 tcontext=u:object_r:sysfs:s0 tclass=file permissive=1
11-05 15:00:15.788 I/system_server( 484): type=1400 audit(0.0:540): avc: denied { getattr } for path="/sys/devices/platform/soc@3000000/soc@3000000:codec_mach/sound/card0/id" dev="sysfs" ino=23576 scontext=u:r:system_server:s0 tcontext=u:object_r:sysfs:s0 tclass=file permissive=1
11-05 15:00:15.788 I/system_server( 484): type=1400 audit(0.0:541): avc: denied { read } for name="card0" dev="sysfs" ino=23571 scontext=u:r:system_server:s0 tcontext=u:object_r:sysfs:s0 tclass=dir permissive=1
11-05 15:00:15.793 D/NetworkSecurityConfig( 1333): No Network Security Config specified, using platform default
11-05 15:00:15.792 I/system_server( 484): type=1400 audit(0.0:542): avc: denied { open } for path="/sys/devices/platform/soc@3000000/soc@3000000:codec_mach/sound/card0" dev="sysfs" ino=23571 scontext=u:r:system_server:s0 tcontext=u:object_r:sysfs:s0 tclass=dir permissive=1
11-05 15:00:15.796 D/AudioDeviceManagerObserver( 484): AudioDeviceManagerObserver: devName: pcmC0D0p
11-05 15:00:15.797 D/AudioDeviceManagerObserver( 484): ~~~~~~~~ AudioDeviceManagerObserver: findNameMap: id: audiocodec
