11-05 15:00:21.490 E/hq ( 1130): data.tabList=[]
11-05 15:00:21.491 I/hq ( 1130): 当小贝:::showMessage from=requestGetMessageRemind
11-05 15:00:21.492 I/hq ( 1130): 当小贝:::showMessage 没有消息需要显示
11-05 15:00:21.507 I/hw-BpHwBinder( 484): onLastStrongRef automatically unlinking death recipients
11-05 15:00:21.507 I/hw-BpHwBinder( 388): onLastStrongRef automatically unlinking death recipients
11-05 15:00:21.507 V/C2Store ( 388): in ~ComponentModule
11-05 15:00:21.507 V/C2Store ( 388): unloading dll
11-05 15:00:21.510 D/MediaCodecList( 484): codecHandlesFormat: no format, so no extra checks
11-05 15:00:21.523 W/AudioFlinger( 266): createTrack_l(): mismatch between requested flags (00000004) and output flags (00000002)
11-05 15:00:21.525 D/WifiClientModeImpl[wlan0]( 484): Received signal strength thresholds: []
11-05 15:00:21.525 W/InputDispatcher( 484): Dispatching key to def21d4 com.dangbei.leard.leradlauncher/com.dangbei.launcher.home.LauncherActivity even though there are other unprocessed events
11-05 15:00:21.526 D/GpioService( 484): mFlickerEnable = true
11-05 15:00:21.533 D/AF::TrackHandle( 266): OpPlayAudio: track:55 usage:1 not muted
11-05 15:00:21.538 D/AudioTrack( 484): createTrack_l(0): AUDIO_OUTPUT_FLAG_FAST denied by server; frameCount 0 -> 6912
11-05 15:00:21.538 D/CCodec ( 484): allocate(c2.android.vorbis.decoder)
11-05 15:00:21.539 V/C2Store ( 388): in init
11-05 15:00:21.539 V/C2Store ( 388): loading dll
11-05 15:00:21.545 W/InputDispatcher( 484): Excessive delay in interceptKeyBeforeQueueing; took 80 ms
11-05 15:00:21.548 I/CCodec ( 484): Created component [c2.android.vorbis.decoder]
11-05 15:00:21.548 D/CCodecConfig( 484): read media type: audio/vorbis
11-05 15:00:21.554 D/ReflectedParamUpdater( 484): extent() != 1 for single value type: algo.buffers.max-count.values
11-05 15:00:21.555 D/ReflectedParamUpdater( 484): extent() != 1 for single value type: output.subscribed-indices.values
11-05 15:00:21.555 D/ReflectedParamUpdater( 484): extent() != 1 for single value type: input.buffers.allocator-ids.values
11-05 15:00:21.555 D/ReflectedParamUpdater( 484): extent() != 1 for single value type: output.buffers.allocator-ids.values
11-05 15:00:21.555 D/ReflectedParamUpdater( 484): extent() != 1 for single value type: algo.buffers.allocator-ids.values
11-05 15:00:21.556 D/ReflectedParamUpdater( 484): extent() != 1 for single value type: output.buffers.pool-ids.values
11-05 15:00:21.556 D/ReflectedParamUpdater( 484): extent() != 1 for single value type: algo.buffers.pool-ids.values
11-05 15:00:21.557 I/WifiService( 484): startScan uid=10024
11-05 15:00:21.560 I/CCodecConfig( 484): query failed after returning 7 values (BAD_INDEX)
11-05 15:00:21.560 D/CCodecConfig( 484): c2 config diff is Dict {
11-05 15:00:21.560 D/CCodecConfig( 484): c2::u32 coded.bitrate.value = 64000
11-05 15:00:21.560 D/CCodecConfig( 484): c2::u32 input.buffers.max-size.value = 32768
11-05 15:00:21.560 D/CCodecConfig( 484): c2::u32 input.delay.value = 0
11-05 15:00:21.560 D/CCodecConfig( 484): string input.media-type.value = "audio/vorbis"
11-05 15:00:21.560 D/CCodecConfig( 484): string output.media-type.value = "audio/raw"
11-05 15:00:21.560 D/CCodecConfig( 484): c2::u32 raw.channel-count.value = 1
11-05 15:00:21.560 D/CCodecConfig( 484): c2::u32 raw.sample-rate.value = 48000
11-05 15:00:21.560 D/CCodecConfig( 484): }
11-05 15:00:21.562 D/CCodec ( 484): [c2.android.vorbis.decoder] buffers are bound to CCodec for this session
11-05 15:00:21.563 D/CCodecConfig( 484): no c2 equivalents for durationUs
11-05 15:00:21.563 D/CCodecConfig( 484): no c2 equivalents for track-id
11-05 15:00:21.563 D/CCodecConfig( 484): no c2 equivalents for csd-1
11-05 15:00:21.563 D/CCodecConfig( 484): no c2 equivalents for channel-mask
11-05 15:00:21.563 D/CCodecConfig( 484): no c2 equivalents for flags
11-05 15:00:21.564 D/CCodecConfig( 484): c2 config diff is c2::u32 coded.bitrate.value = 112000
11-05 15:00:21.564 D/CCodecConfig( 484): c2::u32 raw.channel-count.value = 2
11-05 15:00:21.564 D/CCodecConfig( 484): c2::u32 raw.sample-rate.value = 44100
11-05 15:00:21.566 W/Codec2Client( 484): query -- param skipped: index = 1107298332.
11-05 15:00:21.567 D/CCodec ( 484): setup formats input: AMessage(what = 0x00000000) = {
11-05 15:00:21.567 D/CCodec ( 484): int32_t bitrate = 112000
11-05 15:00:21.567 D/CCodec ( 484): int32_t channel-count = 2
11-05 15:00:21.567 D/CCodec ( 484): int32_t max-input-size = 32768
11-05 15:00:21.567 D/CCodec ( 484): string mime = "audio/vorbis"
11-05 15:00:21.567 D/CCodec ( 484): int32_t sample-rate = 44100
11-05 15:00:21.567 D/CCodec ( 484): }
11-05 15:00:21.567 D/CCodec ( 484): setup formats output: AMessage(what = 0x00000000) = {
11-05 15:00:21.567 D/CCodec ( 484): int32_t channel-count = 2
11-05 15:00:21.567 D/CCodec ( 484): string mime = "audio/raw"
11-05 15:00:21.567 D/CCodec ( 484): int32_t sample-rate = 44100
11-05 15:00:21.567 D/CCodec ( 484): int32_t channel-mask = 3
11-05 15:00:21.567 D/CCodec ( 484): }
11-05 15:00:21.567 D/MusicProvider( 1424): Failed to move cursor to first row (no query result)
11-05 15:00:21.567 I/CCodecConfig( 484): query failed after returning 7 values (BAD_INDEX)
11-05 15:00:21.569 I/BLEAudioDrive_HV410( 247): data len: 9 1
11-05 15:00:21.569 I/BLEAudioDrive_HV410( 247): keyboard stop
11-05 15:00:21.570 D/TvWindowManager( 484): key event key = KEYCODE_DPAD_UP down = false
11-05 15:00:21.570 D/WifiMemoryStoreImpl( 484): Set cluster Gd4b1415a45e67abc for Wd4b1415a45e67abc: SUCCESS
11-05 15:00:21.572 W/Codec2Client( 484): query -- param skipped: index = 1342179345.
11-05 15:00:21.589 I/ ( 2280): HDMI Audio Enable Successfully
11-05 15:00:21.572 W/Codec2Client( 484): query -- param skipped: index = 2415921170.
11-05 15:00:21.573 D/music_MediaPlaybackSer( 1424): Received catalog result, success: true
11-05 15:00:21.573 D/music_MediaPlaybackSer( 1424): OnLoadChildren.ROOT
11-05 15:00:21.573 D/CCodecBufferChannel( 484): [c2.android.vorbis.decoder#717] Created input block pool with allocatorID 16 => poolID 25 - OK (0)
11-05 15:00:21.574 D/music_MediaPlaybackSer( 1424): OnLoadChildren sending 4 results for __ROOT__
11-05 15:00:21.575 I/CCodecBufferChannel( 484): [c2.android.vorbis.decoder#717] Created output block pool with allocatorID 16 => poolID 27 - OK
11-05 15:00:21.575 D/CCodecBufferChannel( 484): [c2.android.vorbis.decoder#717] Configured output block pool ids 27 => OK
11-05 15:00:21.581 D/audio_hw_primary( 247): start_output_stream out->format : 0x00000000
11-05 15:00:21.582 V/audio_hw_primary( 247): start_output_stream, line: 1503
11-05 15:00:21.582 V/audio_hw_primary( 247): use AUDIO_HDMI to playback audio
11-05 15:00:21.582 D/audio_hw_primary( 247): open card=3, port=0
11-05 15:00:21.582 D/audio_hw_primary( 247): config:2 44100 960 2 0 5760 1 0
11-05 15:00:21.582 D/audio_hw_primary( 247): set_raw_flag(card=3, raw_flag=1)
11-05 15:00:21.582 D/audio_hw_primary( 247): set_raw_flag control_name = audio data format control_value PCM)
11-05 15:00:21.582 D/AvrcpBrowsablePlayerConnector( 670): Received a message: msg.what=0
11-05 15:00:21.583 V/audio_hw_primary( 247): do not use out resampler
11-05 15:00:21.589 I/AvrcpBrowsablePlayerConnector( 670): Successfully added package to results: com.android.music
11-05 15:00:21.589 I/AvrcpBrowsablePlayerConnector( 670): Successfully connected to 1 browsable players.
11-05 15:00:21.589 I/MediaPlayerList( 670): init: Browsable Player list size is 1
11-05 15:00:21.590 D/MediaPlayerList( 670): Adding Browser Wrapper for com.android.music with id 1
11-05 15:00:21.590 I/AvrcpBrowsedPlayerWrapper( 670): getFolderItems: Grabbing cached data for mediaId: __ROOT__
11-05 15:00:21.590 D/MediaPlayerList( 670): Got the contents for: __ROOT__ : num results=4
11-05 15:00:21.590 D/MediaPlayerList( 670): Initializing list of current media players
11-05 15:00:21.591 D/SimpleC2Component( 388): Using output block pool with poolID 27 => got 27 - 0
11-05 15:00:21.597 D/music_MediaPlaybackSer( 1424): onDestroy
11-05 15:00:21.597 D/music_MusicApp( 1424): remove mount callback: com.android.music.MediaPlaybackService@b2ebda7
11-05 15:00:21.597 D/music_MediaPlaybackSer( 1424): handleStopRequest: mState=0 error=destroy
11-05 15:00:21.597 D/music_MediaPlaybackSer( 1424): updatePlaybackState, playback state=1
11-05 15:00:21.598 D/Playback( 1424): giveUpAudioFocus
11-05 15:00:21.598 D/Playback( 1424): relaxResources. releaseMediaPlayer=true
11-05 15:00:21.604 D/music_MediaPlaybackSer( 1424): updatePlaybackState, playback state=1
11-05 15:00:21.609 D/AudioFlinger( 266): mixer(0xee0bfe00) throttle end: throttle time(5)
11-05 15:00:21.616 V/GraphicsEnvironment( 2237): ANGLE Developer option for 'com.android.shell' set to: 'default'
11-05 15:00:21.616 V/GraphicsEnvironment( 2237): Neither updatable production driver nor prerelease driver is supported.
11-05 15:00:21.619 V/MediaPlayerList( 670): onActiveSessionsChanged: number of controllers: 0
11-05 15:00:21.621 E/dangbei111( 1073): cccccc 准备开始进行 startScanInner
11-05 15:00:21.621 D/WifiNetworkFactory( 484): got request NetworkRequest [ REQUEST id=30, [ Capabilities: INTERNET&NOT_RESTRICTED&TRUSTED&NOT_VCN_MANAGED Uid: 10061 RequestorUid: 1000 RequestorPkg: android] ]
11-05 15:00:21.621 E/dangbei111( 1073): cccccc 小于10s 由于之前已经开始扫描了 不在开启新的扫描
11-05 15:00:21.622 D/NetworkSecurityConfig( 2237): No Network Security Config specified, using platform default
11-05 15:00:21.622 D/NetworkSecurityConfig( 2237): No Network Security Config specified, using platform default
11-05 15:00:21.640 D/HeapDumpReceiver( 2237): onReceive(): Intent { act=android.intent.action.BOOT_COMPLETED flg=0x89000010 cmp=com.android.shell/.HeapDumpReceiver (has extras) }
11-05 15:00:21.640 D/UntrustedWifiNetworkFactory( 484): got request NetworkRequest [ REQUEST id=30, [ Capabilities: INTERNET&NOT_RESTRICTED&TRUSTED&NOT_VCN_MANAGED Uid: 10061 RequestorUid: 1000 RequestorPkg: android] ]
11-05 15:00:21.640 D/OemPaidWifiNetworkFactory( 484): got request NetworkRequest [ REQUEST id=30, [ Capabilities: INTERNET&NOT_RESTRICTED&TRUSTED&NOT_VCN_MANAGED Uid: 10061 RequestorUid: 1000 RequestorPkg: android] ]
11-05 15:00:21.647 D/HeapDumpReceiver( 2237): Deleting from /data/user_de/0/com.android.shell/files/heapdumps
11-05 15:00:21.651 D/CompatibilityChangeReporter( 484): Compat change id reported: 135634846; UID 10014; state: DISABLED
11-05 15:00:21.651 D/CompatibilityChangeReporter( 484): Compat change id reported: 177438394; UID 10014; state: DISABLED
11-05 15:00:21.651 D/CompatibilityChangeReporter( 484): Compat change id reported: 135772972; UID 10014; state: DISABLED
11-05 15:00:21.651 D/CompatibilityChangeReporter( 484): Compat change id reported: 135754954; UID 10014; state: DISABLED
11-05 15:00:21.658 E/WifiVendorHal( 484): stopRssiMonitoring(l.2617) failed {.code = ERROR_NOT_AVAILABLE, .description = }
11-05 15:00:21.658 D/CompatibilityChangeReporter( 484): Compat change id reported: 143937733; UID 10014; state: DISABLED
11-05 15:00:21.686 D/Zygote ( 242): Forked child process 2286
11-05 15:00:21.689 I/BLEAudioDrive_HV410( 247): data len: 9 1
11-05 15:00:21.689 D/TvWindowManager( 484): key event key = KEYCODE_DPAD_UP down = true
11-05 15:00:21.695 W/AudioFlinger( 266): createTrack_l(): mismatch between requested flags (00000004) and output flags (00000002)
11-05 15:00:21.697 I/Zygote ( 2286): seccomp disabled by setenforce 0
11-05 15:00:21.699 D/AF::TrackHandle( 266): OpPlayAudio: track:56 usage:1 not muted
11-05 15:00:21.702 D/AudioTrack( 484): createTrack_l(100): AUDIO_OUTPUT_FLAG_FAST denied by server; frameCount 0 -> 6912
11-05 15:00:21.740 D/CCodecBufferChannel( 484): [c2.android.vorbis.decoder#717] MediaCodec discarded an unknown buffer
11-05 15:00:21.740 D/CCodecBufferChannel( 484): [c2.android.vorbis.decoder#717] MediaCodec discarded an unknown buffer
11-05 15:00:21.743 I/adbd ( 396): jdwp connection from 2286
11-05 15:00:21.762 W/ActivityManager( 484): Slow operation: 112ms so far, now at startProcess: done updating battery stats
11-05 15:00:21.763 W/ActivityManager( 484): Slow operation: 113ms so far, now at startProcess: building log message
11-05 15:00:21.763 I/ActivityManager( 484): app.processName = com.android.statementservice
11-05 15:00:21.763 I/ActivityManager( 484): Start proc 2286:com.android.statementservice/u0a14 for broadcast {com.android.statementservice/com.android.statementservice.domain.BootCompletedReceiver}
11-05 15:00:21.763 W/ActivityManager( 484): Slow operation: 113ms so far, now at startProcess: starting to update pids map
11-05 15:00:21.763 W/ActivityManager( 484): Slow operation: 113ms so far, now at startProcess: done updating pids map
11-05 15:00:21.768 D/CompatibilityChangeReporter( 484): Compat change id reported: 168419799; UID 10014; state: DISABLED
11-05 15:00:21.771 W/LastMileLogger( 484): Failed to stop event tracing: /sys/kernel/debug/tracing/instances/wifi/tracing_on: open failed: ENOENT (No such file or directory)
11-05 15:00:21.771 D/getEthernetMacAddr( 1073): getEthernetMacAddr use eth0
11-05 15:00:21.803 D/getEthernetMacAddr( 1073): getEthernetMacAddr use eth0
11-05 15:00:21.809 I/BLEAudioDrive_HV410( 247): data len: 9 1
11-05 15:00:21.809 I/BLEAudioDrive_HV410( 247): keyboard stop
11-05 15:00:21.834 D/TvWindowManager( 484): key event key = KEYCODE_DPAD_UP down = false
11-05 15:00:21.836 W/ActivityManager( 484): Slow operation: 71ms so far, now at attachApplicationLocked: after sendPendingBroadcastsLocked
11-05 15:00:21.842 D/CompatibilityChangeReporter( 2286): Compat change id reported: 171979766; UID 10014; state: DISABLED
11-05 15:00:21.846 I/hw-BpHwBinder( 484): onLastStrongRef automatically unlinking death recipients
11-05 15:00:21.847 I/hw-BpHwBinder( 388): onLastStrongRef automatically unlinking death recipients
11-05 15:00:21.849 V/C2Store ( 388): in ~ComponentModule
11-05 15:00:21.849 V/C2Store ( 388): unloading dll
11-05 15:00:21.851 W/MediaProvider( 1055): getVolumePath for unknown volume: internal
11-05 15:00:21.865 W/MediaProvider( 1055): getVolumePath for unknown volume: internal
11-05 15:00:21.867 W/audit ( 2276): audit_lost=422 audit_rate_limit=5 audit_backlog_limit=64
11-05 15:00:21.867 E/audit ( 2276): rate limit exceeded
11-05 15:00:21.891 D/ApplicationLoaders( 2286): Returning zygote-cached class loader: /system/framework/android.test.base.jar
11-05 15:00:21.923 D/WifiMemoryStoreImpl( 484): Set cluster Gd4b1415a45e67abc for W92dddbcb062ce6a3: SUCCESS
11-05 15:00:21.928 D/AppManager( 1130): checkLocalAppsIsValid: success
11-05 15:00:21.946 I/okhttp.OkHttpClient( 1073): --> POST http://tymsgapi.qun7.com/v1/core/rom (553-byte body)
11-05 15:00:21.955 I/WifiClientModeImpl( 484): Default Gateway MAC address of 58:c7:ac:78:fb:42 from routes is : 70:3a:a6:36:a8:d7
11-05 15:00:21.976 D/WifiConfigStore( 484): Writing to stores completed in 9 ms.
11-05 15:00:21.978 I/okhttp.OkHttpClient( 1073): --> POST http://tyapi.qun7.com/v1/core/launcherota (553-byte body)
11-05 15:00:21.980 V/GraphicsEnvironment( 2286): ANGLE Developer option for 'com.android.statementservice' set to: 'default'
11-05 15:00:21.980 V/GraphicsEnvironment( 2286): Neither updatable production driver nor prerelease driver is supported.
11-05 15:00:21.985 D/chongyuzhao( 484): stop reconnect
11-05 15:00:21.986 D/NetworkSecurityConfig( 2286): No Network Security Config specified, using platform default
11-05 15:00:21.987 D/NetworkSecurityConfig( 2286): No Network Security Config specified, using platform default
11-05 15:00:22.006 I/okhttp.OkHttpClient( 1073): --> POST http://tymsgapi.qun7.com/v1/core/ykota (624-byte body)
11-05 15:00:22.009 I/okhttp.OkHttpClient( 1073): --> POST http://tymsgapi.qun7.com/v1/core/rom (553-byte body)
11-05 15:00:22.015 E/WifiHAL ( 664): wifi_get_link_stats: requestResponse Error:-5
11-05 15:00:22.015 I/efs.px.api( 1271): get config from server, url is https://errlog.umeng.com/apm_cc
11-05 15:00:22.023 E/WifiVendorHal( 484): getWifiLinkLayerStats_1_5_Internal(l.1191) failed {.code = ERROR_INVALID_ARGS, .description = }
11-05 15:00:22.024 I/okhttp.OkHttpClient( 1073): --> POST http://tymsgapi.qun7.com/v1/core/ykota (624-byte body)
11-05 15:00:22.029 W/InputDispatcher( 484): Dispatching key to def21d4 com.dangbei.leard.leradlauncher/com.dangbei.launcher.home.LauncherActivity even though there are other unprocessed events
11-05 15:00:22.050 I/okhttp.OkHttpClient( 1073): --> POST http://tyapi.qun7.com/v1/core/launcherota (553-byte body)
11-05 15:00:22.051 I/okhttp.OkHttpClient( 1073): --> POST http://tymsgapi.qun7.com/v1/core/logip (622-byte body)
11-05 15:00:22.054 W/IorapForwardingService( 484): No service published for: iorapd
11-05 15:00:22.065 E/HigherBroadcastServer( 1073): {"bluetoothBoot":false,"bluetoothController":false,"bluetoothMac":"F4:AB:5C:B3:BA:64","deviceModel":"DBBOX-A2","deviceModelNumber":"H5232","deviceName":"客厅的当贝盒子","findController":0,"hostName":"192.168.3.60","inetAddress":"192.168.3.60","mac":"20:02:FE:1D:15:FA","port":6689,"romCode":5019,"romVersion":"5.0.1.9","wifiMac":"F4:AB:5C:B4:08:C0","deviceId":"60e1a13af123ec1135a4a9121609ee30","sn":"DOH51118253687068"}
11-05 15:00:22.070 W/NsdServiceInfo( 1073): Key lengths > 9 are discouraged: deviceModel
11-05 15:00:22.070 W/NsdServiceInfo( 1073): Key lengths > 9 are discouraged: deviceModelNumber
11-05 15:00:22.070 W/NsdServiceInfo( 1073): Key lengths > 9 are discouraged: deviceName
11-05 15:00:22.070 W/NsdServiceInfo( 1073): Key lengths > 9 are discouraged: romVersion
11-05 15:00:22.070 W/NsdServiceInfo( 1073): Key lengths > 9 are discouraged: findController
11-05 15:00:22.072 I/okhttp.OkHttpClient( 1073): --> POST http://tymsgapi.qun7.com/v1/core/appupdate (3290-byte body)
11-05 15:00:22.075 E/Trigger ( 1130): ContinuousTrigger cancel UserProtocolActivity 队列name: launcer
11-05 15:00:22.084 I/pool-2-thread-1( 2286): type=1400 audit(0.0:865): avc: denied { open } for path="/data/user/0/com.android.statementservice/no_backup/androidx.work.workdb" dev="mmcblk0p25" ino=2141 scontext=u:r:platform_app:s0:c512,c768 tcontext=u:object_r:app_data_file:s0:c512,c768 tclass=file permissive=1 app=com.android.statementservice
11-05 15:00:22.084 I/pool-2-thread-1( 2286): type=1400 audit(0.0:866): avc: denied { ioctl } for path="/data/user/0/com.android.statementservice/no_backup/androidx.work.workdb" dev="mmcblk0p25" ino=2141 ioctlcmd=0xf50c scontext=u:r:platform_app:s0:c512,c768 tcontext=u:object_r:app_data_file:s0:c512,c768 tclass=file permissive=1 app=com.android.statementservice
11-05 15:00:22.088 D/GpioService( 484): mFlickerEnable = true
11-05 15:00:22.095 I/BLEAudioDrive_HV410( 247): data len: 9 1
11-05 15:00:22.095 D/TvWindowManager( 484): key event key = KEYCODE_DPAD_RIGHT down = true
11-05 15:00:22.100 I/pool-2-thread-1( 2286): type=1400 audit(0.0:867): avc: denied { lock } for path="/data/user/0/com.android.statementservice/no_backup/androidx.work.workdb" dev="mmcblk0p25" ino=2141 scontext=u:r:platform_app:s0:c512,c768 tcontext=u:object_r:app_data_file:s0:c512,c768 tclass=file permissive=1 app=com.android.statementservice
11-05 15:00:22.104 I/pool-2-thread-1( 2286): type=1400 audit(0.0:868): avc: denied { write } for name="no_backup" dev="mmcblk0p25" ino=2140 scontext=u:r:platform_app:s0:c512,c768 tcontext=u:object_r:app_data_file:s0:c512,c768 tclass=dir permissive=1 app=com.android.statementservice
11-05 15:00:22.104 I/pool-2-thread-1( 2286): type=1400 audit(0.0:869): avc: denied { add_name } for name="androidx.work.workdb-shm" scontext=u:r:platform_app:s0:c512,c768 tcontext=u:object_r:app_data_file:s0:c512,c768 tclass=dir permissive=1 app=com.android.statementservice
11-05 15:00:22.109 D/XHttpObservable( 1333): createNetWorkObservable subscribe: MediaControlEntity{code=0, data=PageEntity{list=[ContentEntity{packageName='com.dangbei.leard.leradlauncher', activityName='FilmDetailActivity'}, ContentEntity{packageName='com.dangbei.leard.leradlauncher', activityName='FullScreenDetailActivity'}, ContentEntity{packageName='com.dangbei.leard.leradlauncher', activityName='TencentSportActivity'}, ContentEntity{packageName='com.dangbei.leradVideoPlugins', activityName='FilmDetailActivity'}, ContentEntity{packageName='com.dangbei.leradVideoPlugins', activityName='FullScreenDetailActivity'}, ContentEntity{packageName='com.dangbei.leradVideoPlugins', activityName='TencentSportActivity'}, ContentEntity{packageName='com.dangbei.leradVideoPlugins', activityName='ShortPlayActivity'}, ContentEntity{packageName='com.dangbei.hqmedia', activityName='FilmDetailActivity'}, ContentEntity{packageName='com.dangbei.hqmedia', activityName='FullScreenDetailActivity'}, ContentEntity{packageName='com.dangbei.leradVideoPlugins', activityName='MangoMediaActivity'}, ContentEntity{packageName='com.dangbei.leradVideoPlugins', activityName='VcinemaActivity'}]}, message='success'} ,,, isDisposed = false
11-05 15:00:22.119 E/hq ( 1130): listenerNet:::重新来网了 key=image_error isConnect=true
11-05 15:00:22.119 E/hq ( 1130): listenerNet:::重新来网了 key=requestAppWhiteList isConnect=true
11-05 15:00:22.124 I/System.out( 1130): true
11-05 15:00:22.125 E/hq ( 1130): listenerNet:::重新来网了 key=ConfigureInterface:Init isConnect=true
11-05 15:00:22.132 E/hq ( 1130): listenerNet:::重新来网了 key=requestGetMessageRemind isConnect=true
11-05 15:00:22.135 D/GpioService( 484): mFlickerEnable = true
11-05 15:00:22.145 E/hq ( 1130): listenerNet:::重新来网了 key=requestMessageConfig isConnect=true
11-05 15:00:22.145 D/yc_test ( 1130): refreshWeather: null
11-05 15:00:22.150 D/CompatibilityChangeReporter( 2286): Compat change id reported: 160794467; UID 10014; state: DISABLED
11-05 15:00:22.152 I/hq ( 1130): hq:::curl -X GET "https://ottdbui-tyapiqun7.yysh.mgtv.com/v1/core/getConfig?key=KPzu0G%2FUNP%2BGFkFKqm4sFw%3D%3D&rommodelnumber=40I2XonQAUU%3D&cpuserial=PlZpqfc1JpxOOZ0anAV38AcloAYinsDQ&pattern=4Beei9NZNdo%3D&rommodel=Pqlpla5YRarwmFg%2B5VG%2FRQ%3D%3D&sn=ia%2FaFKiHtUJo0HCvzs4gKS1PBA%2F2QVm5&lang=vT%2FCsDI%2Fr10%3D&brand=elfd%2FN0Mw6U%3D&theme=L%2B%2FPU%2FFQgEY%3D&vcode=o%2BppAkqptlQ%3D&vname=oql4Ml1tHJc%3D&license=Hs4jp68qr9I%3D&channel=TIQ8TWTDuwcufJjk0AcBhA%3D%3D&packagename=qzBdBNULiCmiu3CIMurjL7PIryC36aZ2YdCJzQtyjcQ%3D&romvercode=BhA8%2F38Giec%3D&romvername=UDOuEwwco6o%3D&network=4Beei9NZNdo%3D&deviceEid=uSuGjXxL1dquKF1QG%2BzuNgcKc1GMhNRjqypkEmW7WV4lQRKF1DwATA%3D%3D&mac=iP4TVZLko9UsEdSbENu6i8HfL7VxZFhy&userid=pctYUOG3RH0%3D"
11-05 15:00:22.156 E/hq ( 1130): listenerNet:::重新来网了 key=requestMessageDialog isConnect=true
11-05 15:00:22.156 E/hq ( 1130): listenerNet:::重新来网了 key=requestNetAppAdInfo isConnect=true
11-05 15:00:22.158 E/hq ( 1130): listenerNet:::重新来网了 key=sendInspectUpdate isConnect=true
11-05 15:00:22.158 E/hq ( 1130): listenerNet:::重新来网了 key=1762326019 isConnect=true
11-05 15:00:22.159 D/CompatibilityChangeReporter( 484): Compat change id reported: 171306433; UID 10014; state: DISABLED
11-05 15:00:22.164 I/okhttp.OkHttpClient( 1073): --> POST http://tymsgapi.qun7.com/v1/core/appupdate (3290-byte body)
11-05 15:00:22.169 I/hq ( 1130): hq:::curl -X GET "https://ottdbui-tyapiqun7.yysh.mgtv.com/v1/core/getConfig?key=Nsv7J99Lk0TR%2Fk6l6HWx5jY96lz892X4&rommodelnumber=40I2XonQAUU%3D&cpuserial=PlZpqfc1JpxOOZ0anAV38AcloAYinsDQ&pattern=4Beei9NZNdo%3D&rommodel=Pqlpla5YRarwmFg%2B5VG%2FRQ%3D%3D&sn=ia%2FaFKiHtUJo0HCvzs4gKS1PBA%2F2QVm5&lang=vT%2FCsDI%2Fr10%3D&brand=elfd%2FN0Mw6U%3D&theme=L%2B%2FPU%2FFQgEY%3D&vcode=o%2BppAkqptlQ%3D&vname=oql4Ml1tHJc%3D&license=Hs4jp68qr9I%3D&channel=TIQ8TWTDuwcufJjk0AcBhA%3D%3D&packagename=qzBdBNULiCmiu3CIMurjL7PIryC36aZ2YdCJzQtyjcQ%3D&romvercode=BhA8%2F38Giec%3D&romvername=UDOuEwwco6o%3D&network=4Beei9NZNdo%3D&deviceEid=uSuGjXxL1dquKF1QG%2BzuNgcKc1GMhNRjqypkEmW7WV4lQRKF1DwATA%3D%3D&mac=iP4TVZLko9UsEdSbENu6i8HfL7VxZFhy&userid=pctYUOG3RH0%3D"
11-05 15:00:22.171 I/hq ( 1130): hq:::curl -X GET "https://ottdbui-tyapiqun7.yysh.mgtv.com/v1/core/getConfig?key=W5pJw5kSJS5DQDJZAqUgaaCSm0Xzbm%2F%2B&rommodelnumber=40I2XonQAUU%3D&cpuserial=PlZpqfc1JpxOOZ0anAV38AcloAYinsDQ&pattern=4Beei9NZNdo%3D&rommodel=Pqlpla5YRarwmFg%2B5VG%2FRQ%3D%3D&sn=ia%2FaFKiHtUJo0HCvzs4gKS1PBA%2F2QVm5&lang=vT%2FCsDI%2Fr10%3D&brand=elfd%2FN0Mw6U%3D&theme=L%2B%2FPU%2FFQgEY%3D&vcode=o%2BppAkqptlQ%3D&vname=oql4Ml1tHJc%3D&license=Hs4jp68qr9I%3D&channel=TIQ8TWTDuwcufJjk0AcBhA%3D%3D&packagename=qzBdBNULiCmiu3CIMurjL7PIryC36aZ2YdCJzQtyjcQ%3D&romvercode=BhA8%2F38Giec%3D&romvername=UDOuEwwco6o%3D&network=4Beei9NZNdo%3D&deviceEid=uSuGjXxL1dquKF1QG%2BzuNgcKc1GMhNRjqypkEmW7WV4lQRKF1DwATA%3D%3D&mac=iP4TVZLko9UsEdSbENu6i8HfL7VxZFhy&userid=pctYUOG3RH0%3D"
11-05 15:00:22.178 E/hq ( 1130): NetWorkStateReceiver:::NetWorkStateReceiver onReceive: 网络变化广播 >>>> intent.action=android.net.conn.CONNECTIVITY_CHANGE
11-05 15:00:22.182 D/GpioService( 484): mFlickerEnable = true
11-05 15:00:22.183 E/hq ( 1130): NetWorkStateReceiver:::Network is available. isConnect=true 是否频次过快=true t=1762326022183
11-05 15:00:22.183 W/eventbuscore( 1130): post Event:com.dangbei.leard.base.entity.event.NetChangeEvent
11-05 15:00:22.185 I/hq ( 1130): hq:::curl -X GET "https://ottdbui-tyapiqun7.yysh.mgtv.com/v1/core/getIpArea?rommodelnumber=40I2XonQAUU%3D&cpuserial=PlZpqfc1JpxOOZ0anAV38AcloAYinsDQ&pattern=4Beei9NZNdo%3D&rommodel=Pqlpla5YRarwmFg%2B5VG%2FRQ%3D%3D&sn=ia%2FaFKiHtUJo0HCvzs4gKS1PBA%2F2QVm5&lang=vT%2FCsDI%2Fr10%3D&brand=elfd%2FN0Mw6U%3D&theme=L%2B%2FPU%2FFQgEY%3D&vcode=o%2BppAkqptlQ%3D&vname=oql4Ml1tHJc%3D&license=Hs4jp68qr9I%3D&channel=TIQ8TWTDuwcufJjk0AcBhA%3D%3D&packagename=qzBdBNULiCmiu3CIMurjL7PIryC36aZ2YdCJzQtyjcQ%3D&romvercode=BhA8%2F38Giec%3D&romvername=UDOuEwwco6o%3D&network=4Beei9NZNdo%3D&deviceEid=uSuGjXxL1dquKF1QG%2BzuNgcKc1GMhNRjqypkEmW7WV4lQRKF1DwATA%3D%3D&mac=iP4TVZLko9UsEdSbENu6i8HfL7VxZFhy&userid=pctYUOG3RH0%3D"
11-05 15:00:22.191 D/XHttpObservable( 1333): createNetWorkObservable subscribe: ShowMessageEntity{code=0, data=TipEntity{movieType=[我想看喜剧片, 动作片, 枪战片], movie=[庆余年, 误杀, 美丽人生, 爆笑虫子, 哪吒, 小猪佩奇, 胡歌的电视剧, 张艺谋导演的电影, 切换到1080P, 收藏], appController=[打开当贝市场, 下载哈趣影视, 爱奇艺, 卸载腾讯视频], weather=[今天的天气, 未来五天的天气, 杭州天气怎么样, 明天下不下雨], music=[我要听歌, 周杰伦的歌, 上一首, 下一首, 快进一分钟, 暂停], liveAppDownload='非常抱歉,根据监管部门政策管理要求,暂不提供相应服务。', subscreen=null, wakeUpVoiceResponse=[ProbabilityEntity{word='在呢', probability=30}, ProbabilityEntity{word='我在', probability=35}, ProbabilityEntity{word='你说', probability=15}, ProbabilityEntity{word='来啦', probability=20}], unrecognizedVoiceResponse=[ProbabilityEntity{word='可以再说一遍么', probability=45}, ProbabilityEntity{word='可以说的详细一点么', probability=30}, ProbabilityEntity{word='请问有什么可以帮您', probability=25}], notUnderstandVoiceResponse=[ProbabilityEntity{word='换个说法试试吧', probability=100}]}, message='success'} ,,, isDisposed = false
11-05 15:00:22.198 D/ConnectivityService( 484): requestNetwork for uid/pid:1000/484 asUid: 10014 activeRequest: null callbackRequest: 31 [NetworkRequest [ REQUEST id=32, [ Capabilities: INTERNET&NOT_RESTRICTED&TRUSTED&NOT_VCN_MANAGED Uid: 10014 RequestorUid: 1000 RequestorPkg: android] ]] callback flags: 0 priority: 2147483647
11-05 15:00:22.200 D/ConnectivityService( 484): NetReassign [32 : null → 100]
11-05 15:00:22.206 D/Ethernet( 484): got request NetworkRequest [ REQUEST id=32, [ Capabilities: INTERNET&NOT_RESTRICTED&TRUSTED&NOT_VCN_MANAGED Uid: 10014 RequestorUid: 1000 RequestorPkg: android] ]
11-05 15:00:22.207 D/EthernetNetworkFactory( 484): acceptRequest, request: NetworkRequest [ REQUEST id=32, [ Capabilities: INTERNET&NOT_RESTRICTED&TRUSTED&NOT_VCN_MANAGED Uid: 10014 RequestorUid: 1000 RequestorPkg: android] ]
11-05 15:00:22.207 I/EthernetNetworkFactory( 484): networkForRequest, request: NetworkRequest [ REQUEST id=32, [ Capabilities: INTERNET&NOT_RESTRICTED&TRUSTED&NOT_VCN_MANAGED Uid: 10014 RequestorUid: 1000 RequestorPkg: android] ], network: null
11-05 15:00:22.207 I/hq ( 1130): hq:::curl -X GET "https://ottdbui-tyapiqun7.yysh.mgtv.com/v1/core/getIpArea?rommodelnumber=40I2XonQAUU%3D&cpuserial=PlZpqfc1JpxOOZ0anAV38AcloAYinsDQ&pattern=4Beei9NZNdo%3D&rommodel=Pqlpla5YRarwmFg%2B5VG%2FRQ%3D%3D&sn=ia%2FaFKiHtUJo0HCvzs4gKS1PBA%2F2QVm5&lang=vT%2FCsDI%2Fr10%3D&brand=elfd%2FN0Mw6U%3D&theme=L%2B%2FPU%2FFQgEY%3D&vcode=o%2BppAkqptlQ%3D&vname=oql4Ml1tHJc%3D&license=Hs4jp68qr9I%3D&channel=TIQ8TWTDuwcufJjk0AcBhA%3D%3D&packagename=qzBdBNULiCmiu3CIMurjL7PIryC36aZ2YdCJzQtyjcQ%3D&romvercode=BhA8%2F38Giec%3D&romvername=UDOuEwwco6o%3D&network=4Beei9NZNdo%3D&deviceEid=uSuGjXxL1dquKF1QG%2BzuNgcKc1GMhNRjqypkEmW7WV4lQRKF1DwATA%3D%3D&mac=iP4TVZLko9UsEdSbENu6i8HfL7VxZFhy&userid=pctYUOG3RH0%3D"
11-05 15:00:22.208 D/WifiNetworkFactory( 484): got request NetworkRequest [ REQUEST id=32, [ Capabilities: INTERNET&NOT_RESTRICTED&TRUSTED&NOT_VCN_MANAGED Uid: 10014 RequestorUid: 1000 RequestorPkg: android] ]
11-05 15:00:22.210 D/UntrustedWifiNetworkFactory( 484): got request NetworkRequest [ REQUEST id=32, [ Capabilities: INTERNET&NOT_RESTRICTED&TRUSTED&NOT_VCN_MANAGED Uid: 10014 RequestorUid: 1000 RequestorPkg: android] ]
11-05 15:00:22.211 D/OemPaidWifiNetworkFactory( 484): got request NetworkRequest [ REQUEST id=32, [ Capabilities: INTERNET&NOT_RESTRICTED&TRUSTED&NOT_VCN_MANAGED Uid: 10014 RequestorUid: 1000 RequestorPkg: android] ]
11-05 15:00:22.215 I/hq ( 1130): hq:::tag=getLocation 请求结果={"code":0,"data":{"city":"深圳","province":"广东"},"message":"success"}
11-05 15:00:22.218 I/hq ( 1130): hq:::tag=requestPlayConfig appRightClickRec 请求结果="{\"requestId\":\"9168d7e9-0a9b-4deb-be33-f62de02dc3e5\",\"code\":0,\"message\":\"success\",\"data\":{\"appRightClickRec\":\"1\"}}"
11-05 15:00:22.219 I/hq ( 1130): hq:::tag=requestPlayConfig downAppWhiteList 请求结果="{\"requestId\":\"3f173542-8a26-4d52-a524-ecc038acb67d\",\"code\":0,\"message\":\"success\",\"data\":{\"downAppWhiteList\":\"[\\\"com.mitv.tvhome.othertv.dbscos\\\",\\\"com.dangbei.dbmusic.dbos.tab\\\",\\\"com.dangbei.leradVideoPlugins\\\",\\\"cn.miguvideo.migutvsdk\\\",\\\"com.dangbei.oslive\\\",\\\"cn.bestv.tv5g.beidou\\\",\\\"com.dangbei.hqmedia\\\",\\\"com.dangbei.partygame\\\",\\\"tv.huan.live.dangbei.yn\\\",\\\"com.dangbei.health.fitness.os\\\",\\\"com.newtv.cboxtv\\\",\\\"com.dangbei.game.partymonster\\\",\\\"com.dangbei.game.wildhunter\\\",\\\"com.dangbei.game.molewhacking\\\",\\\"com.dangbei.game.cutfruittouch\\\",\\\"com.dangbei.qtdl\\\"]\"}}"
11-05 15:00:22.228 I/hq ( 1130): hq:::curl -X GET "https://ottdbui-tyapiqun7.yysh.mgtv.com/v1/core/getConfig?key=AFlqK7TMNISCeDR9pSwnaw%3D%3D&rommodelnumber=40I2XonQAUU%3D&cpuserial=PlZpqfc1JpxOOZ0anAV38AcloAYinsDQ&pattern=4Beei9NZNdo%3D&rommodel=Pqlpla5YRarwmFg%2B5VG%2FRQ%3D%3D&sn=ia%2FaFKiHtUJo0HCvzs4gKS1PBA%2F2QVm5&lang=vT%2FCsDI%2Fr10%3D&brand=elfd%2FN0Mw6U%3D&theme=L%2B%2FPU%2FFQgEY%3D&vcode=o%2BppAkqptlQ%3D&vname=oql4Ml1tHJc%3D&license=Hs4jp68qr9I%3D&channel=TIQ8TWTDuwcufJjk0AcBhA%3D%3D&packagename=qzBdBNULiCmiu3CIMurjL7PIryC36aZ2YdCJzQtyjcQ%3D&romvercode=BhA8%2F38Giec%3D&romvername=UDOuEwwco6o%3D&network=4Beei9NZNdo%3D&deviceEid=uSuGjXxL1dquKF1QG%2BzuNgcKc1GMhNRjqypkEmW7WV4lQRKF1DwATA%3D%3D&mac=iP4TVZLko9UsEdSbENu6i8HfL7VxZFhy&userid=pctYUOG3RH0%3D"
11-05 15:00:22.234 I/hq ( 1130): hq:::curl -X POST -H "Content-Type:application/x-www-form-urlencoded" -d 'rommodelnumber=40I2XonQAUU%3D&cpuserial=PlZpqfc1JpxOOZ0anAV38AcloAYinsDQ&pattern=4Beei9NZNdo%3D&rommodel=Pqlpla5YRarwmFg%2B5VG%2FRQ%3D%3D&sn=ia%2FaFKiHtUJo0HCvzs4gKS1PBA%2F2QVm5&lang=vT%2FCsDI%2Fr10%3D&brand=elfd%2FN0Mw6U%3D&theme=L%2B%2FPU%2FFQgEY%3D&vcode=o%2BppAkqptlQ%3D&vname=oql4Ml1tHJc%3D&license=Hs4jp68qr9I%3D&channel=TIQ8TWTDuwcufJjk0AcBhA%3D%3D&packagename=qzBdBNULiCmiu3CIMurjL7PIryC36aZ2YdCJzQtyjcQ%3D&romvercode=BhA8%2F38Giec%3D&romvername=UDOuEwwco6o%3D&network=4Beei9NZNdo%3D&deviceEid=uSuGjXxL1dquKF1QG%2BzuNgcKc1GMhNRjqypkEmW7WV4lQRKF1DwATA%3D%3D&mac=iP4TVZLko9UsEdSbENu6i8HfL7VxZFhy&userid=pctYUOG3RH0%3D' "https://ottdbui-tyapiqun7.yysh.mgtv.com/v1/message/getpopmsgId"
11-05 15:00:22.237 I/hq ( 1130): hq:::tag=requestPlayConfig newAppSearch 请求结果="{\"requestId\":\"94954a8e-8e0e-4cc6-8964-6031776af2f8\",\"code\":0,\"message\":\"success\",\"data\":{\"newAppSearch\":\"0\"}}"
11-05 15:00:22.246 I/hq ( 1130): hq:::curl -X GET "https://ottdbui-tyapiqun7.yysh.mgtv.com/v1/center/myAppRec?rommodelnumber=40I2XonQAUU%3D&cpuserial=PlZpqfc1JpxOOZ0anAV38AcloAYinsDQ&pattern=4Beei9NZNdo%3D&rommodel=Pqlpla5YRarwmFg%2B5VG%2FRQ%3D%3D&sn=ia%2FaFKiHtUJo0HCvzs4gKS1PBA%2F2QVm5&lang=vT%2FCsDI%2Fr10%3D&brand=elfd%2FN0Mw6U%3D&theme=L%2B%2FPU%2FFQgEY%3D&vcode=o%2BppAkqptlQ%3D&vname=oql4Ml1tHJc%3D&license=Hs4jp68qr9I%3D&channel=TIQ8TWTDuwcufJjk0AcBhA%3D%3D&packagename=qzBdBNULiCmiu3CIMurjL7PIryC36aZ2YdCJzQtyjcQ%3D&romvercode=BhA8%2F38Giec%3D&romvername=UDOuEwwco6o%3D&network=4Beei9NZNdo%3D&deviceEid=uSuGjXxL1dquKF1QG%2BzuNgcKc1GMhNRjqypkEmW7WV4lQRKF1DwATA%3D%3D&mac=iP4TVZLko9UsEdSbENu6i8HfL7VxZFhy&userid=pctYUOG3RH0%3D"
11-05 15:00:22.254 E/hq ( 1130): USBReceiver:::USBReceiver onReceive: action=android.intent.action.MEDIA_MOUNTED
11-05 15:00:22.255 E/AppListVm( 1130): LIVE_DATA_APP_LIST change this@=com.dangbei.launcher.home.view.vm.AppListVm@5a0a032
11-05 15:00:22.255 E/AppListVm( 1130): LIVE_DATA_APP_LIST change this@=com.dangbei.launcher.home.view.vm.AppListVm@edfa183
11-05 15:00:22.258 D/CompatibilityChangeReporter( 484): Compat change id reported: 135634846; UID 10057; state: DISABLED
11-05 15:00:22.258 D/CompatibilityChangeReporter( 484): Compat change id reported: 177438394; UID 10057; state: DISABLED
11-05 15:00:22.259 D/CompatibilityChangeReporter( 484): Compat change id reported: 135772972; UID 10057; state: DISABLED
11-05 15:00:22.259 D/CompatibilityChangeReporter( 484): Compat change id reported: 135754954; UID 10057; state: DISABLED
11-05 15:00:22.259 D/CompatibilityChangeReporter( 484): Compat change id reported: 143937733; UID 10057; state: DISABLED
11-05 15:00:22.270 W/AudioFlinger( 266): createTrack_l(): mismatch between requested flags (00000004) and output flags (00000002)
11-05 15:00:22.278 I/hq ( 1130): hq:::curl -X POST -H "Content-Type:application/x-www-form-urlencoded" -d 'type=IGYWVa9OT%2Bk%3D&rommodelnumber=40I2XonQAUU%3D&cpuserial=PlZpqfc1JpxOOZ0anAV38AcloAYinsDQ&pattern=4Beei9NZNdo%3D&rommodel=Pqlpla5YRarwmFg%2B5VG%2FRQ%3D%3D&sn=ia%2FaFKiHtUJo0HCvzs4gKS1PBA%2F2QVm5&lang=vT%2FCsDI%2Fr10%3D&brand=elfd%2FN0Mw6U%3D&theme=L%2B%2FPU%2FFQgEY%3D&vcode=o%2BppAkqptlQ%3D&vname=oql4Ml1tHJc%3D&license=Hs4jp68qr9I%3D&channel=TIQ8TWTDuwcufJjk0AcBhA%3D%3D&packagename=qzBdBNULiCmiu3CIMurjL7PIryC36aZ2YdCJzQtyjcQ%3D&romvercode=BhA8%2F38Giec%3D&romvername=UDOuEwwco6o%3D&network=4Beei9NZNdo%3D&deviceEid=uSuGjXxL1dquKF1QG%2BzuNgcKc1GMhNRjqypkEmW7WV4lQRKF1DwATA%3D%3D&mac=iP4TVZLko9UsEdSbENu6i8HfL7VxZFhy&userid=pctYUOG3RH0%3D' "https://ottdbui-tyapiqun7.yysh.mgtv.com/v1/core/appUpdate"
11-05 15:00:22.281 D/AF::TrackHandle( 266): OpPlayAudio: track:57 usage:13 not muted
11-05 15:00:22.289 I/bt_stack( 670): [INFO:hearing_aid.cc(1796)] GetDeviceCount: Not initialized yet
11-05 15:00:22.292 D/Zygote ( 242): Forked child process 2356
11-05 15:00:22.304 I/Zygote ( 2356): seccomp disabled by setenforce 0
11-05 15:00:22.306 W/ActivityManager( 484): Slow operation: 62ms so far, now at startProcess: returned from zygote!
11-05 15:00:22.307 I/BLEAudioDrive_HV410( 247): data len: 9 1
11-05 15:00:22.307 I/BLEAudioDrive_HV410( 247): keyboard stop
11-05 15:00:22.307 D/TvWindowManager( 484): key event key = KEYCODE_DPAD_RIGHT down = false
11-05 15:00:22.315 I/okhttp.OkHttpClient( 1073): <-- 200 OK http://tyapi.qun7.com/v1/core/launcherota (263ms, unknown-length body)
11-05 15:00:22.319 D/AudioTrack( 484): createTrack_l(36): AUDIO_OUTPUT_FLAG_FAST denied by server; frameCount 0 -> 147456
11-05 15:00:22.320 D/AppManager( 1130): checkLocalAppsIsValid:
11-05 15:00:22.322 D/AppManager( 1130): checkLocalAppsIsValid:
11-05 15:00:22.331 E/martin ( 1130): 组件:2025-11-05
11-05 15:00:22.336 E/weatherWidget( 1130): dataChange:Wed Nov 05 15:00:22 GMT+08:00 2025
11-05 15:00:22.337 I/okhttp.OkHttpClient( 1073): <-- 200 OK http://tyapi.qun7.com/v1/core/launcherota (334ms, unknown-length body)
11-05 15:00:22.343 I/adbd ( 396): jdwp connection from 2356
11-05 15:00:22.354 W/ActivityManager( 484): Slow operation: 111ms so far, now at startProcess: done updating battery stats
11-05 15:00:22.354 W/ActivityManager( 484): Slow operation: 111ms so far, now at startProcess: building log message
11-05 15:00:22.354 I/ActivityManager( 484): app.processName = com.android.tv
11-05 15:00:22.354 I/ActivityManager( 484): Start proc 2356:com.android.tv/u0a57 for broadcast {com.android.tv/com.android.tv.receiver.BootCompletedReceiver}
11-05 15:00:22.354 W/ActivityManager( 484): Slow operation: 111ms so far, now at startProcess: starting to update pids map
11-05 15:00:22.356 W/ActivityManager( 484): Slow operation: 113ms so far, now at startProcess: done updating pids map
11-05 15:00:22.374 D/CompatibilityChangeReporter( 484): Compat change id reported: 168419799; UID 10057; state: DISABLED
11-05 15:00:22.375 I/hq ( 1130): hq:::tag=getLocation 请求结果={"code":0,"data":{"city":"深圳","province":"广东"},"message":"success"}
11-05 15:00:22.379 I/hq ( 1130): hq:::tag=requestPlayConfig message_config 请求结果="{\"requestId\":\"6e0f91d7-9966-4e9b-921b-6bc1923773cf\",\"code\":0,\"message\":\"success\",\"data\":{\"message_config\":null}}"
11-05 15:00:22.382 D/ConnectivityService( 484): requestNetwork for uid/pid:10014/2286 activeRequest: null callbackRequest: 33 [NetworkRequest [ REQUEST id=34, [ Capabilities: INTERNET&NOT_RESTRICTED&TRUSTED&NOT_VCN_MANAGED Uid: 10014 RequestorUid: 10014 RequestorPkg: com.android.statementservice] ]] callback flags: 0 priority: 2147483647
11-05 15:00:22.383 D/ConnectivityService( 484): NetReassign [34 : null → 100]
11-05 15:00:22.395 I/okhttp.OkHttpClient( 1073): <-- 200 OK http://tymsgapi.qun7.com/v1/core/rom (445ms, unknown-length body)
11-05 15:00:22.398 I/okhttp.OkHttpClient( 1073): <-- 200 OK http://tymsgapi.qun7.com/v1/core/appupdate (324ms, unknown-length body)
11-05 15:00:22.399 I/okhttp.OkHttpClient( 1073): <-- 200 OK http://tymsgapi.qun7.com/v1/core/rom (389ms, unknown-length body)
11-05 15:00:22.401 I/okhttp.OkHttpClient( 1073): <-- 200 OK http://tymsgapi.qun7.com/v1/core/ykota (371ms, unknown-length body)
11-05 15:00:22.411 D/Ethernet( 484): got request NetworkRequest [ REQUEST id=34, [ Capabilities: INTERNET&NOT_RESTRICTED&TRUSTED&NOT_VCN_MANAGED Uid: 10014 RequestorUid: 10014 RequestorPkg: com.android.statementservice] ]
11-05 15:00:22.411 D/EthernetNetworkFactory( 484): acceptRequest, request: NetworkRequest [ REQUEST id=34, [ Capabilities: INTERNET&NOT_RESTRICTED&TRUSTED&NOT_VCN_MANAGED Uid: 10014 RequestorUid: 10014 RequestorPkg: com.android.statementservice] ]
11-05 15:00:22.412 I/EthernetNetworkFactory( 484): networkForRequest, request: NetworkRequest [ REQUEST id=34, [ Capabilities: INTERNET&NOT_RESTRICTED&TRUSTED&NOT_VCN_MANAGED Uid: 10014 RequestorUid: 10014 RequestorPkg: com.android.statementservice] ], network: null
11-05 15:00:22.412 D/WifiNetworkFactory( 484): got request NetworkRequest [ REQUEST id=34, [ Capabilities: INTERNET&NOT_RESTRICTED&TRUSTED&NOT_VCN_MANAGED Uid: 10014 RequestorUid: 10014 RequestorPkg: com.android.statementservice] ]
11-05 15:00:22.409 I/okhttp.OkHttpClient( 1073): <-- 200 OK http://tymsgapi.qun7.com/v1/core/ykota (402ms, unknown-length body)
11-05 15:00:22.414 D/UntrustedWifiNetworkFactory( 484): got request NetworkRequest [ REQUEST id=34, [ Capabilities: INTERNET&NOT_RESTRICTED&TRUSTED&NOT_VCN_MANAGED Uid: 10014 RequestorUid: 10014 RequestorPkg: com.android.statementservice] ]
11-05 15:00:22.414 D/OemPaidWifiNetworkFactory( 484): got request NetworkRequest [ REQUEST id=34, [ Capabilities: INTERNET&NOT_RESTRICTED&TRUSTED&NOT_VCN_MANAGED Uid: 10014 RequestorUid: 10014 RequestorPkg: com.android.statementservice] ]
11-05 15:00:22.415 I/okhttp.OkHttpClient( 1073): <-- 200 OK http://tymsgapi.qun7.com/v1/core/logip (351ms, 81-byte body)
11-05 15:00:22.421 D/NsdService( 484): Register service
11-05 15:00:22.422 D/NsdService( 484): registerService: 2 name: 192.168.3.60, type: _db_controller._tcp, host: /192.168.3.60, port: 6689, txtRecord: deviceModel=DBBOX-A2romVersion=5.0.1.9findController=0sn=DOH51118253687068mac=20:02:FE:1D:15:FA deviceName=客厅的当贝盒子)deviceId=60e1a13af123ec1135a4a9121609ee30deviceModelNumber=H5232 romCode=5019
11-05 15:00:22.423 D/NsdService( 484): mdnssd [register, 2, 192.168.3.60, _db_controller._tcp, 6689, FGRldmljZU1vZGVsPURCQk9YLUEyEnJvbVZlcnNpb249NS4wLjEuORBmaW5kQ29udHJvbGxlcj0wFHNuPURPSDUxMTE4MjUzNjg3MDY4FW1hYz0yMDowMjpGRToxRDoxNTpGQSBkZXZpY2VOYW1lPeWuouWOheeahOW9k+i0neebkuWtkClkZXZpY2VJZD02MGUxYTEzYWYxMjNlYzExMzVhNGE5MTIxNjA5ZWUzMBdkZXZpY2VNb2RlbE51bWJlcj1INTIzMgxyb21Db2RlPTUwMTk=]
11-05 15:00:22.428 D/NsdService( 484): Register 2 2
11-05 15:00:22.433 E/ccc ( 1073): cccccc requestOtaInfo result BaseResponse{message='success', data=OtaUpdateBean{downloadId='3926', updateType=1, romVersionName='5.0.1.8', romCode=5555, current=0, romMd5v='fdb956aeae6570db9431d74c2003211b', romLength=696310810, romSize='664MB', downUrl='http://dl.qun7.com/H5/H5/5.0.1.8_20251028_OTA/apollo_p3-full_ota-eng.server.zip', reUrl='http://dl.v5tv.com/H5/H5/5.0.1.8_20251028_OTA/apollo_p3-full_ota-eng.server.zip', reUrl2='http://dl.tymcdn.com/H5/H5/5.0.1.8_20251028_OTA/apollo_p3-full_ota-eng.server.zip', tempUrl='null', remark='20251028验证OTA后遥控器回连和功能情况', status=idle, progress=0.0, filterMac=[], localPath='null', popup=1, isPaused=false, cancelled=false, extraInfo='null'}, code=0}
11-05 15:00:22.435 I/HttpUtil( 1073): success
11-05 15:00:22.450 D/CompatibilityChangeReporter( 2356): Compat change id reported: 171979766; UID 10057; state: DISABLED
11-05 15:00:22.454 I/hq ( 1130): hq:::tag=requestMessageDialog 请求结果={"code":0,"data":null,"message":"success"}
11-05 15:00:22.459 W/System.err( 1130): com.dangbei.leard.base.proider.error.EmptyApiException: 数据为空 from=requestMessageDialog
11-05 15:00:22.459 W/System.err( 1130): at com.dangbei.leard.base.ext.FlowExtKt.runHttpTry2Data(SourceFile:158)
11-05 15:00:22.459 W/System.err( 1130): at com.dangbei.leard.base.ext.FlowExtKt$runHttpTry2Data$1.invokeSuspend(Unknown Source:15)
11-05 15:00:22.464 W/System.err( 1130): at kotlin.coroutines.jvm.internal.BaseContinuationImpl.resumeWith(SourceFile:12)
11-05 15:00:22.464 W/System.err( 1130): at kotlinx.coroutines.internal.ScopeCoroutine.afterResume(Unknown Source:6)
11-05 15:00:22.464 W/System.err( 1130): at kotlinx.coroutines.AbstractCoroutine.resumeWith(SourceFile:16)
11-05 15:00:22.464 W/System.err( 1130): at kotlin.coroutines.jvm.internal.BaseContinuationImpl.resumeWith(SourceFile:50)
11-05 15:00:22.467 W/System.err( 1130): at kotlinx.coroutines.DispatchedTask.run(SourceFile:119)
11-05 15:00:22.468 I/hq ( 1130): hq:::curl -X POST -H "Content-Type:application/x-www-form-urlencoded" -d 'packs=qzBdBNULiCnHAoW8XF%2BEK2t90gkBGWWjJzvwYyU9azA%2F2dwklcZIUPEkPJcWvEPPvV1g%2FRDxUlNqCt1Bpes33CtZkhnzmxyYKh6Sl0uKyrE4Y4bY9Ee%2BrKcMNT3qraAfPXHfC3bv9S8V0m4ogZRAP0DBKlj6WTRoTQ8WpEhvk%2FFz6pvfE3IamcPt4bQV73FesMLQg5D8qNniu8rsCawVMg%3D%3D&rommodelnumber=40I2XonQAUU%3D&cpuserial=PlZpqfc1JpxOOZ0anAV38AcloAYinsDQ&pattern=4Beei9NZNdo%3D&rommodel=Pqlpla5YRarwmFg%2B5VG%2FRQ%3D%3D&sn=ia%2FaFKiHtUJo0HCvzs4gKS1PBA%2F2QVm5&lang=vT%2FCsDI%2Fr10%3D&brand=elfd%2FN0Mw6U%3D&theme=L%2B%2FPU%2FFQgEY%3D&vcode=o%2BppAkqptlQ%3D&vname=oql4Ml1tHJc%3D&license=Hs4jp68qr9I%3D&channel=TIQ8TWTDuwcufJjk0AcBhA%3D%3D&packagename=qzBdBNULiCmiu3CIMurjL7PIryC36aZ2YdCJzQtyjcQ%3D&romvercode=BhA8%2F38Giec%3D&romvername=UDOuEwwco6o%3D&network=4Beei9NZNdo%3D&deviceEid=uSuGjXxL1dquKF1QG%2BzuNgcKc1GMhNRjqypkEmW7WV4lQRKF1DwATA%3D%3D&mac=iP4TVZLko9UsEdSbENu6i8HfL7VxZFhy&userid=pctYUOG3RH0%3D' "https://ottdbui-tyapiqun7.yysh.mgtv.com/v1/nav/checkupdate"
11-05 15:00:22.468 E/ccc ( 1073): cccccc com.dangbei.haqusetting not connect
11-05 15:00:22.468 E/ccc ( 1073): cccccc updateHelper 通知更新
11-05 15:00:22.468 E/ccc ( 1073): cccccc OtaUpdateHelper 普通更新 1
11-05 15:00:22.469 W/System.err( 1130): at kotlinx.coroutines.internal.LimitedDispatcher.run(SourceFile:13)
11-05 15:00:22.469 W/System.err( 1130): at kotlinx.coroutines.scheduling.TaskImpl.run(SourceFile:3)
11-05 15:00:22.469 W/System.err( 1130): at kotlinx.coroutines.scheduling.CoroutineScheduler.runSafely(SourceFile:1)
11-05 15:00:22.469 W/System.err( 1130): at kotlinx.coroutines.scheduling.CoroutineScheduler$Worker.executeTask(SourceFile:15)
11-05 15:00:22.469 I/hq ( 1130): hq:::tag=requestPlugIn 请求结果={"code":0,"data":{"list":[]},"message":"success"}
11-05 15:00:22.477 E/ccc ( 1073): cccccc requestOtaInfo result BaseResponse{message='success', data=OtaUpdateBean{downloadId='3926', updateType=1, romVersionName='5.0.1.8', romCode=5555, current=0, romMd5v='fdb956aeae6570db9431d74c2003211b', romLength=696310810, romSize='664MB', downUrl='http://dl.qun7.com/H5/H5/5.0.1.8_20251028_OTA/apollo_p3-full_ota-eng.server.zip', reUrl='http://dl.v5tv.com/H5/H5/5.0.1.8_20251028_OTA/apollo_p3-full_ota-eng.server.zip', reUrl2='http://dl.tymcdn.com/H5/H5/5.0.1.8_20251028_OTA/apollo_p3-full_ota-eng.server.zip', tempUrl='null', remark='20251028验证OTA后遥控器回连和功能情况', status=idle, progress=0.0, filterMac=[], localPath='null', popup=1, isPaused=false, cancelled=false, extraInfo='null'}, code=0}
11-05 15:00:22.480 I/okhttp.OkHttpClient( 1073): <-- 200 OK http://tymsgapi.qun7.com/v1/core/appupdate (315ms, unknown-length body)
11-05 15:00:22.482 W/System.err( 1130): at kotlinx.coroutines.scheduling.CoroutineScheduler$Worker.runWorker(SourceFile:29)
11-05 15:00:22.482 W/System.err( 1130): at kotlinx.coroutines.scheduling.CoroutineScheduler$Worker.run(Unknown Source:0)
11-05 15:00:22.482 E/ccc ( 1073): cccccc com.dangbei.haqusetting not connect
11-05 15:00:22.482 E/ccc ( 1073): cccccc updateHelper 通知更新
11-05 15:00:22.482 E/ccc ( 1073): cccccc OtaUpdateHelper 普通更新 1
11-05 15:00:22.485 E/hq ( 1130): ErrorCoroutineExceptionHandler:::runTry error:com.dangbei.leard.base.proider.error.EmptyApiException: 数据为空 from=requestMessageDialog from=requestMessageDialog
11-05 15:00:22.495 E/ccc ( 1073): cccccc launcher ota response is BaseResponse{message='success', data=UpgradeInfoEntity{contentLength=32258786, versionName='2.9.4.4', versionCode=102944, remark='桌面支持模式切换,新增加长辈模式,老人内容浏览更便捷', list=[LauncherUpdateBean{downloadId='1', packName='com.dangbei.leard.leradlauncher', versionName='2.9.4.4', versionCode=102944, downUrl='http://dl.qun7.com/tyapp/2025-07-23/68808d98ea319.apk', reUrl='http://dl.v5tv.com/tyapp/2025-07-23/68808d98ea319.apk', reUrl2='http://dl.qun7.com/tyapp/2025-07-23/68808d98ea319.apk', contentLength=32258786, md5v='5ae28b4c818de18a92f919ea30701c77', tempUrl='null', desc='null', status=idle, progress=0.0, isPaused=false, cancelled=false, extraInfo='null', localPath='null', current=0, create_time=0, remark='null', upType=0}, LauncherUpdateBean{downloadId='2', packName='', versionName='2.9.4.4', versionCode=102944, downUrl='', reUrl='', reUrl2='', contentLength=0, md5v='', tempUrl='null', desc='null', status=idle, progress=0.0, isPaused=false, cancelled=false, extraInfo='null', localPath='null', current=0, create_time=0, remark='null', upType=0}, LauncherUpdateBean{downloadId='3', packName='', versionName='2.9.4.4', versionCode=102944, downUrl='', reUrl='', reUrl2='', contentLength=0, md5v='', tempUrl='null', desc='null', status=idle, progress=0.0, isPaused=false, cancelled=false, extraInfo='null', localPath='null', current=0, create_time=0, remark='null', upType=0}]}, code=0}
11-05 15:00:22.497 E/ccc ( 1073): cccccc local code is 102944 net code is 102944
11-05 15:00:22.504 I/hq ( 1130): hq:::curl -X GET "https://ottdbui-tyapiqun7.yysh.mgtv.com/v1/agile/navData?id=RuGcerAscSs%3D&pageId=Gw7UuuzdfG4%3D&type=ekxwP%2B5a0j0%3D&rommodelnumber=40I2XonQAUU%3D&cpuserial=PlZpqfc1JpxOOZ0anAV38AcloAYinsDQ&pattern=4Beei9NZNdo%3D&rommodel=Pqlpla5YRarwmFg%2B5VG%2FRQ%3D%3D&sn=ia%2FaFKiHtUJo0HCvzs4gKS1PBA%2F2QVm5&lang=vT%2FCsDI%2Fr10%3D&brand=elfd%2FN0Mw6U%3D&theme=L%2B%2FPU%2FFQgEY%3D&vcode=o%2BppAkqptlQ%3D&vname=oql4Ml1tHJc%3D&license=Hs4jp68qr9I%3D&channel=TIQ8TWTDuwcufJjk0AcBhA%3D%3D&packagename=qzBdBNULiCmiu3CIMurjL7PIryC36aZ2YdCJzQtyjcQ%3D&romvercode=BhA8%2F38Giec%3D&romvername=UDOuEwwco6o%3D&network=4Beei9NZNdo%3D&deviceEid=uSuGjXxL1dquKF1QG%2BzuNgcKc1GMhNRjqypkEmW7WV4lQRKF1DwATA%3D%3D&mac=iP4TVZLko9UsEdSbENu6i8HfL7VxZFhy&userid=pctYUOG3RH0%3D"
11-05 15:00:22.510 E/ccc ( 1073): cccccc requestLauncherUpdateInfo BaseResponse{message='success', data=UpgradeInfoEntity{contentLength=32258786, versionName='2.9.4.4', versionCode=102944, remark='桌面支持模式切换,新增加长辈模式,老人内容浏览更便捷', list=[LauncherUpdateBean{downloadId='1', packName='com.dangbei.leard.leradlauncher', versionName='2.9.4.4', versionCode=102944, downUrl='http://dl.qun7.com/tyapp/2025-07-23/68808d98ea319.apk', reUrl='http://dl.v5tv.com/tyapp/2025-07-23/68808d98ea319.apk', reUrl2='http://dl.qun7.com/tyapp/2025-07-23/68808d98ea319.apk', contentLength=32258786, md5v='5ae28b4c818de18a92f919ea30701c77', tempUrl='null', desc='null', status=idle, progress=0.0, isPaused=false, cancelled=false, extraInfo='null', localPath='null', current=0, create_time=0, remark='null', upType=0}, LauncherUpdateBean{downloadId='2', packName='', versionName='2.9.4.4', versionCode=102944, downUrl='', reUrl='', reUrl2='', contentLength=0, md5v='', tempUrl='null', desc='null', status=idle, progress=0.0, isPaused=false, cancelled=false, extraInfo='null', localPath='null', current=0, create_time=0, remark='null', upType=0}, LauncherUpdateBean{downloadId='3', packName='', versionName='2.9.4.4', versionCode=102944, downUrl='', reUrl='', reUrl2='', contentLength=0, md5v='', tempUrl='null', desc='null', status=idle, progress=0.0, isPaused=false, cancelled=false, extraInfo='null', localPath='null', current=0, create_time=0, remark='null', upType=0}]}, code=0}
