11-05 15:00:01.333 W/audio_route( 247): Control 'LEFT ADC input Mixer MIC1 boost Switch' doesn't exist - skipping
11-05 15:00:01.333 W/audio_route( 247): Control 'ADCL Mux' doesn't exist - skipping
11-05 15:00:01.333 W/audio_route( 247): Control 'AIF2 ADL Mixer ADCL Switch' doesn't exist - skipping
11-05 15:00:01.333 W/audio_route( 247): Control 'AIF2OUTL Mux' doesn't exist - skipping
11-05 15:00:01.333 W/audio_route( 247): Control 'AIF2INL Mux' doesn't exist - skipping
11-05 15:00:01.334 W/audio_route( 247): Control 'AIF2INL Mux switch aif2inl aif2Switch' doesn't exist - skipping
11-05 15:00:01.334 W/audio_route( 247): Control 'DACL Mixer AIF2DACL Switch' doesn't exist - skipping
11-05 15:00:01.334 W/audio_route( 247): Control 'Left Output Mixer DACL Switch' doesn't exist - skipping
11-05 15:00:01.334 W/audio_route( 247): Control 'Right Output Mixer DACL Switch' doesn't exist - skipping
11-05 15:00:01.334 W/audio_route( 247): Control 'HP_L Mux' doesn't exist - skipping
11-05 15:00:01.334 W/audio_route( 247): Control 'HP_R Mux' doesn't exist - skipping
11-05 15:00:01.334 W/audio_route( 247): Control 'Headphone Switch' doesn't exist - skipping
11-05 15:00:01.334 W/audio_route( 247): Control 'AIF2INL Mux' doesn't exist - skipping
11-05 15:00:01.334 W/audio_route( 247): Control 'AIF2INL Mux switch aif2inl aif2Switch' doesn't exist - skipping
11-05 15:00:01.334 W/audio_route( 247): Control 'AIF2 ADR Mixer AIF2 DACL Switch' doesn't exist - skipping
11-05 15:00:01.334 W/audio_route( 247): Control 'AIF3OUT Mux' doesn't exist - skipping
11-05 15:00:01.334 W/audio_route( 247): Control 'AIF2INR Mux VIR switch aif2inr aif3Switch' doesn't exist - skipping
11-05 15:00:01.334 W/audio_route( 247): Control 'AIF2 ADL Mixer AIF2 DACR Switch' doesn't exist - skipping
11-05 15:00:01.334 W/audio_route( 247): Control 'AIF2OUTL Mux' doesn't exist - skipping
11-05 15:00:01.334 W/audio_route( 247): Control 'AIF2 ADC volume' doesn't exist - skipping
11-05 15:00:01.334 W/audio_route( 247): Control 'LEFT ADC input Mixer MIC1 boost Switch' doesn't exist - skipping
11-05 15:00:01.334 W/audio_route( 247): Control 'ADCL Mux' doesn't exist - skipping
11-05 15:00:01.334 W/audio_route( 247): Control 'AIF2 ADL Mixer ADCL Switch' doesn't exist - skipping
11-05 15:00:01.335 W/audio_route( 247): Control 'AIF2OUTL Mux' doesn't exist - skipping
11-05 15:00:01.335 W/audio_route( 247): Control 'AIF2INL Mux' doesn't exist - skipping
11-05 15:00:01.335 W/audio_route( 247): Control 'AIF2INL Mux switch aif2inl aif2Switch' doesn't exist - skipping
11-05 15:00:01.335 W/audio_route( 247): Control 'DACL Mixer AIF2DACL Switch' doesn't exist - skipping
11-05 15:00:01.335 W/audio_route( 247): Control 'EAR Mux' doesn't exist - skipping
11-05 15:00:01.335 W/audio_route( 247): Control 'Earpiece Switch' doesn't exist - skipping
11-05 15:00:01.335 W/audio_route( 247): Control 'AIF1 AD0L Mixer ADCL Switch' doesn't exist - skipping
11-05 15:00:01.335 W/audio_route( 247): Control 'AIF1 AD0L Mixer AIF2 DACL Switch' doesn't exist - skipping
11-05 15:00:01.335 W/audio_route( 247): Control 'AIF1OUT0L Mux' doesn't exist - skipping
11-05 15:00:01.335 W/audio_route( 247): Control 'AIF1 AD0L Mixer ADCL Switch' doesn't exist - skipping
11-05 15:00:01.335 W/audio_route( 247): Control 'AIF1 AD0L Mixer AIF2 DACL Switch' doesn't exist - skipping
11-05 15:00:01.335 W/audio_route( 247): Control 'AIF1OUT0L Mux' doesn't exist - skipping
11-05 15:00:01.335 W/audio_route( 247): Control 'AIF1 AD0L Mixer AIF2 DACL Switch' doesn't exist - skipping
11-05 15:00:01.335 W/audio_route( 247): Control 'AIF1 AD0L Mixer AIF2 DACR Switch' doesn't exist - skipping
11-05 15:00:01.335 W/audio_route( 247): Control 'AIF1OUT0L Mux' doesn't exist - skipping
11-05 15:00:01.335 W/audio_route( 247): Control 'Line Out Mixer MIC1 boost Switch' doesn't exist - skipping
11-05 15:00:01.335 W/audio_route( 247): Control 'MIC2 SRC' doesn't exist - skipping
11-05 15:00:01.336 W/audio_route( 247): Control 'Line Out Mixer MIC2 boost Switch' doesn't exist - skipping
11-05 15:00:01.336 W/audio_route( 247): Control 'Left Output Mixer LINEINL-LINEINR Switch' doesn't exist - skipping
11-05 15:00:01.336 W/audio_route( 247): Control 'Right Output Mixer LINEINL-LINEINR Switch' doesn't exist - skipping
11-05 15:00:01.336 W/audio_route( 247): Control 'EAR Mux' doesn't exist - skipping
11-05 15:00:01.336 W/audio_route( 247): Control 'External Speaker Switch' doesn't exist - skipping
11-05 15:00:01.336 W/audio_route( 247): Control 'Headphone Switch' doesn't exist - skipping
11-05 15:00:01.336 W/audio_route( 247): Control 'Headphone Switch' doesn't exist - skipping
11-05 15:00:01.336 W/audio_route( 247): Control 'Earpiece Switch' doesn't exist - skipping
11-05 15:00:01.336 W/audio_route( 247): Control 'LEFT ADC input Mixer LININL-R Switch' doesn't exist - skipping
11-05 15:00:01.336 W/audio_route( 247): Control 'ADCL Mux' doesn't exist - skipping
11-05 15:00:01.336 W/audio_route( 247): Control 'AIF2 ADL Mixer ADCL Switch' doesn't exist - skipping
11-05 15:00:01.336 W/audio_route( 247): Control 'AIF3OUT Mux' doesn't exist - skipping
11-05 15:00:01.336 W/audio_route( 247): Control 'AIF2INL Mux switch aif2inl aif2Switch' doesn't exist - skipping
11-05 15:00:01.336 W/audio_route( 247): Control 'AIF2INR Mux VIR switch aif2inr aif3Switch' doesn't exist - skipping
11-05 15:00:01.336 W/audio_route( 247): Control 'DACR Mixer AIF2DACR Switch' doesn't exist - skipping
11-05 15:00:01.336 W/audio_route( 247): Control 'Right Output Mixer DACR Switch' doesn't exist - skipping
11-05 15:00:01.337 W/audio_route( 247): Control 'Line Out Mixer Right Output mixer Switch' doesn't exist - skipping
11-05 15:00:01.337 W/audio_route( 247): Control 'AIF1OUT0L Mux' doesn't exist - skipping
11-05 15:00:01.337 W/audio_route( 247): Control 'AIF1 AD0L Mixer ADCL Switch' doesn't exist - skipping
11-05 15:00:01.337 W/audio_route( 247): Control 'ADCL Mux' doesn't exist - skipping
11-05 15:00:01.337 W/audio_route( 247): Control 'LEFT ADC input Mixer MIC1 boost Switch' doesn't exist - skipping
11-05 15:00:01.337 W/audio_route( 247): Control 'LEFT ADC input Mixer LININL-R Switch' doesn't exist - skipping
11-05 15:00:01.337 W/audio_route( 247): Control 'AIF1OUT0L Mux' doesn't exist - skipping
11-05 15:00:01.337 W/audio_route( 247): Control 'AIF1 AD0L Mixer ADCL Switch' doesn't exist - skipping
11-05 15:00:01.337 W/audio_route( 247): Control 'ADCL Mux' doesn't exist - skipping
11-05 15:00:01.337 W/audio_route( 247): Control 'LEFT ADC input Mixer MIC2 boost Switch' doesn't exist - skipping
11-05 15:00:01.337 W/audio_route( 247): Control 'LEFT ADC input Mixer LININL-R Switch' doesn't exist - skipping
11-05 15:00:01.337 W/audio_route( 247): Control 'AIF1OUT0L Mux' doesn't exist - skipping
11-05 15:00:01.337 W/audio_route( 247): Control 'AIF1 AD0L Mixer ADCL Switch' doesn't exist - skipping
11-05 15:00:01.337 W/audio_route( 247): Control 'AIF1 AD0L Mixer AIF2 DACR Switch' doesn't exist - skipping
11-05 15:00:01.337 W/audio_route( 247): Control 'AIF1IN0L Mux' doesn't exist - skipping
11-05 15:00:01.337 W/audio_route( 247): Control 'AIF2 ADL Mixer AIF1 DA0L Switch' doesn't exist - skipping
11-05 15:00:01.338 W/audio_route( 247): Control 'AIF2 ADL Mixer AIF1 DA0L Switch' doesn't exist - skipping
11-05 15:00:01.338 W/audio_route( 247): Control 'AIF3OUT Mux' doesn't exist - skipping
11-05 15:00:01.338 W/audio_route( 247): Control 'AIF2INR Mux switch aif2inr aif2Switch' doesn't exist - skipping
11-05 15:00:01.338 W/audio_route( 247): Control 'AIF2INR Mux VIR switch aif2inr aif3Switch' doesn't exist - skipping
11-05 15:00:01.338 W/audio_route( 247): Control 'AIF1 AD0L Mixer AIF2 DACR Switch' doesn't exist - skipping
11-05 15:00:01.338 W/audio_route( 247): Control 'AIF1OUT0L Mux' doesn't exist - skipping
11-05 15:00:01.338 W/audio_route( 247): Control 'AC DACR mixer I2S_DACDATR Switch' doesn't exist - skipping
11-05 15:00:01.338 W/audio_route( 247): Control 'AC DACL mixer I2S_DACDATL Switch' doesn't exist - skipping
11-05 15:00:01.338 W/audio_route( 247): Control 'Right Output Mixer DACR Switch' doesn't exist - skipping
11-05 15:00:01.338 W/audio_route( 247): Control 'Left Output Mixer DACL Switch' doesn't exist - skipping
11-05 15:00:01.338 W/audio_route( 247): Control 'External Speaker Switch' doesn't exist - skipping
11-05 15:00:01.338 D/audio_route( 247): Apply path: media-speaker-headphones
11-05 15:00:01.339 D/audio_route( 247): Apply path: media-headset-mic
11-05 15:00:01.340 V/audio_hw_primary( 247): adev_get_master_volume, line: 3587
11-05 15:00:01.340 V/audio_hw_primary( 247): adev_set_master_volume, line: 3579
11-05 15:00:01.341 I/AudioFlinger( 266): loadHwModule() Loaded primary audio interface, handle 10
11-05 15:00:01.342 I/AudioFlinger( 266): openOutput() this 0xee3b1000, module 10 Device type:0x2,@:, SamplingRate 48000, Format 0x000001, Channels 0x3, flags 0x2
11-05 15:00:01.343 D/audio_hw_primary( 247): adev_open_output_stream
11-05 15:00:01.343 V/audio_hw_primary( 247): adev_open_output_stream, flags: 2
11-05 15:00:01.343 V/audio_hw_primary( 247): +++++++++++++++ adev_open_output_stream: req_sample_rate: 44100, fmt: 1, channel_count: 3
11-05 15:00:01.346 I/AudioFlinger( 266): HAL output buffer size 960 frames, normal sink buffer size 960 frames
11-05 15:00:01.389 I/BufferProvider( 266): found effect "Multichannel Downmix To Stereo" from The Android Open Source Project
11-05 15:00:01.390 D/AudioFlinger( 266): Failed to add event callback
11-05 15:00:01.393 I/AudioFlinger( 266): AudioFlinger's thread 0xee0bfe00 tid=445 ready to run
11-05 15:00:01.394 W/AudioFlinger( 266): no wake lock to update, system not ready yet
11-05 15:00:01.394 D/AudioFlinger( 266): ro.audio.silent is ignored since no output device is set
11-05 15:00:01.394 D/audio_hw_primary( 247): out_standby
11-05 15:00:01.394 W/AudioFlinger( 266): no wake lock to update, system not ready yet
11-05 15:00:01.394 D/AudioFlinger( 266): ro.audio.silent is ignored since no output device is set
11-05 15:00:01.395 V/APM_AudioPolicyManager( 266): checkAndSetVolume cannot set volume group 3 volume when isn ot requested for comm
11-05 15:00:01.403 W/AudioFlinger( 266): moveEffects() bad srcOutput 0
11-05 15:00:01.403 V/APM_AudioPolicyManager( 266): selectOutputForMusicEffects selected output 13
11-05 15:00:01.403 V/APM_AudioPolicyManager( 266): setOutputDevices device {type:0x2,@:} delayMs 0
11-05 15:00:01.403 V/APM_AudioPolicyManager( 266): setOutputDevices() prevDevice {type:0x2,@:}
11-05 15:00:01.405 V/APM_AudioPolicyManager( 266): setOutputDevices changing device to {type:0x2,@:}
11-05 15:00:01.428 V/audio_hw_primary( 247): adev_create_audio_patch num_sources: 1, num_sinks: 1
11-05 15:00:01.428 V/audio_hw_primary( 247): playback device: 2
11-05 15:00:01.430 V/APM_AudioPolicyManager( 266): setOutputDevices() AF::createAudioPatch returned 0 patchHandle 12 num_sources 1 num_sinks 1
11-05 15:00:01.432 V/APM_AudioPolicyManager( 266): checkAndSetVolume cannot set volume group 3 volume when isn ot requested for comm
11-05 15:00:01.439 I/AudioFlinger( 266): openOutput() this 0xee3b1000, module 10 Device type:0x2,@:, SamplingRate 32000, Format 0x000003, Channels 0x3, flags 0x1
11-05 15:00:01.440 D/audio_hw_primary( 247): adev_open_output_stream
11-05 15:00:01.440 V/audio_hw_primary( 247): adev_open_output_stream, flags: 1
11-05 15:00:01.440 D/audio_hw_primary( 247): config format 0x3 raw_flag 1
11-05 15:00:01.440 V/audio_hw_primary( 247): +++++++++++++++ adev_open_output_stream: req_sample_rate: 32000, fmt: 3, channel_count: 3
11-05 15:00:01.443 I/AudioFlinger( 266): HAL output buffer size 2048 frames, normal sink buffer size 2048 frames
11-05 15:00:01.444 D/AudioFlinger( 266): Failed to add event callback
11-05 15:00:01.453 I/AudioFlinger( 266): AudioFlinger's thread 0xee27cec0 tid=447 ready to run
11-05 15:00:01.453 W/AudioFlinger( 266): no wake lock to update, system not ready yet
11-05 15:00:01.453 D/AudioFlinger( 266): ro.audio.silent is ignored since no output device is set
11-05 15:00:01.454 V/audio_hw_primary( 247): out_set_parameters: closing=true
11-05 15:00:01.454 D/audio_hw_primary( 247): out_standby
11-05 15:00:01.462 V/audio_hw_primary( 247): out_set_parameters: exiting=1
11-05 15:00:01.462 E/AudioFlinger( 266): Error when setting parameters on exit: -61
11-05 15:00:01.463 W/AudioFlinger( 266): no wake lock to update, system not ready yet
11-05 15:00:01.463 D/AudioFlinger( 266): ro.audio.silent is ignored since no output device is set
11-05 15:00:01.463 D/audio_hw_primary( 247): out_standby
11-05 15:00:01.464 W/APM_AudioPolicyManager( 266): Input profile contains no device on module primary
11-05 15:00:01.465 W/APM_AudioPolicyManager( 266): Input profile contains no device on module primary
11-05 15:00:01.469 D/xm_audio( 247): -->adev_open, name=audio_hw_if, socketthread_running=false, pth_listen=0
11-05 15:00:01.471 I/AudioFlinger( 266): loadHwModule() Loaded xm_hidraw audio interface, handle 18
11-05 15:00:01.472 D/xm_audio( 247): -->adev_open_input_stream
11-05 15:00:01.472 D/xm_audio( 247): -->adev_open_input_stream, config->sample_rate=16000
11-05 15:00:01.472 D/xm_audio( 247): -->adev_open_input_stream exit
11-05 15:00:01.473 I/xm_audio( 247): in_get_sample_rate
11-05 15:00:01.473 I/xm_audio( 247): in_get_channels
11-05 15:00:01.475 I/xm_audio( 247): in_get_sample_rate
11-05 15:00:01.475 I/xm_audio( 247): in_get_channels
11-05 15:00:01.476 I/xm_audio( 247): in_get_channels
11-05 15:00:01.476 I/xm_audio( 247): in_get_buffer_size
11-05 15:00:01.476 I/xm_audio( 247): in_get_buffer_size: fsize=512.000000, size=512
11-05 15:00:01.476 I/xm_audio( 247): in_get_buffer_size
11-05 15:00:01.476 I/xm_audio( 247): in_get_buffer_size: fsize=512.000000, size=512
11-05 15:00:01.477 I/xm_audio( 247): in_get_sample_rate
11-05 15:00:01.478 I/xm_audio( 247): in_get_channels
11-05 15:00:01.481 D/xm_audio( 247): socket_thread start
11-05 15:00:01.482 D/xm_audio( 247): create socket g_is_running4
11-05 15:00:01.482 D/xm_audio( 247): create socket g_is_running5
11-05 15:00:01.482 E/xm_audio( 247): so socket connect suc
11-05 15:00:01.482 D/XM_HIDREAD( 319): Client connected.
11-05 15:00:01.482 D/XM_HIDREAD( 319): accept before.
11-05 15:00:01.482 D/xm_audio( 247): data_thread start
11-05 15:00:01.482 I/AudioFlinger( 266): AudioFlinger's thread 0xee0460c0 tid=450 ready to run
11-05 15:00:01.483 D/XM_HIDREAD( 319): handle_client start.
11-05 15:00:01.483 W/AudioFlinger( 266): no wake lock to update, system not ready yet
11-05 15:00:01.485 W/AudioFlinger( 266): no wake lock to update, system not ready yet
11-05 15:00:01.486 D/xm_audio( 247): -->adev_close_input_stream
11-05 15:00:01.486 D/xm_audio( 247): -->adev_close_input_stream ready free stream.
11-05 15:00:01.486 D/xm_audio( 247): -->adev_close_input_stream free stream finish.
11-05 15:00:01.484 I/EventThread( 260): type=1400 audit(0.0:305): avc: denied { search } for name="extcon" dev="sysfs" ino=18103 scontext=u:r:hal_tv_cec_default:s0 tcontext=u:object_r:sysfs_extcon:s0 tclass=dir permissive=1
11-05 15:00:01.513 I/zygote ( 242): Verified 2763 classes from mainline modules in 273.247ms
11-05 15:00:01.540 I/bt_a2dp_hw( 266): system/bt/audio_a2dp_hw/src/audio_a2dp_hw.cc:1893 adev_open: adev_open: adev_open in A2dp_hw module
11-05 15:00:01.540 I/AudioFlinger( 266): loadHwModule() Loaded a2dp audio interface, handle 26
11-05 15:00:01.541 V/APM_AudioPolicyManager( 266): onNewAudioModulesAvailableInt: Input device list is empty! for profile a2dp input
11-05 15:00:01.545 I/r_submix( 247): adev_open(name=audio_hw_if)
11-05 15:00:01.546 I/r_submix( 247): adev_init_check()
11-05 15:00:01.547 I/AudioFlinger( 266): loadHwModule() Loaded r_submix audio interface, handle 34
11-05 15:00:01.547 D/r_submix( 247): adev_open_input_stream(addr=0)
11-05 15:00:01.547 D/r_submix( 247): submix_audio_device_create_pipe_l(addr=0, idx=9)
11-05 15:00:01.547 D/r_submix( 247): now using address 0 for route 9
11-05 15:00:01.565 I/AudioFlinger( 266): AudioFlinger's thread 0xee046180 tid=456 ready to run
11-05 15:00:01.566 D/r_submix( 247): adev_close_input_stream()
11-05 15:00:01.566 D/r_submix( 247): submix_audio_device_release_pipe_l(idx=9) addr=0
11-05 15:00:01.566 D/r_submix( 247): submix_audio_device_destroy_pipe_l(): pipe destroyed
11-05 15:00:01.572 D/audio_so_hv_309( 247): creat hbg mic rcv thread
11-05 15:00:01.572 D/audio_so_hv_309( 247): 0208creat rcv thread!
11-05 15:00:01.572 I/BLEAudioDrive_HV410( 247): hbg_init enter
11-05 15:00:01.572 I/BLEAudioDrive_HV410( 247): hbg_chengshi_android12
11-05 15:00:01.572 I/BLEAudioDrive_HV410( 247): hbg_init exit
11-05 15:00:01.576 I/AudioFlinger( 266): loadHwModule() Loaded blehid audio interface, handle 42
11-05 15:00:01.578 I/BLEAudioDrive_HV410( 247): CONFIG_PRODUCT 10: PRODUCT_ID
11-05 15:00:01.576 I/HwBinder:247_2( 247): type=1400 audit(0.0:306): avc: denied { read } for name="remote.txt" dev="mmcblk0p25" ino=218 scontext=u:r:hal_audio_default:s0 tcontext=u:object_r:vendor_data_file:s0 tclass=lnk_file permissive=1
11-05 15:00:01.578 D/audio_so_hv_309( 247): ---0208 ReceiveAudioDataThread ---
11-05 15:00:01.578 D/audio_so_hv_309( 247): open HBG MIC audio channel!!!
11-05 15:00:01.578 D/audio_so_hv_309( 247): --- registerAudioDataCB 0 ---
11-05 15:00:01.579 I/BLEAudioDrive_HV410( 247): current line info : VENDOR_ID:0x1d5a
11-05 15:00:01.579 I/BLEAudioDrive_HV410( 247):
11-05 15:00:01.579 I/BLEAudioDrive_HV410( 247): config vendor : 0x1d5a
11-05 15:00:01.579 I/BLEAudioDrive_HV410( 247): current line info : PRODUCT_ID:0xc081
11-05 15:00:01.579 I/BLEAudioDrive_HV410( 247):
11-05 15:00:01.579 I/BLEAudioDrive_HV410( 247): config product : 0xc081
11-05 15:00:01.579 I/BLEAudioDrive_HV410( 247): current line info : AUDIOKEY_REPORTID:0x01
11-05 15:00:01.579 I/BLEAudioDrive_HV410( 247):
11-05 15:00:01.579 I/BLEAudioDrive_HV410( 247): config report_id : 1
11-05 15:00:01.579 I/BLEAudioDrive_HV410( 247): current line info : AUDIOKEY_VALUE:0x3e
11-05 15:00:01.579 I/BLEAudioDrive_HV410( 247):
11-05 15:00:01.579 I/BLEAudioDrive_HV410( 247): config key value : 3e 0
11-05 15:00:01.579 I/BLEAudioDrive_HV410( 247): current line info : DYNAMIC_BLE:1
11-05 15:00:01.579 I/BLEAudioDrive_HV410( 247):
11-05 15:00:01.579 I/BLEAudioDrive_HV410( 247): config DYNAMIC BLE : 1
11-05 15:00:01.579 I/BLEAudioDrive_HV410( 247): current line info : START_RADIO:
11-05 15:00:01.579 I/BLEAudioDrive_HV410( 247):
11-05 15:00:01.579 I/BLEAudioDrive_HV410( 247): not set boardcast !!
11-05 15:00:01.579 I/BLEAudioDrive_HV410( 247): config start broadcast :
11-05 15:00:01.579 I/BLEAudioDrive_HV410( 247):
11-05 15:00:01.579 I/BLEAudioDrive_HV410( 247): current line info : STOP_RADIO:
11-05 15:00:01.579 I/BLEAudioDrive_HV410( 247):
11-05 15:00:01.579 I/BLEAudioDrive_HV410( 247): current line info : DEBUG_LOG:4
11-05 15:00:01.579 I/BLEAudioDrive_HV410( 247):
11-05 15:00:01.579 I/BLEAudioDrive_HV410( 247): config debug level : 4
11-05 15:00:01.579 I/BLEAudioDrive_HV410( 247): current line info : FORMAT_AU:1
11-05 15:00:01.579 I/BLEAudioDrive_HV410( 247):
11-05 15:00:01.579 I/BLEAudioDrive_HV410( 247): config audioF : 1
11-05 15:00:01.579 I/BLEAudioDrive_HV410( 247): current line info : CMD_REPORTID:0x01
11-05 15:00:01.579 I/BLEAudioDrive_HV410( 247):
11-05 15:00:01.579 I/BLEAudioDrive_HV410( 247): config cmd_report_id : 1
11-05 15:00:01.579 I/BLEAudioDrive_HV410( 247): current line info :
11-05 15:00:01.579 I/BLEAudioDrive_HV410( 247):
11-05 15:00:01.579 I/BLEAudioDrive_HV410( 247): current line info :
11-05 15:00:01.579 I/BLEAudioDrive_HV410( 247):
11-05 15:00:01.579 I/BLEAudioDrive_HV410( 247): current line info :
11-05 15:00:01.579 I/BLEAudioDrive_HV410( 247):
11-05 15:00:01.579 I/BLEAudioDrive_HV410( 247): devices vendor is 0x1d5a
11-05 15:00:01.579 I/BLEAudioDrive_HV410( 247): devices product is 0xc081
11-05 15:00:01.580 I/BLEAudioDrive_HV410( 247): doinit_thread exit
11-05 15:00:01.589 I/BLEAudioDrive_HV410( 247): hidraw_read_task
11-05 15:00:01.589 D/audio_so_hv_309( 247): ---0223 monit_mic_Thread ---
11-05 15:00:01.589 D/audio_so_hv_309( 247): HBG remote is powerdown!
11-05 15:00:01.590 I/AudioFlinger( 266): AudioFlinger's thread 0xee046e40 tid=465 ready to run
11-05 15:00:01.590 I/BLEAudioDrive_HV410( 247): decode audio_thread start.
11-05 15:00:01.590 I/BLEAudioDrive_HV410( 247): monit_audio_thread start.
11-05 15:00:01.590 I/BLEAudioDrive_HV410( 247): write to remote start:-1
11-05 15:00:01.590 I/BLEAudioDrive_HV410( 247): send start to remote fail: Bad file descriptor
11-05 15:00:01.590 I/BLEAudioDrive_HV410( 247): audSever start!
11-05 15:00:01.590 W/AudioFlinger( 266): no wake lock to update, system not ready yet
11-05 15:00:01.590 D/audio_so_hv_309( 247): --- unRegisterAudioDataCB 0---
11-05 15:00:01.590 D/audio_so_hv_309( 247): unRegisterAudioDataCB:DeInitRingBuffer
11-05 15:00:01.588 I/HwBinder:247_2( 247): type=1400 audit(0.0:307): avc: denied { read } for name="/" dev="tmpfs" ino=2152 scontext=u:r:hal_audio_default:s0 tcontext=u:object_r:device:s0 tclass=dir permissive=1
11-05 15:00:01.588 I/HwBinder:247_2( 247): type=1400 audit(0.0:308): avc: denied { watch } for path="/dev" dev="tmpfs" ino=2152 scontext=u:r:hal_audio_default:s0 tcontext=u:object_r:device:s0 tclass=dir permissive=1
11-05 15:00:01.595 I/BLEAudioDrive_HV410( 247): write to remote stop:-1
11-05 15:00:01.595 I/BLEAudioDrive_HV410( 247): send stop to remote fail: Bad file descriptor
11-05 15:00:01.595 I/BLEAudioDrive_HV410( 247): audSever stop!
11-05 15:00:01.595 I/audioserver( 266): Waiting for activity service
11-05 15:00:01.664 W/awplayer( 360): : Set log level to 3
11-05 15:00:01.719 I/cedarc ( 360): : register avs decoder success!
11-05 15:00:01.720 I/cedarc ( 360): : register h264 decoder success!
11-05 15:00:01.720 I/cedarc ( 360): : register h265 decoder success!
11-05 15:00:01.721 I/cedarc ( 360): : register mjpeg decoder success!
11-05 15:00:01.722 I/cedarc ( 360): : register mjpegplus decoder success!
11-05 15:00:01.723 I/cedarc ( 360): : register mpeg2 decoder success!
11-05 15:00:01.723 W/awplayer( 360): : Invalid plugin,function CedarPluginVDInit not found.
11-05 15:00:01.724 I/cedarc ( 360): : register mpeg4dx decoder success!
11-05 15:00:01.724 I/cedarc ( 360): : register mpeg4H263 decoder success!
11-05 15:00:01.724 I/cedarc ( 360): : register mpeg4Normal decoder success!
11-05 15:00:01.725 I/cedarc ( 360): : register Mpeg4Vp6 decoder success!
11-05 15:00:01.725 I/cedarc ( 360): : register vp6Soft decoder success!
11-05 15:00:01.725 I/cedarc ( 360): : register vp8 decoder success!
11-05 15:00:01.726 E/cedarc ( 360): : register Wmv12Soft decoder failure!!!
11-05 15:00:01.726 I/cedarc ( 360): : register vc1 decoder success!
11-05 15:00:01.726 D/cedarc ( 360): : register Vp9Hw decoder success!
11-05 15:00:01.727 I/cedarc ( 360): : register avs2 decoder success!
11-05 15:00:01.731 D/awplayer( 360): : aw stream init...
11-05 15:00:01.731 D/awplayer( 360): : Register stream rtp version v1.1
11-05 15:00:01.742 I/mediaserver( 360): ServiceManager: 0xf20df960
11-05 15:00:01.743 W/BatteryNotifier( 360): batterystats service unavailable!
11-05 15:00:01.744 W/BatteryNotifier( 360): batterystats service unavailable!
11-05 15:00:01.778 E/cutils-trace( 473): Error opening trace file: No such file or directory (2)
11-05 15:00:01.832 E/cutils-trace( 477): Error opening trace file: No such file or directory (2)
11-05 15:00:01.858 D/Zygote ( 242): VMRuntime.setVerifierEnabled(true)
11-05 15:00:01.890 I/zygote ( 242): Explicit concurrent copying GC freed 6063(606KB) AllocSpace objects, 0(0B) LOS objects, 68% free, 720KB/2256KB, paused 129us total 31.484ms
11-05 15:00:01.915 I/zygote ( 242): Explicit concurrent copying GC freed 229(40KB) AllocSpace objects, 0(0B) LOS objects, 68% free, 711KB/2247KB, paused 59us total 24.677ms
11-05 15:00:01.955 I/adbd ( 396): adbd mDNS service _adb-tls-connect._tcp registered: 1
11-05 15:00:01.955 I/adbd ( 396): adbd mDNS service _adb._tcp registered: 1
11-05 15:00:01.993 D/Zygote ( 242): Forked child process 484
11-05 15:00:01.993 I/Zygote ( 242): System server process 484 has been created
11-05 15:00:01.995 I/Zygote ( 242): Accepting command socket connections
11-05 15:00:02.317 I/Zygote ( 484): seccomp disabled by setenforce 0
11-05 15:00:02.336 W/system_server( 484): Failed to upload odrefresh metrics: metrics file '/data/misc/odrefresh/odrefresh-metrics.txt' could not be opened: No such file or directory
11-05 15:00:02.342 I/adbd ( 396): jdwp connection from 484
11-05 15:00:02.346 D/Zygote ( 484): begin preload_base
11-05 15:00:02.346 I/Zygote ( 484): Calling ZygoteHooks.beginPreload()
11-05 15:00:02.488 I/EventThread( 260): type=1400 audit(0.0:309): avc: denied { search } for name="extcon" dev="sysfs" ino=18103 scontext=u:r:hal_tv_cec_default:s0 tcontext=u:object_r:sysfs_extcon:s0 tclass=dir permissive=1
11-05 15:00:02.544 D/ApplicationLoaders( 484): Created zygote-cached class loader: /system/framework/android.hidl.base-V1.0-java.jar
11-05 15:00:02.550 D/ApplicationLoaders( 484): Created zygote-cached class loader: /system/framework/android.hidl.manager-V1.0-java.jar
11-05 15:00:02.557 D/ApplicationLoaders( 484): Created zygote-cached class loader: /system/framework/android.test.base.jar
11-05 15:00:02.557 I/Zygote ( 484): Preloading resources...
11-05 15:00:02.582 W/Resources( 484): Preloaded drawable resource #0x1080286 (android:drawable/dialog_background_material) that varies with configuration!!
11-05 15:00:02.614 I/Zygote ( 484): ...preloaded 64 resources in 57ms.
11-05 15:00:02.621 I/Zygote ( 484): ...preloaded 41 resources in 6ms.
11-05 15:00:02.621 D/Zygote ( 484): Zygote:ThreadPreadloadBase took 277ms.
11-05 15:00:02.623 D/Zygote ( 484): Zygote:ThreadPreadloadClass start
11-05 15:00:02.625 I/Zygote ( 484): Preloading classes...
11-05 15:00:02.629 I/SystemServerTiming( 484): InitBeforeStartServices
11-05 15:00:02.636 I/SystemServer( 484): Entered the Android system server!
11-05 15:00:02.636 I/rainbow_flow( 321): type=1400 audit(0.0:310): avc: denied { ioctl } for path="/dev/spidev1.0" dev="tmpfs" ino=1229 ioctlcmd=0x6b00 scontext=u:r:init:s0 tcontext=u:object_r:device:s0 tclass=chr_file permissive=1
11-05 15:00:02.684 D/libEGL ( 484): loaded /vendor/lib/egl/libGLES_mali.so
11-05 15:00:02.706 D/RenderEngine( 289): shader cache generated - 48 shaders in 2292.406982 ms
11-05 15:00:02.710 I/HidlServiceManagement( 289): Registered android.frameworks.displayservice@1.0::IDisplayService/default
11-05 15:00:02.711 D/SurfaceFlinger( 289): Setting power mode 2 on display 0
11-05 15:00:02.711 D/sunxihwc( 256): setPowerMode: device(hdmi0) power mode: On
11-05 15:00:02.711 I/sunxihwc( 256): setRuntimeState: disp2 blank control [unblank], driver usage [1]
11-05 15:00:02.711 D/SurfaceFlinger( 289): Finished setting power mode 2 on display 0
11-05 15:00:02.723 I/Typeface( 484): Preloading /system/fonts/Roboto-Regular.ttf
11-05 15:00:02.737 I/Typeface( 484): Preloading /system/fonts/RobotoStatic-Regular.ttf
11-05 15:00:02.837 I/Typeface( 484): Preloading /system/fonts/NotoSansCJK-Regular.ttc
11-05 15:00:02.837 I/Typeface( 484): Preloading /system/fonts/NotoSerifCJK-Regular.ttc
11-05 15:00:02.867 I/update_engine( 390): [INFO:cleanup_previous_update_action.cc(112)] Executing task 1
11-05 15:00:02.870 I/update_engine( 390): [INFO:cleanup_previous_update_action.cc(124)] CleanupPreviousUpdateAction scheduled task ID 3 for WaitBootCompleted
11-05 15:00:02.879 E/ActivityRecognitionHardware( 484): activity_recognition HAL is deprecated. class_init is effectively a no-op
11-05 15:00:02.959 E/UsbAlsaJackDetectorJNI( 484): Can't register UsbAlsaJackDetector native methods
11-05 15:00:02.983 D/BootAnimation( 520): BootAnimationPreloadTiming start time: 9913ms
11-05 15:00:02.986 I/SystemServerInitThreadPool( 484): Creating instance with 4 threads
11-05 15:00:02.988 I/SystemServerTimingAsync( 484): InitThreadPoolExec:loadPreinstalledSystemFontMap
11-05 15:00:02.989 D/SystemServerInitThreadPool( 484): Started executing loadPreinstalledSystemFontMap
11-05 15:00:02.989 I/SystemServerTimingAsync( 484): loadPreinstalledSystemFontMap
11-05 15:00:02.989 I/SystemServerTiming( 484): StartServices
11-05 15:00:02.989 D/SystemServer( 484): VMRuntime.setVerifierEnabled(false)
11-05 15:00:02.989 I/SystemServerTiming( 484): startBootstrapServices
11-05 15:00:02.989 I/SystemServerTiming( 484): StartWatchdog
11-05 15:00:03.002 E/BootAnimation( 520): no audio.wav could be found!
11-05 15:00:03.002 D/BootAnimation( 520): BootAnimationPreloadStopTiming start time: 9932ms
11-05 15:00:03.003 E/HWComposer( 289): getSupportedContentTypes: getSupportedContentTypes failed for display 0: Unsupported (8)
11-05 15:00:03.006 E/cutils-trace( 520): Error opening trace file: No such file or directory (2)
11-05 15:00:03.026 I/SystemServer( 484): Reading configuration...
11-05 15:00:03.026 I/SystemServerTiming( 484): ReadingSystemConfig
11-05 15:00:03.027 I/SystemServerTimingAsync( 484): InitThreadPoolExec:ReadingSystemConfig
11-05 15:00:03.027 D/libEGL ( 520): loaded /vendor/lib/egl/libGLES_mali.so
11-05 15:00:03.029 I/SystemServerTiming( 484): PlatformCompat
11-05 15:00:03.030 D/SystemServerInitThreadPool( 484): Started executing ReadingSystemConfig
11-05 15:00:03.032 D/CompatConfig( 484): Found a config file: /system/etc/compatconfig/documents-ui-compat-config.xml
11-05 15:00:03.033 D/MtpDeviceJNI( 484): register_android_mtp_MtpDevice
11-05 15:00:03.034 D/CompatConfig( 484): Adding: com.android.server.compat.config.Change@984a88e
11-05 15:00:03.036 D/CompatConfig( 484): Found a config file: /system/etc/compatconfig/icu4j-platform-compat-config.xml
11-05 15:00:03.038 D/CompatConfig( 484): Adding: com.android.server.compat.config.Change@e86a4bc
11-05 15:00:03.039 D/CompatConfig( 484): Found a config file: /system/etc/compatconfig/services-platform-compat-config.xml
11-05 15:00:03.044 D/CompatConfig( 484): Adding: com.android.server.compat.config.Change@f26bf9a
11-05 15:00:03.045 I/SystemConfig( 484): Reading permissions from /system/etc/sysconfig/framework-sysconfig.xml
11-05 15:00:03.047 D/CompatConfig( 484): Adding: com.android.server.compat.config.Change@d7750a8
11-05 15:00:03.048 I/incfs ( 484): Initial API level of the device: 31
11-05 15:00:03.049 I/incfs ( 484): ro.incremental.enable: module:/vendor/lib/modules/incrementalfs.ko
11-05 15:00:03.049 I/incfs ( 484): isFsAvailable: false
11-05 15:00:03.050 I/incfs ( 484): isFsAvailable: false
11-05 15:00:03.050 E/incfs ( 484): could not open IncFs kernel module "/vendor/lib/modules/incrementalfs.ko": No such file or directory
11-05 15:00:03.050 E/incfs ( 484): IncFs_Features: failed to open features dir, assuming v1/none.: No such file or directory
11-05 15:00:03.050 I/SystemConfig( 484): Reading permissions from /system/etc/sysconfig/preinstalled-packages-com.android.providers.media.module.xml
11-05 15:00:03.051 D/CompatConfig( 484): Adding: com.android.server.compat.config.Change@50b7c1
11-05 15:00:03.052 D/CompatConfig( 484): Adding: com.android.server.compat.config.Change@da38ea7
11-05 15:00:03.053 D/CompatConfig( 484): Adding: com.android.server.compat.config.Change@44cf54
11-05 15:00:03.054 D/CompatConfig( 484): Adding: com.android.server.compat.config.Change@3700efd
11-05 15:00:03.055 D/CompatConfig( 484): Adding: com.android.server.compat.config.Change@bf06e43
11-05 15:00:03.055 I/SystemConfig( 484): Reading permissions from /system/etc/sysconfig/preinstalled-packages-platform.xml
11-05 15:00:03.056 D/CompatConfig( 484): Adding: com.android.server.compat.config.Change@1c98cc0
11-05 15:00:03.057 I/SystemConfig( 484): Reading permissions from /system/etc/sysconfig/hiddenapi-package-whitelist.xml
11-05 15:00:03.058 D/CompatConfig( 484): Adding: com.android.server.compat.config.Change@fb2513e
11-05 15:00:03.059 D/CompatConfig( 484): Adding: com.android.server.compat.config.Change@7a1ab9f
11-05 15:00:03.062 D/CompatConfig( 484): Adding: com.android.server.compat.config.Change@e1ab4ec
11-05 15:00:03.063 D/CompatConfig( 484): Adding: com.android.server.compat.config.Change@f0720b5
11-05 15:00:03.064 D/CompatConfig( 484): Adding: com.android.server.compat.config.Change@2fe434a
11-05 15:00:03.064 I/SystemConfig( 484): Reading permissions from /system/etc/sysconfig/preinstalled-packages-platform-full-base.xml
11-05 15:00:03.065 D/CompatConfig( 484): Adding: com.android.server.compat.config.Change@b7433d8
11-05 15:00:03.067 D/CompatConfig( 484): Adding: com.android.server.compat.config.Change@9561331
11-05 15:00:03.068 D/CompatConfig( 484): Adding: com.android.server.compat.config.Change@c654a16
11-05 15:00:03.069 I/SystemConfig( 484): Reading permissions from /system/etc/permissions/android.test.base.xml
11-05 15:00:03.071 I/SystemConfig( 484): Reading permissions from /system/etc/permissions/com.android.networkstack.xml
11-05 15:00:03.071 D/CompatConfig( 484): Adding: com.android.server.compat.config.Change@9c7b16d
11-05 15:00:03.072 D/CompatConfig( 484): Adding: com.android.server.compat.config.Change@963f1a2
11-05 15:00:03.073 D/CompatConfig( 484): Adding: com.android.server.compat.config.Change@8796e33
11-05 15:00:03.073 D/CompatConfig( 484): Adding: com.android.server.compat.config.Change@9b9a5f0
11-05 15:00:03.074 D/CompatConfig( 484): Adding: com.android.server.compat.config.Change@c3af769
11-05 15:00:03.075 D/CompatConfig( 484): Adding: com.android.server.compat.config.Change@b385ee
11-05 15:00:03.075 D/CompatConfig( 484): Adding: com.android.server.compat.config.Change@352ba8f
11-05 15:00:03.076 D/CompatConfig( 484): Adding: com.android.server.compat.config.Change@8ab311c
11-05 15:00:03.077 D/CompatConfig( 484): Adding: com.android.server.compat.config.Change@182a125
11-05 15:00:03.078 D/CompatConfig( 484): Adding: com.android.server.compat.config.Change@95612fa
11-05 15:00:03.078 D/CompatConfig( 484): Adding: com.android.server.compat.config.Change@aca70ab
11-05 15:00:03.079 D/CompatConfig( 484): Adding: com.android.server.compat.config.Change@5c84308
11-05 15:00:03.079 D/CompatConfig( 484): Adding: com.android.server.compat.config.Change@ae12aa1
11-05 15:00:03.080 D/CompatConfig( 484): Adding: com.android.server.compat.config.Change@66264c6
11-05 15:00:03.080 D/CompatConfig( 484): Adding: com.android.server.compat.config.Change@9bd6c87
11-05 15:00:03.081 D/CompatConfig( 484): Adding: com.android.server.compat.config.Change@42287b4
11-05 15:00:03.081 D/CompatConfig( 484): Adding: com.android.server.compat.config.Change@144cfdd
11-05 15:00:03.082 D/CompatConfig( 484): Adding: com.android.server.compat.config.Change@3900752
11-05 15:00:03.082 D/CompatConfig( 484): Adding: com.android.server.compat.config.Change@1fa4a23
11-05 15:00:03.083 D/CompatConfig( 484): Adding: com.android.server.compat.config.Change@43a6b20
11-05 15:00:03.084 D/CompatConfig( 484): Adding: com.android.server.compat.config.Change@4438cd9
11-05 15:00:03.084 D/CompatConfig( 484): Adding: com.android.server.compat.config.Change@e83469e
11-05 15:00:03.085 D/CompatConfig( 484): Adding: com.android.server.compat.config.Change@99d657f
11-05 15:00:03.086 D/CompatConfig( 484): Adding: com.android.server.compat.config.Change@c2b194c
11-05 15:00:03.086 D/CompatConfig( 484): Adding: com.android.server.compat.config.Change@cd71d95
11-05 15:00:03.087 D/CompatConfig( 484): Adding: com.android.server.compat.config.Change@8d92eaa
11-05 15:00:03.087 D/CompatConfig( 484): Adding: com.android.server.compat.config.Change@22cda9b
11-05 15:00:03.088 D/CompatConfig( 484): Adding: com.android.server.compat.config.Change@6967e38
11-05 15:00:03.089 D/CompatConfig( 484): Adding: com.android.server.compat.config.Change@fd8fe11
11-05 15:00:03.089 D/CompatConfig( 484): Adding: com.android.server.compat.config.Change@ef38b76
11-05 15:00:03.090 D/CompatConfig( 484): Adding: com.android.server.compat.config.Change@5748577
11-05 15:00:03.091 D/CompatConfig( 484): Adding: com.android.server.compat.config.Change@45145e4
11-05 15:00:03.091 D/CompatConfig( 484): Adding: com.android.server.compat.config.Change@c3e6a4d
11-05 15:00:03.092 D/CompatConfig( 484): Adding: com.android.server.compat.config.Change@f84e902
11-05 15:00:03.093 D/CompatConfig( 484): Adding: com.android.server.compat.config.Change@4220213
11-05 15:00:03.094 D/CompatConfig( 484): Adding: com.android.server.compat.config.Change@ccedc50
11-05 15:00:03.094 D/CompatConfig( 484): Found a config file: /system/etc/compatconfig/calendar-provider-compat-config.xml
11-05 15:00:03.096 D/CompatConfig( 484): Adding: com.android.server.compat.config.Change@fdc934e
11-05 15:00:03.097 D/CompatConfig( 484): Found a config file: /system/etc/compatconfig/framework-platform-compat-config.xml
11-05 15:00:03.101 D/CompatConfig( 484): Adding: com.android.server.compat.config.Change@94d6d7c
11-05 15:00:03.102 D/CompatConfig( 484): Adding: com.android.server.compat.config.Change@73b9605
11-05 15:00:03.103 D/CompatConfig( 484): Adding: com.android.server.compat.config.Change@8f2965a
11-05 15:00:03.103 D/CompatConfig( 484): Adding: com.android.server.compat.config.Change@cb5a08b
11-05 15:00:03.104 D/CompatConfig( 484): Adding: com.android.server.compat.config.Change@6c1e568
11-05 15:00:03.104 D/CompatConfig( 484): Adding: com.android.server.compat.config.Change@ae48d81
11-05 15:00:03.105 D/CompatConfig( 484): Adding: com.android.server.compat.config.Change@933be26
11-05 15:00:03.105 D/CompatConfig( 484): Adding: com.android.server.compat.config.Change@65bba67
11-05 15:00:03.106 D/CompatConfig( 484): Adding: com.android.server.compat.config.Change@a83f014
11-05 15:00:03.106 D/CompatConfig( 484): Adding: com.android.server.compat.config.Change@cb80bd
11-05 15:00:03.106 D/CompatConfig( 484): Adding: com.android.server.compat.config.Change@70d96b2
11-05 15:00:03.107 D/CompatConfig( 484): Adding: com.android.server.compat.config.Change@45f9603
11-05 15:00:03.107 D/CompatConfig( 484): Adding: com.android.server.compat.config.Change@5b9f980
11-05 15:00:03.108 D/CompatConfig( 484): Adding: com.android.server.compat.config.Change@3346bb9
11-05 15:00:03.108 D/CompatConfig( 484): Adding: com.android.server.compat.config.Change@3a6bfe
11-05 15:00:03.109 D/CompatConfig( 484): Adding: com.android.server.compat.config.Change@a3b8f5f
11-05 15:00:03.109 D/CompatConfig( 484): Adding: com.android.server.compat.config.Change@3852dac
11-05 15:00:03.110 D/CompatConfig( 484): Adding: com.android.server.compat.config.Change@2a70a75
11-05 15:00:03.110 I/SystemConfig( 484): Reading permissions from /system/etc/permissions/android.test.mock.xml
11-05 15:00:03.110 D/CompatConfig( 484): Adding: com.android.server.compat.config.Change@eb3c27b
11-05 15:00:03.111 D/CompatConfig( 484): Adding: com.android.server.compat.config.Change@ded7898
11-05 15:00:03.111 D/CompatConfig( 484): Adding: com.android.server.compat.config.Change@66ad8f1
11-05 15:00:03.111 D/CompatConfig( 484): Adding: com.android.server.compat.config.Change@4fdfcd6
11-05 15:00:03.112 D/CompatConfig( 484): Adding: com.android.server.compat.config.Change@6b20b57
11-05 15:00:03.112 D/CompatConfig( 484): Adding: com.android.server.compat.config.Change@58d8644
11-05 15:00:03.108 I/BootAnimation( 520): type=1400 audit(0.0:311): avc: denied { search } for name="data" dev="mmcblk0p25" ino=87 scontext=u:r:bootanim:s0 tcontext=u:object_r:system_data_file:s0:c512,c768 tclass=dir permissive=1
11-05 15:00:03.113 D/CompatConfig( 484): Adding: com.android.server.compat.config.Change@8c3132d
11-05 15:00:03.113 D/CompatConfig( 484): Adding: com.android.server.compat.config.Change@cb51062
11-05 15:00:03.114 D/CompatConfig( 484): Adding: com.android.server.compat.config.Change@1e205f3
11-05 15:00:03.114 D/CompatConfig( 484): Adding: com.android.server.compat.config.Change@7fec2b0
11-05 15:00:03.114 D/CompatConfig( 484): Adding: com.android.server.compat.config.Change@aeab529
11-05 15:00:03.115 D/CompatConfig( 484): Adding: com.android.server.compat.config.Change@fd7d0ae
11-05 15:00:03.115 D/CompatConfig( 484): Adding: com.android.server.compat.config.Change@50d0e4f
11-05 15:00:03.115 D/CompatConfig( 484): Adding: com.android.server.compat.config.Change@10559dc
11-05 15:00:03.115 D/CompatConfig( 484): Adding: com.android.server.compat.config.Change@cd07ae5
11-05 15:00:03.116 D/CompatConfig( 484): Adding: com.android.server.compat.config.Change@c5449ba
11-05 15:00:03.116 D/CompatConfig( 484): Adding: com.android.server.compat.config.Change@e36406b
11-05 15:00:03.116 D/CompatConfig( 484): Adding: com.android.server.compat.config.Change@27c37c8
11-05 15:00:03.117 D/CompatConfig( 484): Adding: com.android.server.compat.config.Change@492e061
11-05 15:00:03.117 D/CompatConfig( 484): Adding: com.android.server.compat.config.Change@eed4786
11-05 15:00:03.118 D/CompatConfig( 484): Adding: com.android.server.compat.config.Change@e767847
11-05 15:00:03.118 D/CompatConfig( 484): Adding: com.android.server.compat.config.Change@f010874
11-05 15:00:03.118 D/CompatConfig( 484): Adding: com.android.server.compat.config.Change@1bc219d
11-05 15:00:03.119 D/CompatConfig( 484): Adding: com.android.server.compat.config.Change@bc65612
11-05 15:00:03.119 I/SystemConfig( 484): Reading permissions from /system/etc/permissions/com.android.mediadrm.signer.xml
11-05 15:00:03.120 D/CompatConfig( 484): Adding: com.android.server.compat.config.Change@36037e0
11-05 15:00:03.121 D/CompatConfig( 484): Adding: com.android.server.compat.config.Change@83e3a99
11-05 15:00:03.122 D/CompatConfig( 484): Adding: com.android.server.compat.config.Change@3afc15e
11-05 15:00:03.123 D/CompatConfig( 484): Adding: com.android.server.compat.config.Change@b74293f
11-05 15:00:03.123 I/SystemConfig( 484): Reading permissions from /system/etc/permissions/privapp-permissions-platform.xml
11-05 15:00:03.123 I/hwservicemanager( 180): getTransport: Cannot find entry android.hardware.configstore@1.0::ISurfaceFlingerConfigs/default in either framework or device VINTF manifest.
11-05 15:00:03.123 D/CompatConfig( 484): Adding: com.android.server.compat.config.Change@f2ee755
11-05 15:00:03.123 D/CompatConfig( 484): Adding: com.android.server.compat.config.Change@232956a
11-05 15:00:03.124 D/CompatConfig( 484): Adding: com.android.server.compat.config.Change@30c1a5b
11-05 15:00:03.124 D/CompatConfig( 484): Adding: com.android.server.compat.config.Change@99122f8
11-05 15:00:03.125 D/CompatConfig( 484): Adding: com.android.server.compat.config.Change@f43a3d1
11-05 15:00:03.127 D/CompatConfig( 484): Adding: com.android.server.compat.config.Change@5c9e36
11-05 15:00:03.128 D/CompatConfig( 484): Adding: com.android.server.compat.config.Change@3680137
11-05 15:00:03.133 D/CompatConfig( 484): Adding: com.android.server.compat.config.Change@d0dac0d
11-05 15:00:03.137 I/SystemConfig( 484): Reading permissions from /system/etc/permissions/android.software.webview.xml
11-05 15:00:03.137 D/CompatConfig( 484): Adding: com.android.server.compat.config.Change@23179d3
11-05 15:00:03.139 D/CompatConfig( 484): Adding: com.android.server.compat.config.Change@e615910
11-05 15:00:03.140 I/SystemConfig( 484): Reading permissions from /system/etc/permissions/javax.obex.xml
11-05 15:00:03.141 D/CompatConfig( 484): Adding: com.android.server.compat.config.Change@57d3e0e
11-05 15:00:03.142 D/CompatConfig( 484): Adding: com.android.server.compat.config.Change@c0fe02f
11-05 15:00:03.142 I/SystemConfig( 484): Reading permissions from /system/etc/permissions/android.hardware.hdmi.cec.xml
11-05 15:00:03.143 D/CompatConfig( 484): No directory /system/system_ext/etc/compatconfig, skipping
11-05 15:00:03.145 I/SystemConfig( 484): Reading permissions from /system/etc/permissions/com.android.documentsui.xml
11-05 15:00:03.146 D/CompatConfig( 484): No directory /apex/com.android.wifi/etc/compatconfig, skipping
11-05 15:00:03.146 D/CompatConfig( 484): No directory /apex/com.android.vndk.v31/etc/compatconfig, skipping
11-05 15:00:03.146 D/CompatConfig( 484): No directory /apex/com.android.tzdata/etc/compatconfig, skipping
11-05 15:00:03.146 D/CompatConfig( 484): No directory /apex/com.android.tethering/etc/compatconfig, skipping
11-05 15:00:03.147 D/CompatConfig( 484): No directory /apex/com.android.sdkext/etc/compatconfig, skipping
11-05 15:00:03.147 D/CompatConfig( 484): No directory /apex/com.android.scheduling/etc/compatconfig, skipping
11-05 15:00:03.147 D/CompatConfig( 484): No directory /apex/com.android.runtime/etc/compatconfig, skipping
11-05 15:00:03.147 D/CompatConfig( 484): No directory /apex/com.android.resolv/etc/compatconfig, skipping
11-05 15:00:03.147 D/CompatConfig( 484): No directory /apex/com.android.permission/etc/compatconfig, skipping
11-05 15:00:03.147 D/CompatConfig( 484): No directory /apex/com.android.os.statsd/etc/compatconfig, skipping
11-05 15:00:03.147 D/CompatConfig( 484): No directory /apex/com.android.neuralnetworks/etc/compatconfig, skipping
11-05 15:00:03.148 I/SystemConfig( 484): Reading permissions from /system/etc/permissions/privapp-vendor-permissions.xml
11-05 15:00:03.152 I/SystemConfig( 484): Reading permissions from /system/etc/permissions/permissions-awbms.xml
11-05 15:00:03.155 I/SystemConfig( 484): Reading permissions from /system/etc/permissions/com.android.media.remotedisplay.xml
11-05 15:00:03.157 D/CompatConfig( 484): Found a config file: /apex/com.android.mediaprovider/etc/compatconfig/media-provider-platform-compat-config.xml
11-05 15:00:03.158 I/SystemConfig( 484): Reading permissions from /system/etc/permissions/android.software.controls.xml
11-05 15:00:03.162 I/SystemConfig( 484): Reading permissions from /system/etc/permissions/android.software.live_wallpaper.xml
11-05 15:00:03.162 D/BootAnimation( 520): BootAnimationShownTiming start time: 10093ms
11-05 15:00:03.164 D/CompatConfig( 484): Adding: com.android.server.compat.config.Change@931d0d4
11-05 15:00:03.166 D/CompatConfig( 484): Adding: com.android.server.compat.config.Change@f124572
11-05 15:00:03.166 D/CompatConfig( 484): Adding: com.android.server.compat.config.Change@41c7dc3
11-05 15:00:03.167 D/CompatConfig( 484): Adding: com.android.server.compat.config.Change@6452640
11-05 15:00:03.167 D/CompatConfig( 484): Adding: com.android.server.compat.config.Change@298f979
11-05 15:00:03.168 D/CompatConfig( 484): Adding: com.android.server.compat.config.Change@3bb46be
11-05 15:00:03.169 I/SystemConfig( 484): Reading permissions from /system/etc/permissions/oranth-privapp-permissions.xml
11-05 15:00:03.169 D/CompatConfig( 484): Adding: com.android.server.compat.config.Change@476666c
11-05 15:00:03.175 D/CompatConfig( 484): No directory /apex/com.android.media.swcodec/etc/compatconfig, skipping
11-05 15:00:03.175 D/CompatConfig( 484): No directory /apex/com.android.media/etc/compatconfig, skipping
11-05 15:00:03.176 D/CompatConfig( 484): No directory /apex/com.android.ipsec/etc/compatconfig, skipping
11-05 15:00:03.176 D/CompatConfig( 484): No directory /apex/com.android.i18n/etc/compatconfig, skipping
11-05 15:00:03.176 D/CompatConfig( 484): No directory /apex/com.android.extservices/etc/compatconfig, skipping
11-05 15:00:03.176 D/CompatConfig( 484): No directory /apex/com.android.conscrypt/etc/compatconfig, skipping
11-05 15:00:03.179 D/CompatConfig( 484): Found a config file: /apex/com.android.art/etc/compatconfig/libcore-platform-compat-config.xml
11-05 15:00:03.182 D/CompatConfig( 484): Adding: com.android.server.compat.config.Change@a6110ca
11-05 15:00:03.184 D/CompatConfig( 484): Adding: com.android.server.compat.config.Change@d997d58
11-05 15:00:03.185 D/CompatConfig( 484): Adding: com.android.server.compat.config.Change@89b5eb1
11-05 15:00:03.186 D/CompatConfig( 484): Adding: com.android.server.compat.config.Change@ee76f96
11-05 15:00:03.187 I/SystemConfig( 484): Reading permissions from /system/etc/permissions/com.android.networkstack.tethering.xml
11-05 15:00:03.188 D/CompatConfig( 484): Adding: com.android.server.compat.config.Change@8e6717
11-05 15:00:03.189 D/CompatConfig( 484): No directory /apex/com.android.appsearch/etc/compatconfig, skipping
11-05 15:00:03.192 D/CompatConfig( 484): No directory /apex/com.android.adbd/etc/compatconfig, skipping
11-05 15:00:03.194 I/SystemConfig( 484): Reading permissions from /system/etc/permissions/org.apache.http.legacy.xml
11-05 15:00:03.199 I/SystemConfig( 484): Reading permissions from /system/etc/permissions/android.test.runner.xml
11-05 15:00:03.202 I/SystemServerTiming( 484): StartFileIntegrityService
11-05 15:00:03.202 I/Zygote ( 484): Preloading shared libraries...
11-05 15:00:03.203 I/SystemConfig( 484): Reading permissions from /system/etc/permissions/com.android.future.usb.accessory.xml
11-05 15:00:03.203 I/SystemServiceManager( 484): Starting com.android.server.security.FileIntegrityService
11-05 15:00:03.212 I/SystemConfig( 484): Reading permissions from /system/etc/permissions/com.android.location.provider.xml
11-05 15:00:03.214 I/SystemConfig( 484): Reading permissions from /system/etc/permissions/android.hardware.location.network.xml
11-05 15:00:03.216 I/SystemConfig( 484): Reading permissions from /system/etc/permissions/platform.xml
11-05 15:00:03.235 I/SystemConfig( 484): Reading permissions from /vendor/etc/permissions/android.hardware.touchscreen.multitouch.xml
11-05 15:00:03.238 I/SystemServerTiming( 484): StartInstaller
11-05 15:00:03.238 I/SystemServiceManager( 484): Starting com.android.server.pm.Installer
11-05 15:00:03.239 I/SystemConfig( 484): Reading permissions from /vendor/etc/permissions/android.software.verified_boot.xml
11-05 15:00:03.241 I/hwservicemanager( 180): getTransport: Cannot find entry android.hardware.graphics.mapper@4.0::IMapper/default in either framework or device VINTF manifest.
11-05 15:00:03.241 I/SystemConfig( 484): Reading permissions from /vendor/etc/permissions/android.hardware.vulkan.level.xml
11-05 15:00:03.241 I/Gralloc4( 520): mapper 4.x is not supported
11-05 15:00:03.242 I/hwservicemanager( 180): getTransport: Cannot find entry android.hardware.graphics.mapper@3.0::IMapper/default in either framework or device VINTF manifest.
11-05 15:00:03.242 W/Gralloc3( 520): mapper 3.x is not supported
