--------- beginning of main
11-05 14:59:55.496 W/lowmemorykiller( 178): LMKD : whitelist android.signature.cts.api.hiddenapi_blacklist_api_27;android.signature.cts.api.hiddenapi_blacklist_api_28;android.signature.cts.api.hiddenapi_blacklist_current;android.media.cts;android.process.media;com.antutu.ABenchMark;com.antutu.benchmark.full;com.antutu.benchmark.full:unity;com.antutu.ABenchMark:push;com.futuremark.dmandroid.application;com.allwinner.batterytest;cn.xender;com.socialnmobile.dictapps.notepad.color.note;org.videolan.vlc;
11-05 14:59:55.499 I/lowmemorykiller( 178): Using psi monitors for memory pressure detection
11-05 14:59:55.500 I/lowmemorykiller( 178): Process polling is supported
11-05 14:59:55.521 I/format_device( 185): Don't need to format /dev/block/by-name/Reserve0
11-05 14:59:55.524 I/SELinux ( 181): SELinux: Loaded service_contexts from:
11-05 14:59:55.524 W/SELinux ( 179): Multiple same specifications for softwinner\.multiir.
11-05 14:59:55.524 I/SELinux ( 181): /vendor/etc/selinux/vndservice_contexts
11-05 14:59:55.525 I/SELinux ( 179): SELinux: Loaded service_contexts from:
11-05 14:59:55.525 I/SELinux ( 179): /system/etc/selinux/plat_service_contexts
11-05 14:59:55.525 I/SELinux ( 179): /system_ext/etc/selinux/system_ext_service_contexts
11-05 14:59:55.525 I/SELinux ( 179): /vendor/etc/selinux/vendor_service_contexts
11-05 14:59:55.528 I/hwservicemanager( 180): getFrameworkHalManifest: Reading VINTF information.
11-05 14:59:55.540 I/hwservicemanager( 180): getDeviceHalManifest: Reading VINTF information. --------- beginning of kernel
11-05 14:59:53.498 I/usbcore ( 1): registered new interface driver ums-sddr55
11-05 14:59:53.498 I/usbcore ( 1): registered new interface driver ums-usbat
11-05 14:59:53.498 I/usbcore ( 1): registered new interface driver xpad
11-05 14:59:53.498 I/usbcore ( 1): registered new interface driver usb_acecad
11-05 14:59:53.498 I/usbcore ( 1): registered new interface driver aiptek
11-05 14:59:53.498 I/usbcore ( 1): registered new interface driver gtco
11-05 14:59:53.498 I/usbcore ( 1): registered new interface driver hanwang
11-05 14:59:53.498 I/usbcore ( 1): registered new interface driver kbtab
11-05 14:59:53.498 E/sunxi-rtc 7000000.rtc( 1): reset_control_get() failed
11-05 14:59:53.505 W/sunxi-rtc 7000000.rtc( 1): Fail to get clock 'rtc-spi'
11-05 14:59:53.506 I/sunxi-rtc 7000000.rtc( 1): registered as rtc0
11-05 14:59:53.506 I/sunxi-rtc 7000000.rtc( 1): setting system clock to 2025-11-05T06:59:53 UTC (1762325993)
11-05 14:59:53.506 I/sunxi-rtc 7000000.rtc( 1): sunxi rtc probed
11-05 14:59:53.506 I/ ( 1): i2c /dev entries driver
11-05 14:59:53.506 I/ ( 1): IR NEC protocol handler initialized
11-05 14:59:53.506 I/ ( 1): IR RC5(x/sz) protocol handler initialized
11-05 14:59:53.506 I/usbcore ( 1): registered new interface driver uvcvideo
11-05 14:59:53.506 I/ ( 1): USB Video Class driver (1.1.1)
11-05 14:59:53.506 D/ ( 1): sunxi cedar version 1.1
11-05 14:59:53.507 I/sunxi-cedar 1c0e000.ve( 1): Adding to iommu group 0
11-05 14:59:53.507 D/VE ( 1): install start!!!
11-05 14:59:53.507 I/VE ( 1): cedar-ve the get irq is 20
11-05 14:59:53.507 I/VE ( 1): ve_debug_proc_info:(____ptrval____), data:(____ptrval____), lock:(____ptrval____)
11-05 14:59:53.507 D/VE ( 1): install end!!!
11-05 14:59:53.507 I/sunxi-cedar soc@3000000( 1): ve1@1c0e000: Adding to iommu group 0
11-05 14:59:53.507 I/VE ( 1): device ve1 just use to add iommu master
11-05 14:59:53.507 I/sunxi-wdt 30090a0.watchdog( 1): Watchdog enabled (timeout=16 sec, nowayout=0)
11-05 14:59:53.508 I/device-mapper( 1): uevent: version 1.0.3
11-05 14:59:53.508 I/device-mapper( 1): ioctl: 4.41.0-ioctl (2019-09-16) initialised: dm-devel@redhat.com
11-05 14:59:53.509 I/hidraw ( 1): raw HID events driver (C) Jiri Kosina
11-05 14:59:53.512 I/usbcore ( 1): registered new interface driver usbhid
11-05 14:59:53.512 I/usbhid ( 1): USB HID core driver
11-05 14:59:53.512 I/ashmem ( 1): initialized
11-05 14:59:53.512 I/optee ( 1): probing for conduit method from DT.
11-05 14:59:53.512 I/optee ( 1): revision 2.5
11-05 14:59:53.513 I/optee ( 1): initialized driver
11-05 14:59:53.513 D/ ( 1): drm_base=0x40000000
11-05 14:59:53.513 D/ ( 1): drm_size=0x0
11-05 14:59:53.513 D/ ( 1): tee_base=0x2000000
11-05 14:59:53.513 I/usbcore ( 1): registered new interface driver snd-usb-audio
11-05 14:59:53.513 I/netem ( 1): version 1.3
11-05 14:59:53.513 I/ ( 1): u32 classifier
11-05 14:59:53.513 I/ ( 1): input device check on
11-05 14:59:53.513 I/ ( 1): Actions configured
11-05 14:59:53.514 I/xt_time ( 1): kernel timezone is -0000
11-05 14:59:53.514 I/ipip ( 1): IPv4 and MPLS over IPv4 tunneling driver
11-05 14:59:53.514 I/gre ( 1): GRE over IPv4 demultiplexor driver
11-05 14:59:53.514 I/ip_gre ( 1): GRE over IPv4 tunneling driver
11-05 14:59:53.515 I/ ( 1): IPv4 over IPsec tunneling driver
11-05 14:59:53.516 I/ ( 1): Initializing XFRM netlink socket
11-05 14:59:53.516 I/ ( 1): IPsec XFRM device driver
11-05 14:59:53.516 I/NET ( 1): Registered protocol family 10
11-05 14:59:53.517 I/ ( 1): Segment Routing with IPv6
11-05 14:59:53.517 I/mip6 ( 1): Mobile IPv6
11-05 14:59:53.518 I/sit ( 1): IPv6, IPv4 and MPLS over IPv4 tunneling driver
11-05 14:59:53.518 I/ip6_gre ( 1): GRE over IPv6 tunneling driver
11-05 14:59:53.519 I/NET ( 1): Registered protocol family 17
11-05 14:59:53.519 I/NET ( 1): Registered protocol family 15
11-05 14:59:53.519 I/Bluetooth( 1): RFCOMM TTY layer initialized
11-05 14:59:53.519 I/Bluetooth( 1): RFCOMM socket layer initialized
11-05 14:59:53.519 I/Bluetooth( 1): RFCOMM ver 1.11
11-05 14:59:53.519 I/Bluetooth( 1): HIDP (Human Interface Emulation) ver 1.2
11-05 14:59:53.519 I/Bluetooth( 1): HIDP socket layer initialized
11-05 14:59:53.519 I/l2tp_core( 1): L2TP core driver, V2.0
11-05 14:59:53.519 I/l2tp_ppp( 1): PPPoL2TP kernel driver, V2.0
11-05 14:59:53.519 I/tipc ( 1): Activated (version 2.0.0)
11-05 14:59:53.519 I/NET ( 1): Registered protocol family 30
11-05 14:59:53.519 I/tipc ( 1): Started in single node mode
11-05 14:59:53.519 I/ ( 1): registered taskstats version 1
11-05 14:59:53.519 I/ ( 1): Loading compiled-in X.509 certificates
11-05 14:59:53.520 I/ ( 1): Key type ._fscrypt registered
11-05 14:59:53.520 I/ ( 1): Key type .fscrypt registered
11-05 14:59:53.520 I/ ( 1): Key type fscrypt-provisioning registered
11-05 14:59:53.520 I/ ( 1): HDMI 2.0 driver init start!
11-05 14:59:53.520 I/ ( 1): boot_hdmi=true
11-05 14:59:53.521 I/ ( 1): Can not find the node of esm
11-05 14:59:53.521 E/ ( 1): ERROR: pinctrl_get for HDMI2.0 DDC fail
11-05 14:59:53.527 I/Get hdmi_power0( 1): aldo1
11-05 14:59:53.527 W/ ( 1): (NULL device *): deviceless supply aldo1 not found, using dummy regulator
11-05 14:59:53.528 I/Get hdmi_power1( 1): dcdc1
11-05 14:59:53.528 W/ ( 1): (NULL device *): deviceless supply dcdc1 not found, using dummy regulator
11-05 14:59:53.529 I/ ( 1): hdmi_cec_init
11-05 14:59:53.529 W/[DISP] disp_device_attached,line( 33): 159:
11-05 14:59:53.529 W/ ( 33): attached ok, mgr0<-->device0, type=4
11-05 14:59:53.529 I/[HDMI receive params]( 33): tv mode: 0xa format:0x1 data bits:0x0 eotf:0x4 cs:0x101 dvi_hdmi:2 range:2 scan:0 aspect_ratio:8
11-05 14:59:53.529 W/[DISP] disp_hdmi_set_mode,line( 33): 681:
11-05 14:59:53.529 W/ ( 33): hdmi_set_mode is null!
11-05 14:59:53.531 I/ ( 1): HDMI2.0 module init end
11-05 14:59:53.531 E/ ( 1): tv_probe()1574 - of_property_read_string tv_power failed!
11-05 14:59:53.539 D/ ( 1): tv probe finished!
11-05 14:59:53.595 W/[DISP] de_rtmx_mgr_apply,line( 33): 464:
11-05 14:59:53.595 W/ ( 33): ctx->output.hdr_type=0
11-05 14:59:53.595 W/[DISP] de_rtmx_mgr_apply,line( 33): 482:
11-05 14:59:53.595 W/ ( 33): ctx->output.hdr_type=0
11-05 14:59:53.616 I/sun50iw9-pinctrl 300b000.pinctrl( 34): initialized sunXi PIO driver
11-05 14:59:53.617 W/sun50iw9-pinctrl 300b000.pinctrl( 34): 300b000.pinctrl supply vcc-pc not found, using dummy regulator
11-05 14:59:53.617 I/sunxi-mmc 4022000.sdmmc( 34): SD/MMC/SDIO Host Controller Driver(v4.20 2021-12-17 11:02)
11-05 14:59:53.617 I/sunxi-mmc 4022000.sdmmc( 34): ***ctl-spec-caps*** 308
11-05 14:59:53.618 I/sunxi-mmc 4022000.sdmmc( 34): No vdmmc regulator found
11-05 14:59:53.618 I/sunxi-mmc 4022000.sdmmc( 34): No vd33sw regulator found
11-05 14:59:53.618 I/sunxi-mmc 4022000.sdmmc( 34): No vd18sw regulator found
11-05 14:59:53.618 I/sunxi-mmc 4022000.sdmmc( 34): No vq33sw regulator found
11-05 14:59:53.618 I/sunxi-mmc 4022000.sdmmc( 34): No vq18sw regulator found
11-05 14:59:53.618 W/sunxi-mmc 4022000.sdmmc( 34): Cann't get pin bias hs pinstate,check if needed
11-05 14:59:53.619 I/sunxi-mmc 4022000.sdmmc( 34): sdc set ios:clk 0Hz bm PP pm UP vdd 23 width 1 timing LEGACY(SDR12) dt B
11-05 14:59:53.632 I/sunxi-mmc 4022000.sdmmc( 34): sdc set ios:clk 400000Hz bm PP pm ON vdd 23 width 1 timing LEGACY(SDR12) dt B
11-05 14:59:53.645 I/sunxi-mmc 4022000.sdmmc( 34): detmode:alway in(non removable)
11-05 14:59:53.646 I/sunxi-mmc 4020000.sdmmc( 34): SD/MMC/SDIO Host Controller Driver(v4.20 2021-12-17 11:02)
11-05 14:59:53.646 I/sunxi-mmc 4020000.sdmmc( 34): ***ctl-spec-caps*** 8
11-05 14:59:53.646 I/sunxi-mmc 4022000.sdmmc( 127): sdc set ios:clk 400000Hz bm PP pm ON vdd 23 width 1 timing LEGACY(SDR12) dt B
11-05 14:59:53.649 I/sunxi-mmc 4020000.sdmmc( 34): No vqmmc regulator found
11-05 14:59:53.649 I/sunxi-mmc 4020000.sdmmc( 34): No vdmmc regulator found
11-05 14:59:53.649 W/sun50iw9-pinctrl 300b000.pinctrl( 34): 300b000.pinctrl supply vcc-pi not found, using dummy regulator
11-05 14:59:53.649 I/sunxi-mmc 4020000.sdmmc( 34): Got CD GPIO
11-05 14:59:53.649 I/sunxi-mmc 4022000.sdmmc( 127): sdc set ios:clk 400000Hz bm PP pm ON vdd 23 width 1 timing LEGACY(SDR12) dt B
11-05 14:59:53.650 I/sunxi-mmc 4020000.sdmmc( 34): sdc set ios:clk 0Hz bm PP pm UP vdd 23 width 1 timing LEGACY(SDR12) dt B
11-05 14:59:53.650 I/sunxi-mmc 4020000.sdmmc( 34): no vqmmc,Check if there is regulator
11-05 14:59:53.651 I/sunxi-mmc 4022000.sdmmc( 127): sdc set ios:clk 400000Hz bm OD pm ON vdd 23 width 1 timing LEGACY(SDR12) dt B
11-05 14:59:53.662 I/sunxi-mmc 4020000.sdmmc( 34): sdc set ios:clk 400000Hz bm PP pm ON vdd 23 width 1 timing LEGACY(SDR12) dt B
11-05 14:59:53.663 I/sunxi-mmc 4022000.sdmmc( 127): sdc set ios:clk 400000Hz bm OD pm ON vdd 23 width 1 timing LEGACY(SDR12) dt B
11-05 14:59:53.663 I/sunxi-mmc 4022000.sdmmc( 127): sdc set ios:clk 400000Hz bm OD pm ON vdd 23 width 1 timing LEGACY(SDR12) dt B
11-05 14:59:53.666 I/sunxi-mmc 4022000.sdmmc( 127): sdc set ios:clk 400000Hz bm OD pm ON vdd 23 width 1 timing LEGACY(SDR12) dt B
11-05 14:59:53.675 I/sunxi-mmc 4020000.sdmmc( 34): detmode:gpio irq
11-05 14:59:53.676 I/sunxi-mmc 4021000.sdmmc( 34): SD/MMC/SDIO Host Controller Driver(v4.20 2021-12-17 11:02)
11-05 14:59:53.676 I/sunxi-mmc 4021000.sdmmc( 34): ***ctl-spec-caps*** 8
11-05 14:59:53.676 I/sunxi-mmc 4020000.sdmmc( 130): sdc set ios:clk 0Hz bm PP pm OFF vdd 0 width 1 timing LEGACY(SDR12) dt B
11-05 14:59:53.677 I/sunxi-mmc 4021000.sdmmc( 34): No vdmmc regulator found
11-05 14:59:53.677 I/sunxi-mmc 4021000.sdmmc( 34): No vd33sw regulator found
11-05 14:59:53.677 I/sunxi-mmc 4021000.sdmmc( 34): No vd18sw regulator found
11-05 14:59:53.677 I/sunxi-mmc 4021000.sdmmc( 34): No vq33sw regulator found
11-05 14:59:53.677 I/sunxi-mmc 4021000.sdmmc( 34): No vq18sw regulator found
11-05 14:59:53.677 W/sunxi-mmc 4021000.sdmmc( 34): Cann't get sleep pinstate,check if needed
11-05 14:59:53.678 I/sunxi-mmc 4021000.sdmmc( 34): sdc set ios:clk 0Hz bm PP pm UP vdd 23 width 1 timing LEGACY(SDR12) dt B
11-05 14:59:53.681 I/sunxi-mmc 4022000.sdmmc( 127): sdc set ios:clk 400000Hz bm PP pm ON vdd 23 width 1 timing LEGACY(SDR12) dt B
11-05 14:59:53.690 I/sunxi-mmc 4021000.sdmmc( 34): sdc set ios:clk 400000Hz bm PP pm ON vdd 23 width 1 timing LEGACY(SDR12) dt B
11-05 14:59:53.694 E/sunxi-mmc 4022000.sdmmc( 127): avoid to switch power_off_notification to POWERED_ON(0x01)
11-05 14:59:53.704 I/sunxi-mmc 4021000.sdmmc( 34): detmode:manually by software
11-05 14:59:53.705 W/sun50iw9-pinctrl 300b000.pinctrl( 34): 300b000.pinctrl supply vcc-ph not found, using dummy regulator
11-05 14:59:53.705 E/uart0 ( 34): get regulator failed
11-05 14:59:53.710 W/uart0 ( 34): uart0 supply uart not found, using dummy regulator
11-05 14:59:53.710 E/uart0 ( 34): uart0 error to get fifo size property
11-05 14:59:53.718 E/sunxi-mmc 4022000.sdmmc( 127): avoid to switch power_off_notification to POWERED_ON(0x01)
11-05 14:59:53.727 I/uart0 ( 34): ttyAS0 at MMIO 0x5000000 (irq = 43, base_baud = 1500000) is a SUNXI
11-05 14:59:53.727 W/ ( 34): sw_console_setup()1807 - console setup baud 115200 parity n bits 8, flow n
11-05 14:59:53.727 I/printk ( 34): console [ttyAS0] enabled
11-05 14:59:53.727 I/printk ( 34): bootconsole [uart8250] disabled
11-05 14:59:53.728 E/sunxi-mmc 4022000.sdmmc( 127): avoid to switch power_off_notification to POWERED_ON(0x01)
11-05 14:59:53.738 E/uart1 ( 34): get regulator failed
11-05 14:59:53.744 W/uart1 ( 34): uart1 supply uart not found, using dummy regulator
11-05 14:59:53.744 I/uart1 ( 34): ttyAS1 at MMIO 0x5000400 (irq = 44, base_baud = 1500000) is a SUNXI
11-05 14:59:53.744 E/sunxi-mmc 4022000.sdmmc( 127): avoid to switch power_off_notification to POWERED_ON(0x01)
11-05 14:59:53.755 W/spi1 ( 34): spi1 supply spi not found, using dummy regulator
11-05 14:59:53.755 W/ ( 34): sunxi_spi_resource_get()2061 - [spi1] SPI MASTER MODE
11-05 14:59:53.755 W/ ( 34): sunxi_spi_clk_init()2137 - [spi1] mclk 100000000
11-05 14:59:53.756 W/ ( 34): sunxi_spi_probe()2541 - [spi1]: driver probe succeed, base ffffffc013de1000, irq 46
11-05 14:59:53.757 E/sun50iw9-pinctrl 300b000.pinctrl( 34): unsupported function io_disabled on pin PA0
11-05 14:59:53.767 I/sunxi-mmc 4021000.sdmmc( 130): sdc set ios:clk 400000Hz bm PP pm ON vdd 23 width 1 timing LEGACY(SDR12) dt B
11-05 14:59:53.767 I/sunxi-mmc 4022000.sdmmc( 127): sdc set ios:clk 400000Hz bm PP pm ON vdd 23 width 8 timing LEGACY(SDR12) dt B
11-05 14:59:53.767 E/sun50iw9-pinctrl 300b000.pinctrl( 34): unsupported function io_disabled on pin PA1
11-05 14:59:53.777 E/sun50iw9-pinctrl 300b000.pinctrl( 34): unsupported function io_disabled on pin PA2
11-05 14:59:53.787 I/sunxi-mmc 4022000.sdmmc( 127): sdc set ios:clk 400000Hz bm PP pm ON vdd 23 width 8 timing MMC-HS200 dt B
11-05 14:59:53.787 E/sun50iw9-pinctrl 300b000.pinctrl( 34): unsupported function io_disabled on pin PA3
11-05 14:59:53.797 I/sunxi-mmc 4022000.sdmmc( 127): sdc set ios:clk 100000000Hz bm PP pm ON vdd 23 width 8 timing MMC-HS200 dt B
11-05 14:59:53.797 I/sunxi-mmc 4021000.sdmmc( 130): sdc set ios:clk 400000Hz bm PP pm ON vdd 23 width 1 timing LEGACY(SDR12) dt B
11-05 14:59:53.797 I/sunxi-mmc 4022000.sdmmc( 127): sdc set ios:clk 100000000Hz bm PP pm ON vdd 23 width 8 timing MMC-HS(SDR20) dt B
11-05 14:59:53.797 I/sunxi-mmc 4022000.sdmmc( 127): sdc set ios:clk 52000000Hz bm PP pm ON vdd 23 width 8 timing MMC-HS(SDR20) dt B
11-05 14:59:53.797 E/sun50iw9-pinctrl 300b000.pinctrl( 34): unsupported function io_disabled on pin PA4
11-05 14:59:53.807 E/sun50iw9-pinctrl 300b000.pinctrl( 34): unsupported function io_disabled on pin PA5
11-05 14:59:53.817 E/sun50iw9-pinctrl 300b000.pinctrl( 34): unsupported function io_disabled on pin PA6
11-05 14:59:53.822 I/[ C0] random( 0): fast init done
11-05 14:59:53.827 I/sunxi-mmc 4022000.sdmmc( 127): sdc set ios:clk 50000000Hz bm PP pm ON vdd 23 width 8 timing MMC-HS400 dt B
11-05 14:59:53.827 I/sunxi-mmc 4022000.sdmmc( 127): sdc set ios:clk 100000000Hz bm PP pm ON vdd 23 width 8 timing MMC-HS400 dt B
11-05 14:59:53.827 E/sun50iw9-pinctrl 300b000.pinctrl( 34): unsupported function io_disabled on pin PA7
11-05 14:59:53.837 E/sun50iw9-pinctrl 300b000.pinctrl( 34): unsupported function io_disabled on pin PA8
11-05 14:59:53.846 E/sun50iw9-pinctrl 300b000.pinctrl( 34): unsupported function io_disabled on pin PA9
11-05 14:59:53.856 I/mmc0 ( 127): new HS400 MMC card at address 0001
11-05 14:59:53.857 W/sun50iw9-pinctrl 300b000.pinctrl( 34): 300b000.pinctrl supply vcc-pa not found, using dummy regulator
11-05 14:59:53.857 I/ ( 34): sunxi gmac driver's version: 1.0.0
11-05 14:59:53.857 I/mmcblk0 ( 127): mmc0:0001 07S000 29.3 GiB
11-05 14:59:53.858 I/mmcblk0boot0( 127): mmc0:0001 07S000 partition 1 4.00 MiB
11-05 14:59:53.858 I/mmcblk0boot1( 127): mmc0:0001 07S000 partition 2 4.00 MiB
11-05 14:59:53.858 I/mmcblk0rpmb( 127): mmc0:0001 07S000 partition 3 4.00 MiB, chardev (244:0)
11-05 14:59:53.859 I/gmac-power0( 34): NULL
11-05 14:59:53.859 I/gmac-power1( 34): NULL
11-05 14:59:53.859 I/gmac-power2( 34): NULL
11-05 14:59:53.860 D/eth0 MAC( 34): 20:2:fe:1d:15:fa
11-05 14:59:53.861 I/mmcblk0 ( 127): p1 p2 p3 p4 p5 p6 p7 p8 p9 p10 p11 p12 p13 p14 p15 p16 p17 p18 p19 p20 p21 p22 p23 p24 p25
11-05 14:59:53.864 E/sunxi_ir_startup( 34): get ir protocol failed
11-05 14:59:53.867 I/ ( 34): Registered IR keymap rc_map_sunxi
11-05 14:59:53.874 I/rc0 ( 34): sunxi-ir as /devices/platform/soc@3000000/7040000.s_cir/rc/rc0
11-05 14:59:53.874 I/input ( 34): sunxi-ir as /devices/platform/soc@3000000/7040000.s_cir/rc/rc0/s_cir_rx
11-05 14:59:53.876 I/sunxi-mmc 4021000.sdmmc( 130): sdc set ios:clk 400000Hz bm PP pm ON vdd 23 width 4 timing LEGACY(SDR12) dt B
11-05 14:59:53.876 E/ ( 34): failed to get standby led pin assign
11-05 14:59:53.882 E/ ( 34): failed to get network led pin assign
11-05 14:59:53.888 I/sunxi-mmc 4021000.sdmmc( 130): sdc set ios:clk 400000Hz bm PP pm ON vdd 23 width 4 timing UHS-SDR104 dt B
11-05 14:59:53.888 I/sunxi-mmc 4021000.sdmmc( 130): sdc set ios:clk 150000000Hz bm PP pm ON vdd 23 width 4 timing UHS-SDR104 dt B
11-05 14:59:53.888 E/ ( 34): failed to get gpio_sdcard_reused assign
11-05 14:59:53.894 I/ ( 34): gpio_pin_1(230) gpio_is_valid
11-05 14:59:53.895 I/ ( 34): gpio_pin_2(229) gpio_is_valid
11-05 14:59:53.895 I/mmc2 ( 130): new ultra high speed SDR104 SDIO card at address 8800
11-05 14:59:53.895 I/gpio ( 34): 230, name: PH6, ret = 0
11-05 14:59:53.895 I/gpio ( 34): 229, name: PH5, ret = 0
11-05 14:59:53.895 I/ ( 34): gpio-sunxi probe success
11-05 14:59:53.897 W/energy_model( 34): pd0: hertz/watts ratio non-monotonically decreasing: em_cap_state 1 >= em_cap_state0
11-05 14:59:53.898 D/energy_model( 34): Created perf domain 0-3
11-05 14:59:53.909 F/FD650 ( 1): fd650_driver_init: FD650 Driver init.
11-05 14:59:53.916 F/FD650 ( 1): NOTE: register_fd650_driver:::register fd650 driver success
11-05 14:59:53.929 W/ ( 1): [sound 145][COMMON snd_sunxi_pa_pin_init] pa_pin_max get failed, default 0
11-05 14:59:53.930 I/[sound 1022][SPDIF snd_sunxi_dts_params_init] playback_cma( 1): 128
11-05 14:59:53.930 I/[sound 1023][SPDIF snd_sunxi_dts_params_init] capture_cma( 1): 128
11-05 14:59:53.930 I/[sound 1024][SPDIF snd_sunxi_dts_params_init] tx_fifo_size( 1): 128
11-05 14:59:53.930 I/[sound 1025][SPDIF snd_sunxi_dts_params_init] rx_fifo_size( 1): 64
11-05 14:59:53.932 E/debugfs ( 1): Directory 'soc@3000000:codec_plat' with parent 'audiocodec' already present!
11-05 14:59:53.935 I/ ( 124): HDMI cable is connected
11-05 14:59:53.943 I/sunxi-snd-mach soc@3000000( 1): codec_mach: 5096000.codec <-> soc@3000000:codec_plat mapping ok
11-05 14:59:53.944 E/debugfs ( 1): Directory '5093000.spdif_plat' with parent 'sndspdif' already present!
11-05 14:59:53.955 I/sunxi-snd-mach soc@3000000( 1): spdif_mach: snd-soc-dummy-dai <-> 5093000.spdif_plat mapping ok
11-05 14:59:53.955 I/sunxi-snd-mach soc@3000000( 1): ahub_dam_mach: snd-soc-dummy-dai <-> 5097000.ahub_dam_plat mapping ok
11-05 14:59:53.956 E/debugfs ( 1): Directory 'soc@3000000:ahub1_plat' with parent 'ahubhdmi' already present!
11-05 14:59:53.967 I/sunxi-snd-mach soc@3000000( 1): ahub1_mach: snd-soc-dummy-dai <-> soc@3000000:ahub1_plat mapping ok
11-05 14:59:53.967 E/debugfs ( 1): Directory 'soc@3000000:ahub2_plat' with parent 'ahubi2s2' already present!
11-05 14:59:53.978 I/sunxi-snd-mach soc@3000000( 1): ahub2_mach: snd-soc-dummy-dai <-> soc@3000000:ahub2_plat mapping ok
11-05 14:59:53.979 I/cfg80211( 1): Loading compiled-in X.509 certificates for regulatory database
11-05 14:59:53.981 I/cfg80211( 1): Loaded X.509 cert 'sforshee: 00b28ddf47aef9cea7'
11-05 14:59:53.981 W/platform regulatory.0( 33): Direct firmware load for regulatory.db failed with error -2
11-05 14:59:53.981 W/platform regulatory.0( 33): Falling back to sysfs fallback for: regulatory.db
11-05 14:59:53.981 W/clk ( 1): Not disabling unused clocks
11-05 14:59:53.981 E/ ( 1): get_key_map_info()187 - Failed to find "oe" in dts.
11-05 14:59:53.989 E/ ( 0): [ C0] sunxi-i2c sunxi-i2c5: SLA+W has been transmitted; ACK not received
11-05 14:59:53.998 E/sunxi-i2c5( 1): engine-mode: xfer failed(dev addr:0x10)
11-05 14:59:54.006 I/ ( 1): of_property_read_string ac200.tv_regulator_name fail
11-05 14:59:54.006 E/ ( 1): [ac200] get ave_regulator_name failed!
11-05 14:59:54.012 E/ ( 1): [ac200] pwm enable
11-05 14:59:54.017 I/ ( 1): ALSA device list:
11-05 14:59:54.017 I/ ( 1): #0: audiocodec
11-05 14:59:54.017 I/ ( 1): #1: sndspdif
11-05 14:59:54.017 I/ ( 1): #2: ahubdam
11-05 14:59:54.017 I/ ( 1): #3: ahubhdmi
11-05 14:59:54.017 I/ ( 1): #4: ahubi2s2
11-05 14:59:54.017 W/alloc_fd( 1): slot 0 not NULL!
11-05 14:59:54.017 I/ ( 1): Freeing unused kernel memory: 1088K
11-05 14:59:54.039 E/ ( 1): Kernel init done
11-05 14:59:54.043 I/ ( 1): Run /init as init process
11-05 14:59:54.116 I/init ( 1): init first stage started!
11-05 14:59:54.116 I/init ( 1): Unable to open /lib/modules, skipping module loading.
11-05 14:59:54.116 I/init ( 1): Copied ramdisk prop to /second_stage_resources/system/etc/ramdisk/build.prop
11-05 14:59:54.117 I/init ( 1): Switching root to '/first_stage_ramdisk'
11-05 14:59:54.117 I/init ( 1): [libfs_mgr]ReadFstabFromDt(): failed to read fstab from dt
11-05 14:59:54.120 I/init ( 1): Using Android DT directory /proc/device-tree/firmware/android/
11-05 14:59:54.164 I/init ( 1): [libfs_mgr]superblock s_max_mnt_count:65535,/dev/block/by-name/metadata
11-05 14:59:54.165 W/EXT4-fs (mmcblk0p19)( 1): Ignoring removed nomblk_io_submit option
11-05 14:59:54.167 I/EXT4-fs (mmcblk0p19)( 1): mounted filesystem with ordered data mode. Opts: errors=remount-ro,nomblk_io_submit
11-05 14:59:54.167 W/ ( 1): ext4 filesystem being mounted at /metadata supports timestamps until 2038 (0x7fffffff)
11-05 14:59:54.167 I/init ( 1): [libfs_mgr]check_fs(): mount(/dev/block/by-name/metadata,/metadata,ext4)=0: Success
11-05 14:59:54.169 I/init ( 1): [libfs_mgr]check_fs(): unmount(/metadata) succeeded
11-05 14:59:54.169 I/init ( 1): [libfs_mgr]Running /system/bin/e2fsck on /dev/block/mmcblk0p19
11-05 14:59:54.171 I/random ( 147): e2fsck: uninitialized urandom read (40 bytes read)
11-05 14:59:54.172 I/e2fsck ( 1): e2fsck 1.45.4 (23-Sep-2019)
11-05 14:59:54.175 I/e2fsck ( 1): /dev/block/by-name/metadata: clean, 30/4096 files, 1191/4096 blocks
11-05 14:59:54.178 I/EXT4-fs (mmcblk0p19)( 1): mounted filesystem with ordered data mode. Opts: errors=panic
11-05 14:59:54.178 W/ ( 1): ext4 filesystem being mounted at /metadata supports timestamps until 2038 (0x7fffffff)
11-05 14:59:54.183 I/random ( 1): init: uninitialized urandom read (16 bytes read)
11-05 14:59:54.184 I/random ( 1): init: uninitialized urandom read (16 bytes read)
11-05 14:59:54.190 I/EXT4-fs (dm-0)( 1): mounted filesystem without journal. Opts: barrier=1
11-05 14:59:54.197 I/EXT4-fs (dm-1)( 1): mounted filesystem without journal. Opts: barrier=1
11-05 14:59:54.200 I/EXT4-fs (dm-3)( 1): mounted filesystem without journal. Opts: barrier=1
11-05 14:59:54.203 I/EXT4-fs (dm-2)( 1): mounted filesystem without journal. Opts: barrier=1
11-05 14:59:54.208 I/newfs_msdos( 1): executing /system/bin/newfs_msdos failed: No such file or directory
11-05 14:59:54.209 I/newfs_msdos( 1): newfs_msdos terminated by exit(255)
11-05 14:59:54.215 W/SELinux ( 1): Unable to set superblock options before the security server is initialized
11-05 14:59:54.243 W/printk ( 1): init: 26 output lines suppressed due to ratelimiting
11-05 14:59:54.402 W/init ( 1): DM_DEV_STATUS failed for system_ext_a: No such device or address
11-05 14:59:54.402 E/init ( 1): Could not update logical partition
11-05 14:59:54.408 I/init ( 1): Opening SELinux policy
11-05 14:59:54.417 I/init ( 1): Loading SELinux policy
11-05 14:59:54.436 I/SELinux ( 1): Permission nlmsg_getneigh in class netlink_route_socket not defined in policy.
11-05 14:59:54.436 I/SELinux ( 1): the above unknown classes and permissions will be denied
11-05 14:59:54.436 I/SELinux ( 1): policy capability network_peer_controls=1
11-05 14:59:54.436 I/SELinux ( 1): policy capability open_perms=1
11-05 14:59:54.436 I/SELinux ( 1): policy capability extended_socket_class=1
11-05 14:59:54.436 I/SELinux ( 1): policy capability always_check_network=0
11-05 14:59:54.436 I/SELinux ( 1): policy capability cgroup_seclabel=0
11-05 14:59:54.436 I/SELinux ( 1): policy capability nnp_nosuid_transition=1
11-05 14:59:54.488 W/auditd ( 177): type=1403 audit(0.0:2): auid=4294967295 ses=4294967295 lsm=selinux res=1
11-05 14:59:54.504 I/selinux ( 1): SELinux: Loaded file_contexts
11-05 14:59:54.504 I/selinux ( 1):
11-05 14:59:54.582 I/init ( 1): init second stage started!
11-05 14:59:54.650 I/init ( 1): Using Android DT directory /proc/device-tree/firmware/android/
11-05 14:59:54.658 W/init ( 1): Overriding previous property 'persist.sys.usb.config':'none' with new value 'adb'
11-05 14:59:54.659 W/init ( 1): Overriding previous property 'persist.sys.usb.config':'adb' with new value 'none'
11-05 14:59:54.659 W/init ( 1): Couldn't load property file '/vendor/default.prop': open() failed: No such file or directory: No such file or directory
11-05 14:59:54.665 W/init ( 1): Couldn't load property file '/odm_dlkm/etc/build.prop': open() failed: No such file or directory: No such file or directory
11-05 14:59:54.667 W/init ( 1): Couldn't load property file '/oem/build.prop': open() failed: No such file or directory: No such file or directory
11-05 14:59:54.668 E/init ( 1): Could not set 'ro.boot.dynamic_partitions' to 'true' while loading .prop filesRead-only property was already set
11-05 14:59:54.682 E/init ( 1): Could not set 'ro.boot.dynamic_partitions_retrofit' to 'true' while loading .prop filesRead-only property was already set
11-05 14:59:54.698 I/init ( 1): Setting product property ro.product.brand to 'Dangbei' (from ro.product.product.brand)
11-05 14:59:54.704 I/init ( 1): type=1400 audit(0.0:3): avc: denied { relabelto } for name="kmsg_debug" dev="tmpfs" ino=2157 scontext=u:r:init:s0 tcontext=u:object_r:kmsg_debug_device:s0 tclass=chr_file permissive=1
11-05 14:59:54.760 I//system/bin/init( 1): type=1107 audit(0.0:4): uid=0 auid=4294967295 ses=4294967295 subj=u:r:init:s0 msg='avc: denied { read } for property=init.svc.bootanim pid=0 uid=0 gid=0 scontext=u:r:vendor_init:s0 tcontext=u:object_r:init_service_status_private_prop:s0 tclass=file permissive=1'
11-05 14:59:54.819 E/cgroup1 ( 1): Unknown subsys name 'blkio'
11-05 14:59:54.829 E/cgroup1 ( 1): Unknown subsys name 'memory'
11-05 14:59:54.836 I/init ( 1): type=1400 audit(0.0:5): avc: denied { add_name } for name="prefetch_cluster" scontext=u:r:init:s0 tcontext=u:object_r:sysfs:s0 tclass=dir permissive=1
11-05 14:59:55.041 I/ueventd ( 166): ueventd started!
11-05 14:59:55.046 I/selinux ( 166): SELinux: Loaded file_contexts
11-05 14:59:55.046 I/selinux ( 166):
11-05 14:59:55.047 I/ueventd ( 166): Parsing file /system/etc/ueventd.rc...
11-05 14:59:55.047 I/ueventd ( 166): Added '/vendor/etc/ueventd.rc' to import list
11-05 14:59:55.047 I/ueventd ( 166): Added '/odm/etc/ueventd.rc' to import list
11-05 14:59:55.048 I/ueventd ( 166): Parsing file /vendor/etc/ueventd.rc...
11-05 14:59:55.048 I/ueventd ( 166): Unable to read config file '/vendor/etc/ueventd.rc': open() failed: No such file or directory
11-05 14:59:55.048 I/ueventd ( 166): Parsing file /odm/etc/ueventd.rc...
11-05 14:59:55.048 I/ueventd ( 166): Unable to read config file '/odm/etc/ueventd.rc': open() failed: No such file or directory
11-05 14:59:55.076 I/init ( 169): type=1400 audit(0.0:6): avc: denied { write } for name="kmsg_debug" dev="tmpfs" ino=2157 scontext=u:r:init:s0 tcontext=u:object_r:kmsg_debug_device:s0 tclass=chr_file permissive=1
11-05 14:59:55.076 I/init ( 169): type=1400 audit(0.0:7): avc: denied { open } for path="/dev/kmsg_debug" dev="tmpfs" ino=2157 scontext=u:r:init:s0 tcontext=u:object_r:kmsg_debug_device:s0 tclass=chr_file permissive=1
11-05 14:59:55.172 I/init ( 1): type=1400 audit(0.0:8): avc: denied { mount } for name="/" dev="debugfs" ino=1 scontext=u:r:init:s0 tcontext=u:object_r:debugfs:s0 tclass=filesystem permissive=1
11-05 14:59:55.300 I/sunxi-rfkill soc@3000000( 163): rfkill: module version: v1.0.9
11-05 14:59:55.300 I/sunxi-rfkill soc@3000000( 163): rfkill: chip_en gpio=211 assert=1
11-05 14:59:55.300 E/sunxi-rfkill soc@3000000( 163): rfkill: get gpio power_en failed
11-05 14:59:55.308 I/sunxi-rfkill soc@3000000( 163): rfkill: wlan_busnum (1)
11-05 14:59:55.308 W/sunxi-rfkill soc@3000000( 163): rfkill: Missing wlan_power.
11-05 14:59:55.308 I/sunxi-rfkill soc@3000000( 163): rfkill: wlan clock[0] (osc32k-out)
11-05 14:59:55.308 I/sunxi-rfkill soc@3000000( 163): rfkill: wlan_regon gpio=210 assert=1
11-05 14:59:55.308 I/sunxi-rfkill soc@3000000( 163): rfkill: wlan_hostwake gpio=207 assert=1
11-05 14:59:55.308 I/sunxi-rfkill soc@3000000( 163): rfkill: wakeup source is enabled
11-05 14:59:55.309 W/sunxi-rfkill soc@3000000( 163): rfkill: Missing bt_power.
11-05 14:59:55.309 I/sunxi-rfkill soc@3000000( 163): rfkill: bt clock[0] (osc32k-out)
11-05 14:59:55.309 E/sunxi-rfkill soc@3000000( 163): rfkill: get gpio bt_rst failed
11-05 14:59:55.429 I/ ( 1): Registered swp emulation handler
11-05 14:59:55.464 I/init ( 163): type=1400 audit(0.0:9): avc: denied { add_name } for name="comp_algorithm" scontext=u:r:vendor_init:s0 tcontext=u:object_r:sysfs_zram:s0 tclass=dir permissive=1
11-05 14:59:55.464 I/init ( 163): type=1400 audit(0.0:10): avc: denied { create } for name="comp_algorithm" scontext=u:r:vendor_init:s0 tcontext=u:object_r:sysfs_zram:s0 tclass=file permissive=1
11-05 14:59:55.547 I/fsck.f2fs( 1): Info: Fix the reported corruption.
11-05 14:59:55.548 I/fsck.f2fs( 1): Info: No support kernel version!
11-05 14:59:55.549 I/fsck.f2fs( 1): Info: Segments per section = 1
11-05 14:59:55.549 I/fsck.f2fs( 1): Info: Sections per zone = 1
11-05 14:59:55.549 I/fsck.f2fs( 1): Info: sector size = 512
11-05 14:59:55.549 I/fsck.f2fs( 1): Info: total sectors = 54377439 (26551 MB)
11-05 14:59:55.550 I/fsck.f2fs( 1): Info: MKFS version
11-05 14:59:55.550 I/fsck.f2fs( 1): "5.4.125+"
11-05 14:59:55.550 I/fsck.f2fs( 1): Info: FSCK version
11-05 14:59:55.550 I/fsck.f2fs( 1): from "5.4.125+"
11-05 14:59:55.552 I/logd.auditd( 177): start --------- beginning of system
11-05 14:59:55.573 I/vold ( 184): Vold 3.0 (the awakening) firing up
11-05 14:59:55.574 D/vold ( 184): Detected support for: ext4 f2fs vfat
11-05 14:59:55.576 I/hwservicemanager( 180): getDeviceHalManifest: Successfully processed VINTF information
11-05 14:59:55.576 I/hwservicemanager( 180): getFrameworkHalManifest: Successfully processed VINTF information
11-05 14:59:55.578 I/hwservicemanager( 180): hwservicemanager is ready now.
11-05 14:59:55.580 D/vold ( 184): Found unmanaged dm device named system_a
11-05 14:59:55.580 D/vold ( 184): Found unmanaged dm device named vendor_dlkm_a
11-05 14:59:55.580 D/vold ( 184): Found unmanaged dm device named vendor_a
11-05 14:59:55.580 D/vold ( 184): Found unmanaged dm device named product_a
11-05 14:59:55.561 I/F2FS-fs (mmcblk0p25)( 1): Using encoding defined by superblock: utf8-12.1.0 with flags 0x0
11-05 14:59:55.586 D/vold ( 184): VoldNativeService::start() completed OK
11-05 14:59:55.599 I/F2FS-fs (mmcblk0p25)( 1): Mounted with checkpoint version = 24c3b76c
11-05 14:59:55.640 I/init ( 1): type=1400 audit(0.0:11): avc: denied { getattr } for path="/sys/kernel/debug/devices_deferred" dev="debugfs" ino=5744 scontext=u:r:init:s0 tcontext=u:object_r:debugfs:s0 tclass=file permissive=1
11-05 14:59:55.640 I/init ( 1): type=1400 audit(0.0:12): avc: denied { getattr } for path="/sys/kernel/debug/wakeup_sources" dev="debugfs" ino=2050 scontext=u:r:init:s0 tcontext=u:object_r:debugfs_wakeup_sources:s0 tclass=file permissive=1
11-05 14:59:55.759 E/cutils-trace( 203): Error opening trace file: No such file or directory (2)
11-05 14:59:55.761 E/cutils-trace( 180): Error opening trace file: No such file or directory (2)
11-05 14:59:55.764 I/HidlServiceManagement( 203): Registered android.system.suspend@1.0::ISystemSuspend/default
11-05 14:59:55.764 I/HidlServiceManagement( 203): Removing namespace from process name android.system.suspend@1.0-service to suspend@1.0-service.
11-05 14:59:55.778 I/fsverity_init( 208): LoadKeyFromFile path=/system/etc/security/fsverity/fsverity-release.x509.der keyname=fsv_system_0
11-05 14:59:55.780 D/tee_supplicant( 207): using device "/dev/teepriv0"
11-05 14:59:55.782 E/cutils-trace( 205): Error opening trace file: No such file or directory (2)
11-05 14:59:55.782 D/tee_supplicant( 207): looping
11-05 14:59:55.801 I/android.hardware.security.keymint-service( 206): adding keymint service instance: android.hardware.security.keymint.IKeyMintDevice/default
11-05 14:59:55.805 W/mali_kbase( 163): loading out-of-tree module taints kernel.
11-05 14:59:55.802 I/servicemanager( 179): getDeviceHalManifest: Reading VINTF information.
11-05 14:59:55.803 I/HidlServiceManagement( 205): Registered android.hardware.boot@1.2::IBootControl/default
11-05 14:59:55.803 I/HidlServiceManagement( 205): Removing namespace from process name android.hardware.boot@1.2-service to boot@1.2-service.
11-05 14:59:55.804 I/LegacySupport( 205): Registration complete for android.hardware.boot@1.0::IBootControl/default.
11-05 14:59:55.812 I/servicemanager( 179): getDeviceHalManifest: Successfully processed VINTF information
11-05 14:59:55.812 I/servicemanager( 179): getFrameworkHalManifest: Reading VINTF information.
11-05 14:59:55.816 I/servicemanager( 179): getFrameworkHalManifest: Successfully processed VINTF information
11-05 14:59:55.816 I/servicemanager( 179): Found android.hardware.security.keymint.IKeyMintDevice/default in device VINTF manifest.
11-05 14:59:55.816 I/android.hardware.security.keymint-service( 206): adding keymint service instance: android.hardware.security.secureclock.ISecureClock/default
11-05 14:59:55.817 I/servicemanager( 179): Found android.hardware.security.secureclock.ISecureClock/default in device VINTF manifest.
11-05 14:59:55.817 I/android.hardware.security.keymint-service( 206): adding keymint service instance: android.hardware.security.sharedsecret.ISharedSecret/default
11-05 14:59:55.817 I/servicemanager( 179): Found android.hardware.security.sharedsecret.ISharedSecret/default in device VINTF manifest.
11-05 14:59:55.818 I/android.hardware.security.keymint-service( 206): adding keymint service instance: android.hardware.security.keymint.IRemotelyProvisionedComponent/default
11-05 14:59:55.818 I/servicemanager( 179): Found android.hardware.security.keymint.IRemotelyProvisionedComponent/default in device VINTF manifest.
11-05 14:59:55.840 I/mali 1800000.gpu( 163): Regulators probed: 0
11-05 14:59:55.840 I/mali 1800000.gpu( 163): Clocks probed: 2
11-05 14:59:55.842 I/mali 1800000.gpu( 163): [950mv-600MHz] bak[950mv-600MHz] inde_power:0 idle:1 dvfs:1
11-05 14:59:55.842 I/mali 1800000.gpu( 163): GPU identified as 0x3 arch 7.0.9 r0p0 status 0
11-05 14:59:55.842 I/mali 1800000.gpu( 163): No memory group manager is configured
11-05 14:59:55.843 I/mali 1800000.gpu( 163): Using configured power model mali-simple-power-model, and fallback mali-simple-power-model
11-05 14:59:55.844 I/mali 1800000.gpu( 163): Probed as mali0
11-05 14:59:55.853 I/keystore2( 204): keystore2_main: Keystore2 is starting.
11-05 14:59:55.859 I/keystore2( 204): keystore2_main: Starting thread pool now.
11-05 14:59:55.859 I/keystore2( 204): getDeviceHalManifest: Reading VINTF information.
11-05 14:59:55.866 I/Checkpoint( 184): cp_prepareCheckpoint called
11-05 14:59:55.868 I/keystore2( 204): getDeviceHalManifest: Successfully processed VINTF information
11-05 14:59:55.895 I/tombstoned( 218): tombstoned successfully initialized
11-05 14:59:55.906 I/incfs ( 184): Initial API level of the device: 31
11-05 14:59:55.906 I/incfs ( 184): ro.incremental.enable: module:/vendor/lib/modules/incrementalfs.ko
11-05 14:59:55.906 I/incfs ( 184): isFsAvailable: false
11-05 14:59:55.907 I/incfs ( 184): isFsAvailable: false
11-05 14:59:55.907 E/incfs ( 184): could not open IncFs kernel module "/vendor/lib/modules/incrementalfs.ko": No such file or directory
11-05 14:59:55.907 E/incfs ( 184): IncFs_Features: failed to open features dir, assuming v1/none.: No such file or directory
11-05 14:59:55.907 I/ServiceManager( 184): Waiting for service 'android.security.maintenance' on '/dev/binder'...
11-05 14:59:58.187 I/[ C3] random( 0): crng init done
11-05 14:59:58.187 I/[ C3] random( 0): 7 urandom warning(s) missed due to ratelimiting
11-05 14:59:58.209 I/keystore2( 204): keystore2::shared_secret_negotiation: Shared secret negotiation concluded successfully.
11-05 14:59:58.211 E/cutils-trace( 204): Error opening trace file: No such file or directory (2)
11-05 14:59:58.213 I/hwservicemanager( 180): getTransport: Cannot find entry android.hardware.keymaster@4.0::IKeymasterDevice/default in either framework or device VINTF manifest.
11-05 14:59:58.213 I/hwservicemanager( 180): getTransport: Cannot find entry android.hardware.keymaster@3.0::IKeymasterDevice/default in either framework or device VINTF manifest.
11-05 14:59:58.214 I/servicemanager( 179): Found android.system.keystore2.IKeystoreService/default in framework VINTF manifest.
11-05 14:59:58.216 I/ServiceManager( 184): Waiting for service 'android.security.maintenance' on '/dev/binder' successful after waiting 2309ms
11-05 14:59:58.217 I/keystore2( 204): keystore2_main: Successfully registered Keystore 2.0 service.
11-05 14:59:58.217 I/keystore2( 204): keystore2_main: Joining thread pool now.
11-05 14:59:58.218 I/keystore2( 204): keystore2::maintenance: In early_boot_ended.
11-05 14:59:58.229 I/keystore2( 204): keystore2::globals: Touching Keystore 2.0 database for this first time since boot.
11-05 14:59:58.229 I/keystore2( 204): keystore2::globals: Calling cleanup leftovers.
11-05 14:59:58.234 I/keystore2( 204): keystore2::super_key: Starting boot level watcher.
11-05 14:59:58.234 E/keystore2( 204): keystore2::maintenance: Call to earlyBootEnded failed for security level TRUSTED_ENVIRONMENT: In keymint device: calling earlyBootEnded.
11-05 14:59:58.234 I/keystore2( 204): keystore2::super_key: Read keystore.boot_level value 30
11-05 14:59:58.235 I/keystore2( 204): keystore2::super_key: Read keystore.boot_level value 30
11-05 14:59:58.236 I/hwservicemanager( 180): getTransport: Cannot find entry android.hardware.keymaster@4.0::IKeymasterDevice/default in either framework or device VINTF manifest.
11-05 14:59:58.236 I/hwservicemanager( 180): getTransport: Cannot find entry android.hardware.keymaster@3.0::IKeymasterDevice/default in either framework or device VINTF manifest.
11-05 14:59:58.236 E/keystore2( 204): keystore2::maintenance: Call to earlyBootEnded failed for security level STRONGBOX: In call_with_watchdog: getting keymint device.
11-05 14:59:58.236 E/keystore2( 204): keystore2::error: In keymint device: calling earlyBootEnded
11-05 14:59:58.236 E/keystore2( 204):
11-05 14:59:58.236 E/keystore2( 204): Caused by:
11-05 14:59:58.236 E/keystore2( 204): Error::Km(ErrorCode(-1000))
11-05 14:59:58.236 E/vold ( 184): keystore2 Keystore earlyBootEnded returned service specific error: -1000
11-05 14:59:58.286 I/apexd ( 224): This device does not support updatable APEX. Exiting
11-05 14:59:58.287 I/apexd ( 224): Marking APEXd as activated
11-05 14:59:58.359 I/derive_sdk( 226): Read version 1 from 7
11-05 14:59:58.360 I/derive_sdk( 226): Read version 1 from 5
11-05 14:59:58.360 I/derive_sdk( 226): Read version 1 from 9
11-05 14:59:58.361 I/derive_sdk( 226): Read version 1 from 4
11-05 14:59:58.361 I/derive_sdk( 226): Read version 1 from 6
11-05 14:59:58.361 I/derive_sdk( 226): Read version 1 from 3
11-05 14:59:58.362 I/derive_sdk( 226): Read version 1 from 2
11-05 14:59:58.362 I/derive_sdk( 226): Read version 1 from 1
11-05 14:59:58.363 I/derive_sdk( 226): Read version 1 from 10
11-05 14:59:58.363 I/derive_sdk( 226): Read version 1 from 8
11-05 14:59:58.363 I/derive_sdk( 226): R extension version is 1
11-05 14:59:58.364 I/derive_sdk( 226): S extension version is 1
11-05 14:59:58.388 D/vold ( 184): fscrypt_init_user0
11-05 14:59:58.388 D/vold ( 184): fscrypt_prepare_user_storage for volume null, user 0, serial 0, flags 1
11-05 14:59:58.388 D/vold ( 184): Preparing: /data/system/users/0
11-05 14:59:58.389 D/vold ( 184): Preparing: /data/misc/profiles/cur/0
11-05 14:59:58.389 D/vold ( 184): Preparing: /data/system_de/0
11-05 14:59:58.394 D/vdc ( 227): Waited 0ms for vold
11-05 14:59:58.390 D/vold ( 184): Preparing: /data/misc_de/0
11-05 14:59:58.390 D/vold ( 184): Preparing: /data/vendor_de/0
11-05 14:59:58.390 D/vold ( 184): Preparing: /data/user_de/0
11-05 14:59:58.391 D/vold ( 184): /system/bin/vold_prepare_subdirs
11-05 14:59:58.391 D/vold ( 184): prepare
11-05 14:59:58.391 D/vold ( 184):
11-05 14:59:58.391 D/vold ( 184): 0
11-05 14:59:58.391 D/vold ( 184): 1
11-05 14:59:58.423 D/vold_prepare_subdirs( 228): Setting up mode 771 uid 1000 gid 1000 context u:object_r:system_data_file:s0:c512,c768 on path: /data/user_de/0
11-05 14:59:58.424 D/vold_prepare_subdirs( 228): Setting up mode 700 uid 0 gid 0 context u:object_r:vold_data_file:s0 on path: /data/misc_de/0/vold
11-05 14:59:58.425 D/vold_prepare_subdirs( 228): Setting up mode 700 uid 0 gid 0 context u:object_r:storaged_data_file:s0 on path: /data/misc_de/0/storaged
11-05 14:59:58.425 D/vold_prepare_subdirs( 228): Setting up mode 700 uid 0 gid 0 context u:object_r:rollback_data_file:s0 on path: /data/misc_de/0/rollback
11-05 14:59:58.426 D/vold_prepare_subdirs( 228): Setting up mode 700 uid 0 gid 0 context u:object_r:apex_rollback_data_file:s0 on path: /data/misc_de/0/apexrollback
11-05 14:59:58.427 D/vold_prepare_subdirs( 228): Setting up mode 711 uid 0 gid 0 context u:object_r:apex_module_data_file:s0 on path: /data/misc_de/0/apexdata
11-05 14:59:58.427 D/vold_prepare_subdirs( 228): Setting up mode 771 uid 0 gid 1000 context u:object_r:apex_wifi_data_file:s0 on path: /data/misc_de/0/apexdata/com.android.wifi
11-05 14:59:58.428 D/vold_prepare_subdirs( 228): Setting up mode 771 uid 0 gid 1000 context u:object_r:apex_module_data_file:s0 on path: /data/misc_de/0/apexdata/com.android.vndk.v31
11-05 14:59:58.429 D/vold_prepare_subdirs( 228): Setting up mode 771 uid 0 gid 1000 context u:object_r:apex_module_data_file:s0 on path: /data/misc_de/0/apexdata/com.android.tzdata
11-05 14:59:58.429 D/vold_prepare_subdirs( 228): Setting up mode 771 uid 0 gid 1000 context u:object_r:apex_module_data_file:s0 on path: /data/misc_de/0/apexdata/com.android.tethering
11-05 14:59:58.430 D/vold_prepare_subdirs( 228): Setting up mode 771 uid 0 gid 1000 context u:object_r:apex_module_data_file:s0 on path: /data/misc_de/0/apexdata/com.android.sdkext
11-05 14:59:58.431 D/vold_prepare_subdirs( 228): Setting up mode 771 uid 0 gid 1000 context u:object_r:apex_module_data_file:s0 on path: /data/misc_de/0/apexdata/com.android.scheduling
11-05 14:59:58.431 D/vold_prepare_subdirs( 228): Setting up mode 771 uid 0 gid 1000 context u:object_r:apex_module_data_file:s0 on path: /data/misc_de/0/apexdata/com.android.runtime
11-05 14:59:58.432 D/vold_prepare_subdirs( 228): Setting up mode 771 uid 0 gid 1000 context u:object_r:apex_module_data_file:s0 on path: /data/misc_de/0/apexdata/com.android.resolv
11-05 14:59:58.433 D/vold_prepare_subdirs( 228): Setting up mode 771 uid 0 gid 1000 context u:object_r:apex_permission_data_file:s0 on path: /data/misc_de/0/apexdata/com.android.permission
11-05 14:59:58.434 D/vold_prepare_subdirs( 228): Setting up mode 771 uid 0 gid 1000 context u:object_r:apex_module_data_file:s0 on path: /data/misc_de/0/apexdata/com.android.os.statsd
11-05 14:59:58.434 D/vold_prepare_subdirs( 228): Setting up mode 771 uid 0 gid 1000 context u:object_r:apex_module_data_file:s0 on path: /data/misc_de/0/apexdata/com.android.neuralnetworks
11-05 14:59:58.435 D/vold_prepare_subdirs( 228): Setting up mode 771 uid 0 gid 1000 context u:object_r:apex_module_data_file:s0 on path: /data/misc_de/0/apexdata/com.android.mediaprovider
11-05 14:59:58.436 D/vold_prepare_subdirs( 228): Setting up mode 771 uid 0 gid 1000 context u:object_r:apex_module_data_file:s0 on path: /data/misc_de/0/apexdata/com.android.media.swcodec
11-05 14:59:58.436 D/vold_prepare_subdirs( 228): Setting up mode 771 uid 0 gid 1000 context u:object_r:apex_module_data_file:s0 on path: /data/misc_de/0/apexdata/com.android.media
11-05 14:59:58.437 D/vold_prepare_subdirs( 228): Setting up mode 771 uid 0 gid 1000 context u:object_r:apex_module_data_file:s0 on path: /data/misc_de/0/apexdata/com.android.ipsec
11-05 14:59:58.437 D/vold_prepare_subdirs( 228): Setting up mode 771 uid 0 gid 1000 context u:object_r:apex_module_data_file:s0 on path: /data/misc_de/0/apexdata/com.android.i18n
11-05 14:59:58.438 D/vold_prepare_subdirs( 228): Setting up mode 771 uid 0 gid 1000 context u:object_r:apex_module_data_file:s0 on path: /data/misc_de/0/apexdata/com.android.extservices
11-05 14:59:58.439 D/vold_prepare_subdirs( 228): Setting up mode 771 uid 0 gid 1000 context u:object_r:apex_module_data_file:s0 on path: /data/misc_de/0/apexdata/com.android.conscrypt
11-05 14:59:58.439 D/vold_prepare_subdirs( 228): Setting up mode 771 uid 0 gid 1000 context u:object_r:apex_module_data_file:s0 on path: /data/misc_de/0/apexdata/com.android.art
11-05 14:59:58.440 D/vold_prepare_subdirs( 228): Setting up mode 771 uid 0 gid 1000 context u:object_r:apex_module_data_file:s0 on path: /data/misc_de/0/apexdata/com.android.appsearch
11-05 14:59:58.440 D/vold_prepare_subdirs( 228): Setting up mode 771 uid 0 gid 1000 context u:object_r:apex_module_data_file:s0 on path: /data/misc_de/0/apexdata/com.android.adbd
11-05 14:59:58.441 D/vold_prepare_subdirs( 228): Setting up mode 771 uid 1000 gid 1000 context u:object_r:user_profile_root_file:s0:c512,c768 on path: /data/misc/profiles/cur/0
11-05 14:59:58.441 D/vold_prepare_subdirs( 228): Setting up mode 700 uid 1000 gid 1000 context u:object_r:fingerprint_vendor_data_file:s0 on path: /data/vendor_de/0/fpdata
11-05 14:59:58.442 D/vold_prepare_subdirs( 228): Setting up mode 700 uid 1000 gid 1000 context u:object_r:face_vendor_data_file:s0 on path: /data/vendor_de/0/facedata
11-05 14:59:58.444 D/vold ( 184): fscrypt_unlock_user_key 0 serial=0
11-05 14:59:58.467 I/derive_classpath( 230): ParseFragments for bootclasspath
11-05 14:59:58.478 I/derive_classpath( 230): ReadClasspathFragment /apex/com.android.art/etc/classpaths/bootclasspath.pb
11-05 14:59:58.478 I/derive_classpath( 230): ReadClasspathFragment /system/etc/classpaths/bootclasspath.pb
11-05 14:59:58.480 I/derive_classpath( 230): ReadClasspathFragment /apex/com.android.appsearch/etc/classpaths/bootclasspath.pb
11-05 14:59:58.481 I/derive_classpath( 230): ReadClasspathFragment /apex/com.android.conscrypt/etc/classpaths/bootclasspath.pb
11-05 14:59:58.481 I/derive_classpath( 230): ReadClasspathFragment /apex/com.android.i18n/etc/classpaths/bootclasspath.pb
11-05 14:59:58.482 I/derive_classpath( 230): ReadClasspathFragment /apex/com.android.ipsec/etc/classpaths/bootclasspath.pb
11-05 14:59:58.482 I/derive_classpath( 230): ReadClasspathFragment /apex/com.android.media/etc/classpaths/bootclasspath.pb
11-05 14:59:58.483 I/derive_classpath( 230): ReadClasspathFragment /apex/com.android.mediaprovider/etc/classpaths/bootclasspath.pb
11-05 14:59:58.483 I/derive_classpath( 230): ReadClasspathFragment /apex/com.android.os.statsd/etc/classpaths/bootclasspath.pb
11-05 14:59:58.484 I/derive_classpath( 230): ReadClasspathFragment /apex/com.android.permission/etc/classpaths/bootclasspath.pb
11-05 14:59:58.484 I/derive_classpath( 230): ReadClasspathFragment /apex/com.android.scheduling/etc/classpaths/bootclasspath.pb
11-05 14:59:58.485 I/derive_classpath( 230): ReadClasspathFragment /apex/com.android.sdkext/etc/classpaths/bootclasspath.pb
11-05 14:59:58.485 I/derive_classpath( 230): ReadClasspathFragment /apex/com.android.tethering/etc/classpaths/bootclasspath.pb
11-05 14:59:58.486 I/derive_classpath( 230): ReadClasspathFragment /apex/com.android.wifi/etc/classpaths/bootclasspath.pb
11-05 14:59:58.487 I/derive_classpath( 230): ParseFragments for systemserverclasspath
11-05 14:59:58.493 I/derive_classpath( 230): ReadClasspathFragment /system/etc/classpaths/systemserverclasspath.pb
11-05 14:59:58.495 I/derive_classpath( 230): ReadClasspathFragment /apex/com.android.appsearch/etc/classpaths/systemserverclasspath.pb
11-05 14:59:58.495 I/derive_classpath( 230): ReadClasspathFragment /apex/com.android.media/etc/classpaths/systemserverclasspath.pb
11-05 14:59:58.496 I/derive_classpath( 230): ReadClasspathFragment /apex/com.android.permission/etc/classpaths/systemserverclasspath.pb
11-05 14:59:58.496 I/derive_classpath( 230): WriteClasspathExports /data/system/environ/classpath
11-05 14:59:58.497 I/derive_classpath( 230): WriteClasspathExports content
