11-05 15:00:07.763 E/omx_vdec( 365): : erro: pParamData->nIndex > m_sPortFormatType.nIndex
11-05 15:00:07.763 W/omx_vdec( 365): <__AwOmxVdecGetExtensionIndex:1737>: GetExtensionIndex OMX.google.android.index.describeColorFormat, err [0x80001001].
11-05 15:00:07.763 W/omx_vdec( 365): <__AwOmxVdecGetExtensionIndex:1737>: GetExtensionIndex OMX.google.android.index.describeColorFormat2, err [0x80001001].
11-05 15:00:07.763 E/omx_vdec( 365): : erro: pParamData->nIndex > m_sPortFormatType.nIndex
11-05 15:00:07.763 W/omx_vdec( 365): <__AwOmxVdecGetExtensionIndex:1737>: GetExtensionIndex OMX.google.android.index.describeColorFormat, err [0x80001001].
11-05 15:00:07.763 W/omx_vdec( 365): <__AwOmxVdecGetExtensionIndex:1737>: GetExtensionIndex OMX.google.android.index.describeColorFormat2, err [0x80001001].
11-05 15:00:07.763 E/omx_vdec( 365): : erro: pParamData->nIndex > m_sPortFormatType.nIndex
11-05 15:00:07.764 W/omx_vdec( 365): <__AwOmxVdecGetExtensionIndex:1737>: GetExtensionIndex OMX.google.android.index.describeColorFormat, err [0x80001001].
11-05 15:00:07.764 W/omx_vdec( 365): <__AwOmxVdecGetExtensionIndex:1737>: GetExtensionIndex OMX.google.android.index.describeColorFormat2, err [0x80001001].
11-05 15:00:07.764 E/omx_vdec( 365): : erro: pParamData->nIndex > m_sPortFormatType.nIndex
11-05 15:00:07.764 W/omx_vdec( 365): <__AwOmxVdecGetExtensionIndex:1737>: GetExtensionIndex OMX.google.android.index.describeColorFormat, err [0x80001001].
11-05 15:00:07.764 W/omx_vdec( 365): <__AwOmxVdecGetExtensionIndex:1737>: GetExtensionIndex OMX.google.android.index.describeColorFormat2, err [0x80001001].
11-05 15:00:07.764 E/omx_vdec( 365): : erro: pParamData->nIndex > m_sPortFormatType.nIndex
11-05 15:00:07.764 W/omx_vdec( 365): <__AwOmxVdecGetExtensionIndex:1737>: GetExtensionIndex OMX.google.android.index.describeColorFormat, err [0x80001001].
11-05 15:00:07.764 W/omx_vdec( 365): <__AwOmxVdecGetExtensionIndex:1737>: GetExtensionIndex OMX.google.android.index.describeColorFormat2, err [0x80001001].
11-05 15:00:07.764 E/omx_vdec( 365): : erro: pParamData->nIndex > m_sPortFormatType.nIndex
11-05 15:00:07.765 W/omx_vdec( 365): <__AwOmxVdecGetExtensionIndex:1737>: GetExtensionIndex OMX.google.android.index.describeColorFormat, err [0x80001001].
11-05 15:00:07.765 W/omx_vdec( 365): <__AwOmxVdecGetExtensionIndex:1737>: GetExtensionIndex OMX.google.android.index.describeColorFormat2, err [0x80001001].
11-05 15:00:07.765 E/omx_vdec( 365): : erro: pParamData->nIndex > m_sPortFormatType.nIndex
11-05 15:00:07.765 W/omx_vdec( 365): <__AwOmxVdecGetExtensionIndex:1737>: GetExtensionIndex OMX.google.android.index.describeColorFormat, err [0x80001001].
11-05 15:00:07.765 W/omx_vdec( 365): <__AwOmxVdecGetExtensionIndex:1737>: GetExtensionIndex OMX.google.android.index.describeColorFormat2, err [0x80001001].
11-05 15:00:07.765 E/omx_vdec( 365): : erro: pParamData->nIndex > m_sPortFormatType.nIndex
11-05 15:00:07.765 W/omx_vdec( 365): <__AwOmxVdecGetExtensionIndex:1737>: GetExtensionIndex OMX.google.android.index.describeColorFormat, err [0x80001001].
11-05 15:00:07.765 W/omx_vdec( 365): <__AwOmxVdecGetExtensionIndex:1737>: GetExtensionIndex OMX.google.android.index.describeColorFormat2, err [0x80001001].
11-05 15:00:07.766 E/omx_vdec( 365): : erro: pParamData->nIndex > m_sPortFormatType.nIndex
11-05 15:00:07.766 W/omx_vdec( 365): <__AwOmxVdecGetExtensionIndex:1737>: GetExtensionIndex OMX.google.android.index.describeColorFormat, err [0x80001001].
11-05 15:00:07.766 W/omx_vdec( 365): <__AwOmxVdecGetExtensionIndex:1737>: GetExtensionIndex OMX.google.android.index.describeColorFormat2, err [0x80001001].
11-05 15:00:07.766 E/omx_vdec( 365): : erro: pParamData->nIndex > m_sPortFormatType.nIndex
11-05 15:00:07.766 W/omx_vdec( 365): <__AwOmxVdecGetExtensionIndex:1737>: GetExtensionIndex OMX.google.android.index.describeColorFormat, err [0x80001001].
11-05 15:00:07.766 I/SystemServerTiming( 484): MakeVpnManagerServiceReady
11-05 15:00:07.766 W/omx_vdec( 365): <__AwOmxVdecGetExtensionIndex:1737>: GetExtensionIndex OMX.google.android.index.describeColorFormat2, err [0x80001001].
11-05 15:00:07.766 E/omx_vdec( 365): : erro: pParamData->nIndex > m_sPortFormatType.nIndex
11-05 15:00:07.767 W/omx_vdec( 365): <__AwOmxVdecGetExtensionIndex:1737>: GetExtensionIndex OMX.google.android.index.describeColorFormat, err [0x80001001].
11-05 15:00:07.767 W/omx_vdec( 365): <__AwOmxVdecGetExtensionIndex:1737>: GetExtensionIndex OMX.google.android.index.describeColorFormat2, err [0x80001001].
11-05 15:00:07.767 E/omx_vdec( 365): : erro: pParamData->nIndex > m_sPortFormatType.nIndex
11-05 15:00:07.767 D/ConnectivityService( 484): NetReassign [no changes]
11-05 15:00:07.767 W/omx_vdec( 365): <__AwOmxVdecGetExtensionIndex:1737>: GetExtensionIndex OMX.google.android.index.describeColorFormat, err [0x80001001].
11-05 15:00:07.767 W/omx_vdec( 365): <__AwOmxVdecGetExtensionIndex:1737>: GetExtensionIndex OMX.google.android.index.describeColorFormat2, err [0x80001001].
11-05 15:00:07.767 E/omx_vdec( 365): : erro: pParamData->nIndex > m_sPortFormatType.nIndex
11-05 15:00:07.767 W/omx_vdec( 365): <__AwOmxVdecGetExtensionIndex:1737>: GetExtensionIndex OMX.google.android.index.describeColorFormat, err [0x80001001].
11-05 15:00:07.767 W/omx_vdec( 365): <__AwOmxVdecGetExtensionIndex:1737>: GetExtensionIndex OMX.google.android.index.describeColorFormat2, err [0x80001001].
11-05 15:00:07.767 E/omx_vdec( 365): : erro: pParamData->nIndex > m_sPortFormatType.nIndex
11-05 15:00:07.768 W/omx_vdec( 365): <__AwOmxVdecGetExtensionIndex:1737>: GetExtensionIndex OMX.google.android.index.describeColorFormat, err [0x80001001].
11-05 15:00:07.768 W/omx_vdec( 365): <__AwOmxVdecGetExtensionIndex:1737>: GetExtensionIndex OMX.google.android.index.describeColorFormat2, err [0x80001001].
11-05 15:00:07.768 E/omx_vdec( 365): : erro: pParamData->nIndex > m_sPortFormatType.nIndex
11-05 15:00:07.768 W/omx_vdec( 365): <__AwOmxVdecGetExtensionIndex:1737>: GetExtensionIndex OMX.google.android.index.describeColorFormat, err [0x80001001].
11-05 15:00:07.768 W/omx_vdec( 365): <__AwOmxVdecGetExtensionIndex:1737>: GetExtensionIndex OMX.google.android.index.describeColorFormat2, err [0x80001001].
11-05 15:00:07.769 E/omx_vdec( 365): : erro: pParamData->nIndex > m_sPortFormatType.nIndex
11-05 15:00:07.769 W/omx_vdec( 365): <__AwOmxVdecGetExtensionIndex:1737>: GetExtensionIndex OMX.google.android.index.describeColorFormat, err [0x80001001].
11-05 15:00:07.769 W/omx_vdec( 365): <__AwOmxVdecGetExtensionIndex:1737>: GetExtensionIndex OMX.google.android.index.describeColorFormat2, err [0x80001001].
11-05 15:00:07.769 E/omx_vdec( 365): : erro: pParamData->nIndex > m_sPortFormatType.nIndex
11-05 15:00:07.769 W/omx_vdec( 365): <__AwOmxVdecGetExtensionIndex:1737>: GetExtensionIndex OMX.google.android.index.describeColorFormat, err [0x80001001].
11-05 15:00:07.770 W/omx_vdec( 365): <__AwOmxVdecGetExtensionIndex:1737>: GetExtensionIndex OMX.google.android.index.describeColorFormat2, err [0x80001001].
11-05 15:00:07.770 E/omx_vdec( 365): : erro: pParamData->nIndex > m_sPortFormatType.nIndex
11-05 15:00:07.770 W/omx_vdec( 365): <__AwOmxVdecGetExtensionIndex:1737>: GetExtensionIndex OMX.google.android.index.describeColorFormat, err [0x80001001].
11-05 15:00:07.770 W/omx_vdec( 365): <__AwOmxVdecGetExtensionIndex:1737>: GetExtensionIndex OMX.google.android.index.describeColorFormat2, err [0x80001001].
11-05 15:00:07.770 W/ACodec ( 360): [OMX.allwinner.video.decoder.mpeg2] stopping checking formats after 32: COLOR_FormatYUV420Planar(13)
11-05 15:00:07.770 W/omx_vdec( 365): <__AwOmxVdecGetExtensionIndex:1737>: GetExtensionIndex OMX.google.android.index.configureVideoTunnelMode, err [0x80001001].
11-05 15:00:07.770 E/OMXNodeInstance( 365): getExtensionIndex(0xee5b5000:allwinner.decoder.mpeg2, OMX.google.android.index.configureVideoTunnelMode) ERROR: Undefined(0x80001001)
11-05 15:00:07.770 D/MediaCodecInfo( 360): detail feature-tunneled-playback wasn't present to remove
11-05 15:00:07.770 W/omx_vdec( 365): <__AwOmxVdecGetExtensionIndex:1737>: GetExtensionIndex OMX.google.android.index.storeANWBufferInMetadata, err [0x80001001].
11-05 15:00:07.770 W/omx_vdec_aw( 365): <__anSetExtPara:3011>: Setparameter: unknown param 2131755011
11-05 15:00:07.770 W/OMXNodeInstance( 365): [0xee5b5000:allwinner.decoder.mpeg2] component does not support metadata mode; using fallback
11-05 15:00:07.771 W/libc ( 365): invalid pthread_t (0) passed to pthread_join
11-05 15:00:07.771 W/libc ( 365): invalid pthread_t (0) passed to pthread_join
11-05 15:00:07.771 W/libc ( 365): invalid pthread_t (0) passed to pthread_join
11-05 15:00:07.773 I/OMXClient( 360): IOmx service obtained
11-05 15:00:07.773 I/OMXStore( 365): makeComponentInstance(OMX.allwinner.video.decoder.mpeg4) in android.hardwar process
11-05 15:00:07.774 I/omx_vdec_aw( 365): : OmxDecoderCreate.
11-05 15:00:07.775 W/omx_vdec( 365): <__AwOmxVdecSetParameter:1561>: Set Parameter called in valid state
11-05 15:00:07.775 W/omx_vdec( 365): : pParamProfileLevel->nProfileIndex[0x2] error!
11-05 15:00:07.775 E/OMXNodeInstance( 365): getParameter(0xee5b5000:allwinner.decoder.mpeg4, ParamVideoProfileLevelQuerySupported(0x600000f)) ERROR: BadParameter(0x80001005)
11-05 15:00:07.777 W/omx_vdec( 365): <__AwOmxVdecGetExtensionIndex:1737>: GetExtensionIndex OMX.google.android.index.describeColorFormat, err [0x80001001].
11-05 15:00:07.777 W/omx_vdec( 365): <__AwOmxVdecGetExtensionIndex:1737>: GetExtensionIndex OMX.google.android.index.describeColorFormat2, err [0x80001001].
11-05 15:00:07.778 E/omx_vdec( 365): : erro: pParamData->nIndex > m_sPortFormatType.nIndex
11-05 15:00:07.778 W/omx_vdec( 365): <__AwOmxVdecGetExtensionIndex:1737>: GetExtensionIndex OMX.google.android.index.describeColorFormat, err [0x80001001].
11-05 15:00:07.778 W/omx_vdec( 365): <__AwOmxVdecGetExtensionIndex:1737>: GetExtensionIndex OMX.google.android.index.describeColorFormat2, err [0x80001001].
11-05 15:00:07.778 E/omx_vdec( 365): : erro: pParamData->nIndex > m_sPortFormatType.nIndex
11-05 15:00:07.778 W/omx_vdec( 365): <__AwOmxVdecGetExtensionIndex:1737>: GetExtensionIndex OMX.google.android.index.describeColorFormat, err [0x80001001].
11-05 15:00:07.778 W/omx_vdec( 365): <__AwOmxVdecGetExtensionIndex:1737>: GetExtensionIndex OMX.google.android.index.describeColorFormat2, err [0x80001001].
11-05 15:00:07.778 E/omx_vdec( 365): : erro: pParamData->nIndex > m_sPortFormatType.nIndex
11-05 15:00:07.778 W/omx_vdec( 365): <__AwOmxVdecGetExtensionIndex:1737>: GetExtensionIndex OMX.google.android.index.describeColorFormat, err [0x80001001].
11-05 15:00:07.778 W/omx_vdec( 365): <__AwOmxVdecGetExtensionIndex:1737>: GetExtensionIndex OMX.google.android.index.describeColorFormat2, err [0x80001001].
11-05 15:00:07.779 E/omx_vdec( 365): : erro: pParamData->nIndex > m_sPortFormatType.nIndex
11-05 15:00:07.779 W/omx_vdec( 365): <__AwOmxVdecGetExtensionIndex:1737>: GetExtensionIndex OMX.google.android.index.describeColorFormat, err [0x80001001].
11-05 15:00:07.779 W/omx_vdec( 365): <__AwOmxVdecGetExtensionIndex:1737>: GetExtensionIndex OMX.google.android.index.describeColorFormat2, err [0x80001001].
11-05 15:00:07.779 E/omx_vdec( 365): : erro: pParamData->nIndex > m_sPortFormatType.nIndex
11-05 15:00:07.779 W/omx_vdec( 365): <__AwOmxVdecGetExtensionIndex:1737>: GetExtensionIndex OMX.google.android.index.describeColorFormat, err [0x80001001].
11-05 15:00:07.779 W/omx_vdec( 365): <__AwOmxVdecGetExtensionIndex:1737>: GetExtensionIndex OMX.google.android.index.describeColorFormat2, err [0x80001001].
11-05 15:00:07.779 I/SystemServerTiming( 484): MakeVcnManagementServiceReady
11-05 15:00:07.779 E/omx_vdec( 365): : erro: pParamData->nIndex > m_sPortFormatType.nIndex
11-05 15:00:07.779 W/omx_vdec( 365): <__AwOmxVdecGetExtensionIndex:1737>: GetExtensionIndex OMX.google.android.index.describeColorFormat, err [0x80001001].
11-05 15:00:07.780 W/omx_vdec( 365): <__AwOmxVdecGetExtensionIndex:1737>: GetExtensionIndex OMX.google.android.index.describeColorFormat2, err [0x80001001].
11-05 15:00:07.780 E/omx_vdec( 365): : erro: pParamData->nIndex > m_sPortFormatType.nIndex
11-05 15:00:07.780 D/ConnectivityService( 484): Got NetworkProvider Messenger for VcnNetworkProvider
11-05 15:00:07.780 W/omx_vdec( 365): <__AwOmxVdecGetExtensionIndex:1737>: GetExtensionIndex OMX.google.android.index.describeColorFormat, err [0x80001001].
11-05 15:00:07.780 W/omx_vdec( 365): <__AwOmxVdecGetExtensionIndex:1737>: GetExtensionIndex OMX.google.android.index.describeColorFormat2, err [0x80001001].
11-05 15:00:07.780 E/omx_vdec( 365): : erro: pParamData->nIndex > m_sPortFormatType.nIndex
11-05 15:00:07.780 W/omx_vdec( 365): <__AwOmxVdecGetExtensionIndex:1737>: GetExtensionIndex OMX.google.android.index.describeColorFormat, err [0x80001001].
11-05 15:00:07.780 W/omx_vdec( 365): <__AwOmxVdecGetExtensionIndex:1737>: GetExtensionIndex OMX.google.android.index.describeColorFormat2, err [0x80001001].
11-05 15:00:07.781 E/omx_vdec( 365): : erro: pParamData->nIndex > m_sPortFormatType.nIndex
11-05 15:00:07.781 W/omx_vdec( 365): <__AwOmxVdecGetExtensionIndex:1737>: GetExtensionIndex OMX.google.android.index.describeColorFormat, err [0x80001001].
11-05 15:00:07.781 W/omx_vdec( 365): <__AwOmxVdecGetExtensionIndex:1737>: GetExtensionIndex OMX.google.android.index.describeColorFormat2, err [0x80001001].
11-05 15:00:07.781 E/omx_vdec( 365): : erro: pParamData->nIndex > m_sPortFormatType.nIndex
11-05 15:00:07.781 W/omx_vdec( 365): <__AwOmxVdecGetExtensionIndex:1737>: GetExtensionIndex OMX.google.android.index.describeColorFormat, err [0x80001001].
11-05 15:00:07.781 W/omx_vdec( 365): <__AwOmxVdecGetExtensionIndex:1737>: GetExtensionIndex OMX.google.android.index.describeColorFormat2, err [0x80001001].
11-05 15:00:07.781 E/omx_vdec( 365): : erro: pParamData->nIndex > m_sPortFormatType.nIndex
11-05 15:00:07.781 W/omx_vdec( 365): <__AwOmxVdecGetExtensionIndex:1737>: GetExtensionIndex OMX.google.android.index.describeColorFormat, err [0x80001001].
11-05 15:00:07.781 W/omx_vdec( 365): <__AwOmxVdecGetExtensionIndex:1737>: GetExtensionIndex OMX.google.android.index.describeColorFormat2, err [0x80001001].
11-05 15:00:07.782 E/omx_vdec( 365): : erro: pParamData->nIndex > m_sPortFormatType.nIndex
11-05 15:00:07.782 W/omx_vdec( 365): <__AwOmxVdecGetExtensionIndex:1737>: GetExtensionIndex OMX.google.android.index.describeColorFormat, err [0x80001001].
11-05 15:00:07.782 W/omx_vdec( 365): <__AwOmxVdecGetExtensionIndex:1737>: GetExtensionIndex OMX.google.android.index.describeColorFormat2, err [0x80001001].
11-05 15:00:07.782 E/omx_vdec( 365): : erro: pParamData->nIndex > m_sPortFormatType.nIndex
11-05 15:00:07.782 W/omx_vdec( 365): <__AwOmxVdecGetExtensionIndex:1737>: GetExtensionIndex OMX.google.android.index.describeColorFormat, err [0x80001001].
11-05 15:00:07.782 W/omx_vdec( 365): <__AwOmxVdecGetExtensionIndex:1737>: GetExtensionIndex OMX.google.android.index.describeColorFormat2, err [0x80001001].
11-05 15:00:07.782 E/omx_vdec( 365): : erro: pParamData->nIndex > m_sPortFormatType.nIndex
11-05 15:00:07.782 D/ConnectivityService( 484): NetReassign [no changes]
11-05 15:00:07.782 W/omx_vdec( 365): <__AwOmxVdecGetExtensionIndex:1737>: GetExtensionIndex OMX.google.android.index.describeColorFormat, err [0x80001001].
11-05 15:00:07.782 W/omx_vdec( 365): <__AwOmxVdecGetExtensionIndex:1737>: GetExtensionIndex OMX.google.android.index.describeColorFormat2, err [0x80001001].
11-05 15:00:07.783 E/omx_vdec( 365): : erro: pParamData->nIndex > m_sPortFormatType.nIndex
11-05 15:00:07.783 W/omx_vdec( 365): <__AwOmxVdecGetExtensionIndex:1737>: GetExtensionIndex OMX.google.android.index.describeColorFormat, err [0x80001001].
11-05 15:00:07.783 W/omx_vdec( 365): <__AwOmxVdecGetExtensionIndex:1737>: GetExtensionIndex OMX.google.android.index.describeColorFormat2, err [0x80001001].
11-05 15:00:07.783 E/omx_vdec( 365): : erro: pParamData->nIndex > m_sPortFormatType.nIndex
11-05 15:00:07.783 W/omx_vdec( 365): <__AwOmxVdecGetExtensionIndex:1737>: GetExtensionIndex OMX.google.android.index.describeColorFormat, err [0x80001001].
11-05 15:00:07.783 W/omx_vdec( 365): <__AwOmxVdecGetExtensionIndex:1737>: GetExtensionIndex OMX.google.android.index.describeColorFormat2, err [0x80001001].
11-05 15:00:07.783 E/omx_vdec( 365): : erro: pParamData->nIndex > m_sPortFormatType.nIndex
11-05 15:00:07.783 W/omx_vdec( 365): <__AwOmxVdecGetExtensionIndex:1737>: GetExtensionIndex OMX.google.android.index.describeColorFormat, err [0x80001001].
11-05 15:00:07.784 W/omx_vdec( 365): <__AwOmxVdecGetExtensionIndex:1737>: GetExtensionIndex OMX.google.android.index.describeColorFormat2, err [0x80001001].
11-05 15:00:07.784 E/omx_vdec( 365): : erro: pParamData->nIndex > m_sPortFormatType.nIndex
11-05 15:00:07.784 W/omx_vdec( 365): <__AwOmxVdecGetExtensionIndex:1737>: GetExtensionIndex OMX.google.android.index.describeColorFormat, err [0x80001001].
11-05 15:00:07.784 W/omx_vdec( 365): <__AwOmxVdecGetExtensionIndex:1737>: GetExtensionIndex OMX.google.android.index.describeColorFormat2, err [0x80001001].
11-05 15:00:07.784 I/SystemServerTiming( 484): MakeNetworkPolicyServiceReady
11-05 15:00:07.785 E/omx_vdec( 365): : erro: pParamData->nIndex > m_sPortFormatType.nIndex
11-05 15:00:07.785 W/omx_vdec( 365): <__AwOmxVdecGetExtensionIndex:1737>: GetExtensionIndex OMX.google.android.index.describeColorFormat, err [0x80001001].
11-05 15:00:07.785 W/omx_vdec( 365): <__AwOmxVdecGetExtensionIndex:1737>: GetExtensionIndex OMX.google.android.index.describeColorFormat2, err [0x80001001].
11-05 15:00:07.786 E/omx_vdec( 365): : erro: pParamData->nIndex > m_sPortFormatType.nIndex
11-05 15:00:07.786 W/omx_vdec( 365): <__AwOmxVdecGetExtensionIndex:1737>: GetExtensionIndex OMX.google.android.index.describeColorFormat, err [0x80001001].
11-05 15:00:07.786 W/omx_vdec( 365): <__AwOmxVdecGetExtensionIndex:1737>: GetExtensionIndex OMX.google.android.index.describeColorFormat2, err [0x80001001].
11-05 15:00:07.786 E/omx_vdec( 365): : erro: pParamData->nIndex > m_sPortFormatType.nIndex
11-05 15:00:07.786 W/omx_vdec( 365): <__AwOmxVdecGetExtensionIndex:1737>: GetExtensionIndex OMX.google.android.index.describeColorFormat, err [0x80001001].
11-05 15:00:07.786 W/omx_vdec( 365): <__AwOmxVdecGetExtensionIndex:1737>: GetExtensionIndex OMX.google.android.index.describeColorFormat2, err [0x80001001].
11-05 15:00:07.786 E/omx_vdec( 365): : erro: pParamData->nIndex > m_sPortFormatType.nIndex
11-05 15:00:07.786 W/omx_vdec( 365): <__AwOmxVdecGetExtensionIndex:1737>: GetExtensionIndex OMX.google.android.index.describeColorFormat, err [0x80001001].
11-05 15:00:07.786 W/omx_vdec( 365): <__AwOmxVdecGetExtensionIndex:1737>: GetExtensionIndex OMX.google.android.index.describeColorFormat2, err [0x80001001].
11-05 15:00:07.786 D/ConnectivityService( 484): NetReassign [no changes]
11-05 15:00:07.787 E/omx_vdec( 365): : erro: pParamData->nIndex > m_sPortFormatType.nIndex
11-05 15:00:07.787 W/omx_vdec( 365): <__AwOmxVdecGetExtensionIndex:1737>: GetExtensionIndex OMX.google.android.index.describeColorFormat, err [0x80001001].
11-05 15:00:07.787 I/SystemServerTiming( 484): PhaseThirdPartyAppsCanStart
11-05 15:00:07.787 W/omx_vdec( 365): <__AwOmxVdecGetExtensionIndex:1737>: GetExtensionIndex OMX.google.android.index.describeColorFormat2, err [0x80001001].
11-05 15:00:07.787 I/SystemServiceManager( 484): Starting phase 600
11-05 15:00:07.787 I/SystemServerTiming( 484): OnBootPhase_600
11-05 15:00:07.787 E/omx_vdec( 365): : erro: pParamData->nIndex > m_sPortFormatType.nIndex
11-05 15:00:07.787 W/omx_vdec( 365): <__AwOmxVdecGetExtensionIndex:1737>: GetExtensionIndex OMX.google.android.index.describeColorFormat, err [0x80001001].
11-05 15:00:07.787 W/omx_vdec( 365): <__AwOmxVdecGetExtensionIndex:1737>: GetExtensionIndex OMX.google.android.index.describeColorFormat2, err [0x80001001].
11-05 15:00:07.787 E/omx_vdec( 365): : erro: pParamData->nIndex > m_sPortFormatType.nIndex
11-05 15:00:07.787 W/omx_vdec( 365): <__AwOmxVdecGetExtensionIndex:1737>: GetExtensionIndex OMX.google.android.index.describeColorFormat, err [0x80001001].
11-05 15:00:07.787 W/omx_vdec( 365): <__AwOmxVdecGetExtensionIndex:1737>: GetExtensionIndex OMX.google.android.index.describeColorFormat2, err [0x80001001].
11-05 15:00:07.787 E/omx_vdec( 365): : erro: pParamData->nIndex > m_sPortFormatType.nIndex
11-05 15:00:07.788 W/omx_vdec( 365): <__AwOmxVdecGetExtensionIndex:1737>: GetExtensionIndex OMX.google.android.index.describeColorFormat, err [0x80001001].
11-05 15:00:07.788 W/omx_vdec( 365): <__AwOmxVdecGetExtensionIndex:1737>: GetExtensionIndex OMX.google.android.index.describeColorFormat2, err [0x80001001].
11-05 15:00:07.788 E/omx_vdec( 365): : erro: pParamData->nIndex > m_sPortFormatType.nIndex
11-05 15:00:07.788 I/ExplicitHealthCheckController( 484): Explicit health checks enabled.
11-05 15:00:07.788 I/PackageWatchdog( 484): Syncing state, reason: health check state enabled
11-05 15:00:07.788 W/omx_vdec( 365): <__AwOmxVdecGetExtensionIndex:1737>: GetExtensionIndex OMX.google.android.index.describeColorFormat, err [0x80001001].
11-05 15:00:07.788 I/PackageWatchdog( 484): Not pruning observers, elapsed time: 0ms
11-05 15:00:07.788 W/omx_vdec( 365): <__AwOmxVdecGetExtensionIndex:1737>: GetExtensionIndex OMX.google.android.index.describeColorFormat2, err [0x80001001].
11-05 15:00:07.788 I/PackageWatchdog( 484): Cancelling state sync, nothing to sync
11-05 15:00:07.788 I/PackageWatchdog( 484): Saving observer state to file
11-05 15:00:07.788 E/omx_vdec( 365): : erro: pParamData->nIndex > m_sPortFormatType.nIndex
11-05 15:00:07.788 W/omx_vdec( 365): <__AwOmxVdecGetExtensionIndex:1737>: GetExtensionIndex OMX.google.android.index.describeColorFormat, err [0x80001001].
11-05 15:00:07.788 W/omx_vdec( 365): <__AwOmxVdecGetExtensionIndex:1737>: GetExtensionIndex OMX.google.android.index.describeColorFormat2, err [0x80001001].
11-05 15:00:07.788 E/omx_vdec( 365): : erro: pParamData->nIndex > m_sPortFormatType.nIndex
11-05 15:00:07.789 W/omx_vdec( 365): <__AwOmxVdecGetExtensionIndex:1737>: GetExtensionIndex OMX.google.android.index.describeColorFormat, err [0x80001001].
11-05 15:00:07.789 W/omx_vdec( 365): <__AwOmxVdecGetExtensionIndex:1737>: GetExtensionIndex OMX.google.android.index.describeColorFormat2, err [0x80001001].
11-05 15:00:07.789 E/omx_vdec( 365): : erro: pParamData->nIndex > m_sPortFormatType.nIndex
11-05 15:00:07.789 W/omx_vdec( 365): <__AwOmxVdecGetExtensionIndex:1737>: GetExtensionIndex OMX.google.android.index.describeColorFormat, err [0x80001001].
11-05 15:00:07.789 W/omx_vdec( 365): <__AwOmxVdecGetExtensionIndex:1737>: GetExtensionIndex OMX.google.android.index.describeColorFormat2, err [0x80001001].
11-05 15:00:07.789 E/omx_vdec( 365): : erro: pParamData->nIndex > m_sPortFormatType.nIndex
11-05 15:00:07.789 W/omx_vdec( 365): <__AwOmxVdecGetExtensionIndex:1737>: GetExtensionIndex OMX.google.android.index.describeColorFormat, err [0x80001001].
11-05 15:00:07.789 W/omx_vdec( 365): <__AwOmxVdecGetExtensionIndex:1737>: GetExtensionIndex OMX.google.android.index.describeColorFormat2, err [0x80001001].
11-05 15:00:07.790 E/omx_vdec( 365): : erro: pParamData->nIndex > m_sPortFormatType.nIndex
11-05 15:00:07.790 W/omx_vdec( 365): <__AwOmxVdecGetExtensionIndex:1737>: GetExtensionIndex OMX.google.android.index.describeColorFormat, err [0x80001001].
11-05 15:00:07.790 W/omx_vdec( 365): <__AwOmxVdecGetExtensionIndex:1737>: GetExtensionIndex OMX.google.android.index.describeColorFormat2, err [0x80001001].
11-05 15:00:07.790 W/ACodec ( 360): [OMX.allwinner.video.decoder.mpeg4] stopping checking formats after 32: COLOR_FormatYUV420Planar(13)
11-05 15:00:07.790 W/omx_vdec( 365): <__AwOmxVdecGetExtensionIndex:1737>: GetExtensionIndex OMX.google.android.index.configureVideoTunnelMode, err [0x80001001].
11-05 15:00:07.790 E/OMXNodeInstance( 365): getExtensionIndex(0xee5b5000:allwinner.decoder.mpeg4, OMX.google.android.index.configureVideoTunnelMode) ERROR: Undefined(0x80001001)
11-05 15:00:07.790 D/MediaCodecInfo( 360): detail feature-tunneled-playback wasn't present to remove
11-05 15:00:07.790 W/omx_vdec( 365): <__AwOmxVdecGetExtensionIndex:1737>: GetExtensionIndex OMX.google.android.index.storeANWBufferInMetadata, err [0x80001001].
11-05 15:00:07.790 W/omx_vdec_aw( 365): <__anSetExtPara:3011>: Setparameter: unknown param 2131755011
11-05 15:00:07.790 W/OMXNodeInstance( 365): [0xee5b5000:allwinner.decoder.mpeg4] component does not support metadata mode; using fallback
11-05 15:00:07.791 W/libc ( 365): invalid pthread_t (0) passed to pthread_join
11-05 15:00:07.791 W/libc ( 365): invalid pthread_t (0) passed to pthread_join
11-05 15:00:07.791 W/libc ( 365): invalid pthread_t (0) passed to pthread_join
11-05 15:00:07.792 I/OMXClient( 360): IOmx service obtained
11-05 15:00:07.793 I/OMXStore( 365): makeComponentInstance(OMX.allwinner.video.decoder.vp8) in android.hardwar process
11-05 15:00:07.794 I/omx_vdec_aw( 365): : OmxDecoderCreate.
11-05 15:00:07.794 W/LocationManagerService( 484): no network location provider found
11-05 15:00:07.795 W/omx_vdec( 365): <__AwOmxVdecSetParameter:1561>: Set Parameter called in valid state
11-05 15:00:07.795 W/omx_vdec( 365): : OMX_IndexParamVideoProfileLevelQuerySupported, Format[0x9] not support
11-05 15:00:07.795 E/OMXNodeInstance( 365): getParameter(0xee5b5000:allwinner.decoder.vp8, ParamVideoProfileLevelQuerySupported(0x600000f)) ERROR: BadParameter(0x80001005)
11-05 15:00:07.795 W/omx_vdec( 365): <__AwOmxVdecGetExtensionIndex:1737>: GetExtensionIndex OMX.google.android.index.describeColorFormat, err [0x80001001].
11-05 15:00:07.795 W/omx_vdec( 365): <__AwOmxVdecGetExtensionIndex:1737>: GetExtensionIndex OMX.google.android.index.describeColorFormat2, err [0x80001001].
11-05 15:00:07.796 E/omx_vdec( 365): : erro: pParamData->nIndex > m_sPortFormatType.nIndex
11-05 15:00:07.796 W/omx_vdec( 365): <__AwOmxVdecGetExtensionIndex:1737>: GetExtensionIndex OMX.google.android.index.describeColorFormat, err [0x80001001].
11-05 15:00:07.796 W/omx_vdec( 365): <__AwOmxVdecGetExtensionIndex:1737>: GetExtensionIndex OMX.google.android.index.describeColorFormat2, err [0x80001001].
11-05 15:00:07.796 E/omx_vdec( 365): : erro: pParamData->nIndex > m_sPortFormatType.nIndex
11-05 15:00:07.796 W/omx_vdec( 365): <__AwOmxVdecGetExtensionIndex:1737>: GetExtensionIndex OMX.google.android.index.describeColorFormat, err [0x80001001].
11-05 15:00:07.796 W/omx_vdec( 365): <__AwOmxVdecGetExtensionIndex:1737>: GetExtensionIndex OMX.google.android.index.describeColorFormat2, err [0x80001001].
11-05 15:00:07.796 E/omx_vdec( 365): : erro: pParamData->nIndex > m_sPortFormatType.nIndex
11-05 15:00:07.796 W/omx_vdec( 365): <__AwOmxVdecGetExtensionIndex:1737>: GetExtensionIndex OMX.google.android.index.describeColorFormat, err [0x80001001].
11-05 15:00:07.796 W/omx_vdec( 365): <__AwOmxVdecGetExtensionIndex:1737>: GetExtensionIndex OMX.google.android.index.describeColorFormat2, err [0x80001001].
11-05 15:00:07.797 E/omx_vdec( 365): : erro: pParamData->nIndex > m_sPortFormatType.nIndex
11-05 15:00:07.797 W/omx_vdec( 365): <__AwOmxVdecGetExtensionIndex:1737>: GetExtensionIndex OMX.google.android.index.describeColorFormat, err [0x80001001].
11-05 15:00:07.797 W/omx_vdec( 365): <__AwOmxVdecGetExtensionIndex:1737>: GetExtensionIndex OMX.google.android.index.describeColorFormat2, err [0x80001001].
11-05 15:00:07.797 E/omx_vdec( 365): : erro: pParamData->nIndex > m_sPortFormatType.nIndex
11-05 15:00:07.797 W/omx_vdec( 365): <__AwOmxVdecGetExtensionIndex:1737>: GetExtensionIndex OMX.google.android.index.describeColorFormat, err [0x80001001].
11-05 15:00:07.798 W/omx_vdec( 365): <__AwOmxVdecGetExtensionIndex:1737>: GetExtensionIndex OMX.google.android.index.describeColorFormat2, err [0x80001001].
11-05 15:00:07.798 E/omx_vdec( 365): : erro: pParamData->nIndex > m_sPortFormatType.nIndex
11-05 15:00:07.800 I/ServiceWatcher( 484): [fused] chose new implementation 1000/com.android.location.fused/.FusedLocationService@0
11-05 15:00:07.801 W/omx_vdec( 365): <__AwOmxVdecGetExtensionIndex:1737>: GetExtensionIndex OMX.google.android.index.describeColorFormat, err [0x80001001].
11-05 15:00:07.802 W/omx_vdec( 365): <__AwOmxVdecGetExtensionIndex:1737>: GetExtensionIndex OMX.google.android.index.describeColorFormat2, err [0x80001001].
11-05 15:00:07.802 E/omx_vdec( 365): : erro: pParamData->nIndex > m_sPortFormatType.nIndex
11-05 15:00:07.802 W/omx_vdec( 365): <__AwOmxVdecGetExtensionIndex:1737>: GetExtensionIndex OMX.google.android.index.describeColorFormat, err [0x80001001].
11-05 15:00:07.802 W/omx_vdec( 365): <__AwOmxVdecGetExtensionIndex:1737>: GetExtensionIndex OMX.google.android.index.describeColorFormat2, err [0x80001001].
11-05 15:00:07.802 E/omx_vdec( 365): : erro: pParamData->nIndex > m_sPortFormatType.nIndex
11-05 15:00:07.802 W/omx_vdec( 365): <__AwOmxVdecGetExtensionIndex:1737>: GetExtensionIndex OMX.google.android.index.describeColorFormat, err [0x80001001].
11-05 15:00:07.802 W/omx_vdec( 365): <__AwOmxVdecGetExtensionIndex:1737>: GetExtensionIndex OMX.google.android.index.describeColorFormat2, err [0x80001001].
11-05 15:00:07.802 E/omx_vdec( 365): : erro: pParamData->nIndex > m_sPortFormatType.nIndex
11-05 15:00:07.803 W/omx_vdec( 365): <__AwOmxVdecGetExtensionIndex:1737>: GetExtensionIndex OMX.google.android.index.describeColorFormat, err [0x80001001].
11-05 15:00:07.803 W/omx_vdec( 365): <__AwOmxVdecGetExtensionIndex:1737>: GetExtensionIndex OMX.google.android.index.describeColorFormat2, err [0x80001001].
11-05 15:00:07.803 E/omx_vdec( 365): : erro: pParamData->nIndex > m_sPortFormatType.nIndex
11-05 15:00:07.803 W/omx_vdec( 365): <__AwOmxVdecGetExtensionIndex:1737>: GetExtensionIndex OMX.google.android.index.describeColorFormat, err [0x80001001].
11-05 15:00:07.803 W/omx_vdec( 365): <__AwOmxVdecGetExtensionIndex:1737>: GetExtensionIndex OMX.google.android.index.describeColorFormat2, err [0x80001001].
11-05 15:00:07.803 E/omx_vdec( 365): : erro: pParamData->nIndex > m_sPortFormatType.nIndex
11-05 15:00:07.803 W/omx_vdec( 365): <__AwOmxVdecGetExtensionIndex:1737>: GetExtensionIndex OMX.google.android.index.describeColorFormat, err [0x80001001].
11-05 15:00:07.803 W/omx_vdec( 365): <__AwOmxVdecGetExtensionIndex:1737>: GetExtensionIndex OMX.google.android.index.describeColorFormat2, err [0x80001001].
11-05 15:00:07.804 E/omx_vdec( 365): : erro: pParamData->nIndex > m_sPortFormatType.nIndex
11-05 15:00:07.804 W/omx_vdec( 365): <__AwOmxVdecGetExtensionIndex:1737>: GetExtensionIndex OMX.google.android.index.describeColorFormat, err [0x80001001].
11-05 15:00:07.804 W/omx_vdec( 365): <__AwOmxVdecGetExtensionIndex:1737>: GetExtensionIndex OMX.google.android.index.describeColorFormat2, err [0x80001001].
11-05 15:00:07.804 E/omx_vdec( 365): : erro: pParamData->nIndex > m_sPortFormatType.nIndex
11-05 15:00:07.804 W/omx_vdec( 365): <__AwOmxVdecGetExtensionIndex:1737>: GetExtensionIndex OMX.google.android.index.describeColorFormat, err [0x80001001].
11-05 15:00:07.804 E/servicemanager( 179): Could not find android.hardware.gnss.IGnss/default in the VINTF manifest.
11-05 15:00:07.804 W/omx_vdec( 365): <__AwOmxVdecGetExtensionIndex:1737>: GetExtensionIndex OMX.google.android.index.describeColorFormat2, err [0x80001001].
11-05 15:00:07.804 E/omx_vdec( 365): : erro: pParamData->nIndex > m_sPortFormatType.nIndex
11-05 15:00:07.804 D/GnssLocationProviderJni( 484): Trying IGnss_V2_1::getService()
11-05 15:00:07.804 W/omx_vdec( 365): <__AwOmxVdecGetExtensionIndex:1737>: GetExtensionIndex OMX.google.android.index.describeColorFormat, err [0x80001001].
11-05 15:00:07.804 W/omx_vdec( 365): <__AwOmxVdecGetExtensionIndex:1737>: GetExtensionIndex OMX.google.android.index.describeColorFormat2, err [0x80001001].
11-05 15:00:07.805 E/omx_vdec( 365): : erro: pParamData->nIndex > m_sPortFormatType.nIndex
11-05 15:00:07.805 W/omx_vdec( 365): <__AwOmxVdecGetExtensionIndex:1737>: GetExtensionIndex OMX.google.android.index.describeColorFormat, err [0x80001001].
11-05 15:00:07.805 W/omx_vdec( 365): <__AwOmxVdecGetExtensionIndex:1737>: GetExtensionIndex OMX.google.android.index.describeColorFormat2, err [0x80001001].
11-05 15:00:07.805 E/omx_vdec( 365): : erro: pParamData->nIndex > m_sPortFormatType.nIndex
11-05 15:00:07.805 W/omx_vdec( 365): <__AwOmxVdecGetExtensionIndex:1737>: GetExtensionIndex OMX.google.android.index.describeColorFormat, err [0x80001001].
11-05 15:00:07.805 W/omx_vdec( 365): <__AwOmxVdecGetExtensionIndex:1737>: GetExtensionIndex OMX.google.android.index.describeColorFormat2, err [0x80001001].
11-05 15:00:07.805 I/hwservicemanager( 180): getTransport: Cannot find entry android.hardware.gnss@2.1::IGnss/default in either framework or device VINTF manifest.
11-05 15:00:07.805 E/omx_vdec( 365): : erro: pParamData->nIndex > m_sPortFormatType.nIndex
11-05 15:00:07.805 W/omx_vdec( 365): <__AwOmxVdecGetExtensionIndex:1737>: GetExtensionIndex OMX.google.android.index.describeColorFormat, err [0x80001001].
11-05 15:00:07.806 D/GnssLocationProviderJni( 484): gnssHal 2.1 was null, trying 2.0
11-05 15:00:07.806 W/omx_vdec( 365): <__AwOmxVdecGetExtensionIndex:1737>: GetExtensionIndex OMX.google.android.index.describeColorFormat2, err [0x80001001].
11-05 15:00:07.806 E/omx_vdec( 365): : erro: pParamData->nIndex > m_sPortFormatType.nIndex
11-05 15:00:07.806 W/omx_vdec( 365): <__AwOmxVdecGetExtensionIndex:1737>: GetExtensionIndex OMX.google.android.index.describeColorFormat, err [0x80001001].
11-05 15:00:07.806 I/hwservicemanager( 180): getTransport: Cannot find entry android.hardware.gnss@2.0::IGnss/default in either framework or device VINTF manifest.
11-05 15:00:07.806 W/omx_vdec( 365): <__AwOmxVdecGetExtensionIndex:1737>: GetExtensionIndex OMX.google.android.index.describeColorFormat2, err [0x80001001].
11-05 15:00:07.806 E/omx_vdec( 365): : erro: pParamData->nIndex > m_sPortFormatType.nIndex
11-05 15:00:07.806 W/omx_vdec( 365): <__AwOmxVdecGetExtensionIndex:1737>: GetExtensionIndex OMX.google.android.index.describeColorFormat, err [0x80001001].
11-05 15:00:07.806 W/omx_vdec( 365): <__AwOmxVdecGetExtensionIndex:1737>: GetExtensionIndex OMX.google.android.index.describeColorFormat2, err [0x80001001].
11-05 15:00:07.806 E/omx_vdec( 365): : erro: pParamData->nIndex > m_sPortFormatType.nIndex
11-05 15:00:07.807 W/omx_vdec( 365): <__AwOmxVdecGetExtensionIndex:1737>: GetExtensionIndex OMX.google.android.index.describeColorFormat, err [0x80001001].
11-05 15:00:07.807 D/CompatibilityChangeReporter( 484): Compat change id reported: 168419799; UID 1000; state: DISABLED
11-05 15:00:07.807 W/omx_vdec( 365): <__AwOmxVdecGetExtensionIndex:1737>: GetExtensionIndex OMX.google.android.index.describeColorFormat2, err [0x80001001].
11-05 15:00:07.807 E/omx_vdec( 365): : erro: pParamData->nIndex > m_sPortFormatType.nIndex
11-05 15:00:07.807 W/omx_vdec( 365): <__AwOmxVdecGetExtensionIndex:1737>: GetExtensionIndex OMX.google.android.index.describeColorFormat, err [0x80001001].
11-05 15:00:07.807 W/omx_vdec( 365): <__AwOmxVdecGetExtensionIndex:1737>: GetExtensionIndex OMX.google.android.index.describeColorFormat2, err [0x80001001].
11-05 15:00:07.807 E/omx_vdec( 365): : erro: pParamData->nIndex > m_sPortFormatType.nIndex
11-05 15:00:07.807 W/omx_vdec( 365): <__AwOmxVdecGetExtensionIndex:1737>: GetExtensionIndex OMX.google.android.index.describeColorFormat, err [0x80001001].
11-05 15:00:07.807 W/omx_vdec( 365): <__AwOmxVdecGetExtensionIndex:1737>: GetExtensionIndex OMX.google.android.index.describeColorFormat2, err [0x80001001].
11-05 15:00:07.807 E/omx_vdec( 365): : erro: pParamData->nIndex > m_sPortFormatType.nIndex
11-05 15:00:07.808 D/GnssLocationProviderJni( 484): gnssHal 2.0 was null, trying 1.1
11-05 15:00:07.808 W/omx_vdec( 365): <__AwOmxVdecGetExtensionIndex:1737>: GetExtensionIndex OMX.google.android.index.describeColorFormat, err [0x80001001].
11-05 15:00:07.808 V/GraphicsEnvironment( 670): ANGLE Developer option for 'com.android.bluetooth' set to: 'default'
11-05 15:00:07.808 W/omx_vdec( 365): <__AwOmxVdecGetExtensionIndex:1737>: GetExtensionIndex OMX.google.android.index.describeColorFormat2, err [0x80001001].
11-05 15:00:07.808 E/omx_vdec( 365): : erro: pParamData->nIndex > m_sPortFormatType.nIndex
11-05 15:00:07.808 W/omx_vdec( 365): <__AwOmxVdecGetExtensionIndex:1737>: GetExtensionIndex OMX.google.android.index.describeColorFormat, err [0x80001001].
11-05 15:00:07.808 W/omx_vdec( 365): <__AwOmxVdecGetExtensionIndex:1737>: GetExtensionIndex OMX.google.android.index.describeColorFormat2, err [0x80001001].
11-05 15:00:07.808 E/omx_vdec( 365): : erro: pParamData->nIndex > m_sPortFormatType.nIndex
11-05 15:00:07.808 W/omx_vdec( 365): <__AwOmxVdecGetExtensionIndex:1737>: GetExtensionIndex OMX.google.android.index.describeColorFormat, err [0x80001001].
11-05 15:00:07.808 W/omx_vdec( 365): <__AwOmxVdecGetExtensionIndex:1737>: GetExtensionIndex OMX.google.android.index.describeColorFormat2, err [0x80001001].
11-05 15:00:07.809 E/omx_vdec( 365): : erro: pParamData->nIndex > m_sPortFormatType.nIndex
11-05 15:00:07.809 I/hwservicemanager( 180): getTransport: Cannot find entry android.hardware.gnss@1.1::IGnss/default in either framework or device VINTF manifest.
11-05 15:00:07.809 W/omx_vdec( 365): <__AwOmxVdecGetExtensionIndex:1737>: GetExtensionIndex OMX.google.android.index.describeColorFormat, err [0x80001001].
11-05 15:00:07.809 W/omx_vdec( 365): <__AwOmxVdecGetExtensionIndex:1737>: GetExtensionIndex OMX.google.android.index.describeColorFormat2, err [0x80001001].
11-05 15:00:07.809 D/GnssLocationProviderJni( 484): gnssHal 1.1 was null, trying 1.0
11-05 15:00:07.809 E/omx_vdec( 365): : erro: pParamData->nIndex > m_sPortFormatType.nIndex
11-05 15:00:07.809 V/GraphicsEnvironment( 670): Neither updatable production driver nor prerelease driver is supported.
11-05 15:00:07.809 W/omx_vdec( 365): <__AwOmxVdecGetExtensionIndex:1737>: GetExtensionIndex OMX.google.android.index.describeColorFormat, err [0x80001001].
11-05 15:00:07.809 W/omx_vdec( 365): <__AwOmxVdecGetExtensionIndex:1737>: GetExtensionIndex OMX.google.android.index.describeColorFormat2, err [0x80001001].
11-05 15:00:07.809 I/hwservicemanager( 180): getTransport: Cannot find entry android.hardware.gnss@1.0::IGnss/default in either framework or device VINTF manifest.
11-05 15:00:07.809 E/omx_vdec( 365): : erro: pParamData->nIndex > m_sPortFormatType.nIndex
11-05 15:00:07.809 W/omx_vdec( 365): <__AwOmxVdecGetExtensionIndex:1737>: GetExtensionIndex OMX.google.android.index.describeColorFormat, err [0x80001001].
11-05 15:00:07.809 W/omx_vdec( 365): <__AwOmxVdecGetExtensionIndex:1737>: GetExtensionIndex OMX.google.android.index.describeColorFormat2, err [0x80001001].
11-05 15:00:07.809 E/omx_vdec( 365): : erro: pParamData->nIndex > m_sPortFormatType.nIndex
11-05 15:00:07.810 W/omx_vdec( 365): <__AwOmxVdecGetExtensionIndex:1737>: GetExtensionIndex OMX.google.android.index.describeColorFormat, err [0x80001001].
11-05 15:00:07.810 W/omx_vdec( 365): <__AwOmxVdecGetExtensionIndex:1737>: GetExtensionIndex OMX.google.android.index.describeColorFormat2, err [0x80001001].
11-05 15:00:07.810 E/omx_vdec( 365): : erro: pParamData->nIndex > m_sPortFormatType.nIndex
11-05 15:00:07.810 W/omx_vdec( 365): <__AwOmxVdecGetExtensionIndex:1737>: GetExtensionIndex OMX.google.android.index.describeColorFormat, err [0x80001001].
11-05 15:00:07.810 W/omx_vdec( 365): <__AwOmxVdecGetExtensionIndex:1737>: GetExtensionIndex OMX.google.android.index.describeColorFormat2, err [0x80001001].
11-05 15:00:07.810 E/omx_vdec( 365): : erro: pParamData->nIndex > m_sPortFormatType.nIndex
11-05 15:00:07.810 W/omx_vdec( 365): <__AwOmxVdecGetExtensionIndex:1737>: GetExtensionIndex OMX.google.android.index.describeColorFormat, err [0x80001001].
11-05 15:00:07.810 W/omx_vdec( 365): <__AwOmxVdecGetExtensionIndex:1737>: GetExtensionIndex OMX.google.android.index.describeColorFormat2, err [0x80001001].
11-05 15:00:07.811 E/omx_vdec( 365): : erro: pParamData->nIndex > m_sPortFormatType.nIndex
11-05 15:00:07.811 W/omx_vdec( 365): <__AwOmxVdecGetExtensionIndex:1737>: GetExtensionIndex OMX.google.android.index.describeColorFormat, err [0x80001001].
11-05 15:00:07.811 W/omx_vdec( 365): <__AwOmxVdecGetExtensionIndex:1737>: GetExtensionIndex OMX.google.android.index.describeColorFormat2, err [0x80001001].
11-05 15:00:07.811 W/ACodec ( 360): [OMX.allwinner.video.decoder.vp8] stopping checking formats after 32: COLOR_FormatYUV420Planar(13)
11-05 15:00:07.811 W/omx_vdec( 365): <__AwOmxVdecGetExtensionIndex:1737>: GetExtensionIndex OMX.google.android.index.configureVideoTunnelMode, err [0x80001001].
11-05 15:00:07.811 E/OMXNodeInstance( 365): getExtensionIndex(0xee5b5000:allwinner.decoder.vp8, OMX.google.android.index.configureVideoTunnelMode) ERROR: Undefined(0x80001001)
11-05 15:00:07.811 D/MediaCodecInfo( 360): detail feature-tunneled-playback wasn't present to remove
11-05 15:00:07.811 W/omx_vdec( 365): <__AwOmxVdecGetExtensionIndex:1737>: GetExtensionIndex OMX.google.android.index.storeANWBufferInMetadata, err [0x80001001].
11-05 15:00:07.811 W/omx_vdec_aw( 365): <__anSetExtPara:3011>: Setparameter: unknown param 2131755011
11-05 15:00:07.811 W/OMXNodeInstance( 365): [0xee5b5000:allwinner.decoder.vp8] component does not support metadata mode; using fallback
11-05 15:00:07.811 D/NetworkSecurityConfig( 670): No Network Security Config specified, using platform default
11-05 15:00:07.811 W/libc ( 365): invalid pthread_t (0) passed to pthread_join
11-05 15:00:07.812 W/libc ( 365): invalid pthread_t (0) passed to pthread_join
11-05 15:00:07.812 W/libc ( 365): invalid pthread_t (0) passed to pthread_join
11-05 15:00:07.812 D/NetworkSecurityConfig( 670): No Network Security Config specified, using platform default
11-05 15:00:07.813 I/OMXClient( 360): IOmx service obtained
11-05 15:00:07.813 I/OMXStore( 365): makeComponentInstance(OMX.allwinner.video.decoder.vp9) in android.hardwar process
11-05 15:00:07.814 I/omx_vdec_aw( 365): : OmxDecoderCreate.
11-05 15:00:07.815 W/omx_vdec( 365): <__AwOmxVdecSetParameter:1561>: Set Parameter called in valid state
11-05 15:00:07.815 W/omx_vdec( 365): : OMX_IndexParamVideoProfileLevelQuerySupported, Format[0xa] not support
11-05 15:00:07.815 E/OMXNodeInstance( 365): getParameter(0xee5b5000:allwinner.decoder.vp9, ParamVideoProfileLevelQuerySupported(0x600000f)) ERROR: BadParameter(0x80001005)
11-05 15:00:07.815 W/omx_vdec( 365): <__AwOmxVdecGetExtensionIndex:1737>: GetExtensionIndex OMX.google.android.index.describeColorFormat, err [0x80001001].
11-05 15:00:07.815 W/omx_vdec( 365): <__AwOmxVdecGetExtensionIndex:1737>: GetExtensionIndex OMX.google.android.index.describeColorFormat2, err [0x80001001].
11-05 15:00:07.816 E/omx_vdec( 365): : erro: pParamData->nIndex > m_sPortFormatType.nIndex
11-05 15:00:07.816 W/omx_vdec( 365): <__AwOmxVdecGetExtensionIndex:1737>: GetExtensionIndex OMX.google.android.index.describeColorFormat, err [0x80001001].
11-05 15:00:07.816 W/omx_vdec( 365): <__AwOmxVdecGetExtensionIndex:1737>: GetExtensionIndex OMX.google.android.index.describeColorFormat2, err [0x80001001].
11-05 15:00:07.816 E/omx_vdec( 365): : erro: pParamData->nIndex > m_sPortFormatType.nIndex
11-05 15:00:07.816 W/omx_vdec( 365): <__AwOmxVdecGetExtensionIndex:1737>: GetExtensionIndex OMX.google.android.index.describeColorFormat, err [0x80001001].
11-05 15:00:07.816 W/omx_vdec( 365): <__AwOmxVdecGetExtensionIndex:1737>: GetExtensionIndex OMX.google.android.index.describeColorFormat2, err [0x80001001].
11-05 15:00:07.816 E/omx_vdec( 365): : erro: pParamData->nIndex > m_sPortFormatType.nIndex
11-05 15:00:07.817 W/omx_vdec( 365): <__AwOmxVdecGetExtensionIndex:1737>: GetExtensionIndex OMX.google.android.index.describeColorFormat, err [0x80001001].
11-05 15:00:07.817 W/omx_vdec( 365): <__AwOmxVdecGetExtensionIndex:1737>: GetExtensionIndex OMX.google.android.index.describeColorFormat2, err [0x80001001].
11-05 15:00:07.817 E/omx_vdec( 365): : erro: pParamData->nIndex > m_sPortFormatType.nIndex
11-05 15:00:07.817 W/omx_vdec( 365): <__AwOmxVdecGetExtensionIndex:1737>: GetExtensionIndex OMX.google.android.index.describeColorFormat, err [0x80001001].
11-05 15:00:07.817 W/omx_vdec( 365): <__AwOmxVdecGetExtensionIndex:1737>: GetExtensionIndex OMX.google.android.index.describeColorFormat2, err [0x80001001].
11-05 15:00:07.817 E/omx_vdec( 365): : erro: pParamData->nIndex > m_sPortFormatType.nIndex
11-05 15:00:07.817 W/omx_vdec( 365): <__AwOmxVdecGetExtensionIndex:1737>: GetExtensionIndex OMX.google.android.index.describeColorFormat, err [0x80001001].
11-05 15:00:07.817 W/omx_vdec( 365): <__AwOmxVdecGetExtensionIndex:1737>: GetExtensionIndex OMX.google.android.index.describeColorFormat2, err [0x80001001].
11-05 15:00:07.817 E/omx_vdec( 365): : erro: pParamData->nIndex > m_sPortFormatType.nIndex
11-05 15:00:07.817 W/omx_vdec( 365): <__AwOmxVdecGetExtensionIndex:1737>: GetExtensionIndex OMX.google.android.index.describeColorFormat, err [0x80001001].
11-05 15:00:07.817 W/omx_vdec( 365): <__AwOmxVdecGetExtensionIndex:1737>: GetExtensionIndex OMX.google.android.index.describeColorFormat2, err [0x80001001].
11-05 15:00:07.818 E/omx_vdec( 365): : erro: pParamData->nIndex > m_sPortFormatType.nIndex
11-05 15:00:07.818 W/omx_vdec( 365): <__AwOmxVdecGetExtensionIndex:1737>: GetExtensionIndex OMX.google.android.index.describeColorFormat, err [0x80001001].
11-05 15:00:07.818 W/omx_vdec( 365): <__AwOmxVdecGetExtensionIndex:1737>: GetExtensionIndex OMX.google.android.index.describeColorFormat2, err [0x80001001].
11-05 15:00:07.818 E/omx_vdec( 365): : erro: pParamData->nIndex > m_sPortFormatType.nIndex
11-05 15:00:07.818 W/omx_vdec( 365): <__AwOmxVdecGetExtensionIndex:1737>: GetExtensionIndex OMX.google.android.index.describeColorFormat, err [0x80001001].
11-05 15:00:07.818 W/omx_vdec( 365): <__AwOmxVdecGetExtensionIndex:1737>: GetExtensionIndex OMX.google.android.index.describeColorFormat2, err [0x80001001].
11-05 15:00:07.818 E/omx_vdec( 365): : erro: pParamData->nIndex > m_sPortFormatType.nIndex
11-05 15:00:07.818 W/omx_vdec( 365): <__AwOmxVdecGetExtensionIndex:1737>: GetExtensionIndex OMX.google.android.index.describeColorFormat, err [0x80001001].
11-05 15:00:07.818 W/omx_vdec( 365): <__AwOmxVdecGetExtensionIndex:1737>: GetExtensionIndex OMX.google.android.index.describeColorFormat2, err [0x80001001].
11-05 15:00:07.818 E/omx_vdec( 365): : erro: pParamData->nIndex > m_sPortFormatType.nIndex
11-05 15:00:07.818 W/omx_vdec( 365): <__AwOmxVdecGetExtensionIndex:1737>: GetExtensionIndex OMX.google.android.index.describeColorFormat, err [0x80001001].
11-05 15:00:07.819 W/omx_vdec( 365): <__AwOmxVdecGetExtensionIndex:1737>: GetExtensionIndex OMX.google.android.index.describeColorFormat2, err [0x80001001].
11-05 15:00:07.819 E/omx_vdec( 365): : erro: pParamData->nIndex > m_sPortFormatType.nIndex
11-05 15:00:07.819 W/omx_vdec( 365): <__AwOmxVdecGetExtensionIndex:1737>: GetExtensionIndex OMX.google.android.index.describeColorFormat, err [0x80001001].
11-05 15:00:07.819 W/omx_vdec( 365): <__AwOmxVdecGetExtensionIndex:1737>: GetExtensionIndex OMX.google.android.index.describeColorFormat2, err [0x80001001].
11-05 15:00:07.819 E/omx_vdec( 365): : erro: pParamData->nIndex > m_sPortFormatType.nIndex
11-05 15:00:07.819 W/omx_vdec( 365): <__AwOmxVdecGetExtensionIndex:1737>: GetExtensionIndex OMX.google.android.index.describeColorFormat, err [0x80001001].
11-05 15:00:07.819 W/omx_vdec( 365): <__AwOmxVdecGetExtensionIndex:1737>: GetExtensionIndex OMX.google.android.index.describeColorFormat2, err [0x80001001].
11-05 15:00:07.819 E/omx_vdec( 365): : erro: pParamData->nIndex > m_sPortFormatType.nIndex
11-05 15:00:07.819 W/omx_vdec( 365): <__AwOmxVdecGetExtensionIndex:1737>: GetExtensionIndex OMX.google.android.index.describeColorFormat, err [0x80001001].
11-05 15:00:07.819 W/omx_vdec( 365): <__AwOmxVdecGetExtensionIndex:1737>: GetExtensionIndex OMX.google.android.index.describeColorFormat2, err [0x80001001].
11-05 15:00:07.819 E/omx_vdec( 365): : erro: pParamData->nIndex > m_sPortFormatType.nIndex
11-05 15:00:07.819 W/omx_vdec( 365): <__AwOmxVdecGetExtensionIndex:1737>: GetExtensionIndex OMX.google.android.index.describeColorFormat, err [0x80001001].
11-05 15:00:07.820 W/omx_vdec( 365): <__AwOmxVdecGetExtensionIndex:1737>: GetExtensionIndex OMX.google.android.index.describeColorFormat2, err [0x80001001].
11-05 15:00:07.820 E/omx_vdec( 365): : erro: pParamData->nIndex > m_sPortFormatType.nIndex
11-05 15:00:07.820 W/omx_vdec( 365): <__AwOmxVdecGetExtensionIndex:1737>: GetExtensionIndex OMX.google.android.index.describeColorFormat, err [0x80001001].
11-05 15:00:07.820 W/omx_vdec( 365): <__AwOmxVdecGetExtensionIndex:1737>: GetExtensionIndex OMX.google.android.index.describeColorFormat2, err [0x80001001].
11-05 15:00:07.820 E/omx_vdec( 365): : erro: pParamData->nIndex > m_sPortFormatType.nIndex
11-05 15:00:07.820 W/omx_vdec( 365): <__AwOmxVdecGetExtensionIndex:1737>: GetExtensionIndex OMX.google.android.index.describeColorFormat, err [0x80001001].
11-05 15:00:07.820 W/omx_vdec( 365): <__AwOmxVdecGetExtensionIndex:1737>: GetExtensionIndex OMX.google.android.index.describeColorFormat2, err [0x80001001].
11-05 15:00:07.820 E/omx_vdec( 365): : erro: pParamData->nIndex > m_sPortFormatType.nIndex
11-05 15:00:07.820 W/omx_vdec( 365): <__AwOmxVdecGetExtensionIndex:1737>: GetExtensionIndex OMX.google.android.index.describeColorFormat, err [0x80001001].
11-05 15:00:07.820 W/omx_vdec( 365): <__AwOmxVdecGetExtensionIndex:1737>: GetExtensionIndex OMX.google.android.index.describeColorFormat2, err [0x80001001].
11-05 15:00:07.820 E/omx_vdec( 365): : erro: pParamData->nIndex > m_sPortFormatType.nIndex
11-05 15:00:07.821 W/omx_vdec( 365): <__AwOmxVdecGetExtensionIndex:1737>: GetExtensionIndex OMX.google.android.index.describeColorFormat, err [0x80001001].
11-05 15:00:07.821 W/omx_vdec( 365): <__AwOmxVdecGetExtensionIndex:1737>: GetExtensionIndex OMX.google.android.index.describeColorFormat2, err [0x80001001].
