11-05 15:02:29.955 E/WifiHAL ( 664): wifi_get_link_stats: requestResponse Error:-5
11-05 15:02:29.958 E/WifiVendorHal( 484): getWifiLinkLayerStats_1_5_Internal(l.1191) failed {.code = ERROR_INVALID_ARGS, .description = }
11-05 15:02:30.378 W/IorapForwardingService( 484): No service published for: iorapd
11-05 15:02:31.381 W/IorapForwardingService( 484): No service published for: iorapd
11-05 15:02:32.382 W/IorapForwardingService( 484): No service published for: iorapd
11-05 15:02:32.649 I/efs.base( 3481): wa upload succ, HttpResponse {succ=true, code=200, data='暂不支持该服务', extra={req_url=https://errlog.umeng.com/api/crashsdk/logcollect}}
11-05 15:02:32.927 I/FuseDaemon( 1055): Background concurrent copying GC freed 78850(4690KB) AllocSpace objects, 0(0B) LOS objects, 49% free, 4173KB/8347KB, paused 149us total 100.312ms
11-05 15:02:32.971 E/WifiHAL ( 664): wifi_get_link_stats: requestResponse Error:-5
11-05 15:02:32.974 E/WifiVendorHal( 484): getWifiLinkLayerStats_1_5_Internal(l.1191) failed {.code = ERROR_INVALID_ARGS, .description = }
11-05 15:02:33.384 W/IorapForwardingService( 484): No service published for: iorapd
11-05 15:02:33.547 D/hdmi-cec( 260): receive invalid cec message!
11-05 15:02:33.547 D/hdmi-cec( 260): receive poll message [04], skip!
11-05 15:02:33.565 I/TDLog ( 2450): [APP] New data found, Submitting...
11-05 15:02:33.582 I/TDLog ( 2450): [APP] Failed to submit data!
11-05 15:02:33.700 D/bbb ( 1208): onStartCommand begin !!!!!!! data分区剩余 24877MB
11-05 15:02:33.705 D/aaa ( 1143): LedStatusService onStartCommand begin
11-05 15:02:33.706 D/aaa ( 1143): topPkg is -------------- :com.dangbei.haqusetting
11-05 15:02:34.386 W/IorapForwardingService( 484): No service published for: iorapd
11-05 15:02:34.510 D/UtilLog ( 2450): 日志批量上报 进行正常循环 !!!!!!本次有0次请求,共0条数据
11-05 15:02:35.389 W/IorapForwardingService( 484): No service published for: iorapd
11-05 15:02:35.703 I/BLEAudioDrive_HV410( 247): select timeout!
11-05 15:02:35.988 E/WifiHAL ( 664): wifi_get_link_stats: requestResponse Error:-5
11-05 15:02:35.990 E/WifiVendorHal( 484): getWifiLinkLayerStats_1_5_Internal(l.1191) failed {.code = ERROR_INVALID_ARGS, .description = }
11-05 15:02:36.390 W/IorapForwardingService( 484): No service published for: iorapd
11-05 15:02:36.418 I/FuseDaemon( 1055): Background concurrent copying GC freed 76759(4555KB) AllocSpace objects, 0(0B) LOS objects, 49% free, 4273KB/8546KB, paused 227us total 125.628ms
11-05 15:02:36.660 W/nStackXCoAP( 3645): ParseDeviceJsonData:[149] :Can't find hicom version
11-05 15:02:36.660 D/nStackXCoAP( 3645): IsInSameNetwork:[276] :IsInSameNetwork exec
11-05 15:02:36.660 I/nStackXDFinder( 3645): GetLocalInterfaceDetail:[461] :GetLocalInterfaceDetail in
11-05 15:02:36.660 E/nStackXCoAP( 3645): IsInSameNetwork:[281] :IsInSameNetwork: not priority process
11-05 15:02:36.660 D/nStackXCoAP( 3645): ParseServiceDiscover:[330] :new device join
11-05 15:02:36.660 I/nStackXDFinder( 3645): NotifyDeviceListChanged:[540] :notify callback: device list changed callback is null
11-05 15:02:36.660 E/nStackXDFinder( 3645): GetLocalIp:[401] :GetLocalIp exec
11-05 15:02:36.669 D/nStackXCoAP( 3645): CoapMessageHandler:[133] :2.01
11-05 15:02:36.862 W/nStackXCoAP( 3645): ParseDeviceJsonData:[149] :Can't find hicom version
11-05 15:02:36.862 D/nStackXCoAP( 3645): IsInSameNetwork:[276] :IsInSameNetwork exec
11-05 15:02:36.862 I/nStackXDFinder( 3645): GetLocalInterfaceDetail:[461] :GetLocalInterfaceDetail in
11-05 15:02:36.862 E/nStackXCoAP( 3645): IsInSameNetwork:[281] :IsInSameNetwork: not priority process
11-05 15:02:36.862 D/nStackXCoAP( 3645): ParseServiceDiscover:[330] :new device join
11-05 15:02:36.862 E/nStackXDFinder( 3645): GetLocalIp:[401] :GetLocalIp exec
11-05 15:02:36.943 D/nStackXCoAP( 3645): CoapMessageHandler:[133] :2.01
11-05 15:02:36.953 W/nStackXCoAP( 3645): ParseDeviceJsonData:[149] :Can't find hicom version
11-05 15:02:36.953 D/nStackXCoAP( 3645): IsInSameNetwork:[276] :IsInSameNetwork exec
11-05 15:02:36.953 I/nStackXDFinder( 3645): GetLocalInterfaceDetail:[461] :GetLocalInterfaceDetail in
11-05 15:02:36.953 E/nStackXCoAP( 3645): IsInSameNetwork:[281] :IsInSameNetwork: not priority process
11-05 15:02:36.953 D/nStackXCoAP( 3645): ParseServiceDiscover:[330] :new device join
11-05 15:02:36.953 E/nStackXDFinder( 3645): GetLocalIp:[401] :GetLocalIp exec
11-05 15:02:36.971 D/nStackXCoAP( 3645): CoapMessageHandler:[133] :2.01
11-05 15:02:37.060 W/nStackXCoAP( 3645): ParseDeviceJsonData:[149] :Can't find hicom version
11-05 15:02:37.060 D/nStackXCoAP( 3645): IsInSameNetwork:[276] :IsInSameNetwork exec
11-05 15:02:37.060 I/nStackXDFinder( 3645): GetLocalInterfaceDetail:[461] :GetLocalInterfaceDetail in
11-05 15:02:37.060 E/nStackXCoAP( 3645): IsInSameNetwork:[281] :IsInSameNetwork: not priority process
11-05 15:02:37.060 D/nStackXCoAP( 3645): ParseServiceDiscover:[330] :new device join
11-05 15:02:37.060 E/nStackXDFinder( 3645): GetLocalIp:[401] :GetLocalIp exec
11-05 15:02:37.074 D/nStackXCoAP( 3645): CoapMessageHandler:[133] :2.01
11-05 15:02:37.200 W/nStackXCoAP( 3645): ParseDeviceJsonData:[149] :Can't find hicom version
11-05 15:02:37.200 D/nStackXCoAP( 3645): IsInSameNetwork:[276] :IsInSameNetwork exec
11-05 15:02:37.200 I/nStackXDFinder( 3645): GetLocalInterfaceDetail:[461] :GetLocalInterfaceDetail in
11-05 15:02:37.200 E/nStackXCoAP( 3645): IsInSameNetwork:[281] :IsInSameNetwork: not priority process
11-05 15:02:37.200 D/nStackXCoAP( 3645): ParseServiceDiscover:[330] :new device join
11-05 15:02:37.200 E/nStackXDFinder( 3645): GetLocalIp:[401] :GetLocalIp exec
11-05 15:02:37.212 D/nStackXCoAP( 3645): CoapMessageHandler:[133] :2.01
11-05 15:02:37.362 W/nStackXCoAP( 3645): ParseDeviceJsonData:[149] :Can't find hicom version
11-05 15:02:37.362 D/nStackXCoAP( 3645): IsInSameNetwork:[276] :IsInSameNetwork exec
11-05 15:02:37.362 I/nStackXDFinder( 3645): GetLocalInterfaceDetail:[461] :GetLocalInterfaceDetail in
11-05 15:02:37.362 E/nStackXCoAP( 3645): IsInSameNetwork:[281] :IsInSameNetwork: not priority process
11-05 15:02:37.362 D/nStackXCoAP( 3645): ParseServiceDiscover:[330] :new device join
11-05 15:02:37.362 E/nStackXDFinder( 3645): GetLocalIp:[401] :GetLocalIp exec
11-05 15:02:37.373 D/nStackXCoAP( 3645): CoapMessageHandler:[133] :2.01
11-05 15:02:37.393 W/IorapForwardingService( 484): No service published for: iorapd
11-05 15:02:37.483 W/nStackXCoAP( 3645): ParseDeviceJsonData:[149] :Can't find hicom version
11-05 15:02:37.483 D/nStackXCoAP( 3645): IsInSameNetwork:[276] :IsInSameNetwork exec
11-05 15:02:37.483 I/nStackXDFinder( 3645): GetLocalInterfaceDetail:[461] :GetLocalInterfaceDetail in
11-05 15:02:37.483 E/nStackXCoAP( 3645): IsInSameNetwork:[281] :IsInSameNetwork: not priority process
11-05 15:02:37.483 D/nStackXCoAP( 3645): ParseServiceDiscover:[330] :new device join
11-05 15:02:37.483 E/nStackXDFinder( 3645): GetLocalIp:[401] :GetLocalIp exec
11-05 15:02:37.494 D/nStackXCoAP( 3645): CoapMessageHandler:[133] :2.01
11-05 15:02:37.627 W/nStackXCoAP( 3645): ParseDeviceJsonData:[149] :Can't find hicom version
11-05 15:02:37.627 D/nStackXCoAP( 3645): IsInSameNetwork:[276] :IsInSameNetwork exec
11-05 15:02:37.627 I/nStackXDFinder( 3645): GetLocalInterfaceDetail:[461] :GetLocalInterfaceDetail in
11-05 15:02:37.627 E/nStackXCoAP( 3645): IsInSameNetwork:[281] :IsInSameNetwork: not priority process
11-05 15:02:37.627 D/nStackXCoAP( 3645): ParseServiceDiscover:[330] :new device join
11-05 15:02:37.627 E/nStackXDFinder( 3645): GetLocalIp:[401] :GetLocalIp exec
11-05 15:02:37.639 D/nStackXCoAP( 3645): CoapMessageHandler:[133] :2.01
11-05 15:02:37.770 W/nStackXCoAP( 3645): ParseDeviceJsonData:[149] :Can't find hicom version
11-05 15:02:37.770 D/nStackXCoAP( 3645): IsInSameNetwork:[276] :IsInSameNetwork exec
11-05 15:02:37.770 I/nStackXDFinder( 3645): GetLocalInterfaceDetail:[461] :GetLocalInterfaceDetail in
11-05 15:02:37.770 E/nStackXCoAP( 3645): IsInSameNetwork:[281] :IsInSameNetwork: not priority process
11-05 15:02:37.770 D/nStackXCoAP( 3645): ParseServiceDiscover:[330] :new device join
11-05 15:02:37.771 E/nStackXDFinder( 3645): GetLocalIp:[401] :GetLocalIp exec
11-05 15:02:37.784 D/nStackXCoAP( 3645): CoapMessageHandler:[133] :2.01
11-05 15:02:37.978 W/nStackXCoAP( 3645): ParseDeviceJsonData:[149] :Can't find hicom version
11-05 15:02:37.978 D/nStackXCoAP( 3645): IsInSameNetwork:[276] :IsInSameNetwork exec
11-05 15:02:37.978 I/nStackXDFinder( 3645): GetLocalInterfaceDetail:[461] :GetLocalInterfaceDetail in
11-05 15:02:37.978 E/nStackXCoAP( 3645): IsInSameNetwork:[281] :IsInSameNetwork: not priority process
11-05 15:02:37.978 D/nStackXCoAP( 3645): ParseServiceDiscover:[330] :new device join
11-05 15:02:37.979 E/nStackXDFinder( 3645): GetLocalIp:[401] :GetLocalIp exec
11-05 15:02:37.987 D/nStackXCoAP( 3645): CoapMessageHandler:[133] :2.01
11-05 15:02:38.052 W/nStackXCoAP( 3645): ParseDeviceJsonData:[149] :Can't find hicom version
11-05 15:02:38.054 D/nStackXCoAP( 3645): IsInSameNetwork:[276] :IsInSameNetwork exec
11-05 15:02:38.055 I/nStackXDFinder( 3645): GetLocalInterfaceDetail:[461] :GetLocalInterfaceDetail in
11-05 15:02:38.055 E/nStackXCoAP( 3645): IsInSameNetwork:[281] :IsInSameNetwork: not priority process
11-05 15:02:38.055 D/nStackXCoAP( 3645): ParseServiceDiscover:[330] :new device join
11-05 15:02:38.056 E/nStackXDFinder( 3645): GetLocalIp:[401] :GetLocalIp exec
11-05 15:02:38.063 D/nStackXCoAP( 3645): CoapMessageHandler:[133] :2.01
11-05 15:02:38.283 W/nStackXCoAP( 3645): ParseDeviceJsonData:[149] :Can't find hicom version
11-05 15:02:38.283 D/nStackXCoAP( 3645): IsInSameNetwork:[276] :IsInSameNetwork exec
11-05 15:02:38.283 I/nStackXDFinder( 3645): GetLocalInterfaceDetail:[461] :GetLocalInterfaceDetail in
11-05 15:02:38.283 E/nStackXCoAP( 3645): IsInSameNetwork:[281] :IsInSameNetwork: not priority process
11-05 15:02:38.283 D/nStackXCoAP( 3645): ParseServiceDiscover:[330] :new device join
11-05 15:02:38.284 E/nStackXDFinder( 3645): GetLocalIp:[401] :GetLocalIp exec
11-05 15:02:38.303 D/nStackXCoAP( 3645): CoapMessageHandler:[133] :2.01
11-05 15:02:38.395 W/nStackXCoAP( 3645): ParseDeviceJsonData:[149] :Can't find hicom version
11-05 15:02:38.396 D/nStackXCoAP( 3645): IsInSameNetwork:[276] :IsInSameNetwork exec
11-05 15:02:38.396 I/nStackXDFinder( 3645): GetLocalInterfaceDetail:[461] :GetLocalInterfaceDetail in
11-05 15:02:38.396 E/nStackXCoAP( 3645): IsInSameNetwork:[281] :IsInSameNetwork: not priority process
11-05 15:02:38.396 D/nStackXCoAP( 3645): ParseServiceDiscover:[330] :new device join
11-05 15:02:38.397 W/IorapForwardingService( 484): No service published for: iorapd
11-05 15:02:38.397 E/nStackXDFinder( 3645): GetLocalIp:[401] :GetLocalIp exec
11-05 15:02:38.405 D/nStackXCoAP( 3645): CoapMessageHandler:[133] :2.01
11-05 15:02:38.411 I/FuseDaemon( 1055): Background concurrent copying GC freed 77911(4627KB) AllocSpace objects, 0(0B) LOS objects, 49% free, 4093KB/8186KB, paused 236us total 146.763ms
11-05 15:02:38.506 W/nStackXCoAP( 3645): ParseDeviceJsonData:[149] :Can't find hicom version
11-05 15:02:38.506 D/nStackXCoAP( 3645): IsInSameNetwork:[276] :IsInSameNetwork exec
11-05 15:02:38.506 I/nStackXDFinder( 3645): GetLocalInterfaceDetail:[461] :GetLocalInterfaceDetail in
11-05 15:02:38.506 E/nStackXCoAP( 3645): IsInSameNetwork:[281] :IsInSameNetwork: not priority process
11-05 15:02:38.506 D/nStackXCoAP( 3645): ParseServiceDiscover:[330] :new device join
11-05 15:02:38.506 E/nStackXDFinder( 3645): GetLocalIp:[401] :GetLocalIp exec
11-05 15:02:38.528 D/nStackXCoAP( 3645): CoapMessageHandler:[133] :2.01
11-05 15:02:38.620 W/nStackXCoAP( 3645): ParseDeviceJsonData:[149] :Can't find hicom version
11-05 15:02:38.620 D/nStackXCoAP( 3645): IsInSameNetwork:[276] :IsInSameNetwork exec
11-05 15:02:38.620 I/nStackXDFinder( 3645): GetLocalInterfaceDetail:[461] :GetLocalInterfaceDetail in
11-05 15:02:38.620 E/nStackXCoAP( 3645): IsInSameNetwork:[281] :IsInSameNetwork: not priority process
11-05 15:02:38.621 D/nStackXCoAP( 3645): ParseServiceDiscover:[330] :new device join
11-05 15:02:38.622 E/nStackXDFinder( 3645): GetLocalIp:[401] :GetLocalIp exec
11-05 15:02:38.638 D/nStackXCoAP( 3645): CoapMessageHandler:[133] :2.01
11-05 15:02:38.721 I/WifiService( 484): startScan uid=1000
11-05 15:02:38.724 E/ccc ( 2850): cccccc i will start scan
11-05 15:02:38.803 W/nStackXCoAP( 3645): ParseDeviceJsonData:[149] :Can't find hicom version
11-05 15:02:38.803 D/nStackXCoAP( 3645): IsInSameNetwork:[276] :IsInSameNetwork exec
11-05 15:02:38.803 I/nStackXDFinder( 3645): GetLocalInterfaceDetail:[461] :GetLocalInterfaceDetail in
11-05 15:02:38.804 E/nStackXCoAP( 3645): IsInSameNetwork:[281] :IsInSameNetwork: not priority process
11-05 15:02:38.804 D/nStackXCoAP( 3645): ParseServiceDiscover:[330] :new device join
11-05 15:02:38.804 E/nStackXDFinder( 3645): GetLocalIp:[401] :GetLocalIp exec
11-05 15:02:38.990 D/nStackXCoAP( 3645): CoapMessageHandler:[133] :2.01
11-05 15:02:39.000 W/nStackXCoAP( 3645): ParseDeviceJsonData:[149] :Can't find hicom version
11-05 15:02:39.000 E/WifiHAL ( 664): wifi_get_link_stats: requestResponse Error:-5
11-05 15:02:39.001 D/nStackXCoAP( 3645): IsInSameNetwork:[276] :IsInSameNetwork exec
11-05 15:02:39.001 I/nStackXDFinder( 3645): GetLocalInterfaceDetail:[461] :GetLocalInterfaceDetail in
11-05 15:02:39.001 E/nStackXCoAP( 3645): IsInSameNetwork:[281] :IsInSameNetwork: not priority process
11-05 15:02:39.001 D/nStackXCoAP( 3645): ParseServiceDiscover:[330] :new device join
11-05 15:02:39.001 E/nStackXDFinder( 3645): GetLocalIp:[401] :GetLocalIp exec
11-05 15:02:39.003 E/WifiVendorHal( 484): getWifiLinkLayerStats_1_5_Internal(l.1191) failed {.code = ERROR_INVALID_ARGS, .description = }
11-05 15:02:39.110 W/nStackXCoAP( 3645): ParseDeviceJsonData:[149] :Can't find hicom version
11-05 15:02:39.110 D/nStackXCoAP( 3645): IsInSameNetwork:[276] :IsInSameNetwork exec
11-05 15:02:39.110 I/nStackXDFinder( 3645): GetLocalInterfaceDetail:[461] :GetLocalInterfaceDetail in
11-05 15:02:39.110 E/nStackXCoAP( 3645): IsInSameNetwork:[281] :IsInSameNetwork: not priority process
11-05 15:02:39.111 D/nStackXCoAP( 3645): ParseServiceDiscover:[330] :new device join
11-05 15:02:39.111 E/nStackXDFinder( 3645): GetLocalIp:[401] :GetLocalIp exec
11-05 15:02:39.114 D/nStackXCoAP( 3645): CoapMessageHandler:[133] :2.01
11-05 15:02:39.199 D/nStackXCoAP( 3645): CoapMessageHandler:[133] :2.01
11-05 15:02:39.315 W/nStackXCoAP( 3645): ParseDeviceJsonData:[149] :Can't find hicom version
11-05 15:02:39.315 D/nStackXCoAP( 3645): IsInSameNetwork:[276] :IsInSameNetwork exec
11-05 15:02:39.315 I/nStackXDFinder( 3645): GetLocalInterfaceDetail:[461] :GetLocalInterfaceDetail in
11-05 15:02:39.315 E/nStackXCoAP( 3645): IsInSameNetwork:[281] :IsInSameNetwork: not priority process
11-05 15:02:39.315 D/nStackXCoAP( 3645): ParseServiceDiscover:[330] :new device join
11-05 15:02:39.315 E/nStackXDFinder( 3645): GetLocalIp:[401] :GetLocalIp exec
11-05 15:02:39.400 D/nStackXCoAP( 3645): CoapMessageHandler:[133] :2.01
11-05 15:02:39.402 W/IorapForwardingService( 484): No service published for: iorapd
11-05 15:02:39.512 W/nStackXCoAP( 3645): ParseDeviceJsonData:[149] :Can't find hicom version
11-05 15:02:39.512 D/nStackXCoAP( 3645): IsInSameNetwork:[276] :IsInSameNetwork exec
11-05 15:02:39.512 I/nStackXDFinder( 3645): GetLocalInterfaceDetail:[461] :GetLocalInterfaceDetail in
11-05 15:02:39.512 E/nStackXCoAP( 3645): IsInSameNetwork:[281] :IsInSameNetwork: not priority process
11-05 15:02:39.512 D/nStackXCoAP( 3645): ParseServiceDiscover:[330] :new device join
11-05 15:02:39.512 E/nStackXDFinder( 3645): GetLocalIp:[401] :GetLocalIp exec
11-05 15:02:39.518 D/nStackXCoAP( 3645): CoapMessageHandler:[133] :2.01
11-05 15:02:39.614 W/nStackXCoAP( 3645): ParseDeviceJsonData:[149] :Can't find hicom version
11-05 15:02:39.614 D/nStackXCoAP( 3645): IsInSameNetwork:[276] :IsInSameNetwork exec
11-05 15:02:39.614 I/nStackXDFinder( 3645): GetLocalInterfaceDetail:[461] :GetLocalInterfaceDetail in
11-05 15:02:39.614 E/nStackXCoAP( 3645): IsInSameNetwork:[281] :IsInSameNetwork: not priority process
11-05 15:02:39.614 D/nStackXCoAP( 3645): ParseServiceDiscover:[330] :new device join
11-05 15:02:39.615 E/nStackXDFinder( 3645): GetLocalIp:[401] :GetLocalIp exec
11-05 15:02:39.623 D/nStackXCoAP( 3645): CoapMessageHandler:[133] :2.01
11-05 15:02:39.827 W/nStackXCoAP( 3645): ParseDeviceJsonData:[149] :Can't find hicom version
11-05 15:02:39.828 D/nStackXCoAP( 3645): IsInSameNetwork:[276] :IsInSameNetwork exec
11-05 15:02:39.828 I/nStackXDFinder( 3645): GetLocalInterfaceDetail:[461] :GetLocalInterfaceDetail in
11-05 15:02:39.828 E/nStackXCoAP( 3645): IsInSameNetwork:[281] :IsInSameNetwork: not priority process
11-05 15:02:39.828 D/nStackXCoAP( 3645): ParseServiceDiscover:[330] :new device join
11-05 15:02:39.828 E/nStackXDFinder( 3645): GetLocalIp:[401] :GetLocalIp exec
11-05 15:02:39.917 D/nStackXCoAP( 3645): CoapMessageHandler:[133] :2.01
11-05 15:02:39.921 W/nStackXCoAP( 3645): ParseDeviceJsonData:[149] :Can't find hicom version
11-05 15:02:39.921 D/nStackXCoAP( 3645): IsInSameNetwork:[276] :IsInSameNetwork exec
11-05 15:02:39.921 I/nStackXDFinder( 3645): GetLocalInterfaceDetail:[461] :GetLocalInterfaceDetail in
11-05 15:02:39.921 E/nStackXCoAP( 3645): IsInSameNetwork:[281] :IsInSameNetwork: not priority process
11-05 15:02:39.921 D/nStackXCoAP( 3645): ParseServiceDiscover:[330] :new device join
11-05 15:02:39.921 E/nStackXDFinder( 3645): GetLocalIp:[401] :GetLocalIp exec
11-05 15:02:39.929 D/nStackXCoAP( 3645): CoapMessageHandler:[133] :2.01
11-05 15:02:40.022 W/nStackXCoAP( 3645): ParseDeviceJsonData:[149] :Can't find hicom version
11-05 15:02:40.022 D/nStackXCoAP( 3645): IsInSameNetwork:[276] :IsInSameNetwork exec
11-05 15:02:40.022 I/nStackXDFinder( 3645): GetLocalInterfaceDetail:[461] :GetLocalInterfaceDetail in
11-05 15:02:40.022 E/nStackXCoAP( 3645): IsInSameNetwork:[281] :IsInSameNetwork: not priority process
11-05 15:02:40.022 D/nStackXCoAP( 3645): ParseServiceDiscover:[330] :new device join
11-05 15:02:40.022 E/nStackXDFinder( 3645): GetLocalIp:[401] :GetLocalIp exec
11-05 15:02:40.075 D/nStackXCoAP( 3645): CoapMessageHandler:[133] :2.01
11-05 15:02:40.164 W/nStackXCoAP( 3645): ParseDeviceJsonData:[149] :Can't find hicom version
11-05 15:02:40.164 D/nStackXCoAP( 3645): IsInSameNetwork:[276] :IsInSameNetwork exec
11-05 15:02:40.164 I/nStackXDFinder( 3645): GetLocalInterfaceDetail:[461] :GetLocalInterfaceDetail in
11-05 15:02:40.164 E/nStackXCoAP( 3645): IsInSameNetwork:[281] :IsInSameNetwork: not priority process
11-05 15:02:40.164 D/nStackXCoAP( 3645): ParseServiceDiscover:[330] :new device join
11-05 15:02:40.164 E/nStackXDFinder( 3645): GetLocalIp:[401] :GetLocalIp exec
11-05 15:02:40.222 D/nStackXCoAP( 3645): CoapMessageHandler:[133] :2.01
11-05 15:02:40.332 W/nStackXCoAP( 3645): ParseDeviceJsonData:[149] :Can't find hicom version
11-05 15:02:40.332 D/nStackXCoAP( 3645): IsInSameNetwork:[276] :IsInSameNetwork exec
11-05 15:02:40.332 I/nStackXDFinder( 3645): GetLocalInterfaceDetail:[461] :GetLocalInterfaceDetail in
11-05 15:02:40.332 E/nStackXCoAP( 3645): IsInSameNetwork:[281] :IsInSameNetwork: not priority process
11-05 15:02:40.332 D/nStackXCoAP( 3645): ParseServiceDiscover:[330] :new device join
11-05 15:02:40.332 E/nStackXDFinder( 3645): GetLocalIp:[401] :GetLocalIp exec
11-05 15:02:40.339 D/nStackXCoAP( 3645): CoapMessageHandler:[133] :2.01
11-05 15:02:40.403 W/IorapForwardingService( 484): No service published for: iorapd
11-05 15:02:40.638 W/nStackXCoAP( 3645): ParseDeviceJsonData:[149] :Can't find hicom version
11-05 15:02:40.638 D/nStackXCoAP( 3645): IsInSameNetwork:[276] :IsInSameNetwork exec
11-05 15:02:40.638 I/nStackXDFinder( 3645): GetLocalInterfaceDetail:[461] :GetLocalInterfaceDetail in
11-05 15:02:40.638 E/nStackXCoAP( 3645): IsInSameNetwork:[281] :IsInSameNetwork: not priority process
11-05 15:02:40.638 D/nStackXCoAP( 3645): ParseServiceDiscover:[330] :new device join
11-05 15:02:40.638 E/nStackXDFinder( 3645): GetLocalIp:[401] :GetLocalIp exec
11-05 15:02:40.649 D/nStackXCoAP( 3645): CoapMessageHandler:[133] :2.01
11-05 15:02:40.700 W/ZramWriteback( 484): Writeback device is not set
11-05 15:02:40.700 D/ZramWriteback( 484): wait to flush
11-05 15:02:40.742 W/nStackXCoAP( 3645): ParseDeviceJsonData:[149] :Can't find hicom version
11-05 15:02:40.742 D/nStackXCoAP( 3645): IsInSameNetwork:[276] :IsInSameNetwork exec
11-05 15:02:40.742 I/nStackXDFinder( 3645): GetLocalInterfaceDetail:[461] :GetLocalInterfaceDetail in
11-05 15:02:40.743 E/nStackXCoAP( 3645): IsInSameNetwork:[281] :IsInSameNetwork: not priority process
11-05 15:02:40.743 D/nStackXCoAP( 3645): ParseServiceDiscover:[330] :new device join
11-05 15:02:40.743 E/nStackXDFinder( 3645): GetLocalIp:[401] :GetLocalIp exec
11-05 15:02:40.836 D/nStackXCoAP( 3645): CoapMessageHandler:[133] :2.01
11-05 15:02:41.054 W/nStackXCoAP( 3645): ParseDeviceJsonData:[149] :Can't find hicom version
11-05 15:02:41.055 D/nStackXCoAP( 3645): IsInSameNetwork:[276] :IsInSameNetwork exec
11-05 15:02:41.055 I/nStackXDFinder( 3645): GetLocalInterfaceDetail:[461] :GetLocalInterfaceDetail in
11-05 15:02:41.055 E/nStackXCoAP( 3645): IsInSameNetwork:[281] :IsInSameNetwork: not priority process
11-05 15:02:41.055 D/nStackXCoAP( 3645): ParseServiceDiscover:[330] :new device join
11-05 15:02:41.055 E/nStackXDFinder( 3645): GetLocalIp:[401] :GetLocalIp exec
11-05 15:02:41.142 D/nStackXCoAP( 3645): CoapMessageHandler:[133] :2.01
11-05 15:02:41.254 W/nStackXCoAP( 3645): ParseDeviceJsonData:[149] :Can't find hicom version
11-05 15:02:41.255 D/nStackXCoAP( 3645): IsInSameNetwork:[276] :IsInSameNetwork exec
11-05 15:02:41.255 I/nStackXDFinder( 3645): GetLocalInterfaceDetail:[461] :GetLocalInterfaceDetail in
11-05 15:02:41.255 E/nStackXCoAP( 3645): IsInSameNetwork:[281] :IsInSameNetwork: not priority process
11-05 15:02:41.255 D/nStackXCoAP( 3645): ParseServiceDiscover:[330] :new device join
11-05 15:02:41.255 E/nStackXDFinder( 3645): GetLocalIp:[401] :GetLocalIp exec
11-05 15:02:41.347 D/nStackXCoAP( 3645): CoapMessageHandler:[133] :2.01
11-05 15:02:41.356 W/nStackXCoAP( 3645): ParseDeviceJsonData:[149] :Can't find hicom version
11-05 15:02:41.356 D/nStackXCoAP( 3645): IsInSameNetwork:[276] :IsInSameNetwork exec
11-05 15:02:41.356 I/nStackXDFinder( 3645): GetLocalInterfaceDetail:[461] :GetLocalInterfaceDetail in
11-05 15:02:41.356 E/nStackXCoAP( 3645): IsInSameNetwork:[281] :IsInSameNetwork: not priority process
11-05 15:02:41.356 D/nStackXCoAP( 3645): ParseServiceDiscover:[330] :new device join
11-05 15:02:41.356 E/nStackXDFinder( 3645): GetLocalIp:[401] :GetLocalIp exec
11-05 15:02:41.406 W/IorapForwardingService( 484): No service published for: iorapd
11-05 15:02:41.407 D/WifiNl80211Manager( 484): Scan result ready event
11-05 15:02:41.407 D/WifiNative( 484): Scan result ready event
11-05 15:02:41.408 D/nStackXCoAP( 3645): CoapMessageHandler:[133] :2.01
11-05 15:02:41.424 W/IE_Capabilities( 484): Unknown RSN cipher suite: 6ac0f00
11-05 15:02:41.431 W/IE_Capabilities( 484): Unknown RSN cipher suite: 6ac0f00
11-05 15:02:41.446 W/IE_Capabilities( 484): Unknown RSN cipher suite: 6ac0f00
11-05 15:02:41.466 W/nStackXCoAP( 3645): ParseDeviceJsonData:[149] :Can't find hicom version
11-05 15:02:41.466 D/nStackXCoAP( 3645): IsInSameNetwork:[276] :IsInSameNetwork exec
11-05 15:02:41.467 I/nStackXDFinder( 3645): GetLocalInterfaceDetail:[461] :GetLocalInterfaceDetail in
11-05 15:02:41.467 E/nStackXCoAP( 3645): IsInSameNetwork:[281] :IsInSameNetwork: not priority process
11-05 15:02:41.467 D/nStackXCoAP( 3645): ParseServiceDiscover:[330] :new device join
11-05 15:02:41.468 E/nStackXDFinder( 3645): GetLocalIp:[401] :GetLocalIp exec
11-05 15:02:41.482 D/nStackXCoAP( 3645): CoapMessageHandler:[133] :2.01
11-05 15:02:41.499 E/ccc ( 2850): cccccc SCAN_RESULTS_AVAILABLE_ACTION hhhh
11-05 15:02:41.500 E/hq ( 1130): NetWorkStateReceiver:::NetWorkStateReceiver onReceive: 网络变化广播 >>>> intent.action=android.net.wifi.SCAN_RESULTS
11-05 15:02:41.525 E/WifiHAL ( 664): wifi_get_link_stats: requestResponse Error:-5
11-05 15:02:41.528 E/WifiVendorHal( 484): getWifiLinkLayerStats_1_5_Internal(l.1191) failed {.code = ERROR_INVALID_ARGS, .description = }
11-05 15:02:41.563 W/eventbuscore( 1130): post Event:com.dangbei.leard.base.entity.event.NetWifiRssiEvent
11-05 15:02:41.569 E/ccc ( 2850): cccccc result is not empty call back
11-05 15:02:41.569 E/ccc ( 2850): cccccc 666666666666666
11-05 15:02:41.584 W/nStackXCoAP( 3645): ParseDeviceJsonData:[149] :Can't find hicom version
11-05 15:02:41.584 D/nStackXCoAP( 3645): IsInSameNetwork:[276] :IsInSameNetwork exec
11-05 15:02:41.584 I/nStackXDFinder( 3645): GetLocalInterfaceDetail:[461] :GetLocalInterfaceDetail in
11-05 15:02:41.584 E/nStackXCoAP( 3645): IsInSameNetwork:[281] :IsInSameNetwork: not priority process
11-05 15:02:41.584 D/nStackXCoAP( 3645): ParseServiceDiscover:[330] :new device join
11-05 15:02:41.584 E/nStackXDFinder( 3645): GetLocalIp:[401] :GetLocalIp exec
11-05 15:02:41.594 D/nStackXCoAP( 3645): CoapMessageHandler:[133] :2.01
11-05 15:02:41.596 E/ccc ( 2850): cccccc sort 6 46
11-05 15:02:41.707 I/system_server( 484): Background young concurrent copying GC freed 395157(15MB) AllocSpace objects, 62(1304KB) LOS objects, 54% free, 13MB/28MB, paused 450us total 265.655ms
11-05 15:02:41.754 D/aaa ( 1143): LedStatusService onStartCommand begin
11-05 15:02:41.758 D/aaa ( 1143): topPkg is -------------- :com.dangbei.haqusetting
11-05 15:02:41.759 D/bbb ( 1208): onStartCommand begin !!!!!!! data分区剩余 24877MB
11-05 15:02:42.008 I/FuseDaemon( 1055): Background concurrent copying GC freed 78676(4546KB) AllocSpace objects, 0(0B) LOS objects, 49% free, 4500KB/9001KB, paused 221us total 120.881ms
11-05 15:02:42.014 E/WifiHAL ( 664): wifi_get_link_stats: requestResponse Error:-5
11-05 15:02:42.016 E/WifiVendorHal( 484): getWifiLinkLayerStats_1_5_Internal(l.1191) failed {.code = ERROR_INVALID_ARGS, .description = }
11-05 15:02:42.409 W/IorapForwardingService( 484): No service published for: iorapd
11-05 15:02:42.850 I/efs.base( 3481): wa upload succ, HttpResponse {succ=true, code=200, data='暂不支持该服务', extra={req_url=https://errlog.umeng.com/api/crashsdk/logcollect}}
11-05 15:02:43.412 W/IorapForwardingService( 484): No service published for: iorapd
11-05 15:02:44.414 W/IorapForwardingService( 484): No service published for: iorapd
11-05 15:02:44.510 D/UtilLog ( 2450): 日志批量上报 进行正常循环 !!!!!!本次有0次请求,共0条数据
11-05 15:02:45.032 E/WifiHAL ( 664): wifi_get_link_stats: requestResponse Error:-5
11-05 15:02:45.034 E/WifiVendorHal( 484): getWifiLinkLayerStats_1_5_Internal(l.1191) failed {.code = ERROR_INVALID_ARGS, .description = }
11-05 15:02:45.386 I/FuseDaemon( 1055): Background concurrent copying GC freed 84609(4896KB) AllocSpace objects, 0(0B) LOS objects, 49% free, 4381KB/8763KB, paused 284us total 120.282ms
11-05 15:02:45.416 W/IorapForwardingService( 484): No service published for: iorapd
11-05 15:02:45.712 I/BLEAudioDrive_HV410( 247): select timeout!
11-05 15:02:46.418 W/IorapForwardingService( 484): No service published for: iorapd
11-05 15:02:47.421 W/IorapForwardingService( 484): No service published for: iorapd
11-05 15:02:47.487 I/FuseDaemon( 1055): Background young concurrent copying GC freed 50748(3630KB) AllocSpace objects, 0(0B) LOS objects, 44% free, 4879KB/8763KB, paused 245us total 104.108ms
11-05 15:02:48.051 E/WifiHAL ( 664): wifi_get_link_stats: requestResponse Error:-5
11-05 15:02:48.054 E/WifiVendorHal( 484): getWifiLinkLayerStats_1_5_Internal(l.1191) failed {.code = ERROR_INVALID_ARGS, .description = }
11-05 15:02:48.424 W/IorapForwardingService( 484): No service published for: iorapd
11-05 15:02:48.572 D/hdmi-cec( 260): receive invalid cec message!
11-05 15:02:48.572 D/hdmi-cec( 260): receive poll message [04], skip!
11-05 15:02:49.426 W/IorapForwardingService( 484): No service published for: iorapd
11-05 15:02:49.517 I/FuseDaemon( 1055): Background concurrent copying GC freed 82303(4710KB) AllocSpace objects, 0(0B) LOS objects, 49% free, 4201KB/8402KB, paused 138us total 140.280ms
11-05 15:02:49.789 D/aaa ( 1143): LedStatusService onStartCommand begin
11-05 15:02:49.793 D/aaa ( 1143): topPkg is -------------- :com.dangbei.haqusetting
11-05 15:02:49.795 D/bbb ( 1208): onStartCommand begin !!!!!!! data分区剩余 24877MB
11-05 15:02:50.428 W/IorapForwardingService( 484): No service published for: iorapd
11-05 15:02:51.073 E/WifiHAL ( 664): wifi_get_link_stats: requestResponse Error:-5
11-05 15:02:51.075 E/WifiVendorHal( 484): getWifiLinkLayerStats_1_5_Internal(l.1191) failed {.code = ERROR_INVALID_ARGS, .description = }
11-05 15:02:51.223 I/FuseDaemon( 1055): Background concurrent copying GC freed 76739(4420KB) AllocSpace objects, 0(0B) LOS objects, 49% free, 4425KB/8850KB, paused 145us total 119.755ms
11-05 15:02:51.429 W/IorapForwardingService( 484): No service published for: iorapd
11-05 15:02:52.432 W/IorapForwardingService( 484): No service published for: iorapd
11-05 15:02:53.434 W/IorapForwardingService( 484): No service published for: iorapd
11-05 15:02:53.448 I/FuseDaemon( 1055): Background concurrent copying GC freed 76726(4460KB) AllocSpace objects, 0(0B) LOS objects, 49% free, 4328KB/8657KB, paused 163us total 134.786ms
11-05 15:02:54.086 E/WifiHAL ( 664): wifi_get_link_stats: requestResponse Error:-5
11-05 15:02:54.088 E/WifiVendorHal( 484): getWifiLinkLayerStats_1_5_Internal(l.1191) failed {.code = ERROR_INVALID_ARGS, .description = }
11-05 15:02:54.437 W/IorapForwardingService( 484): No service published for: iorapd
11-05 15:02:54.508 D/UtilLog ( 2450): 日志批量上报 进行正常循环 !!!!!!本次有0次请求,共0条数据
11-05 15:02:55.440 W/IorapForwardingService( 484): No service published for: iorapd
11-05 15:02:55.721 I/BLEAudioDrive_HV410( 247): select timeout!
11-05 15:02:56.415 I/FuseDaemon( 1055): Background concurrent copying GC freed 75897(4356KB) AllocSpace objects, 0(0B) LOS objects, 49% free, 4179KB/8358KB, paused 100us total 122.591ms
11-05 15:02:56.442 W/IorapForwardingService( 484): No service published for: iorapd
11-05 15:02:57.104 E/WifiHAL ( 664): wifi_get_link_stats: requestResponse Error:-5
11-05 15:02:57.107 E/WifiVendorHal( 484): getWifiLinkLayerStats_1_5_Internal(l.1191) failed {.code = ERROR_INVALID_ARGS, .description = }
11-05 15:02:57.445 W/IorapForwardingService( 484): No service published for: iorapd
11-05 15:02:57.844 D/bbb ( 1208): onStartCommand begin !!!!!!! data分区剩余 24877MB
11-05 15:02:57.846 D/aaa ( 1143): LedStatusService onStartCommand begin
11-05 15:02:57.849 D/aaa ( 1143): topPkg is -------------- :com.dangbei.haqusetting
11-05 15:02:58.448 W/IorapForwardingService( 484): No service published for: iorapd
11-05 15:02:58.554 I/gbei.screencas( 3481): Background concurrent copying GC freed 63512(7162KB) AllocSpace objects, 23(604KB) LOS objects, 49% free, 6162KB/12MB, paused 503us total 164.218ms
11-05 15:02:59.450 W/IorapForwardingService( 484): No service published for: iorapd
11-05 15:03:00.126 E/WifiHAL ( 664): wifi_get_link_stats: requestResponse Error:-5
11-05 15:03:00.130 E/WifiVendorHal( 484): getWifiLinkLayerStats_1_5_Internal(l.1191) failed {.code = ERROR_INVALID_ARGS, .description = }
11-05 15:03:00.452 W/IorapForwardingService( 484): No service published for: iorapd
11-05 15:03:01.453 W/IorapForwardingService( 484): No service published for: iorapd
11-05 15:03:02.456 W/IorapForwardingService( 484): No service published for: iorapd
11-05 15:03:03.144 E/WifiHAL ( 664): wifi_get_link_stats: requestResponse Error:-5
11-05 15:03:03.147 E/WifiVendorHal( 484): getWifiLinkLayerStats_1_5_Internal(l.1191) failed {.code = ERROR_INVALID_ARGS, .description = }
11-05 15:03:03.458 W/IorapForwardingService( 484): No service published for: iorapd
11-05 15:03:03.596 D/hdmi-cec( 260): receive invalid cec message!
11-05 15:03:03.596 D/hdmi-cec( 260): receive poll message [04], skip!
11-05 15:03:04.199 I/FuseDaemon( 1055): Background concurrent copying GC freed 72952(4324KB) AllocSpace objects, 0(0B) LOS objects, 49% free, 4277KB/8554KB, paused 127us total 137.811ms
11-05 15:03:04.460 W/IorapForwardingService( 484): No service published for: iorapd
11-05 15:03:04.494 D/UtilLog ( 2450): 日志批量上报 进行正常循环 !!!!!!本次有0次请求,共0条数据
11-05 15:03:05.462 W/IorapForwardingService( 484): No service published for: iorapd
11-05 15:03:05.729 I/BLEAudioDrive_HV410( 247): select timeout!
11-05 15:03:05.881 D/aaa ( 1143): LedStatusService onStartCommand begin
11-05 15:03:05.882 D/aaa ( 1143): topPkg is -------------- :com.dangbei.haqusetting
11-05 15:03:05.893 D/bbb ( 1208): onStartCommand begin !!!!!!! data分区剩余 24877MB
11-05 15:03:06.121 I/FuseDaemon( 1055): Background concurrent copying GC freed 74169(4417KB) AllocSpace objects, 0(0B) LOS objects, 49% free, 4446KB/8893KB, paused 165us total 120.717ms
11-05 15:03:06.162 E/WifiHAL ( 664): wifi_get_link_stats: requestResponse Error:-5
11-05 15:03:06.164 E/WifiVendorHal( 484): getWifiLinkLayerStats_1_5_Internal(l.1191) failed {.code = ERROR_INVALID_ARGS, .description = }
11-05 15:03:06.464 W/IorapForwardingService( 484): No service published for: iorapd
11-05 15:03:07.466 W/IorapForwardingService( 484): No service published for: iorapd
11-05 15:03:08.470 W/IorapForwardingService( 484): No service published for: iorapd
11-05 15:03:09.177 E/WifiHAL ( 664): wifi_get_link_stats: requestResponse Error:-5
11-05 15:03:09.179 E/WifiVendorHal( 484): getWifiLinkLayerStats_1_5_Internal(l.1191) failed {.code = ERROR_INVALID_ARGS, .description = }
11-05 15:03:09.472 W/IorapForwardingService( 484): No service published for: iorapd
11-05 15:03:09.717 I/TDLog ( 2450): [APP] New data found, Submitting...
11-05 15:03:09.731 I/TDLog ( 2450): [APP] Failed to submit data!
11-05 15:03:10.475 W/IorapForwardingService( 484): No service published for: iorapd
11-05 15:03:10.701 W/ZramWriteback( 484): Writeback device is not set
11-05 15:03:10.702 D/ZramWriteback( 484): wait to flush
11-05 15:03:10.712 I/FuseDaemon( 1055): Background concurrent copying GC freed 74931(4490KB) AllocSpace objects, 0(0B) LOS objects, 49% free, 4255KB/8511KB, paused 235us total 122.128ms
11-05 15:03:11.477 W/IorapForwardingService( 484): No service published for: iorapd
11-05 15:03:11.631 I/WifiService( 484): startScan uid=1000
11-05 15:03:11.635 E/ccc ( 2850): cccccc i will start scan
11-05 15:03:12.190 E/WifiHAL ( 664): wifi_get_link_stats: requestResponse Error:-5
11-05 15:03:12.192 E/WifiVendorHal( 484): getWifiLinkLayerStats_1_5_Internal(l.1191) failed {.code = ERROR_INVALID_ARGS, .description = }
11-05 15:03:12.479 W/IorapForwardingService( 484): No service published for: iorapd
11-05 15:03:13.481 W/IorapForwardingService( 484): No service published for: iorapd
11-05 15:03:13.934 D/aaa ( 1143): LedStatusService onStartCommand begin
11-05 15:03:13.938 D/aaa ( 1143): topPkg is -------------- :com.dangbei.haqusetting
11-05 15:03:13.939 D/bbb ( 1208): onStartCommand begin !!!!!!! data分区剩余 24877MB
11-05 15:03:14.277 D/WifiNl80211Manager( 484): Scan result ready event
11-05 15:03:14.277 D/WifiNative( 484): Scan result ready event
11-05 15:03:14.296 W/IE_Capabilities( 484): Unknown RSN cipher suite: 6ac0f00
11-05 15:03:14.301 W/IE_Capabilities( 484): Unknown RSN cipher suite: 6ac0f00
11-05 15:03:14.314 W/IE_Capabilities( 484): Unknown RSN cipher suite: 6ac0f00
11-05 15:03:14.318 W/IE_Capabilities( 484): Unknown RSN cipher suite: 6ac0f00
11-05 15:03:14.343 E/ccc ( 2850): cccccc SCAN_RESULTS_AVAILABLE_ACTION hhhh
11-05 15:03:14.350 E/hq ( 1130): NetWorkStateReceiver:::NetWorkStateReceiver onReceive: 网络变化广播 >>>> intent.action=android.net.wifi.SCAN_RESULTS
11-05 15:03:14.353 E/WifiHAL ( 664): wifi_get_link_stats: requestResponse Error:-5
11-05 15:03:14.356 E/WifiVendorHal( 484): getWifiLinkLayerStats_1_5_Internal(l.1191) failed {.code = ERROR_INVALID_ARGS, .description = }
11-05 15:03:14.379 W/eventbuscore( 1130): post Event:com.dangbei.leard.base.entity.event.NetWifiRssiEvent
11-05 15:03:14.388 E/ccc ( 2850): cccccc result is not empty call back
11-05 15:03:14.388 E/ccc ( 2850): cccccc 666666666666666
11-05 15:03:14.410 E/ccc ( 2850): cccccc sort 6 44
11-05 15:03:14.483 W/IorapForwardingService( 484): No service published for: iorapd
11-05 15:03:14.506 D/UtilLog ( 2450): 日志批量上报 进行正常循环 !!!!!!本次有0次请求,共0条数据
11-05 15:03:14.773 E/ccc ( 1073): cccccc sendCycleCheckBroadcast
11-05 15:03:14.774 W/ContextImpl( 1073): Calling a method in the system process without a qualified user: android.app.ContextImpl.sendBroadcast:1173 android.content.ContextWrapper.sendBroadcast:479 com.dangbei.etna.setting.core.SettingHelper.sendCycleToProjector:250 com.dangbei.etna.setting.core.SettingHelper.sendCycleCheckBroadcast:219 com.dangbei.etna.setting.core.SettingHelper.startLoop$lambda-0:177
11-05 15:03:14.778 W/ContextImpl( 1073): Calling a method in the system process without a qualified user: android.app.ContextImpl.sendBroadcast:1173 android.content.ContextWrapper.sendBroadcast:479 com.dangbei.etna.setting.core.SettingHelper.sendCycleToVoice:235 com.dangbei.etna.setting.core.SettingHelper.sendCycleCheckBroadcast:220 com.dangbei.etna.setting.core.SettingHelper.startLoop$lambda-0:177
11-05 15:03:14.803 E/ActivityManager( 484): Sending non-protected broadcast com.dangbei.etna.setting.action_cycle_check_broadcast from system 1073:com.dangbei.lerad.etna.haqu/1000 pkg com.dangbei.lerad.etna.haqu
11-05 15:03:14.803 E/ActivityManager( 484): java.lang.Throwable
11-05 15:03:14.803 E/ActivityManager( 484): at com.android.server.am.ActivityManagerService.checkBroadcastFromSystem(ActivityManagerService.java:12816)
11-05 15:03:14.803 E/ActivityManager( 484): at com.android.server.am.ActivityManagerService.broadcastIntentLocked(ActivityManagerService.java:13513)
11-05 15:03:14.803 E/ActivityManager( 484): at com.android.server.am.ActivityManagerService.broadcastIntentLocked(ActivityManagerService.java:12833)
11-05 15:03:14.803 E/ActivityManager( 484): at com.android.server.am.ActivityManagerService.broadcastIntentWithFeature(ActivityManagerService.java:13670)
11-05 15:03:14.803 E/ActivityManager( 484): at android.app.IActivityManager$Stub.onTransact(IActivityManager.java:2326)
11-05 15:03:14.803 E/ActivityManager( 484): at com.android.server.am.ActivityManagerService.onTransact(ActivityManagerService.java:2509)
11-05 15:03:14.803 E/ActivityManager( 484): at android.os.Binder.execTransactInternal(Binder.java:1179)
11-05 15:03:14.803 E/ActivityManager( 484): at android.os.Binder.execTransact(Binder.java:1143)
11-05 15:03:14.808 I/DropBoxManagerService( 484): add tag=system_server_wtf isTagEnabled=true flags=0x2
11-05 15:03:14.812 I/adbd ( 3260): type=1400 audit(0.0:1640): avc: denied { write } for path="socket:[48808]" dev="sockfs" ino=48808 scontext=u:r:su:s0 tcontext=u:r:su:s0 tclass=tcp_socket permissive=1
11-05 15:03:14.812 I/adbd ( 3260): type=1400 audit(0.0:1641): avc: denied { read } for path="socket:[48808]" dev="sockfs" ino=48808 scontext=u:r:su:s0 tcontext=u:r:su:s0 tclass=tcp_socket permissive=1
11-05 15:03:14.812 I/adbd ( 3260): type=1400 audit(0.0:1642): avc: denied { write } for path="socket:[48808]" dev="sockfs" ino=48808 scontext=u:r:su:s0 tcontext=u:r:su:s0 tclass=tcp_socket permissive=1
11-05 15:03:14.821 D/RockyVoice( 1333): RestartReceiver onReceive
11-05 15:03:15.203 E/WifiHAL ( 664): wifi_get_link_stats: requestResponse Error:-5
11-05 15:03:15.205 E/WifiVendorHal( 484): getWifiLinkLayerStats_1_5_Internal(l.1191) failed {.code = ERROR_INVALID_ARGS, .description = }
11-05 15:03:15.255 E/dangbei111( 1073): cccccc 检查遥控器是否连接: Dangbei C9:B5:96:5C:E3:CB
11-05 15:03:15.259 E/dangbei111( 1073): cccccc 检查遥控器是否连接: 蓝牙的结果 Dangbei C9:B5:96:5C:E3:CB true
11-05 15:03:15.259 E/dangbei111( 1073): cccccc 确实有遥控器 存在 取消check任务
11-05 15:03:15.259 E/dangbei111( 1073): cccccc 尝试 stopBleScan
11-05 15:03:15.261 D/BluetoothAdapter( 1073): isLeEnabled(): ON
11-05 15:03:15.261 D/BluetoothLeScanner( 1073): could not find callback wrapper
11-05 15:03:15.261 E/dangbei111( 1073): cccccc stopBleScanInner null
11-05 15:03:15.261 E/dangbei111( 1073): cccccc rc is connected, stop scan =C9:B5:96:5C:E3:CB
11-05 15:03:15.486 W/IorapForwardingService( 484): No service published for: iorapd
11-05 15:03:15.739 I/BLEAudioDrive_HV410( 247): select timeout!
11-05 15:03:16.452 I/FuseDaemon( 1055): Background concurrent copying GC freed 74549(4505KB) AllocSpace objects, 0(0B) LOS objects, 49% free, 4363KB/8727KB, paused 136us total 119.715ms
11-05 15:03:16.488 W/IorapForwardingService( 484): No service published for: iorapd
11-05 15:03:17.489 W/IorapForwardingService( 484): No service published for: iorapd
11-05 15:03:18.221 E/WifiHAL ( 664): wifi_get_link_stats: requestResponse Error:-5
11-05 15:03:18.226 E/WifiVendorHal( 484): getWifiLinkLayerStats_1_5_Internal(l.1191) failed {.code = ERROR_INVALID_ARGS, .description = }
11-05 15:03:18.491 W/IorapForwardingService( 484): No service published for: iorapd
11-05 15:03:18.621 D/hdmi-cec( 260): receive invalid cec message!
11-05 15:03:18.621 D/hdmi-cec( 260): receive poll message [04], skip!
11-05 15:03:19.494 W/IorapForwardingService( 484): No service published for: iorapd
11-05 15:03:19.658 I/FuseDaemon( 1055): Background concurrent copying GC freed 79912(4671KB) AllocSpace objects, 0(0B) LOS objects, 49% free, 4337KB/8675KB, paused 137us total 117.872ms
11-05 15:03:20.496 W/IorapForwardingService( 484): No service published for: iorapd
11-05 15:03:21.242 E/WifiHAL ( 664): wifi_get_link_stats: requestResponse Error:-5
11-05 15:03:21.244 E/WifiVendorHal( 484): getWifiLinkLayerStats_1_5_Internal(l.1191) failed {.code = ERROR_INVALID_ARGS, .description = }
11-05 15:03:21.381 I/FuseDaemon( 1055): Background concurrent copying GC freed 80198(4564KB) AllocSpace objects, 0(0B) LOS objects, 49% free, 4343KB/8686KB, paused 173us total 122.391ms
11-05 15:03:21.498 W/IorapForwardingService( 484): No service published for: iorapd
11-05 15:03:21.977 D/aaa ( 1143): LedStatusService onStartCommand begin
11-05 15:03:21.979 D/aaa ( 1143): topPkg is -------------- :com.dangbei.haqusetting
11-05 15:03:21.982 D/bbb ( 1208): onStartCommand begin !!!!!!! data分区剩余 24877MB
11-05 15:03:22.124 I/pool-78-thread-( 1130): type=1400 audit(0.0:1643): avc: denied { read } for name="address" dev="sysfs" ino=27658 scontext=u:r:system_app:s0 tcontext=u:object_r:sysfs:s0 tclass=file permissive=1
11-05 15:03:22.124 I/pool-78-thread-( 1130): type=1400 audit(0.0:1644): avc: denied { open } for path="/sys/devices/platform/unisoc_wifi/net/wlan1/address" dev="sysfs" ino=27658 scontext=u:r:system_app:s0 tcontext=u:object_r:sysfs:s0 tclass=file permissive=1
11-05 15:03:22.128 I/pool-78-thread-( 1130): type=1400 audit(0.0:1645): avc: denied { getattr } for path="/sys/devices/platform/unisoc_wifi/net/wlan1/address" dev="sysfs" ino=27658 scontext=u:r:system_app:s0 tcontext=u:object_r:sysfs:s0 tclass=file permissive=1
11-05 15:03:22.148 I/dangbei ad sdk( 1130): ad manager report data::cache data size=0
11-05 15:03:22.500 W/IorapForwardingService( 484): No service published for: iorapd
11-05 15:03:22.588 D/dangbei ad sdk( 1130): HttpUtils.....::response={"msg":"no available advert","code":200}
11-05 15:03:23.504 W/IorapForwardingService( 484): No service published for: iorapd
11-05 15:03:24.257 E/WifiHAL ( 664): wifi_get_link_stats: requestResponse Error:-5
11-05 15:03:24.260 E/WifiVendorHal( 484): getWifiLinkLayerStats_1_5_Internal(l.1191) failed {.code = ERROR_INVALID_ARGS, .description = }
11-05 15:03:24.293 I/FuseDaemon( 1055): Background concurrent copying GC freed 80303(4626KB) AllocSpace objects, 0(0B) LOS objects, 49% free, 4346KB/8693KB, paused 110us total 110.095ms
11-05 15:03:24.500 D/UtilLog ( 2450): 日志批量上报 进行正常循环 !!!!!!本次有0次请求,共0条数据
11-05 15:03:24.505 W/IorapForwardingService( 484): No service published for: iorapd
11-05 15:03:25.508 W/IorapForwardingService( 484): No service published for: iorapd
11-05 15:03:25.749 I/BLEAudioDrive_HV410( 247): select timeout!
11-05 15:03:26.509 W/IorapForwardingService( 484): No service published for: iorapd
11-05 15:03:27.276 E/WifiHAL ( 664): wifi_get_link_stats: requestResponse Error:-5
11-05 15:03:27.279 E/WifiVendorHal( 484): getWifiLinkLayerStats_1_5_Internal(l.1191) failed {.code = ERROR_INVALID_ARGS, .description = }
11-05 15:03:27.511 W/IorapForwardingService( 484): No service published for: iorapd
11-05 15:03:28.514 W/IorapForwardingService( 484): No service published for: iorapd
11-05 15:03:28.982 I/FuseDaemon( 1055): Background concurrent copying GC freed 79619(4760KB) AllocSpace objects, 0(0B) LOS objects, 49% free, 4465KB/8930KB, paused 134us total 107.980ms
11-05 15:03:29.516 W/IorapForwardingService( 484): No service published for: iorapd
11-05 15:03:30.027 D/aaa ( 1143): LedStatusService onStartCommand begin
11-05 15:03:30.030 D/aaa ( 1143): topPkg is -------------- :com.dangbei.haqusetting
11-05 15:03:30.030 D/bbb ( 1208): onStartCommand begin !!!!!!! data分区剩余 24877MB
11-05 15:03:30.291 E/WifiHAL ( 664): wifi_get_link_stats: requestResponse Error:-5
11-05 15:03:30.294 E/WifiVendorHal( 484): getWifiLinkLayerStats_1_5_Internal(l.1191) failed {.code = ERROR_INVALID_ARGS, .description = }
11-05 15:03:30.518 W/IorapForwardingService( 484): No service published for: iorapd
11-05 15:03:31.521 W/IorapForwardingService( 484): No service published for: iorapd
11-05 15:03:32.054 I/FuseDaemon( 1055): Background concurrent copying GC freed 78812(4659KB) AllocSpace objects, 0(0B) LOS objects, 49% free, 4480KB/8961KB, paused 134us total 112.342ms
11-05 15:03:32.523 W/IorapForwardingService( 484): No service published for: iorapd
11-05 15:03:33.311 E/WifiHAL ( 664): wifi_get_link_stats: requestResponse Error:-5
11-05 15:03:33.312 E/WifiVendorHal( 484): getWifiLinkLayerStats_1_5_Internal(l.1191) failed {.code = ERROR_INVALID_ARGS, .description = }
11-05 15:03:33.526 W/IorapForwardingService( 484): No service published for: iorapd
11-05 15:03:33.648 D/hdmi-cec( 260): receive invalid cec message!
11-05 15:03:33.648 D/hdmi-cec( 260): receive poll message [04], skip!
11-05 15:03:34.503 D/UtilLog ( 2450): 日志批量上报 进行正常循环 !!!!!!本次有0次请求,共0条数据
11-05 15:03:34.528 W/IorapForwardingService( 484): No service published for: iorapd
11-05 15:03:35.530 W/IorapForwardingService( 484): No service published for: iorapd
11-05 15:03:35.759 I/BLEAudioDrive_HV410( 247): select timeout!
11-05 15:03:36.325 E/WifiHAL ( 664): wifi_get_link_stats: requestResponse Error:-5
11-05 15:03:36.328 E/WifiVendorHal( 484): getWifiLinkLayerStats_1_5_Internal(l.1191) failed {.code = ERROR_INVALID_ARGS, .description = }
11-05 15:03:36.532 W/IorapForwardingService( 484): No service published for: iorapd
11-05 15:03:36.905 I/FuseDaemon( 1055): Background concurrent copying GC freed 81210(4841KB) AllocSpace objects, 0(0B) LOS objects, 49% free, 4518KB/9037KB, paused 211us total 131.360ms
11-05 15:03:37.533 W/IorapForwardingService( 484): No service published for: iorapd
11-05 15:03:38.078 D/bbb ( 1208): onStartCommand begin !!!!!!! data分区剩余 24877MB
11-05 15:03:38.084 D/aaa ( 1143): LedStatusService onStartCommand begin
11-05 15:03:38.087 D/aaa ( 1143): topPkg is -------------- :com.dangbei.haqusetting
11-05 15:03:38.536 W/IorapForwardingService( 484): No service published for: iorapd
11-05 15:03:38.774 I/FuseDaemon( 1055): Background concurrent copying GC freed 80256(4743KB) AllocSpace objects, 0(0B) LOS objects, 49% free, 4220KB/8440KB, paused 274us total 131.715ms
11-05 15:03:39.343 E/WifiHAL ( 664): wifi_get_link_stats: requestResponse Error:-5
11-05 15:03:39.345 E/WifiVendorHal( 484): getWifiLinkLayerStats_1_5_Internal(l.1191) failed {.code = ERROR_INVALID_ARGS, .description = }
11-05 15:03:39.538 W/IorapForwardingService( 484): No service published for: iorapd
11-05 15:03:40.540 W/IorapForwardingService( 484): No service published for: iorapd
11-05 15:03:40.703 W/ZramWriteback( 484): Writeback device is not set
11-05 15:03:40.703 D/ZramWriteback( 484): wait to flush
11-05 15:03:41.542 W/IorapForwardingService( 484): No service published for: iorapd
11-05 15:03:42.359 E/WifiHAL ( 664): wifi_get_link_stats: requestResponse Error:-5
11-05 15:03:42.361 E/WifiVendorHal( 484): getWifiLinkLayerStats_1_5_Internal(l.1191) failed {.code = ERROR_INVALID_ARGS, .description = }
11-05 15:03:42.545 W/IorapForwardingService( 484): No service published for: iorapd
11-05 15:03:42.571 I/FuseDaemon( 1055): Background concurrent copying GC freed 73096(4276KB) AllocSpace objects, 0(0B) LOS objects, 49% free, 4425KB/8851KB, paused 146us total 124.086ms
11-05 15:03:42.878 I/gbei.screencas( 3481): Background concurrent copying GC freed 65849(6137KB) AllocSpace objects, 12(240KB) LOS objects, 49% free, 5825KB/11MB, paused 193us total 143.448ms
11-05 15:03:43.548 W/IorapForwardingService( 484): No service published for: iorapd
11-05 15:03:43.772 I/FuseDaemon( 1055): Background concurrent copying GC freed 77502(4679KB) AllocSpace objects, 0(0B) LOS objects, 49% free, 4445KB/8891KB, paused 232us total 101.569ms
11-05 15:03:44.447 I/WifiService( 484): startScan uid=1000
11-05 15:03:44.456 E/ccc ( 2850): cccccc i will start scan
11-05 15:03:44.506 D/UtilLog ( 2450): 日志批量上报 进行正常循环 !!!!!!本次有0次请求,共0条数据
11-05 15:03:44.550 W/IorapForwardingService( 484): No service published for: iorapd
11-05 15:03:45.375 E/WifiHAL ( 664): wifi_get_link_stats: requestResponse Error:-5
11-05 15:03:45.377 E/WifiVendorHal( 484): getWifiLinkLayerStats_1_5_Internal(l.1191) failed {.code = ERROR_INVALID_ARGS, .description = }
11-05 15:03:45.553 W/IorapForwardingService( 484): No service published for: iorapd
11-05 15:03:45.769 I/BLEAudioDrive_HV410( 247): select timeout!
11-05 15:03:46.126 D/aaa ( 1143): LedStatusService onStartCommand begin
11-05 15:03:46.128 D/aaa ( 1143): topPkg is -------------- :com.dangbei.haqusetting
11-05 15:03:46.131 D/bbb ( 1208): onStartCommand begin !!!!!!! data分区剩余 24877MB
11-05 15:03:46.555 W/IorapForwardingService( 484): No service published for: iorapd
11-05 15:03:47.152 D/WifiNl80211Manager( 484): Scan result ready event
11-05 15:03:47.153 D/WifiNative( 484): Scan result ready event
