11-05 15:00:08.907 D/CCodecConfig( 834): c2 config diff is c2::u32 coded.bitrate.value = 224000
11-05 15:00:08.907 D/CCodecConfig( 834): c2::u32 raw.channel-count.value = 2
11-05 15:00:08.909 I/CCodecConfig( 834): query failed after returning 7 values (BAD_INDEX)
11-05 15:00:08.910 D/CCodecConfig( 834): c2 config diff is Dict {
11-05 15:00:08.910 D/CCodecConfig( 834): c2::u32 coded.bitrate.value = 64000
11-05 15:00:08.910 D/CCodecConfig( 834): c2::u32 input.buffers.max-size.value = 32768
11-05 15:00:08.910 D/CCodecConfig( 834): c2::u32 input.delay.value = 0
11-05 15:00:08.910 D/CCodecConfig( 834): string input.media-type.value = "audio/vorbis"
11-05 15:00:08.910 D/CCodecConfig( 834): string output.media-type.value = "audio/raw"
11-05 15:00:08.910 D/CCodecConfig( 834): c2::u32 raw.channel-count.value = 1
11-05 15:00:08.910 D/CCodecConfig( 834): c2::u32 raw.sample-rate.value = 48000
11-05 15:00:08.910 D/CCodecConfig( 834): }
11-05 15:00:08.910 E/ion ( 388): ioctl c0044901 failed with code -1: Inappropriate ioctl for device
11-05 15:00:08.911 W/Codec2Client( 834): query -- param skipped: index = 1107298332.
11-05 15:00:08.911 D/SimpleC2Component( 388): Using output block pool with poolID 18 => got 18 - 0
11-05 15:00:08.911 D/CCodec ( 834): setup formats input: AMessage(what = 0x00000000) = {
11-05 15:00:08.911 D/CCodec ( 834): int32_t bitrate = 224000
11-05 15:00:08.911 D/CCodec ( 834): int32_t channel-count = 2
11-05 15:00:08.911 D/CCodec ( 834): int32_t max-input-size = 32768
11-05 15:00:08.911 D/CCodec ( 834): string mime = "audio/vorbis"
11-05 15:00:08.911 D/CCodec ( 834): int32_t sample-rate = 48000
11-05 15:00:08.911 D/CCodec ( 834): }
11-05 15:00:08.912 D/CCodec ( 834): setup formats output: AMessage(what = 0x00000000) = {
11-05 15:00:08.912 D/CCodec ( 834): int32_t channel-count = 2
11-05 15:00:08.912 D/CCodec ( 834): string mime = "audio/raw"
11-05 15:00:08.912 D/CCodec ( 834): int32_t sample-rate = 48000
11-05 15:00:08.912 D/CCodec ( 834): int32_t channel-mask = 3
11-05 15:00:08.912 D/CCodec ( 834): }
11-05 15:00:08.912 I/CCodecConfig( 834): query failed after returning 7 values (BAD_INDEX)
11-05 15:00:08.912 D/CCodec ( 834): [c2.android.vorbis.decoder] buffers are bound to CCodec for this session
11-05 15:00:08.912 D/CCodecConfig( 834): no c2 equivalents for durationUs
11-05 15:00:08.912 D/CCodecConfig( 834): no c2 equivalents for track-id
11-05 15:00:08.912 D/CCodecConfig( 834): no c2 equivalents for csd-1
11-05 15:00:08.912 D/CCodecConfig( 834): no c2 equivalents for channel-mask
11-05 15:00:08.912 D/CCodecConfig( 834): no c2 equivalents for flags
11-05 15:00:08.913 W/Codec2Client( 834): query -- param skipped: index = 1342179345.
11-05 15:00:08.913 W/Codec2Client( 834): query -- param skipped: index = 2415921170.
11-05 15:00:08.913 D/incidentd( 354): WorkDirectory::getReports
11-05 15:00:08.913 E/HWComposer( 289): getSupportedContentTypes: getSupportedContentTypes failed for display 0: Unsupported (8)
11-05 15:00:08.914 D/C2Store ( 834): Using ION
11-05 15:00:08.915 D/CCodecConfig( 834): c2 config diff is c2::u32 coded.bitrate.value = 224000
11-05 15:00:08.915 D/CCodecConfig( 834): c2::u32 raw.channel-count.value = 2
11-05 15:00:08.917 W/Codec2Client( 834): query -- param skipped: index = 1107298332.
11-05 15:00:08.917 D/CCodecBufferChannel( 834): [c2.android.vorbis.decoder#867] Created input block pool with allocatorID 16 => poolID 17 - OK (0)
11-05 15:00:08.917 D/CCodec ( 834): setup formats input: AMessage(what = 0x00000000) = {
11-05 15:00:08.917 D/CCodec ( 834): int32_t bitrate = 224000
11-05 15:00:08.917 D/CCodec ( 834): int32_t channel-count = 2
11-05 15:00:08.917 D/CCodec ( 834): int32_t max-input-size = 32768
11-05 15:00:08.917 D/CCodec ( 834): string mime = "audio/vorbis"
11-05 15:00:08.917 D/CCodec ( 834): int32_t sample-rate = 48000
11-05 15:00:08.917 D/CCodec ( 834): }
11-05 15:00:08.917 D/CCodec ( 834): setup formats output: AMessage(what = 0x00000000) = {
11-05 15:00:08.917 D/CCodec ( 834): int32_t channel-count = 2
11-05 15:00:08.917 D/CCodec ( 834): string mime = "audio/raw"
11-05 15:00:08.917 D/CCodec ( 834): int32_t sample-rate = 48000
11-05 15:00:08.917 D/CCodec ( 834): int32_t channel-mask = 3
11-05 15:00:08.917 D/CCodec ( 834): }
11-05 15:00:08.918 I/hwservicemanager( 180): getTransport: Cannot find entry android.hardware.graphics.mapper@4.0::IMapper/default in either framework or device VINTF manifest.
11-05 15:00:08.919 I/Gralloc4( 834): mapper 4.x is not supported
11-05 15:00:08.916 I/rainbow_flow( 321): type=1400 audit(0.0:373): avc: denied { ioctl } for path="/dev/spidev1.0" dev="tmpfs" ino=1229 ioctlcmd=0x6b00 scontext=u:r:init:s0 tcontext=u:object_r:device:s0 tclass=chr_file permissive=1
11-05 15:00:08.920 I/CCodecConfig( 834): query failed after returning 7 values (BAD_INDEX)
11-05 15:00:08.921 I/hwservicemanager( 180): getTransport: Cannot find entry android.hardware.graphics.mapper@3.0::IMapper/default in either framework or device VINTF manifest.
11-05 15:00:08.922 W/Codec2Client( 834): query -- param skipped: index = 1342179345.
11-05 15:00:08.922 W/Codec2Client( 834): query -- param skipped: index = 2415921170.
11-05 15:00:08.922 W/Gralloc3( 834): mapper 3.x is not supported
11-05 15:00:08.923 D/CCodecBufferChannel( 834): [c2.android.vorbis.decoder#94] Created input block pool with allocatorID 16 => poolID 18 - OK (0)
11-05 15:00:08.925 I/CCodecBufferChannel( 834): [c2.android.vorbis.decoder#867] Created output block pool with allocatorID 16 => poolID 19 - OK
11-05 15:00:08.926 I/CCodecBufferChannel( 834): [c2.android.vorbis.decoder#94] Created output block pool with allocatorID 16 => poolID 20 - OK
11-05 15:00:08.927 D/CCodecBufferChannel( 834): [c2.android.vorbis.decoder#94] Configured output block pool ids 20 => OK
11-05 15:00:08.927 D/CCodecBufferChannel( 834): [c2.android.vorbis.decoder#867] Configured output block pool ids 19 => OK
11-05 15:00:08.928 E/gralloc ( 834): Arm Module v1.0
11-05 15:00:08.928 E/ion ( 834): ioctl c0044901 failed with code -1: Inappropriate ioctl for device
11-05 15:00:08.933 W/ActivityManager( 484): Unable to start service Intent { cmp=com.oranth.ledstatus/.LedStatusService } U=0: not found
11-05 15:00:08.935 I/hwservicemanager( 180): getTransport: Cannot find entry android.hardware.graphics.allocator@4.0::IAllocator/default in either framework or device VINTF manifest.
11-05 15:00:08.935 W/Gralloc4( 834): allocator 4.x is not supported
11-05 15:00:08.936 I/hwservicemanager( 180): getTransport: Cannot find entry android.hardware.graphics.allocator@3.0::IAllocator/default in either framework or device VINTF manifest.
11-05 15:00:08.936 W/Gralloc3( 834): allocator 3.x is not supported
11-05 15:00:08.937 I/bt_btif ( 670): system/bt/btif/src/bluetooth.cc:162 init: init: start restricted = 0 ; common criteria mode = 0, config compare result = 0
11-05 15:00:08.944 I/gralloc ( 255): alloc buffer:W:1920 H:1080 S:1920 PL[1920 1080] SZ:8294400 fmt:1 if:0 af:1 usg:20000b00 fg:00000004
11-05 15:00:08.952 I/bt ( 670): bt_common::init_flags: Flags loaded: gd_core=false gd_advertising=false gd_scanning=false gd_security=false gd_acl=false gd_l2cap=false gd_hci=false gd_controller=false gatt_robust_caching=false btaa_hci=false gd_rust=false gd_link_policy=false
11-05 15:00:08.957 I/droid.bluetoot( 670): [1105/150008.957041:INFO:message_loop_thread.cc(224)] Run: message loop starting for thread bt_stack_manager_thread
11-05 15:00:08.958 I/bt_stack_manager( 670): system/bt/btif/src/stack_manager.cc:200 event_init_stack: is initializing the stack
11-05 15:00:08.961 W/ActivityManager( 484): Unable to start service Intent { cmp=com.oranth.storage/.MainService } U=0: not found
11-05 15:00:08.963 W/SystemServiceRegistry( 684): No service published for: fingerprint
11-05 15:00:08.964 W/SystemServiceRegistry( 684): No service published for: face
11-05 15:00:08.968 W/IorapForwardingService( 484): No service published for: iorapd
11-05 15:00:08.971 D/SimpleC2Component( 388): Using output block pool with poolID 20 => got 20 - 0
11-05 15:00:08.979 D/SimpleC2Component( 388): Using output block pool with poolID 19 => got 19 - 0
11-05 15:00:08.976 E/cma ( 901): cma_alloc: alloc failed, req-size: 8 pages, ret: -16
11-05 15:00:08.982 E/ion ( 834): ioctl c0044901 failed with code -1: Inappropriate ioctl for device
11-05 15:00:08.990 D/NetworkStats( 484): registerNetworkStatsProvider from BpfCoordinator uid/pid=1073/772
11-05 15:00:08.990 I/gralloc ( 255): alloc buffer:W:1920 H:1080 S:1920 PL[1920 1080] SZ:8294400 fmt:1 if:0 af:1 usg:20000b00 fg:00000004
11-05 15:00:08.995 I/gralloc ( 255): alloc buffer:W:1920 H:1080 S:1920 PL[1920 1080] SZ:8294400 fmt:1 if:0 af:1 usg:20000b00 fg:00000004
11-05 15:00:08.998 I/bt_osi_thread( 670): system/bt/osi/src/thread.cc:209 run_thread: run_thread: thread id 936, thread name alarm_default_ca started
11-05 15:00:09.008 I/bt_osi_thread( 670): system/bt/osi/src/thread.cc:209 run_thread: run_thread: thread id 937, thread name alarm_dispatcher started
11-05 15:00:09.011 I/bt_btif_core( 670): system/bt/btif/src/btif_core.cc:235 btif_init_bluetooth: btif_init_bluetooth entered
11-05 15:00:09.012 D/CompatibilityChangeReporter( 772): Compat change id reported: 147600208; UID 1073; state: ENABLED
11-05 15:00:09.013 I/AW_PowerHAL( 259): Power setMode: SUSTAINED_PERFORMANCE to: 0
11-05 15:00:09.013 I/AW_PowerHAL( 259): BootCompleted
11-05 15:00:09.015 I/AW_PowerHAL( 259): cur-mode:SCHEDUTIL-Home
11-05 15:00:09.015 D/CompatibilityChangeReporter( 484): Compat change id reported: 182478738; UID 1073; state: DISABLED
11-05 15:00:09.016 I/ActivityManagerTiming( 484): FinishBooting
11-05 15:00:09.036 W/KeyguardServiceDelegate( 484): onScreenTurningOn(): no keyguard service!
11-05 15:00:09.039 I/droid.bluetoot( 670): [1105/150009.039150:INFO:message_loop_thread.cc(224)] Run: message loop starting for thread bt_jni_thread
11-05 15:00:09.052 I/bt_btif_core( 670): system/bt/btif/src/btif_core.cc:239 btif_init_bluetooth: btif_init_bluetooth finished
11-05 15:00:09.053 I/bt_stack_config( 670): system/bt/main/stack_config.cc:51 init: init attempt to load stack conf from /etc/bluetooth/bt_stack.conf
11-05 15:00:09.055 I/bt_stack_manager( 670): system/bt/btif/src/stack_manager.cc:223 event_init_stack: finished
11-05 15:00:09.055 I/bt_osi_wakelock( 670): system/bt/osi/src/wakelock.cc:98 wakelock_set_os_callouts: wakelock_set_os_callouts set to non-native
11-05 15:00:09.055 I/bt_btif ( 670): system/bt/btif/src/bluetooth.cc:417 get_profile_interface: get_profile_interface: id = socket
11-05 15:00:09.056 E/droid.bluetoot( 670): [1105/150009.056481:ERROR:message_loop_thread.cc(102)] DoInThreadDelayed: message loop is null for thread bt_main_thread(-1), from pc:0xc72042fb
11-05 15:00:09.057 E/droid.bluetoot( 670): [1105/150009.057184:ERROR:btu_task.cc(94)] do_in_main_thread: failed from pc:0xc72042fb
11-05 15:00:09.057 E/droid.bluetoot( 670): [1105/150009.057393:ERROR:message_loop_thread.cc(102)] DoInThreadDelayed: message loop is null for thread bt_main_thread(-1), from pc:0xc72042fb
11-05 15:00:09.057 E/droid.bluetoot( 670): [1105/150009.057582:ERROR:btu_task.cc(94)] do_in_main_thread: failed from pc:0xc72042fb
11-05 15:00:09.057 E/droid.bluetoot( 670): [1105/150009.057677:ERROR:message_loop_thread.cc(102)] DoInThreadDelayed: message loop is null for thread bt_main_thread(-1), from pc:0xc72042fb
11-05 15:00:09.057 E/droid.bluetoot( 670): [1105/150009.057810:ERROR:btu_task.cc(94)] do_in_main_thread: failed from pc:0xc72042fb
11-05 15:00:09.066 D/BluetoothKeystoreService( 670): initJni()
11-05 15:00:09.068 I/bt_btif ( 670): system/bt/btif/src/bluetooth.cc:417 get_profile_interface: get_profile_interface: id = bluetooth_keystore
11-05 15:00:09.068 I/bt_btif ( 670): system/bt/btif/src/bluetooth.cc:417 get_profile_interface: get_profile_interface: id = sdp
11-05 15:00:09.092 V/WifiManager( 772): registerSoftApCallback: callback=com.android.networkstack.tethering.Tethering$TetheringSoftApCallback@535c252, executor=com.android.networkstack.tethering.Tethering$TetheringThreadExecutor@684e923
11-05 15:00:09.094 D/BluetoothDatabase( 670): start()
11-05 15:00:09.098 D/ApConfigUtil( 484): Update Softap capability, add client control feature support
11-05 15:00:09.098 D/ApConfigUtil( 484): Update Softap capability, add MAC customization support
11-05 15:00:09.098 D/ApConfigUtil( 484): Update Softap capability, add 2.4G support
11-05 15:00:09.098 D/ApConfigUtil( 484): Update Softap capability, max client = 16
11-05 15:00:09.102 D/ConnectivityService( 484): requestNetwork for uid/pid:1073/772 activeRequest: null callbackRequest: 21 [NetworkRequest [ TRACK_SYSTEM_DEFAULT id=21, [ Capabilities: INTERNET&NOT_RESTRICTED&TRUSTED&NOT_VPN&NOT_VCN_MANAGED RequestorUid: 1073 RequestorPkg: com.android.networkstack.tethering] ]] callback flags: 0 priority: 2147483647
11-05 15:00:09.102 V/WifiManager( 772): SoftApCallbackProxy: send InfoChanged, newInfo: SoftApInfo{bandwidth= 0, frequency= 0, wifiStandard= 0, mApInstanceIdentifier= null, mIdleShutdownTimeoutMillis= 0}
11-05 15:00:09.102 V/WifiManager( 772): SoftApCallbackProxy: send InfoChanged, changedInfoList: []
11-05 15:00:09.102 V/WifiManager( 772): SoftApCallbackProxy: send onConnectedClientsChanged(clients): []
11-05 15:00:09.104 D/ConnectivityService( 484): NetReassign [no changes]
11-05 15:00:09.112 I/EventThread( 260): type=1400 audit(0.0:374): avc: denied { search } for name="extcon" dev="sysfs" ino=18103 scontext=u:r:hal_tv_cec_default:s0 tcontext=u:object_r:sysfs_extcon:s0 tclass=dir permissive=1
11-05 15:00:09.116 D/BluetoothDatabase( 670): Load Database
11-05 15:00:09.116 I/BluetoothAdapterService( 670): Phone policy enabled
11-05 15:00:09.125 D/BluetoothActiveDeviceManager( 670): start()
11-05 15:00:09.126 D/CompatibilityChangeReporter( 484): Compat change id reported: 157233955; UID 10066; state: ENABLED
11-05 15:00:09.163 D/BluetoothActiveDeviceManager( 670): onAudioDevicesAdded
11-05 15:00:09.163 D/BluetoothActiveDeviceManager( 670): Audio device added: DBBOX-A2 type: 2
11-05 15:00:09.164 D/BluetoothActiveDeviceManager( 670): Audio device added: DBBOX-A2 type: 15
11-05 15:00:09.164 D/BluetoothActiveDeviceManager( 670): Audio device added: DBBOX-A2 type: 25
11-05 15:00:09.165 D/BluetoothAdapterService( 670): setAdapterService() - trying to set service to com.android.bluetooth.btservice.AdapterService@789c6d8
11-05 15:00:09.178 D/BluetoothAdapterService( 670): onBind()
11-05 15:00:09.181 D/CCodecBufferChannel( 834): [c2.android.vorbis.decoder#94] MediaCodec discarded an unknown buffer
11-05 15:00:09.181 D/CCodecBufferChannel( 834): [c2.android.vorbis.decoder#94] MediaCodec discarded an unknown buffer
11-05 15:00:09.188 I/hw-BpHwBinder( 834): onLastStrongRef automatically unlinking death recipients
11-05 15:00:09.198 D/CCodecBufferChannel( 834): [c2.android.vorbis.decoder#867] MediaCodec discarded an unknown buffer
11-05 15:00:09.203 I/hw-BpHwBinder( 834): onLastStrongRef automatically unlinking death recipients
11-05 15:00:09.204 I/hw-BpHwBinder( 388): onLastStrongRef automatically unlinking death recipients
11-05 15:00:09.245 D/BluetoothDatabase( 670): compactLastConnectionTime: Compacting metadata after load
11-05 15:00:09.245 D/BluetoothDatabase( 670): compactLastConnectionTime: Setting last_active_item for device: C9:B5:96:5C:E3:CB from 1 to 0
11-05 15:00:09.245 D/BluetoothDatabase( 670): updateDatabase C9:B5:96:5C:E3:CB
11-05 15:00:09.245 I/BluetoothDatabase( 670): cacheMetadata
11-05 15:00:09.245 V/BluetoothDatabase( 670): cacheMetadata: found device C9:B5:96:5C:E3:CB
11-05 15:00:09.245 V/BluetoothDatabase( 670): cacheMetadata: found device LocalStorage
11-05 15:00:09.245 I/BluetoothDatabase( 670): cacheMetadata: Database is ready
11-05 15:00:09.250 D/MediaResumeListener( 684): loaded resume components []
11-05 15:00:09.257 D/LocalBluetoothProfileManager( 684): LocalBluetoothProfileManager construction complete
11-05 15:00:09.259 D/LocalBluetoothProfileManager( 684): supportedList is null
11-05 15:00:09.353 I/system_server( 484): Background concurrent copying GC freed 55301(4007KB) AllocSpace objects, 17(960KB) LOS objects, 49% free, 9020KB/17MB, paused 3.084ms total 897.764ms
11-05 15:00:09.354 I/system_server( 484): WaitForGcToComplete blocked ClassLinker on Background for 553.257ms
11-05 15:00:09.355 W/Looper ( 484): Slow dispatch took 649ms main h=android.app.ActivityThread$H c=null m=114
11-05 15:00:09.358 W/System ( 484): A resource failed to call release.
11-05 15:00:09.359 W/System ( 484): A resource failed to call release.
11-05 15:00:09.360 I/ServiceWatcher( 484): [fused] connected to {com.android.location.fused/com.android.location.fused.FusedLocationService}
11-05 15:00:09.360 E/WiredAccessoryManager( 484): No state change.
11-05 15:00:09.361 W/WiredAccessoryManager( 484): Both input event and extcon are used for audio jack, please just choose one.
11-05 15:00:09.371 W/TrustManagerService( 484): EXTRA_USER_HANDLE missing or invalid, value=0
11-05 15:00:09.380 W/AlarmManager( 684): Unrecognized alarm listener com.android.systemui.keyguard.KeyguardSliceProvider$$ExternalSyntheticLambda0@179771c
11-05 15:00:09.408 I/SystemServerTiming( 484): ManagedServices.unbindOtherUserServices_current0
11-05 15:00:09.408 I/SystemServerTiming( 484): ManagedServices.unbindOtherUserServices_current0
11-05 15:00:09.408 I/SystemServerTiming( 484): ManagedServices.unbindOtherUserServices_current0
11-05 15:00:09.408 V/NotificationAssistants( 484): enabling notification assistant for 0: ComponentInfo{android.ext.services/android.ext.services.notification.Assistant}
11-05 15:00:09.409 V/NotificationAssistants( 484): binding: Intent { act=android.service.notification.NotificationAssistantService cmp=android.ext.services/.notification.Assistant (has extras) }
11-05 15:00:09.435 V/SystemUIService( 684): SystemUIApplication created.
11-05 15:00:09.444 D/SystemUIService( 684): is homlet
11-05 15:00:09.445 I/SystemUIService( 684): Found SurfaceFlinger's GPU Priority: 12545
11-05 15:00:09.503 D/CCodecBufferChannel( 484): [c2.android.vorbis.decoder#314] MediaCodec discarded an unknown buffer
11-05 15:00:09.503 D/CCodecBufferChannel( 484): [c2.android.vorbis.decoder#314] MediaCodec discarded an unknown buffer
11-05 15:00:09.503 D/CCodecBufferChannel( 484): [c2.android.vorbis.decoder#314] MediaCodec discarded an unknown buffer
11-05 15:00:09.506 I/hw-BpHwBinder( 484): onLastStrongRef automatically unlinking death recipients
11-05 15:00:09.572 D/CCodecBufferChannel( 484): [c2.android.vorbis.decoder#370] MediaCodec discarded an unknown buffer
11-05 15:00:09.573 D/CCodecBufferChannel( 484): [c2.android.vorbis.decoder#370] MediaCodec discarded an unknown buffer
11-05 15:00:09.573 D/CCodecBufferChannel( 484): [c2.android.vorbis.decoder#370] MediaCodec discarded an unknown buffer
11-05 15:00:09.575 I/hw-BpHwBinder( 484): onLastStrongRef automatically unlinking death recipients
11-05 15:00:09.576 I/hw-BpHwBinder( 388): onLastStrongRef automatically unlinking death recipients
11-05 15:00:09.577 V/C2Store ( 388): in ~ComponentModule
11-05 15:00:09.577 V/C2Store ( 388): unloading dll
11-05 15:00:09.582 D/MediaCodecList( 484): codecHandlesFormat: no format, so no extra checks
11-05 15:00:09.588 I/droid.bluetoot( 670): Background young concurrent copying GC freed 6031(527KB) AllocSpace objects, 6(120KB) LOS objects, 89% free, 3025KB/26MB, paused 195us total 116.421ms
11-05 15:00:09.589 W/Looper ( 484): Slow dispatch took 172ms main h=android.app.ActivityThread$H c=android.app.LoadedApk$ReceiverDispatcher$Args$$ExternalSyntheticLambda0@ac5fedf m=0
11-05 15:00:09.590 D/CCodec ( 484): allocate(c2.android.vorbis.decoder)
11-05 15:00:09.591 V/C2Store ( 388): in init
11-05 15:00:09.591 V/C2Store ( 388): loading dll
11-05 15:00:09.594 V/SystemUIService( 684): Starting SystemUI services for user 0.
11-05 15:00:09.594 D/SystemUIService( 684): loading: com.android.systemui.util.NotificationChannels
11-05 15:00:09.595 D/SystemUIService( 684): running: com.android.systemui.util.NotificationChannels@b47d89b
11-05 15:00:09.597 I/CCodec ( 484): Created component [c2.android.vorbis.decoder]
11-05 15:00:09.598 D/CCodecConfig( 484): read media type: audio/vorbis
11-05 15:00:09.600 D/SystemUIService( 684): loading: com.android.systemui.oranth.ManagerService
11-05 15:00:09.601 E/SELinux ( 179): avc: denied { find } for pid=684 uid=10066 name=oranth_manager scontext=u:r:platform_app:s0:c512,c768 tcontext=u:object_r:default_android_service:s0 tclass=service_manager permissive=1
11-05 15:00:09.602 D/SystemUIService( 684): running: com.android.systemui.oranth.ManagerService@4b72c11
11-05 15:00:09.602 I/ManagerService( 684): -------------------- oranth manager service ---------
11-05 15:00:09.605 D/ReflectedParamUpdater( 484): extent() != 1 for single value type: algo.buffers.max-count.values
11-05 15:00:09.606 D/ReflectedParamUpdater( 484): extent() != 1 for single value type: output.subscribed-indices.values
11-05 15:00:09.606 D/ReflectedParamUpdater( 484): extent() != 1 for single value type: input.buffers.allocator-ids.values
11-05 15:00:09.607 D/ReflectedParamUpdater( 484): extent() != 1 for single value type: output.buffers.allocator-ids.values
11-05 15:00:09.607 D/ReflectedParamUpdater( 484): extent() != 1 for single value type: algo.buffers.allocator-ids.values
11-05 15:00:09.607 D/ReflectedParamUpdater( 484): extent() != 1 for single value type: output.buffers.pool-ids.values
11-05 15:00:09.607 D/ReflectedParamUpdater( 484): extent() != 1 for single value type: algo.buffers.pool-ids.values
11-05 15:00:09.609 D/MediaCodecList( 484): codecHandlesFormat: no format, so no extra checks
11-05 15:00:09.611 I/CCodecConfig( 484): query failed after returning 7 values (BAD_INDEX)
11-05 15:00:09.612 D/CCodecConfig( 484): c2 config diff is Dict {
11-05 15:00:09.612 D/CCodecConfig( 484): c2::u32 coded.bitrate.value = 64000
11-05 15:00:09.612 D/CCodecConfig( 484): c2::u32 input.buffers.max-size.value = 32768
11-05 15:00:09.612 D/CCodecConfig( 484): c2::u32 input.delay.value = 0
11-05 15:00:09.612 D/CCodecConfig( 484): string input.media-type.value = "audio/vorbis"
11-05 15:00:09.612 D/CCodecConfig( 484): string output.media-type.value = "audio/raw"
11-05 15:00:09.612 D/CCodecConfig( 484): c2::u32 raw.channel-count.value = 1
11-05 15:00:09.612 D/CCodecConfig( 484): c2::u32 raw.sample-rate.value = 48000
11-05 15:00:09.612 D/CCodecConfig( 484): }
11-05 15:00:09.612 I/FalsingManager( 684): xdpi, ydpi: 0.16, 0.16
11-05 15:00:09.612 I/FalsingManager( 684): width, height: 1920, 1080
11-05 15:00:09.613 D/CCodec ( 484): allocate(c2.android.vorbis.decoder)
11-05 15:00:09.613 D/CCodec ( 484): [c2.android.vorbis.decoder] buffers are bound to CCodec for this session
11-05 15:00:09.614 D/CCodecConfig( 484): no c2 equivalents for durationUs
11-05 15:00:09.614 D/CCodecConfig( 484): no c2 equivalents for track-id
11-05 15:00:09.614 D/CCodecConfig( 484): no c2 equivalents for csd-1
11-05 15:00:09.614 D/CCodecConfig( 484): no c2 equivalents for channel-mask
11-05 15:00:09.614 D/CCodecConfig( 484): no c2 equivalents for flags
11-05 15:00:09.612 I/SharedPreferenc( 684): type=1400 audit(0.0:375): avc: denied { open } for path="/data/user_de/0/com.android.systemui/shared_prefs/plugin_prefs.xml" dev="mmcblk0p25" ino=2177 scontext=u:r:platform_app:s0:c512,c768 tcontext=u:object_r:app_data_file:s0:c512,c768 tclass=file permissive=1 app=com.softwinner.screenshot
11-05 15:00:09.616 D/CCodecConfig( 484): c2 config diff is c2::u32 coded.bitrate.value = 499821
11-05 15:00:09.616 D/CCodecConfig( 484): c2::u32 raw.channel-count.value = 2
11-05 15:00:09.616 D/CCodecConfig( 484): c2::u32 raw.sample-rate.value = 44100
11-05 15:00:09.616 I/CCodec ( 484): Created component [c2.android.vorbis.decoder]
11-05 15:00:09.617 D/CCodecConfig( 484): read media type: audio/vorbis
11-05 15:00:09.619 W/Codec2Client( 484): query -- param skipped: index = 1107298332.
11-05 15:00:09.619 D/CCodec ( 484): setup formats input: AMessage(what = 0x00000000) = {
11-05 15:00:09.619 D/CCodec ( 484): int32_t bitrate = 499821
11-05 15:00:09.619 D/CCodec ( 484): int32_t channel-count = 2
11-05 15:00:09.619 D/CCodec ( 484): int32_t max-input-size = 32768
11-05 15:00:09.619 D/CCodec ( 484): string mime = "audio/vorbis"
11-05 15:00:09.619 D/CCodec ( 484): int32_t sample-rate = 44100
11-05 15:00:09.619 D/CCodec ( 484): }
11-05 15:00:09.619 D/CCodec ( 484): setup formats output: AMessage(what = 0x00000000) = {
11-05 15:00:09.619 D/CCodec ( 484): int32_t channel-count = 2
11-05 15:00:09.619 D/CCodec ( 484): string mime = "audio/raw"
11-05 15:00:09.619 D/CCodec ( 484): int32_t sample-rate = 44100
11-05 15:00:09.619 D/CCodec ( 484): int32_t channel-mask = 3
11-05 15:00:09.619 D/CCodec ( 484): }
11-05 15:00:09.620 I/CCodecConfig( 484): query failed after returning 7 values (BAD_INDEX)
11-05 15:00:09.620 D/ReflectedParamUpdater( 484): extent() != 1 for single value type: algo.buffers.max-count.values
11-05 15:00:09.620 D/ReflectedParamUpdater( 484): extent() != 1 for single value type: output.subscribed-indices.values
11-05 15:00:09.620 W/Codec2Client( 484): query -- param skipped: index = 1342179345.
11-05 15:00:09.620 W/Codec2Client( 484): query -- param skipped: index = 2415921170.
11-05 15:00:09.620 D/ReflectedParamUpdater( 484): extent() != 1 for single value type: input.buffers.allocator-ids.values
11-05 15:00:09.621 D/ReflectedParamUpdater( 484): extent() != 1 for single value type: output.buffers.allocator-ids.values
11-05 15:00:09.621 D/ReflectedParamUpdater( 484): extent() != 1 for single value type: algo.buffers.allocator-ids.values
11-05 15:00:09.621 D/ReflectedParamUpdater( 484): extent() != 1 for single value type: output.buffers.pool-ids.values
11-05 15:00:09.621 D/ReflectedParamUpdater( 484): extent() != 1 for single value type: algo.buffers.pool-ids.values
11-05 15:00:09.622 D/CCodecBufferChannel( 484): [c2.android.vorbis.decoder#807] Created input block pool with allocatorID 16 => poolID 19 - OK (0)
11-05 15:00:09.623 I/CCodecBufferChannel( 484): [c2.android.vorbis.decoder#807] Created output block pool with allocatorID 16 => poolID 21 - OK
11-05 15:00:09.623 D/CCodecBufferChannel( 484): [c2.android.vorbis.decoder#807] Configured output block pool ids 21 => OK
11-05 15:00:09.624 I/CCodecConfig( 484): query failed after returning 7 values (BAD_INDEX)
11-05 15:00:09.624 D/CCodecConfig( 484): c2 config diff is Dict {
11-05 15:00:09.624 D/CCodecConfig( 484): c2::u32 coded.bitrate.value = 64000
11-05 15:00:09.624 D/CCodecConfig( 484): c2::u32 input.buffers.max-size.value = 32768
11-05 15:00:09.624 D/CCodecConfig( 484): c2::u32 input.delay.value = 0
11-05 15:00:09.624 D/CCodecConfig( 484): string input.media-type.value = "audio/vorbis"
11-05 15:00:09.624 D/CCodecConfig( 484): string output.media-type.value = "audio/raw"
11-05 15:00:09.624 D/CCodecConfig( 484): c2::u32 raw.channel-count.value = 1
11-05 15:00:09.624 D/CCodecConfig( 484): c2::u32 raw.sample-rate.value = 48000
11-05 15:00:09.624 D/CCodecConfig( 484): }
11-05 15:00:09.626 D/CCodec ( 484): [c2.android.vorbis.decoder] buffers are bound to CCodec for this session
11-05 15:00:09.626 D/CCodecConfig( 484): no c2 equivalents for durationUs
11-05 15:00:09.626 D/CCodecConfig( 484): no c2 equivalents for track-id
11-05 15:00:09.626 D/CCodecConfig( 484): no c2 equivalents for csd-1
11-05 15:00:09.626 D/CCodecConfig( 484): no c2 equivalents for channel-mask
11-05 15:00:09.626 D/CCodecConfig( 484): no c2 equivalents for flags
11-05 15:00:09.627 D/CCodecConfig( 484): c2 config diff is c2::u32 coded.bitrate.value = 499821
11-05 15:00:09.627 D/CCodecConfig( 484): c2::u32 raw.channel-count.value = 2
11-05 15:00:09.627 D/CCodecConfig( 484): c2::u32 raw.sample-rate.value = 44100
11-05 15:00:09.630 D/SimpleC2Component( 388): Using output block pool with poolID 21 => got 21 - 0
11-05 15:00:09.631 W/Codec2Client( 484): query -- param skipped: index = 1107298332.
11-05 15:00:09.631 D/CCodec ( 484): setup formats input: AMessage(what = 0x00000000) = {
11-05 15:00:09.631 D/CCodec ( 484): int32_t bitrate = 499821
11-05 15:00:09.631 D/CCodec ( 484): int32_t channel-count = 2
11-05 15:00:09.631 D/CCodec ( 484): int32_t max-input-size = 32768
11-05 15:00:09.631 D/CCodec ( 484): string mime = "audio/vorbis"
11-05 15:00:09.631 D/CCodec ( 484): int32_t sample-rate = 44100
11-05 15:00:09.631 D/CCodec ( 484): }
11-05 15:00:09.631 D/CCodec ( 484): setup formats output: AMessage(what = 0x00000000) = {
11-05 15:00:09.631 D/CCodec ( 484): int32_t channel-count = 2
11-05 15:00:09.631 D/CCodec ( 484): string mime = "audio/raw"
11-05 15:00:09.631 D/CCodec ( 484): int32_t sample-rate = 44100
11-05 15:00:09.631 D/CCodec ( 484): int32_t channel-mask = 3
11-05 15:00:09.631 D/CCodec ( 484): }
11-05 15:00:09.631 I/CCodecConfig( 484): query failed after returning 7 values (BAD_INDEX)
11-05 15:00:09.632 W/Codec2Client( 484): query -- param skipped: index = 1342179345.
11-05 15:00:09.632 W/Codec2Client( 484): query -- param skipped: index = 2415921170.
11-05 15:00:09.633 D/CCodecBufferChannel( 484): [c2.android.vorbis.decoder#314] Created input block pool with allocatorID 16 => poolID 20 - OK (0)
11-05 15:00:09.635 I/CCodecBufferChannel( 484): [c2.android.vorbis.decoder#314] Created output block pool with allocatorID 16 => poolID 22 - OK
11-05 15:00:09.635 D/CCodecBufferChannel( 484): [c2.android.vorbis.decoder#314] Configured output block pool ids 22 => OK
11-05 15:00:09.639 D/SimpleC2Component( 388): Using output block pool with poolID 22 => got 22 - 0
11-05 15:00:09.663 D/ConditionProviders.SCP( 484): onSubscribe condition://android/schedule?days=1.2.3.4.5.6.7&start=22.0&end=7.0&exitAtAlarm=true
11-05 15:00:09.664 D/ConditionProviders.SCP( 484): setRegistered true
11-05 15:00:09.676 I/ndroid.systemu( 684): Background young concurrent copying GC freed 22385(1034KB) AllocSpace objects, 0(0B) LOS objects, 87% free, 3536KB/27MB, paused 3.597ms total 166.108ms
11-05 15:00:09.679 W/ActivityThread( 484): Failed to find provider info for com.android.calendar (user not unlocked)
11-05 15:00:09.682 W/ActivityThread( 484): Failed to find provider info for com.android.calendar (user not unlocked)
11-05 15:00:09.687 W/ServiceManager( 484): Permission failure: android.permission.HIGH_SAMPLING_RATE_SENSORS from uid=10066 pid=684
11-05 15:00:09.703 D/CCodecBufferChannel( 484): [c2.android.vorbis.decoder#314] MediaCodec discarded an unknown buffer
11-05 15:00:09.717 D/ConditionProviders.SCP( 484): evaluateSubscriptionLocked cal=ScheduleCalendar[mDays={1, 2, 3, 4, 5, 6, 7}, mSchedule=ScheduleInfo{days=[1, 2, 3, 4, 5, 6, 7], startHour=22, startMinute=0, endHour=7, endMinute=0, exitAtAlarm=true, nextAlarm=Thu Jan 01 08:00:00 GMT+08:00 1970 (0)}], now=Wed Nov 05 15:00:09 GMT+08:00 2025 (1762326009664), nextUserAlarmTime=Thu Jan 01 08:00:00 GMT+08:00 1970 (0)
11-05 15:00:09.717 D/ConditionProviders.SCP( 484): notifyCondition condition://android/schedule?days=1.2.3.4.5.6.7&start=22.0&end=7.0&exitAtAlarm=true STATE_FALSE reason=!meetsSchedule
11-05 15:00:09.721 I/hw-BpHwBinder( 484): onLastStrongRef automatically unlinking death recipients
11-05 15:00:09.722 D/ConditionProviders.SCP( 484): Scheduling evaluate for Wed Nov 05 22:00:00 GMT+08:00 2025 (1762351200000), in +6h59m50s336ms, now=Wed Nov 05 15:00:09 GMT+08:00 2025 (1762326009664)
11-05 15:00:09.722 D/NavigationModeController( 684): getCurrentUserContext: contextUser=0 currentUser=0
11-05 15:00:09.723 D/hdmi-cec( 260): cec physical address: 1.1.0.0
11-05 15:00:09.723 D/NavigationModeController( 684): getCurrentInteractionMode: mode=0 contextUser=0
11-05 15:00:09.723 D/CCodecBufferChannel( 484): [c2.android.vorbis.decoder#807] MediaCodec discarded an unknown buffer
11-05 15:00:09.723 D/CCodecBufferChannel( 484): [c2.android.vorbis.decoder#807] MediaCodec discarded an unknown buffer
11-05 15:00:09.724 D/NavigationModeController( 684): updateCurrentInteractionMode: mode=0
11-05 15:00:09.724 D/NavigationModeController( 684): contextUser=0
11-05 15:00:09.724 D/NavigationModeController( 684): assetPaths=
11-05 15:00:09.724 D/NavigationModeController( 684): and /system/framework/framework-res.apk
11-05 15:00:09.724 D/NavigationModeController( 684): /vendor/overlay/framework-res__auto_generated_rro_vendor.apk
11-05 15:00:09.724 D/NavigationModeController( 684): /product/overlay/AwAccentColor/AwAccentColorOverlay.apk
11-05 15:00:09.724 D/NavigationModeController( 684): /product/overlay/AwIconShape/AwIconShapeOverlay.apk
11-05 15:00:09.724 D/NavigationModeController( 684): and /system/system_ext/priv-app/SystemUI/SystemUI.apk
11-05 15:00:09.725 D/NavigationModeController( 684): getCurrentInteractionMode: mode=0 contextUser=0
11-05 15:00:09.727 D/hdmi-cec( 260): cec physical address: 1.1.0.0
11-05 15:00:09.727 D/hdmi-cec( 260): cec physical address: 1.1.0.0
11-05 15:00:09.727 D/hdmi-cec( 260): addLogicalAddress (4)
11-05 15:00:09.728 D/hdmi-cec( 260): cec physical address: 1.1.0.0
11-05 15:00:09.730 I/hw-BpHwBinder( 484): onLastStrongRef automatically unlinking death recipients
11-05 15:00:09.730 I/hw-BpHwBinder( 388): onLastStrongRef automatically unlinking death recipients
11-05 15:00:09.730 V/C2Store ( 388): in ~ComponentModule
11-05 15:00:09.730 V/C2Store ( 388): unloading dll
11-05 15:00:09.745 D/TvPipController( 684): onImeVisibilityChanged(), visible=false, height=0
11-05 15:00:09.745 D/TvPipController( 684): onActionsChanged()
11-05 15:00:09.745 D/TvPipMenuController( 684): setAppActions()
11-05 15:00:09.745 D/TvPipController( 684): onImeVisibilityChanged(), visible=false, height=0
11-05 15:00:09.746 D/TvPipController( 684): onActionsChanged()
11-05 15:00:09.747 D/TvPipMenuController( 684): setAppActions()
11-05 15:00:09.748 W/KeyguardUpdateMonitor( 684): invalid subId in handleServiceStateChange()
11-05 15:00:09.754 D/MediaCodecList( 484): codecHandlesFormat: no format, so no extra checks
11-05 15:00:09.755 D/MediaCodecList( 484): codecHandlesFormat: no format, so no extra checks
11-05 15:00:09.758 D/CCodec ( 484): allocate(c2.android.vorbis.decoder)
11-05 15:00:09.759 V/C2Store ( 388): in init
11-05 15:00:09.759 V/C2Store ( 388): loading dll
11-05 15:00:09.761 D/CCodec ( 484): allocate(c2.android.vorbis.decoder)
11-05 15:00:09.762 V/MediaRouter( 684): Selecting route: RouteInfo{ name=手机, description=null, status=null, category=RouteCategory{ name=系统 types=ROUTE_TYPE_LIVE_AUDIO ROUTE_TYPE_LIVE_VIDEO groupable=false }, supportedTypes=ROUTE_TYPE_LIVE_AUDIO ROUTE_TYPE_LIVE_VIDEO , presentationDisplay=null }
11-05 15:00:09.762 I/MediaRouter( 684): Skip setBluetoothA2dpOn(): types=8388615, isPlaybackActive()=false, BT route=null
11-05 15:00:09.765 I/CCodec ( 484): Created component [c2.android.vorbis.decoder]
11-05 15:00:09.766 D/CCodecConfig( 484): read media type: audio/vorbis
11-05 15:00:09.767 I/CCodec ( 484): Created component [c2.android.vorbis.decoder]
11-05 15:00:09.768 D/CCodecConfig( 484): read media type: audio/vorbis
11-05 15:00:09.770 D/ReflectedParamUpdater( 484): extent() != 1 for single value type: algo.buffers.max-count.values
11-05 15:00:09.771 D/ReflectedParamUpdater( 484): extent() != 1 for single value type: output.subscribed-indices.values
11-05 15:00:09.771 D/ReflectedParamUpdater( 484): extent() != 1 for single value type: input.buffers.allocator-ids.values
11-05 15:00:09.771 D/ReflectedParamUpdater( 484): extent() != 1 for single value type: output.buffers.allocator-ids.values
11-05 15:00:09.771 D/ReflectedParamUpdater( 484): extent() != 1 for single value type: algo.buffers.max-count.values
11-05 15:00:09.771 D/ReflectedParamUpdater( 484): extent() != 1 for single value type: algo.buffers.allocator-ids.values
11-05 15:00:09.771 D/ReflectedParamUpdater( 484): extent() != 1 for single value type: output.buffers.pool-ids.values
11-05 15:00:09.771 D/ReflectedParamUpdater( 484): extent() != 1 for single value type: algo.buffers.pool-ids.values
11-05 15:00:09.772 D/ReflectedParamUpdater( 484): extent() != 1 for single value type: output.subscribed-indices.values
11-05 15:00:09.772 D/ReflectedParamUpdater( 484): extent() != 1 for single value type: input.buffers.allocator-ids.values
11-05 15:00:09.772 D/ReflectedParamUpdater( 484): extent() != 1 for single value type: output.buffers.allocator-ids.values
11-05 15:00:09.772 D/ReflectedParamUpdater( 484): extent() != 1 for single value type: algo.buffers.allocator-ids.values
11-05 15:00:09.772 D/ReflectedParamUpdater( 484): extent() != 1 for single value type: output.buffers.pool-ids.values
11-05 15:00:09.772 D/ReflectedParamUpdater( 484): extent() != 1 for single value type: algo.buffers.pool-ids.values
11-05 15:00:09.774 I/CCodecConfig( 484): query failed after returning 7 values (BAD_INDEX)
11-05 15:00:09.775 D/CCodecConfig( 484): c2 config diff is Dict {
11-05 15:00:09.775 D/CCodecConfig( 484): c2::u32 coded.bitrate.value = 64000
11-05 15:00:09.775 D/CCodecConfig( 484): c2::u32 input.buffers.max-size.value = 32768
11-05 15:00:09.775 D/CCodecConfig( 484): c2::u32 input.delay.value = 0
11-05 15:00:09.775 D/CCodecConfig( 484): string input.media-type.value = "audio/vorbis"
11-05 15:00:09.775 D/CCodecConfig( 484): string output.media-type.value = "audio/raw"
11-05 15:00:09.775 D/CCodecConfig( 484): c2::u32 raw.channel-count.value = 1
11-05 15:00:09.775 D/CCodecConfig( 484): c2::u32 raw.sample-rate.value = 48000
11-05 15:00:09.775 D/CCodecConfig( 484): }
11-05 15:00:09.775 I/CCodecConfig( 484): query failed after returning 7 values (BAD_INDEX)
11-05 15:00:09.775 D/CCodecConfig( 484): c2 config diff is Dict {
11-05 15:00:09.775 D/CCodecConfig( 484): c2::u32 coded.bitrate.value = 64000
11-05 15:00:09.775 D/CCodecConfig( 484): c2::u32 input.buffers.max-size.value = 32768
11-05 15:00:09.775 D/CCodecConfig( 484): c2::u32 input.delay.value = 0
11-05 15:00:09.775 D/CCodecConfig( 484): string input.media-type.value = "audio/vorbis"
11-05 15:00:09.775 D/CCodecConfig( 484): string output.media-type.value = "audio/raw"
11-05 15:00:09.775 D/CCodecConfig( 484): c2::u32 raw.channel-count.value = 1
11-05 15:00:09.775 D/CCodecConfig( 484): c2::u32 raw.sample-rate.value = 48000
11-05 15:00:09.775 D/CCodecConfig( 484): }
11-05 15:00:09.776 D/CCodec ( 484): [c2.android.vorbis.decoder] buffers are bound to CCodec for this session
11-05 15:00:09.776 D/CCodecConfig( 484): no c2 equivalents for durationUs
11-05 15:00:09.776 D/CCodecConfig( 484): no c2 equivalents for track-id
11-05 15:00:09.776 D/CCodecConfig( 484): no c2 equivalents for csd-1
11-05 15:00:09.776 D/CCodecConfig( 484): no c2 equivalents for channel-mask
11-05 15:00:09.776 D/CCodecConfig( 484): no c2 equivalents for flags
11-05 15:00:09.777 D/CCodec ( 484): [c2.android.vorbis.decoder] buffers are bound to CCodec for this session
11-05 15:00:09.777 D/CCodecConfig( 484): no c2 equivalents for durationUs
11-05 15:00:09.777 D/CCodecConfig( 484): no c2 equivalents for track-id
11-05 15:00:09.777 D/CCodecConfig( 484): no c2 equivalents for csd-1
11-05 15:00:09.777 D/CCodecConfig( 484): no c2 equivalents for channel-mask
11-05 15:00:09.777 D/CCodecConfig( 484): no c2 equivalents for flags
11-05 15:00:09.778 D/CCodecConfig( 484): c2 config diff is c2::u32 coded.bitrate.value = 499821
11-05 15:00:09.778 D/CCodecConfig( 484): c2::u32 raw.channel-count.value = 2
11-05 15:00:09.778 D/CCodecConfig( 484): c2::u32 raw.sample-rate.value = 44100
11-05 15:00:09.778 D/CCodecConfig( 484): c2 config diff is c2::u32 coded.bitrate.value = 239920
11-05 15:00:09.778 D/CCodecConfig( 484): c2::u32 raw.sample-rate.value = 44100
11-05 15:00:09.779 W/Codec2Client( 484): query -- param skipped: index = 1107298332.
11-05 15:00:09.780 W/Codec2Client( 484): query -- param skipped: index = 1107298332.
11-05 15:00:09.780 D/CCodec ( 484): setup formats input: AMessage(what = 0x00000000) = {
11-05 15:00:09.780 D/CCodec ( 484): int32_t bitrate = 239920
11-05 15:00:09.780 D/CCodec ( 484): int32_t channel-count = 1
11-05 15:00:09.780 D/CCodec ( 484): int32_t max-input-size = 32768
11-05 15:00:09.780 D/CCodec ( 484): string mime = "audio/vorbis"
11-05 15:00:09.780 D/CCodec ( 484): int32_t sample-rate = 44100
11-05 15:00:09.780 D/CCodec ( 484): }
11-05 15:00:09.780 D/CCodec ( 484): setup formats output: AMessage(what = 0x00000000) = {
11-05 15:00:09.780 D/CCodec ( 484): int32_t channel-count = 1
11-05 15:00:09.780 D/CCodec ( 484): string mime = "audio/raw"
11-05 15:00:09.780 D/CCodec ( 484): int32_t sample-rate = 44100
11-05 15:00:09.780 D/CCodec ( 484): int32_t channel-mask = 1
11-05 15:00:09.780 D/CCodec ( 484): }
11-05 15:00:09.780 D/CCodec ( 484): setup formats input: AMessage(what = 0x00000000) = {
11-05 15:00:09.780 D/CCodec ( 484): int32_t bitrate = 499821
11-05 15:00:09.780 D/CCodec ( 484): int32_t channel-count = 2
11-05 15:00:09.780 D/CCodec ( 484): int32_t max-input-size = 32768
11-05 15:00:09.780 D/CCodec ( 484): string mime = "audio/vorbis"
11-05 15:00:09.780 D/CCodec ( 484): int32_t sample-rate = 44100
11-05 15:00:09.780 D/CCodec ( 484): }
11-05 15:00:09.780 D/CCodec ( 484): setup formats output: AMessage(what = 0x00000000) = {
11-05 15:00:09.780 D/CCodec ( 484): int32_t channel-count = 2
11-05 15:00:09.780 D/CCodec ( 484): string mime = "audio/raw"
11-05 15:00:09.780 D/CCodec ( 484): int32_t sample-rate = 44100
11-05 15:00:09.780 D/CCodec ( 484): int32_t channel-mask = 3
11-05 15:00:09.780 D/CCodec ( 484): }
11-05 15:00:09.780 I/CCodecConfig( 484): query failed after returning 7 values (BAD_INDEX)
11-05 15:00:09.780 I/CCodecConfig( 484): query failed after returning 7 values (BAD_INDEX)
11-05 15:00:09.781 W/Codec2Client( 484): query -- param skipped: index = 1342179345.
11-05 15:00:09.781 W/Codec2Client( 484): query -- param skipped: index = 1342179345.
11-05 15:00:09.781 W/Codec2Client( 484): query -- param skipped: index = 2415921170.
11-05 15:00:09.781 W/Codec2Client( 484): query -- param skipped: index = 2415921170.
11-05 15:00:09.782 D/CCodecBufferChannel( 484): [c2.android.vorbis.decoder#258] Created input block pool with allocatorID 16 => poolID 21 - OK (0)
11-05 15:00:09.783 I/CCodecBufferChannel( 484): [c2.android.vorbis.decoder#258] Created output block pool with allocatorID 16 => poolID 23 - OK
11-05 15:00:09.784 D/CCodecBufferChannel( 484): [c2.android.vorbis.decoder#258] Configured output block pool ids 23 => OK
11-05 15:00:09.789 D/SimpleC2Component( 388): Using output block pool with poolID 23 => got 23 - 0
11-05 15:00:09.799 D/CCodecBufferChannel( 484): [c2.android.vorbis.decoder#314] Created input block pool with allocatorID 16 => poolID 22 - OK (0)
11-05 15:00:09.802 I/CCodecBufferChannel( 484): [c2.android.vorbis.decoder#314] Created output block pool with allocatorID 16 => poolID 24 - OK
11-05 15:00:09.803 D/CCodecBufferChannel( 484): [c2.android.vorbis.decoder#314] Configured output block pool ids 24 => OK
11-05 15:00:09.808 D/SimpleC2Component( 388): Using output block pool with poolID 24 => got 24 - 0
11-05 15:00:09.869 D/CCodecBufferChannel( 484): [c2.android.vorbis.decoder#258] MediaCodec discarded an unknown buffer
11-05 15:00:09.873 I/hw-BpHwBinder( 484): onLastStrongRef automatically unlinking death recipients
11-05 15:00:09.884 D/CCodecBufferChannel( 484): [c2.android.vorbis.decoder#314] MediaCodec discarded an unknown buffer
11-05 15:00:09.884 D/CCodecBufferChannel( 484): [c2.android.vorbis.decoder#314] MediaCodec discarded an unknown buffer
11-05 15:00:09.887 I/hw-BpHwBinder( 484): onLastStrongRef automatically unlinking death recipients
11-05 15:00:09.887 I/hw-BpHwBinder( 388): onLastStrongRef automatically unlinking death recipients
11-05 15:00:09.888 V/C2Store ( 388): in ~ComponentModule
11-05 15:00:09.888 V/C2Store ( 388): unloading dll
11-05 15:00:09.955 W/Looper ( 484): Slow dispatch took 232ms main h=android.os.Handler c=com.android.server.hdmi.WorkSourceUidPreservingRunnable@ebc8387 m=0
11-05 15:00:09.957 I/ConnectivityModuleConnector( 484): Networking module service connected
11-05 15:00:09.957 I/ConnectivityModuleConnector( 484): Networking module service connected
11-05 15:00:09.957 I/NetworkStackClient( 484): Network stack service connected
11-05 15:00:09.965 I/ExplicitHealthCheckController( 484): Explicit health check service is connected ComponentInfo{android.ext.services/android.ext.services.watchdog.ExplicitHealthCheckServiceImpl}
11-05 15:00:09.966 I/ExplicitHealthCheckController( 484): Service initialized, syncing requests
11-05 15:00:09.969 I/ConnectivityModuleConnector( 484): Networking module service connected
11-05 15:00:09.969 I/ConnectivityModuleConnector( 484): Networking module service connected
11-05 15:00:09.971 W/IorapForwardingService( 484): No service published for: iorapd
11-05 15:00:10.133 D/hdmi-cec( 260): cec physical address: 1.1.0.0
11-05 15:00:10.293 D/Tonal ( 684): Tonal Palette - index: 4. Main color: ff1e447a
11-05 15:00:10.293 D/Tonal ( 684): Colors: ff060d1a, ff0b162e, ff102343, ff17305c, ff1e447a, ff254a99, ff2d58b7, ff6180c3, ff6f8adc, ff889ce2, ffa5b0e9, ffced4f3, ffeaedfa
11-05 15:00:10.294 D/Tonal ( 684): Gradients:
11-05 15:00:10.294 D/Tonal ( 684): Normal GradientColors(ff1e447a, ff1e447a)
11-05 15:00:10.294 D/Tonal ( 684): Dark GradientColors(ff17305c, ff17305c)
11-05 15:00:10.294 D/Tonal ( 684): Extra dark: GradientColors(ff102343, ff102343)
11-05 15:00:10.294 D/Tonal ( 684): Tonal Palette - index: 4. Main color: ff1e447a
11-05 15:00:10.294 D/Tonal ( 684): Colors: ff060d1a, ff0b162e, ff102343, ff17305c, ff1e447a, ff254a99, ff2d58b7, ff6180c3, ff6f8adc, ff889ce2, ffa5b0e9, ffced4f3, ffeaedfa
11-05 15:00:10.294 D/Tonal ( 684): Gradients:
11-05 15:00:10.294 D/Tonal ( 684): Normal GradientColors(ff1e447a, ff1e447a)
11-05 15:00:10.294 D/Tonal ( 684): Dark GradientColors(ff17305c, ff17305c)
11-05 15:00:10.294 D/Tonal ( 684): Extra dark: GradientColors(ff102343, ff102343)
11-05 15:00:10.421 D/hdmi-cec( 260): cec physical address: 1.1.0.0
11-05 15:00:10.422 W/Looper ( 484): Slow dispatch took 451ms main h=android.os.Handler c=com.android.server.hdmi.WorkSourceUidPreservingRunnable@578444c m=0
11-05 15:00:10.422 D/BluetoothManagerService( 484): BluetoothServiceConnection: com.android.bluetooth.btservice.AdapterService
11-05 15:00:10.422 D/BluetoothManagerService( 484): MESSAGE_BLUETOOTH_SERVICE_CONNECTED: 1
11-05 15:00:10.423 D/AutofillManagerService( 484): Restriction did not change for user 0
11-05 15:00:10.431 D/BluetoothManagerService( 484): Broadcasting onBluetoothServiceUp() to 3 receivers.
11-05 15:00:10.432 D/BluetoothAdapter( 684): onBluetoothServiceUp: android.bluetooth.IBluetooth$Stub$Proxy@88e975e
11-05 15:00:10.438 D/BluetoothAdapter( 484): onBluetoothServiceUp: android.bluetooth.IBluetooth$Stub$Proxy@39aec02
11-05 15:00:10.441 D/BluetoothAdapter( 670): onBluetoothServiceUp: com.android.bluetooth.btservice.AdapterService$AdapterServiceBinder@aca88e4
11-05 15:00:10.443 D/BluetoothAdapterService( 670): enable() - Enable called with quiet mode status = false
11-05 15:00:10.443 I/AdapterState( 670): BLE_TURNING_ON : entered
11-05 15:00:10.443 D/AdapterProperties( 670): Setting state to BLE_TURNING_ON
11-05 15:00:10.444 D/BluetoothAdapterService( 670): updateAdapterState() - Broadcasting state BLE_TURNING_ON to 1 receivers.
11-05 15:00:10.445 D/BluetoothManagerService( 484): MESSAGE_BLUETOOTH_STATE_CHANGE: OFF > BLE_TURNING_ON
11-05 15:00:10.445 D/BluetoothManagerService( 484): Sending BLE State Change: OFF > BLE_TURNING_ON
11-05 15:00:10.471 D/BluetoothAdapterService( 670): bleOnProcessStart()
11-05 15:00:10.471 V/NotificationAssistants( 484): 0 notification assistant service connected: ComponentInfo{android.ext.services/android.ext.services.notification.Assistant}
11-05 15:00:10.472 I/AdapterProperties( 670): init(), maxConnectedAudioDevices, default=5, propertyOverlayed=5, finalValue=5
11-05 15:00:10.478 D/BluetoothAdapterService( 670): bleOnProcessStart() - Make Bond State Machine
11-05 15:00:10.478 D/BluetoothBondStateMachine( 670): make
11-05 15:00:10.479 D/BluetoothA2dp( 484): Binding service...
11-05 15:00:10.480 I/BluetoothBondStateMachine( 670): StableState(): Entering Off State
11-05 15:00:10.481 E/libEGL ( 684): validate_display:538 error 3001 (EGL_NOT_INITIALIZED)
11-05 15:00:10.489 I/PackageWatchdog( 484): Syncing health check requests for packages: {}
11-05 15:00:10.489 D/ExplicitHealthCheckController( 484): Getting health check supported packages
11-05 15:00:10.491 I/BtGatt.JNI( 670): classInitNative(L1073): classInitNative: Success!
11-05 15:00:10.492 D/BtGatt.DebugUtils( 670): handleDebugAction() action=null
11-05 15:00:10.494 I/ExplicitHealthCheckController( 484): Explicit health check supported packages [PackageConfig{com.android.networkstack, 86400000}]
11-05 15:00:10.495 D/PackageWatchdog( 484): Received supported packages [PackageConfig{com.android.networkstack, 86400000}]
11-05 15:00:10.495 D/ExplicitHealthCheckController( 484): Getting health check requested packages
11-05 15:00:10.496 I/bt_btif ( 670): system/bt/btif/src/bluetooth.cc:417 get_profile_interface: get_profile_interface: id = gatt
11-05 15:00:10.497 I/ExplicitHealthCheckController( 484): Explicit health check requested packages []
11-05 15:00:10.498 I/ExplicitHealthCheckController( 484): No more health check requests, unbinding...
11-05 15:00:10.501 I/ExplicitHealthCheckController( 484): Explicit health check service is unbound
11-05 15:00:10.506 V/audio_hw_primary( 247): adev_set_parameters, A2dpSuspended=false
11-05 15:00:10.507 D/CompatibilityChangeReporter( 670): Compat change id reported: 160794467; UID 1002; state: ENABLED
11-05 15:00:10.508 V/audio_hw_primary( 247): adev_set_parameters, BT_SCO=off
11-05 15:00:10.512 I/AS.AudioDeviceInventory( 484): removePreferredDevicesForStrategySync, strategy: 14
11-05 15:00:10.526 I/bt_stack_manager( 670): system/bt/btif/src/stack_manager.cc:246 event_start_up_stack: event_start_up_stack is bringing up the stack
11-05 15:00:10.527 I/bt_core_module( 670): system/bt/btcore/src/module.cc:85 module_start_up: module_start_up Starting module "btif_config_module"
