11-05 15:05:33.760 I/nStackXDFinder( 3645): GetLocalInterfaceDetail:[461] :GetLocalInterfaceDetail in
11-05 15:05:33.760 E/nStackXCoAP( 3645): IsInSameNetwork:[281] :IsInSameNetwork: not priority process
11-05 15:05:33.760 D/nStackXCoAP( 3645): ParseServiceDiscover:[330] :new device join
11-05 15:05:33.760 E/nStackXDFinder( 3645): GetLocalIp:[401] :GetLocalIp exec
11-05 15:05:33.809 W/IorapForwardingService( 484): No service published for: iorapd
11-05 15:05:33.817 D/nStackXCoAP( 3645): CoapMessageHandler:[133] :2.01
11-05 15:05:33.899 W/nStackXCoAP( 3645): ParseDeviceJsonData:[149] :Can't find hicom version
11-05 15:05:33.899 D/nStackXCoAP( 3645): IsInSameNetwork:[276] :IsInSameNetwork exec
11-05 15:05:33.899 I/nStackXDFinder( 3645): GetLocalInterfaceDetail:[461] :GetLocalInterfaceDetail in
11-05 15:05:33.899 E/nStackXCoAP( 3645): IsInSameNetwork:[281] :IsInSameNetwork: not priority process
11-05 15:05:33.899 D/nStackXCoAP( 3645): ParseServiceDiscover:[330] :new device join
11-05 15:05:33.899 E/nStackXDFinder( 3645): GetLocalIp:[401] :GetLocalIp exec
11-05 15:05:33.912 D/nStackXCoAP( 3645): CoapMessageHandler:[133] :2.01
11-05 15:05:33.974 E/WifiHAL ( 664): wifi_get_link_stats: requestResponse Error:-5
11-05 15:05:33.977 E/WifiVendorHal( 484): getWifiLinkLayerStats_1_5_Internal(l.1191) failed {.code = ERROR_INVALID_ARGS, .description = }
11-05 15:05:34.044 W/nStackXCoAP( 3645): ParseDeviceJsonData:[149] :Can't find hicom version
11-05 15:05:34.044 D/nStackXCoAP( 3645): IsInSameNetwork:[276] :IsInSameNetwork exec
11-05 15:05:34.044 I/nStackXDFinder( 3645): GetLocalInterfaceDetail:[461] :GetLocalInterfaceDetail in
11-05 15:05:34.044 E/nStackXCoAP( 3645): IsInSameNetwork:[281] :IsInSameNetwork: not priority process
11-05 15:05:34.044 D/nStackXCoAP( 3645): ParseServiceDiscover:[330] :new device join
11-05 15:05:34.044 E/nStackXDFinder( 3645): GetLocalIp:[401] :GetLocalIp exec
11-05 15:05:34.202 W/nStackXCoAP( 3645): ParseDeviceJsonData:[149] :Can't find hicom version
11-05 15:05:34.202 D/nStackXCoAP( 3645): IsInSameNetwork:[276] :IsInSameNetwork exec
11-05 15:05:34.202 I/nStackXDFinder( 3645): GetLocalInterfaceDetail:[461] :GetLocalInterfaceDetail in
11-05 15:05:34.203 E/nStackXCoAP( 3645): IsInSameNetwork:[281] :IsInSameNetwork: not priority process
11-05 15:05:34.203 D/nStackXCoAP( 3645): ParseServiceDiscover:[330] :new device join
11-05 15:05:34.203 E/nStackXDFinder( 3645): GetLocalIp:[401] :GetLocalIp exec
11-05 15:05:34.237 D/nStackXCoAP( 3645): CoapMessageHandler:[133] :2.01
11-05 15:05:34.316 D/nStackXCoAP( 3645): CoapMessageHandler:[133] :2.01
11-05 15:05:34.331 W/nStackXCoAP( 3645): ParseDeviceJsonData:[149] :Can't find hicom version
11-05 15:05:34.331 D/nStackXCoAP( 3645): IsInSameNetwork:[276] :IsInSameNetwork exec
11-05 15:05:34.331 I/nStackXDFinder( 3645): GetLocalInterfaceDetail:[461] :GetLocalInterfaceDetail in
11-05 15:05:34.331 E/nStackXCoAP( 3645): IsInSameNetwork:[281] :IsInSameNetwork: not priority process
11-05 15:05:34.331 D/nStackXCoAP( 3645): ParseServiceDiscover:[330] :new device join
11-05 15:05:34.331 E/nStackXDFinder( 3645): GetLocalIp:[401] :GetLocalIp exec
11-05 15:05:34.352 D/nStackXCoAP( 3645): CoapMessageHandler:[133] :2.01
11-05 15:05:34.470 W/nStackXCoAP( 3645): ParseDeviceJsonData:[149] :Can't find hicom version
11-05 15:05:34.471 D/nStackXCoAP( 3645): IsInSameNetwork:[276] :IsInSameNetwork exec
11-05 15:05:34.471 I/nStackXDFinder( 3645): GetLocalInterfaceDetail:[461] :GetLocalInterfaceDetail in
11-05 15:05:34.471 E/nStackXCoAP( 3645): IsInSameNetwork:[281] :IsInSameNetwork: not priority process
11-05 15:05:34.471 D/nStackXCoAP( 3645): ParseServiceDiscover:[330] :new device join
11-05 15:05:34.471 E/nStackXDFinder( 3645): GetLocalIp:[401] :GetLocalIp exec
11-05 15:05:34.492 D/UtilLog ( 2450): 日志批量上报 进行正常循环 !!!!!!本次有0次请求,共0条数据
11-05 15:05:34.496 D/nStackXCoAP( 3645): CoapMessageHandler:[133] :2.01
11-05 15:05:34.614 W/nStackXCoAP( 3645): ParseDeviceJsonData:[149] :Can't find hicom version
11-05 15:05:34.614 D/nStackXCoAP( 3645): IsInSameNetwork:[276] :IsInSameNetwork exec
11-05 15:05:34.614 I/nStackXDFinder( 3645): GetLocalInterfaceDetail:[461] :GetLocalInterfaceDetail in
11-05 15:05:34.614 E/nStackXCoAP( 3645): IsInSameNetwork:[281] :IsInSameNetwork: not priority process
11-05 15:05:34.614 D/nStackXCoAP( 3645): ParseServiceDiscover:[330] :new device join
11-05 15:05:34.614 E/nStackXDFinder( 3645): GetLocalIp:[401] :GetLocalIp exec
11-05 15:05:34.640 D/nStackXCoAP( 3645): CoapMessageHandler:[133] :2.01
11-05 15:05:34.810 W/IorapForwardingService( 484): No service published for: iorapd
11-05 15:05:34.903 W/nStackXCoAP( 3645): ParseDeviceJsonData:[149] :Can't find hicom version
11-05 15:05:34.903 D/nStackXCoAP( 3645): IsInSameNetwork:[276] :IsInSameNetwork exec
11-05 15:05:34.903 I/nStackXDFinder( 3645): GetLocalInterfaceDetail:[461] :GetLocalInterfaceDetail in
11-05 15:05:34.903 E/nStackXCoAP( 3645): IsInSameNetwork:[281] :IsInSameNetwork: not priority process
11-05 15:05:34.904 D/nStackXCoAP( 3645): ParseServiceDiscover:[330] :new device join
11-05 15:05:34.904 E/nStackXDFinder( 3645): GetLocalIp:[401] :GetLocalIp exec
11-05 15:05:34.937 D/nStackXCoAP( 3645): CoapMessageHandler:[133] :2.01
11-05 15:05:35.045 W/nStackXCoAP( 3645): ParseDeviceJsonData:[149] :Can't find hicom version
11-05 15:05:35.045 D/nStackXCoAP( 3645): IsInSameNetwork:[276] :IsInSameNetwork exec
11-05 15:05:35.045 I/nStackXDFinder( 3645): GetLocalInterfaceDetail:[461] :GetLocalInterfaceDetail in
11-05 15:05:35.045 E/nStackXCoAP( 3645): IsInSameNetwork:[281] :IsInSameNetwork: not priority process
11-05 15:05:35.045 D/nStackXCoAP( 3645): ParseServiceDiscover:[330] :new device join
11-05 15:05:35.045 E/nStackXDFinder( 3645): GetLocalIp:[401] :GetLocalIp exec
11-05 15:05:35.078 D/nStackXCoAP( 3645): CoapMessageHandler:[133] :2.01
11-05 15:05:35.186 W/nStackXCoAP( 3645): ParseDeviceJsonData:[149] :Can't find hicom version
11-05 15:05:35.186 D/nStackXCoAP( 3645): IsInSameNetwork:[276] :IsInSameNetwork exec
11-05 15:05:35.186 I/nStackXDFinder( 3645): GetLocalInterfaceDetail:[461] :GetLocalInterfaceDetail in
11-05 15:05:35.187 E/nStackXCoAP( 3645): IsInSameNetwork:[281] :IsInSameNetwork: not priority process
11-05 15:05:35.187 D/nStackXCoAP( 3645): ParseServiceDiscover:[330] :new device join
11-05 15:05:35.187 E/nStackXDFinder( 3645): GetLocalIp:[401] :GetLocalIp exec
11-05 15:05:35.223 D/nStackXCoAP( 3645): CoapMessageHandler:[133] :2.01
11-05 15:05:35.329 W/nStackXCoAP( 3645): ParseDeviceJsonData:[149] :Can't find hicom version
11-05 15:05:35.329 D/nStackXCoAP( 3645): IsInSameNetwork:[276] :IsInSameNetwork exec
11-05 15:05:35.330 I/nStackXDFinder( 3645): GetLocalInterfaceDetail:[461] :GetLocalInterfaceDetail in
11-05 15:05:35.330 E/nStackXCoAP( 3645): IsInSameNetwork:[281] :IsInSameNetwork: not priority process
11-05 15:05:35.330 D/nStackXCoAP( 3645): ParseServiceDiscover:[330] :new device join
11-05 15:05:35.330 E/nStackXDFinder( 3645): GetLocalIp:[401] :GetLocalIp exec
11-05 15:05:35.374 D/nStackXCoAP( 3645): CoapMessageHandler:[133] :2.01
11-05 15:05:35.474 W/nStackXCoAP( 3645): ParseDeviceJsonData:[149] :Can't find hicom version
11-05 15:05:35.474 D/nStackXCoAP( 3645): IsInSameNetwork:[276] :IsInSameNetwork exec
11-05 15:05:35.474 I/nStackXDFinder( 3645): GetLocalInterfaceDetail:[461] :GetLocalInterfaceDetail in
11-05 15:05:35.474 E/nStackXCoAP( 3645): IsInSameNetwork:[281] :IsInSameNetwork: not priority process
11-05 15:05:35.474 D/nStackXCoAP( 3645): ParseServiceDiscover:[330] :new device join
11-05 15:05:35.474 E/nStackXDFinder( 3645): GetLocalIp:[401] :GetLocalIp exec
11-05 15:05:35.508 D/nStackXCoAP( 3645): CoapMessageHandler:[133] :2.01
11-05 15:05:35.603 I/PowerManagerService( 484): Napping display group (groupId=0, uid=1000)...
11-05 15:05:35.603 I/PowerManagerService( 484): Nap time (uid 1000)...
11-05 15:05:35.608 I/DreamManagerService( 484): Entering dreamland.
11-05 15:05:35.614 W/ContextImpl( 484): Calling a method in the system process without a qualified user: android.app.ContextImpl.sendBroadcast:1173 com.android.server.dreams.DreamManagerService.startDreamLocked:411 com.android.server.dreams.DreamManagerService.startDreamInternal:245 com.android.server.dreams.DreamManagerService.access$2200:71 com.android.server.dreams.DreamManagerService$LocalService.startDream:737
11-05 15:05:35.617 W/nStackXCoAP( 3645): ParseDeviceJsonData:[149] :Can't find hicom version
11-05 15:05:35.617 D/nStackXCoAP( 3645): IsInSameNetwork:[276] :IsInSameNetwork exec
11-05 15:05:35.617 I/nStackXDFinder( 3645): GetLocalInterfaceDetail:[461] :GetLocalInterfaceDetail in
11-05 15:05:35.617 E/nStackXCoAP( 3645): IsInSameNetwork:[281] :IsInSameNetwork: not priority process
11-05 15:05:35.618 D/nStackXCoAP( 3645): ParseServiceDiscover:[330] :new device join
11-05 15:05:35.618 E/nStackXDFinder( 3645): GetLocalIp:[401] :GetLocalIp exec
11-05 15:05:35.618 E/bt_upio ( 248): upio_set : /proc/bluetooth/sleep/btwrite(-1) incorrent
11-05 15:05:35.619 E/ActivityManager( 484): Sending non-protected broadcast com.android.screen_off from system 484:system/1000 pkg android
11-05 15:05:35.619 E/ActivityManager( 484): java.lang.Throwable
11-05 15:05:35.619 E/ActivityManager( 484): at com.android.server.am.ActivityManagerService.checkBroadcastFromSystem(ActivityManagerService.java:12816)
11-05 15:05:35.619 E/ActivityManager( 484): at com.android.server.am.ActivityManagerService.broadcastIntentLocked(ActivityManagerService.java:13416)
11-05 15:05:35.619 E/ActivityManager( 484): at com.android.server.am.ActivityManagerService.broadcastIntentLocked(ActivityManagerService.java:12833)
11-05 15:05:35.619 E/ActivityManager( 484): at com.android.server.am.ActivityManagerService.broadcastIntentWithFeature(ActivityManagerService.java:13670)
11-05 15:05:35.619 E/ActivityManager( 484): at android.app.ContextImpl.sendBroadcast(ContextImpl.java:1177)
11-05 15:05:35.619 E/ActivityManager( 484): at com.android.server.dreams.DreamManagerService.startDreamLocked(DreamManagerService.java:411)
11-05 15:05:35.619 E/ActivityManager( 484): at com.android.server.dreams.DreamManagerService.startDreamInternal(DreamManagerService.java:245)
11-05 15:05:35.619 E/ActivityManager( 484): at com.android.server.dreams.DreamManagerService.access$2200(DreamManagerService.java:71)
11-05 15:05:35.619 E/ActivityManager( 484): at com.android.server.dreams.DreamManagerService$LocalService.startDream(DreamManagerService.java:737)
11-05 15:05:35.619 E/ActivityManager( 484): at com.android.server.power.PowerManagerService.handleSandman(PowerManagerService.java:3033)
11-05 15:05:35.619 E/ActivityManager( 484): at com.android.server.power.PowerManagerService.access$3700(PowerManagerService.java:144)
11-05 15:05:35.619 E/ActivityManager( 484): at com.android.server.power.PowerManagerService$PowerManagerHandlerCallback.handleMessage(PowerManagerService.java:4848)
11-05 15:05:35.619 E/ActivityManager( 484): at android.os.Handler.dispatchMessage(Handler.java:102)
11-05 15:05:35.619 E/ActivityManager( 484): at android.os.Looper.loopOnce(Looper.java:201)
11-05 15:05:35.619 E/ActivityManager( 484): at android.os.Looper.loop(Looper.java:288)
11-05 15:05:35.619 E/ActivityManager( 484): at android.os.HandlerThread.run(HandlerThread.java:67)
11-05 15:05:35.619 E/ActivityManager( 484): at com.android.server.ServiceThread.run(ServiceThread.java:44)
11-05 15:05:35.627 I/DropBoxManagerService( 484): add tag=system_server_wtf isTagEnabled=true flags=0x2
11-05 15:05:35.634 E/ActivityManager( 484): Sending non-protected broadcast com.android.screen_off from system 484:system/1000 pkg android
11-05 15:05:35.634 E/ActivityManager( 484): java.lang.Throwable
11-05 15:05:35.634 E/ActivityManager( 484): at com.android.server.am.ActivityManagerService.checkBroadcastFromSystem(ActivityManagerService.java:12816)
11-05 15:05:35.634 E/ActivityManager( 484): at com.android.server.am.ActivityManagerService.broadcastIntentLocked(ActivityManagerService.java:13513)
11-05 15:05:35.634 E/ActivityManager( 484): at com.android.server.am.ActivityManagerService.broadcastIntentLocked(ActivityManagerService.java:12833)
11-05 15:05:35.634 E/ActivityManager( 484): at com.android.server.am.ActivityManagerService.broadcastIntentWithFeature(ActivityManagerService.java:13670)
11-05 15:05:35.634 E/ActivityManager( 484): at android.app.ContextImpl.sendBroadcast(ContextImpl.java:1177)
11-05 15:05:35.634 E/ActivityManager( 484): at com.android.server.dreams.DreamManagerService.startDreamLocked(DreamManagerService.java:411)
11-05 15:05:35.634 E/ActivityManager( 484): at com.android.server.dreams.DreamManagerService.startDreamInternal(DreamManagerService.java:245)
11-05 15:05:35.634 E/ActivityManager( 484): at com.android.server.dreams.DreamManagerService.access$2200(DreamManagerService.java:71)
11-05 15:05:35.634 E/ActivityManager( 484): at com.android.server.dreams.DreamManagerService$LocalService.startDream(DreamManagerService.java:737)
11-05 15:05:35.634 E/ActivityManager( 484): at com.android.server.power.PowerManagerService.handleSandman(PowerManagerService.java:3033)
11-05 15:05:35.634 E/ActivityManager( 484): at com.android.server.power.PowerManagerService.access$3700(PowerManagerService.java:144)
11-05 15:05:35.634 E/ActivityManager( 484): at com.android.server.power.PowerManagerService$PowerManagerHandlerCallback.handleMessage(PowerManagerService.java:4848)
11-05 15:05:35.634 E/ActivityManager( 484): at android.os.Handler.dispatchMessage(Handler.java:102)
11-05 15:05:35.634 E/ActivityManager( 484): at android.os.Looper.loopOnce(Looper.java:201)
11-05 15:05:35.634 E/ActivityManager( 484): at android.os.Looper.loop(Looper.java:288)
11-05 15:05:35.634 E/ActivityManager( 484): at android.os.HandlerThread.run(HandlerThread.java:67)
11-05 15:05:35.634 E/ActivityManager( 484): at com.android.server.ServiceThread.run(ServiceThread.java:44)
11-05 15:05:35.641 D/aaa ( 1143): aaa screen off
11-05 15:05:35.644 I/init ( 1): processing action (vendor.led_switch=*) from (/vendor/etc/init/hw/init.oranth.rc:149)
11-05 15:05:35.646 I/init ( 1): starting service 'exec 22 (/vendor/bin/led_switch.sh 3)'...
11-05 15:05:35.646 I/DropBoxManagerService( 484): add tag=system_server_wtf isTagEnabled=true flags=0x2
11-05 15:05:35.647 I/PowerManagerService( 484): Dreaming...
11-05 15:05:35.650 D/nStackXCoAP( 3645): CoapMessageHandler:[133] :2.01
11-05 15:05:35.648 I/init ( 4182): type=1400 audit(0.0:1655): avc: denied { execute } for name="led_switch.sh" dev="dm-1" ino=129 scontext=u:r:init:s0 tcontext=u:object_r:vendor_file:s0 tclass=file permissive=1
11-05 15:05:35.648 I/init ( 4182): type=1400 audit(0.0:1656): avc: denied { execute_no_trans } for path="/vendor/bin/led_switch.sh" dev="dm-1" ino=129 scontext=u:r:init:s0 tcontext=u:object_r:vendor_file:s0 tclass=file permissive=1
11-05 15:05:35.668 I/init ( 1): SVC_EXEC service 'exec 22 (/vendor/bin/led_switch.sh 3)' pid 4182 (uid 0 gid 0+0 context default) started; waiting...
11-05 15:05:35.665 I/DreamController( 484): Starting dream: name=ComponentInfo{com.dangbei.lerad.screensaver/com.dangbei.lerad.screensaver.service.ScreenSaverService}, isTest=false, canDoze=false, userId=0
11-05 15:05:35.675 D/TvPipMenuController( 684): hideMenu(), movePipWindow=true
11-05 15:05:35.680 I/led_switch.sh( 4182): type=1400 audit(0.0:1657): avc: denied { write } for name="tmp" dev="mmcblk0p25" ino=85 scontext=u:r:init:s0 tcontext=u:object_r:shell_data_file:s0 tclass=dir permissive=1 bug=b/77873135
11-05 15:05:35.684 I/led_switch.sh( 4182): type=1400 audit(0.0:1658): avc: denied { write } for name="led_swith.txt" dev="mmcblk0p25" ino=222 scontext=u:r:init:s0 tcontext=u:object_r:shell_data_file:s0 tclass=file permissive=1 bug=b/77873135
11-05 15:05:35.684 I/led_switch.sh( 4182): type=1400 audit(0.0:1659): avc: denied { open } for path="/data/local/tmp/led_swith.txt" dev="mmcblk0p25" ino=222 scontext=u:r:init:s0 tcontext=u:object_r:shell_data_file:s0 tclass=file permissive=1 bug=b/77873135
11-05 15:05:35.692 I/led_switch.sh( 4183): type=1400 audit(0.0:1660): avc: denied { execute_no_trans } for path="/vendor/bin/toolbox" dev="dm-1" ino=229 scontext=u:r:init:s0 tcontext=u:object_r:vendor_toolbox_exec:s0 tclass=file permissive=1
11-05 15:05:35.710 D/PermissionCache( 289): checking android.permission.READ_FRAME_BUFFER for uid=1000 => granted (2537 us)
11-05 15:05:35.711 I/gralloc ( 255): alloc buffer:W:1920 H:1080 S:1920 PL[1920 1080] SZ:8294400 fmt:1 if:0 af:1 usg:b66 fg:00000004
11-05 15:05:35.713 E/hq ( 1130): HomeKeyReceiver:::onReceive android.intent.action.CLOSE_SYSTEM_DIALOGS
11-05 15:05:35.714 D/HomeKeyReceiver( 1130): reason:-----------dream
11-05 15:05:35.722 I/hwservicemanager( 180): getTransport: Cannot find entry android.hardware.graphics.mapper@4.0::IMapper/default in either framework or device VINTF manifest.
11-05 15:05:35.726 I/Gralloc4( 484): mapper 4.x is not supported
11-05 15:05:35.729 I/hwservicemanager( 180): getTransport: Cannot find entry android.hardware.graphics.mapper@3.0::IMapper/default in either framework or device VINTF manifest.
11-05 15:05:35.731 W/Gralloc3( 484): mapper 3.x is not supported
11-05 15:05:35.743 W/audit ( 2276): audit_lost=1079 audit_rate_limit=5 audit_backlog_limit=64
11-05 15:05:35.743 E/audit ( 2276): rate limit exceeded
11-05 15:05:35.747 E/gralloc ( 484): Arm Module v1.0
11-05 15:05:35.752 E/ion ( 484): ioctl c0044901 failed with code -1: Inappropriate ioctl for device
11-05 15:05:35.756 I/init ( 1): Sending signal 9 to service 'rainbow_flow' (pid 2276) process group...
11-05 15:05:35.764 I/libprocessgroup( 1): Successfully killed process cgroup uid 0 pid 2276 in 6ms
11-05 15:05:35.765 I/init ( 1): Control message: Processed ctl.stop for 'rainbow_flow' from pid: 4183 (stop rainbow_flow voice breathe flow_led net_disconnect)
11-05 15:05:35.766 I/init ( 1): Service 'rainbow_flow' (pid 2276) received signal 9 oneshot service took 314.253998 seconds in background
11-05 15:05:35.770 I/init ( 1): Control message: Processed ctl.stop for 'voice' from pid: 4183 (stop rainbow_flow voice breathe flow_led net_disconnect)
11-05 15:05:35.772 I/init ( 1): Control message: Processed ctl.stop for 'breathe' from pid: 4183 (stop rainbow_flow voice breathe flow_led net_disconnect)
11-05 15:05:35.774 I/init ( 1): Control message: Processed ctl.stop for 'flow_led' from pid: 4183 (stop rainbow_flow voice breathe flow_led net_disconnect)
11-05 15:05:35.778 W/nStackXCoAP( 3645): ParseDeviceJsonData:[149] :Can't find hicom version
11-05 15:05:35.778 D/nStackXCoAP( 3645): IsInSameNetwork:[276] :IsInSameNetwork exec
11-05 15:05:35.778 I/nStackXDFinder( 3645): GetLocalInterfaceDetail:[461] :GetLocalInterfaceDetail in
11-05 15:05:35.778 E/nStackXCoAP( 3645): IsInSameNetwork:[281] :IsInSameNetwork: not priority process
11-05 15:05:35.778 D/nStackXCoAP( 3645): ParseServiceDiscover:[330] :new device join
11-05 15:05:35.778 E/nStackXDFinder( 3645): GetLocalIp:[401] :GetLocalIp exec
11-05 15:05:35.802 D/AW_CODE ( 484): rotation =0
11-05 15:05:35.806 D/CompatibilityChangeReporter( 484): Compat change id reported: 174042980; UID 1000; state: DISABLED
11-05 15:05:35.822 W/IorapForwardingService( 484): No service published for: iorapd
11-05 15:05:35.832 I/hwservicemanager( 180): getTransport: Cannot find entry android.hardware.configstore@1.0::ISurfaceFlingerConfigs/default in either framework or device VINTF manifest.
11-05 15:05:35.846 I/BLEAudioDrive_HV410( 247): select timeout!
11-05 15:05:35.851 I/BpBinder( 289): onLastStrongRef automatically unlinking death recipients:
11-05 15:05:35.870 I/hq ( 1130): 当小贝:::showMessage from=mActivityLifecycleCallbacks
11-05 15:05:35.872 D/nStackXCoAP( 3645): CoapMessageHandler:[133] :2.01
11-05 15:05:35.875 I/hq ( 1130): 当小贝:::showMessage 没有消息需要显示
11-05 15:05:35.894 W/ActivityManager( 484): Slow operation: 180ms so far, now at startProcess: done creating new process record
11-05 15:05:35.894 W/ActivityManager( 484): Slow operation: 180ms so far, now at startProcess: stepping in to startProcess
11-05 15:05:35.898 D/CompatibilityChangeReporter( 484): Compat change id reported: 135634846; UID 10048; state: DISABLED
11-05 15:05:35.908 W/nStackXCoAP( 3645): ParseDeviceJsonData:[149] :Can't find hicom version
11-05 15:05:35.908 D/nStackXCoAP( 3645): IsInSameNetwork:[276] :IsInSameNetwork exec
11-05 15:05:35.908 I/nStackXDFinder( 3645): GetLocalInterfaceDetail:[461] :GetLocalInterfaceDetail in
11-05 15:05:35.908 E/nStackXCoAP( 3645): IsInSameNetwork:[281] :IsInSameNetwork: not priority process
11-05 15:05:35.908 D/nStackXCoAP( 3645): ParseServiceDiscover:[330] :new device join
11-05 15:05:35.908 E/nStackXDFinder( 3645): GetLocalIp:[401] :GetLocalIp exec
11-05 15:05:35.913 D/CompatibilityChangeReporter( 484): Compat change id reported: 143937733; UID 10048; state: ENABLED
11-05 15:05:35.916 W/ActivityManager( 484): Slow operation: 201ms so far, now at startProcess: done starting proc!
11-05 15:05:35.939 W/Looper ( 484): Slow dispatch took 290ms android.fg h=com.android.server.dreams.DreamManagerService$DreamHandler c=android.os.PowerManager$WakeLock$$ExternalSyntheticLambda1@48ae67d m=0
11-05 15:05:35.940 D/AutofillManagerService( 484): Close system dialogs
11-05 15:05:35.940 W/Looper ( 484): Slow delivery took 271ms android.fg h=android.os.Handler c=android.app.LoadedApk$ReceiverDispatcher$Args$$ExternalSyntheticLambda0@30c6972 m=0
11-05 15:05:35.941 D/TvPipController( 684): onTaskStackChanged()
11-05 15:05:35.967 D/Zygote ( 242): Forked child process 4202
11-05 15:05:35.968 W/ActivityManager( 484): Slow operation: 73ms so far, now at startProcess: returned from zygote!
11-05 15:05:35.968 W/ActivityManager( 484): Slow operation: 74ms so far, now at startProcess: done updating battery stats
11-05 15:05:35.968 W/ActivityManager( 484): Slow operation: 74ms so far, now at startProcess: building log message
11-05 15:05:35.968 I/ActivityManager( 484): app.processName = com.dangbei.lerad.screensaver
11-05 15:05:35.968 I/ActivityManager( 484): Start proc 4202:com.dangbei.lerad.screensaver/u0a48 for service {com.dangbei.lerad.screensaver/com.dangbei.lerad.screensaver.service.ScreenSaverService}
11-05 15:05:35.968 W/ActivityManager( 484): Slow operation: 74ms so far, now at startProcess: starting to update pids map
11-05 15:05:35.973 D/nStackXCoAP( 3645): CoapMessageHandler:[133] :2.01
11-05 15:05:35.989 I/Zygote ( 4202): seccomp disabled by setenforce 0
11-05 15:05:35.992 W/ActivityManager( 484): Slow operation: 98ms so far, now at startProcess: done updating pids map
11-05 15:05:36.047 I/DefaultIMS( 2402): onStartInput attribute=android.view.inputmethod.EditorInfo@a600e5c restarting=false inputType: 0
11-05 15:05:36.049 W/nStackXCoAP( 3645): ParseDeviceJsonData:[149] :Can't find hicom version
11-05 15:05:36.049 D/nStackXCoAP( 3645): IsInSameNetwork:[276] :IsInSameNetwork exec
11-05 15:05:36.049 I/nStackXDFinder( 3645): GetLocalInterfaceDetail:[461] :GetLocalInterfaceDetail in
11-05 15:05:36.049 E/nStackXCoAP( 3645): IsInSameNetwork:[281] :IsInSameNetwork: not priority process
11-05 15:05:36.049 D/nStackXCoAP( 3645): ParseServiceDiscover:[330] :new device join
11-05 15:05:36.049 E/nStackXDFinder( 3645): GetLocalIp:[401] :GetLocalIp exec
11-05 15:05:36.077 W/SQLiteLog( 1130): (28) double-quoted string literal: "0mjKkbL9KRzUcaWmitbzMDZbyvoo7wI21fxYmGGycIIUdLN7yUg4FUKHxvP4wTphGJSE0lE/jXNk
11-05 15:05:36.077 W/SQLiteLog( 1130): ea7+cwBibw==
11-05 15:05:36.077 W/SQLiteLog( 1130): "
11-05 15:05:36.077 W/SQLiteLog( 1130): (28) double-quoted string literal: "852F0A4161E6F02E33D749C43FFD3D52"
11-05 15:05:36.079 I/adbd ( 3260): jdwp connection from 4202
11-05 15:05:36.100 W/SQLiteLog( 1130): (28) double-quoted string literal: "1762326027642"
11-05 15:05:36.100 W/SQLiteLog( 1130): (28) double-quoted string literal: "852F0A4161E6F02E33D749C43FFD3D52"
11-05 15:05:36.100 W/Looper ( 484): Drained
11-05 15:05:36.134 D/nStackXCoAP( 3645): CoapMessageHandler:[133] :2.01
11-05 15:05:36.179 D/CompatibilityChangeReporter( 484): Compat change id reported: 168419799; UID 10048; state: DISABLED
11-05 15:05:36.190 W/nStackXCoAP( 3645): ParseDeviceJsonData:[149] :Can't find hicom version
11-05 15:05:36.190 D/nStackXCoAP( 3645): IsInSameNetwork:[276] :IsInSameNetwork exec
11-05 15:05:36.190 I/nStackXDFinder( 3645): GetLocalInterfaceDetail:[461] :GetLocalInterfaceDetail in
11-05 15:05:36.190 E/nStackXCoAP( 3645): IsInSameNetwork:[281] :IsInSameNetwork: not priority process
11-05 15:05:36.190 D/nStackXCoAP( 3645): ParseServiceDiscover:[330] :new device join
11-05 15:05:36.190 E/nStackXDFinder( 3645): GetLocalIp:[401] :GetLocalIp exec
11-05 15:05:36.210 D/nStackXCoAP( 3645): CoapMessageHandler:[133] :2.01
11-05 15:05:36.214 D/CompatibilityChangeReporter( 4202): Compat change id reported: 171979766; UID 10048; state: ENABLED
11-05 15:05:36.223 W/SQLiteLog( 1130): (28) double-quoted string literal: "1762326027642"
11-05 15:05:36.223 W/SQLiteLog( 1130): (28) double-quoted string literal: ""
11-05 15:05:36.223 W/SQLiteLog( 1130): (28) double-quoted string literal: ""
11-05 15:05:36.223 W/SQLiteLog( 1130): (28) double-quoted string literal: "852F0A4161E6F02E33D749C43FFD3D52"
11-05 15:05:36.227 D/BluetoothAdapterService( 670): cancelDiscovery
11-05 15:05:36.227 I/bt_btif_dm( 670): system/bt/btif/src/btif_dm.cc:1884 btif_dm_cancel_discovery: Cancel search
11-05 15:05:36.244 W/InputManager-JNI( 484): Input channel object '1bddd66 com.dangbei.haqusetting/com.dangbei.haqusetting.ui.HomeActivity (client)' was disposed without first being removed with the input manager!
11-05 15:05:36.256 D/UMLog ( 1130): 当前发送策略为:启动时发送。详见链接 https://developer.umeng.com/docs/66632/detail/66976?um_channel=sdk
11-05 15:05:36.273 W/ActivityTaskManager( 484): Can't find TaskDisplayArea to determine support for multi window. Task id=148 attached=false
11-05 15:05:36.275 W/ActivityTaskManager( 484): Can't find TaskDisplayArea to determine support for multi window. Task id=148 attached=false
11-05 15:05:36.348 W/SQLiteLog( 1130): (28) double-quoted string literal: "69A987C47B5E3D16941EF392AE11DBDC"
11-05 15:05:36.446 V/GraphicsEnvironment( 4202): ANGLE Developer option for 'com.dangbei.lerad.screensaver' set to: 'default'
11-05 15:05:36.446 V/GraphicsEnvironment( 4202): Neither updatable production driver nor prerelease driver is supported.
11-05 15:05:36.449 D/NetworkSecurityConfig( 4202): No Network Security Config specified, using platform default
11-05 15:05:36.450 D/NetworkSecurityConfig( 4202): No Network Security Config specified, using platform default
11-05 15:05:36.469 I/System.out( 1130): true
11-05 15:05:36.471 W/SQLiteLog( 1130): (28) double-quoted string literal: "69A987C47B5E3D16941EF392AE11DBDC"
11-05 15:05:36.478 W/SQLiteLog( 1130): (28) double-quoted string literal: "69A987C47B5E3D16941EF392AE11DBDC"
11-05 15:05:36.478 W/SQLiteLog( 1130): (28) double-quoted string literal: ""
11-05 15:05:36.478 W/SQLiteLog( 1130): (28) double-quoted string literal: "69A987C47B5E3D16941EF392AE11DBDC"
11-05 15:05:36.478 W/SQLiteLog( 1130): (28) double-quoted string literal: "-1"
11-05 15:05:36.480 D/UMLog ( 1130): 当前发送策略为:启动时发送。详见链接 https://developer.umeng.com/docs/66632/detail/66976?um_channel=sdk
11-05 15:05:36.480 D/MobclickAgent( 1130): Report policy : ReportAtLaunch
11-05 15:05:36.480 D/UMLog ( 1130): 当前发送策略为:启动时发送。详见链接 https://developer.umeng.com/docs/66632/detail/66976?um_channel=sdk
11-05 15:05:36.492 D/CompatibilityChangeReporter( 484): Compat change id reported: 149924527; UID 10048; state: ENABLED
11-05 15:05:36.494 D/CompatibilityChangeReporter( 484): Compat change id reported: 132649864; UID 10048; state: DISABLED
11-05 15:05:36.552 W/SQLiteLog( 1130): (28) double-quoted string literal: "852F0A4161E6F02E33D749C43FFD3D52"
11-05 15:05:36.580 I/UMConfigure( 4202): common version is 9.4.4
11-05 15:05:36.580 I/UMConfigure( 4202): common type is 0
11-05 15:05:36.596 I/UMConfigure( 4202): current appkey is 6419107bba6a5259c42248e8, last appkey is 6419107bba6a5259c42248e8
11-05 15:05:36.598 I/UMConfigure( 4202): channel is screensaver2
11-05 15:05:36.604 D/UMLog ( 4202): 统计SDK常见问题索引贴 详见链接 http://developer.umeng.com/docs/66650/cate/66650
11-05 15:05:36.605 I/UMLog ( 4202): 统计SDK初始化成功
11-05 15:05:36.636 D/MobclickAgent( 1130): constructMessage:{"ekv":[{"852F0A4161E6F02E33D749C43FFD3D52":[{"id":"launcher_start","ts":1762326014313,"launcher_start":"","ds":0,"pn":"com.dangbei.leard.leradlauncher"}]}],"sessions":[{"id":"852F0A4161E6F02E33D749C43FFD3D52","start_time":"1762325977173","end_time":"1762326027642","duration":50469,"pages":[{"page_name":"com.dangbei.launcher.home.LauncherActivity","duration":2255,"type":1,"ts":1762325977173}],"traffic":{"download_traffic":247490,"upload_traffic":209712},"$page_num":1}],"sdk_version":"8.0.0","device_id":"ba8a69a5a9ed6ca6","device_model":"DBBOX-A2","version":102944,"appkey":"5bc71fa4b465f5845d0001b8","channel":"HQOS_DBBOX-A2"}
11-05 15:05:36.640 W/SQLiteLog( 1130): (28) double-quoted string literal: "852F0A4161E6F02E33D749C43FFD3D52"
11-05 15:05:36.646 I/MobclickAgent( 1130): Start new session: 69A987C47B5E3D16941EF392AE11DBDC
11-05 15:05:36.662 I/crashsdk( 4202): version unique build id: 1f4e1581
11-05 15:05:36.672 I/rad.screensaver( 4202): type=1400 audit(0.0:1682): avc: denied { read } for name="version" dev="proc" ino=4026532049 scontext=u:r:untrusted_app:s0:c48,c256,c512,c768 tcontext=u:object_r:proc_version:s0 tclass=file permissive=1 app=com.dangbei.lerad.screensaver
11-05 15:05:36.672 I/rad.screensaver( 4202): type=1400 audit(0.0:1683): avc: denied { open } for path="/proc/version" dev="proc" ino=4026532049 scontext=u:r:untrusted_app:s0:c48,c256,c512,c768 tcontext=u:object_r:proc_version:s0 tclass=file permissive=1 app=com.dangbei.lerad.screensaver
11-05 15:05:36.672 I/rad.screensaver( 4202): type=1400 audit(0.0:1684): avc: denied { getattr } for path="/proc/version" dev="proc" ino=4026532049 scontext=u:r:untrusted_app:s0:c48,c256,c512,c768 tcontext=u:object_r:proc_version:s0 tclass=file permissive=1 app=com.dangbei.lerad.screensaver
11-05 15:05:36.675 D/crashsdk( 4202): Native log stat thread 4262 setup, waiting
11-05 15:05:36.679 I/crashsdk( 4202): Catcher mask: 5000, 20480
11-05 15:05:36.680 I/crashsdk( 4202): Catcher thread 4213
11-05 15:05:36.680 D/crashsdk( 4202): Register ANR handler ...
11-05 15:05:36.680 I/crashsdk( 4202): begin hack android.os.Process
11-05 15:05:36.680 I/crashsdk( 4202): end hack android.os.Process
11-05 15:05:36.680 I/crashsdk( 4202): LibcMalloc detail: disabled.
11-05 15:05:36.692 I/MobclickAgent( 1130): Send message to server. status code is: 200
11-05 15:05:36.694 E/rad.screensave( 4202): Invalid ID 0x00000000.
11-05 15:05:36.696 I/MobclickAgent( 1130): send log:succeed
11-05 15:05:36.698 E/rad.screensave( 4202): Invalid ID 0x00000000.
11-05 15:05:36.702 D/WpkPaConfig( 4202): un repeat check in 24 hour!
11-05 15:05:36.703 I/Matrix.AnrTracer( 4202): anrTrace, final mAnrBeatTime:400, mAnrBeatRate:400
11-05 15:05:36.704 I/System.out( 1130): true
11-05 15:05:36.708 D/LaunchConfigManager( 4202): check in allready
11-05 15:05:36.711 I/LaunchTrace( 4202): begin sendLaunchCache
11-05 15:05:36.711 W/efs.send_log( 4202): tryFileLock start!
11-05 15:05:36.713 I/UMCrash ( 4202): inner config : net rate is 0
11-05 15:05:36.713 I/UMCrash ( 4202): inner config : net close.
11-05 15:05:36.713 I/UMLog ( 4202): APM SDK初始化成功
11-05 15:05:36.716 I/efs.config( 4202): delete old config is false
11-05 15:05:36.718 W/efs.send_log( 4202): tryFileLock sendlock sucess! processname: com.dangbei.lerad.screensaver
11-05 15:05:36.719 I/efs.config( 4202): current config version (-1) is older than another (1735614866)
11-05 15:05:36.719 I/efs.config( 4202): load config from storage and notify observer
11-05 15:05:36.724 E/dangbei ad sdk( 4202): AdSdk::change server success, current =online
11-05 15:05:36.763 D/aaa ( 1143): ScreenSaver is start !!!!
11-05 15:05:36.772 I/UMLog ( 4202): 基础组件库完整性自检通过。
11-05 15:05:36.779 I/efs.config( 4202): --->>> configCallback key is apm_memperf_sampling_rate ## value is 0
11-05 15:05:36.779 I/efs.config( 4202): --->>> configCallback key is apm_memperf_collect_interval ## value is 5
11-05 15:05:36.779 I/efs.config( 4202): --->>> configCallback key is apm_memperf_collect_max_period_sec ## value is 600
11-05 15:05:36.780 I/efs.config( 4202): --->>> configCallback key is apm_patrace_switch_rate ## value is 5
11-05 15:05:36.780 I/efs.config( 4202): --->>> configCallback key is apm_startperf_sampling_rate ## value is 5
11-05 15:05:36.792 I/efs.config( 4202): --->>> configCallback key is apm_net_state ## value is 0
11-05 15:05:36.792 I/efs.config( 4202): callback net rate is 0
11-05 15:05:36.792 W/efs.info.manager( 4202): network change: wifi
11-05 15:05:36.800 I/led_switch.sh( 4293): type=1400 audit(0.0:1685): avc: denied { write } for name="tmp" dev="mmcblk0p25" ino=85 scontext=u:r:init:s0 tcontext=u:object_r:shell_data_file:s0 tclass=dir permissive=1 bug=b/77873135
11-05 15:05:36.804 I/led_switch.sh( 4293): type=1400 audit(0.0:1686): avc: denied { write } for name="led_swith.txt" dev="mmcblk0p25" ino=222 scontext=u:r:init:s0 tcontext=u:object_r:shell_data_file:s0 tclass=file permissive=1 bug=b/77873135
11-05 15:05:36.812 W/audit ( 4293): audit_lost=1100 audit_rate_limit=5 audit_backlog_limit=64
11-05 15:05:36.812 E/audit ( 4293): rate limit exceeded
11-05 15:05:36.815 E/MediaProvider( 1055): Permission to access file: /storage/emulated/0/.db/app is denied
11-05 15:05:36.817 W/System.err( 4202): java.io.FileNotFoundException: /storage/emulated/0/.db/app: open failed: EACCES (Permission denied)
11-05 15:05:36.818 W/System.err( 4202): at libcore.io.IoBridge.open(IoBridge.java:575)
11-05 15:05:36.818 W/System.err( 4202): at java.io.FileInputStream.(FileInputStream.java:160)
11-05 15:05:36.818 W/System.err( 4202): at h7.n1.D(UtilCommon.java:16)
11-05 15:05:36.818 W/System.err( 4202): at h7.n1.e(UtilCommon.java:52)
11-05 15:05:36.818 W/System.err( 4202): at h7.a1.X(HttpBasicParamsInterceptor.java:5)
11-05 15:05:36.818 W/System.err( 4202): at h7.a1.A(Unknown Source:0)
11-05 15:05:36.818 W/System.err( 4202): at h7.e0.call(Unknown Source:2)
11-05 15:05:36.818 W/System.err( 4202): at i7.d.a(Helper.java:1)
11-05 15:05:36.818 W/System.err( 4202): at h7.a1.C(HttpBasicParamsInterceptor.java:42)
11-05 15:05:36.818 W/System.err( 4202): at h7.a1.d0(HttpBasicParamsInterceptor.java:1)
11-05 15:05:36.818 W/System.err( 4202): at h7.a1.c(Unknown Source:0)
11-05 15:05:36.818 W/System.err( 4202): at h7.z.accept(Unknown Source:2)
11-05 15:05:36.818 W/System.err( 4202): at wa.t$a.f(SingleDoOnSuccess.java:5)
11-05 15:05:36.818 W/System.err( 4202): at wa.n0$a.run(SingleObserveOn.java:15)
11-05 15:05:36.818 W/System.err( 4202): at da.j0$a.run(Scheduler.java:10)
11-05 15:05:36.818 W/System.err( 4202): at ya.n.run(ScheduledRunnable.java:14)
11-05 15:05:36.818 W/System.err( 4202): at ya.n.call(ScheduledRunnable.java:1)
11-05 15:05:36.818 W/System.err( 4202): at java.util.concurrent.FutureTask.run(FutureTask.java:266)
11-05 15:05:36.818 W/System.err( 4202): at java.util.concurrent.ScheduledThreadPoolExecutor$ScheduledFutureTask.run(ScheduledThreadPoolExecutor.java:301)
11-05 15:05:36.818 W/System.err( 4202): at java.util.concurrent.ThreadPoolExecutor.runWorker(ThreadPoolExecutor.java:1167)
11-05 15:05:36.818 W/System.err( 4202): at java.util.concurrent.ThreadPoolExecutor$Worker.run(ThreadPoolExecutor.java:641)
11-05 15:05:36.818 W/System.err( 4202): at java.lang.Thread.run(Thread.java:920)
11-05 15:05:36.819 W/System.err( 4202): Caused by: android.system.ErrnoException: open failed: EACCES (Permission denied)
11-05 15:05:36.819 W/System.err( 4202): at libcore.io.Linux.open(Native Method)
11-05 15:05:36.819 W/System.err( 4202): at libcore.io.ForwardingOs.open(ForwardingOs.java:567)
11-05 15:05:36.819 W/System.err( 4202): at libcore.io.BlockGuardOs.open(BlockGuardOs.java:273)
11-05 15:05:36.819 W/System.err( 4202): at libcore.io.ForwardingOs.open(ForwardingOs.java:567)
11-05 15:05:36.819 W/System.err( 4202): at android.app.ActivityThread$AndroidOs.open(ActivityThread.java:7740)
11-05 15:05:36.819 W/System.err( 4202): at libcore.io.IoBridge.open(IoBridge.java:561)
11-05 15:05:36.819 W/System.err( 4202): ... 21 more
11-05 15:05:36.826 W/IorapForwardingService( 484): No service published for: iorapd
11-05 15:05:36.841 I/ActivityStarter( 484): ---START u0 {flg=0x10000000 pkg=com.dangbei.lerad.screensaver cmp=com.dangbei.lerad.screensaver/android.service.dreams.DreamActivity (has extras)} from uid 10048
11-05 15:05:36.850 D/CompatibilityChangeReporter( 484): Compat change id reported: 184838306; UID 10048; state: DISABLED
11-05 15:05:36.855 D/CompatibilityChangeReporter( 484): Compat change id reported: 185004937; UID 10048; state: DISABLED
11-05 15:05:36.858 D/CompatibilityChangeReporter( 484): Compat change id reported: 181136395; UID 10048; state: DISABLED
11-05 15:05:36.859 D/CompatibilityChangeReporter( 484): Compat change id reported: 174042936; UID 10048; state: DISABLED
11-05 15:05:36.861 D/CompatibilityChangeReporter( 484): Compat change id reported: 174042980; UID 10048; state: DISABLED
11-05 15:05:36.863 W/ActivityTaskManager( 484): Can't find TaskDisplayArea to determine support for multi window. Task id=149 attached=false
11-05 15:05:36.866 E/MediaProvider( 1055): Permission to access file: /storage/emulated/0/.db/app is denied
11-05 15:05:36.869 W/System.err( 4202): java.io.FileNotFoundException: /storage/emulated/0/.db/app: open failed: EACCES (Permission denied)
11-05 15:05:36.869 W/System.err( 4202): at libcore.io.IoBridge.open(IoBridge.java:575)
11-05 15:05:36.869 W/System.err( 4202): at java.io.FileOutputStream.(FileOutputStream.java:236)
11-05 15:05:36.869 W/System.err( 4202): at java.io.FileOutputStream.(FileOutputStream.java:157)
11-05 15:05:36.869 W/System.err( 4202): at h7.n1.S(UtilCommon.java:61)
11-05 15:05:36.869 W/System.err( 4202): at h7.n1.e(UtilCommon.java:144)
11-05 15:05:36.869 W/System.err( 4202): at h7.a1.X(HttpBasicParamsInterceptor.java:5)
11-05 15:05:36.869 W/System.err( 4202): at h7.a1.A(Unknown Source:0)
11-05 15:05:36.869 W/System.err( 4202): at h7.e0.call(Unknown Source:2)
11-05 15:05:36.869 W/System.err( 4202): at i7.d.a(Helper.java:1)
11-05 15:05:36.869 W/System.err( 4202): at h7.a1.C(HttpBasicParamsInterceptor.java:42)
11-05 15:05:36.869 W/System.err( 4202): at h7.a1.d0(HttpBasicParamsInterceptor.java:1)
11-05 15:05:36.869 W/System.err( 4202): at h7.a1.c(Unknown Source:0)
11-05 15:05:36.869 W/System.err( 4202): at h7.z.accept(Unknown Source:2)
11-05 15:05:36.869 W/System.err( 4202): at wa.t$a.f(SingleDoOnSuccess.java:5)
11-05 15:05:36.869 W/System.err( 4202): at wa.n0$a.run(SingleObserveOn.java:15)
11-05 15:05:36.869 W/System.err( 4202): at da.j0$a.run(Scheduler.java:10)
11-05 15:05:36.869 W/System.err( 4202): at ya.n.run(ScheduledRunnable.java:14)
11-05 15:05:36.869 W/System.err( 4202): at ya.n.call(ScheduledRunnable.java:1)
11-05 15:05:36.869 W/System.err( 4202): at java.util.concurrent.FutureTask.run(FutureTask.java:266)
11-05 15:05:36.869 W/System.err( 4202): at java.util.concurrent.ScheduledThreadPoolExecutor$ScheduledFutureTask.run(ScheduledThreadPoolExecutor.java:301)
11-05 15:05:36.869 W/System.err( 4202): at java.util.concurrent.ThreadPoolExecutor.runWorker(ThreadPoolExecutor.java:1167)
11-05 15:05:36.869 W/System.err( 4202): at java.util.concurrent.ThreadPoolExecutor$Worker.run(ThreadPoolExecutor.java:641)
11-05 15:05:36.869 W/System.err( 4202): at java.lang.Thread.run(Thread.java:920)
11-05 15:05:36.870 W/System.err( 4202): Caused by: android.system.ErrnoException: open failed: EACCES (Permission denied)
11-05 15:05:36.870 W/System.err( 4202): at libcore.io.Linux.open(Native Method)
11-05 15:05:36.870 W/System.err( 4202): at libcore.io.ForwardingOs.open(ForwardingOs.java:567)
11-05 15:05:36.870 W/System.err( 4202): at libcore.io.BlockGuardOs.open(BlockGuardOs.java:273)
11-05 15:05:36.870 W/System.err( 4202): at libcore.io.ForwardingOs.open(ForwardingOs.java:567)
11-05 15:05:36.870 W/System.err( 4202): at android.app.ActivityThread$AndroidOs.open(ActivityThread.java:7740)
11-05 15:05:36.870 W/System.err( 4202): at libcore.io.IoBridge.open(IoBridge.java:561)
11-05 15:05:36.870 W/System.err( 4202): ... 22 more
11-05 15:05:36.875 I/AW_PowerHAL( 259): Power setMode: LAUNCH to: 1
11-05 15:05:36.896 D/AW_CODE ( 484): rotation =0
11-05 15:05:36.904 I/AW_PowerHAL( 259): cur-mode:LAUNCH
11-05 15:05:36.933 I/MobclickAgent( 1130): Send message to server. status code is: 200
11-05 15:05:36.934 I/BpBinder( 289): onLastStrongRef automatically unlinking death recipients:
11-05 15:05:36.947 I/UMLog ( 4202): 统计SDK版本号: 9.4.4
11-05 15:05:36.948 I/UMLog ( 4202): ZID SDK版本号: 1.4.1
11-05 15:05:36.951 I/UMLog ( 4202): APM SDK版本号: 1.5.2
11-05 15:05:36.951 I/MobclickAgent( 4202): module init:azioc
11-05 15:05:36.965 D/getEthernetMacAddr( 4202): getEthernetMacAddr use eth1
11-05 15:05:36.967 W/SQLiteLog( 1130): (28) double-quoted string literal: "69A987C47B5E3D16941EF392AE11DBDC"
11-05 15:05:36.970 W/SQLiteLog( 1130): (28) double-quoted string literal: "9CPypm3IYsGu9gu2/64C6qWnocCHhdlHcJAmYdZzJAe1SCOW84DELbYkxdccTpZ9Xqf6IkBNV9dI
11-05 15:05:36.970 W/SQLiteLog( 1130): 9KJ/as6Cz2YUXqy/2GaGmCoF2eEPpGex/AdteefGYOcvEh7ebV39O+Ngz6dnxaSKZULRbaEWUN9X
11-05 15:05:36.970 W/SQLiteLog( 1130): Brtne8EzLjovVpUECIg=
11-05 15:05:36.970 W/SQLiteLog( 1130): "
11-05 15:05:36.971 W/SQLiteLog( 1130): (28) double-quoted string literal: "69A987C47B5E3D16941EF392AE11DBDC"
11-05 15:05:36.983 I/MobclickAgent( 1130): send log:succeed
11-05 15:05:36.988 E/WifiHAL ( 664): wifi_get_link_stats: requestResponse Error:-5
11-05 15:05:36.992 E/WifiVendorHal( 484): getWifiLinkLayerStats_1_5_Internal(l.1191) failed {.code = ERROR_INVALID_ARGS, .description = }
11-05 15:05:36.992 W/System.err( 4202): java.lang.NullPointerException: Attempt to invoke virtual method 'byte[] java.net.NetworkInterface.getHardwareAddress()' on a null object reference
11-05 15:05:36.992 W/System.err( 4202): at h7.n1.p(UtilCommon.java:33)
11-05 15:05:36.992 W/System.err( 4202): at h7.n1.t(UtilCommon.java:11)
11-05 15:05:36.992 W/System.err( 4202): at h7.a1.Y(HttpBasicParamsInterceptor.java:5)
11-05 15:05:36.992 W/System.err( 4202): at h7.a1.x(Unknown Source:0)
11-05 15:05:36.992 W/System.err( 4202): at h7.j0.call(Unknown Source:2)
11-05 15:05:36.992 W/System.err( 4202): at i7.d.a(Helper.java:1)
11-05 15:05:36.992 W/System.err( 4202): at h7.a1.C(HttpBasicParamsInterceptor.java:50)
11-05 15:05:36.992 W/System.err( 4202): at h7.a1.d0(HttpBasicParamsInterceptor.java:1)
11-05 15:05:36.993 W/System.err( 4202): at h7.a1.c(Unknown Source:0)
11-05 15:05:36.993 W/System.err( 4202): at h7.z.accept(Unknown Source:2)
11-05 15:05:36.993 W/System.err( 4202): at wa.t$a.f(SingleDoOnSuccess.java:5)
11-05 15:05:36.993 W/System.err( 4202): at wa.n0$a.run(SingleObserveOn.java:15)
11-05 15:05:36.993 W/System.err( 4202): at da.j0$a.run(Scheduler.java:10)
11-05 15:05:36.993 W/System.err( 4202): at ya.n.run(ScheduledRunnable.java:14)
11-05 15:05:36.993 W/System.err( 4202): at ya.n.call(ScheduledRunnable.java:1)
11-05 15:05:36.993 W/System.err( 4202): at java.util.concurrent.FutureTask.run(FutureTask.java:266)
11-05 15:05:36.993 W/System.err( 4202): at java.util.concurrent.ScheduledThreadPoolExecutor$ScheduledFutureTask.run(ScheduledThreadPoolExecutor.java:301)
11-05 15:05:36.993 W/System.err( 4202): at java.util.concurrent.ThreadPoolExecutor.runWorker(ThreadPoolExecutor.java:1167)
11-05 15:05:36.993 W/System.err( 4202): at java.util.concurrent.ThreadPoolExecutor$Worker.run(ThreadPoolExecutor.java:641)
11-05 15:05:36.993 W/System.err( 4202): at java.lang.Thread.run(Thread.java:920)
11-05 15:05:36.999 E/rad.screensave( 4202): Invalid ID 0x00000000.
11-05 15:05:37.003 I/crashsdk( 4202): Unexp log not enabled, skip update unexp info!
11-05 15:05:37.024 D/TvPipController( 684): onTaskStackChanged()
11-05 15:05:37.037 W/WindowManager( 484): Failed looking up window session=Session{a5954f6 4202:u0a10048} callers=com.android.server.wm.WindowManagerService.windowForClientLocked:5702 com.android.server.wm.Session.insetsModified:629 android.view.IWindowSession$Stub.onTransact:1151
11-05 15:05:37.064 D/screen_saver2( 4202): useTime 1762326337061 1
11-05 15:05:37.077 D/CompatibilityChangeReporter( 484): Compat change id reported: 158002302; UID 10048; state: ENABLED
11-05 15:05:37.085 W/ServiceManager( 289): Permission failure: android.permission.ACCESS_SURFACE_FLINGER from uid=10048 pid=4202
11-05 15:05:37.085 D/PermissionCache( 289): checking android.permission.ACCESS_SURFACE_FLINGER for uid=10048 => denied (889 us)
11-05 15:05:37.085 W/ServiceManager( 289): Permission failure: android.permission.ROTATE_SURFACE_FLINGER from uid=10048 pid=4202
11-05 15:05:37.085 D/PermissionCache( 289): checking android.permission.ROTATE_SURFACE_FLINGER for uid=10048 => denied (589 us)
11-05 15:05:37.110 I/hwservicemanager( 180): getTransport: Cannot find entry android.hardware.configstore@1.0::ISurfaceFlingerConfigs/default in either framework or device VINTF manifest.
11-05 15:05:37.123 E/MediaProvider( 1055): Permission to access file: /storage/emulated/0/.db/secret is denied
11-05 15:05:37.142 W/System.err( 4202): java.io.FileNotFoundException: /storage/emulated/0/.db/secret: open failed: EACCES (Permission denied)
11-05 15:05:37.142 W/System.err( 4202): at libcore.io.IoBridge.open(IoBridge.java:575)
11-05 15:05:37.142 W/System.err( 4202): at java.io.FileOutputStream.(FileOutputStream.java:236)
11-05 15:05:37.142 W/System.err( 4202): at java.io.FileOutputStream.(FileOutputStream.java:157)
11-05 15:05:37.142 W/System.err( 4202): at h7.n1.S(UtilCommon.java:61)
11-05 15:05:37.142 W/System.err( 4202): at h7.n1.m(UtilCommon.java:181)
11-05 15:05:37.142 W/System.err( 4202): at h7.a1.a0(HttpBasicParamsInterceptor.java:5)
11-05 15:05:37.142 W/System.err( 4202): at h7.a1.b(Unknown Source:0)
11-05 15:05:37.142 W/System.err( 4202): at h7.m0.call(Unknown Source:2)
11-05 15:05:37.142 W/System.err( 4202): at i7.d.a(Helper.java:1)
11-05 15:05:37.142 W/System.err( 4202): at h7.a1.C(HttpBasicParamsInterceptor.java:66)
11-05 15:05:37.142 W/System.err( 4202): at h7.a1.d0(HttpBasicParamsInterceptor.java:1)
11-05 15:05:37.142 W/System.err( 4202): at h7.a1.c(Unknown Source:0)
11-05 15:05:37.142 W/System.err( 4202): at h7.z.accept(Unknown Source:2)
11-05 15:05:37.142 W/System.err( 4202): at wa.t$a.f(SingleDoOnSuccess.java:5)
11-05 15:05:37.142 W/System.err( 4202): at wa.n0$a.run(SingleObserveOn.java:15)
11-05 15:05:37.142 W/System.err( 4202): at da.j0$a.run(Scheduler.java:10)
11-05 15:05:37.142 W/System.err( 4202): at ya.n.run(ScheduledRunnable.java:14)
11-05 15:05:37.143 W/System.err( 4202): at ya.n.call(ScheduledRunnable.java:1)
11-05 15:05:37.143 W/System.err( 4202): at java.util.concurrent.FutureTask.run(FutureTask.java:266)
11-05 15:05:37.143 W/System.err( 4202): at java.util.concurrent.ScheduledThreadPoolExecutor$ScheduledFutureTask.run(ScheduledThreadPoolExecutor.java:301)
11-05 15:05:37.143 W/System.err( 4202): at java.util.concurrent.ThreadPoolExecutor.runWorker(ThreadPoolExecutor.java:1167)
11-05 15:05:37.143 W/System.err( 4202): at java.util.concurrent.ThreadPoolExecutor$Worker.run(ThreadPoolExecutor.java:641)
11-05 15:05:37.143 W/System.err( 4202): at java.lang.Thread.run(Thread.java:920)
11-05 15:05:37.143 W/System.err( 4202): Caused by: android.system.ErrnoException: open failed: EACCES (Permission denied)
11-05 15:05:37.143 W/System.err( 4202): at libcore.io.Linux.open(Native Method)
11-05 15:05:37.143 W/System.err( 4202): at libcore.io.ForwardingOs.open(ForwardingOs.java:567)
11-05 15:05:37.143 W/System.err( 4202): at libcore.io.BlockGuardOs.open(BlockGuardOs.java:273)
11-05 15:05:37.143 W/System.err( 4202): at libcore.io.ForwardingOs.open(ForwardingOs.java:567)
11-05 15:05:37.143 W/System.err( 4202): at android.app.ActivityThread$AndroidOs.open(ActivityThread.java:7740)
11-05 15:05:37.143 W/System.err( 4202): at libcore.io.IoBridge.open(IoBridge.java:561)
11-05 15:05:37.143 W/System.err( 4202): ... 22 more
11-05 15:05:37.163 E/HWComposer( 289): getSupportedContentTypes: getSupportedContentTypes failed for display 0: Unsupported (8)
11-05 15:05:37.170 I/hwservicemanager( 180): getTransport: Cannot find entry android.hardware.graphics.mapper@4.0::IMapper/default in either framework or device VINTF manifest.
11-05 15:05:37.171 I/Gralloc4( 4202): mapper 4.x is not supported
11-05 15:05:37.172 I/hwservicemanager( 180): getTransport: Cannot find entry android.hardware.graphics.mapper@3.0::IMapper/default in either framework or device VINTF manifest.
11-05 15:05:37.172 W/Gralloc3( 4202): mapper 3.x is not supported
11-05 15:05:37.195 E/gralloc ( 4202): Arm Module v1.0
11-05 15:05:37.199 I/hwservicemanager( 180): getTransport: Cannot find entry android.hardware.graphics.allocator@4.0::IAllocator/default in either framework or device VINTF manifest.
11-05 15:05:37.200 W/Gralloc4( 4202): allocator 4.x is not supported
11-05 15:05:37.201 I/hwservicemanager( 180): getTransport: Cannot find entry android.hardware.graphics.allocator@3.0::IAllocator/default in either framework or device VINTF manifest.
11-05 15:05:37.201 W/Gralloc3( 4202): allocator 3.x is not supported
11-05 15:05:37.205 E/MediaProvider( 1055): Permission to access file: /storage/emulated/0/.db/secret2 is denied
11-05 15:05:37.207 W/System.err( 4202): java.io.FileNotFoundException: /storage/emulated/0/.db/secret2: open failed: EACCES (Permission denied)
11-05 15:05:37.208 W/System.err( 4202): at libcore.io.IoBridge.open(IoBridge.java:575)
11-05 15:05:37.209 W/System.err( 4202): at java.io.FileOutputStream.(FileOutputStream.java:236)
11-05 15:05:37.209 I/gralloc ( 255): alloc buffer:W:1920 H:1080 S:1920 PL[1920 1080] SZ:8294400 fmt:1 if:0 af:1 usg:20000b00 fg:00000004
11-05 15:05:37.209 W/System.err( 4202): at java.io.FileOutputStream.(FileOutputStream.java:157)
11-05 15:05:37.209 W/System.err( 4202): at h7.n1.S(UtilCommon.java:61)
