11-05 15:00:14.305 D/wpa_supplicant( 1268): disable_scan_offload=1
11-05 15:00:14.305 D/wpa_supplicant( 1268): p2p_disabled=0
11-05 15:00:14.305 D/wpa_supplicant( 1268): filter_rssi=-75
11-05 15:00:14.305 D/wpa_supplicant( 1268): no_ctrl_interface -> ctrl_interface=NULL
11-05 15:00:14.305 D/wpa_supplicant( 1268): Priority group 0
11-05 15:00:14.305 D/wpa_supplicant( 1268): id=0 ssid='red5'
11-05 15:00:14.308 D/wpa_supplicant( 1268): nl80211: Supported cipher 00-0f-ac:1
11-05 15:00:14.308 D/wpa_supplicant( 1268): nl80211: Supported cipher 00-0f-ac:5
11-05 15:00:14.308 D/wpa_supplicant( 1268): nl80211: Supported cipher 00-0f-ac:2
11-05 15:00:14.309 D/wpa_supplicant( 1268): nl80211: Supported cipher 00-0f-ac:4
11-05 15:00:14.309 D/wpa_supplicant( 1268): nl80211: Supported cipher 00-14-72:1
11-05 15:00:14.309 D/wpa_supplicant( 1268): nl80211: Supported cipher 00-0f-ac:6
11-05 15:00:14.309 D/wpa_supplicant( 1268): nl80211: Supported cipher 00-0f-ac:255
11-05 15:00:14.309 D/QuickLifeImpl( 1073): QuickLifeService onStartCommand!
11-05 15:00:14.309 D/wpa_supplicant( 1268): nl80211: Supported vendor command: vendor_id=0x1374 subcmd=9
11-05 15:00:14.309 D/wpa_supplicant( 1268): nl80211: Supported vendor command: vendor_id=0x1374 subcmd=12
11-05 15:00:14.309 D/wpa_supplicant( 1268): nl80211: Supported vendor command: vendor_id=0x1374 subcmd=14
11-05 15:00:14.309 D/wpa_supplicant( 1268): nl80211: Supported vendor command: vendor_id=0x1374 subcmd=15
11-05 15:00:14.309 D/wpa_supplicant( 1268): nl80211: Supported vendor command: vendor_id=0x1374 subcmd=16
11-05 15:00:14.309 D/wpa_supplicant( 1268): nl80211: Supported vendor command: vendor_id=0x1374 subcmd=20
11-05 15:00:14.312 D/QuickLifeImpl( 1073): init:
11-05 15:00:14.312 D/QuickLifeImpl( 1073): isCorrectTime buildTime = 1762152415; currentTime = 1762326014312
11-05 15:00:14.312 D/QuickLifeImpl( 1073): isCorrectTime isLimitedTime = true; isConnectNetwork = false
11-05 15:00:14.313 D/QuickLifeImpl( 1073): getConditionKey before strConditionKeyList : null
11-05 15:00:14.309 D/wpa_supplicant( 1268): nl80211: Supported vendor command: vendor_id=0x1a11 subcmd=6
11-05 15:00:14.314 D/wpa_supplicant( 1268): nl80211: Supported vendor command: vendor_id=0x1374 subcmd=21
11-05 15:00:14.314 D/wpa_supplicant( 1268): nl80211: Supported vendor command: vendor_id=0x1374 subcmd=22
11-05 15:00:14.314 D/wpa_supplicant( 1268): nl80211: Supported vendor command: vendor_id=0x1374 subcmd=23
11-05 15:00:14.314 D/wpa_supplicant( 1268): nl80211: Supported vendor command: vendor_id=0x1374 subcmd=24
11-05 15:00:14.314 D/wpa_supplicant( 1268): nl80211: Supported vendor command: vendor_id=0x1374 subcmd=29
11-05 15:00:14.314 D/wpa_supplicant( 1268): nl80211: Supported vendor command: vendor_id=0x1374 subcmd=30
11-05 15:00:14.314 D/wpa_supplicant( 1268): nl80211: Supported vendor command: vendor_id=0x1374 subcmd=32
11-05 15:00:14.314 D/wpa_supplicant( 1268): nl80211: Supported vendor command: vendor_id=0x1374 subcmd=33
11-05 15:00:14.314 D/wpa_supplicant( 1268): nl80211: Supported vendor command: vendor_id=0x1374 subcmd=38
11-05 15:00:14.314 D/wpa_supplicant( 1268): nl80211: Supported vendor command: vendor_id=0x1374 subcmd=39
11-05 15:00:14.314 D/wpa_supplicant( 1268): nl80211: Supported vendor command: vendor_id=0x1374 subcmd=42
11-05 15:00:14.314 D/wpa_supplicant( 1268): nl80211: Supported vendor command: vendor_id=0x1374 subcmd=55
11-05 15:00:14.314 D/wpa_supplicant( 1268): nl80211: Supported vendor command: vendor_id=0x1374 subcmd=61
11-05 15:00:14.314 D/wpa_supplicant( 1268): nl80211: Supported vendor command: vendor_id=0x1374 subcmd=62
11-05 15:00:14.314 D/wpa_supplicant( 1268): nl80211: Supported vendor command: vendor_id=0x1374 subcmd=63
11-05 15:00:14.314 D/wpa_supplicant( 1268): nl80211: Supported vendor command: vendor_id=0x1374 subcmd=64
11-05 15:00:14.314 D/wpa_supplicant( 1268): nl80211: Supported vendor command: vendor_id=0x1374 subcmd=65
11-05 15:00:14.314 D/wpa_supplicant( 1268): nl80211: Supported vendor command: vendor_id=0x1374 subcmd=66
11-05 15:00:14.314 D/wpa_supplicant( 1268): nl80211: Supported vendor command: vendor_id=0x1374 subcmd=69
11-05 15:00:14.314 D/wpa_supplicant( 1268): nl80211: Supported vendor command: vendor_id=0x1374 subcmd=70
11-05 15:00:14.314 D/wpa_supplicant( 1268): nl80211: Supported vendor command: vendor_id=0x1374 subcmd=71
11-05 15:00:14.314 D/wpa_supplicant( 1268): nl80211: Supported vendor command: vendor_id=0x1374 subcmd=76
11-05 15:00:14.314 D/wpa_supplicant( 1268): nl80211: Supported vendor command: vendor_id=0x1374 subcmd=77
11-05 15:00:14.314 D/wpa_supplicant( 1268): nl80211: Supported vendor command: vendor_id=0x1374 subcmd=79
11-05 15:00:14.314 D/wpa_supplicant( 1268): nl80211: Supported vendor command: vendor_id=0x1374 subcmd=80
11-05 15:00:14.314 D/wpa_supplicant( 1268): nl80211: Supported vendor command: vendor_id=0x1374 subcmd=82
11-05 15:00:14.314 D/wpa_supplicant( 1268): nl80211: Supported vendor command: vendor_id=0x1374 subcmd=85
11-05 15:00:14.314 D/wpa_supplicant( 1268): nl80211: Supported vendor command: vendor_id=0x1374 subcmd=146
11-05 15:00:14.314 D/wpa_supplicant( 1268): nl80211: Supported vendor command: vendor_id=0x1374 subcmd=12
11-05 15:00:14.314 D/wpa_supplicant( 1268): nl80211: Supported vendor command: vendor_id=0x1374 subcmd=128
11-05 15:00:14.314 D/wpa_supplicant( 1268): nl80211: Supported vendor command: vendor_id=0x1374 subcmd=129
11-05 15:00:14.314 D/wpa_supplicant( 1268): nl80211: Supported vendor command: vendor_id=0x1374 subcmd=130
11-05 15:00:14.315 D/wpa_supplicant( 1268): nl80211: Supported vendor command: vendor_id=0x1374 subcmd=133
11-05 15:00:14.315 D/wpa_supplicant( 1268): nl80211: Supported vendor command: vendor_id=0x1374 subcmd=176
11-05 15:00:14.315 D/wpa_supplicant( 1268): nl80211: Supported vendor event: vendor_id=0x1374 subcmd=80
11-05 15:00:14.315 D/wpa_supplicant( 1268): nl80211: Supported vendor event: vendor_id=0x1374 subcmd=1
11-05 15:00:14.315 D/wpa_supplicant( 1268): nl80211: Supported vendor event: vendor_id=0x1374 subcmd=1
11-05 15:00:14.315 D/wpa_supplicant( 1268): nl80211: Supported vendor event: vendor_id=0x1374 subcmd=1
11-05 15:00:14.315 D/wpa_supplicant( 1268): nl80211: Supported vendor event: vendor_id=0x1374 subcmd=1
11-05 15:00:14.315 D/wpa_supplicant( 1268): nl80211: Supported vendor event: vendor_id=0x1374 subcmd=1
11-05 15:00:14.315 D/wpa_supplicant( 1268): nl80211: Supported vendor event: vendor_id=0x1374 subcmd=20
11-05 15:00:14.315 D/wpa_supplicant( 1268): nl80211: Supported vendor event: vendor_id=0x1374 subcmd=21
11-05 15:00:14.315 D/wpa_supplicant( 1268): nl80211: Supported vendor event: vendor_id=0x1374 subcmd=23
11-05 15:00:14.315 D/wpa_supplicant( 1268): nl80211: Supported vendor event: vendor_id=0x1374 subcmd=24
11-05 15:00:14.315 D/wpa_supplicant( 1268): nl80211: Supported vendor event: vendor_id=0x1374 subcmd=25
11-05 15:00:14.315 D/wpa_supplicant( 1268): nl80211: Supported vendor event: vendor_id=0x1374 subcmd=26
11-05 15:00:14.315 D/wpa_supplicant( 1268): nl80211: Supported vendor event: vendor_id=0x1374 subcmd=27
11-05 15:00:14.315 D/wpa_supplicant( 1268): nl80211: Supported vendor event: vendor_id=0x1374 subcmd=28
11-05 15:00:14.315 D/wpa_supplicant( 1268): nl80211: Supported vendor event: vendor_id=0x1374 subcmd=41
11-05 15:00:14.315 D/wpa_supplicant( 1268): nl80211: Supported vendor event: vendor_id=0x1374 subcmd=29
11-05 15:00:14.315 D/wpa_supplicant( 1268): nl80211: Supported vendor event: vendor_id=0x1374 subcmd=30
11-05 15:00:14.315 D/wpa_supplicant( 1268): nl80211: Supported vendor event: vendor_id=0x1374 subcmd=31
11-05 15:00:14.315 D/wpa_supplicant( 1268): nl80211: Supported vendor event: vendor_id=0x1374 subcmd=32
11-05 15:00:14.315 D/wpa_supplicant( 1268): nl80211: Supported vendor event: vendor_id=0x1374 subcmd=33
11-05 15:00:14.315 D/wpa_supplicant( 1268): nl80211: Supported vendor event: vendor_id=0x0 subcmd=0
11-05 15:00:14.315 D/wpa_supplicant( 1268): nl80211: Supported vendor event: vendor_id=0x0 subcmd=0
11-05 15:00:14.315 D/wpa_supplicant( 1268): nl80211: Supported vendor event: vendor_id=0x0 subcmd=0
11-05 15:00:14.315 D/wpa_supplicant( 1268): nl80211: Supported vendor event: vendor_id=0x0 subcmd=0
11-05 15:00:14.315 D/wpa_supplicant( 1268): nl80211: Supported vendor event: vendor_id=0x0 subcmd=0
11-05 15:00:14.315 D/wpa_supplicant( 1268): nl80211: Supported vendor event: vendor_id=0x0 subcmd=0
11-05 15:00:14.315 D/wpa_supplicant( 1268): nl80211: Supported vendor event: vendor_id=0x0 subcmd=0
11-05 15:00:14.315 D/wpa_supplicant( 1268): nl80211: Supported vendor event: vendor_id=0x0 subcmd=0
11-05 15:00:14.315 D/wpa_supplicant( 1268): nl80211: Supported vendor event: vendor_id=0x0 subcmd=0
11-05 15:00:14.315 D/wpa_supplicant( 1268): nl80211: Supported vendor event: vendor_id=0x0 subcmd=0
11-05 15:00:14.315 D/wpa_supplicant( 1268): nl80211: Supported vendor event: vendor_id=0x0 subcmd=0
11-05 15:00:14.315 D/wpa_supplicant( 1268): nl80211: Supported vendor event: vendor_id=0x0 subcmd=0
11-05 15:00:14.315 D/wpa_supplicant( 1268): nl80211: Supported vendor event: vendor_id=0x1374 subcmd=5120
11-05 15:00:14.315 D/wpa_supplicant( 1268): nl80211: Supported vendor event: vendor_id=0x0 subcmd=0
11-05 15:00:14.315 D/wpa_supplicant( 1268): nl80211: Supported vendor event: vendor_id=0x0 subcmd=0
11-05 15:00:14.315 D/wpa_supplicant( 1268): nl80211: Supported vendor event: vendor_id=0x0 subcmd=0
11-05 15:00:14.315 D/wpa_supplicant( 1268): nl80211: Supported vendor event: vendor_id=0x0 subcmd=0
11-05 15:00:14.315 D/wpa_supplicant( 1268): nl80211: Supported vendor event: vendor_id=0x0 subcmd=0
11-05 15:00:14.315 D/wpa_supplicant( 1268): nl80211: Supported vendor event: vendor_id=0x0 subcmd=0
11-05 15:00:14.315 D/wpa_supplicant( 1268): nl80211: Supported vendor event: vendor_id=0x0 subcmd=0
11-05 15:00:14.315 D/wpa_supplicant( 1268): nl80211: Supported vendor event: vendor_id=0x0 subcmd=0
11-05 15:00:14.315 D/wpa_supplicant( 1268): nl80211: Supported vendor event: vendor_id=0x0 subcmd=0
11-05 15:00:14.315 D/wpa_supplicant( 1268): nl80211: Supported vendor event: vendor_id=0x0 subcmd=0
11-05 15:00:14.315 D/wpa_supplicant( 1268): nl80211: Supported vendor event: vendor_id=0x0 subcmd=0
11-05 15:00:14.315 D/wpa_supplicant( 1268): nl80211: Supported vendor event: vendor_id=0x0 subcmd=0
11-05 15:00:14.315 D/wpa_supplicant( 1268): nl80211: Supported vendor event: vendor_id=0x0 subcmd=0
11-05 15:00:14.315 D/wpa_supplicant( 1268): nl80211: Supported vendor event: vendor_id=0x0 subcmd=0
11-05 15:00:14.315 D/wpa_supplicant( 1268): nl80211: Supported vendor event: vendor_id=0x0 subcmd=0
11-05 15:00:14.315 D/wpa_supplicant( 1268): nl80211: Supported vendor event: vendor_id=0x0 subcmd=0
11-05 15:00:14.315 D/wpa_supplicant( 1268): nl80211: Supported vendor event: vendor_id=0x0 subcmd=0
11-05 15:00:14.315 D/wpa_supplicant( 1268): nl80211: Supported vendor event: vendor_id=0x0 subcmd=0
11-05 15:00:14.315 D/wpa_supplicant( 1268): nl80211: Supported vendor event: vendor_id=0x0 subcmd=0
11-05 15:00:14.315 D/wpa_supplicant( 1268): nl80211: Supported vendor event: vendor_id=0x0 subcmd=0
11-05 15:00:14.315 D/wpa_supplicant( 1268): nl80211: Supported vendor event: vendor_id=0x0 subcmd=0
11-05 15:00:14.315 D/wpa_supplicant( 1268): nl80211: Supported vendor event: vendor_id=0x0 subcmd=0
11-05 15:00:14.315 D/wpa_supplicant( 1268): nl80211: Supported vendor event: vendor_id=0x0 subcmd=0
11-05 15:00:14.315 D/wpa_supplicant( 1268): nl80211: Supported vendor event: vendor_id=0x0 subcmd=0
11-05 15:00:14.315 D/wpa_supplicant( 1268): nl80211: Supported vendor event: vendor_id=0x0 subcmd=0
11-05 15:00:14.315 D/wpa_supplicant( 1268): nl80211: Supported vendor event: vendor_id=0x0 subcmd=0
11-05 15:00:14.315 D/wpa_supplicant( 1268): nl80211: Supported vendor event: vendor_id=0x0 subcmd=0
11-05 15:00:14.315 D/wpa_supplicant( 1268): nl80211: Supported vendor event: vendor_id=0x0 subcmd=0
11-05 15:00:14.315 D/wpa_supplicant( 1268): nl80211: Supported vendor event: vendor_id=0x0 subcmd=0
11-05 15:00:14.315 D/wpa_supplicant( 1268): nl80211: Supported vendor event: vendor_id=0x0 subcmd=0
11-05 15:00:14.315 D/wpa_supplicant( 1268): nl80211: Supported vendor event: vendor_id=0x0 subcmd=0
11-05 15:00:14.315 D/wpa_supplicant( 1268): nl80211: Supported vendor event: vendor_id=0x1374 subcmd=131
11-05 15:00:14.315 D/wpa_supplicant( 1268): nl80211: Supported vendor event: vendor_id=0x1374 subcmd=132
11-05 15:00:14.315 D/wpa_supplicant( 1268): nl80211: Supported vendor event: vendor_id=0x0 subcmd=0
11-05 15:00:14.315 D/wpa_supplicant( 1268): nl80211: Supported vendor event: vendor_id=0x0 subcmd=0
11-05 15:00:14.315 D/wpa_supplicant( 1268): nl80211: Supported vendor event: vendor_id=0x0 subcmd=0
11-05 15:00:14.315 D/wpa_supplicant( 1268): nl80211: Supported vendor event: vendor_id=0x0 subcmd=0
11-05 15:00:14.315 D/wpa_supplicant( 1268): nl80211: Supported vendor event: vendor_id=0x0 subcmd=0
11-05 15:00:14.315 D/wpa_supplicant( 1268): nl80211: Supported vendor event: vendor_id=0x0 subcmd=0
11-05 15:00:14.315 D/wpa_supplicant( 1268): nl80211: Supported vendor event: vendor_id=0x1374 subcmd=72
11-05 15:00:14.316 D/QuickLifeImpl( 1073): getConditionKey after strConditionKeyList : []
11-05 15:00:14.316 D/wpa_supplicant( 1268): nl80211: Use separate P2P group interface (driver advertised support)
11-05 15:00:14.316 D/wpa_supplicant( 1268): nl80211: Enable multi-channel concurrent (driver advertised support)
11-05 15:00:14.316 D/wpa_supplicant( 1268): nl80211: use P2P_DEVICE support
11-05 15:00:14.316 D/wpa_supplicant( 1268): nl80211: key_mgmt=0xd0f enc=0x10f auth=0x7 flags=0x100100007a007ac0 rrm_flags=0x0 probe_resp_offloads=0x0 max_stations=10 max_remain_on_chan=5000 max_scan_ssids=12
11-05 15:00:14.316 D/wpa_supplicant( 1268): nl80211: interface wlan0 in phy phy0
11-05 15:00:14.317 D/wpa_supplicant( 1268): nl80211: Set mode ifindex 14 iftype 2 (STATION)
11-05 15:00:14.317 D/wpa_supplicant( 1268): nl80211: Subscribe to mgmt frames with non-AP handle 0xefb557a0
11-05 15:00:14.317 D/wpa_supplicant( 1268): nl80211: Register frame type=0xb0 (WLAN_FC_STYPE_AUTH) nl_handle=0xefb557a0 match=0300 multicast=0
11-05 15:00:14.317 D/wpa_supplicant( 1268): nl80211: Register frame command failed (type=176): ret=-22 (Invalid argument)
11-05 15:00:14.317 D/wpa_supplicant( 1268): nl80211: Register frame match - hexdump(len=2): 03 00
11-05 15:00:14.318 D/wpa_supplicant( 1268): nl80211: Register frame type=0xd0 (WLAN_FC_STYPE_ACTION) nl_handle=0xefb557a0 match=0104 multicast=0
11-05 15:00:14.319 D/QuickLifeImpl( 1073): insertConditionKeyValue strConditionKeyList = [] CONDITIONKEYLIST = []
11-05 15:00:14.322 D/QuickLifeImpl( 1073): insertConditionKeyValue addConditionKeyList = []
11-05 15:00:14.322 D/QuickLifeImpl( 1073): insertConditionKeyValue deleteConditionKeyList = []
11-05 15:00:14.323 D/wpa_supplicant( 1268): nl80211: Register frame type=0xd0 (WLAN_FC_STYPE_ACTION) nl_handle=0xefb557a0 match=040a multicast=0
11-05 15:00:14.324 D/wpa_supplicant( 1268): nl80211: Register frame type=0xd0 (WLAN_FC_STYPE_ACTION) nl_handle=0xefb557a0 match=040b multicast=0
11-05 15:00:14.324 D/wpa_supplicant( 1268): nl80211: Register frame type=0xd0 (WLAN_FC_STYPE_ACTION) nl_handle=0xefb557a0 match=040c multicast=0
11-05 15:00:14.324 D/wpa_supplicant( 1268): nl80211: Register frame type=0xd0 (WLAN_FC_STYPE_ACTION) nl_handle=0xefb557a0 match=040d multicast=0
11-05 15:00:14.324 D/wpa_supplicant( 1268): nl80211: Register frame type=0xd0 (WLAN_FC_STYPE_ACTION) nl_handle=0xefb557a0 match=090a multicast=0
11-05 15:00:14.324 D/wpa_supplicant( 1268): nl80211: Register frame type=0xd0 (WLAN_FC_STYPE_ACTION) nl_handle=0xefb557a0 match=090b multicast=0
11-05 15:00:14.324 D/wpa_supplicant( 1268): nl80211: Register frame type=0xd0 (WLAN_FC_STYPE_ACTION) nl_handle=0xefb557a0 match=090c multicast=0
11-05 15:00:14.324 D/wpa_supplicant( 1268): nl80211: Register frame type=0xd0 (WLAN_FC_STYPE_ACTION) nl_handle=0xefb557a0 match=090d multicast=0
11-05 15:00:14.324 D/wpa_supplicant( 1268): nl80211: Register frame type=0xd0 (WLAN_FC_STYPE_ACTION) nl_handle=0xefb557a0 match=0409506f9a09 multicast=0
11-05 15:00:14.324 D/wpa_supplicant( 1268): nl80211: Register frame type=0xd0 (WLAN_FC_STYPE_ACTION) nl_handle=0xefb557a0 match=7f506f9a09 multicast=0
11-05 15:00:14.325 D/wpa_supplicant( 1268): nl80211: Register frame type=0xd0 (WLAN_FC_STYPE_ACTION) nl_handle=0xefb557a0 match=0409506f9a1a multicast=0
11-05 15:00:14.325 D/wpa_supplicant( 1268): nl80211: Register frame type=0xd0 (WLAN_FC_STYPE_ACTION) nl_handle=0xefb557a0 match=0801 multicast=0
11-05 15:00:14.325 D/wpa_supplicant( 1268): nl80211: Register frame type=0xd0 (WLAN_FC_STYPE_ACTION) nl_handle=0xefb557a0 match=06 multicast=0
11-05 15:00:14.325 D/wpa_supplicant( 1268): nl80211: Register frame type=0xd0 (WLAN_FC_STYPE_ACTION) nl_handle=0xefb557a0 match=0a07 multicast=0
11-05 15:00:14.325 D/wpa_supplicant( 1268): nl80211: Register frame type=0xd0 (WLAN_FC_STYPE_ACTION) nl_handle=0xefb557a0 match=0a11 multicast=0
11-05 15:00:14.325 D/wpa_supplicant( 1268): nl80211: Register frame type=0xd0 (WLAN_FC_STYPE_ACTION) nl_handle=0xefb557a0 match=0a0b multicast=0
11-05 15:00:14.325 D/wpa_supplicant( 1268): nl80211: Register frame type=0xd0 (WLAN_FC_STYPE_ACTION) nl_handle=0xefb557a0 match=0a1a multicast=0
11-05 15:00:14.325 D/wpa_supplicant( 1268): nl80211: Register frame type=0xd0 (WLAN_FC_STYPE_ACTION) nl_handle=0xefb557a0 match=1101 multicast=0
11-05 15:00:14.325 D/wpa_supplicant( 1268): nl80211: Register frame type=0xd0 (WLAN_FC_STYPE_ACTION) nl_handle=0xefb557a0 match=1102 multicast=0
11-05 15:00:14.326 D/wpa_supplicant( 1268): nl80211: Register frame type=0xd0 (WLAN_FC_STYPE_ACTION) nl_handle=0xefb557a0 match=0505 multicast=0
11-05 15:00:14.326 D/wpa_supplicant( 1268): nl80211: Register frame type=0xd0 (WLAN_FC_STYPE_ACTION) nl_handle=0xefb557a0 match=0500 multicast=0
11-05 15:00:14.326 D/wpa_supplicant( 1268): nl80211: Register frame type=0xd0 (WLAN_FC_STYPE_ACTION) nl_handle=0xefb557a0 match=1305 multicast=0
11-05 15:00:14.327 I/wpa_supplicant( 1268): rfkill: Cannot open RFKILL control device
11-05 15:00:14.327 D/wpa_supplicant( 1268): nl80211: RFKILL status not available
11-05 15:00:14.327 D/wpa_supplicant( 1268): netlink: Operstate: ifindex=14 linkmode=1 (userspace-control), operstate=5 (IF_OPER_DORMANT)
11-05 15:00:14.331 I/EthernetTracker( 484): interfaceLinkStateChanged, iface: wlan0, up: true
11-05 15:00:14.332 W/PppoeNetworkFactory( 484): interfaceLinkStateChanged
11-05 15:00:14.332 D/PppoeNetworkFactory( 484): updateInterface: mIface: mPhyIface:eth0 iface:wlan0 link:up
11-05 15:00:14.332 D/PppoeNetworkFactory( 484): not tracker interface
11-05 15:00:14.332 I/EthernetTracker( 484): interfaceLinkStateChanged, iface: wlan0, up: true
11-05 15:00:14.332 W/PppoeNetworkFactory( 484): interfaceLinkStateChanged
11-05 15:00:14.332 D/PppoeNetworkFactory( 484): updateInterface: mIface: mPhyIface:eth0 iface:wlan0 link:up
11-05 15:00:14.332 D/PppoeNetworkFactory( 484): not tracker interface
11-05 15:00:14.333 D/UMLog ( 1130): 当前发送策略为:启动时发送。详见链接 https://developer.umeng.com/docs/66632/detail/66976?um_channel=sdk
11-05 15:00:14.334 D/MobclickAgent( 1130): Report policy : ReportAtLaunch
11-05 15:00:14.335 D/QuickLifeImpl( 1073): getSceneList!
11-05 15:00:14.336 D/QuickLifeImpl( 1073): checkCircle list = []
11-05 15:00:14.336 D/QuickLifeImpl( 1073): addNewSceneAlarm! isCorrectTime = true
11-05 15:00:14.340 D/CompatibilityChangeReporter( 1073): Compat change id reported: 160794467; UID 1000; state: DISABLED
11-05 15:00:14.321 V/MediaStore( 1055): Examining volume emulated;0 with name external_primary and state mounted
11-05 15:00:14.343 I/AvrcpTargetService( 670): User unlocked, initializing the service
11-05 15:00:14.343 I/AvrcpTargetService( 670): Starting the AVRCP Target Service
11-05 15:00:14.343 D/wpa_supplicant( 1268): Add interface wlan0 to a new radio phy0
11-05 15:00:14.344 D/wpa_supplicant( 1268): nl80211: No channel number found for frequency 5920 MHz
11-05 15:00:14.344 D/wpa_supplicant( 1268): nl80211: No channel number found for frequency 5940 MHz
11-05 15:00:14.344 D/wpa_supplicant( 1268): nl80211: Regulatory information - country=CN (DFS-FCC)
11-05 15:00:14.344 D/wpa_supplicant( 1268): nl80211: 2400-2483 @ 40 MHz 20 mBm
11-05 15:00:14.344 D/wpa_supplicant( 1268): nl80211: 5150-5350 @ 80 MHz 20 mBm (DFS)
11-05 15:00:14.345 D/wpa_supplicant( 1268): nl80211: 5725-5850 @ 80 MHz 33 mBm
11-05 15:00:14.345 D/wpa_supplicant( 1268): nl80211: 57240-59400 @ 2160 MHz 28 mBm
11-05 15:00:14.345 D/wpa_supplicant( 1268): nl80211: 59400-63720 @ 2160 MHz 44 mBm
11-05 15:00:14.345 D/wpa_supplicant( 1268): nl80211: 63720-65880 @ 2160 MHz 28 mBm
11-05 15:00:14.345 D/wpa_supplicant( 1268): nl80211: Added 802.11b mode based on 802.11g information
11-05 15:00:14.345 D/wpa_supplicant( 1268): nl80211: Mode IEEE 802.11g: 2412 2417 2422 2427 2432 2437 2442 2447 2452 2457 2462 2467 2472 2484[DISABLED]
11-05 15:00:14.345 D/wpa_supplicant( 1268): nl80211: Mode IEEE 802.11a: 5170[DISABLED] 5180 5200 5220 5240 5260[RADAR] 5280[RADAR] 5300[RADAR] 5320[RADAR] 5500[DISABLED][RADAR] 5520[DISABLED][RADAR] 5540[DISABLED][RADAR] 5560[DISABLED][RADAR] 5580[DISABLED][RADAR]
11-05 15:00:14.345 D/wpa_supplicant( 1268): nl80211: Mode IEEE 802.11b: 2412 2417 2422 2427 2432 2437 2442 2447 2452 2457 2462 2467 2472 2484[DISABLED]
11-05 15:00:14.350 I/MediaProvider( 1055): Begin Intent { act=com.android.providers.media.action.SCAN_VOLUME (has extras) }
11-05 15:00:14.354 D/StorageManagerService( 484): Volume emulated;0 broadcasting mounted to UserHandle{0}
11-05 15:00:14.355 D/installd( 355): Found quota mount /dev/block/by-name/userdata at /data
11-05 15:00:14.355 D/installd( 355): Found quota mount /dev/block/by-name/userdata at /data/user/0
11-05 15:00:14.356 D/installd( 355): Found quota mount /dev/block/by-name/userdata at /mnt/pass_through/0/emulated
11-05 15:00:14.356 D/installd( 355): Found quota mount /dev/block/by-name/userdata at /mnt/user/0/emulated/0/Android/data
11-05 15:00:14.356 D/installd( 355): Found quota mount /dev/block/by-name/userdata at /storage/emulated/0/Android/data
11-05 15:00:14.356 D/installd( 355): Found quota mount /dev/block/by-name/userdata at /mnt/androidwritable/0/emulated/0/Android/data
11-05 15:00:14.357 D/installd( 355): Found quota mount /dev/block/by-name/userdata at /mnt/installer/0/emulated/0/Android/data
11-05 15:00:14.357 D/installd( 355): Found quota mount /dev/block/by-name/userdata at /mnt/user/0/emulated/0/Android/obb
11-05 15:00:14.357 D/installd( 355): Found quota mount /dev/block/by-name/userdata at /storage/emulated/0/Android/obb
11-05 15:00:14.357 D/installd( 355): Found quota mount /dev/block/by-name/userdata at /mnt/androidwritable/0/emulated/0/Android/obb
11-05 15:00:14.357 D/installd( 355): Found quota mount /dev/block/by-name/userdata at /mnt/installer/0/emulated/0/Android/obb
11-05 15:00:14.359 D/installd( 355): Found storage mount /dev/block/by-name/userdata at /mnt/pass_through/0/emulated
11-05 15:00:14.359 D/StorageManagerService( 484): Volume emulated;0 broadcasting mounted to UserHandle{0}
11-05 15:00:14.361 V/MediaPlayerList( 670): Creating MediaPlayerList
11-05 15:00:14.367 V/MediaStore( 1055): Examining volume emulated;0 with name external_primary and state mounted
11-05 15:00:14.368 D/QuickLifeImpl( 1073): day1 = 2025-11-05 00:00:00; day2 = 2025-11-06 00:00:00; timerMillis = 1762358400347
11-05 15:00:14.370 D/wpa_supplicant( 1268): wlan0: Own MAC address: f4:ab:5c:b4:08:c0
11-05 15:00:14.370 D/wpa_supplicant( 1268): wpa_driver_nl80211_set_key: ifindex=14 (wlan0) alg=0 addr=0x0 key_idx=0 set_tx=0 seq_len=0 key_len=0 key_flag=0x10
11-05 15:00:14.370 D/wpa_supplicant( 1268): nl80211: DEL_KEY
11-05 15:00:14.370 D/wpa_supplicant( 1268): broadcast key
11-05 15:00:14.371 D/wpa_supplicant( 1268): wpa_driver_nl80211_set_key: ifindex=14 (wlan0) alg=0 addr=0x0 key_idx=1 set_tx=0 seq_len=0 key_len=0 key_flag=0x10
11-05 15:00:14.371 D/wpa_supplicant( 1268): nl80211: DEL_KEY
11-05 15:00:14.371 D/wpa_supplicant( 1268): broadcast key
11-05 15:00:14.371 D/wpa_supplicant( 1268): wpa_driver_nl80211_set_key: ifindex=14 (wlan0) alg=0 addr=0x0 key_idx=2 set_tx=0 seq_len=0 key_len=0 key_flag=0x10
11-05 15:00:14.371 D/wpa_supplicant( 1268): nl80211: DEL_KEY
11-05 15:00:14.371 D/wpa_supplicant( 1268): broadcast key
11-05 15:00:14.371 D/wpa_supplicant( 1268): wpa_driver_nl80211_set_key: ifindex=14 (wlan0) alg=0 addr=0x0 key_idx=3 set_tx=0 seq_len=0 key_len=0 key_flag=0x10
11-05 15:00:14.371 D/wpa_supplicant( 1268): nl80211: DEL_KEY
11-05 15:00:14.371 D/wpa_supplicant( 1268): broadcast key
11-05 15:00:14.371 D/wpa_supplicant( 1268): wpa_driver_nl80211_set_key: ifindex=14 (wlan0) alg=0 addr=0x0 key_idx=4 set_tx=0 seq_len=0 key_len=0 key_flag=0x10
11-05 15:00:14.371 D/wpa_supplicant( 1268): nl80211: DEL_KEY
11-05 15:00:14.371 D/wpa_supplicant( 1268): broadcast key
11-05 15:00:14.372 D/wpa_supplicant( 1268): wpa_driver_nl80211_set_key: ifindex=14 (wlan0) alg=0 addr=0x0 key_idx=5 set_tx=0 seq_len=0 key_len=0 key_flag=0x10
11-05 15:00:14.372 D/wpa_supplicant( 1268): nl80211: DEL_KEY
11-05 15:00:14.372 D/wpa_supplicant( 1268): broadcast key
11-05 15:00:14.372 D/wpa_supplicant( 1268): wlan0: RSN: flushing PMKID list in the driver
11-05 15:00:14.372 D/wpa_supplicant( 1268): nl80211: Flush PMKIDs
11-05 15:00:14.375 D/CompatibilityChangeReporter( 484): Compat change id reported: 171306433; UID 1000; state: DISABLED
11-05 15:00:14.383 V/MediaStore( 1055): Examining volume emulated;0 with name external_primary and state mounted
11-05 15:00:14.388 D/QuickLifeImpl( 1073): conditionNotify!
11-05 15:00:14.401 D/MediaSessionService( 484): The MediaKeyEventSessionChangedListener (android.os.BinderProxy@96766c9) is added by com.android.bluetooth
11-05 15:00:14.403 I/AvrcpTargetJni( 670): classInitNative: AvrcpTargetJni initialized!
11-05 15:00:14.404 D/AvrcpNativeInterface( 670): Init AvrcpNativeInterface
11-05 15:00:14.404 D/AvrcpTargetJni( 670): initNative
11-05 15:00:14.404 I/bt_stack( 670): [INFO:avrcp_service.cc(287)] AVRCP Target Service started
11-05 15:00:14.404 I/bt_bta_dm( 670): system/bt/bta/dm/bta_dm_act.cc:3191 bta_dm_eir_update_uuid: EIR Adding UUID=0x110C into extended inquiry response
11-05 15:00:14.404 I/bt_bta_dm( 670): system/bt/bta/dm/bta_dm_act.cc:2890 bta_dm_set_eir: Generating extended inquiry response packet EIR
11-05 15:00:14.404 I/bt_stack( 670): [INFO:connection_handler.cc(197)] Connect to device ff:ff:ff:ff:ff:ff
11-05 15:00:14.405 I/bt_stack( 670): [INFO:connection_handler.cc(219)] virtual bool bluetooth::avrcp::ConnectionHandler::AvrcpConnect(bool, const RawAddress &): handle=0000 status= 000000
11-05 15:00:14.413 D/wpa_supplicant( 1268): TDLS: TDLS operation not supported by driver
11-05 15:00:14.413 D/wpa_supplicant( 1268): TDLS: Driver uses internal link setup
11-05 15:00:14.413 D/wpa_supplicant( 1268): TDLS: Driver does not support TDLS channel switching
11-05 15:00:14.415 D/wpa_supplicant( 1268): wlan0: WPS: UUID based on MAC address: 48745f9b-aa8d-5dcd-be89-051e0dfa7fc7
11-05 15:00:14.418 D/wpa_supplicant( 1268): EAPOL: SUPP_PAE entering state DISCONNECTED
11-05 15:00:14.418 D/wpa_supplicant( 1268): EAPOL: Supplicant port status: Unauthorized
11-05 15:00:14.418 D/wpa_supplicant( 1268): nl80211: Skip set_supp_port(unauthorized) while not associated
11-05 15:00:14.418 D/wpa_supplicant( 1268): EAPOL: KEY_RX entering state NO_KEY_RECEIVE
11-05 15:00:14.418 D/wpa_supplicant( 1268): EAPOL: SUPP_BE entering state INITIALIZE
11-05 15:00:14.418 D/wpa_supplicant( 1268): EAP: EAP entering state DISABLED
11-05 15:00:14.419 D/wpa_supplicant( 1268): Using existing control interface directory.
11-05 15:00:14.420 D/wpa_supplicant( 1268): nl80211: Setting wowlan
11-05 15:00:14.422 E/ccc ( 1073): cccccc etna-service onCreate
11-05 15:00:14.423 W/ContextImpl( 1073): Calling a method in the system process without a qualified user: android.app.ContextImpl.sendBroadcast:1173 android.content.ContextWrapper.sendBroadcast:479 com.dangbei.lerad.etna.core.EtnaManager.sendRebootBroadcast:82 com.dangbei.lerad.etna.core.EtnaService.onStartCommand:89 android.app.ActivityThread.handleServiceArgs:4639
11-05 15:00:14.424 I/d.leradlaunche( 1130): Waiting for a blocking GC ClassLinker
11-05 15:00:14.426 W/audit ( 1271): audit_lost=49 audit_rate_limit=5 audit_backlog_limit=64
11-05 15:00:14.426 E/audit ( 1271): rate limit exceeded
11-05 15:00:14.426 D/wpa_supplicant( 1268): MBO: Update non-preferred channels, non_pref_chan=N/A
11-05 15:00:14.426 D/wpa_supplicant( 1268): Registering interface to hidl control: wlan0
11-05 15:00:14.426 D/wpa_supplicant( 1268): Registering network to hidl control: 0
11-05 15:00:14.426 D/wpa_supplicant( 1268): wlan0: Added interface wlan0
11-05 15:00:14.426 D/wpa_supplicant( 1268): wlan0: State: DISCONNECTED -> DISCONNECTED
11-05 15:00:14.426 D/wpa_supplicant( 1268): nl80211: Set wlan0 operstate 0->0 (DORMANT)
11-05 15:00:14.426 D/wpa_supplicant( 1268): netlink: Operstate: ifindex=14 linkmode=-1 (no change), operstate=5 (IF_OPER_DORMANT)
11-05 15:00:14.426 D/wpa_supplicant( 1268): nl80211: Create interface iftype 10 (P2P_DEVICE)
11-05 15:00:14.427 D/wpa_supplicant( 1268): nl80211: New P2P Device interface p2p-dev-wlan0 (0x3) created
11-05 15:00:14.427 D/wpa_supplicant( 1268): Override interface parameter: ctrl_interface ('/data/vendor/wifi/wpa/sockets' -> '/data/vendor/wifi/wpa/sockets')
11-05 15:00:14.427 D/wpa_supplicant( 1268): Initializing interface 'p2p-dev-wlan0' conf '/data/vendor/wifi/wpa/wpa_supplicant.conf' driver 'nl80211' ctrl_interface '/data/vendor/wifi/wpa/sockets' bridge 'N/A'
11-05 15:00:14.427 D/wpa_supplicant( 1268): Configuration file '/data/vendor/wifi/wpa/wpa_supplicant.conf' -> '/data/vendor/wifi/wpa/wpa_supplicant.conf'
11-05 15:00:14.427 D/wpa_supplicant( 1268): Reading configuration file '/data/vendor/wifi/wpa/wpa_supplicant.conf'
11-05 15:00:14.427 D/wpa_supplicant( 1268): ctrl_interface='/data/vendor/wifi/wpa/sockets'
11-05 15:00:14.427 D/wpa_supplicant( 1268): disable_scan_offload=1
11-05 15:00:14.427 D/wpa_supplicant( 1268): update_config=1
11-05 15:00:14.427 D/wpa_supplicant( 1268): p2p_add_cli_chan=1
11-05 15:00:14.427 D/wpa_supplicant( 1268): filter_rssi=-75
11-05 15:00:14.427 D/wpa_supplicant( 1268): pmf=1
11-05 15:00:14.427 D/wpa_supplicant( 1268): external_sim=1
11-05 15:00:14.427 D/wpa_supplicant( 1268): wowlan_triggers='any'
11-05 15:00:14.427 D/wpa_supplicant( 1268): gas_rand_addr_lifetime=0
11-05 15:00:14.427 D/wpa_supplicant( 1268): gas_rand_mac_addr=1
11-05 15:00:14.427 D/wpa_supplicant( 1268): Line: 12 - start of a new network block
11-05 15:00:14.427 D/wpa_supplicant( 1268): ssid - hexdump(len=4): 72 65 64 35
11-05 15:00:14.427 D/wpa_supplicant( 1268): scan_ssid=1 (0x1)
11-05 15:00:14.427 D/wpa_supplicant( 1268): PSK - hexdump(len=32): [REMOVED]
11-05 15:00:14.427 D/wpa_supplicant( 1268): sae_password - hexdump(len=8): [REMOVED]
11-05 15:00:14.427 D/wpa_supplicant( 1268): proto: 0x2
11-05 15:00:14.427 D/wpa_supplicant( 1268): key_mgmt: 0x400
11-05 15:00:14.427 D/wpa_supplicant( 1268): pairwise: 0x50
11-05 15:00:14.427 D/wpa_supplicant( 1268): group: 0x50
11-05 15:00:14.427 D/wpa_supplicant( 1268): ieee80211w=2 (0x2)
11-05 15:00:14.427 D/wpa_supplicant( 1268): id_str - hexdump(len=86): 25 37 42 25 32 32 63 6f 6e 66 69 67 4b 65 79 25 32 32 25 33 41 25 32 32 25 35 43 25 32 32 72 65 ...
11-05 15:00:14.427 D/wpa_supplicant( 1268): Priority group 0
11-05 15:00:14.427 D/wpa_supplicant( 1268): id=0 ssid='red5'
11-05 15:00:14.428 E/ActivityManager( 484): Sending non-protected broadcast lerad.service.etna.haqu from system 1073:com.dangbei.lerad.etna.haqu/1000 pkg com.dangbei.lerad.etna.haqu
11-05 15:00:14.428 E/ActivityManager( 484): java.lang.Throwable
11-05 15:00:14.428 E/ActivityManager( 484): at com.android.server.am.ActivityManagerService.checkBroadcastFromSystem(ActivityManagerService.java:12816)
11-05 15:00:14.428 E/ActivityManager( 484): at com.android.server.am.ActivityManagerService.broadcastIntentLocked(ActivityManagerService.java:13416)
11-05 15:00:14.428 E/ActivityManager( 484): at com.android.server.am.ActivityManagerService.broadcastIntentLocked(ActivityManagerService.java:12833)
11-05 15:00:14.428 E/ActivityManager( 484): at com.android.server.am.ActivityManagerService.broadcastIntentWithFeature(ActivityManagerService.java:13670)
11-05 15:00:14.428 E/ActivityManager( 484): at android.app.IActivityManager$Stub.onTransact(IActivityManager.java:2326)
11-05 15:00:14.428 E/ActivityManager( 484): at com.android.server.am.ActivityManagerService.onTransact(ActivityManagerService.java:2509)
11-05 15:00:14.428 E/ActivityManager( 484): at android.os.Binder.execTransactInternal(Binder.java:1179)
11-05 15:00:14.428 E/ActivityManager( 484): at android.os.Binder.execTransact(Binder.java:1143)
11-05 15:00:14.429 D/wpa_supplicant( 1268): nl80211: Supported cipher 00-0f-ac:1
11-05 15:00:14.429 D/wpa_supplicant( 1268): nl80211: Supported cipher 00-0f-ac:5
11-05 15:00:14.429 D/wpa_supplicant( 1268): nl80211: Supported cipher 00-0f-ac:2
11-05 15:00:14.429 D/wpa_supplicant( 1268): nl80211: Supported cipher 00-0f-ac:4
11-05 15:00:14.429 D/wpa_supplicant( 1268): nl80211: Supported cipher 00-14-72:1
11-05 15:00:14.429 D/wpa_supplicant( 1268): nl80211: Supported cipher 00-0f-ac:6
11-05 15:00:14.429 D/wpa_supplicant( 1268): nl80211: Supported cipher 00-0f-ac:255
11-05 15:00:14.429 D/wpa_supplicant( 1268): nl80211: Supported vendor command: vendor_id=0x1374 subcmd=9
11-05 15:00:14.429 D/wpa_supplicant( 1268): nl80211: Supported vendor command: vendor_id=0x1374 subcmd=12
11-05 15:00:14.429 D/wpa_supplicant( 1268): nl80211: Supported vendor command: vendor_id=0x1374 subcmd=14
11-05 15:00:14.429 D/wpa_supplicant( 1268): nl80211: Supported vendor command: vendor_id=0x1374 subcmd=15
11-05 15:00:14.429 D/wpa_supplicant( 1268): nl80211: Supported vendor command: vendor_id=0x1374 subcmd=16
11-05 15:00:14.429 D/wpa_supplicant( 1268): nl80211: Supported vendor command: vendor_id=0x1374 subcmd=20
11-05 15:00:14.429 D/wpa_supplicant( 1268): nl80211: Supported vendor command: vendor_id=0x1a11 subcmd=6
11-05 15:00:14.429 D/wpa_supplicant( 1268): nl80211: Supported vendor command: vendor_id=0x1374 subcmd=21
11-05 15:00:14.429 D/wpa_supplicant( 1268): nl80211: Supported vendor command: vendor_id=0x1374 subcmd=22
11-05 15:00:14.429 D/wpa_supplicant( 1268): nl80211: Supported vendor command: vendor_id=0x1374 subcmd=23
11-05 15:00:14.429 D/wpa_supplicant( 1268): nl80211: Supported vendor command: vendor_id=0x1374 subcmd=24
11-05 15:00:14.429 D/wpa_supplicant( 1268): nl80211: Supported vendor command: vendor_id=0x1374 subcmd=29
11-05 15:00:14.429 D/wpa_supplicant( 1268): nl80211: Supported vendor command: vendor_id=0x1374 subcmd=30
11-05 15:00:14.429 D/wpa_supplicant( 1268): nl80211: Supported vendor command: vendor_id=0x1374 subcmd=32
11-05 15:00:14.429 D/wpa_supplicant( 1268): nl80211: Supported vendor command: vendor_id=0x1374 subcmd=33
11-05 15:00:14.429 D/wpa_supplicant( 1268): nl80211: Supported vendor command: vendor_id=0x1374 subcmd=38
11-05 15:00:14.429 D/wpa_supplicant( 1268): nl80211: Supported vendor command: vendor_id=0x1374 subcmd=39
11-05 15:00:14.429 D/wpa_supplicant( 1268): nl80211: Supported vendor command: vendor_id=0x1374 subcmd=42
11-05 15:00:14.429 D/wpa_supplicant( 1268): nl80211: Supported vendor command: vendor_id=0x1374 subcmd=55
11-05 15:00:14.429 D/wpa_supplicant( 1268): nl80211: Supported vendor command: vendor_id=0x1374 subcmd=61
11-05 15:00:14.430 D/wpa_supplicant( 1268): nl80211: Supported vendor command: vendor_id=0x1374 subcmd=62
11-05 15:00:14.430 D/wpa_supplicant( 1268): nl80211: Supported vendor command: vendor_id=0x1374 subcmd=63
11-05 15:00:14.430 D/wpa_supplicant( 1268): nl80211: Supported vendor command: vendor_id=0x1374 subcmd=64
11-05 15:00:14.430 D/wpa_supplicant( 1268): nl80211: Supported vendor command: vendor_id=0x1374 subcmd=65
11-05 15:00:14.430 D/wpa_supplicant( 1268): nl80211: Supported vendor command: vendor_id=0x1374 subcmd=66
11-05 15:00:14.430 D/wpa_supplicant( 1268): nl80211: Supported vendor command: vendor_id=0x1374 subcmd=69
11-05 15:00:14.430 D/wpa_supplicant( 1268): nl80211: Supported vendor command: vendor_id=0x1374 subcmd=70
11-05 15:00:14.430 D/wpa_supplicant( 1268): nl80211: Supported vendor command: vendor_id=0x1374 subcmd=71
11-05 15:00:14.430 D/wpa_supplicant( 1268): nl80211: Supported vendor command: vendor_id=0x1374 subcmd=76
11-05 15:00:14.430 D/wpa_supplicant( 1268): nl80211: Supported vendor command: vendor_id=0x1374 subcmd=77
11-05 15:00:14.430 D/wpa_supplicant( 1268): nl80211: Supported vendor command: vendor_id=0x1374 subcmd=79
11-05 15:00:14.430 D/wpa_supplicant( 1268): nl80211: Supported vendor command: vendor_id=0x1374 subcmd=80
11-05 15:00:14.430 D/wpa_supplicant( 1268): nl80211: Supported vendor command: vendor_id=0x1374 subcmd=82
11-05 15:00:14.430 D/wpa_supplicant( 1268): nl80211: Supported vendor command: vendor_id=0x1374 subcmd=85
11-05 15:00:14.430 D/wpa_supplicant( 1268): nl80211: Supported vendor command: vendor_id=0x1374 subcmd=146
11-05 15:00:14.430 D/wpa_supplicant( 1268): nl80211: Supported vendor command: vendor_id=0x1374 subcmd=12
11-05 15:00:14.430 D/wpa_supplicant( 1268): nl80211: Supported vendor command: vendor_id=0x1374 subcmd=128
11-05 15:00:14.430 E/ActivityManager( 484): Sending non-protected broadcast lerad.service.etna.haqu from system 1073:com.dangbei.lerad.etna.haqu/1000 pkg com.dangbei.lerad.etna.haqu
11-05 15:00:14.430 E/ActivityManager( 484): java.lang.Throwable
11-05 15:00:14.430 E/ActivityManager( 484): at com.android.server.am.ActivityManagerService.checkBroadcastFromSystem(ActivityManagerService.java:12816)
11-05 15:00:14.430 E/ActivityManager( 484): at com.android.server.am.ActivityManagerService.broadcastIntentLocked(ActivityManagerService.java:13513)
11-05 15:00:14.430 E/ActivityManager( 484): at com.android.server.am.ActivityManagerService.broadcastIntentLocked(ActivityManagerService.java:12833)
11-05 15:00:14.430 E/ActivityManager( 484): at com.android.server.am.ActivityManagerService.broadcastIntentWithFeature(ActivityManagerService.java:13670)
11-05 15:00:14.430 E/ActivityManager( 484): at android.app.IActivityManager$Stub.onTransact(IActivityManager.java:2326)
11-05 15:00:14.430 E/ActivityManager( 484): at com.android.server.am.ActivityManagerService.onTransact(ActivityManagerService.java:2509)
11-05 15:00:14.430 E/ActivityManager( 484): at android.os.Binder.execTransactInternal(Binder.java:1179)
11-05 15:00:14.430 E/ActivityManager( 484): at android.os.Binder.execTransact(Binder.java:1143)
11-05 15:00:14.430 D/wpa_supplicant( 1268): nl80211: Supported vendor command: vendor_id=0x1374 subcmd=129
11-05 15:00:14.430 D/wpa_supplicant( 1268): nl80211: Supported vendor command: vendor_id=0x1374 subcmd=130
11-05 15:00:14.430 D/wpa_supplicant( 1268): nl80211: Supported vendor command: vendor_id=0x1374 subcmd=133
11-05 15:00:14.430 D/wpa_supplicant( 1268): nl80211: Supported vendor command: vendor_id=0x1374 subcmd=176
11-05 15:00:14.430 D/wpa_supplicant( 1268): nl80211: Supported vendor event: vendor_id=0x1374 subcmd=80
11-05 15:00:14.430 D/wpa_supplicant( 1268): nl80211: Supported vendor event: vendor_id=0x1374 subcmd=1
11-05 15:00:14.430 D/wpa_supplicant( 1268): nl80211: Supported vendor event: vendor_id=0x1374 subcmd=1
11-05 15:00:14.430 D/wpa_supplicant( 1268): nl80211: Supported vendor event: vendor_id=0x1374 subcmd=1
11-05 15:00:14.430 D/wpa_supplicant( 1268): nl80211: Supported vendor event: vendor_id=0x1374 subcmd=1
11-05 15:00:14.430 D/wpa_supplicant( 1268): nl80211: Supported vendor event: vendor_id=0x1374 subcmd=1
11-05 15:00:14.430 D/wpa_supplicant( 1268): nl80211: Supported vendor event: vendor_id=0x1374 subcmd=20
11-05 15:00:14.430 D/wpa_supplicant( 1268): nl80211: Supported vendor event: vendor_id=0x1374 subcmd=21
11-05 15:00:14.430 D/wpa_supplicant( 1268): nl80211: Supported vendor event: vendor_id=0x1374 subcmd=23
11-05 15:00:14.430 D/wpa_supplicant( 1268): nl80211: Supported vendor event: vendor_id=0x1374 subcmd=24
11-05 15:00:14.430 D/wpa_supplicant( 1268): nl80211: Supported vendor event: vendor_id=0x1374 subcmd=25
11-05 15:00:14.430 D/wpa_supplicant( 1268): nl80211: Supported vendor event: vendor_id=0x1374 subcmd=26
11-05 15:00:14.430 D/wpa_supplicant( 1268): nl80211: Supported vendor event: vendor_id=0x1374 subcmd=27
11-05 15:00:14.430 D/wpa_supplicant( 1268): nl80211: Supported vendor event: vendor_id=0x1374 subcmd=28
11-05 15:00:14.430 D/wpa_supplicant( 1268): nl80211: Supported vendor event: vendor_id=0x1374 subcmd=41
11-05 15:00:14.430 D/wpa_supplicant( 1268): nl80211: Supported vendor event: vendor_id=0x1374 subcmd=29
11-05 15:00:14.430 D/wpa_supplicant( 1268): nl80211: Supported vendor event: vendor_id=0x1374 subcmd=30
11-05 15:00:14.430 D/wpa_supplicant( 1268): nl80211: Supported vendor event: vendor_id=0x1374 subcmd=31
11-05 15:00:14.430 D/wpa_supplicant( 1268): nl80211: Supported vendor event: vendor_id=0x1374 subcmd=32
11-05 15:00:14.430 D/wpa_supplicant( 1268): nl80211: Supported vendor event: vendor_id=0x1374 subcmd=33
11-05 15:00:14.430 D/wpa_supplicant( 1268): nl80211: Supported vendor event: vendor_id=0x0 subcmd=0
11-05 15:00:14.430 D/wpa_supplicant( 1268): nl80211: Supported vendor event: vendor_id=0x0 subcmd=0
11-05 15:00:14.430 D/wpa_supplicant( 1268): nl80211: Supported vendor event: vendor_id=0x0 subcmd=0
11-05 15:00:14.430 D/wpa_supplicant( 1268): nl80211: Supported vendor event: vendor_id=0x0 subcmd=0
11-05 15:00:14.430 D/wpa_supplicant( 1268): nl80211: Supported vendor event: vendor_id=0x0 subcmd=0
11-05 15:00:14.430 D/wpa_supplicant( 1268): nl80211: Supported vendor event: vendor_id=0x0 subcmd=0
11-05 15:00:14.430 D/wpa_supplicant( 1268): nl80211: Supported vendor event: vendor_id=0x0 subcmd=0
11-05 15:00:14.430 D/wpa_supplicant( 1268): nl80211: Supported vendor event: vendor_id=0x0 subcmd=0
11-05 15:00:14.430 D/wpa_supplicant( 1268): nl80211: Supported vendor event: vendor_id=0x0 subcmd=0
11-05 15:00:14.430 D/wpa_supplicant( 1268): nl80211: Supported vendor event: vendor_id=0x0 subcmd=0
11-05 15:00:14.430 D/wpa_supplicant( 1268): nl80211: Supported vendor event: vendor_id=0x0 subcmd=0
11-05 15:00:14.430 D/wpa_supplicant( 1268): nl80211: Supported vendor event: vendor_id=0x0 subcmd=0
11-05 15:00:14.430 D/wpa_supplicant( 1268): nl80211: Supported vendor event: vendor_id=0x1374 subcmd=5120
11-05 15:00:14.430 D/wpa_supplicant( 1268): nl80211: Supported vendor event: vendor_id=0x0 subcmd=0
11-05 15:00:14.430 D/wpa_supplicant( 1268): nl80211: Supported vendor event: vendor_id=0x0 subcmd=0
11-05 15:00:14.430 D/wpa_supplicant( 1268): nl80211: Supported vendor event: vendor_id=0x0 subcmd=0
11-05 15:00:14.430 D/wpa_supplicant( 1268): nl80211: Supported vendor event: vendor_id=0x0 subcmd=0
11-05 15:00:14.430 D/wpa_supplicant( 1268): nl80211: Supported vendor event: vendor_id=0x0 subcmd=0
11-05 15:00:14.430 D/wpa_supplicant( 1268): nl80211: Supported vendor event: vendor_id=0x0 subcmd=0
11-05 15:00:14.430 D/wpa_supplicant( 1268): nl80211: Supported vendor event: vendor_id=0x0 subcmd=0
11-05 15:00:14.430 D/wpa_supplicant( 1268): nl80211: Supported vendor event: vendor_id=0x0 subcmd=0
11-05 15:00:14.430 D/wpa_supplicant( 1268): nl80211: Supported vendor event: vendor_id=0x0 subcmd=0
11-05 15:00:14.430 D/wpa_supplicant( 1268): nl80211: Supported vendor event: vendor_id=0x0 subcmd=0
11-05 15:00:14.430 D/wpa_supplicant( 1268): nl80211: Supported vendor event: vendor_id=0x0 subcmd=0
11-05 15:00:14.430 D/wpa_supplicant( 1268): nl80211: Supported vendor event: vendor_id=0x0 subcmd=0
11-05 15:00:14.430 D/wpa_supplicant( 1268): nl80211: Supported vendor event: vendor_id=0x0 subcmd=0
11-05 15:00:14.430 D/wpa_supplicant( 1268): nl80211: Supported vendor event: vendor_id=0x0 subcmd=0
11-05 15:00:14.430 D/wpa_supplicant( 1268): nl80211: Supported vendor event: vendor_id=0x0 subcmd=0
11-05 15:00:14.430 D/wpa_supplicant( 1268): nl80211: Supported vendor event: vendor_id=0x0 subcmd=0
11-05 15:00:14.430 D/wpa_supplicant( 1268): nl80211: Supported vendor event: vendor_id=0x0 subcmd=0
11-05 15:00:14.430 D/wpa_supplicant( 1268): nl80211: Supported vendor event: vendor_id=0x0 subcmd=0
11-05 15:00:14.430 D/wpa_supplicant( 1268): nl80211: Supported vendor event: vendor_id=0x0 subcmd=0
11-05 15:00:14.430 D/wpa_supplicant( 1268): nl80211: Supported vendor event: vendor_id=0x0 subcmd=0
11-05 15:00:14.430 D/wpa_supplicant( 1268): nl80211: Supported vendor event: vendor_id=0x0 subcmd=0
11-05 15:00:14.430 D/wpa_supplicant( 1268): nl80211: Supported vendor event: vendor_id=0x0 subcmd=0
11-05 15:00:14.430 D/wpa_supplicant( 1268): nl80211: Supported vendor event: vendor_id=0x0 subcmd=0
11-05 15:00:14.430 D/wpa_supplicant( 1268): nl80211: Supported vendor event: vendor_id=0x0 subcmd=0
11-05 15:00:14.430 D/wpa_supplicant( 1268): nl80211: Supported vendor event: vendor_id=0x0 subcmd=0
11-05 15:00:14.430 D/wpa_supplicant( 1268): nl80211: Supported vendor event: vendor_id=0x0 subcmd=0
11-05 15:00:14.430 D/wpa_supplicant( 1268): nl80211: Supported vendor event: vendor_id=0x0 subcmd=0
11-05 15:00:14.430 D/wpa_supplicant( 1268): nl80211: Supported vendor event: vendor_id=0x0 subcmd=0
11-05 15:00:14.430 D/wpa_supplicant( 1268): nl80211: Supported vendor event: vendor_id=0x0 subcmd=0
11-05 15:00:14.430 D/wpa_supplicant( 1268): nl80211: Supported vendor event: vendor_id=0x0 subcmd=0
11-05 15:00:14.430 D/wpa_supplicant( 1268): nl80211: Supported vendor event: vendor_id=0x0 subcmd=0
11-05 15:00:14.431 D/wpa_supplicant( 1268): nl80211: Supported vendor event: vendor_id=0x1374 subcmd=131
11-05 15:00:14.431 D/wpa_supplicant( 1268): nl80211: Supported vendor event: vendor_id=0x1374 subcmd=132
11-05 15:00:14.431 D/wpa_supplicant( 1268): nl80211: Supported vendor event: vendor_id=0x0 subcmd=0
11-05 15:00:14.431 D/wpa_supplicant( 1268): nl80211: Supported vendor event: vendor_id=0x0 subcmd=0
11-05 15:00:14.431 D/wpa_supplicant( 1268): nl80211: Supported vendor event: vendor_id=0x0 subcmd=0
11-05 15:00:14.431 D/wpa_supplicant( 1268): nl80211: Supported vendor event: vendor_id=0x0 subcmd=0
11-05 15:00:14.431 D/wpa_supplicant( 1268): nl80211: Supported vendor event: vendor_id=0x0 subcmd=0
11-05 15:00:14.431 D/wpa_supplicant( 1268): nl80211: Supported vendor event: vendor_id=0x0 subcmd=0
11-05 15:00:14.431 D/wpa_supplicant( 1268): nl80211: Supported vendor event: vendor_id=0x1374 subcmd=72
11-05 15:00:14.431 D/wpa_supplicant( 1268): nl80211: Use separate P2P group interface (driver advertised support)
11-05 15:00:14.431 D/wpa_supplicant( 1268): nl80211: Enable multi-channel concurrent (driver advertised support)
11-05 15:00:14.431 D/wpa_supplicant( 1268): nl80211: use P2P_DEVICE support
11-05 15:00:14.431 D/wpa_supplicant( 1268): nl80211: key_mgmt=0xd0f enc=0x10f auth=0x7 flags=0x100100007a007ac0 rrm_flags=0x0 probe_resp_offloads=0x0 max_stations=10 max_remain_on_chan=5000 max_scan_ssids=12
11-05 15:00:14.431 D/wpa_supplicant( 1268): nl80211: interface p2p-dev-wlan0 in phy phy0
11-05 15:00:14.431 D/wpa_supplicant( 1268): nl80211: Set mode ifindex 0 iftype 10 (P2P_DEVICE)
11-05 15:00:14.432 D/wpa_supplicant( 1268): nl80211: Failed to set interface 0 to mode 10: -22 (Invalid argument)
11-05 15:00:14.432 D/wpa_supplicant( 1268): nl80211: Subscribe to mgmt frames with non-AP handle 0xefb55848
11-05 15:00:14.432 D/wpa_supplicant( 1268): nl80211: Register frame type=0xb0 (WLAN_FC_STYPE_AUTH) nl_handle=0xefb55848 match=0300 multicast=0
11-05 15:00:14.432 D/wpa_supplicant( 1268): nl80211: Register frame command failed (type=176): ret=-22 (Invalid argument)
11-05 15:00:14.432 D/wpa_supplicant( 1268): nl80211: Register frame match - hexdump(len=2): 03 00
11-05 15:00:14.432 D/wpa_supplicant( 1268): nl80211: Register frame type=0xd0 (WLAN_FC_STYPE_ACTION) nl_handle=0xefb55848 match=0104 multicast=0
11-05 15:00:14.432 D/wpa_supplicant( 1268): nl80211: Register frame type=0xd0 (WLAN_FC_STYPE_ACTION) nl_handle=0xefb55848 match=040a multicast=0
11-05 15:00:14.432 D/wpa_supplicant( 1268): nl80211: Register frame type=0xd0 (WLAN_FC_STYPE_ACTION) nl_handle=0xefb55848 match=040b multicast=0
11-05 15:00:14.433 D/wpa_supplicant( 1268): nl80211: Register frame type=0xd0 (WLAN_FC_STYPE_ACTION) nl_handle=0xefb55848 match=040c multicast=0
11-05 15:00:14.433 D/wpa_supplicant( 1268): nl80211: Register frame type=0xd0 (WLAN_FC_STYPE_ACTION) nl_handle=0xefb55848 match=040d multicast=0
11-05 15:00:14.433 D/wpa_supplicant( 1268): nl80211: Register frame type=0xd0 (WLAN_FC_STYPE_ACTION) nl_handle=0xefb55848 match=090a multicast=0
11-05 15:00:14.433 D/wpa_supplicant( 1268): nl80211: Register frame type=0xd0 (WLAN_FC_STYPE_ACTION) nl_handle=0xefb55848 match=090b multicast=0
11-05 15:00:14.434 I/DropBoxManagerService( 484): add tag=system_server_wtf isTagEnabled=true flags=0x2
11-05 15:00:14.439 E/ccc ( 1073): cccccc etna-service onStartCommand
11-05 15:00:14.443 D/wpa_supplicant( 1268): nl80211: Register frame type=0xd0 (WLAN_FC_STYPE_ACTION) nl_handle=0xefb55848 match=090c multicast=0
11-05 15:00:14.444 D/wpa_supplicant( 1268): nl80211: Register frame type=0xd0 (WLAN_FC_STYPE_ACTION) nl_handle=0xefb55848 match=090d multicast=0
11-05 15:00:14.444 D/wpa_supplicant( 1268): nl80211: Register frame type=0xd0 (WLAN_FC_STYPE_ACTION) nl_handle=0xefb55848 match=0409506f9a09 multicast=0
11-05 15:00:14.444 D/wpa_supplicant( 1268): nl80211: Register frame type=0xd0 (WLAN_FC_STYPE_ACTION) nl_handle=0xefb55848 match=7f506f9a09 multicast=0
11-05 15:00:14.444 D/wpa_supplicant( 1268): nl80211: Register frame type=0xd0 (WLAN_FC_STYPE_ACTION) nl_handle=0xefb55848 match=0409506f9a1a multicast=0
11-05 15:00:14.444 D/wpa_supplicant( 1268): nl80211: Register frame type=0xd0 (WLAN_FC_STYPE_ACTION) nl_handle=0xefb55848 match=0801 multicast=0
11-05 15:00:14.444 D/wpa_supplicant( 1268): nl80211: Register frame type=0xd0 (WLAN_FC_STYPE_ACTION) nl_handle=0xefb55848 match=06 multicast=0
