11-05 15:00:03.243 D/installd( 355): Found quota mount /dev/block/by-name/userdata at /data
11-05 15:00:03.243 D/installd( 355): Found quota mount /dev/block/by-name/userdata at /data/user/0
11-05 15:00:03.243 I/SystemConfig( 484): Reading permissions from /vendor/etc/permissions/tv_core_hardware.xml
11-05 15:00:03.245 I/SystemConfig( 484): Reading permissions from /vendor/etc/permissions/android.hardware.opengles.aep.xml
11-05 15:00:03.245 I/SystemServerTiming( 484): DeviceIdentifiersPolicyService
11-05 15:00:03.245 I/SystemServiceManager( 484): Starting com.android.server.os.DeviceIdentifiersPolicyService
11-05 15:00:03.246 I/SystemConfig( 484): Reading permissions from /vendor/etc/permissions/android.software.pppoe.xml
11-05 15:00:03.248 I/SystemConfig( 484): Reading permissions from /vendor/etc/permissions/android.software.ipsec_tunnels.xml
11-05 15:00:03.248 I/SystemServerTiming( 484): UriGrantsManagerService
11-05 15:00:03.248 I/SystemServiceManager( 484): Starting com.android.server.uri.UriGrantsManagerService$Lifecycle
11-05 15:00:03.250 E/gralloc ( 520): Arm Module v1.0
11-05 15:00:03.250 I/SystemConfig( 484): Reading permissions from /vendor/etc/permissions/android.hardware.usb.accessory.xml
11-05 15:00:03.251 I/hwservicemanager( 180): getTransport: Cannot find entry android.hardware.graphics.allocator@4.0::IAllocator/default in either framework or device VINTF manifest.
11-05 15:00:03.252 W/Gralloc4( 520): allocator 4.x is not supported
11-05 15:00:03.252 I/hwservicemanager( 180): getTransport: Cannot find entry android.hardware.graphics.allocator@3.0::IAllocator/default in either framework or device VINTF manifest.
11-05 15:00:03.252 W/Gralloc3( 520): allocator 3.x is not supported
11-05 15:00:03.253 I/SystemConfig( 484): Reading permissions from /vendor/etc/permissions/android.hardware.bluetooth.xml
11-05 15:00:03.255 I/SystemServerTiming( 484): StartPowerStatsService
11-05 15:00:03.255 I/SystemServiceManager( 484): Starting com.android.server.powerstats.PowerStatsService
11-05 15:00:03.258 E/servicemanager( 179): Could not find android.hardware.power.stats.IPowerStats/default in the VINTF manifest.
11-05 15:00:03.258 I/gralloc ( 255): alloc buffer:W:1920 H:1080 S:1920 PL[1920 1080] SZ:8294400 fmt:43 if:0 af:43 usg:20000b00 fg:00000004
11-05 15:00:03.258 I/SystemConfig( 484): Reading permissions from /vendor/etc/permissions/android.hardware.keystore.app_attest_key.xml
11-05 15:00:03.259 E/ion ( 520): ioctl c0044901 failed with code -1: Inappropriate ioctl for device
11-05 15:00:03.260 I/SystemConfig( 484): Reading permissions from /vendor/etc/permissions/id.hardware.camera.xml
11-05 15:00:03.262 I/SystemConfig( 484): Reading permissions from /vendor/etc/permissions/android.software.backup.xml
11-05 15:00:03.262 I/hwservicemanager( 180): getTransport: Cannot find entry android.hardware.power.stats@1.0::IPowerStats/default in either framework or device VINTF manifest.
11-05 15:00:03.263 E/PowerStatsService( 484): Unable to get power.stats HAL service.
11-05 15:00:03.263 E/PowerStatsService( 484): nativeInit failed to connect to power.stats HAL
11-05 15:00:03.263 I/SystemConfig( 484): Reading permissions from /vendor/etc/permissions/android.software.midi.xml
11-05 15:00:03.264 I/SystemServerTiming( 484): StartIStatsService
11-05 15:00:03.265 I/hwservicemanager( 180): getTransport: Cannot find entry android.frameworks.stats@1.0::IStats/default in either framework or device VINTF manifest.
11-05 15:00:03.265 I/SystemConfig( 484): Reading permissions from /vendor/etc/permissions/android.hardware.bluetooth_le.xml
11-05 15:00:03.265 E/HidlServiceManagement( 484): Service android.frameworks.stats@1.0::IStats/default must be in VINTF manifest in order to register/get.
11-05 15:00:03.265 W/system_server( 484): Cannot register HIDL android.frameworks.stats@1.0::IStats: -2147483648
11-05 15:00:03.267 I/servicemanager( 179): Found android.frameworks.stats.IStats/default in framework VINTF manifest.
11-05 15:00:03.267 I/SystemServerTiming( 484): MemtrackProxyService
11-05 15:00:03.267 I/SystemConfig( 484): Reading permissions from /vendor/etc/permissions/android.hardware.usb.host.xml
11-05 15:00:03.268 I/hwservicemanager( 180): getTransport: Cannot find entry android.hardware.memtrack@1.0::IMemtrack/default in either framework or device VINTF manifest.
11-05 15:00:03.269 I/SystemConfig( 484): Reading permissions from /vendor/etc/permissions/android.hardware.camera.flash-autofocus.xml
11-05 15:00:03.269 E/servicemanager( 179): Could not find android.hardware.memtrack.IMemtrack/default in the VINTF manifest.
11-05 15:00:03.270 I/SystemConfig( 484): Reading permissions from /vendor/etc/permissions/android.hardware.vulkan.version.xml
11-05 15:00:03.271 I/Stability( 484): Interface set with vintf stability wire protocol version 1 downgraded to system stability wire protocol version 1 stability
11-05 15:00:03.272 I/SystemServerTiming( 484): StartActivityManager
11-05 15:00:03.272 I/SystemServiceManager( 484): Starting com.android.server.wm.ActivityTaskManagerService$Lifecycle
11-05 15:00:03.272 I/SystemConfig( 484): Reading permissions from /vendor/etc/permissions/android.hardware.wifi.xml
11-05 15:00:03.275 I/SystemConfig( 484): Reading permissions from /vendor/etc/permissions/android.hardware.ethernet.xml
11-05 15:00:03.277 I/SystemConfig( 484): Reading permissions from /vendor/etc/permissions/android.hardware.wifi.direct.xml
11-05 15:00:03.279 I/SystemConfig( 484): Reading permissions from /vendor/etc/permissions/android.hardware.vulkan.compute.xml
11-05 15:00:03.282 I/SystemConfig( 484): Reading permissions from /vendor/etc/permissions/android.hardware.wifi.passpoint.xml
11-05 15:00:03.286 I/SystemConfig( 484): Reading permissions from /vendor/etc/permissions/android.hardware.camera.external.xml
11-05 15:00:03.288 I/SystemConfig( 484): Reading permissions from /vendor/etc/permissions/android.software.vulkan.deqp.level.xml
11-05 15:00:03.290 I/SystemConfig( 484): Reading permissions from /vendor/etc/permissions/android.software.opengles.deqp.level.xml
11-05 15:00:03.292 I/SystemConfig( 484): Reading permissions from /vendor/etc/permissions/android.hardware.reboot_escrow.xml
11-05 15:00:03.296 I/SystemConfig( 484): Reading permissions from /vendor/etc/permissions/android.hardware.hardware_keystore.xml
11-05 15:00:03.297 I/SystemServiceManager( 484): Starting com.android.server.am.ActivityManagerService$Lifecycle
11-05 15:00:03.302 I/SurfaceFlinger( 289): Enter boot animation
11-05 15:00:03.305 E/ion ( 256): ioctl c0044901 failed with code -1: Inappropriate ioctl for device
11-05 15:00:03.306 I/SystemConfig( 484): Reading permissions from /vendor/etc/permissions/android.hardware.camera.front.xml
11-05 15:00:03.313 I/ ( 375): DVI mode selected: packets not configured
11-05 15:00:03.313 I/ ( 375): Error: set vsif failed
11-05 15:00:03.318 I/SystemConfig( 484): Reading permissions from /product/etc/sysconfig/preinstalled-packages-platform-overlays.xml
11-05 15:00:03.322 I/SystemConfig( 484): Reading permissions from /product/etc/sysconfig/preinstalled-packages-platform-handheld-product.xml
11-05 15:00:03.322 I/ActivityManager( 484): Memory class: 256
11-05 15:00:03.327 I/Binder ( 484): Setting heavy hitter watcher config: false, 0, 0.0
11-05 15:00:03.333 I/SystemConfig( 484): Reading permissions from /product/etc/permissions/com.android.tv.xml
11-05 15:00:03.339 I/SystemConfig( 484): Reading permissions from /product/etc/permissions/com.android.settings.intelligence.xml
11-05 15:00:03.344 W/SystemConfig( 484): No directory /system_ext/etc/sysconfig, skipping
11-05 15:00:03.348 I/SystemConfig( 484): Reading permissions from /system_ext/etc/permissions/com.android.provision.xml
11-05 15:00:03.350 I/SystemConfig( 484): Reading permissions from /system_ext/etc/permissions/provision-permissions.xml
11-05 15:00:03.351 I/SystemConfig( 484): Reading permissions from /system_ext/etc/permissions/com.android.tv.settings.xml
11-05 15:00:03.354 I/SystemConfig( 484): Reading permissions from /system_ext/etc/permissions/privapp-settingssetup.xml
11-05 15:00:03.357 I/SystemConfig( 484): Reading permissions from /system_ext/etc/permissions/com.android.storagemanager.xml
11-05 15:00:03.357 I/gralloc ( 255): alloc buffer:W:1920 H:1080 S:1920 PL[1920 1080] SZ:8294400 fmt:43 if:0 af:43 usg:20000b00 fg:00000004
11-05 15:00:03.359 I/SystemConfig( 484): Reading permissions from /system_ext/etc/permissions/com.android.carrierconfig.xml
11-05 15:00:03.362 I/SystemConfig( 484): Reading permissions from /system_ext/etc/permissions/com.android.systemui.xml
11-05 15:00:03.366 I/SystemConfig( 484): Reading permissions from /system_ext/etc/permissions/com.softwinner.screenshot.xml
11-05 15:00:03.376 I/ ( 375): DVI mode selected: packets not configured
11-05 15:00:03.376 I/ ( 375): Error: set vsif failed
11-05 15:00:03.377 I/SystemConfig( 484): Reading permissions from /apex/com.android.ipsec/etc/permissions/android.net.ipsec.ike.xml
11-05 15:00:03.390 W/SystemConfig( 484): Failed to read public libraries file /vendor/etc/public.libraries.txt
11-05 15:00:03.390 W/SystemConfig( 484): java.io.FileNotFoundException: /vendor/etc/public.libraries.txt: open failed: ENOENT (No such file or directory)
11-05 15:00:03.390 W/SystemConfig( 484): at libcore.io.IoBridge.open(IoBridge.java:575)
11-05 15:00:03.390 W/SystemConfig( 484): at java.io.FileInputStream.(FileInputStream.java:160)
11-05 15:00:03.390 W/SystemConfig( 484): at java.io.FileReader.(FileReader.java:72)
11-05 15:00:03.390 W/SystemConfig( 484): at com.android.server.SystemConfig.readPublicLibrariesListFile(SystemConfig.java:1601)
11-05 15:00:03.390 W/SystemConfig( 484): at com.android.server.SystemConfig.readPublicNativeLibrariesList(SystemConfig.java:1583)
11-05 15:00:03.390 W/SystemConfig( 484): at com.android.server.SystemConfig.(SystemConfig.java:484)
11-05 15:00:03.390 W/SystemConfig( 484): at com.android.server.SystemConfig.getInstance(SystemConfig.java:272)
11-05 15:00:03.390 W/SystemConfig( 484): at com.android.server.SystemServer$$ExternalSyntheticLambda7.run(Unknown Source:0)
11-05 15:00:03.390 W/SystemConfig( 484): at com.android.server.SystemServerInitThreadPool.lambda$submitTask$0$SystemServerInitThreadPool(SystemServerInitThreadPool.java:105)
11-05 15:00:03.390 W/SystemConfig( 484): at com.android.server.SystemServerInitThreadPool$$ExternalSyntheticLambda0.run(Unknown Source:6)
11-05 15:00:03.390 W/SystemConfig( 484): at java.util.concurrent.Executors$RunnableAdapter.call(Executors.java:462)
11-05 15:00:03.390 W/SystemConfig( 484): at java.util.concurrent.FutureTask.run(FutureTask.java:266)
11-05 15:00:03.390 W/SystemConfig( 484): at java.util.concurrent.ThreadPoolExecutor.runWorker(ThreadPoolExecutor.java:1167)
11-05 15:00:03.390 W/SystemConfig( 484): at java.util.concurrent.ThreadPoolExecutor$Worker.run(ThreadPoolExecutor.java:641)
11-05 15:00:03.390 W/SystemConfig( 484): at com.android.internal.util.ConcurrentUtils$1$1.run(ConcurrentUtils.java:65)
11-05 15:00:03.390 W/SystemConfig( 484): Caused by: android.system.ErrnoException: open failed: ENOENT (No such file or directory)
11-05 15:00:03.390 W/SystemConfig( 484): at libcore.io.Linux.open(Native Method)
11-05 15:00:03.390 W/SystemConfig( 484): at libcore.io.ForwardingOs.open(ForwardingOs.java:567)
11-05 15:00:03.390 W/SystemConfig( 484): at libcore.io.BlockGuardOs.open(BlockGuardOs.java:273)
11-05 15:00:03.390 W/SystemConfig( 484): at libcore.io.IoBridge.open(IoBridge.java:561)
11-05 15:00:03.390 W/SystemConfig( 484): ... 14 more
11-05 15:00:03.392 D/SystemServerInitThreadPool( 484): Finished executing ReadingSystemConfig
11-05 15:00:03.410 W/Zygote ( 484): Class not found for preloading: android.view.SurfaceView$2
11-05 15:00:03.443 I/ ( 375): DVI mode selected: packets not configured
11-05 15:00:03.443 I/ ( 375): Error: set vsif failed
11-05 15:00:03.458 D/BatteryStatsImpl( 484): Reading daily items from /data/system/batterystats-daily.xml
11-05 15:00:03.482 I/hwservicemanager( 180): getTransport: Cannot find entry android.hardware.power.stats@1.0::IPowerStats/default in either framework or device VINTF manifest.
11-05 15:00:03.483 E/BatteryStatsService( 484): Unable to load Power.Stats.HAL. Setting rail availability to false
11-05 15:00:03.489 E/BluetoothAdapter( 484): Bluetooth binder is null
11-05 15:00:03.492 I/ ( 375): DVI mode selected: packets not configured
11-05 15:00:03.492 I/ ( 375): Error: set vsif failed
11-05 15:00:03.490 I/KernelCpuUidFreqTimeReader( 484): mPerClusterTimesAvailable=false
11-05 15:00:03.494 W/KernelCpuUidFreqTimeBpfMapReader( 484): Failed to start tracking
11-05 15:00:03.494 W/KernelCpuProcStringReader( 484): File not found. It's normal if not implemented: /proc/uid_time_in_state
11-05 15:00:03.495 W/KernelCpuUidActiveTimeBpfMapReader( 484): Failed to start tracking
11-05 15:00:03.496 W/KernelCpuProcStringReader( 484): File not found. It's normal if not implemented: /proc/uid_concurrent_active_time
11-05 15:00:03.496 W/KernelCpuUidClusterTimeBpfMapReader( 484): Failed to start tracking
11-05 15:00:03.496 W/KernelCpuProcStringReader( 484): File not found. It's normal if not implemented: /proc/uid_concurrent_policy_time
11-05 15:00:03.497 E/KernelCpuSpeedReader( 484): Failed to read cpu-freq: /sys/devices/system/cpu/cpu0/cpufreq/stats/time_in_state: open failed: ENOENT (No such file or directory)
11-05 15:00:03.497 E/system_server( 484): Cannot read thread CPU times for PID 484
11-05 15:00:03.496 I/Binder:203_2( 203): type=1400 audit(0.0:312): avc: denied { read } for name="event_count" dev="sysfs" ino=22870 scontext=u:r:system_suspend:s0 tcontext=u:object_r:sysfs:s0 tclass=file permissive=1
11-05 15:00:03.496 I/Binder:203_2( 203): type=1400 audit(0.0:313): avc: denied { open } for path="/sys/devices/platform/soc@3000000/7040000.s_cir/wakeup/wakeup4/event_count" dev="sysfs" ino=22870 scontext=u:r:system_suspend:s0 tcontext=u:object_r:sysfs:s0 tclass=file permissive=1
11-05 15:00:03.496 I/Binder:203_2( 203): type=1400 audit(0.0:314): avc: denied { getattr } for path="/sys/devices/platform/soc@3000000/7040000.s_cir/wakeup/wakeup4/event_count" dev="sysfs" ino=22870 scontext=u:r:system_suspend:s0 tcontext=u:object_r:sysfs:s0 tclass=file permissive=1
11-05 15:00:03.512 W/KernelMemoryBandwidthStats( 484): No kernel memory bandwidth stats available
11-05 15:00:03.544 I/ ( 375): DVI mode selected: packets not configured
11-05 15:00:03.544 I/ ( 375): Error: set vsif failed
11-05 15:00:03.609 I/ ( 375): DVI mode selected: packets not configured
11-05 15:00:03.609 I/ ( 375): Error: set vsif failed
11-05 15:00:03.659 I/ ( 375): DVI mode selected: packets not configured
11-05 15:00:03.659 I/ ( 375): Error: set vsif failed
11-05 15:00:03.682 I/Zygote ( 484): ...preloaded 7337 classes in 1058ms.
11-05 15:00:03.684 I/Zygote ( 484): Called ZygoteHooks.endPreload()
11-05 15:00:03.686 I/Zygote ( 484): Installed AndroidKeyStoreProvider in 1ms.
11-05 15:00:03.705 I/Zygote ( 484): Warmed up JCA providers in 18ms.
11-05 15:00:03.705 D/Zygote ( 484): Zygote:ThreadPreadloadClass took 1081ms.
11-05 15:00:03.709 I/ ( 375): DVI mode selected: packets not configured
11-05 15:00:03.709 I/ ( 375): Error: set vsif failed
11-05 15:00:03.730 I/IntentFirewall( 484): Read new rules (A:0 B:0 S:0)
11-05 15:00:03.748 E/libprocessgroup( 484): Failed to open /dev/memcg/apps: Permission denied
11-05 15:00:03.754 D/AppOps ( 484): AppOpsService published
11-05 15:00:03.756 I/SystemServerTiming( 484): StartDataLoaderManagerService
11-05 15:00:03.756 I/SystemServiceManager( 484): Starting com.android.server.pm.DataLoaderManagerService
11-05 15:00:03.759 I/ ( 375): DVI mode selected: packets not configured
11-05 15:00:03.759 I/ ( 375): Error: set vsif failed
11-05 15:00:03.759 I/SystemServerTiming( 484): StartIncrementalService
11-05 15:00:03.763 I/incfs-mounts( 484): [incfs] Loaded incremental-fs mount info: 0 instances, 0 mount points
11-05 15:00:03.765 I/SystemServerTiming( 484): StartPowerManager
11-05 15:00:03.765 I/SystemServiceManager( 484): Starting com.android.server.power.PowerManagerService
11-05 15:00:03.777 I/servicemanager( 179): Found android.hardware.power.IPower/default in device VINTF manifest.
11-05 15:00:03.782 I/hw-BpHwBinder( 180): onLastStrongRef automatically unlinking death recipients
11-05 15:00:03.785 I/AW_PowerHAL( 259): Power setMode: INTERACTIVE to: 1
11-05 15:00:03.785 I/AW_PowerHAL( 259): not completed yet, ignore mode request other
11-05 15:00:03.785 I/AW_PowerHAL( 259): check: Mode 0 not Supported ,do nothing
11-05 15:00:03.788 I/SystemServerTiming( 484): StartThermalManager
11-05 15:00:03.788 I/SystemServiceManager( 484): Starting com.android.server.power.ThermalManagerService
11-05 15:00:03.791 I/SystemServerTiming( 484): StartHintManager
11-05 15:00:03.791 I/SystemServiceManager( 484): Starting com.android.server.power.hint.HintManagerService
11-05 15:00:03.795 E/PowerHalController( 484): getHintSessionPreferredRate failed: Status(-129, EX_TRANSACTION_FAILED): 'UNKNOWN_TRANSACTION: '
11-05 15:00:03.796 I/SystemServerTiming( 484): InitPowerManagement
11-05 15:00:03.798 I/SystemServerTiming( 484): StartRecoverySystemService
11-05 15:00:03.798 I/SystemServiceManager( 484): Starting com.android.server.recoverysystem.RecoverySystemService$Lifecycle
11-05 15:00:03.801 I/PackageWatchdog( 484): Syncing state, reason: added new observer
11-05 15:00:03.801 I/PackageWatchdog( 484): Not pruning observers, elapsed time: 0ms
11-05 15:00:03.802 I/PackageWatchdog( 484): Cancelling state sync, nothing to sync
11-05 15:00:03.802 I/PackageWatchdog( 484): Saving observer state to file
11-05 15:00:03.807 I/SystemServerTiming( 484): StartLightsService
11-05 15:00:03.807 I/SystemServiceManager( 484): Starting com.android.server.lights.LightsService
11-05 15:00:03.812 I/servicemanager( 179): Found android.hardware.light.ILights/default in device VINTF manifest.
11-05 15:00:03.814 I/android.hardware.lights-service( 258): Lights reporting supported lights size=1
11-05 15:00:03.816 I/SystemServerTiming( 484): StartSidekickService
11-05 15:00:03.816 I/SystemServerTiming( 484): StartDisplayManager
11-05 15:00:03.816 I/SystemServiceManager( 484): Starting com.android.server.display.DisplayManagerService
11-05 15:00:03.826 I/ ( 375): DVI mode selected: packets not configured
11-05 15:00:03.826 I/ ( 375): Error: set vsif failed
11-05 15:00:03.836 E/HWComposer( 289): getSupportedContentTypes: getSupportedContentTypes failed for display 0: Unsupported (8)
11-05 15:00:03.839 I/SystemServerTiming( 484): WaitForDisplay
11-05 15:00:03.839 I/SystemServiceManager( 484): Starting phase 100
11-05 15:00:03.839 I/SystemServerTiming( 484): OnBootPhase_100
11-05 15:00:03.854 I/DisplayDeviceRepository( 484): Display device added: DisplayDeviceInfo{"内置屏幕": uniqueId="local:0", 1920 x 1080, modeId 1, defaultModeId 1, supportedModes [{id=1, width=1920, height=1080, fps=60.000004, alternativeRefreshRates=[]}], colorMode 0, supportedColorModes [0], hdrCapabilities HdrCapabilities{mSupportedHdrTypes=[2, 3], mMaxLuminance=500.0, mMaxAverageLuminance=500.0, mMinLuminance=0.0}, allmSupported false, gameContentTypeSupported false, density 240, 0.16 x 0.16 dpi, appVsyncOff 1000000, presDeadline 16666666, touch INTERNAL, rotation 0, type INTERNAL, address {port=0}, deviceProductInfo null, state UNKNOWN, frameRateOverride , brightnessMinimum 0.0, brightnessMaximum 1.0, brightnessDefault 0.39763778, FLAG_DEFAULT_DISPLAY, FLAG_ROTATES_WITH_CONTENT, FLAG_SECURE, FLAG_SUPPORTS_PROTECTED_BUFFERS}
11-05 15:00:03.856 I/LogicalDisplayMapper( 484): Applying layout: [{addr: {port=0}, dispId: 0(ON)}], Previous layout: null
11-05 15:00:03.859 I/LogicalDisplayMapper( 484): Adding new display: 0: DisplayInfo{"内置屏幕", displayId 0", displayGroupId -1, FLAG_SECURE, FLAG_SUPPORTS_PROTECTED_BUFFERS, FLAG_TRUSTED, real 1920 x 1080, largest app 1920 x 1080, smallest app 1920 x 1080, appVsyncOff 1000000, presDeadline 16666666, mode 1, defaultMode 1, modes [{id=1, width=1920, height=1080, fps=60.000004, alternativeRefreshRates=[]}], hdrCapabilities HdrCapabilities{mSupportedHdrTypes=[2, 3], mMaxLuminance=500.0, mMaxAverageLuminance=500.0, mMinLuminance=0.0}, userDisabledHdrTypes [], minimalPostProcessingSupported false, rotation 0, state UNKNOWN, type INTERNAL, uniqueId "local:0", app 1920 x 1080, density 240 (0.16 x 0.16) dpi, layerStack 0, colorMode 0, supportedColorModes [0], address {port=0}, deviceProductInfo null, removeMode 0, refreshRateOverride 0.0, brightnessMinimum 0.0, brightnessMaximum 1.0, brightnessDefault 0.39763778}
11-05 15:00:03.860 I/LogicalDisplayMapper( 484): Setting new display group 0 for display 0, from previous group: null
11-05 15:00:03.861 I/SystemServerTiming( 484): StartDomainVerificationService
11-05 15:00:03.884 I/SystemServerTiming( 484): StartPackageManagerService
11-05 15:00:03.884 I/Watchdog( 484): Pausing HandlerChecker: main thread for reason: packagemanagermain. Pause count: 1
11-05 15:00:03.892 I/PackageManagerTiming( 484): create package manager
11-05 15:00:03.901 E/PackageManager( 484): /oem/delete.txt not exist
11-05 15:00:03.902 I/PackageManagerTiming( 484): createSubComponents
11-05 15:00:03.947 I/PackageManagerTiming( 484): addSharedUsers
11-05 15:00:03.950 I/PackageManagerTiming( 484): get system config
11-05 15:00:03.954 D/PackageManager( 484): Directories scanned as system partitions: [/system:0, /vendor:524288, /odm:4194304, /oem:262144, /product:1048576, /system/system_ext:2097152, /apex/com.android.wifi:8388608, /apex/com.android.vndk.v31:8388608, /apex/com.android.tzdata:8388608, /apex/com.android.tethering:8388608, /apex/com.android.sdkext:8388608, /apex/com.android.scheduling:8388608, /apex/com.android.runtime:8388608, /apex/com.android.resolv:8388608, /apex/com.android.permission:8388608, /apex/com.android.os.statsd:8388608, /apex/com.android.neuralnetworks:8388608, /apex/com.android.mediaprovider:8388608, /apex/com.android.media.swcodec:8388608, /apex/com.android.media:8388608, /apex/com.android.ipsec:8388608, /apex/com.android.i18n:8388608, /apex/com.android.extservices:8388608, /apex/com.android.conscrypt:8388608, /apex/com.android.art:8388608, /apex/com.android.appsearch:8388608, /apex/com.android.adbd:8388608]
11-05 15:00:03.960 D/SELinuxMMAC( 484): Using policy file /system/etc/selinux/plat_mac_permissions.xml
11-05 15:00:03.963 D/SELinuxMMAC( 484): Using policy file /system_ext/etc/selinux/system_ext_mac_permissions.xml
11-05 15:00:03.965 D/SELinuxMMAC( 484): Using policy file /vendor/etc/selinux/vendor_mac_permissions.xml
11-05 15:00:03.967 I/PackageManagerTiming( 484): loadFallbacks
11-05 15:00:03.971 D/FallbackCategoryProvider( 484): Found 1 fallback categories
11-05 15:00:03.972 I/PackageManagerTiming( 484): read user settings
11-05 15:00:04.030 D/SystemServerInitThreadPool( 484): Finished executing loadPreinstalledSystemFontMap
11-05 15:00:04.157 W/android.permission.PermissionManager( 484): Missing ActivityManager; assuming 1000 holds android.permission.SET_PREFERRED_APPLICATIONS
11-05 15:00:04.158 W/android.permission.PermissionManager( 484): Missing ActivityManager; assuming 1000 holds android.permission.SET_PREFERRED_APPLICATIONS
11-05 15:00:04.158 W/android.permission.PermissionManager( 484): Missing ActivityManager; assuming 1000 holds android.permission.SET_PREFERRED_APPLICATIONS
11-05 15:00:04.158 W/android.permission.PermissionManager( 484): Missing ActivityManager; assuming 1000 holds android.permission.SET_PREFERRED_APPLICATIONS
11-05 15:00:04.159 W/android.permission.PermissionManager( 484): Missing ActivityManager; assuming 1000 holds android.permission.SET_PREFERRED_APPLICATIONS
11-05 15:00:04.159 W/android.permission.PermissionManager( 484): Missing ActivityManager; assuming 1000 holds android.permission.SET_PREFERRED_APPLICATIONS
11-05 15:00:04.159 W/android.permission.PermissionManager( 484): Missing ActivityManager; assuming 1000 holds android.permission.SET_PREFERRED_APPLICATIONS
11-05 15:00:04.159 W/android.permission.PermissionManager( 484): Missing ActivityManager; assuming 1000 holds android.permission.SET_PREFERRED_APPLICATIONS
11-05 15:00:04.160 W/android.permission.PermissionManager( 484): Missing ActivityManager; assuming 1000 holds android.permission.SET_PREFERRED_APPLICATIONS
11-05 15:00:04.160 W/android.permission.PermissionManager( 484): Missing ActivityManager; assuming 1000 holds android.permission.SET_PREFERRED_APPLICATIONS
11-05 15:00:04.160 W/android.permission.PermissionManager( 484): Missing ActivityManager; assuming 1000 holds android.permission.SET_PREFERRED_APPLICATIONS
11-05 15:00:04.160 W/android.permission.PermissionManager( 484): Missing ActivityManager; assuming 1000 holds android.permission.SET_PREFERRED_APPLICATIONS
11-05 15:00:04.161 W/android.permission.PermissionManager( 484): Missing ActivityManager; assuming 1000 holds android.permission.SET_PREFERRED_APPLICATIONS
11-05 15:00:04.161 W/android.permission.PermissionManager( 484): Missing ActivityManager; assuming 1000 holds android.permission.SET_PREFERRED_APPLICATIONS
11-05 15:00:04.161 W/android.permission.PermissionManager( 484): Missing ActivityManager; assuming 1000 holds android.permission.SET_PREFERRED_APPLICATIONS
11-05 15:00:04.161 W/android.permission.PermissionManager( 484): Missing ActivityManager; assuming 1000 holds android.permission.SET_PREFERRED_APPLICATIONS
11-05 15:00:04.162 W/android.permission.PermissionManager( 484): Missing ActivityManager; assuming 1000 holds android.permission.SET_PREFERRED_APPLICATIONS
11-05 15:00:04.162 W/android.permission.PermissionManager( 484): Missing ActivityManager; assuming 1000 holds android.permission.SET_PREFERRED_APPLICATIONS
11-05 15:00:04.162 W/android.permission.PermissionManager( 484): Missing ActivityManager; assuming 1000 holds android.permission.SET_PREFERRED_APPLICATIONS
11-05 15:00:04.162 W/android.permission.PermissionManager( 484): Missing ActivityManager; assuming 1000 holds android.permission.SET_PREFERRED_APPLICATIONS
11-05 15:00:04.162 W/android.permission.PermissionManager( 484): Missing ActivityManager; assuming 1000 holds android.permission.SET_PREFERRED_APPLICATIONS
11-05 15:00:04.163 W/android.permission.PermissionManager( 484): Missing ActivityManager; assuming 1000 holds android.permission.SET_PREFERRED_APPLICATIONS
11-05 15:00:04.163 W/android.permission.PermissionManager( 484): Missing ActivityManager; assuming 1000 holds android.permission.SET_PREFERRED_APPLICATIONS
11-05 15:00:04.163 W/android.permission.PermissionManager( 484): Missing ActivityManager; assuming 1000 holds android.permission.SET_PREFERRED_APPLICATIONS
11-05 15:00:04.163 W/android.permission.PermissionManager( 484): Missing ActivityManager; assuming 1000 holds android.permission.SET_PREFERRED_APPLICATIONS
11-05 15:00:04.163 W/android.permission.PermissionManager( 484): Missing ActivityManager; assuming 1000 holds android.permission.SET_PREFERRED_APPLICATIONS
11-05 15:00:04.164 W/android.permission.PermissionManager( 484): Missing ActivityManager; assuming 1000 holds android.permission.SET_PREFERRED_APPLICATIONS
11-05 15:00:04.164 W/android.permission.PermissionManager( 484): Missing ActivityManager; assuming 1000 holds android.permission.SET_PREFERRED_APPLICATIONS
11-05 15:00:04.164 W/android.permission.PermissionManager( 484): Missing ActivityManager; assuming 1000 holds android.permission.SET_PREFERRED_APPLICATIONS
11-05 15:00:04.164 W/android.permission.PermissionManager( 484): Missing ActivityManager; assuming 1000 holds android.permission.SET_PREFERRED_APPLICATIONS
11-05 15:00:04.165 W/android.permission.PermissionManager( 484): Missing ActivityManager; assuming 1000 holds android.permission.SET_PREFERRED_APPLICATIONS
11-05 15:00:04.165 W/android.permission.PermissionManager( 484): Missing ActivityManager; assuming 1000 holds android.permission.SET_PREFERRED_APPLICATIONS
11-05 15:00:04.165 W/android.permission.PermissionManager( 484): Missing ActivityManager; assuming 1000 holds android.permission.SET_PREFERRED_APPLICATIONS
11-05 15:00:04.165 W/android.permission.PermissionManager( 484): Missing ActivityManager; assuming 1000 holds android.permission.SET_PREFERRED_APPLICATIONS
11-05 15:00:04.166 W/android.permission.PermissionManager( 484): Missing ActivityManager; assuming 1000 holds android.permission.SET_PREFERRED_APPLICATIONS
11-05 15:00:04.166 W/android.permission.PermissionManager( 484): Missing ActivityManager; assuming 1000 holds android.permission.SET_PREFERRED_APPLICATIONS
11-05 15:00:04.166 W/android.permission.PermissionManager( 484): Missing ActivityManager; assuming 1000 holds android.permission.SET_PREFERRED_APPLICATIONS
11-05 15:00:04.166 W/android.permission.PermissionManager( 484): Missing ActivityManager; assuming 1000 holds android.permission.SET_PREFERRED_APPLICATIONS
11-05 15:00:04.167 W/android.permission.PermissionManager( 484): Missing ActivityManager; assuming 1000 holds android.permission.SET_PREFERRED_APPLICATIONS
11-05 15:00:04.167 W/android.permission.PermissionManager( 484): Missing ActivityManager; assuming 1000 holds android.permission.SET_PREFERRED_APPLICATIONS
11-05 15:00:04.167 W/android.permission.PermissionManager( 484): Missing ActivityManager; assuming 1000 holds android.permission.SET_PREFERRED_APPLICATIONS
11-05 15:00:04.167 W/android.permission.PermissionManager( 484): Missing ActivityManager; assuming 1000 holds android.permission.SET_PREFERRED_APPLICATIONS
11-05 15:00:04.168 W/android.permission.PermissionManager( 484): Missing ActivityManager; assuming 1000 holds android.permission.SET_PREFERRED_APPLICATIONS
11-05 15:00:04.168 W/android.permission.PermissionManager( 484): Missing ActivityManager; assuming 1000 holds android.permission.SET_PREFERRED_APPLICATIONS
11-05 15:00:04.168 W/android.permission.PermissionManager( 484): Missing ActivityManager; assuming 1000 holds android.permission.SET_PREFERRED_APPLICATIONS
11-05 15:00:04.168 W/android.permission.PermissionManager( 484): Missing ActivityManager; assuming 1000 holds android.permission.SET_PREFERRED_APPLICATIONS
11-05 15:00:04.168 W/android.permission.PermissionManager( 484): Missing ActivityManager; assuming 1000 holds android.permission.SET_PREFERRED_APPLICATIONS
11-05 15:00:04.169 W/android.permission.PermissionManager( 484): Missing ActivityManager; assuming 1000 holds android.permission.SET_PREFERRED_APPLICATIONS
11-05 15:00:04.169 W/android.permission.PermissionManager( 484): Missing ActivityManager; assuming 1000 holds android.permission.SET_PREFERRED_APPLICATIONS
11-05 15:00:04.169 W/android.permission.PermissionManager( 484): Missing ActivityManager; assuming 1000 holds android.permission.SET_PREFERRED_APPLICATIONS
11-05 15:00:04.169 W/android.permission.PermissionManager( 484): Missing ActivityManager; assuming 1000 holds android.permission.SET_PREFERRED_APPLICATIONS
11-05 15:00:04.170 W/android.permission.PermissionManager( 484): Missing ActivityManager; assuming 1000 holds android.permission.SET_PREFERRED_APPLICATIONS
11-05 15:00:04.170 W/android.permission.PermissionManager( 484): Missing ActivityManager; assuming 1000 holds android.permission.SET_PREFERRED_APPLICATIONS
11-05 15:00:04.170 W/android.permission.PermissionManager( 484): Missing ActivityManager; assuming 1000 holds android.permission.SET_PREFERRED_APPLICATIONS
11-05 15:00:04.170 W/android.permission.PermissionManager( 484): Missing ActivityManager; assuming 1000 holds android.permission.SET_PREFERRED_APPLICATIONS
11-05 15:00:04.171 W/android.permission.PermissionManager( 484): Missing ActivityManager; assuming 1000 holds android.permission.SET_PREFERRED_APPLICATIONS
11-05 15:00:04.171 W/android.permission.PermissionManager( 484): Missing ActivityManager; assuming 1000 holds android.permission.SET_PREFERRED_APPLICATIONS
11-05 15:00:04.171 W/android.permission.PermissionManager( 484): Missing ActivityManager; assuming 1000 holds android.permission.SET_PREFERRED_APPLICATIONS
11-05 15:00:04.171 W/android.permission.PermissionManager( 484): Missing ActivityManager; assuming 1000 holds android.permission.SET_PREFERRED_APPLICATIONS
11-05 15:00:04.171 W/android.permission.PermissionManager( 484): Missing ActivityManager; assuming 1000 holds android.permission.SET_PREFERRED_APPLICATIONS
11-05 15:00:04.172 W/android.permission.PermissionManager( 484): Missing ActivityManager; assuming 1000 holds android.permission.SET_PREFERRED_APPLICATIONS
11-05 15:00:04.172 W/android.permission.PermissionManager( 484): Missing ActivityManager; assuming 1000 holds android.permission.SET_PREFERRED_APPLICATIONS
11-05 15:00:04.172 W/android.permission.PermissionManager( 484): Missing ActivityManager; assuming 1000 holds android.permission.SET_PREFERRED_APPLICATIONS
11-05 15:00:04.172 W/android.permission.PermissionManager( 484): Missing ActivityManager; assuming 1000 holds android.permission.SET_PREFERRED_APPLICATIONS
11-05 15:00:04.173 W/android.permission.PermissionManager( 484): Missing ActivityManager; assuming 1000 holds android.permission.SET_PREFERRED_APPLICATIONS
11-05 15:00:04.173 W/android.permission.PermissionManager( 484): Missing ActivityManager; assuming 1000 holds android.permission.SET_PREFERRED_APPLICATIONS
11-05 15:00:04.173 W/android.permission.PermissionManager( 484): Missing ActivityManager; assuming 1000 holds android.permission.SET_PREFERRED_APPLICATIONS
11-05 15:00:04.173 W/android.permission.PermissionManager( 484): Missing ActivityManager; assuming 1000 holds android.permission.SET_PREFERRED_APPLICATIONS
11-05 15:00:04.173 W/android.permission.PermissionManager( 484): Missing ActivityManager; assuming 1000 holds android.permission.SET_PREFERRED_APPLICATIONS
11-05 15:00:04.174 W/android.permission.PermissionManager( 484): Missing ActivityManager; assuming 1000 holds android.permission.SET_PREFERRED_APPLICATIONS
11-05 15:00:04.174 W/android.permission.PermissionManager( 484): Missing ActivityManager; assuming 1000 holds android.permission.SET_PREFERRED_APPLICATIONS
11-05 15:00:04.174 W/android.permission.PermissionManager( 484): Missing ActivityManager; assuming 1000 holds android.permission.SET_PREFERRED_APPLICATIONS
11-05 15:00:04.174 W/android.permission.PermissionManager( 484): Missing ActivityManager; assuming 1000 holds android.permission.SET_PREFERRED_APPLICATIONS
11-05 15:00:04.175 W/android.permission.PermissionManager( 484): Missing ActivityManager; assuming 1000 holds android.permission.SET_PREFERRED_APPLICATIONS
11-05 15:00:04.175 W/android.permission.PermissionManager( 484): Missing ActivityManager; assuming 1000 holds android.permission.SET_PREFERRED_APPLICATIONS
11-05 15:00:04.175 W/android.permission.PermissionManager( 484): Missing ActivityManager; assuming 1000 holds android.permission.SET_PREFERRED_APPLICATIONS
11-05 15:00:04.175 W/android.permission.PermissionManager( 484): Missing ActivityManager; assuming 1000 holds android.permission.SET_PREFERRED_APPLICATIONS
11-05 15:00:04.175 W/android.permission.PermissionManager( 484): Missing ActivityManager; assuming 1000 holds android.permission.SET_PREFERRED_APPLICATIONS
11-05 15:00:04.176 W/android.permission.PermissionManager( 484): Missing ActivityManager; assuming 1000 holds android.permission.SET_PREFERRED_APPLICATIONS
11-05 15:00:04.176 W/android.permission.PermissionManager( 484): Missing ActivityManager; assuming 1000 holds android.permission.SET_PREFERRED_APPLICATIONS
11-05 15:00:04.176 W/android.permission.PermissionManager( 484): Missing ActivityManager; assuming 1000 holds android.permission.SET_PREFERRED_APPLICATIONS
11-05 15:00:04.176 W/android.permission.PermissionManager( 484): Missing ActivityManager; assuming 1000 holds android.permission.SET_PREFERRED_APPLICATIONS
11-05 15:00:04.177 W/android.permission.PermissionManager( 484): Missing ActivityManager; assuming 1000 holds android.permission.SET_PREFERRED_APPLICATIONS
11-05 15:00:04.177 W/android.permission.PermissionManager( 484): Missing ActivityManager; assuming 1000 holds android.permission.SET_PREFERRED_APPLICATIONS
11-05 15:00:04.177 W/android.permission.PermissionManager( 484): Missing ActivityManager; assuming 1000 holds android.permission.SET_PREFERRED_APPLICATIONS
11-05 15:00:04.177 W/android.permission.PermissionManager( 484): Missing ActivityManager; assuming 1000 holds android.permission.SET_PREFERRED_APPLICATIONS
11-05 15:00:04.178 W/android.permission.PermissionManager( 484): Missing ActivityManager; assuming 1000 holds android.permission.SET_PREFERRED_APPLICATIONS
11-05 15:00:04.178 W/android.permission.PermissionManager( 484): Missing ActivityManager; assuming 1000 holds android.permission.SET_PREFERRED_APPLICATIONS
11-05 15:00:04.178 W/android.permission.PermissionManager( 484): Missing ActivityManager; assuming 1000 holds android.permission.SET_PREFERRED_APPLICATIONS
11-05 15:00:04.178 W/android.permission.PermissionManager( 484): Missing ActivityManager; assuming 1000 holds android.permission.SET_PREFERRED_APPLICATIONS
11-05 15:00:04.178 W/android.permission.PermissionManager( 484): Missing ActivityManager; assuming 1000 holds android.permission.SET_PREFERRED_APPLICATIONS
11-05 15:00:04.179 W/android.permission.PermissionManager( 484): Missing ActivityManager; assuming 1000 holds android.permission.SET_PREFERRED_APPLICATIONS
11-05 15:00:04.179 W/android.permission.PermissionManager( 484): Missing ActivityManager; assuming 1000 holds android.permission.SET_PREFERRED_APPLICATIONS
11-05 15:00:04.179 W/android.permission.PermissionManager( 484): Missing ActivityManager; assuming 1000 holds android.permission.SET_PREFERRED_APPLICATIONS
11-05 15:00:04.179 W/android.permission.PermissionManager( 484): Missing ActivityManager; assuming 1000 holds android.permission.SET_PREFERRED_APPLICATIONS
11-05 15:00:04.179 W/android.permission.PermissionManager( 484): Missing ActivityManager; assuming 1000 holds android.permission.SET_PREFERRED_APPLICATIONS
11-05 15:00:04.180 W/android.permission.PermissionManager( 484): Missing ActivityManager; assuming 1000 holds android.permission.SET_PREFERRED_APPLICATIONS
11-05 15:00:04.180 W/android.permission.PermissionManager( 484): Missing ActivityManager; assuming 1000 holds android.permission.SET_PREFERRED_APPLICATIONS
11-05 15:00:04.180 W/android.permission.PermissionManager( 484): Missing ActivityManager; assuming 1000 holds android.permission.SET_PREFERRED_APPLICATIONS
11-05 15:00:04.180 W/android.permission.PermissionManager( 484): Missing ActivityManager; assuming 1000 holds android.permission.SET_PREFERRED_APPLICATIONS
11-05 15:00:04.181 W/android.permission.PermissionManager( 484): Missing ActivityManager; assuming 1000 holds android.permission.SET_PREFERRED_APPLICATIONS
11-05 15:00:04.181 W/android.permission.PermissionManager( 484): Missing ActivityManager; assuming 1000 holds android.permission.SET_PREFERRED_APPLICATIONS
11-05 15:00:04.181 W/android.permission.PermissionManager( 484): Missing ActivityManager; assuming 1000 holds android.permission.SET_PREFERRED_APPLICATIONS
11-05 15:00:04.181 W/android.permission.PermissionManager( 484): Missing ActivityManager; assuming 1000 holds android.permission.SET_PREFERRED_APPLICATIONS
11-05 15:00:04.182 W/android.permission.PermissionManager( 484): Missing ActivityManager; assuming 1000 holds android.permission.SET_PREFERRED_APPLICATIONS
11-05 15:00:04.182 W/android.permission.PermissionManager( 484): Missing ActivityManager; assuming 1000 holds android.permission.SET_PREFERRED_APPLICATIONS
11-05 15:00:04.182 W/android.permission.PermissionManager( 484): Missing ActivityManager; assuming 1000 holds android.permission.SET_PREFERRED_APPLICATIONS
11-05 15:00:04.182 W/android.permission.PermissionManager( 484): Missing ActivityManager; assuming 1000 holds android.permission.SET_PREFERRED_APPLICATIONS
11-05 15:00:04.183 W/android.permission.PermissionManager( 484): Missing ActivityManager; assuming 1000 holds android.permission.SET_PREFERRED_APPLICATIONS
11-05 15:00:04.183 W/android.permission.PermissionManager( 484): Missing ActivityManager; assuming 1000 holds android.permission.SET_PREFERRED_APPLICATIONS
11-05 15:00:04.183 W/android.permission.PermissionManager( 484): Missing ActivityManager; assuming 1000 holds android.permission.SET_PREFERRED_APPLICATIONS
11-05 15:00:04.183 W/android.permission.PermissionManager( 484): Missing ActivityManager; assuming 1000 holds android.permission.SET_PREFERRED_APPLICATIONS
11-05 15:00:04.184 W/android.permission.PermissionManager( 484): Missing ActivityManager; assuming 1000 holds android.permission.SET_PREFERRED_APPLICATIONS
11-05 15:00:04.211 W/PackageSettings( 484): Missing permission state for package: com.android.cts.priv.ctsshim
11-05 15:00:04.211 W/PackageSettings( 484): Missing permission state for package: com.android.internal.systemui.navbar.gestural_wide_back
11-05 15:00:04.211 W/PackageSettings( 484): Missing permission state for package: com.softwinner.awlogsettings
11-05 15:00:04.212 W/PackageSettings( 484): Missing permission state for package: com.android.htmlviewer
11-05 15:00:04.212 W/PackageSettings( 484): Missing permission state for package: com.android.internal.systemui.onehanded.gestural
11-05 15:00:04.212 W/PackageSettings( 484): Missing permission state for package: com.android.simappdialog
11-05 15:00:04.212 W/PackageSettings( 484): Missing permission state for package: com.android.connectivity.resources
11-05 15:00:04.212 W/PackageSettings( 484): Missing permission state for package: com.android.modulemetadata
11-05 15:00:04.212 W/PackageSettings( 484): Missing permission state for package: com.google.android.apps.searchlite.overlay
11-05 15:00:04.212 W/PackageSettings( 484): Missing permission state for package: com.android.internal.systemui.navbar.threebutton
11-05 15:00:04.212 W/PackageSettings( 484): Missing permission state for package: com.google.android.networkstackconfig
11-05 15:00:04.213 W/PackageSettings( 484): Missing permission state for package: com.android.internal.systemui.navbar.gestural_extra_wide_back
11-05 15:00:04.213 W/PackageSettings( 484): Missing permission state for package: com.android.dreams.basic
11-05 15:00:04.213 W/PackageSettings( 484): Missing permission state for package: android.ext.shared
11-05 15:00:04.213 W/PackageSettings( 484): Missing permission state for package: com.google.android.networkstack.tetheringconfig
11-05 15:00:04.213 W/PackageSettings( 484): Missing permission state for package: com.android.wifi.resources
11-05 15:00:04.213 W/PackageSettings( 484): Missing permission state for package: com.android.theme.font.notoserifsource
11-05 15:00:04.213 W/PackageSettings( 484): Missing permission state for package: com.allwinnertech.packageoverride
11-05 15:00:04.214 W/PackageSettings( 484): Missing permission state for package: com.android.bookmarkprovider
11-05 15:00:04.214 W/PackageSettings( 484): Missing permission state for package: com.android.cts.ctsshim
11-05 15:00:04.214 W/PackageSettings( 484): Missing permission state for package: com.softwinner.theme.icon
11-05 15:00:04.214 W/PackageSettings( 484): Missing permission state for package: com.softwinner.theme.color
11-05 15:00:04.214 W/PackageSettings( 484): Missing permission state for package: com.android.internal.systemui.navbar.gestural
11-05 15:00:04.214 W/PackageSettings( 484): Missing permission state for package: com.android.internal.systemui.navbar.gestural_narrow_back
11-05 15:00:04.214 W/PackageSettings( 484): Missing permission state for package: android.auto_generated_rro_vendor__
11-05 15:00:04.216 W/PackageSettings( 484): Missing permission state for shared user: android.uid.log
11-05 15:00:04.216 W/PackageSettings( 484): Missing permission state for shared user: android.uid.nfc
11-05 15:00:04.216 W/PackageSettings( 484): Missing permission state for shared user: android.uid.uwb
11-05 15:00:04.225 D/PackageManager( 484): Keeping known cache e6453dddd246577f48a6197c835afb128715b597
11-05 15:00:04.227 D/PackageManager( 484): No files in app dir /system/system_ext/overlay
11-05 15:00:04.241 I/PackageBackwardCompatibility( 484): Loaded android.content.pm.AndroidTestBaseUpdater
11-05 15:00:04.243 D/CompatibilityChangeReporter( 484): Compat change id reported: 143539591; UID -1; state: ENABLED
11-05 15:00:04.246 W/ServiceManager( 240): Service statscompanion didn't start. Returning NULL
11-05 15:00:04.249 I/statsd ( 240): Statsd starts to listen to socket.
11-05 15:00:04.269 D/PackageManager( 484): No files in app dir /oem/overlay
11-05 15:00:04.269 D/PackageManager( 484): No files in app dir /odm/overlay
11-05 15:00:04.278 W/PackageManager( 484): Failed to parse /system/framework/arm: Missing base APK in /system/framework/arm
11-05 15:00:04.278 W/PackageManager( 484): Failed to parse /system/framework/oat: Missing base APK in /system/framework/oat/arm
11-05 15:00:04.368 D/CompatibilityChangeReporter( 484): Compat change id reported: 143539591; UID -1; state: DISABLED
11-05 15:00:04.368 D/CompatibilityChangeReporter( 484): Compat change id reported: 168782947; UID -1; state: DISABLED
11-05 15:00:04.386 D/PackageParsing( 484): homlet: force set orientation: 0
11-05 15:00:04.388 D/CompatibilityChangeReporter( 484): Compat change id reported: 150232615; UID -1; state: ENABLED
11-05 15:00:04.405 D/CompatibilityChangeReporter( 484): Compat change id reported: 168782947; UID -1; state: ENABLED
11-05 15:00:04.487 W/PackageManager( 484): Provider ComponentInfo{com.dangbei.leard.leradlauncher/androidx.core.content.FileProvider} already defined; ignoring
11-05 15:00:04.495 W/PackageManager( 484): Failed to parse /system/priv-app/SettingsAssist: /system/priv-app/SettingsAssist/SettingsAssist.apk (at Binary XML file line #34): com.softwinner.settingsassist.Recovery: Targeting S+ (version 31 and above) requires that an explicit value for android:exported be defined when intent filters are present
11-05 15:00:04.589 I/system_server( 484): Background young concurrent copying GC freed 187405(9940KB) AllocSpace objects, 112(2748KB) LOS objects, 78% free, 6643KB/30MB, paused 3.727ms total 256.108ms
11-05 15:00:04.644 D/PackageManager( 484): No files in app dir /vendor/priv-app
11-05 15:00:04.644 D/PackageManager( 484): No files in app dir /vendor/app
11-05 15:00:04.644 D/PackageManager( 484): No files in app dir /odm/priv-app
11-05 15:00:04.645 D/PackageManager( 484): No files in app dir /odm/app
11-05 15:00:04.645 D/PackageManager( 484): No files in app dir /oem/priv-app
11-05 15:00:04.645 D/PackageManager( 484): No files in app dir /oem/app
11-05 15:00:04.732 D/PackageManager( 484): No files in app dir /apex/com.android.vndk.v31/priv-app
11-05 15:00:04.733 D/PackageManager( 484): No files in app dir /apex/com.android.vndk.v31/app
11-05 15:00:04.733 D/PackageManager( 484): No files in app dir /apex/com.android.tzdata/priv-app
11-05 15:00:04.733 D/PackageManager( 484): No files in app dir /apex/com.android.tzdata/app
11-05 15:00:04.740 D/PackageManager( 484): No files in app dir /apex/com.android.tethering/app
11-05 15:00:04.740 D/PackageManager( 484): No files in app dir /apex/com.android.sdkext/priv-app
11-05 15:00:04.741 D/PackageManager( 484): No files in app dir /apex/com.android.sdkext/app
11-05 15:00:04.741 D/PackageManager( 484): No files in app dir /apex/com.android.scheduling/priv-app
11-05 15:00:04.741 D/PackageManager( 484): No files in app dir /apex/com.android.scheduling/app
11-05 15:00:04.741 D/PackageManager( 484): No files in app dir /apex/com.android.runtime/priv-app
11-05 15:00:04.741 D/PackageManager( 484): No files in app dir /apex/com.android.runtime/app
11-05 15:00:04.741 D/PackageManager( 484): No files in app dir /apex/com.android.resolv/priv-app
11-05 15:00:04.741 D/PackageManager( 484): No files in app dir /apex/com.android.resolv/app
11-05 15:00:04.752 D/PackageManager( 484): No files in app dir /apex/com.android.permission/app
11-05 15:00:04.752 D/PackageManager( 484): No files in app dir /apex/com.android.os.statsd/priv-app
11-05 15:00:04.752 D/PackageManager( 484): No files in app dir /apex/com.android.os.statsd/app
11-05 15:00:04.752 D/PackageManager( 484): No files in app dir /apex/com.android.neuralnetworks/priv-app
11-05 15:00:04.752 D/PackageManager( 484): No files in app dir /apex/com.android.neuralnetworks/app
11-05 15:00:04.759 D/PackageManager( 484): No files in app dir /apex/com.android.mediaprovider/app
11-05 15:00:04.759 D/PackageManager( 484): No files in app dir /apex/com.android.media.swcodec/priv-app
11-05 15:00:04.759 D/PackageManager( 484): No files in app dir /apex/com.android.media.swcodec/app
11-05 15:00:04.759 D/PackageManager( 484): No files in app dir /apex/com.android.media/priv-app
11-05 15:00:04.760 D/PackageManager( 484): No files in app dir /apex/com.android.media/app
11-05 15:00:04.760 D/PackageManager( 484): No files in app dir /apex/com.android.ipsec/priv-app
11-05 15:00:04.760 D/PackageManager( 484): No files in app dir /apex/com.android.ipsec/app
11-05 15:00:04.760 D/PackageManager( 484): No files in app dir /apex/com.android.i18n/priv-app
11-05 15:00:04.760 D/PackageManager( 484): No files in app dir /apex/com.android.i18n/app
11-05 15:00:04.766 D/PackageManager( 484): No files in app dir /apex/com.android.extservices/app
11-05 15:00:04.766 D/PackageManager( 484): No files in app dir /apex/com.android.conscrypt/priv-app
11-05 15:00:04.766 D/PackageManager( 484): No files in app dir /apex/com.android.conscrypt/app
11-05 15:00:04.766 D/PackageManager( 484): No files in app dir /apex/com.android.art/priv-app
11-05 15:00:04.767 D/PackageManager( 484): No files in app dir /apex/com.android.art/app
11-05 15:00:04.767 D/PackageManager( 484): No files in app dir /apex/com.android.appsearch/priv-app
11-05 15:00:04.767 D/PackageManager( 484): No files in app dir /apex/com.android.appsearch/app
11-05 15:00:04.767 D/PackageManager( 484): No files in app dir /apex/com.android.adbd/priv-app
11-05 15:00:04.767 D/PackageManager( 484): No files in app dir /apex/com.android.adbd/app
