11-05 15:00:26.839 I/MultiDex( 2664): VM has multidex support, MultiDex support library is disabled.
11-05 15:00:26.841 W/.filemanager.o( 2664): Accessing hidden field Landroid/app/ActivityThread;->mHiddenApiWarningShown:Z (max-target-o, reflection, denied)
11-05 15:00:26.842 W/System.err( 2664): java.lang.NoSuchFieldException: No field mHiddenApiWarningShown in class Landroid/app/ActivityThread; (declaration of 'android.app.ActivityThread' appears in /system/framework/framework.jar)
11-05 15:00:26.842 W/System.err( 2664): at java.lang.Class.getDeclaredField(Native Method)
11-05 15:00:26.842 W/System.err( 2664): at com.dangbei.lerad.filemanager.application.App.disableAPIDialog(App.java:166)
11-05 15:00:26.842 W/System.err( 2664): at com.dangbei.lerad.filemanager.application.App.onCreate(App.java:95)
11-05 15:00:26.842 W/System.err( 2664): at android.app.Instrumentation.callApplicationOnCreate(Instrumentation.java:1211)
11-05 15:00:26.842 W/System.err( 2664): at android.app.ActivityThread.handleBindApplication(ActivityThread.java:6740)
11-05 15:00:26.842 W/System.err( 2664): at android.app.ActivityThread.access$1500(ActivityThread.java:247)
11-05 15:00:26.842 W/System.err( 2664): at android.app.ActivityThread$H.handleMessage(ActivityThread.java:2053)
11-05 15:00:26.842 W/System.err( 2664): at android.os.Handler.dispatchMessage(Handler.java:106)
11-05 15:00:26.842 W/System.err( 2664): at android.os.Looper.loopOnce(Looper.java:201)
11-05 15:00:26.842 W/System.err( 2664): at android.os.Looper.loop(Looper.java:288)
11-05 15:00:26.842 W/System.err( 2664): at android.app.ActivityThread.main(ActivityThread.java:7854)
11-05 15:00:26.842 W/System.err( 2664): at java.lang.reflect.Method.invoke(Native Method)
11-05 15:00:26.842 W/System.err( 2664): at com.android.internal.os.RuntimeInit$MethodAndArgsCaller.run(RuntimeInit.java:548)
11-05 15:00:26.842 W/System.err( 2664): at com.android.internal.os.ZygoteInit.main(ZygoteInit.java:1182)
11-05 15:00:26.853 E/ActivityThread( 2664): Failed to find provider info for lerad.provider.etna
11-05 15:00:26.875 D/USBReceiver( 2664): usb > onReceive: action = android.intent.action.MEDIA_MOUNTED
11-05 15:00:26.878 I/ActivityManager( 484): Killing 1112:com.android.keychain/1000 (adj 985): empty #17
11-05 15:00:26.882 I/libprocessgroup( 484): Successfully killed process cgroup uid 1000 pid 1112 in 0ms
11-05 15:00:26.905 I/hq ( 1130): hq:::tag=requestNavData_3978_14229 请求结果={"code":0,"data":{"cacheTime":0,"list":[{"img":"","items":[{"desc":"【第14集起大会员专享】主角秦牧,幼时被一女尸托举至涌江边并被司婆婆捡到,村长根据玉佩上的字为其取名为“秦牧”。被一只母牛哺乳长大,是天生凡体,但被村长骗为霸体,修炼霸体三丹功。后走出大墟闯荡,进入京城,拜入太学院。历经考验成为天魔教教主,并被延康国封为第一任太学博士。秦牧在延康国叛乱之战中引来魔神,掀起浩荡风云,后随武可汗入楼兰黄金宫,一个人打遍圣宫无敌手,麻翻无数大巫,盗走无数珍宝。后返回延康,助国师平叛、入京城斩杀太子、造射日神炮。秦牧得人皇传承成为新一代人皇。机缘巧合下遇到了亲生父亲,揭开了自己的身世,借助道门小玉京等人的帮助,开启了道法神通改革的大世。一步步逐渐成长,作为延康变法三杰之一,为芸芸众生而战。","focusPic":"","jumpConfig":{"appInfo":{"kw":"6884","packageName":null,"type":"appid"},"limitVipId":null,"link":null,"mParameter":null,"param":{"actionObject":{"actionString":"","actionUri":"yst://com.xiaodianshi.tv.yst?epId=&from=dangbeios&fullscreen=1&isBangumi=1&out=1&resource=1186780018&seasonId=45969&stay=1&type=3&zoneId=38","componentString":null},"appName":null,"args":[],"category":[],"flags":268435488,"intentType":2,"packageName":"com.xiaodianshi.tv.yst","startType":0,"versionCode":null},"source":null,"type":1},"pic":"https://zmimg.dangbei.net/operatecenter/20250515/zj98qi7gsg9qg.png","statistics":{"params":[{"key":"content_type","val":"0"},{"key":"content_source","val":"2"}],"switch":1},"subTitle":"","title":"牧神记"},{"desc":"这是一个由人们的信赖造就英雄的世界,而获得最多信赖的英雄被誉为——X。在这个世界里,人们的信赖是可以被数据统计出来的,并且这些数值会反映在每个人的手腕上。只要获得足够多的信赖值,普通人也能拥有超能力,成为拯救世界的超级英雄。然而,持续变化的信赖值让英雄之路充满未知……","focusPic":"","jumpConfig":{"appInfo":{"kw":"6884","packageName":null,"type":"appid"},"limitVipId":null,"link":null,"mParameter":null,"param":{"actionObject":{"actionString":"","actionUri":"yst://com.xiaodianshi.tv.yst?epId=&from=dangbeios&fullscreen=1&isBangumi=1&out=1&resource=1186780018&seasonId=43554&stay=1&type=3&zoneId=38","componentString":null},"appName":null,"args":[],"category":[],"flags":268435488,"intentType":2,"packageName":"com.xiaodianshi.tv.yst","startType":0,"versionCode":null},"source":null,"type":1},"pic":"https://zmimg.dangbei.net/operatecenter/20250417/fvmbq8s4864az.png","statistics":{"params":[{"key":"content_type","val":"0"},{"key":"content_source","val":"2"}],"switch":1},"subTitle":"","title":"凸变英雄X"},{"desc":"看机智的凡人小子韩立如何稳健发展、步步为营,战魔道、夺至宝、驰骋星海、快意恩仇,成为纵横三界的强者。他日仙界重相逢,一声道友尽沧桑。","focusPic":"","jumpConfig":{"appInfo":{"kw":"6884","packageName":null,"type":"appid"},"limitVipId":null,"link":null,"mParameter":null,"param":{"actionObject":{"actionString":"","actionUri":"yst://com.xiaodianshi.tv.yst?epId=&from=dangbeios&fullscreen=1&isBangumi=1&out=1&resource=1186780018&seasonId=28747&stay=1&type=3&zoneId=38","componentString":null},"appName":null,"args":[],"category":[],"flags":268435488,"intentType":2,"packageName":"com.xiaodianshi.tv.yst","startType":0,"versionCode":null},"source":null,"type":1},"pic":"https://zmimg.dangbei.net/operatecenter/20240829/fmziauwc0h63l.png","statistics":{"params":[{"key":"content_type","val":"0"},{"key":"content_source","val":"2"}],"switch":1},"subTitle":"","title":"凡人修仙传"},{"desc":"为应对即将入侵地球的三体人,航天博士程心主持了对三体舰队主动侦查的阶梯计划,将身患绝症的云天明捐赠的大脑送
11-05 15:00:26.917 I/hq ( 1130): hq:::curl -X GET "https://ottdbui-tyapiqun7.yysh.mgtv.com/v1/agile/navData?id=06IsZd1IQ9o%3D&pageId=nCx4Hb0sEYU%3D&type=ekxwP%2B5a0j0%3D&rommodelnumber=40I2XonQAUU%3D&cpuserial=PlZpqfc1JpxOOZ0anAV38AcloAYinsDQ&pattern=4Beei9NZNdo%3D&rommodel=Pqlpla5YRarwmFg%2B5VG%2FRQ%3D%3D&sn=ia%2FaFKiHtUJo0HCvzs4gKS1PBA%2F2QVm5&lang=vT%2FCsDI%2Fr10%3D&brand=elfd%2FN0Mw6U%3D&theme=L%2B%2FPU%2FFQgEY%3D&vcode=o%2BppAkqptlQ%3D&vname=oql4Ml1tHJc%3D&license=Hs4jp68qr9I%3D&channel=TIQ8TWTDuwcufJjk0AcBhA%3D%3D&packagename=qzBdBNULiCmiu3CIMurjL7PIryC36aZ2YdCJzQtyjcQ%3D&romvercode=BhA8%2F38Giec%3D&romvername=UDOuEwwco6o%3D&network=4Beei9NZNdo%3D&deviceEid=uSuGjXxL1dquKF1QG%2BzuNgcKc1GMhNRjqypkEmW7WV4lQRKF1DwATA%3D%3D&mac=iP4TVZLko9UsEdSbENu6i8HfL7VxZFhy&userid=pctYUOG3RH0%3D"
11-05 15:00:26.920 I/ActivityManager( 484): com.oranth.usbopenft is exempt from freezer
11-05 15:00:26.921 D/CompatibilityChangeReporter( 484): Compat change id reported: 135634846; UID 1000; state: DISABLED
11-05 15:00:26.945 D/Zygote ( 242): Forked child process 2722
11-05 15:00:26.946 I/Zygote ( 242): Process 1112 exited due to signal 9 (Killed)
11-05 15:00:26.948 I/ActivityManager( 484): app.processName = com.oranth.usbopenft
11-05 15:00:26.948 I/ActivityManager( 484): Start proc 2722:com.oranth.usbopenft/1000 for broadcast {com.oranth.usbopenft/com.oranth.usbopenft.UsbReceiver}
11-05 15:00:26.953 I/Zygote ( 2722): seccomp disabled by setenforce 0
11-05 15:00:26.960 I/rainbow_flow( 2276): type=1400 audit(0.0:1287): avc: denied { ioctl } for path="/dev/spidev1.0" dev="tmpfs" ino=1229 ioctlcmd=0x6b00 scontext=u:r:init:s0 tcontext=u:object_r:device:s0 tclass=chr_file permissive=1
11-05 15:00:26.971 I/adbd ( 396): jdwp connection from 2722
11-05 15:00:26.989 D/CompatibilityChangeReporter( 484): Compat change id reported: 168419799; UID 1000; state: DISABLED
11-05 15:00:26.997 D/CompatibilityChangeReporter( 2722): Compat change id reported: 171979766; UID 1000; state: ENABLED
11-05 15:00:27.038 V/GraphicsEnvironment( 2722): ANGLE Developer option for 'com.oranth.usbopenft' set to: 'default'
11-05 15:00:27.038 V/GraphicsEnvironment( 2722): Neither updatable production driver nor prerelease driver is supported.
11-05 15:00:27.040 D/NetworkSecurityConfig( 2722): No Network Security Config specified, using platform default
11-05 15:00:27.042 D/NetworkSecurityConfig( 2722): No Network Security Config specified, using platform default
11-05 15:00:27.052 I/hq ( 1130): hq:::curl -X POST -H "Content-Type:application/x-www-form-urlencoded" -d 'rommodelnumber=40I2XonQAUU%3D&cpuserial=PlZpqfc1JpxOOZ0anAV38AcloAYinsDQ&pattern=4Beei9NZNdo%3D&rommodel=Pqlpla5YRarwmFg%2B5VG%2FRQ%3D%3D&sn=ia%2FaFKiHtUJo0HCvzs4gKS1PBA%2F2QVm5&lang=vT%2FCsDI%2Fr10%3D&brand=elfd%2FN0Mw6U%3D&theme=L%2B%2FPU%2FFQgEY%3D&vcode=o%2BppAkqptlQ%3D&vname=oql4Ml1tHJc%3D&license=Hs4jp68qr9I%3D&channel=TIQ8TWTDuwcufJjk0AcBhA%3D%3D&packagename=qzBdBNULiCmiu3CIMurjL7PIryC36aZ2YdCJzQtyjcQ%3D&romvercode=BhA8%2F38Giec%3D&romvername=UDOuEwwco6o%3D&network=4Beei9NZNdo%3D&deviceEid=uSuGjXxL1dquKF1QG%2BzuNgcKc1GMhNRjqypkEmW7WV4lQRKF1DwATA%3D%3D&mac=iP4TVZLko9UsEdSbENu6i8HfL7VxZFhy&userid=pctYUOG3RH0%3D' "https://ottdbui-tyapiqun7.yysh.mgtv.com/v1/message/getpopmsgId"
11-05 15:00:27.053 D/ExternalStorage( 2617): After updating volumes, found 2 active roots
11-05 15:00:27.056 I/ActivityManager( 484): Killing 1271:com.dangbei.screencast/u0a24 (adj 985): empty #17
11-05 15:00:27.067 I/init ( 1): Untracked pid 1768 exited with status 0
11-05 15:00:27.068 W/IorapForwardingService( 484): No service published for: iorapd
11-05 15:00:27.070 D/DiskReceiver( 834): Scanning volume: VolumeInfo{emulated;0}:
11-05 15:00:27.070 D/DiskReceiver( 834): type=EMULATED diskId=null partGuid= mountFlags=PRIMARY|VISIBLE
11-05 15:00:27.070 D/DiskReceiver( 834): mountUserId=0 state=MOUNTED
11-05 15:00:27.070 D/DiskReceiver( 834): fsType=null fsUuid=null fsLabel=null
11-05 15:00:27.070 D/DiskReceiver( 834): path=/storage/emulated internalPath=/data/media
11-05 15:00:27.075 D/USBReceiver( 2664): usb > onReceive: action = android.intent.action.MEDIA_MOUNTED
11-05 15:00:27.100 I/Zygote ( 242): Process 1271 exited due to signal 9 (Killed)
11-05 15:00:27.102 D/BufferPoolAccessor2.0( 388): bufferpool2 0xe95dacd8 : 0(0 size) total buffers - 0(0 size) used buffers - 15/19 (recycle/alloc) - 4/18 (fetch/transfer)
11-05 15:00:27.102 D/BufferPoolAccessor2.0( 388): bufferpool2 0xe95da418 : 0(0 size) total buffers - 0(0 size) used buffers - 19/23 (recycle/alloc) - 4/22 (fetch/transfer)
11-05 15:00:27.102 D/BufferPoolAccessor2.0( 388): evictor expired: 2, evicted: 2
11-05 15:00:27.103 D/BufferPoolAccessor2.0( 484): bufferpool2 0xf1636398 : 0(0 size) total buffers - 0(0 size) used buffers - 2/7 (recycle/alloc) - 5/50 (fetch/transfer)
11-05 15:00:27.103 D/BufferPoolAccessor2.0( 484): bufferpool2 0xf3814458 : 0(0 size) total buffers - 0(0 size) used buffers - 1/7 (recycle/alloc) - 6/42 (fetch/transfer)
11-05 15:00:27.104 D/BufferPoolAccessor2.0( 484): evictor expired: 2, evicted: 2
11-05 15:00:27.104 I/libprocessgroup( 484): Successfully killed process cgroup uid 10024 pid 1271 in 46ms
11-05 15:00:27.108 D/CompatibilityChangeReporter( 484): Compat change id reported: 135634846; UID 10024; state: DISABLED
11-05 15:00:27.109 D/CompatibilityChangeReporter( 484): Compat change id reported: 143937733; UID 10024; state: DISABLED
11-05 15:00:27.114 I/hq ( 1130): hq:::tag=requestNavData_4087_14549 请求结果={"code":0,"data":{"cacheTime":0,"list":[{"img":"","items":[{"desc":"楚瑜的父亲战死沙场,身负重伤的兄长向她透露此中之事绝不简单,她立誓定要将真相查明。卫家在一场战役中遭遇惨败,卫家仅小儿子卫韫一人存活。楚瑜嫁入卫家,以已逝大哥遗孀的身份展开调查,起初卫韫心怀戒备,在之后的相处中被楚瑜所打动。楚瑜卫韫在此过程中几经生死、情愫渐生。他们历经生死考验,共同抵御外敌,深入调查真相,携手守护大好山河。","focusPic":"","jumpConfig":{"appInfo":{"kw":"7842","packageName":null,"type":"appid"},"limitVipId":null,"link":null,"mParameter":null,"param":{"actionObject":{"actionString":"com.tencent.qqlivetv.open","actionUri":"tenvideo2://?pull_from=101000&action=1&cover_id=mzc00200ado86os&stay_flag=0&home_flag=0&is_child_mode=1","componentString":null},"appName":null,"args":[],"category":[],"flags":0,"intentType":2,"packageName":"com.ktcp.video","startType":0,"versionCode":null},"source":"7","type":1},"pic":"https://zmimg.dangbei.net/operatecenter/20251031/p58uht31jymcg.png","statistics":{"params":[{"key":"content_type","val":"0"},{"key":"content_source","val":"2"}],"switch":1},"subTitle":"","title":"山河枕"},{"desc":"“一桩没有尸体的凶案,一场没有终点的逃亡……”一年前,北方小城“晨苍”发生了一起仇杀案,凶手秦虹潜逃。一年后,警方在南方“发现”秦虹时,秦虹已被男友抛尸大海,尸骨无存。这是一起人证、物证俱全,凶手甚至已经交代犯罪事实的案件,可消失无踪的尸体让主管刑警刘望惴惴不安。“秦虹真的死了吗?”","focusPic":"","jumpConfig":{"appInfo":{"kw":"7842","packageName":null,"type":"appid"},"limitVipId":null,"link":null,"mParameter":null,"param":{"actionObject":{"actionString":"com.tencent.qqlivetv.open","actionUri":"tenvideo2://?pull_from=101000&action=1&cover_id=mzc002007rwdiz4&stay_flag=0&home_flag=0&is_child_mode=1","componentString":null},"appName":null,"args":[],"category":[],"flags":0,"intentType":2,"packageName":"com.ktcp.video","startType":0,"versionCode":null},"source":"7","type":1},"pic":"https://zmimg.dangbei.net/operatecenter/20251024/gq3p0q10gamf8.png","statistics":{"params":[{"key":"content_type","val":"0"},{"key":"content_source","val":"2"}],"switch":1},"subTitle":"","title":"重影"},{"desc":"当红主播许妍和都市精英沈皓明是一对人人艳羡的夫妻,看似十分般配的两人,由于出生环境的差异,始终难以融入对方的圈层。许妍靠着光鲜的主持人身份和“精心装点”的身世顺利和沈皓明步入婚姻,而这一切尽在沈皓明的掌握下。冲突来临,许妍脱离沈皓明的掌控一去不回头。沈皓明却发现自己早已陷入爱情,想要全力追回许妍。经历种种,两人终于撕掉外表的伪装,重新靠近,会见彼此的内在,也重新认识自己。","focusPic":"","jumpConfig":{"appInfo":{"kw":"7842","packageName":null,"type":"appid"},"limitVipId":null,"link":null,"mParameter":null,"param":{"actionObject":{"actionString":"com.tencent.qqlivetv.open","actionUri":"tenvideo2://?pull_from=101000&action=1&cover_id=mzc00200f19q8q5&stay_flag=0&home_flag=0&is_child_mode=1","componentString":null},"appName":null,"args":[],"category":[],"flags":0,"intentType":2,"packageName":"com.ktcp.video","startType":0,"versionCode":null},"source":"7","type":1},"pic":"https://zmimg.dangbei.net/operatecenter/20250926/2ectrrwplyzto.png","statistics":{"params":[{"key":"content_type","val":"0"},{"key":"content_source","val":"2"}],"switch":1},"subTitle":"","title":"许我耀眼"},{"desc":"该剧讲述了一名酷爱武侠小说却被现实磨平棱角的咸鱼肖明明,以小说男主角萧秋水的视角游历了一次武林世界,从武力低微、热血冲动的少年剑客,最终成长为有情有义、守护家国的大侠的故事。此后肖明明在工作之余也不忘创
11-05 15:00:27.118 I/BLEAudioDrive_HV410( 247): data len: 9 1
11-05 15:00:27.118 D/TvWindowManager( 484): key event key = KEYCODE_DPAD_RIGHT down = true
11-05 15:00:27.124 D/GpioService( 484): mFlickerEnable = true
11-05 15:00:27.125 I/SogouIME( 2402): onKeyDown: keyoCode=22
11-05 15:00:27.125 I/DefaultIMS( 2402): onKeyDown: keyoCode=22
11-05 15:00:27.131 I/DefaultIMS( 2402): onStartInput attribute=android.view.inputmethod.EditorInfo@4c9e2c2 restarting=false inputType: 0
11-05 15:00:27.132 D/Zygote ( 242): Forked child process 2742
11-05 15:00:27.133 I/ActivityManager( 484): app.processName = com.dangbei.screencast
11-05 15:00:27.133 I/ActivityManager( 484): Start proc 2742:com.dangbei.screencast/u0a24 for broadcast {com.dangbei.screencast/com.dangbei.screencast.startup.BootReceiver}
11-05 15:00:27.137 W/AudioFlinger( 266): createTrack_l(): mismatch between requested flags (00000004) and output flags (00000002)
11-05 15:00:27.142 D/AF::TrackHandle( 266): OpPlayAudio: track:58 usage:13 not muted
11-05 15:00:27.144 I/hq ( 1130): hq:::curl -X GET "https://ottdbui-tyapiqun7.yysh.mgtv.com/v1/core/config?rommodelnumber=40I2XonQAUU%3D&cpuserial=PlZpqfc1JpxOOZ0anAV38AcloAYinsDQ&pattern=4Beei9NZNdo%3D&rommodel=Pqlpla5YRarwmFg%2B5VG%2FRQ%3D%3D&sn=ia%2FaFKiHtUJo0HCvzs4gKS1PBA%2F2QVm5&lang=vT%2FCsDI%2Fr10%3D&brand=elfd%2FN0Mw6U%3D&theme=L%2B%2FPU%2FFQgEY%3D&vcode=o%2BppAkqptlQ%3D&vname=oql4Ml1tHJc%3D&license=Hs4jp68qr9I%3D&channel=TIQ8TWTDuwcufJjk0AcBhA%3D%3D&packagename=qzBdBNULiCmiu3CIMurjL7PIryC36aZ2YdCJzQtyjcQ%3D&romvercode=BhA8%2F38Giec%3D&romvername=UDOuEwwco6o%3D&network=4Beei9NZNdo%3D&deviceEid=uSuGjXxL1dquKF1QG%2BzuNgcKc1GMhNRjqypkEmW7WV4lQRKF1DwATA%3D%3D&mac=iP4TVZLko9UsEdSbENu6i8HfL7VxZFhy&userid=pctYUOG3RH0%3D"
11-05 15:00:27.144 I/Zygote ( 2742): seccomp disabled by setenforce 0
11-05 15:00:27.148 D/AudioTrack( 484): createTrack_l(808464432): AUDIO_OUTPUT_FLAG_FAST denied by server; frameCount 0 -> 147456
11-05 15:00:27.160 E/hq ( 1130): Etna:::sendInspectLauncherUpdate
11-05 15:00:27.164 E/ccc ( 1073): cccccc SystemUpdateHelper launcherUpdate {"launcherCodeLocal":102944,"launcherCodeNet":0,"launcherVersionLocal":"2.9.4.4","launcherVersionNet":"","otaCodeLocal":0,"otaCodeNet":0,"remoteNeedUpdate":false,"updateType":""}
11-05 15:00:27.169 I/adbd ( 396): jdwp connection from 2742
11-05 15:00:27.174 D/etnaManager( 1130): 不需要更新桌面
11-05 15:00:27.188 D/CompatibilityChangeReporter( 484): Compat change id reported: 168419799; UID 10024; state: DISABLED
11-05 15:00:27.196 D/CompatibilityChangeReporter( 2742): Compat change id reported: 171979766; UID 10024; state: DISABLED
11-05 15:00:27.207 I/hq ( 1130): hq:::tag=requestMessageDialog 请求结果={"code":0,"data":null,"message":"success"}
11-05 15:00:27.207 D/ApplicationLoaders( 2742): Returning zygote-cached class loader: /system/framework/android.test.base.jar
11-05 15:00:27.207 D/ApplicationLoaders( 2742): Returning zygote-cached class loader: /system/framework/android.hidl.manager-V1.0-java.jar
11-05 15:00:27.207 D/ApplicationLoaders( 2742): Returning zygote-cached class loader: /system/framework/android.hidl.base-V1.0-java.jar
11-05 15:00:27.207 W/System.err( 1130): com.dangbei.leard.base.proider.error.EmptyApiException: 数据为空 from=requestMessageDialog
11-05 15:00:27.207 W/System.err( 1130): at com.dangbei.leard.base.ext.FlowExtKt.runHttpTry2Data(SourceFile:158)
11-05 15:00:27.207 W/System.err( 1130): at com.dangbei.leard.base.ext.FlowExtKt$runHttpTry2Data$1.invokeSuspend(Unknown Source:15)
11-05 15:00:27.208 W/System.err( 1130): at kotlin.coroutines.jvm.internal.BaseContinuationImpl.resumeWith(SourceFile:12)
11-05 15:00:27.208 W/System.err( 1130): at kotlinx.coroutines.internal.ScopeCoroutine.afterResume(Unknown Source:6)
11-05 15:00:27.208 W/System.err( 1130): at kotlinx.coroutines.AbstractCoroutine.resumeWith(SourceFile:16)
11-05 15:00:27.208 W/System.err( 1130): at kotlin.coroutines.jvm.internal.BaseContinuationImpl.resumeWith(SourceFile:50)
11-05 15:00:27.208 W/System.err( 1130): at kotlinx.coroutines.DispatchedTask.run(SourceFile:119)
11-05 15:00:27.208 W/System.err( 1130): at kotlinx.coroutines.internal.LimitedDispatcher.run(SourceFile:13)
11-05 15:00:27.208 W/System.err( 1130): at kotlinx.coroutines.scheduling.TaskImpl.run(SourceFile:3)
11-05 15:00:27.208 W/System.err( 1130): at kotlinx.coroutines.scheduling.CoroutineScheduler.runSafely(SourceFile:1)
11-05 15:00:27.208 W/System.err( 1130): at kotlinx.coroutines.scheduling.CoroutineScheduler$Worker.executeTask(SourceFile:15)
11-05 15:00:27.208 W/System.err( 1130): at kotlinx.coroutines.scheduling.CoroutineScheduler$Worker.runWorker(SourceFile:29)
11-05 15:00:27.208 W/System.err( 1130): at kotlinx.coroutines.scheduling.CoroutineScheduler$Worker.run(Unknown Source:0)
11-05 15:00:27.208 E/hq ( 1130): ErrorCoroutineExceptionHandler:::runTry error:com.dangbei.leard.base.proider.error.EmptyApiException: 数据为空 from=requestMessageDialog from=requestMessageDialog
11-05 15:00:27.236 I/gbei.screencast( 2742): type=1400 audit(0.0:1288): avc: denied { getattr } for path="/data/user/0/com.dangbei.screencast" dev="mmcblk0p25" ino=891 scontext=u:r:platform_app:s0:c512,c768 tcontext=u:object_r:app_data_file:s0:c512,c768 tclass=dir permissive=1 app=com.dangbei.screencast
11-05 15:00:27.252 I/gbei.screencast( 2742): type=1400 audit(0.0:1289): avc: denied { search } for name="com.dangbei.screencast" dev="mmcblk0p25" ino=891 scontext=u:r:platform_app:s0:c512,c768 tcontext=u:object_r:app_data_file:s0:c512,c768 tclass=dir permissive=1 app=com.dangbei.screencast
11-05 15:00:27.256 V/GraphicsEnvironment( 2742): ANGLE Developer option for 'com.dangbei.screencast' set to: 'default'
11-05 15:00:27.256 V/GraphicsEnvironment( 2742): Neither updatable production driver nor prerelease driver is supported.
11-05 15:00:27.258 D/NetworkSecurityConfig( 2742): Using Network Security Config from resource network_security_config debugBuild: false
11-05 15:00:27.261 D/NetworkSecurityConfig( 2742): Using Network Security Config from resource network_security_config debugBuild: false
11-05 15:00:27.263 I/MultiDex( 2742): VM with version 2.1.0 has multidex support
11-05 15:00:27.263 I/MultiDex( 2742): Installing application
11-05 15:00:27.263 I/MultiDex( 2742): VM has multidex support, MultiDex support library is disabled.
11-05 15:00:27.267 E/PartsInfoProvider( 2742): onCreate:
11-05 15:00:27.269 W/ActivityManager( 484): Background start not allowed: service Intent { act=com.dangbei.screencast.STARTUP pkg=com.dangbei.screencast } to com.dangbei.screencast/.startup.StartupService from pid=2742 uid=10024 pkg=com.dangbei.screencast startFg?=false
11-05 15:00:27.274 W/System.err( 2742): android.app.BackgroundServiceStartNotAllowedException: Not allowed to start service Intent { act=com.dangbei.screencast.STARTUP pkg=com.dangbei.screencast }: app is in background uid UidRecord{9d057ff u0a24 RCVR idle change:idle|uncached procs:0 seq(0,0,0)}
11-05 15:00:27.272 I/rainbow_flow( 2276): type=1400 audit(0.0:1290): avc: denied { ioctl } for path="/dev/spidev1.0" dev="tmpfs" ino=1229 ioctlcmd=0x6b00 scontext=u:r:init:s0 tcontext=u:object_r:device:s0 tclass=chr_file permissive=1
11-05 15:00:27.275 W/System.err( 2742): at android.app.ContextImpl.startServiceCommon(ContextImpl.java:1861)
11-05 15:00:27.275 W/System.err( 2742): at android.app.ContextImpl.startService(ContextImpl.java:1817)
11-05 15:00:27.275 D/TvWindowManager( 484): key event key = KEYCODE_DPAD_RIGHT down = false
11-05 15:00:27.276 I/BLEAudioDrive_HV410( 247): data len: 9 1
11-05 15:00:27.276 I/BLEAudioDrive_HV410( 247): keyboard stop
11-05 15:00:27.278 I/SogouIME( 2402): onKeyUp: keyoCode=22
11-05 15:00:27.278 I/DefaultIMS( 2402): onKeyUp: keyoCode=22
11-05 15:00:27.275 W/System.err( 2742): at android.content.ContextWrapper.startService(ContextWrapper.java:774)
11-05 15:00:27.279 W/System.err( 2742): at b.f.f.h.g.k.a(Unknown Source:20)
11-05 15:00:27.280 W/System.err( 2742): at com.dangbei.screencast.provider.PartsInfoProvider.onCreate(:2)
11-05 15:00:27.280 W/System.err( 2742): at android.content.ContentProvider.attachInfo(ContentProvider.java:2404)
11-05 15:00:27.280 W/System.err( 2742): at android.content.ContentProvider.attachInfo(ContentProvider.java:2374)
11-05 15:00:27.280 W/System.err( 2742): at android.app.ActivityThread.installProvider(ActivityThread.java:7437)
11-05 15:00:27.280 W/System.err( 2742): at android.app.ActivityThread.installContentProviders(ActivityThread.java:6954)
11-05 15:00:27.280 W/System.err( 2742): at android.app.ActivityThread.handleBindApplication(ActivityThread.java:6725)
11-05 15:00:27.280 W/System.err( 2742): at android.app.ActivityThread.access$1500(ActivityThread.java:247)
11-05 15:00:27.280 W/System.err( 2742): at android.app.ActivityThread$H.handleMessage(ActivityThread.java:2053)
11-05 15:00:27.280 W/System.err( 2742): at android.os.Handler.dispatchMessage(Handler.java:106)
11-05 15:00:27.280 W/System.err( 2742): at android.os.Looper.loopOnce(Looper.java:201)
11-05 15:00:27.280 W/System.err( 2742): at android.os.Looper.loop(Looper.java:288)
11-05 15:00:27.280 W/System.err( 2742): at android.app.ActivityThread.main(ActivityThread.java:7854)
11-05 15:00:27.280 W/System.err( 2742): at java.lang.reflect.Method.invoke(Native Method)
11-05 15:00:27.280 W/System.err( 2742): at com.android.internal.os.RuntimeInit$MethodAndArgsCaller.run(RuntimeInit.java:548)
11-05 15:00:27.280 W/System.err( 2742): at com.android.internal.os.ZygoteInit.main(ZygoteInit.java:1182)
11-05 15:00:27.283 W/ActivityManager( 484): Background start not allowed: service Intent { act=com.dangbei.screencast.STARTUP pkg=com.dangbei.screencast } to com.dangbei.screencast/.startup.StartupService from pid=2742 uid=10024 pkg=com.dangbei.screencast startFg?=false
11-05 15:00:27.284 W/System.err( 2742): android.app.BackgroundServiceStartNotAllowedException: Not allowed to start service Intent { act=com.dangbei.screencast.STARTUP pkg=com.dangbei.screencast }: app is in background uid UidRecord{9d057ff u0a24 RCVR idle change:idle|uncached procs:0 seq(0,0,0)}
11-05 15:00:27.284 W/System.err( 2742): at android.app.ContextImpl.startServiceCommon(ContextImpl.java:1861)
11-05 15:00:27.284 W/System.err( 2742): at android.app.ContextImpl.startService(ContextImpl.java:1817)
11-05 15:00:27.284 W/System.err( 2742): at android.content.ContextWrapper.startService(ContextWrapper.java:774)
11-05 15:00:27.284 W/System.err( 2742): at b.f.f.h.g.k.a(Unknown Source:20)
11-05 15:00:27.284 W/System.err( 2742): at com.dangbei.screencast.common.utils.remotepreferences.ScreenCastPreferenceProvider.onCreate(Unknown Source:11)
11-05 15:00:27.284 W/System.err( 2742): at android.content.ContentProvider.attachInfo(ContentProvider.java:2404)
11-05 15:00:27.284 W/System.err( 2742): at android.content.ContentProvider.attachInfo(ContentProvider.java:2374)
11-05 15:00:27.284 W/System.err( 2742): at android.app.ActivityThread.installProvider(ActivityThread.java:7437)
11-05 15:00:27.284 W/System.err( 2742): at android.app.ActivityThread.installContentProviders(ActivityThread.java:6954)
11-05 15:00:27.284 W/System.err( 2742): at android.app.ActivityThread.handleBindApplication(ActivityThread.java:6725)
11-05 15:00:27.284 W/System.err( 2742): at android.app.ActivityThread.access$1500(ActivityThread.java:247)
11-05 15:00:27.284 W/System.err( 2742): at android.app.ActivityThread$H.handleMessage(ActivityThread.java:2053)
11-05 15:00:27.284 W/System.err( 2742): at android.os.Handler.dispatchMessage(Handler.java:106)
11-05 15:00:27.284 W/System.err( 2742): at android.os.Looper.loopOnce(Looper.java:201)
11-05 15:00:27.284 W/System.err( 2742): at android.os.Looper.loop(Looper.java:288)
11-05 15:00:27.284 W/System.err( 2742): at android.app.ActivityThread.main(ActivityThread.java:7854)
11-05 15:00:27.284 W/System.err( 2742): at java.lang.reflect.Method.invoke(Native Method)
11-05 15:00:27.284 W/System.err( 2742): at com.android.internal.os.RuntimeInit$MethodAndArgsCaller.run(RuntimeInit.java:548)
11-05 15:00:27.284 W/System.err( 2742): at com.android.internal.os.ZygoteInit.main(ZygoteInit.java:1182)
11-05 15:00:27.302 D/AndroidAutoSize( 2742): designWidthInDp = 1920, designHeightInDp = 1080, screenWidth = 1920, screenHeight = 1080
11-05 15:00:27.302 D/AndroidAutoSize( 2742): initDensity = 1.5, initScaledDensity = 1.5
11-05 15:00:27.300 I/EventThread( 260): type=1400 audit(0.0:1291): avc: denied { search } for name="extcon" dev="sysfs" ino=18103 scontext=u:r:hal_tv_cec_default:s0 tcontext=u:object_r:sysfs_extcon:s0 tclass=dir permissive=1
11-05 15:00:27.323 I/hq ( 1130): hq:::tag=requestGlobalConfigurationFromNet 请求结果={"code":0,"data":{"adForceEnterHomeTime":"25","children_apps":[""],"dayTimeStamp":1762272000,"detail_mango_player_logo":"http://ottdbui-zmimg.yysh.mgtv.com/tyos/2020-04-09/5e8ed3f8160a8.png!999","detail_mango_player_vip_logo":"http://ottdbui-zmimg.yysh.mgtv.com/tyos/2020-04-09/5e8ed41459520.png!999","detail_player_bg":"","detail_player_clarity_pic":"http://ottdbui-zmimg.yysh.mgtv.com/tyos/2019-07-15/5d2c164d75a58.png!999","detail_player_clarity_vip_pic":"http://ottdbui-zmimg.yysh.mgtv.com/tyos/2019-07-15/5d2c16563c99d.png!999","detail_player_logo":"http://ottdbui-zmimg.yysh.mgtv.com/tyos/2022-05-24/628c46b9cf338.png!999","detail_player_vip_logo":"http://ottdbui-zmimg.yysh.mgtv.com/tyos/2022-05-24/628c4ac9a345b.png!999","find_remote_pic_full":"http://ottdbui-zmimg.yysh.mgtv.com/tyos/2020-11-27/5fc0b61b44bb6.png!999","find_remote_pic":"http://ottdbui-zmimg.yysh.mgtv.com/tyos/2019-11-29/5de0cd455337c.png!999","finishtaskRequestGap":"60000","home_nav_focus_end_color":"","home_nav_focus_end_color_black":"","home_nav_focus_start_color":"","home_nav_focus_start_color_black":"","home_bg_dark":"","home_bg_light":"","home_right_logo":"http://ottdbui-zmimg.yysh.mgtv.com/tyos/2021-08-11/611328711de6b.png!999","hq_home_right_logo":"http://ottdbui-zmimg.yysh.mgtv.com/tyos/2022-02-16/620ca19258f79.png!999","img_host":["http://ottdbui-zmimg.yysh.mgtv.com","http://zmimg.qun7.com","http://tyimg2.qun7.com","http://tyimg3.qun7.com"],"appInstallOsContentAppId":"8873","appInstallOsPartAppId":"8903","report_pic":"http://ottdbui-zmimg.yysh.mgtv.com/tyos/2025-07-30/6889d4a26d122.png!999","silence_white":"com.dangbei.leard.leradlauncher.b2,com.dangbeimarket,com.tv.kuaisou,com.dangbei.tvlauncher,com.lab.mythlauncher.dbqzm,com.dbappstore.lite","showAd":"1","tx_game_jump":null,"useFullScreenPlayer":"1","userStatusRequestGap":"60"},"message":"success"}
11-05 15:00:27.388 W/audit ( 2769): audit_lost=830 audit_rate_limit=5 audit_backlog_limit=64
11-05 15:00:27.388 E/audit ( 2769): rate limit exceeded
11-05 15:00:27.421 I/BLEAudioDrive_HV410( 247): data len: 9 1
11-05 15:00:27.421 D/TvWindowManager( 484): key event key = KEYCODE_DPAD_CENTER down = true
11-05 15:00:27.428 D/GpioService( 484): mFlickerEnable = true
11-05 15:00:27.448 I/crashsdk( 2742): version unique build id: 6230cced
11-05 15:00:27.451 D/crashsdk( 2742): Native log stat thread 2796 setup, waiting
11-05 15:00:27.455 I/crashsdk( 2742): begin hack android.os.Process
11-05 15:00:27.455 I/crashsdk( 2742): end hack android.os.Process
11-05 15:00:27.477 W/efs.send_log( 2742): tryFileLock start!
11-05 15:00:27.478 I/Matrix.AnrTracer( 2742): anrTrace, final mAnrBeatTime:400, mAnrBeatRate:400
11-05 15:00:27.481 W/efs.send_log( 2742): tryFileLock sendlock sucess! processname: com.dangbei.screencast
11-05 15:00:27.484 I/efs.config( 2742): --->>> 删除旧的配置文件 false
11-05 15:00:27.484 I/efs.base( 2742): lt=event`ev_ct=efs_core`ev_ac=pvuv`tm=2025-11-05 15:00:48`dn=b7818bb2-5f62-4f12-9a91-36673dce94c0`ps=com.dangbei.screencast`um_os=android`stime=1762326027204`pid=2742`fr=android`pkg=com.dangbei.screencast`vcode=20830`dsp_w=1920`uid=b7818bb2-5f62-4f12-9a91-36673dce94c0`rom=12`wid=b7818bb2-5f62-4f12-9a91-36673dce94c0`um_app_carrier=`um_access=wifi`um_app_channel=os`um_crash_sdk_version=1.4.0`ctime=1762326027`model=dbbox-a2`lang=zh`net=wifi`brand=dangbei`dsp_h=1080`um_network_type=0`ver=v2.8.3`build_model=DBBOX-A2`w_tm=1762326027`appid=5fc60c21094d637f3130af19`um_umid_header=ai7db9f68508b83bfb5af66567cfa3d0f5`sdk=31`tzone=Asia/Shanghai`sdk_ver=1.3.6.umeng
11-05 15:00:27.487 I/efs.config( 2742): current config version (-1) is older than another (1735614866)
11-05 15:00:27.487 I/efs.config( 2742): load config from storage and notify observer
11-05 15:00:27.488 D/LaunchConfigManager( 2742): check in allready
11-05 15:00:27.492 I/LaunchTrace( 2742): begin sendLaunchCache
11-05 15:00:27.504 I/TDLog ( 2742): setReportUncaughtExceptions: true
11-05 15:00:27.507 E/Application( 2742): onCreate:Version:v2.8.3/20830/883432e
11-05 15:00:27.534 I/BLEAudioDrive_HV410( 247): data len: 9 1
11-05 15:00:27.534 I/BLEAudioDrive_HV410( 247): keyboard stop
11-05 15:00:27.534 D/TvWindowManager( 484): key event key = KEYCODE_DPAD_CENTER down = false
11-05 15:00:27.572 D/GpioService( 484): mFlickerEnable = true
11-05 15:00:27.575 I/SogouIME( 2402): onKeyDown: keyoCode=23
11-05 15:00:27.575 I/DefaultIMS( 2402): onKeyDown: keyoCode=23
11-05 15:00:27.577 I/ActivityManager( 484): Background started FGS: Allowed [callingPackage: com.dangbei.screencast; callingUid: 10024; uidState: RCVR; intent: Intent { act=com.dangbei.screencast.STARTUP pkg=com.dangbei.screencast }; code:SYSTEM_ALERT_WINDOW_PERMISSION; tempAllowListReason:; targetSdkVersion:28; callerTargetSdkVersion:28; startForegroundCount:0; bindFromPackage:null]
11-05 15:00:27.589 I/SogouIME( 2402): onKeyUp: keyoCode=23
11-05 15:00:27.589 I/DefaultIMS( 2402): onKeyUp: keyoCode=23
11-05 15:00:27.592 I/TDLog ( 2742): TalkingData SDK init...
11-05 15:00:27.592 I/TDLog ( 2742): SDK_VERSION is: Android+TD+V5.0.7 gp Type:Native Build_Num:2141
11-05 15:00:27.592 I/TDLog ( 2742): App ID is: B9D7815EC975466AB1332111FCE62DF5
11-05 15:00:27.592 I/TDLog ( 2742): App Channel is: os
11-05 15:00:27.592 I/TDLog ( 2742): App Custom is:
11-05 15:00:27.592 I/TDLog ( 2742): SDK_OVC is: TDOVC+a3bb7754719798526508b6caad480dd7+SaaS
11-05 15:00:27.597 I/ActivityStarter( 484): ---START u0 {dat=haqu://setting:8080/home flg=0x10000000 pkg=com.dangbei.haqusetting cmp=com.dangbei.haqusetting/.ui.HomeActivity} from uid 1000
11-05 15:00:27.606 I/crashsdk( 2742): Catcher mask: 5000, 20480
11-05 15:00:27.607 W/ActivityTaskManager( 484): Can't find TaskDisplayArea to determine support for multi window. Task id=148 attached=false
11-05 15:00:27.608 I/crashsdk( 2742): Catcher thread 2748
11-05 15:00:27.608 D/crashsdk( 2742): Register ANR handler ...
11-05 15:00:27.613 D/CompatibilityChangeReporter( 484): Compat change id reported: 174042980; UID 1000; state: DISABLED
11-05 15:00:27.619 W/AudioFlinger( 266): createTrack_l(): mismatch between requested flags (00000004) and output flags (00000002)
11-05 15:00:27.621 W/efs.info.manager( 2742): network change: wifi
11-05 15:00:27.621 I/AW_PowerHAL( 259): Power setMode: LAUNCH to: 1
11-05 15:00:27.624 D/CompatibilityChangeReporter( 484): Compat change id reported: 168419799; UID 1000; state: DISABLED
11-05 15:00:27.641 I/ActivityManager( 484): com.dangbei.haqusetting is exempt from freezer
11-05 15:00:27.642 E/UMLog ( 1130): ┌───────────────────问题─────────────────────────────────────────────────────────────────────────────
11-05 15:00:27.642 E/UMLog ( 1130): │ 对于页面com.dangbei.launcher.home.LauncherActivity,请检查是否遗漏onPageStart接口调用。
11-05 15:00:27.642 E/UMLog ( 1130): ├───────────────────解决方案─────────────────────────────────────────────────────────────────────────────
11-05 15:00:27.642 E/UMLog ( 1130): │ 对于任意一个页面,必须依序成对调用onPageStart以及onPageEnd,不能有遗漏。详见链接 https://developer.umeng.com/docs/66632/detail/66975?um_channel=sdk
11-05 15:00:27.642 E/UMLog ( 1130): └────────────────────────────────────────────────────────────────────────────────────────────────────────────────
11-05 15:00:27.643 D/CompatibilityChangeReporter( 484): Compat change id reported: 135634846; UID 1000; state: DISABLED
11-05 15:00:27.649 D/RockyVoice( 1333): RestartReceiver onReceive
11-05 15:00:27.662 I/AW_PowerHAL( 259): cur-mode:LAUNCH
11-05 15:00:27.662 D/AF::TrackHandle( 266): OpPlayAudio: track:59 usage:13 not muted
11-05 15:00:27.668 I/BpBinder( 289): onLastStrongRef automatically unlinking death recipients:
11-05 15:00:27.679 D/AudioTrack( 484): createTrack_l(1919120173): AUDIO_OUTPUT_FLAG_FAST denied by server; frameCount 0 -> 147456
11-05 15:00:27.683 D/Zygote ( 242): Forked child process 2850
11-05 15:00:27.686 I/ActivityManager( 484): app.processName = com.dangbei.haqusetting
11-05 15:00:27.686 I/ActivityManager( 484): Start proc 2850:com.dangbei.haqusetting/1000 for pre-top-activity {com.dangbei.haqusetting/com.dangbei.haqusetting.ui.HomeActivity}
11-05 15:00:27.696 I/Zygote ( 2850): seccomp disabled by setenforce 0
11-05 15:00:27.709 W/ActivityManager( 484): Foreground service started from background can not have location/camera/microphone access: service com.dangbei.screencast/.startup.StartupService
11-05 15:00:27.709 I/ActivityManager( 484): Background started FGS: Allowed [callingPackage: com.dangbei.screencast; callingUid: 10024; uidState: FGS ; intent: Intent { act=com.dangbei.screencast.STARTUP pkg=com.dangbei.screencast }; code:PROC_STATE_FGS; tempAllowListReason:; targetSdkVersion:28; callerTargetSdkVersion:28; startForegroundCount:0; bindFromPackage:null]; startForegroundDelayMs:12735
11-05 15:00:27.714 I/ActivityManager( 484): Deferring FGS notification in legacy app com.dangbei.screencast/u0a24 : Notification(channel=channel_record shortcut=null contentView=null vibrate=null sound=null defaults=0x0 flags=0x60 color=0x00000000 category=transport vis=PUBLIC)
11-05 15:00:27.725 I/adbd ( 396): jdwp connection from 2850
11-05 15:00:27.747 D/TvPipController( 684): onTaskStackChanged()
11-05 15:00:27.753 E/raop ( 2742): *********************AirplayBroadcastServer+++++++++
11-05 15:00:27.758 D/AW_CODE ( 484): rotation =0
11-05 15:00:27.759 D/NsdService( 484): New client listening to asynchronous messages
11-05 15:00:27.760 D/NsdService( 484): New client, channel: com.android.internal.util.AsyncChannel@8940dd7 messenger: android.os.Messenger@e8b96c4
11-05 15:00:27.760 D/CompatibilityChangeReporter( 484): Compat change id reported: 181136395; UID 1000; state: DISABLED
11-05 15:00:27.761 D/CompatibilityChangeReporter( 2742): Compat change id reported: 191844585; UID 10024; state: DISABLED
11-05 15:00:27.761 D/CompatibilityChangeReporter( 484): Compat change id reported: 174042936; UID 1000; state: DISABLED
11-05 15:00:27.769 D/CompatibilityChangeReporter( 2850): Compat change id reported: 171979766; UID 1000; state: ENABLED
11-05 15:00:27.802 I/ActivityManager( 484): Background started FGS: Allowed [callingPackage: com.dangbei.screencast; callingUid: 10024; uidState: FGS ; intent: Intent { cmp=com.dangbei.screencast/.huaweicast.service.HuaweiCastService }; code:PROC_STATE_FGS; tempAllowListReason:; targetSdkVersion:28; callerTargetSdkVersion:28; startForegroundCount:0; bindFromPackage:null]
11-05 15:00:27.807 E/H264FrameQueue( 2742): H264FrameQueue: mFullQueueCount:200
11-05 15:00:27.840 D/wenhc ( 1130): getScreenInfo uri = content://com.dangbei.screencast.parts.info/screen_cast
11-05 15:00:27.842 D/wenhc ( 1130): getScreenInfo uri = content://com.dangbei.screencast.parts.info/screen_cast
11-05 15:00:27.845 I/MobclickAgent( 2742): module init:azioc
11-05 15:00:27.893 V/GraphicsEnvironment( 2850): ANGLE Developer option for 'com.dangbei.haqusetting' set to: 'default'
11-05 15:00:27.894 V/GraphicsEnvironment( 2850): Neither updatable production driver nor prerelease driver is supported.
11-05 15:00:27.897 D/NetworkSecurityConfig( 2850): No Network Security Config specified, using platform default
11-05 15:00:27.898 D/NetworkSecurityConfig( 2850): No Network Security Config specified, using platform default
11-05 15:00:27.934 I/MultiDex( 2850): VM with version 2.1.0 has multidex support
11-05 15:00:27.934 I/MultiDex( 2850): Installing application
11-05 15:00:27.934 I/MultiDex( 2850): VM has multidex support, MultiDex support library is disabled.
11-05 15:00:27.959 W/TelephonyPermissions( 484): reportAccessDeniedToReadIdentifiers:com.dangbei.screencast:getSerial:-1
11-05 15:00:27.978 D/RockyVoice( 1333): RestartReceiver onReceive
11-05 15:00:27.980 E/HuaweiCastService( 2742): onCreate called().
11-05 15:00:27.986 W/BroadcastQueue( 484): Background execution not allowed: receiving Intent { act=android.bluetooth.adapter.action.STATE_CHANGED flg=0x4000010 (has extras) } to com.dangbei.lerad.etna.haqu/com.dangbei.remotecontroller.RemoteControllerReceiver
11-05 15:00:27.990 D/CompatibilityChangeReporter( 484): Compat change id reported: 168419799; UID 1000; state: DISABLED
11-05 15:00:27.995 I/dangbei111( 1073): cccccc on receiver=android.bluetooth.device.action.ACL_CONNECTED,mac=C9:B5:96:5C:E3:CB
11-05 15:00:27.995 I/dangbei111( 1073): cccccc 收到 ACTION_ACL_CONNECTED 的广播
11-05 15:00:27.996 E/dangbei111( 1073): 5s后准备进行遥控器ota信息检测
11-05 15:00:27.998 W/BroadcastQueue( 484): Target SDK mismatch: receiver ActivityInfo{6bbe406 com.dangbei.screencast.startup.BootReceiver} targets 28 but delivery restricted to [0, 23] broadcasting Intent { act=android.net.conn.CONNECTIVITY_CHANGE flg=0x4200010 (has extras) } from android (pid=484, uid=1000) to com.dangbei.screencast/.startup.BootReceiver
11-05 15:00:27.998 E/PlayerClient( 2742): registerCallback com.dangbei.screencast.huaweicast.service.HuaweiCastService$a@80cc8fa
11-05 15:00:27.998 D/PlayerClient( 2742): registerCallback true
11-05 15:00:27.998 D/PlayerClient( 2742): init.
11-05 15:00:27.999 W/BroadcastQueue( 484): Target SDK mismatch: receiver ActivityInfo{1e1ac7 com.dangbei.euthenia.receiver.NetworkChangeReceiver} targets 26 but delivery restricted to [0, 23] broadcasting Intent { act=android.net.conn.CONNECTIVITY_CHANGE flg=0x4200010 (has extras) } from android (pid=484, uid=1000) to com.dangbei.lerad.videoposter/com.dangbei.euthenia.receiver.NetworkChangeReceiver
11-05 15:00:28.000 I/rainbow_flow( 2276): type=1400 audit(0.0:1322): avc: denied { ioctl } for path="/dev/spidev1.0" dev="tmpfs" ino=1229 ioctlcmd=0x6b00 scontext=u:r:init:s0 tcontext=u:object_r:device:s0 tclass=chr_file permissive=1
11-05 15:00:28.004 W/KIT_FWK_a( 2742): KitFwk is not installed, pls do not use related interfaces.
11-05 15:00:28.005 D/ExternalStorage( 2617): After updating volumes, found 2 active roots
11-05 15:00:28.014 E/DiskReceiver( 834): Missing fsUuid, not launching activity.
11-05 15:00:28.018 W/KIT_FWK_a( 2742): KitFwk is not installed, pls do not use related interfaces.
11-05 15:00:28.018 E/PlayerClient( 2742): bind player service by aar.
11-05 15:00:28.019 W/BroadcastQueue( 484): Target SDK mismatch: receiver ActivityInfo{c3ec81d com.dangbei.screencast.startup.BootReceiver} targets 28 but delivery restricted to [0, 23] broadcasting Intent { act=android.net.conn.CONNECTIVITY_CHANGE flg=0x4200010 (has extras) } from android (pid=484, uid=1000) to com.dangbei.screencast/.startup.BootReceiver
11-05 15:00:28.020 W/BroadcastQueue( 484): Target SDK mismatch: receiver ActivityInfo{b223a92 com.dangbei.euthenia.receiver.NetworkChangeReceiver} targets 26 but delivery restricted to [0, 23] broadcasting Intent { act=android.net.conn.CONNECTIVITY_CHANGE flg=0x4200010 (has extras) } from android (pid=484, uid=1000) to com.dangbei.lerad.videoposter/com.dangbei.euthenia.receiver.NetworkChangeReceiver
11-05 15:00:28.031 I/WifiService( 484): acquireMulticastLock uid=10024
11-05 15:00:28.028 I/work_thread( 2742): type=1400 audit(0.0:1323): avc: denied { write } for name="shared_prefs" dev="mmcblk0p25" ino=2061 scontext=u:r:platform_app:s0:c512,c768 tcontext=u:object_r:app_data_file:s0:c512,c768 tclass=dir permissive=1 app=com.dangbei.screencast
11-05 15:00:28.032 I/work_thread( 2742): type=1400 audit(0.0:1324): avc: denied { remove_name } for name="umeng_general_config.xml" dev="mmcblk0p25" ino=10067 scontext=u:r:platform_app:s0:c512,c768 tcontext=u:object_r:app_data_file:s0:c512,c768 tclass=dir permissive=1 app=com.dangbei.screencast
11-05 15:00:28.032 I/work_thread( 2742): type=1400 audit(0.0:1325): avc: denied { rename } for name="umeng_general_config.xml" dev="mmcblk0p25" ino=10067 scontext=u:r:platform_app:s0:c512,c768 tcontext=u:object_r:app_data_file:s0:c512,c768 tclass=file permissive=1 app=com.dangbei.screencast
11-05 15:00:28.032 I/work_thread( 2742): type=1400 audit(0.0:1326): avc: denied { add_name } for name="umeng_general_config.xml.bak" scontext=u:r:platform_app:s0:c512,c768 tcontext=u:object_r:app_data_file:s0:c512,c768 tclass=dir permissive=1 app=com.dangbei.screencast
11-05 15:00:28.036 D/ExternalStorage( 2617): After updating volumes, found 2 active roots
11-05 15:00:28.048 I/WifiService( 484): acquireMulticastLock uid=10024
11-05 15:00:28.053 D/PlayerClient( 2742): bind player sink service true
11-05 15:00:28.059 E/ccc ( 2850): cccccc HaquSettingApplication app onCreate start
11-05 15:00:28.060 W/ActivityManager( 484): Foreground service started from background can not have location/camera/microphone access: service com.dangbei.screencast/.huaweicast.service.HuaweiCastService
11-05 15:00:28.060 D/DiskReceiver( 834): Scanning volume: VolumeInfo{public:8,1}:
11-05 15:00:28.060 D/DiskReceiver( 834): type=PUBLIC diskId=disk:8,0 partGuid= mountFlags=VISIBLE mountUserId=0
11-05 15:00:28.060 D/DiskReceiver( 834): state=MOUNTED
11-05 15:00:28.060 D/DiskReceiver( 834): fsType=ntfs fsUuid=02E24445E2443EE3 fsLabel=meida
11-05 15:00:28.060 D/DiskReceiver( 834): path=/storage/02E24445E2443EE3 internalPath=/mnt/media_rw/02E24445E2443EE3
11-05 15:00:28.066 E/HuaweiCastService( 2742): startForeground!
11-05 15:00:28.071 W/IorapForwardingService( 484): No service published for: iorapd
11-05 15:00:28.082 D/USBReceiver( 2664): usb > onReceive: action = android.intent.action.MEDIA_MOUNTED
11-05 15:00:28.083 E/HuaweiCastService( 2742): onStartCommand in 0
11-05 15:00:28.084 W/.filemanager.o( 2664): Accessing hidden method Landroid/os/storage/VolumeInfo;->getDescriptionComparator()Ljava/util/Comparator; (max-target-o, reflection, denied)
11-05 15:00:28.084 W/System.err( 2664): java.lang.NoSuchMethodException: android.os.storage.VolumeInfo.getDescriptionComparator []
11-05 15:00:28.085 W/System.err( 2664): at java.lang.Class.getMethod(Class.java:2103)
11-05 15:00:28.085 W/System.err( 2664): at java.lang.Class.getMethod(Class.java:1724)
11-05 15:00:28.085 W/System.err( 2664): at com.monster.godzilla.utlis.FileManagerSdcardUtils.getAllSDPath(FileManagerSdcardUtils.java:126)
11-05 15:00:28.085 W/System.err( 2664): at com.dangbei.lerad.filemanager.receives.USBReceiver.onReceive(USBReceiver.java:43)
11-05 15:00:28.085 W/System.err( 2664): at android.app.ActivityThread.handleReceiver(ActivityThread.java:4308)
11-05 15:00:28.085 W/System.err( 2664): at android.app.ActivityThread.access$1600(ActivityThread.java:247)
11-05 15:00:28.085 W/System.err( 2664): at android.app.ActivityThread$H.handleMessage(ActivityThread.java:2064)
11-05 15:00:28.085 W/System.err( 2664): at android.os.Handler.dispatchMessage(Handler.java:106)
11-05 15:00:28.085 W/System.err( 2664): at android.os.Looper.loopOnce(Looper.java:201)
11-05 15:00:28.085 W/System.err( 2664): at android.os.Looper.loop(Looper.java:288)
11-05 15:00:28.085 W/System.err( 2664): at android.app.ActivityThread.main(ActivityThread.java:7854)
11-05 15:00:28.085 W/System.err( 2664): at java.lang.reflect.Method.invoke(Native Method)
11-05 15:00:28.085 W/System.err( 2664): at com.android.internal.os.RuntimeInit$MethodAndArgsCaller.run(RuntimeInit.java:548)
11-05 15:00:28.085 W/System.err( 2664): at com.android.internal.os.ZygoteInit.main(ZygoteInit.java:1182)
11-05 15:00:28.098 E/ccc ( 2850): cccccc HaquSettingApplication app onCreate end
11-05 15:00:28.120 W/ContextImpl( 2850): Calling a method in the system process without a qualified user: android.app.ContextImpl.bindService:1895 android.content.ContextWrapper.bindService:810 com.dangbei.lerad.etna.lib.client.EtnaClient.bindServer:138 com.dangbei.lerad.etna.lib.client.EtnaClient.access$600:29 com.dangbei.lerad.etna.lib.client.EtnaClient$3.call:205
11-05 15:00:28.143 D/HiSight-SinkService( 2742): onCreate.
11-05 15:00:28.160 D/sss ( 2664): 发现USB设备------------------>>2>/storage/02E24445E2443EE3
11-05 15:00:28.163 D/HiSight-ConnectionManager( 2742): start ConnectionManager
11-05 15:00:28.165 D/USBReceiver( 2664): onReceive: rootPaths size = 1
11-05 15:00:28.179 D/HiSight-SinkService( 2742): onBind.
11-05 15:00:28.220 D/PlayerClient( 2742): service connected.
11-05 15:00:28.229 D/HiSight-SinkService( 2742): ITaskBinder registerCallback: true
11-05 15:00:28.231 D/HiSight-HiSightManager( 2742): ITaskBinder registerCallback.
11-05 15:00:28.234 D/HiSight-CallbackManager( 2742): addNewCallback. com.dangbei.screencast.huaweicast.service.HuaweiCastService$a@80cc8fa
11-05 15:00:28.247 E/HuaweiCastService( 2742): eventId: 4001
11-05 15:00:28.250 E/HuaweiCastService( 2742): mPlayerClient is null.
11-05 15:00:28.260 D/HiSight-HiSightManager( 2742): check capability vbr range not setting, using default value
11-05 15:00:28.274 E/HuaweiCastService( 2742): mPlayerClient is null.
11-05 15:00:28.275 D/HiSight-SinkService( 2742): setAuthMode
11-05 15:00:28.275 W/HiSight-ConnectionManager( 2742): mSinkId is empty
11-05 15:00:28.276 E/ccc ( 1073): cccccc etnaService addListener com.dangbei.lerad.etna.aidl.IEtnaAidlListener$Stub$Proxy@1fc3373 com.dangbei.haqusetting
11-05 15:00:28.277 E/ccc ( 2850): cccccc etna-haqu-connected
11-05 15:00:28.325 I/init ( 1): processing action (sys.topWindow.package=com.dangbei.haqusetting) from (/vendor/etc/init/hw/init.oranth.rc:157)
11-05 15:00:28.326 I/init ( 1): starting service 'exec 20 (/system/bin/restartime.sh)'...
11-05 15:00:28.339 I/init ( 1): SVC_EXEC service 'exec 20 (/system/bin/restartime.sh)' pid 2929 (uid 0 gid 0+0 context default) started; waiting...
11-05 15:00:28.356 I/hwservicemanager( 180): getTransport: Cannot find entry android.hardware.configstore@1.0::ISurfaceFlingerConfigs/default in either framework or device VINTF manifest.
11-05 15:00:28.395 D/USBDialogUtils( 2664): show >>>
11-05 15:00:28.410 W/audit ( 2939): audit_lost=872 audit_rate_limit=5 audit_backlog_limit=64
11-05 15:00:28.410 E/audit ( 2939): rate limit exceeded
11-05 15:00:28.411 E/SELinux ( 179): avc: denied { find } for pid=2939 uid=0 name=settings scontext=u:r:init:s0 tcontext=u:object_r:settings_service:s0 tclass=service_manager permissive=1
11-05 15:00:28.433 E/HWComposer( 289): getSupportedContentTypes: getSupportedContentTypes failed for display 0: Unsupported (8)
11-05 15:00:28.437 I/init ( 1): Service 'exec 20 (/system/bin/restartime.sh)' (pid 2929) exited with status 0 waiting took 0.107000 seconds
11-05 15:00:28.437 I/init ( 1): Sending signal 9 to service 'exec 20 (/system/bin/restartime.sh)' (pid 2929) process group...
11-05 15:00:28.437 I/libprocessgroup( 1): Successfully killed process cgroup uid 0 pid 2929 in 0ms
11-05 15:00:28.444 I/hwservicemanager( 180): getTransport: Cannot find entry android.hardware.graphics.mapper@4.0::IMapper/default in either framework or device VINTF manifest.
11-05 15:00:28.444 I/Gralloc4( 2850): mapper 4.x is not supported
11-05 15:00:28.447 I/hwservicemanager( 180): getTransport: Cannot find entry android.hardware.graphics.mapper@3.0::IMapper/default in either framework or device VINTF manifest.
11-05 15:00:28.447 W/Gralloc3( 2850): mapper 3.x is not supported
11-05 15:00:28.457 E/gralloc ( 2850): Arm Module v1.0
11-05 15:00:28.461 I/hwservicemanager( 180): getTransport: Cannot find entry android.hardware.graphics.allocator@4.0::IAllocator/default in either framework or device VINTF manifest.
11-05 15:00:28.462 W/Gralloc4( 2850): allocator 4.x is not supported
11-05 15:00:28.462 I/hwservicemanager( 180): getTransport: Cannot find entry android.hardware.graphics.allocator@3.0::IAllocator/default in either framework or device VINTF manifest.
11-05 15:00:28.462 W/Gralloc3( 2850): allocator 3.x is not supported
11-05 15:00:28.467 I/gralloc ( 255): alloc buffer:W:1920 H:1080 S:1920 PL[1920 1080] SZ:8294400 fmt:1 if:0 af:1 usg:20000b00 fg:00000004
11-05 15:00:28.471 E/ion ( 2850): ioctl c0044901 failed with code -1: Inappropriate ioctl for device
11-05 15:00:28.473 I/gralloc ( 255): alloc buffer:W:1920 H:1080 S:1920 PL[1920 1080] SZ:8294400 fmt:1 if:0 af:1 usg:20000b00 fg:00000004
