11-05 15:00:14.444 D/wpa_supplicant( 1268): nl80211: Register frame type=0xd0 (WLAN_FC_STYPE_ACTION) nl_handle=0xefb55848 match=0a07 multicast=0
11-05 15:00:14.444 D/wpa_supplicant( 1268): nl80211: Register frame type=0xd0 (WLAN_FC_STYPE_ACTION) nl_handle=0xefb55848 match=0a11 multicast=0
11-05 15:00:14.444 D/wpa_supplicant( 1268): nl80211: Register frame type=0xd0 (WLAN_FC_STYPE_ACTION) nl_handle=0xefb55848 match=0a0b multicast=0
11-05 15:00:14.445 D/wpa_supplicant( 1268): nl80211: Register frame type=0xd0 (WLAN_FC_STYPE_ACTION) nl_handle=0xefb55848 match=0a1a multicast=0
11-05 15:00:14.445 D/wpa_supplicant( 1268): nl80211: Register frame type=0xd0 (WLAN_FC_STYPE_ACTION) nl_handle=0xefb55848 match=1101 multicast=0
11-05 15:00:14.445 D/wpa_supplicant( 1268): nl80211: Register frame type=0xd0 (WLAN_FC_STYPE_ACTION) nl_handle=0xefb55848 match=1102 multicast=0
11-05 15:00:14.445 D/wpa_supplicant( 1268): nl80211: Register frame type=0xd0 (WLAN_FC_STYPE_ACTION) nl_handle=0xefb55848 match=0505 multicast=0
11-05 15:00:14.446 D/wpa_supplicant( 1268): nl80211: Register frame type=0xd0 (WLAN_FC_STYPE_ACTION) nl_handle=0xefb55848 match=0500 multicast=0
11-05 15:00:14.447 D/wpa_supplicant( 1268): nl80211: Register frame type=0xd0 (WLAN_FC_STYPE_ACTION) nl_handle=0xefb55848 match=1305 multicast=0
11-05 15:00:14.447 I/wpa_supplicant( 1268): rfkill: Cannot get wiphy information
11-05 15:00:14.447 D/wpa_supplicant( 1268): nl80211: RFKILL status not available
11-05 15:00:14.450 D/wpa_supplicant( 1268): nl80211: Start P2P Device p2p-dev-wlan0 (0x3): Success
11-05 15:00:14.452 D/wpa_supplicant( 1268): Add interface p2p-dev-wlan0 to existing radio phy0
11-05 15:00:14.453 D/wpa_supplicant( 1268): nl80211: No channel number found for frequency 5920 MHz
11-05 15:00:14.454 D/wpa_supplicant( 1268): nl80211: No channel number found for frequency 5940 MHz
11-05 15:00:14.454 D/wpa_supplicant( 1268): nl80211: Regulatory information - country=CN (DFS-FCC)
11-05 15:00:14.454 D/wpa_supplicant( 1268): nl80211: 2400-2483 @ 40 MHz 20 mBm
11-05 15:00:14.454 D/wpa_supplicant( 1268): nl80211: 5150-5350 @ 80 MHz 20 mBm (DFS)
11-05 15:00:14.454 D/wpa_supplicant( 1268): nl80211: 5725-5850 @ 80 MHz 33 mBm
11-05 15:00:14.454 D/wpa_supplicant( 1268): nl80211: 57240-59400 @ 2160 MHz 28 mBm
11-05 15:00:14.454 D/wpa_supplicant( 1268): nl80211: 59400-63720 @ 2160 MHz 44 mBm
11-05 15:00:14.454 D/wpa_supplicant( 1268): nl80211: 63720-65880 @ 2160 MHz 28 mBm
11-05 15:00:14.454 D/wpa_supplicant( 1268): nl80211: Added 802.11b mode based on 802.11g information
11-05 15:00:14.454 D/wpa_supplicant( 1268): nl80211: Mode IEEE 802.11g: 2412 2417 2422 2427 2432 2437 2442 2447 2452 2457 2462 2467 2472 2484[DISABLED]
11-05 15:00:14.454 D/wpa_supplicant( 1268): nl80211: Mode IEEE 802.11a: 5170[DISABLED] 5180 5200 5220 5240 5260[RADAR] 5280[RADAR] 5300[RADAR] 5320[RADAR] 5500[DISABLED][RADAR] 5520[DISABLED][RADAR] 5540[DISABLED][RADAR] 5560[DISABLED][RADAR] 5580[DISABLED][RADAR]
11-05 15:00:14.454 D/wpa_supplicant( 1268): nl80211: Mode IEEE 802.11b: 2412 2417 2422 2427 2432 2437 2442 2447 2452 2457 2462 2467 2472 2484[DISABLED]
11-05 15:00:14.454 D/wpa_supplicant( 1268): p2p-dev-wlan0: Own MAC address: f6:ab:5c:b4:08:c0
11-05 15:00:14.454 D/wpa_supplicant( 1268): p2p-dev-wlan0: RSN: flushing PMKID list in the driver
11-05 15:00:14.454 D/wpa_supplicant( 1268): nl80211: Flush PMKIDs
11-05 15:00:14.454 D/wpa_supplicant( 1268): p2p-dev-wlan0: State: DISCONNECTED -> INACTIVE
11-05 15:00:14.454 D/wpa_supplicant( 1268): p2p-dev-wlan0: WPS: UUID from the first interface: 48745f9b-aa8d-5dcd-be89-051e0dfa7fc7
11-05 15:00:14.455 I/DropBoxManagerService( 484): add tag=system_server_wtf isTagEnabled=true flags=0x2
11-05 15:00:14.455 D/wpa_supplicant( 1268): EAPOL: SUPP_PAE entering state DISCONNECTED
11-05 15:00:14.455 D/wpa_supplicant( 1268): EAPOL: Supplicant port status: Unauthorized
11-05 15:00:14.455 D/wpa_supplicant( 1268): nl80211: Skip set_supp_port(unauthorized) while not associated
11-05 15:00:14.455 D/wpa_supplicant( 1268): EAPOL: KEY_RX entering state NO_KEY_RECEIVE
11-05 15:00:14.455 D/wpa_supplicant( 1268): EAPOL: SUPP_BE entering state INITIALIZE
11-05 15:00:14.455 D/wpa_supplicant( 1268): EAP: EAP entering state DISABLED
11-05 15:00:14.455 D/wpa_supplicant( 1268): Using existing control interface directory.
11-05 15:00:14.455 D/wpa_supplicant( 1268): P2P: Add operating class 81
11-05 15:00:14.455 D/wpa_supplicant( 1268): P2P: Channels - hexdump(len=13): 01 02 03 04 05 06 07 08 09 0a 0b 0c 0d
11-05 15:00:14.455 D/wpa_supplicant( 1268): P2P: Add operating class 115
11-05 15:00:14.455 D/wpa_supplicant( 1268): P2P: Channels - hexdump(len=4): 24 28 2c 30
11-05 15:00:14.455 D/wpa_supplicant( 1268): P2P: Add operating class 116
11-05 15:00:14.455 D/wpa_supplicant( 1268): P2P: Channels - hexdump(len=2): 24 2c
11-05 15:00:14.455 D/wpa_supplicant( 1268): P2P: Add operating class 117
11-05 15:00:14.455 D/wpa_supplicant( 1268): P2P: Channels - hexdump(len=2): 28 30
11-05 15:00:14.455 D/wpa_supplicant( 1268): P2P: Add operating class 124
11-05 15:00:14.455 D/wpa_supplicant( 1268): P2P: Channels - hexdump(len=4): 95 99 9d a1
11-05 15:00:14.455 D/wpa_supplicant( 1268): P2P: Add operating class 125
11-05 15:00:14.455 D/wpa_supplicant( 1268): P2P: Channels - hexdump(len=5): 95 99 9d a1 a5
11-05 15:00:14.455 D/wpa_supplicant( 1268): P2P: Add operating class 126
11-05 15:00:14.455 D/wpa_supplicant( 1268): P2P: Channels - hexdump(len=2): 95 9d
11-05 15:00:14.455 D/wpa_supplicant( 1268): P2P: Add operating class 127
11-05 15:00:14.455 D/wpa_supplicant( 1268): P2P: Channels - hexdump(len=2): 99 a1
11-05 15:00:14.455 D/wpa_supplicant( 1268): P2P: Add operating class 128
11-05 15:00:14.456 D/wpa_supplicant( 1268): P2P: Channels - hexdump(len=8): 24 28 2c 30 95 99 9d a1
11-05 15:00:14.456 D/wpa_supplicant( 1268): P2P: Add operating class 130
11-05 15:00:14.456 D/wpa_supplicant( 1268): P2P: Channels - hexdump(len=9): 24 28 2c 30 95 99 9d a1 a5
11-05 15:00:14.457 D/wpa_supplicant( 1268): P2P: Own listen channel: 81:1
11-05 15:00:14.458 D/wpa_supplicant( 1268): P2P: Random operating channel: 81:11
11-05 15:00:14.459 D/wpa_supplicant( 1268): P2P: initialized
11-05 15:00:14.459 D/wpa_supplicant( 1268): P2P: channels: 81:1,2,3,4,5,6,7,8,9,10,11,12,13 115:36,40,44,48 116:36,44 117:40,48 124:149,153,157,161 125:149,153,157,161,165 126:149,157 127:153,161 128:36,40,44,48,149,153,157,161 130:36,40,44,48,149,153,157,161,165
11-05 15:00:14.459 D/wpa_supplicant( 1268): P2P: cli_channels:
11-05 15:00:14.460 D/wpa_supplicant( 1268): nl80211: Setting wowlan
11-05 15:00:14.460 D/wpa_supplicant( 1268): MBO: Update non-preferred channels, non_pref_chan=N/A
11-05 15:00:14.462 E/CoreService( 1073): onStartCommand
11-05 15:00:14.462 D/wpa_supplicant( 1268): Registering interface to hidl control: p2p-dev-wlan0
11-05 15:00:14.462 D/wpa_supplicant( 1268): p2p-dev-wlan0: Added interface p2p-dev-wlan0
11-05 15:00:14.462 D/wpa_supplicant( 1268): p2p-dev-wlan0: State: INACTIVE -> DISCONNECTED
11-05 15:00:14.462 D/wpa_supplicant( 1268): nl80211: Set p2p-dev-wlan0 operstate 0->0 (DORMANT)
11-05 15:00:14.463 D/wpa_supplicant( 1268): netlink: Operstate: ifindex=0 linkmode=-1 (no change), operstate=5 (IF_OPER_DORMANT)
11-05 15:00:14.463 D/wpa_supplicant( 1268): p2p-dev-wlan0: Determining shared radio frequencies (max len 2)
11-05 15:00:14.463 D/wpa_supplicant( 1268): p2p-dev-wlan0: Shared frequencies (len=0): completed iteration
11-05 15:00:14.463 D/wpa_supplicant( 1268): P2P: Add operating class 81
11-05 15:00:14.463 D/wpa_supplicant( 1268): P2P: Channels - hexdump(len=13): 01 02 03 04 05 06 07 08 09 0a 0b 0c 0d
11-05 15:00:14.463 D/wpa_supplicant( 1268): P2P: Add operating class 115
11-05 15:00:14.463 D/wpa_supplicant( 1268): P2P: Channels - hexdump(len=4): 24 28 2c 30
11-05 15:00:14.463 D/wpa_supplicant( 1268): P2P: Add operating class 116
11-05 15:00:14.463 D/wpa_supplicant( 1268): P2P: Channels - hexdump(len=2): 24 2c
11-05 15:00:14.463 D/wpa_supplicant( 1268): P2P: Add operating class 117
11-05 15:00:14.463 D/wpa_supplicant( 1268): P2P: Channels - hexdump(len=2): 28 30
11-05 15:00:14.463 D/wpa_supplicant( 1268): P2P: Add operating class 124
11-05 15:00:14.463 D/wpa_supplicant( 1268): P2P: Channels - hexdump(len=4): 95 99 9d a1
11-05 15:00:14.463 D/wpa_supplicant( 1268): P2P: Add operating class 125
11-05 15:00:14.463 D/wpa_supplicant( 1268): P2P: Channels - hexdump(len=5): 95 99 9d a1 a5
11-05 15:00:14.463 D/wpa_supplicant( 1268): P2P: Add operating class 126
11-05 15:00:14.463 D/wpa_supplicant( 1268): P2P: Channels - hexdump(len=2): 95 9d
11-05 15:00:14.463 D/wpa_supplicant( 1268): P2P: Add operating class 127
11-05 15:00:14.463 D/wpa_supplicant( 1268): P2P: Channels - hexdump(len=2): 99 a1
11-05 15:00:14.464 D/wpa_supplicant( 1268): P2P: Add operating class 128
11-05 15:00:14.464 D/wpa_supplicant( 1268): P2P: Channels - hexdump(len=8): 24 28 2c 30 95 99 9d a1
11-05 15:00:14.464 D/wpa_supplicant( 1268): P2P: Add operating class 130
11-05 15:00:14.464 D/wpa_supplicant( 1268): P2P: Channels - hexdump(len=9): 24 28 2c 30 95 99 9d a1 a5
11-05 15:00:14.464 D/wpa_supplicant( 1268): P2P: Update channel list
11-05 15:00:14.464 D/wpa_supplicant( 1268): P2P: channels: 81:1,2,3,4,5,6,7,8,9,10,11,12,13 115:36,40,44,48 116:36,44 117:40,48 124:149,153,157,161 125:149,153,157,161,165 126:149,157 127:153,161 128:36,40,44,48,149,153,157,161 130:36,40,44,48,149,153,157,161,165
11-05 15:00:14.464 D/wpa_supplicant( 1268): P2P: cli_channels:
11-05 15:00:14.465 D/wpa_supplicant( 1268): RTM_NEWLINK: ifi_index=14 ifname=wlan0 operstate=5 linkmode=0 ifi_family=0 ifi_flags=0x11003 ([UP][LOWER_UP])
11-05 15:00:14.465 D/wpa_supplicant( 1268): RTM_NEWLINK: ifi_index=14 ifname=wlan0 operstate=5 linkmode=1 ifi_family=0 ifi_flags=0x11003 ([UP][LOWER_UP])
11-05 15:00:14.475 E/HWComposer( 289): getSupportedContentTypes: getSupportedContentTypes failed for display 0: Unsupported (8)
11-05 15:00:14.480 W/ContextImpl( 1073): Calling a method in the system process without a qualified user: android.app.ContextImpl.bindService:1895 android.content.ContextWrapper.bindService:810 com.dangbei.lerad.etna.lib.client.EtnaClient.bindServer:138 com.dangbei.lerad.etna.lib.client.EtnaClient.access$600:29 com.dangbei.lerad.etna.lib.client.EtnaClient$3.call:205
11-05 15:00:14.487 I/hwservicemanager( 180): getTransport: Cannot find entry android.hardware.graphics.mapper@4.0::IMapper/default in either framework or device VINTF manifest.
11-05 15:00:14.491 V/MediaPlayerList( 670): Initializing MediaPlayerList
11-05 15:00:14.493 I/Gralloc4( 1130): mapper 4.x is not supported
11-05 15:00:14.497 D/QuickLifeImpl( 1073): onReceive intent : Intent { act=android.net.wifi.WIFI_STATE_CHANGED flg=0x4000010 (has extras) }
11-05 15:00:14.500 E/dangbei111( 1073): 5mins后会再次获取电量
11-05 15:00:14.500 E/dangbei111( 1073): getBattery delay 300000
11-05 15:00:14.500 E/ccc ( 1073): cccccc etnaService addListener com.dangbei.lerad.etna.lib.client.EtnaServerListener@d990b62 com.dangbei.etna.setting
11-05 15:00:14.500 E/ccc ( 1073): cccccc SettingHelper onServerConnected
11-05 15:00:14.500 I/lerad.etna.haq( 1073): Background young concurrent copying GC freed 8624(534KB) AllocSpace objects, 0(0B) LOS objects, 87% free, 3374KB/27MB, paused 389us total 614.713ms
11-05 15:00:14.506 I/hwservicemanager( 180): getTransport: Cannot find entry android.hardware.graphics.mapper@3.0::IMapper/default in either framework or device VINTF manifest.
11-05 15:00:14.507 W/ContextImpl( 1073): Calling a method in the system process without a qualified user: android.app.ContextImpl.bindService:1895 android.content.ContextWrapper.bindService:810 com.dangbei.lerad.etna.lib.client.EtnaClient.bindServer:138 com.dangbei.lerad.etna.lib.client.EtnaClient.access$600:29 com.dangbei.lerad.etna.lib.client.EtnaClient$3.call:205
11-05 15:00:14.507 W/ContextImpl( 1073): Calling a method in the system process without a qualified user: android.app.ContextImpl.bindService:1895 android.content.ContextWrapper.bindService:810 com.dangbei.lerad.etna.lib.client.EtnaClient.bindServer:138 com.dangbei.lerad.etna.lib.client.EtnaClient.access$600:29 com.dangbei.lerad.etna.lib.client.EtnaClient$3.call:205
11-05 15:00:14.509 W/Gralloc3( 1130): mapper 3.x is not supported
11-05 15:00:14.510 E/ccc ( 1073): cccccc etnaService addListener com.dangbei.lerad.etna.lib.client.EtnaServerListener@76f2c29 com.dangbei.etna.update
11-05 15:00:14.510 E/ccc ( 1073): cccccc UpdateHelper onServerConnected
11-05 15:00:14.510 E/ccc ( 1073): cccccc etnaService addListener com.dangbei.lerad.etna.lib.client.EtnaServerListener@a807bae com.dangbei.lerad.etna.haqu.andes
11-05 15:00:14.513 E/ccc ( 1073): cccccc sendCycleCheckBootGuideStatusMessage
11-05 15:00:14.514 I/AvrcpBrowsedPlayerWrapper( 670): Wrapping Media Browser com.android.music
11-05 15:00:14.522 W/ContextImpl( 1073): Calling a method in the system process without a qualified user: android.app.ContextImpl.startService:1816 android.content.ContextWrapper.startService:774 com.dangbei.etna.setting.core.SettingHelper.startRocky:260 com.dangbei.etna.setting.core.SettingHelper.sendCycleCheckBootGuideStatusMessage:206 com.dangbei.etna.setting.core.SettingHelper.startLoop:195
11-05 15:00:14.527 E/AvrcpTargetService( 670): Please use AVRCP version 1.6 to enable cover art
11-05 15:00:14.527 I/ActivityManager( 484): com.dangbei.lerad.rocky is exempt from freezer
11-05 15:00:14.528 D/CompatibilityChangeReporter( 484): Compat change id reported: 135634846; UID 1000; state: DISABLED
11-05 15:00:14.531 E/ccc ( 1073): cccccc sendCycleCheckBroadcast
11-05 15:00:14.532 W/ContextImpl( 1073): Calling a method in the system process without a qualified user: android.app.ContextImpl.sendBroadcast:1173 android.content.ContextWrapper.sendBroadcast:479 com.dangbei.etna.setting.core.SettingHelper.sendCycleToProjector:250 com.dangbei.etna.setting.core.SettingHelper.sendCycleCheckBroadcast:219 com.dangbei.etna.setting.core.SettingHelper.sendCycleCheckBootGuideStatusMessage:207
11-05 15:00:14.535 D/SupplicantStaIfaceHal( 484): Newer HAL is found, skip V1_3 remaining init flow.
11-05 15:00:14.535 E/gralloc ( 1130): Arm Module v1.0
11-05 15:00:14.535 D/SupplicantStaIfaceHal( 484): Newer HAL is found, skip V1_2 remaining init flow.
11-05 15:00:14.535 D/SupplicantStaIfaceHal( 484): Newer HAL is found, skip V1_1 remaining init flow.
11-05 15:00:14.535 D/SupplicantStaIfaceHal( 484): Newer HAL is found, skip V1_0 remaining init flow.
11-05 15:00:14.540 I/hwservicemanager( 180): getTransport: Cannot find entry android.hardware.graphics.allocator@4.0::IAllocator/default in either framework or device VINTF manifest.
11-05 15:00:14.541 W/Gralloc4( 1130): allocator 4.x is not supported
11-05 15:00:14.547 I/hwservicemanager( 180): getTransport: Cannot find entry android.hardware.graphics.allocator@3.0::IAllocator/default in either framework or device VINTF manifest.
11-05 15:00:14.548 W/Gralloc3( 1130): allocator 3.x is not supported
11-05 15:00:14.548 W/ContextImpl( 1073): Calling a method in the system process without a qualified user: android.app.ContextImpl.sendBroadcast:1173 android.content.ContextWrapper.sendBroadcast:479 com.dangbei.etna.setting.core.SettingHelper.sendCycleToVoice:235 com.dangbei.etna.setting.core.SettingHelper.sendCycleCheckBroadcast:220 com.dangbei.etna.setting.core.SettingHelper.sendCycleCheckBootGuideStatusMessage:207
11-05 15:00:14.556 I/gralloc ( 255): alloc buffer:W:1920 H:1080 S:1920 PL[1920 1080] SZ:8294400 fmt:1 if:0 af:1 usg:20000b00 fg:00000004
11-05 15:00:14.557 E/ion ( 1130): ioctl c0044901 failed with code -1: Inappropriate ioctl for device
11-05 15:00:14.563 I/gralloc ( 255): alloc buffer:W:1920 H:1080 S:1920 PL[1920 1080] SZ:8294400 fmt:1 if:0 af:1 usg:20000b00 fg:00000004
11-05 15:00:14.566 D/Zygote ( 242): Forked child process 1333
11-05 15:00:14.569 I/gralloc ( 255): alloc buffer:W:1920 H:1080 S:1920 PL[1920 1080] SZ:8294400 fmt:1 if:0 af:1 usg:20000b00 fg:00000004
11-05 15:00:14.580 D/NsdService( 484): New client listening to asynchronous messages
11-05 15:00:14.580 D/NsdService( 484): New client, channel: com.android.internal.util.AsyncChannel@668d3ad messenger: android.os.Messenger@fef06e2
11-05 15:00:14.582 I/Zygote ( 1333): seccomp disabled by setenforce 0
11-05 15:00:14.585 D/CompatibilityChangeReporter( 1073): Compat change id reported: 191844585; UID 1000; state: DISABLED
11-05 15:00:14.593 D/NsdService( 484): mdnssd [start-service]
11-05 15:00:14.634 I/adbd ( 396): jdwp connection from 1333
11-05 15:00:14.655 D/CompatibilityChangeReporter( 484): Compat change id reported: 182734110; UID 10074; state: DISABLED
11-05 15:00:14.662 E/WifiHAL ( 664): wifi_get_logger_supported_feature_set: Error -5 happened.
11-05 15:00:14.666 I/ieee80211 phy0( 664): sprdwl_vendor_get_support_feature
11-05 15:00:14.666 E/NsdService( 484): Failed to execute mdnssd [start-service]
11-05 15:00:14.666 E/NsdService( 484): com.android.server.NativeDaemonConnector$NativeDaemonFailureException: command '1 mdnssd start-service' failed with '402 1 Service already running'
11-05 15:00:14.666 E/NsdService( 484): at com.android.server.NativeDaemonConnector.executeForList(NativeDaemonConnector.java:516)
11-05 15:00:14.666 E/NsdService( 484): at com.android.server.NativeDaemonConnector.execute(NativeDaemonConnector.java:412)
11-05 15:00:14.666 E/NsdService( 484): at com.android.server.NativeDaemonConnector.execute(NativeDaemonConnector.java:407)
11-05 15:00:14.666 E/NsdService( 484): at com.android.server.NsdService$DaemonConnection.execute(NsdService.java:743)
11-05 15:00:14.666 E/NsdService( 484): at com.android.server.NsdService$DaemonConnection.maybeStart(NsdService.java:758)
11-05 15:00:14.666 E/NsdService( 484): at com.android.server.NsdService$NsdStateMachine.maybeStartDaemon(NsdService.java:100)
11-05 15:00:14.666 E/NsdService( 484): at com.android.server.NsdService$NsdStateMachine.access$1600(NsdService.java:88)
11-05 15:00:14.666 E/NsdService( 484): at com.android.server.NsdService$NsdStateMachine$DefaultState.processMessage(NsdService.java:223)
11-05 15:00:14.666 E/NsdService( 484): at com.android.internal.util.StateMachine$SmHandler.processMsg(StateMachine.java:993)
11-05 15:00:14.666 E/NsdService( 484): at com.android.internal.util.StateMachine$SmHandler.handleMessage(StateMachine.java:810)
11-05 15:00:14.666 E/NsdService( 484): at android.os.Handler.dispatchMessage(Handler.java:106)
11-05 15:00:14.666 E/NsdService( 484): at android.os.Looper.loopOnce(Looper.java:201)
11-05 15:00:14.666 E/NsdService( 484): at android.os.Looper.loop(Looper.java:288)
11-05 15:00:14.666 E/NsdService( 484): at android.os.HandlerThread.run(HandlerThread.java:67)
11-05 15:00:14.666 E/ActivityManager( 484): Sending non-protected broadcast com.dangbei.etna.setting.action_cycle_check_broadcast from system 1073:com.dangbei.lerad.etna.haqu/1000 pkg com.dangbei.lerad.etna.haqu
11-05 15:00:14.666 E/ActivityManager( 484): java.lang.Throwable
11-05 15:00:14.666 E/ActivityManager( 484): at com.android.server.am.ActivityManagerService.checkBroadcastFromSystem(ActivityManagerService.java:12816)
11-05 15:00:14.666 E/ActivityManager( 484): at com.android.server.am.ActivityManagerService.broadcastIntentLocked(ActivityManagerService.java:13513)
11-05 15:00:14.666 E/ActivityManager( 484): at com.android.server.am.ActivityManagerService.broadcastIntentLocked(ActivityManagerService.java:12833)
11-05 15:00:14.666 E/ActivityManager( 484): at com.android.server.am.ActivityManagerService.broadcastIntentWithFeature(ActivityManagerService.java:13670)
11-05 15:00:14.666 E/ActivityManager( 484): at android.app.IActivityManager$Stub.onTransact(IActivityManager.java:2326)
11-05 15:00:14.666 E/ActivityManager( 484): at com.android.server.am.ActivityManagerService.onTransact(ActivityManagerService.java:2509)
11-05 15:00:14.666 E/ActivityManager( 484): at android.os.Binder.execTransactInternal(Binder.java:1179)
11-05 15:00:14.666 E/ActivityManager( 484): at android.os.Binder.execTransact(Binder.java:1143)
11-05 15:00:14.669 I/DropBoxManagerService( 484): add tag=system_server_wtf isTagEnabled=true flags=0x2
11-05 15:00:14.670 E/WifiHAL ( 664): wifi_get_logger_supported_feature_set: Error -5 happened.
11-05 15:00:14.672 W/ActivityManager( 484): Slow operation: 145ms so far, now at startProcess: done updating battery stats
11-05 15:00:14.672 W/ActivityManager( 484): Slow operation: 146ms so far, now at startProcess: building log message
11-05 15:00:14.672 I/ActivityManager( 484): app.processName = com.dangbei.lerad.rocky
11-05 15:00:14.672 I/ActivityManager( 484): Start proc 1333:com.dangbei.lerad.rocky/1000 for service {com.dangbei.lerad.rocky/com.dangbei.rocky.RockyService}
11-05 15:00:14.672 W/ActivityManager( 484): Slow operation: 146ms so far, now at startProcess: starting to update pids map
11-05 15:00:14.672 W/ActivityManager( 484): Slow operation: 146ms so far, now at startProcess: done updating pids map
11-05 15:00:14.676 I/ieee80211 phy0( 664): sprdwl_vendor_get_support_feature
11-05 15:00:14.675 V/BluetoothHidDeviceServiceJni( 670): classInitNative: done
11-05 15:00:14.676 V/BluetoothHidDeviceServiceJni( 670): initNative enter
11-05 15:00:14.676 I/bt_btif ( 670): system/bt/btif/src/bluetooth.cc:417 get_profile_interface: get_profile_interface: id = hiddev
11-05 15:00:14.676 I/bt_btif_storage( 670): system/bt/btif/src/btif_storage.cc:661 btif_storage_get_adapter_property: btif_storage_get_adapter_property service_mask:0x60100048
11-05 15:00:14.676 V/BluetoothHidDeviceServiceJni( 670): initNative done
11-05 15:00:14.680 V/GraphicsEnvironment( 1271): ANGLE Developer option for 'com.dangbei.screencast' set to: 'default'
11-05 15:00:14.681 V/GraphicsEnvironment( 1271): Neither updatable production driver nor prerelease driver is supported.
11-05 15:00:14.685 D/NetworkSecurityConfig( 1271): Using Network Security Config from resource network_security_config debugBuild: false
11-05 15:00:14.700 D/ColorDisplayService( 484): NightDisplayTintController Animation cancelled: false to matrix:
11-05 15:00:14.700 D/ColorDisplayService( 484): 1.000000 0.000000 0.000000 0.000000 0.000000 1.000000 0.000000 0.000000 0.000000 0.000000 1.000000 0.000000 0.000000 0.000000 0.000000 1.000000 min matrix coefficients:
11-05 15:00:14.700 D/ColorDisplayService( 484): 1.000000 0.000000 0.000000 0.000000 0.000000 1.000000 0.000000 0.000000 0.000000 0.000000 1.000000 0.000000 0.000000 0.000000 0.000000 1.000000 max matrix coefficients:
11-05 15:00:14.700 D/ColorDisplayService( 484): 1.000000 0.000000 0.000000 0.000000 0.000000 1.000000 0.000000 0.000000 0.000000 0.000000 1.000000 0.000000 0.000000 0.000000 0.000000 1.000000
11-05 15:00:14.700 D/wpa_supplicant( 1268): Driver capability mask: 0xd
11-05 15:00:14.703 D/NetworkSecurityConfig( 1271): Using Network Security Config from resource network_security_config debugBuild: false
11-05 15:00:14.709 I/Choreographer( 1130): Skipped 30 frames! The application may be doing too much work on its main thread.
11-05 15:00:14.709 I/WifiNative( 484): Successfully switched to connectivity mode on iface=Iface:{Name=wlan0,Id=0,Type=STA_CONNECTIVITY}
11-05 15:00:14.710 D/WifiClientModeManager[wlan0]( 484): entering ConnectModeState, starting ClientModeImpl
11-05 15:00:14.719 E/hq ( 1130): USBReceiver:::USBReceiver onReceive: action=android.intent.action.MEDIA_MOUNTED
11-05 15:00:14.719 E/hq ( 1130): USBReceiver:::USBReceiver onReceive: action=android.intent.action.MEDIA_MOUNTED
11-05 15:00:14.727 D/WanCommander( 1073): handleConnection:
11-05 15:00:14.729 E/ActivityRecord( 484): real home.....com.dangbei.leard.leradlauncher/com.dangbei.launcher.home.LauncherActivity
11-05 15:00:14.729 E/+++ActivityRecord( 484): pre led_switch = 1
11-05 15:00:14.747 I/vol.Events( 684): writeEvent level_changed STREAM_VOICE_CALL 15
11-05 15:00:14.752 I/vol.Events( 684): writeEvent level_changed STREAM_SYSTEM 5
11-05 15:00:14.754 I/vol.Events( 684): writeEvent level_changed STREAM_RING 5
11-05 15:00:14.754 D/WifiScoreReport( 484): setShouldReduceNetworkScore=false mNetworkAgent is null? true
11-05 15:00:14.755 I/vol.Events( 684): writeEvent level_changed STREAM_MUSIC 20
11-05 15:00:14.755 V/WifiClientModeManager[wlan0]( 484): ClientModeManager started in role: Role: ROLE_CLIENT_PRIMARY, RequestorWs: WorkSource{10066 com.android.systemui}, ModeListener: com.android.server.wifi.ActiveModeWarden$ClientListener@be97e16
11-05 15:00:14.756 I/vol.Events( 684): writeEvent level_changed STREAM_ALARM 17
11-05 15:00:14.763 I/vol.Events( 684): writeEvent level_changed STREAM_BLUETOOTH_SCO 7
11-05 15:00:14.763 I/MultiDex( 1271): VM with version 2.1.0 has multidex support
11-05 15:00:14.763 I/MultiDex( 1271): Installing application
11-05 15:00:14.763 I/MultiDex( 1271): VM has multidex support, MultiDex support library is disabled.
11-05 15:00:14.764 D/WifiScanRequestProxy( 484): Sending scan available broadcast: true
11-05 15:00:14.766 I/WifiScanningService( 484): Received a request to enable scanning, UID = 1000
11-05 15:00:14.771 I/vol.Events( 684): writeEvent zen_mode_config_changed [disallowAlarms=false disallowMedia=false disallowSystem=true disallowRinger=false]
11-05 15:00:14.772 D/BootAnimation( 520): BootAnimationStopTiming start time: 21702ms
11-05 15:00:14.778 D/SystemUIService( 684): running: com.android.systemui.volume.VolumeUI@e061af7
11-05 15:00:14.782 D/TheRouter::RouterInject( 1130): interception::===interface com.dangbei.leard.protocol.down.DownProtocol===DownProtocolProxy219945063
11-05 15:00:14.780 I/android.anim( 1354): type=1400 audit(0.0:464): avc: denied { execute } for name="sh" dev="dm-0" ino=1202 scontext=u:r:system_server:s0 tcontext=u:object_r:shell_exec:s0 tclass=file permissive=1
11-05 15:00:14.780 I/android.anim( 1354): type=1400 audit(0.0:465): avc: denied { read open } for path="/system/bin/sh" dev="dm-0" ino=1202 scontext=u:r:system_server:s0 tcontext=u:object_r:shell_exec:s0 tclass=file permissive=1
11-05 15:00:14.780 I/preinstall.sh( 1354): type=1400 audit(0.0:466): avc: denied { map } for path="/system/bin/sh" dev="dm-0" ino=1202 scontext=u:r:system_server:s0 tcontext=u:object_r:shell_exec:s0 tclass=file permissive=1
11-05 15:00:14.791 D/TheRouter::RouterInject( 1130): interception::===interface com.dangbei.leard.protocol.install.IInstallProtocol===InstallAppManagerInterface171839165
11-05 15:00:14.793 E/FactoryResetOperateImpl( 1130): isFirstBoot 1
11-05 15:00:14.788 I/led_switch.sh( 1355): type=1400 audit(0.0:467): avc: denied { write } for name="tmp" dev="mmcblk0p25" ino=85 scontext=u:r:init:s0 tcontext=u:object_r:shell_data_file:s0 tclass=dir permissive=1 bug=b/77873135
11-05 15:00:14.795 E/FactoryResetOperateImpl( 1130): isFirstBoot 1
11-05 15:00:14.792 I/preinstall.sh( 1354): type=1400 audit(0.0:468): avc: denied { getattr } for path="/system/bin/sh" dev="dm-0" ino=1202 scontext=u:r:system_server:s0 tcontext=u:object_r:shell_exec:s0 tclass=file permissive=1
11-05 15:00:14.804 I/WindowManager( 484): ******* TELLING SURFACE FLINGER WE ARE BOOTED!
11-05 15:00:14.805 I/SurfaceFlinger( 289): Boot is finished (14900 ms)
11-05 15:00:14.807 D/TheRouter::RouterInject( 1130): interception::===interface com.dangbei.leard.protocol.etna.EtnaManagerInterface===EtnaManagerInterfaceImpl167796608
11-05 15:00:14.810 D/SystemUIBootTiming( 684): SystemUIService: bootcomplete com.android.systemui.volume.VolumeUI took 1194 ms
11-05 15:00:14.812 D/SystemUIService( 684): loading: com.android.systemui.privacy.television.TvOngoingPrivacyChip
11-05 15:00:14.822 E/PartsInfoProvider( 1271): onCreate:
11-05 15:00:14.828 I/WifiScanningService( 484): Created a new impl for wlan0
11-05 15:00:14.836 I/servicemanager( 179): Found android.hardware.power.IPower/default in device VINTF manifest.
11-05 15:00:14.837 I/PowerAdvisor( 289): Loaded AIDL Power HAL service
11-05 15:00:14.837 I/AW_PowerHAL( 259): check: Mode 6 not Supported ,do nothing
11-05 15:00:14.837 I/AW_PowerHAL( 259): isBoostSupported: 1
11-05 15:00:14.856 D/CompatibilityChangeReporter( 484): Compat change id reported: 158002302; UID 1000; state: ENABLED
11-05 15:00:14.862 I/AW_PowerHAL( 259): Power setMode: SUSTAINED_PERFORMANCE to: 0
11-05 15:00:14.864 D/CompatibilityChangeReporter( 484): Compat change id reported: 181136395; UID 1000; state: DISABLED
11-05 15:00:14.865 D/CompatibilityChangeReporter( 484): Compat change id reported: 174042936; UID 1000; state: DISABLED
11-05 15:00:14.868 I/AW_PowerHAL( 259): cur-mode:SCHEDUTIL-Home
11-05 15:00:14.868 D/CompatibilityChangeReporter( 484): Compat change id reported: 168419799; UID 1000; state: DISABLED
11-05 15:00:14.871 W/ActivityManager( 484): Slow operation: 144ms so far, now at attachApplicationLocked: immediately before bindApplication
11-05 15:00:14.877 W/ActivityManager( 484): Slow operation: 150ms so far, now at attachApplicationLocked: immediately after bindApplication
11-05 15:00:14.877 W/ActivityManager( 484): Slow operation: 150ms so far, now at attachApplicationLocked: after updateLruProcessLocked
11-05 15:00:14.882 E/WifiBackgroundScanStateMachine( 484): invalid max buckets in scan capabilities 0
11-05 15:00:14.895 D/BufferPoolAccessor2.0( 484): bufferpool2 0xf16332d8 : 0(0 size) total buffers - 0(0 size) used buffers - 2/7 (recycle/alloc) - 5/68 (fetch/transfer)
11-05 15:00:14.895 D/BufferPoolAccessor2.0( 484): bufferpool2 0xf3814458 : 0(0 size) total buffers - 0(0 size) used buffers - 1/7 (recycle/alloc) - 6/46 (fetch/transfer)
11-05 15:00:14.895 D/BufferPoolAccessor2.0( 484): bufferpool2 0xf1633198 : 0(0 size) total buffers - 0(0 size) used buffers - 2/7 (recycle/alloc) - 6/76 (fetch/transfer)
11-05 15:00:14.895 D/BufferPoolAccessor2.0( 484): bufferpool2 0xf3813418 : 0(0 size) total buffers - 0(0 size) used buffers - 2/7 (recycle/alloc) - 4/42 (fetch/transfer)
11-05 15:00:14.895 D/BufferPoolAccessor2.0( 484): evictor expired: 4, evicted: 4
11-05 15:00:14.897 W/ActivityManager( 484): Slow operation: 170ms so far, now at attachApplicationLocked: after mServices.attachApplicationLocked
11-05 15:00:14.907 E/EtnaListener( 1073): onServerConnected
11-05 15:00:14.908 I/d.leradlaunche( 1130): Background young concurrent copying GC freed 165000(5583KB) AllocSpace objects, 30(7580KB) LOS objects, 80% free, 6029KB/29MB, paused 17.007ms total 595.969ms
11-05 15:00:14.908 I/d.leradlaunche( 1130): WaitForGcToComplete blocked ClassLinker on Background for 484.446ms
11-05 15:00:14.909 E/ccc ( 1073): cccccc etnaService addListener com.dangbei.lerad.etna.lib.client.EtnaServerListener@76f2c29 com.dangbei.etna.update
11-05 15:00:14.912 D/BtOppService( 670): setBluetoothOppService(): set to: com.android.bluetooth.opp.BluetoothOppService@b592c5e
11-05 15:00:14.912 D/BufferPoolAccessor2.0( 388): bufferpool2 0xe95dab98 : 0(0 size) total buffers - 0(0 size) used buffers - 42/46 (recycle/alloc) - 4/45 (fetch/transfer)
11-05 15:00:14.913 E/ccc ( 1073): cccccc UpdateHelper onServerConnected
11-05 15:00:14.913 D/BufferPoolAccessor2.0( 388): bufferpool2 0xe95daa58 : 0(0 size) total buffers - 0(0 size) used buffers - 42/44 (recycle/alloc) - 2/43 (fetch/transfer)
11-05 15:00:14.913 D/BufferPoolAccessor2.0( 388): bufferpool2 0xe95da558 : 0(0 size) total buffers - 0(0 size) used buffers - 16/19 (recycle/alloc) - 3/18 (fetch/transfer)
11-05 15:00:14.913 D/BufferPoolAccessor2.0( 388): bufferpool2 0xe95da7d8 : 0(0 size) total buffers - 0(0 size) used buffers - 17/21 (recycle/alloc) - 4/20 (fetch/transfer)
11-05 15:00:14.913 D/BufferPoolAccessor2.0( 388): bufferpool2 0xe95db458 : 0(0 size) total buffers - 0(0 size) used buffers - 30/32 (recycle/alloc) - 2/31 (fetch/transfer)
11-05 15:00:14.913 D/BufferPoolAccessor2.0( 388): bufferpool2 0xe95da698 : 0(0 size) total buffers - 0(0 size) used buffers - 33/36 (recycle/alloc) - 3/35 (fetch/transfer)
11-05 15:00:14.913 D/BufferPoolAccessor2.0( 388): evictor expired: 6, evicted: 6
11-05 15:00:14.913 E/ccc ( 1073): cccccc etnaService addListener com.dangbei.lerad.etna.lib.client.EtnaServerListener@d990b62 com.dangbei.etna.setting
11-05 15:00:14.913 E/ccc ( 1073): cccccc SettingHelper onServerConnected
11-05 15:00:14.916 E/ccc ( 1073): cccccc sendCycleCheckBootGuideStatusMessage
11-05 15:00:14.916 D/CompatibilityChangeReporter( 1333): Compat change id reported: 171979766; UID 1000; state: DISABLED
11-05 15:00:14.919 W/ContextImpl( 1073): Calling a method in the system process without a qualified user: android.app.ContextImpl.startService:1816 android.content.ContextWrapper.startService:774 com.dangbei.etna.setting.core.SettingHelper.startRocky:260 com.dangbei.etna.setting.core.SettingHelper.sendCycleCheckBootGuideStatusMessage:206 com.dangbei.etna.setting.core.SettingHelper.startLoop:195
11-05 15:00:14.936 W/ContextImpl( 1130): Calling a method in the system process without a qualified user: android.app.ContextImpl.bindService:1895 android.content.ContextWrapper.bindService:810 ve.b.h:57 ve.b$c.call:3 xe.c$a.run:5
11-05 15:00:14.945 E/ccc ( 1073): cccccc sendCycleCheckBroadcast
11-05 15:00:14.946 W/ContextImpl( 1073): Calling a method in the system process without a qualified user: android.app.ContextImpl.sendBroadcast:1173 android.content.ContextWrapper.sendBroadcast:479 com.dangbei.etna.setting.core.SettingHelper.sendCycleToProjector:250 com.dangbei.etna.setting.core.SettingHelper.sendCycleCheckBroadcast:219 com.dangbei.etna.setting.core.SettingHelper.sendCycleCheckBootGuideStatusMessage:207
11-05 15:00:14.957 D/SystemUIService( 684): running: com.android.systemui.privacy.television.TvOngoingPrivacyChip@a7d47c9
11-05 15:00:14.958 I/WifiScanRequestProxy( 484): Scanning is enabled
11-05 15:00:14.958 I/WifiScanRequestProxy( 484): Scanning for hidden networks is enabled
11-05 15:00:14.959 D/BufferPoolAccessor2.0( 834): bufferpool2 0xf34cbe98 : 0(0 size) total buffers - 0(0 size) used buffers - 2/7 (recycle/alloc) - 5/92 (fetch/transfer)
11-05 15:00:14.959 D/BufferPoolAccessor2.0( 834): evictor expired: 1, evicted: 1
11-05 15:00:14.962 D/SystemUIBootTiming( 684): SystemUIService: bootcomplete com.android.systemui.privacy.television.TvOngoingPrivacyChip took 150 ms
11-05 15:00:14.963 E/hq ( 1130): LookupControler:::startLookupControllerTimer
11-05 15:00:14.963 I/BluetoothPbapService( 670): setCurrentUser(0)
11-05 15:00:14.965 D/SystemUIService( 684): loading: com.android.systemui.statusbar.tv.TvStatusBar
11-05 15:00:14.966 D/SystemUIService( 684): running: com.android.systemui.statusbar.tv.TvStatusBar@1acfece
11-05 15:00:14.968 W/ContextImpl( 1073): Calling a method in the system process without a qualified user: android.app.ContextImpl.sendBroadcast:1173 android.content.ContextWrapper.sendBroadcast:479 com.dangbei.etna.setting.core.SettingHelper.sendCycleToVoice:235 com.dangbei.etna.setting.core.SettingHelper.sendCycleCheckBroadcast:220 com.dangbei.etna.setting.core.SettingHelper.sendCycleCheckBootGuideStatusMessage:207
11-05 15:00:14.970 E/ccc ( 1073): cccccc etnaService addListener com.dangbei.lerad.etna.aidl.IEtnaAidlListener$Stub$Proxy@aa05286 com.dangbei.leard.leradlauncher
11-05 15:00:14.972 W/InputManager-JNI( 484): Input channel object '377e61d com.android.tv.settings/com.android.tv.settings.system.FallbackHome (client)' was disposed without first being removed with the input manager!
11-05 15:00:14.972 E/WifiVendorHal( 484): setMultiStaUseCase(l.3286) failed {.code = ERROR_NOT_SUPPORTED, .description = }
11-05 15:00:14.973 E/hq ( 1130): Etna:::etnaClient connectState=true
11-05 15:00:14.979 I/BluetoothPbapService( 670): setUserUnlocked(0)
11-05 15:00:14.979 I/BluetoothPbapService( 670): setUserUnlocked(0)
11-05 15:00:14.980 W/ActivityManager( 484): Background start not allowed: service Intent { act=com.dangbei.screencast.STARTUP pkg=com.dangbei.screencast } to com.dangbei.screencast/.startup.StartupService from pid=1271 uid=10024 pkg=com.dangbei.screencast startFg?=false
11-05 15:00:14.987 I/StatusBarManagerService( 484): registerStatusBar bar=com.android.internal.statusbar.IStatusBar$Stub$Proxy@3758c98
11-05 15:00:14.988 E/ActivityManager( 484): Sending non-protected broadcast com.dangbei.etna.setting.action_cycle_check_broadcast from system 1073:com.dangbei.lerad.etna.haqu/1000 pkg com.dangbei.lerad.etna.haqu
11-05 15:00:14.988 E/ActivityManager( 484): java.lang.Throwable
11-05 15:00:14.988 E/ActivityManager( 484): at com.android.server.am.ActivityManagerService.checkBroadcastFromSystem(ActivityManagerService.java:12816)
11-05 15:00:14.988 E/ActivityManager( 484): at com.android.server.am.ActivityManagerService.broadcastIntentLocked(ActivityManagerService.java:13513)
11-05 15:00:14.988 E/ActivityManager( 484): at com.android.server.am.ActivityManagerService.broadcastIntentLocked(ActivityManagerService.java:12833)
11-05 15:00:14.988 E/ActivityManager( 484): at com.android.server.am.ActivityManagerService.broadcastIntentWithFeature(ActivityManagerService.java:13670)
11-05 15:00:14.988 E/ActivityManager( 484): at android.app.IActivityManager$Stub.onTransact(IActivityManager.java:2326)
11-05 15:00:14.988 E/ActivityManager( 484): at com.android.server.am.ActivityManagerService.onTransact(ActivityManagerService.java:2509)
11-05 15:00:14.988 E/ActivityManager( 484): at android.os.Binder.execTransactInternal(Binder.java:1179)
11-05 15:00:14.988 E/ActivityManager( 484): at android.os.Binder.execTransact(Binder.java:1143)
11-05 15:00:14.997 I/DropBoxManagerService( 484): add tag=system_server_wtf isTagEnabled=true flags=0x2
11-05 15:00:14.997 E/WifiVendorHal( 484): setMultiStaPrimaryConnection(l.3252) failed {.code = ERROR_NOT_SUPPORTED, .description = }
11-05 15:00:14.999 D/SystemUIBootTiming( 684): SystemUIService: bootcomplete com.android.systemui.statusbar.tv.TvStatusBar took 34 ms
11-05 15:00:14.999 D/SystemUIService( 684): loading: com.android.systemui.statusbar.tv.notifications.TvNotificationPanel
11-05 15:00:14.999 D/SystemUIService( 684): running: com.android.systemui.statusbar.tv.notifications.TvNotificationPanel@d9f71ef
11-05 15:00:15.000 D/SystemUIBootTiming( 684): SystemUIService: bootcomplete com.android.systemui.statusbar.tv.notifications.TvNotificationPanel took 1 ms
11-05 15:00:15.000 D/SystemUIService( 684): loading: com.android.systemui.statusbar.tv.notifications.TvNotificationHandler
11-05 15:00:15.002 W/System.err( 1271): android.app.BackgroundServiceStartNotAllowedException: Not allowed to start service Intent { act=com.dangbei.screencast.STARTUP pkg=com.dangbei.screencast }: app is in background uid UidRecord{bbfa67b u0a24 RCVR idle change:idle|uncached procs:0 seq(0,0,0)}
11-05 15:00:15.003 W/System.err( 1271): at android.app.ContextImpl.startServiceCommon(ContextImpl.java:1861)
11-05 15:00:15.003 W/System.err( 1271): at android.app.ContextImpl.startService(ContextImpl.java:1817)
11-05 15:00:15.003 W/System.err( 1271): at android.content.ContextWrapper.startService(ContextWrapper.java:774)
11-05 15:00:15.003 W/System.err( 1271): at b.f.f.h.g.k.a(Unknown Source:20)
11-05 15:00:15.003 W/System.err( 1271): at com.dangbei.screencast.provider.PartsInfoProvider.onCreate(:2)
11-05 15:00:15.003 W/System.err( 1271): at android.content.ContentProvider.attachInfo(ContentProvider.java:2404)
11-05 15:00:15.003 W/System.err( 1271): at android.content.ContentProvider.attachInfo(ContentProvider.java:2374)
11-05 15:00:15.003 W/System.err( 1271): at android.app.ActivityThread.installProvider(ActivityThread.java:7437)
11-05 15:00:15.006 W/System.err( 1271): at android.app.ActivityThread.installContentProviders(ActivityThread.java:6954)
11-05 15:00:15.006 W/System.err( 1271): at android.app.ActivityThread.handleBindApplication(ActivityThread.java:6725)
11-05 15:00:15.006 W/System.err( 1271): at android.app.ActivityThread.access$1500(ActivityThread.java:247)
11-05 15:00:15.006 W/System.err( 1271): at android.app.ActivityThread$H.handleMessage(ActivityThread.java:2053)
11-05 15:00:15.006 W/System.err( 1271): at android.os.Handler.dispatchMessage(Handler.java:106)
11-05 15:00:15.006 W/System.err( 1271): at android.os.Looper.loopOnce(Looper.java:201)
11-05 15:00:15.006 W/System.err( 1271): at android.os.Looper.loop(Looper.java:288)
11-05 15:00:15.006 W/System.err( 1271): at android.app.ActivityThread.main(ActivityThread.java:7854)
11-05 15:00:15.006 W/System.err( 1271): at java.lang.reflect.Method.invoke(Native Method)
11-05 15:00:15.006 W/System.err( 1271): at com.android.internal.os.RuntimeInit$MethodAndArgsCaller.run(RuntimeInit.java:548)
11-05 15:00:15.007 W/System.err( 1271): at com.android.internal.os.ZygoteInit.main(ZygoteInit.java:1182)
11-05 15:00:15.007 W/IorapForwardingService( 484): No service published for: iorapd
11-05 15:00:15.026 W/eventbuscore( 1130): post Event:com.dangbei.leard.base.entity.event.ModularMountEvent
11-05 15:00:15.027 D/WifiConnectivityHelper( 484): Firmware supported feature set: d8108a881003d
11-05 15:00:15.029 D/SystemUIService( 684): running: com.android.systemui.statusbar.tv.notifications.TvNotificationHandler@f7484fc
11-05 15:00:15.029 I/UtilCommon( 1130): bluetoothMac=F4:AB:5C:B3:BA:64
11-05 15:00:15.030 E/wangli ( 1130): env: 0_false
11-05 15:00:15.030 E/hq ( 1130): USBReceiver:::USBReceiver onReceive: list=1
11-05 15:00:15.034 D/ApplicationLoaders( 1333): Returning zygote-cached class loader: /system/framework/android.test.base.jar
11-05 15:00:15.034 D/ApplicationLoaders( 1333): Returning zygote-cached class loader: /system/framework/android.hidl.manager-V1.0-java.jar
11-05 15:00:15.034 D/ApplicationLoaders( 1333): Returning zygote-cached class loader: /system/framework/android.hidl.base-V1.0-java.jar
11-05 15:00:15.039 D/SystemUIBootTiming( 684): SystemUIService: bootcomplete com.android.systemui.statusbar.tv.notifications.TvNotificationHandler took 39 ms
11-05 15:00:15.039 D/SystemUIService( 684): loading: com.android.systemui.statusbar.tv.VpnStatusObserver
11-05 15:00:15.040 I/ActivityManager( 484): com.android.localtransport is exempt from freezer
11-05 15:00:15.040 D/CompatibilityChangeReporter( 484): Compat change id reported: 135634846; UID 1000; state: DISABLED
11-05 15:00:15.049 D/WifiConnectivityHelper( 484): Firmware roaming supported with capabilities: max num blocklist bssid=0 max num allowlist ssid=0
11-05 15:00:15.055 W/ActivityManager( 484): Background start not allowed: service Intent { act=com.dangbei.screencast.STARTUP pkg=com.dangbei.screencast } to com.dangbei.screencast/.startup.StartupService from pid=1271 uid=10024 pkg=com.dangbei.screencast startFg?=false
11-05 15:00:15.073 D/aaa ( 1143): LedStatusService onStartCommand begin
11-05 15:00:15.074 D/aaa ( 1143): topPkg is -------------- :com.dangbei.leard.leradlauncher
11-05 15:00:15.080 W/System.err( 1271): android.app.BackgroundServiceStartNotAllowedException: Not allowed to start service Intent { act=com.dangbei.screencast.STARTUP pkg=com.dangbei.screencast }: app is in background uid UidRecord{bbfa67b u0a24 RCVR idle change:idle|uncached procs:0 seq(0,0,0)}
11-05 15:00:15.081 W/System.err( 1271): at android.app.ContextImpl.startServiceCommon(ContextImpl.java:1861)
11-05 15:00:15.081 W/System.err( 1271): at android.app.ContextImpl.startService(ContextImpl.java:1817)
11-05 15:00:15.081 W/System.err( 1271): at android.content.ContextWrapper.startService(ContextWrapper.java:774)
11-05 15:00:15.081 W/System.err( 1271): at b.f.f.h.g.k.a(Unknown Source:20)
11-05 15:00:15.081 W/System.err( 1271): at com.dangbei.screencast.common.utils.remotepreferences.ScreenCastPreferenceProvider.onCreate(Unknown Source:11)
11-05 15:00:15.081 W/System.err( 1271): at android.content.ContentProvider.attachInfo(ContentProvider.java:2404)
11-05 15:00:15.081 W/System.err( 1271): at android.content.ContentProvider.attachInfo(ContentProvider.java:2374)
11-05 15:00:15.081 W/System.err( 1271): at android.app.ActivityThread.installProvider(ActivityThread.java:7437)
11-05 15:00:15.081 W/System.err( 1271): at android.app.ActivityThread.installContentProviders(ActivityThread.java:6954)
11-05 15:00:15.081 W/System.err( 1271): at android.app.ActivityThread.handleBindApplication(ActivityThread.java:6725)
11-05 15:00:15.081 W/System.err( 1271): at android.app.ActivityThread.access$1500(ActivityThread.java:247)
11-05 15:00:15.081 W/System.err( 1271): at android.app.ActivityThread$H.handleMessage(ActivityThread.java:2053)
11-05 15:00:15.081 W/System.err( 1271): at android.os.Handler.dispatchMessage(Handler.java:106)
11-05 15:00:15.081 W/System.err( 1271): at android.os.Looper.loopOnce(Looper.java:201)
11-05 15:00:15.083 D/BluetoothPbapService( 670): setBluetoothPbapService(): set to: com.android.bluetooth.pbap.BluetoothPbapService@d78330d
11-05 15:00:15.083 D/Zygote ( 242): Forked child process 1396
11-05 15:00:15.084 W/System.err( 1271): at android.os.Looper.loop(Looper.java:288)
11-05 15:00:15.085 E/hq ( 1130): AdHelper:::启动延迟检查,支持广告的最长播放时间:25000 isLoadAd=false
11-05 15:00:15.084 D/AvrcpVolumeManager( 670): onAudioDevicesAdded: Not expecting device changed
11-05 15:00:15.089 D/OsInitLaunch( 1130): send cache: launchAd, playAd, start, null
11-05 15:00:15.090 D/ObexServerSockets( 670): create(rfcomm = -2, l2capPsm = -2)
11-05 15:00:15.094 I/Zygote ( 1396): seccomp disabled by setenforce 0
11-05 15:00:15.097 I/dangbei ad sdk( 1130): ADSDK::play splash ad
11-05 15:00:15.100 I/dangbei ad sdk( 1130): AdSplashView::show offline ad
11-05 15:00:15.106 D/ConnectivityService( 484): NetReassign [no changes]
11-05 15:00:15.107 W/System.err( 1271): at android.app.ActivityThread.main(ActivityThread.java:7854)
11-05 15:00:15.107 W/System.err( 1271): at java.lang.reflect.Method.invoke(Native Method)
11-05 15:00:15.107 W/System.err( 1271): at com.android.internal.os.RuntimeInit$MethodAndArgsCaller.run(RuntimeInit.java:548)
11-05 15:00:15.107 W/System.err( 1271): at com.android.internal.os.ZygoteInit.main(ZygoteInit.java:1182)
11-05 15:00:15.109 W/ActivityManager( 484): Slow operation: 69ms so far, now at startProcess: done updating battery stats
11-05 15:00:15.109 W/ActivityManager( 484): Slow operation: 70ms so far, now at startProcess: building log message
11-05 15:00:15.109 E/WifiHAL ( 664): wifi_get_link_stats: requestResponse Error:-5
11-05 15:00:15.109 I/ActivityManager( 484): app.processName = com.android.localtransport
11-05 15:00:15.109 I/ActivityManager( 484): Start proc 1396:com.android.localtransport/1000 for service {com.android.localtransport/com.android.localtransport.LocalTransportService}
11-05 15:00:15.109 W/ActivityManager( 484): Slow operation: 70ms so far, now at startProcess: starting to update pids map
11-05 15:00:15.111 W/ActivityManager( 484): Slow operation: 72ms so far, now at startProcess: done updating pids map
11-05 15:00:15.125 I/bt_btif_sock_rfcomm( 670): system/bt/btif/src/btif_sock_rfc.cc:303 btsock_rfc_listen: Adding listening socket service_name: (null) - channel: -2
11-05 15:00:15.126 I/bt_stack( 670): [INFO:port_api.cc(234)] RFCOMM_CreateConnection: bd_addr=ff:ff:ff:ff:ff:ff, scn=4, is_server=1, mtu=990, uuid=000000, dlci=8, signal_state=0x0b, p_port=0xc769db84
11-05 15:00:15.135 E/WifiVendorHal( 484): getWifiLinkLayerStats_1_5_Internal(l.1191) failed {.code = ERROR_INVALID_ARGS, .description = }
11-05 15:00:15.146 I/adbd ( 396): jdwp connection from 1396
11-05 15:00:15.147 I/bluetooth( 670): system/bt/btif/src/btif_sock_l2cap.cc:316 btsock_l2cap_alloc_l: Allocated l2cap socket structure socket_id:1
11-05 15:00:15.148 I/bt_l2cap( 670): system/bt/stack/l2cap/l2c_api.cc:134 L2CA_Register: L2CAP Registered service classic PSM: 0x1001
11-05 15:00:15.148 I/bluetooth( 670): system/bt/btif/src/btif_sock_l2cap.cc:341 send_app_psm_or_chan_l: Sending l2cap socket socket_id:1 channel:4097
11-05 15:00:15.149 D/BluetoothAdapter( 670): listenUsingL2capOn: set assigned channel to 4097
11-05 15:00:15.149 D/ObexServerSockets( 670): Succeed to create listening sockets
11-05 15:00:15.149 D/ObexServerSockets0( 670): startAccept()
11-05 15:00:15.150 D/BluetoothSdpJni( 670): sdpCreatePbapPseRecordNative
11-05 15:00:15.150 D/BluetoothSdpJni( 670): SDP Create record success - handle: 0
11-05 15:00:15.150 D/BluetoothPbapService( 670): created Sdp record, mSdpHandle=0
11-05 15:00:15.150 I/bt_bta_dm( 670): system/bt/bta/dm/bta_dm_act.cc:3191 bta_dm_eir_update_uuid: EIR Adding UUID=0x112F into extended inquiry response
11-05 15:00:15.150 I/bt_bta_dm( 670): system/bt/bta/dm/bta_dm_act.cc:2890 bta_dm_set_eir: Generating extended inquiry response packet EIR
11-05 15:00:15.156 D/CompatibilityChangeReporter( 484): Compat change id reported: 135634846; UID 10046; state: DISABLED
11-05 15:00:15.156 D/CompatibilityChangeReporter( 484): Compat change id reported: 177438394; UID 10046; state: DISABLED
11-05 15:00:15.157 D/CompatibilityChangeReporter( 484): Compat change id reported: 135772972; UID 10046; state: DISABLED
11-05 15:00:15.157 D/CompatibilityChangeReporter( 484): Compat change id reported: 135754954; UID 10046; state: DISABLED
11-05 15:00:15.159 E/hq ( 1130): AdHelper:::notFetchAd: main
11-05 15:00:15.159 E/hq ( 1130): AdHelper:::onComplete:main
11-05 15:00:15.159 E/hq ( 1130): AdHelper:::adFinish: com.dangbei.launcher.home.callback.LauncherCallback$onAttach$1$1@c23be6b
11-05 15:00:15.160 D/CompatibilityChangeReporter( 484): Compat change id reported: 143937733; UID 10046; state: DISABLED
11-05 15:00:15.160 D/CompatibilityChangeReporter( 484): Compat change id reported: 135634846; UID 10018; state: DISABLED
11-05 15:00:15.160 D/CompatibilityChangeReporter( 484): Compat change id reported: 177438394; UID 10018; state: DISABLED
11-05 15:00:15.162 W/Looper ( 484): Slow dispatch took 317ms android.fg h=android.os.Handler c=com.android.server.wm.ActivityMetricsLogger$$ExternalSyntheticLambda1@567a741 m=0
11-05 15:00:15.162 I/ActivityTaskManager( 484): +++Displayed com.dangbei.leard.leradlauncher/com.dangbei.launcher.home.LauncherActivity: +2s715ms
11-05 15:00:15.162 W/Looper ( 484): Slow delivery took 317ms android.fg h=android.os.Handler c=com.android.server.wm.ActivityMetricsLogger$$ExternalSyntheticLambda2@f1eca27 m=0
