--------- beginning of main
11-05 15:31:05.937 W/IorapForwardingService( 484): No service published for: iorapd
11-05 15:31:06.940 W/IorapForwardingService( 484): No service published for: iorapd
11-05 15:31:07.297 D/aaa ( 1143): LedStatusService onStartCommand begin
11-05 15:31:07.298 D/aaa ( 1143): topPkg is -------------- :com.tv.filemanager.os
11-05 15:31:07.308 D/bbb ( 1208): onStartCommand begin !!!!!!! data分区剩余 24877MB
11-05 15:31:07.390 E/WifiHAL ( 664): wifi_get_link_stats: requestResponse Error:-5
11-05 15:31:07.391 E/WifiVendorHal( 484): getWifiLinkLayerStats_1_5_Internal(l.1191) failed {.code = ERROR_INVALID_ARGS, .description = }
11-05 15:31:07.892 I/logcat ( 8953): type=1400 audit(0.0:2254): avc: denied { write } for name="logdr" dev="tmpfs" ino=1332 scontext=u:r:su:s0 tcontext=u:object_r:logdr_socket:s0 tclass=sock_file permissive=1 --------- beginning of kernel
11-05 15:31:07.902 I/logd ( 189): logdr: UID=0 GID=0 PID=8953 b tail=0 logMask=99 pid=0 start=0ns deadline=0ns
11-05 15:31:07.941 W/IorapForwardingService( 484): No service published for: iorapd
11-05 15:31:08.944 W/IorapForwardingService( 484): No service published for: iorapd
11-05 15:31:09.946 W/IorapForwardingService( 484): No service published for: iorapd
11-05 15:31:10.404 E/WifiHAL ( 664): wifi_get_link_stats: requestResponse Error:-5
11-05 15:31:10.406 E/WifiVendorHal( 484): getWifiLinkLayerStats_1_5_Internal(l.1191) failed {.code = ERROR_INVALID_ARGS, .description = }
11-05 15:31:10.815 I/BLEAudioDrive_HV410( 247): select timeout! --------- beginning of system
11-05 15:31:10.853 W/ZramWriteback( 484): Writeback device is not set
11-05 15:31:10.853 D/ZramWriteback( 484): wait to flush
11-05 15:31:10.948 W/IorapForwardingService( 484): No service published for: iorapd
11-05 15:31:11.156 I/BLEAudioDrive_HV410( 247): HBG remote PoweOn
11-05 15:31:11.157 I/BLEAudioDrive_HV410( 247): data len: 9 1
11-05 15:31:11.157 D/audio_so_hv_309( 247): HBG remote is active!
11-05 15:31:11.157 D/TvWindowManager( 484): key event key = KEYCODE_DPAD_LEFT down = true
11-05 15:31:11.152 I/HwBinder:247_2( 247): type=1400 audit(0.0:2255): avc: denied { write } for name="HBG" dev="mmcblk0p25" ino=217 scontext=u:r:hal_audio_default:s0 tcontext=u:object_r:vendor_data_file:s0 tclass=dir permissive=1
11-05 15:31:11.152 I/HwBinder:247_2( 247): type=1400 audit(0.0:2256): avc: denied { add_name } for name="ble" scontext=u:r:hal_audio_default:s0 tcontext=u:object_r:vendor_data_file:s0 tclass=dir permissive=1
11-05 15:31:11.152 I/HwBinder:247_2( 247): type=1400 audit(0.0:2257): avc: denied { create } for name="ble" scontext=u:r:hal_audio_default:s0 tcontext=u:object_r:vendor_data_file:s0 tclass=file permissive=1
11-05 15:31:11.152 I/HwBinder:247_2( 247): type=1400 audit(0.0:2258): avc: denied { read open } for path="/data/vendor/HBG/ble" dev="mmcblk0p25" ino=10898 scontext=u:r:hal_audio_default:s0 tcontext=u:object_r:vendor_data_file:s0 tclass=file permissive=1
11-05 15:31:11.152 I/HwBinder:247_2( 247): type=1400 audit(0.0:2259): avc: denied { setattr } for name="ble" dev="mmcblk0p25" ino=10898 scontext=u:r:hal_audio_default:s0 tcontext=u:object_r:vendor_data_file:s0 tclass=file permissive=1
11-05 15:31:11.156 I/adbd ( 3260): type=1400 audit(0.0:2260): avc: denied { write } for path="socket:[48808]" dev="sockfs" ino=48808 scontext=u:r:su:s0 tcontext=u:r:su:s0 tclass=tcp_socket permissive=1
11-05 15:31:11.171 D/audio_hw_primary( 247): start_output_stream out->format : 0x00000000
11-05 15:31:11.172 V/audio_hw_primary( 247): start_output_stream, line: 1503
11-05 15:31:11.172 V/audio_hw_primary( 247): use AUDIO_HDMI to playback audio
11-05 15:31:11.172 D/audio_hw_primary( 247): open card=3, port=0
11-05 15:31:11.172 D/audio_hw_primary( 247): config:2 44100 960 2 0 5760 1 0
11-05 15:31:11.172 D/audio_hw_primary( 247): set_raw_flag(card=3, raw_flag=1)
11-05 15:31:11.173 D/audio_hw_primary( 247): set_raw_flag control_name = audio data format control_value PCM)
11-05 15:31:11.173 V/audio_hw_primary( 247): do not use out resampler
11-05 15:31:11.199 D/GpioService( 484): mFlickerEnable = true
11-05 15:31:11.207 I/SogouIME( 2402): onKeyDown: keyoCode=21
11-05 15:31:11.207 I/DefaultIMS( 2402): onKeyDown: keyoCode=21
11-05 15:31:11.208 I/adbd ( 3260): type=1400 audit(0.0:2261): avc: denied { read } for path="socket:[48808]" dev="sockfs" ino=48808 scontext=u:r:su:s0 tcontext=u:r:su:s0 tclass=tcp_socket permissive=1
11-05 15:31:11.217 D/AudioFlinger( 266): mixer(0xee0bfe00) throttle end: throttle time(12)
11-05 15:31:11.244 I/DefaultIMS( 2402): onStartInput attribute=android.view.inputmethod.EditorInfo@7e1729a restarting=false inputType: 0
11-05 15:31:11.325 I/BLEAudioDrive_HV410( 247): data len: 9 1
11-05 15:31:11.325 I/BLEAudioDrive_HV410( 247): keyboard stop
11-05 15:31:11.325 D/TvWindowManager( 484): key event key = KEYCODE_DPAD_LEFT down = false
11-05 15:31:11.338 I/SogouIME( 2402): onKeyUp: keyoCode=21
11-05 15:31:11.338 I/DefaultIMS( 2402): onKeyUp: keyoCode=21
11-05 15:31:11.719 I/BLEAudioDrive_HV410( 247): data len: 9 1
11-05 15:31:11.720 D/TvWindowManager( 484): key event key = KEYCODE_DPAD_RIGHT down = true
11-05 15:31:11.730 D/GpioService( 484): mFlickerEnable = true
11-05 15:31:11.738 I/SogouIME( 2402): onKeyDown: keyoCode=22
11-05 15:31:11.738 I/DefaultIMS( 2402): onKeyDown: keyoCode=22
11-05 15:31:11.772 I/DefaultIMS( 2402): onStartInput attribute=android.view.inputmethod.EditorInfo@77835a7 restarting=false inputType: 0
11-05 15:31:11.836 I/adbd ( 3260): type=1400 audit(0.0:2262): avc: denied { use } for path="anon_inode:[eventfd]" dev="anon_inodefs" ino=2124 scontext=u:r:su:s0 tcontext=u:r:adbd:s0 tclass=fd permissive=1
11-05 15:31:11.842 I/BLEAudioDrive_HV410( 247): data len: 9 1
11-05 15:31:11.842 I/BLEAudioDrive_HV410( 247): keyboard stop
11-05 15:31:11.842 D/TvWindowManager( 484): key event key = KEYCODE_DPAD_RIGHT down = false
11-05 15:31:11.850 I/SogouIME( 2402): onKeyUp: keyoCode=22
11-05 15:31:11.850 I/DefaultIMS( 2402): onKeyUp: keyoCode=22
11-05 15:31:11.950 W/IorapForwardingService( 484): No service published for: iorapd
11-05 15:31:12.056 I/BLEAudioDrive_HV410( 247): data len: 9 1
11-05 15:31:12.056 D/TvWindowManager( 484): key event key = KEYCODE_DPAD_CENTER down = true
11-05 15:31:12.070 D/GpioService( 484): mFlickerEnable = true
11-05 15:31:12.206 D/GpioService( 484): mFlickerEnable = true
11-05 15:31:12.214 D/TvWindowManager( 484): key event key = KEYCODE_DPAD_CENTER down = false
11-05 15:31:12.215 I/BLEAudioDrive_HV410( 247): data len: 9 1
11-05 15:31:12.215 I/BLEAudioDrive_HV410( 247): keyboard stop
11-05 15:31:12.223 I/SogouIME( 2402): onKeyDown: keyoCode=23
11-05 15:31:12.223 I/DefaultIMS( 2402): onKeyDown: keyoCode=23
11-05 15:31:12.237 I/SogouIME( 2402): onKeyUp: keyoCode=23
11-05 15:31:12.237 I/DefaultIMS( 2402): onKeyUp: keyoCode=23
11-05 15:31:12.259 I/ActivityStarter( 484): ---START u0 {cmp=com.tv.filemanager.os/com.dangbei.lerad.filemanager.ui.info.ManagerFileListActivity (has extras)} from uid 10054
11-05 15:31:12.266 I/AW_PowerHAL( 259): Power setMode: LAUNCH to: 1
11-05 15:31:12.285 W/ActivityTaskManager( 484): Tried to set launchTime (0) < mLastActivityLaunchTime (1543989)
11-05 15:31:12.288 D/AW_CODE ( 484): rotation =0
11-05 15:31:12.289 I/AW_PowerHAL( 259): cur-mode:LAUNCH
11-05 15:31:12.301 I/BpBinder( 289): onLastStrongRef automatically unlinking death recipients:
11-05 15:31:12.314 D/ActivityTaskManager( 484): homlet: skip orientation settings: 0
11-05 15:31:12.396 D/TvPipController( 684): onTaskStackChanged()
11-05 15:31:12.450 W/WindowManager( 484): Failed looking up window session=Session{ba698fd 2664:u0a10054} callers=com.android.server.wm.WindowManagerService.windowForClientLocked:5702 com.android.server.wm.Session.insetsModified:629 android.view.IWindowSession$Stub.onTransact:1151
11-05 15:31:12.472 I/gralloc ( 255): alloc buffer:W:1920 H:1080 S:1920 PL[1920 1080] SZ:8294400 fmt:1 if:0 af:1 usg:20000b00 fg:00000004
11-05 15:31:12.474 I/gralloc ( 255): alloc buffer:W:1920 H:1080 S:1920 PL[1920 1080] SZ:8294400 fmt:1 if:0 af:1 usg:20000b00 fg:00000004
11-05 15:31:12.475 I/gralloc ( 255): alloc buffer:W:1920 H:1080 S:1920 PL[1920 1080] SZ:8294400 fmt:1 if:0 af:1 usg:20000b00 fg:00000004
11-05 15:31:12.493 I/BaseRequest( 2664): complete
11-05 15:31:12.493 I/BaseRequest( 2664): success!=nulltrue
11-05 15:31:12.500 I/ActivityTaskManager( 484): +++Displayed com.tv.filemanager.os/com.dangbei.lerad.filemanager.ui.info.ManagerFileListActivity: +240ms
11-05 15:31:12.567 W/View ( 2664): requestLayout() improperly called by com.dangbei.lerad.libui.control.layout.FitFrameLayout{fec6e26 V.E...... ......ID 0,0-255,250 #7f0a02ee app:id/view_file_item_ll} during layout: running second layout pass
11-05 15:31:12.580 I/DefaultIMS( 2402): onStartInput attribute=android.view.inputmethod.EditorInfo@b267fb5 restarting=false inputType: 0
11-05 15:31:12.616 I/AW_PowerHAL( 259): Power setMode: LAUNCH to: 0
11-05 15:31:12.619 I/AW_PowerHAL( 259): cur-mode:SCHEDUTIL
11-05 15:31:12.952 W/IorapForwardingService( 484): No service published for: iorapd
11-05 15:31:13.384 I/BLEAudioDrive_HV410( 247): data len: 9 1
11-05 15:31:13.384 D/TvWindowManager( 484): key event key = KEYCODE_DPAD_RIGHT down = true
11-05 15:31:13.393 D/GpioService( 484): mFlickerEnable = true
11-05 15:31:13.396 I/SogouIME( 2402): onKeyDown: keyoCode=22
11-05 15:31:13.396 I/DefaultIMS( 2402): onKeyDown: keyoCode=22
11-05 15:31:13.412 I/DefaultIMS( 2402): onStartInput attribute=android.view.inputmethod.EditorInfo@93f06d restarting=false inputType: 0
11-05 15:31:13.416 E/WifiHAL ( 664): wifi_get_link_stats: requestResponse Error:-5
11-05 15:31:13.421 E/WifiVendorHal( 484): getWifiLinkLayerStats_1_5_Internal(l.1191) failed {.code = ERROR_INVALID_ARGS, .description = }
11-05 15:31:13.554 D/TvWindowManager( 484): key event key = KEYCODE_DPAD_RIGHT down = false
11-05 15:31:13.554 I/BLEAudioDrive_HV410( 247): data len: 9 1
11-05 15:31:13.554 I/BLEAudioDrive_HV410( 247): keyboard stop
11-05 15:31:13.559 I/SogouIME( 2402): onKeyUp: keyoCode=22
11-05 15:31:13.559 I/DefaultIMS( 2402): onKeyUp: keyoCode=22
11-05 15:31:13.800 I/BLEAudioDrive_HV410( 247): data len: 9 1
11-05 15:31:13.800 D/TvWindowManager( 484): key event key = KEYCODE_DPAD_CENTER down = true
11-05 15:31:13.809 D/GpioService( 484): mFlickerEnable = true
11-05 15:31:13.935 I/BLEAudioDrive_HV410( 247): data len: 9 1
11-05 15:31:13.935 I/BLEAudioDrive_HV410( 247): keyboard stop
11-05 15:31:13.935 D/TvWindowManager( 484): key event key = KEYCODE_DPAD_CENTER down = false
11-05 15:31:13.950 D/GpioService( 484): mFlickerEnable = true
11-05 15:31:13.956 I/SogouIME( 2402): onKeyDown: keyoCode=23
11-05 15:31:13.956 I/DefaultIMS( 2402): onKeyDown: keyoCode=23
11-05 15:31:13.959 W/IorapForwardingService( 484): No service published for: iorapd
11-05 15:31:13.962 I/SogouIME( 2402): onKeyUp: keyoCode=23
11-05 15:31:13.962 I/DefaultIMS( 2402): onKeyUp: keyoCode=23
11-05 15:31:13.995 D/StrictMode( 2664): StrictMode policy violation: android.os.strictmode.FileUriExposedViolation: file:///storage/02E24445E2443EE3/000%E9%9F%B3%E9%A2%91%E7%BC%96%E7%A0%81%E6%A0%BC%E5%BC%8F%E6%B5%8B%E8%AF%95/Dolby%20Digital/Dolby%20digital%201920.1080p.H265.AC3%205.1DD.mkv exposed beyond app through Intent.getData()
11-05 15:31:13.995 D/StrictMode( 2664): at android.os.StrictMode.onFileUriExposed(StrictMode.java:2211)
11-05 15:31:13.995 D/StrictMode( 2664): at android.net.Uri.checkFileUriExposed(Uri.java:2402)
11-05 15:31:13.995 D/StrictMode( 2664): at android.content.Intent.prepareToLeaveProcess(Intent.java:11415)
11-05 15:31:13.995 D/StrictMode( 2664): at android.content.Intent.prepareToLeaveProcess(Intent.java:11367)
11-05 15:31:13.995 D/StrictMode( 2664): at android.app.Instrumentation.execStartActivity(Instrumentation.java:1742)
11-05 15:31:13.995 D/StrictMode( 2664): at android.app.ContextImpl.startActivity(ContextImpl.java:1085)
11-05 15:31:13.995 D/StrictMode( 2664): at android.app.ContextImpl.startActivity(ContextImpl.java:1056)
11-05 15:31:13.995 D/StrictMode( 2664): at android.content.ContextWrapper.startActivity(ContextWrapper.java:411)
11-05 15:31:13.995 D/StrictMode( 2664): at com.dangbei.lerad.filemanager.impl.open.FileTypePlayer.directlyOpen(FileTypePlayer.java:254)
11-05 15:31:13.995 D/StrictMode( 2664): at com.dangbei.lerad.filemanager.impl.open.FileTypePlayer.play(FileTypePlayer.java:116)
11-05 15:31:13.995 D/StrictMode( 2664): at com.dangbei.lerad.filemanager.impl.open.OpenFilterChain.run(OpenFilterChain.java:63)
11-05 15:31:13.995 D/StrictMode( 2664): at com.dangbei.lerad.filemanager.impl.open.OpenFilterChain.execute(OpenFilterChain.java:35)
11-05 15:31:13.995 D/StrictMode( 2664): at com.dangbei.lerad.filemanager.impl.open.OpenManager$1.onNext(OpenManager.java:109)
11-05 15:31:13.995 D/StrictMode( 2664): at com.dangbei.lerad.filemanager.impl.open.OpenManager$1.onNext(OpenManager.java:101)
11-05 15:31:13.995 D/StrictMode( 2664): at io.reactivex.internal.operators.observable.ObservableObserveOn$ObserveOnObserver.drainNormal(ObservableObserveOn.java:201)
11-05 15:31:13.995 D/StrictMode( 2664): at io.reactivex.internal.operators.observable.ObservableObserveOn$ObserveOnObserver.run(ObservableObserveOn.java:255)
11-05 15:31:13.995 D/StrictMode( 2664): at io.reactivex.android.schedulers.HandlerScheduler$ScheduledRunnable.run(HandlerScheduler.java:119)
11-05 15:31:13.995 D/StrictMode( 2664): at android.os.Handler.handleCallback(Handler.java:938)
11-05 15:31:13.995 D/StrictMode( 2664): at android.os.Handler.dispatchMessage(Handler.java:99)
11-05 15:31:13.995 D/StrictMode( 2664): at android.os.Looper.loopOnce(Looper.java:201)
11-05 15:31:13.995 D/StrictMode( 2664): at android.os.Looper.loop(Looper.java:288)
11-05 15:31:13.995 D/StrictMode( 2664): at android.app.ActivityThread.main(ActivityThread.java:7854)
11-05 15:31:13.995 D/StrictMode( 2664): at java.lang.reflect.Method.invoke(Native Method)
11-05 15:31:13.995 D/StrictMode( 2664): at com.android.internal.os.RuntimeInit$MethodAndArgsCaller.run(RuntimeInit.java:548)
11-05 15:31:13.995 D/StrictMode( 2664): at com.android.internal.os.ZygoteInit.main(ZygoteInit.java:1182)
11-05 15:31:13.996 I/ActivityStarter( 484): ---START u0 {act=android.intent.action.VIEW dat=file:///storage/02E24445E2443EE3/000音频编码格式测试/Dolby Digital/Dolby digital 1920.1080p.H265.AC3 5.1DD.mkv typ=video/* flg=0x10000001 cmp=com.dangbei.lerad.videoposter/com.dangbei.leradplayer.activity.PlayerActivity} from uid 10054
11-05 15:31:13.997 W/ActivityTaskManager( 484): Can't find TaskDisplayArea to determine support for multi window. Task id=170 attached=false
11-05 15:31:14.002 I/AW_PowerHAL( 259): Power setMode: LAUNCH to: 1
11-05 15:31:14.003 V/SplashScreenExceptionList( 484): SplashScreen checking exception for package com.dangbei.lerad.videoposter (target sdk:26) -> false
11-05 15:31:14.005 D/StartingSurfaceDrawer( 684): addSplashScreen com.dangbei.lerad.videoposter theme=7f0d0007 task=170 suggestType=3
11-05 15:31:14.011 D/StartingSurfaceDrawer( 684): addSplashScreen: creating context based on task Configuration {1.0 ?mcc?mnc [zh_CN] ldltr sw720dp w1280dp h696dp 240dpi lrg long land television -touch qwerty/v/v dpad/v winConfig={ mBounds=Rect(0, 0 - 1920, 1080) mAppBounds=Rect(0, 0 - 1920, 1080) mMaxBounds=Rect(0, 0 - 1920, 1080) mWindowingMode=fullscreen mDisplayWindowingMode=fullscreen mActivityType=standard mAlwaysOnTop=undefined mRotation=ROTATION_0} s.1 fontWeightAdjustment=0} for splash screen
11-05 15:31:14.016 D/StartingSurfaceDrawer( 684): addSplashScreen: apply overrideConfig{1.0 ?mcc?mnc [zh_CN] ldltr sw720dp w1280dp h696dp 240dpi lrg long land television -touch qwerty/v/v dpad/v winConfig={ mBounds=Rect(0, 0 - 1920, 1080) mAppBounds=Rect(0, 0 - 1920, 1080) mMaxBounds=Rect(0, 0 - 1920, 1080) mWindowingMode=fullscreen mDisplayWindowingMode=fullscreen mActivityType=standard mAlwaysOnTop=undefined mRotation=ROTATION_0} s.1 fontWeightAdjustment=0} to starting window resId=2131165761
11-05 15:31:14.021 W/ActivityTaskManager( 484): Tried to set launchTime (0) < mLastActivityLaunchTime (1545135)
11-05 15:31:14.022 D/AW_CODE ( 484): rotation =0
11-05 15:31:14.029 I/AW_PowerHAL( 259): cur-mode:LAUNCH
11-05 15:31:14.032 D/StartingSurfaceDrawer( 684): window attributes color: 0 icon null duration 0 brandImage null
11-05 15:31:14.037 D/SplashScreenView( 684): Build android.window.SplashScreenView{91474af V.E...... ......ID 0,0-0,0}
11-05 15:31:14.037 D/SplashScreenView( 684): Icon: view: null drawable: null size: 0
11-05 15:31:14.037 D/SplashScreenView( 684): Branding: view: android.view.View{79d30bc G.ED..... ......I. 0,0-0,0 #10204a6 android:id/splashscreen_branding_view} drawable: null size w: 0 h: 0
11-05 15:31:14.037 D/StartingSurfaceDrawer( 684): fillViewWithIcon surfaceWindowView android.window.SplashScreenView{91474af V.E...... ......ID 0,0-0,0}
11-05 15:31:14.051 I/BpBinder( 289): onLastStrongRef automatically unlinking death recipients:
11-05 15:31:14.064 I/gralloc ( 255): alloc buffer:W:1920 H:1080 S:1920 PL[1920 1080] SZ:8294400 fmt:1 if:0 af:1 usg:20000b00 fg:00000004
11-05 15:31:14.073 I/gralloc ( 255): alloc buffer:W:1920 H:1080 S:1920 PL[1920 1080] SZ:8294400 fmt:1 if:0 af:1 usg:20000b00 fg:00000004
11-05 15:31:14.077 I/gralloc ( 255): alloc buffer:W:1920 H:1080 S:1920 PL[1920 1080] SZ:8294400 fmt:1 if:0 af:1 usg:20000b00 fg:00000004
11-05 15:31:14.131 D/TvPipController( 684): onTaskStackChanged()
11-05 15:31:14.264 I/ModuleDataForwa( 3481): type=1400 audit(0.0:2263): avc: denied { lock } for path="/data/user/0/com.dangbei.screencast/files/TD__Env_Synchronous_Lock__" dev="mmcblk0p25" ino=2653 scontext=u:r:platform_app:s0:c512,c768 tcontext=u:object_r:app_data_file:s0:c512,c768 tclass=file permissive=1 app=com.dangbei.screencast
11-05 15:31:14.264 I/ModuleDataForwa( 3481): type=1400 audit(0.0:2264): avc: denied { search } for name="com.dangbei.screencast" dev="mmcblk0p25" ino=891 scontext=u:r:platform_app:s0:c512,c768 tcontext=u:object_r:app_data_file:s0:c512,c768 tclass=dir permissive=1 app=com.dangbei.screencast
11-05 15:31:14.264 I/ModuleDataForwa( 3481): type=1400 audit(0.0:2265): avc: denied { read } for name="td_database2SaaS" dev="mmcblk0p25" ino=2163 scontext=u:r:platform_app:s0:c512,c768 tcontext=u:object_r:app_data_file:s0:c512,c768 tclass=dir permissive=1 app=com.dangbei.screencast
11-05 15:31:14.264 I/ModuleDataForwa( 3481): type=1400 audit(0.0:2266): avc: denied { open } for path="/data/user/0/com.dangbei.screencast/files/__database_reborn_January_one__/td_database2SaaS" dev="mmcblk0p25" ino=2163 scontext=u:r:platform_app:s0:c512,c768 tcontext=u:object_r:app_data_file:s0:c512,c768 tclass=dir permissive=1 app=com.dangbei.screencast
11-05 15:31:14.310 W/AudioManager( 5742): Use of stream types is deprecated for operations other than volume control
11-05 15:31:14.311 W/AudioManager( 5742): See the documentation of requestAudioFocus() for what to use instead with android.media.AudioAttributes to qualify your playback use case
11-05 15:31:14.312 I/MediaFocusControl( 484): requestAudioFocus() from uid/pid 10042/5742 AA=USAGE_MEDIA/CONTENT_TYPE_MUSIC clientId=android.media.AudioManager@f040b89 callingPack=com.dangbei.lerad.videoposter req=1 flags=0x0 sdk=26
11-05 15:31:14.313 I/AudioService.FadeOutManager( 484): unfadeOutUid() uid:10042
11-05 15:31:14.315 W/System.err( 5742): java.lang.Exception: you should init first
11-05 15:31:14.315 W/System.err( 5742): at com.dangbei.alps.AlpsManager.check(AlpsManager.java:315)
11-05 15:31:14.315 W/System.err( 5742): at com.dangbei.alps.AlpsManager.onResume(AlpsManager.java:240)
11-05 15:31:14.315 W/System.err( 5742): at com.dangbei.leradplayer.activity.PlayerActivity.onResume(PlayerActivity.java:658)
11-05 15:31:14.315 W/System.err( 5742): at android.app.Instrumentation.callActivityOnResume(Instrumentation.java:1476)
11-05 15:31:14.315 W/System.err( 5742): at android.app.Activity.performResume(Activity.java:8190)
11-05 15:31:14.315 W/System.err( 5742): at android.app.ActivityThread.performResumeActivity(ActivityThread.java:4747)
11-05 15:31:14.315 W/System.err( 5742): at android.app.ActivityThread.handleResumeActivity(ActivityThread.java:4790)
11-05 15:31:14.315 W/System.err( 5742): at android.app.servertransaction.ResumeActivityItem.execute(ResumeActivityItem.java:54)
11-05 15:31:14.315 W/System.err( 5742): at android.app.servertransaction.ActivityTransactionItem.execute(ActivityTransactionItem.java:45)
11-05 15:31:14.315 W/System.err( 5742): at android.app.servertransaction.TransactionExecutor.executeLifecycleState(TransactionExecutor.java:176)
11-05 15:31:14.315 W/System.err( 5742): at android.app.servertransaction.TransactionExecutor.execute(TransactionExecutor.java:97)
11-05 15:31:14.315 W/System.err( 5742): at android.app.ActivityThread$H.handleMessage(ActivityThread.java:2210)
11-05 15:31:14.315 W/System.err( 5742): at android.os.Handler.dispatchMessage(Handler.java:106)
11-05 15:31:14.315 W/System.err( 5742): at android.os.Looper.loopOnce(Looper.java:201)
11-05 15:31:14.315 W/System.err( 5742): at android.os.Looper.loop(Looper.java:288)
11-05 15:31:14.315 W/System.err( 5742): at android.app.ActivityThread.main(ActivityThread.java:7854)
11-05 15:31:14.315 W/System.err( 5742): at java.lang.reflect.Method.invoke(Native Method)
11-05 15:31:14.315 W/System.err( 5742): at com.android.internal.os.RuntimeInit$MethodAndArgsCaller.run(RuntimeInit.java:548)
11-05 15:31:14.315 W/System.err( 5742): at com.android.internal.os.ZygoteInit.main(ZygoteInit.java:1182)
11-05 15:31:14.321 W/WindowManager( 484): Failed looking up window session=Session{e5193da 5742:u0a10042} callers=com.android.server.wm.WindowManagerService.windowForClientLocked:5702 com.android.server.wm.Session.insetsModified:629 android.view.IWindowSession$Stub.onTransact:1151
11-05 15:31:14.359 I/gralloc ( 255): alloc buffer:W:1920 H:1080 S:1920 PL[1920 1080] SZ:8294400 fmt:1 if:0 af:1 usg:20000b00 fg:00000004
11-05 15:31:14.374 I/gralloc ( 255): alloc buffer:W:1920 H:1080 S:1920 PL[1920 1080] SZ:8294400 fmt:1 if:0 af:1 usg:20000b00 fg:00000004
11-05 15:31:14.376 D/StartingSurfaceDrawer( 684): Task start finish, remove starting surface for task 170
11-05 15:31:14.376 V/StartingSurfaceDrawer( 684): Removing splash screen window for task: 170
11-05 15:31:14.391 I/gralloc ( 255): alloc buffer:W:1920 H:1080 S:1920 PL[1920 1080] SZ:8294400 fmt:1 if:0 af:1 usg:20000b00 fg:00000004
11-05 15:31:14.394 I/ActivityTaskManager( 484): +++Displayed com.dangbei.lerad.videoposter/com.dangbei.leradplayer.activity.PlayerActivity: +379ms
11-05 15:31:14.396 I/AW_PowerHAL( 259): Power setMode: LAUNCH to: 0
11-05 15:31:14.410 I/AW_PowerHAL( 259): cur-mode:SCHEDUTIL
11-05 15:31:14.445 I/DefaultIMS( 2402): onStartInput attribute=android.view.inputmethod.EditorInfo@e156c1c restarting=false inputType: 0
11-05 15:31:14.511 D/UtilLog ( 2450): 日志批量上报 进行正常循环 !!!!!!本次有0次请求,共0条数据
11-05 15:31:14.544 I/gralloc ( 255): alloc buffer:W:860 H:760 S:864 PL[860 760] SZ:2626560 fmt:1 if:0 af:1 usg:20000b00 fg:00000004
11-05 15:31:14.546 I/gralloc ( 255): alloc buffer:W:860 H:760 S:864 PL[860 760] SZ:2626560 fmt:1 if:0 af:1 usg:20000b00 fg:00000004
11-05 15:31:14.547 I/gralloc ( 255): alloc buffer:W:860 H:760 S:864 PL[860 760] SZ:2626560 fmt:1 if:0 af:1 usg:20000b00 fg:00000004
11-05 15:31:14.599 I/DefaultIMS( 2402): onStartInput attribute=android.view.inputmethod.EditorInfo@cf19387 restarting=false inputType: 0
11-05 15:31:14.720 W/InputManager-JNI( 484): Input channel object '8f5faa9 Splash Screen com.dangbei.lerad.videoposter (client)' was disposed without first being removed with the input manager!
11-05 15:31:14.960 W/IorapForwardingService( 484): No service published for: iorapd
11-05 15:31:15.345 D/aaa ( 1143): LedStatusService onStartCommand begin
11-05 15:31:15.346 D/aaa ( 1143): topPkg is -------------- :com.dangbei.lerad.videoposter
11-05 15:31:15.349 D/bbb ( 1208): onStartCommand begin !!!!!!! data分区剩余 24877MB
11-05 15:31:15.352 I/cling--ap-102( 3481): type=1400 audit(0.0:2267): avc: denied { search } for name="net" dev="sysfs" ino=10442 scontext=u:r:platform_app:s0:c512,c768 tcontext=u:object_r:sysfs_net:s0 tclass=dir permissive=1 app=com.dangbei.screencast
11-05 15:31:15.352 I/cling--ap-102( 3481): type=1400 audit(0.0:2268): avc: denied { read } for name="address" dev="sysfs" ino=16906 scontext=u:r:platform_app:s0:c512,c768 tcontext=u:object_r:sysfs_net:s0 tclass=file permissive=1 app=com.dangbei.screencast
11-05 15:31:15.352 I/cling--ap-102( 3481): type=1400 audit(0.0:2269): avc: denied { open } for path="/sys/devices/virtual/net/dummy0/address" dev="sysfs" ino=16906 scontext=u:r:platform_app:s0:c512,c768 tcontext=u:object_r:sysfs_net:s0 tclass=file permissive=1 app=com.dangbei.screencast
11-05 15:31:15.356 I/cling--ap-102( 3481): type=1400 audit(0.0:2270): avc: denied { getattr } for path="/sys/devices/virtual/net/dummy0/address" dev="sysfs" ino=16906 scontext=u:r:platform_app:s0:c512,c768 tcontext=u:object_r:sysfs_net:s0 tclass=file permissive=1 app=com.dangbei.screencast
11-05 15:31:15.962 W/IorapForwardingService( 484): No service published for: iorapd
11-05 15:31:16.354 I/BLEAudioDrive_HV410( 247): data len: 9 1
11-05 15:31:16.355 D/TvWindowManager( 484): key event key = KEYCODE_DPAD_LEFT down = true
11-05 15:31:16.371 D/GpioService( 484): mFlickerEnable = true
11-05 15:31:16.374 I/SogouIME( 2402): onKeyDown: keyoCode=21
11-05 15:31:16.374 I/DefaultIMS( 2402): onKeyDown: keyoCode=21
11-05 15:31:16.379 I/DefaultIMS( 2402): onStartInput attribute=android.view.inputmethod.EditorInfo@f3922b4 restarting=false inputType: 0
11-05 15:31:16.432 E/WifiHAL ( 664): wifi_get_link_stats: requestResponse Error:-5
11-05 15:31:16.434 E/WifiVendorHal( 484): getWifiLinkLayerStats_1_5_Internal(l.1191) failed {.code = ERROR_INVALID_ARGS, .description = }
11-05 15:31:16.455 E/TaskPersister( 484): File error accessing recents directory (directory doesn't exist?).
11-05 15:31:16.544 I/BLEAudioDrive_HV410( 247): data len: 9 1
11-05 15:31:16.545 I/BLEAudioDrive_HV410( 247): keyboard stop
11-05 15:31:16.545 D/TvWindowManager( 484): key event key = KEYCODE_DPAD_LEFT down = false
11-05 15:31:16.548 I/SogouIME( 2402): onKeyUp: keyoCode=21
11-05 15:31:16.548 I/DefaultIMS( 2402): onKeyUp: keyoCode=21
11-05 15:31:16.792 I/BLEAudioDrive_HV410( 247): data len: 9 1
11-05 15:31:16.793 D/TvWindowManager( 484): key event key = KEYCODE_DPAD_CENTER down = true
11-05 15:31:16.804 D/GpioService( 484): mFlickerEnable = true
11-05 15:31:16.927 I/BLEAudioDrive_HV410( 247): data len: 9 1
11-05 15:31:16.927 I/BLEAudioDrive_HV410( 247): keyboard stop
11-05 15:31:16.928 D/TvWindowManager( 484): key event key = KEYCODE_DPAD_CENTER down = false
11-05 15:31:16.943 D/GpioService( 484): mFlickerEnable = true
11-05 15:31:16.948 I/SogouIME( 2402): onKeyDown: keyoCode=23
11-05 15:31:16.964 W/IorapForwardingService( 484): No service published for: iorapd
11-05 15:31:16.975 I/DefaultIMS( 2402): onKeyDown: keyoCode=23
11-05 15:31:16.979 I/SogouIME( 2402): onKeyUp: keyoCode=23
11-05 15:31:16.979 I/DefaultIMS( 2402): onKeyUp: keyoCode=23
11-05 15:31:16.998 V/MediaPlayer( 5742): resetDrmState: mDrmInfo=null mDrmProvisioningThread=null mPrepareDrmInProgress=false mActiveDrmScheme=false
11-05 15:31:16.998 V/MediaPlayer( 5742): cleanDrmObj: mDrmObj=null mDrmSessionId=null
11-05 15:31:17.006 W/MediaProvider( 1055): Failed to fetch original file descriptor
11-05 15:31:17.006 W/MediaProvider( 1055): java.io.FileNotFoundException: Input file descriptor is already original
11-05 15:31:17.006 W/MediaProvider( 1055): at com.android.providers.media.MediaProvider.getOriginalMediaFormatFileDescriptor(MediaProvider.java:5774)
11-05 15:31:17.006 W/MediaProvider( 1055): at com.android.providers.media.MediaProvider.openTypedAssetFileCommon(MediaProvider.java:7190)
11-05 15:31:17.006 W/MediaProvider( 1055): at com.android.providers.media.MediaProvider.openTypedAssetFile(MediaProvider.java:7171)
11-05 15:31:17.006 W/MediaProvider( 1055): at android.content.ContentProvider$Transport.openTypedAssetFile(ContentProvider.java:548)
11-05 15:31:17.006 W/MediaProvider( 1055): at android.content.ContentProviderNative.onTransact(ContentProviderNative.java:327)
11-05 15:31:17.006 W/MediaProvider( 1055): at android.os.Binder.execTransactInternal(Binder.java:1179)
11-05 15:31:17.006 W/MediaProvider( 1055): at android.os.Binder.execTransact(Binder.java:1143)
11-05 15:31:17.010 D/MediaPlayerFactory( 360): Initialize getpersist = 0 value=
11-05 15:31:17.017 I/awplayer( 360): : process message XPLAYER_COMMAND_SET_SOURCE.
11-05 15:31:17.016 I/rainbow_flow( 4927): type=1400 audit(0.0:2271): avc: denied { ioctl } for path="/dev/spidev1.0" dev="tmpfs" ino=1229 ioctlcmd=0x6b00 scontext=u:r:init:s0 tcontext=u:object_r:device:s0 tclass=chr_file permissive=1
11-05 15:31:17.122 E/awplayer( 360): :  read error
at pos(2f8472ec)
11-05 15:31:17.122 E/awplayer( 360): : Invalid id(0) at pos (0x2f8472ec)
11-05 15:31:17.123 W/awplayer( 360): : Set log level to 4
11-05 15:31:17.123 E/cedarc ( 360): : now cedarc log level:4
11-05 15:31:17.123 I/cedarc ( 360): : CreateVideoDecoder p:0xf20d8380
11-05 15:31:17.124 I/cedarc ( 360): : *** ic_version = 0x3301000012011,
11-05 15:31:17.124 I/cedarc ( 360): : h265 stream type: 8 bit. before = -1
11-05 15:31:17.124 I/cedarc ( 360): : h265 stream type: 8 bit. before = 0
11-05 15:31:17.130 D/ ( 9018): enable_cedar_hw_clk,516
11-05 15:31:17.130 W/VE ( 9018): VE real_freq=648000000
11-05 15:31:17.129 D/SurfaceUtils( 360): connecting to surface 0xf2203808, reason setVideoSurfaceTexture
11-05 15:31:17.130 I/awplayer( 360): : xxxxxxxxxx video size: width = 1920, height = 1080
11-05 15:31:17.135 W/InputManager-JNI( 484): Input channel object '5fc0490 com.dangbei.lerad.videoposter/com.dangbei.leradplayer.activity.PlayerActivity (client)' was disposed without first being removed with the input manager!
11-05 15:31:17.148 W/InputEventReceiver( 5742): Attempted to finish an input event but the input event receiver has already been disposed.
11-05 15:31:17.150 I/awplayer( 360): : isPlaying
11-05 15:31:17.167 D/Allwinner Audio Middle Layer( 360): ver : 2017-8-4-18-00 Create Decoder!!=====
11-05 15:31:17.167 D/Allwinner Audio Middle Layer( 360): ver : 2017-8-4-18-00 AudioDec_Installaudiolib ok
11-05 15:31:17.167 D/Allwinner Audio Middle Layer( 360): ver : 2017-8-4-18-00 audio decoder init start ...
11-05 15:31:17.167 D/AllwinnerAlibs( 360): ver : 2017-8-4-18-00
11-05 15:31:17.167 D/AllwinnerAlibs( 360): >>>>>>>>>>>>>>>>>>>>>>>>>>>>>>> Audio <<<<<<<<<<<<<<<<<<<<<<<<<<<<<<<
11-05 15:31:17.167 D/AllwinnerAlibs( 360): tag : audiocodec-v1.2
11-05 15:31:17.167 D/AllwinnerAlibs( 360): branch: new
11-05 15:31:17.167 D/AllwinnerAlibs( 360): commit: 3ba65962c01cbf1280ddda19d843009b6ef8ce85
11-05 15:31:17.167 D/AllwinnerAlibs( 360): date : Tue Jan 8 16:25:27 2019 +0800
11-05 15:31:17.167 D/AllwinnerAlibs( 360): ----------------------------------------------------------------------
11-05 15:31:17.167 D/AllwinnerAlibs( 360): ver : 2017-8-4-18-00 ----Loading so success!
11-05 15:31:17.168 D/AllwinnerAlibs( 360): ver : 2017-8-4-18-00 *************pAudioStreamInfo start******************
11-05 15:31:17.168 D/AllwinnerAlibs( 360): ver : 2017-8-4-18-00 eCodecFormat :id(5), name(dolby audio)
11-05 15:31:17.169 D/AllwinnerAlibs( 360): ver : 2017-8-4-18-00 eSubCodecFormat :0
11-05 15:31:17.169 D/AllwinnerAlibs( 360): ver : 2017-8-4-18-00 nChannelNum :6
11-05 15:31:17.169 D/AllwinnerAlibs( 360): ver : 2017-8-4-18-00 nBitsPerSample :16
11-05 15:31:17.169 D/AllwinnerAlibs( 360): ver : 2017-8-4-18-00 nSampleRate :48000
11-05 15:31:17.169 D/AllwinnerAlibs( 360): ver : 2017-8-4-18-00 nAvgBitrate :0
11-05 15:31:17.169 D/AllwinnerAlibs( 360): ver : 2017-8-4-18-00 nMaxBitRate :0
11-05 15:31:17.169 D/AllwinnerAlibs( 360): ver : 2017-8-4-18-00 nFileSize :0
11-05 15:31:17.169 D/AllwinnerAlibs( 360): ver : 2017-8-4-18-00 eAudioBitstreamSource:0
11-05 15:31:17.169 D/AllwinnerAlibs( 360): ver : 2017-8-4-18-00 eDataEncodeType :1
11-05 15:31:17.169 D/AllwinnerAlibs( 360): ver : 2017-8-4-18-00 nCodecSpecificDataLen:0
11-05 15:31:17.169 D/AllwinnerAlibs( 360): ver : 2017-8-4-18-00 pCodecSpecificData :0x0
11-05 15:31:17.169 D/AllwinnerAlibs( 360): ver : 2017-8-4-18-00 nFlags :0
11-05 15:31:17.169 D/AllwinnerAlibs( 360): ver : 2017-8-4-18-00 nBlockAlign :0
11-05 15:31:17.164 I/EventThread( 260): type=1400 audit(0.0:2272): avc: denied { search } for name="extcon" dev="sysfs" ino=18103 scontext=u:r:hal_tv_cec_default:s0 tcontext=u:object_r:sysfs_extcon:s0 tclass=dir permissive=1
11-05 15:31:17.171 D/Ac3 Decoder( 360): 2025-06-20-11-37 init successs...
11-05 15:31:17.171 D/Allwinner Audio Middle Layer( 360): ver : 2017-8-4-18-00 AUDIO DECODE INIT OK...0
11-05 15:31:17.172 D/subInternal( 360): : ***internal sub_type = 0x200, nCodecSpecificDataLen = 0
11-05 15:31:17.172 D/Alib_edid_parser( 360): 2025-06-20-11-37 check audio code error!
11-05 15:31:17.172 D/Alib_edid_parser( 360): 2025-06-20-11-37 Normal pcm is not supported
11-05 15:31:17.172 D/Alib_edid_parser( 360): 2025-06-20-11-37 Dolby-core 5.1 channel is supported
11-05 15:31:17.172 D/Alib_edid_parser( 360): 2025-06-20-11-37 Dolby truehd 7.1 channel is supported
11-05 15:31:17.172 D/Alib_edid_parser( 360): 2025-06-20-11-37 Dts-core 5.1 channel is supported
11-05 15:31:17.173 D/Alib_edid_parser( 360): 2025-06-20-11-37 Dts-hdma master 7.1 channel is supported
11-05 15:31:17.173 D/Alib_edid_parser( 360): 2025-06-20-11-37 WmaPro is not supported
11-05 15:31:17.173 E/ac3_decInternal( 360): 2025-06-20-11-37 EAC3frameDec score 5
11-05 15:31:17.173 D/Alib_edid_parser( 360): 2025-06-20-11-37 check audio code error!
11-05 15:31:17.173 D/Alib_edid_parser( 360): 2025-06-20-11-37 Normal pcm is not supported
11-05 15:31:17.173 D/Alib_edid_parser( 360): 2025-06-20-11-37 Dolby-core 5.1 channel is supported
11-05 15:31:17.173 D/Alib_edid_parser( 360): 2025-06-20-11-37 Dolby truehd 7.1 channel is supported
11-05 15:31:17.173 D/Alib_edid_parser( 360): 2025-06-20-11-37 Dts-core 5.1 channel is supported
11-05 15:31:17.173 D/Alib_edid_parser( 360): 2025-06-20-11-37 Dts-hdma master 7.1 channel is supported
11-05 15:31:17.173 D/Alib_edid_parser( 360): 2025-06-20-11-37 WmaPro is not supported
11-05 15:31:17.173 E/ac3_decInternal( 360): 2025-06-20-11-37 EAC3frameDec score 5
11-05 15:31:17.174 I/awplayer( 360): : audio render process start message.
11-05 15:31:17.174 W/awplayer( 360): : message 0x40a not handled.
11-05 15:31:17.175 I/cedarc ( 360): : h265 stream type: 8 bit. before = 0
11-05 15:31:17.175 I/cedarc ( 360): : h265 stream type: 8 bit. before = 0
11-05 15:31:17.175 D/Alib_edid_parser( 360): 2025-06-20-11-37 check audio code error!
11-05 15:31:17.175 D/Alib_edid_parser( 360): 2025-06-20-11-37 Normal pcm is not supported
11-05 15:31:17.175 D/Alib_edid_parser( 360): 2025-06-20-11-37 Dolby-core 5.1 channel is supported
11-05 15:31:17.175 D/Alib_edid_parser( 360): 2025-06-20-11-37 Dolby truehd 7.1 channel is supported
11-05 15:31:17.175 D/Alib_edid_parser( 360): 2025-06-20-11-37 Dts-core 5.1 channel is supported
11-05 15:31:17.175 D/Alib_edid_parser( 360): 2025-06-20-11-37 Dts-hdma master 7.1 channel is supported
11-05 15:31:17.175 D/Alib_edid_parser( 360): 2025-06-20-11-37 WmaPro is not supported
11-05 15:31:17.176 E/ac3_decInternal( 360): 2025-06-20-11-37 EAC3frameDec score 5
11-05 15:31:17.176 D/Alib_edid_parser( 360): 2025-06-20-11-37 check audio code error!
11-05 15:31:17.176 D/Alib_edid_parser( 360): 2025-06-20-11-37 Normal pcm is not supported
11-05 15:31:17.176 D/Alib_edid_parser( 360): 2025-06-20-11-37 Dolby-core 5.1 channel is supported
11-05 15:31:17.176 D/Alib_edid_parser( 360): 2025-06-20-11-37 Dolby truehd 7.1 channel is supported
11-05 15:31:17.176 D/Alib_edid_parser( 360): 2025-06-20-11-37 Dts-core 5.1 channel is supported
11-05 15:31:17.176 D/Alib_edid_parser( 360): 2025-06-20-11-37 Dts-hdma master 7.1 channel is supported
11-05 15:31:17.176 D/Alib_edid_parser( 360): 2025-06-20-11-37 WmaPro is not supported
11-05 15:31:17.176 E/ac3_decInternal( 360): 2025-06-20-11-37 EAC3frameDec score 1
11-05 15:31:17.176 E/ac3_decInternal( 360): 2025-06-20-11-37 EAC3frame_PassThrough begin
11-05 15:31:17.176 E/AllwinnerAlibs( 360): 2025-06-20-11-37 MafiaAc3spdif_write_header
11-05 15:31:17.176 E/AllwinnerAlibs( 360): 2025-06-20-11-37 MafiaAc3spdif_write_packet
11-05 15:31:17.176 E/AllwinnerAlibs( 360): 2025-06-20-11-37 spdif_header_ac3
11-05 15:31:17.176 E/AllwinnerAlibs( 360): 2025-06-20-11-37 bill set SYNCWORD MafiaAc3spdif_write_packet 365
11-05 15:31:17.176 E/AllwinnerAlibs( 360): 2025-06-20-11-37 MafiaAc3spdif_write_packet 393 re = 6144
11-05 15:31:17.176 E/ac3_decInternal( 360): 2025-06-20-11-37 EAC3frame_PassThrough end OutBuffLen 6144
11-05 15:31:17.177 E/ac3_decInternal( 360): 2025-06-20-11-37 EAC3frame_PassThrough begin
11-05 15:31:17.177 E/AllwinnerAlibs( 360): 2025-06-20-11-37 MafiaAc3spdif_write_header
11-05 15:31:17.177 E/AllwinnerAlibs( 360): 2025-06-20-11-37 MafiaAc3spdif_write_packet
11-05 15:31:17.177 E/AllwinnerAlibs( 360): 2025-06-20-11-37 spdif_header_ac3
11-05 15:31:17.177 E/AllwinnerAlibs( 360): 2025-06-20-11-37 bill set SYNCWORD MafiaAc3spdif_write_packet 365
11-05 15:31:17.177 E/AllwinnerAlibs( 360): 2025-06-20-11-37 MafiaAc3spdif_write_packet 393 re = 6144
11-05 15:31:17.177 E/ac3_decInternal( 360): 2025-06-20-11-37 EAC3frame_PassThrough end OutBuffLen 6144
11-05 15:31:17.177 E/ac3_decInternal( 360): 2025-06-20-11-37 EAC3frame_PassThrough begin
11-05 15:31:17.177 E/AllwinnerAlibs( 360): 2025-06-20-11-37 MafiaAc3spdif_write_header
11-05 15:31:17.177 E/AllwinnerAlibs( 360): 2025-06-20-11-37 MafiaAc3spdif_write_packet
11-05 15:31:17.177 E/AllwinnerAlibs( 360): 2025-06-20-11-37 spdif_header_ac3
11-05 15:31:17.177 E/AllwinnerAlibs( 360): 2025-06-20-11-37 bill set SYNCWORD MafiaAc3spdif_write_packet 365
11-05 15:31:17.177 E/AllwinnerAlibs( 360): 2025-06-20-11-37 MafiaAc3spdif_write_packet 393 re = 6144
11-05 15:31:17.177 E/ac3_decInternal( 360): 2025-06-20-11-37 EAC3frame_PassThrough end OutBuffLen 6144
11-05 15:31:17.177 E/ac3_decInternal( 360): 2025-06-20-11-37 EAC3frame_PassThrough begin
11-05 15:31:17.177 E/AllwinnerAlibs( 360): 2025-06-20-11-37 MafiaAc3spdif_write_header
11-05 15:31:17.177 E/AllwinnerAlibs( 360): 2025-06-20-11-37 MafiaAc3spdif_write_packet
11-05 15:31:17.177 E/AllwinnerAlibs( 360): 2025-06-20-11-37 spdif_header_ac3
11-05 15:31:17.177 E/AllwinnerAlibs( 360): 2025-06-20-11-37 bill set SYNCWORD MafiaAc3spdif_write_packet 365
11-05 15:31:17.177 E/AllwinnerAlibs( 360): 2025-06-20-11-37 MafiaAc3spdif_write_packet 393 re = 6144
11-05 15:31:17.177 E/ac3_decInternal( 360): 2025-06-20-11-37 EAC3frame_PassThrough end OutBuffLen 6144
11-05 15:31:17.177 E/ac3_decInternal( 360): 2025-06-20-11-37 EAC3frame_PassThrough begin
11-05 15:31:17.177 E/AllwinnerAlibs( 360): 2025-06-20-11-37 MafiaAc3spdif_write_header
11-05 15:31:17.177 E/AllwinnerAlibs( 360): 2025-06-20-11-37 MafiaAc3spdif_write_packet
11-05 15:31:17.177 E/AllwinnerAlibs( 360): 2025-06-20-11-37 spdif_header_ac3
11-05 15:31:17.177 E/AllwinnerAlibs( 360): 2025-06-20-11-37 bill set SYNCWORD MafiaAc3spdif_write_packet 365
11-05 15:31:17.177 E/AllwinnerAlibs( 360): 2025-06-20-11-37 MafiaAc3spdif_write_packet 393 re = 6144
11-05 15:31:17.177 E/ac3_decInternal( 360): 2025-06-20-11-37 EAC3frame_PassThrough end OutBuffLen 6144
11-05 15:31:17.177 E/ac3_decInternal( 360): 2025-06-20-11-37 EAC3frame_PassThrough begin
11-05 15:31:17.177 E/AllwinnerAlibs( 360): 2025-06-20-11-37 MafiaAc3spdif_write_header
11-05 15:31:17.177 E/AllwinnerAlibs( 360): 2025-06-20-11-37 MafiaAc3spdif_write_packet
11-05 15:31:17.177 E/AllwinnerAlibs( 360): 2025-06-20-11-37 spdif_header_ac3
11-05 15:31:17.177 E/AllwinnerAlibs( 360): 2025-06-20-11-37 bill set SYNCWORD MafiaAc3spdif_write_packet 365
11-05 15:31:17.177 E/AllwinnerAlibs( 360): 2025-06-20-11-37 MafiaAc3spdif_write_packet 393 re = 6144
11-05 15:31:17.177 E/ac3_decInternal( 360): 2025-06-20-11-37 EAC3frame_PassThrough end OutBuffLen 6144
11-05 15:31:17.177 I/awplayer( 360): : isPlaying
11-05 15:31:17.177 E/ac3_decInternal( 360): 2025-06-20-11-37 EAC3frame_PassThrough begin
11-05 15:31:17.177 E/AllwinnerAlibs( 360): 2025-06-20-11-37 MafiaAc3spdif_write_header
11-05 15:31:17.178 E/AllwinnerAlibs( 360): 2025-06-20-11-37 MafiaAc3spdif_write_packet
11-05 15:31:17.178 E/AllwinnerAlibs( 360): 2025-06-20-11-37 spdif_header_ac3
11-05 15:31:17.178 E/AllwinnerAlibs( 360): 2025-06-20-11-37 bill set SYNCWORD MafiaAc3spdif_write_packet 365
11-05 15:31:17.178 I/cedarc ( 360): : Video Stream Information:
11-05 15:31:17.178 I/cedarc ( 360): : codec = H265
11-05 15:31:17.178 I/cedarc ( 360): : width = 1920 pixels
11-05 15:31:17.178 I/cedarc ( 360): : height = 1080 pixels
11-05 15:31:17.178 I/cedarc ( 360): : frame rate = 23976
11-05 15:31:17.178 I/cedarc ( 360): : frame duration = 0 us
11-05 15:31:17.178 I/cedarc ( 360): : aspect ratio = 0
11-05 15:31:17.178 I/cedarc ( 360): : is 3D stream = no
11-05 15:31:17.178 I/cedarc ( 360): : Video Stream Information:
11-05 15:31:17.178 I/cedarc ( 360): : codec = H265
11-05 15:31:17.178 I/cedarc ( 360): : width = 1920 pixels
11-05 15:31:17.178 I/cedarc ( 360): : height = 1080 pixels
11-05 15:31:17.178 I/cedarc ( 360): : frame rate = 23976
11-05 15:31:17.178 I/cedarc ( 360): : frame duration = 0 us
11-05 15:31:17.178 I/cedarc ( 360): : aspect ratio = 0
11-05 15:31:17.178 I/cedarc ( 360): : is 3D stream = no
11-05 15:31:17.179 E/AllwinnerAlibs( 360): 2025-06-20-11-37 MafiaAc3spdif_write_packet 393 re = 6144
11-05 15:31:17.179 E/ac3_decInternal( 360): 2025-06-20-11-37 EAC3frame_PassThrough end OutBuffLen 6144
11-05 15:31:17.179 I/gralloc ( 255): alloc buffer:W:1920 H:1088 S:1920 PL[1920 1088] SZ:3133504 fmt:842094169 if:0 af:842094169 usg:410960 fg:00000004
11-05 15:31:17.180 E/ac3_decInternal( 360): 2025-06-20-11-37 EAC3frame_PassThrough begin
11-05 15:31:17.180 E/AllwinnerAlibs( 360): 2025-06-20-11-37 MafiaAc3spdif_write_header
11-05 15:31:17.180 E/AllwinnerAlibs( 360): 2025-06-20-11-37 MafiaAc3spdif_write_packet
11-05 15:31:17.180 E/AllwinnerAlibs( 360): 2025-06-20-11-37 spdif_header_ac3
11-05 15:31:17.180 E/AllwinnerAlibs( 360): 2025-06-20-11-37 bill set SYNCWORD MafiaAc3spdif_write_packet 365
11-05 15:31:17.180 E/AllwinnerAlibs( 360): 2025-06-20-11-37 MafiaAc3spdif_write_packet 393 re = 6144
11-05 15:31:17.180 E/ac3_decInternal( 360): 2025-06-20-11-37 EAC3frame_PassThrough end OutBuffLen 6144
11-05 15:31:17.180 E/ac3_decInternal( 360): 2025-06-20-11-37 EAC3frame_PassThrough begin
11-05 15:31:17.180 E/AllwinnerAlibs( 360): 2025-06-20-11-37 MafiaAc3spdif_write_header
11-05 15:31:17.180 E/AllwinnerAlibs( 360): 2025-06-20-11-37 MafiaAc3spdif_write_packet
11-05 15:31:17.180 E/AllwinnerAlibs( 360): 2025-06-20-11-37 spdif_header_ac3
11-05 15:31:17.180 E/AllwinnerAlibs( 360): 2025-06-20-11-37 bill set SYNCWORD MafiaAc3spdif_write_packet 365
11-05 15:31:17.180 E/AllwinnerAlibs( 360): 2025-06-20-11-37 MafiaAc3spdif_write_packet 393 re = 6144
11-05 15:31:17.180 E/ac3_decInternal( 360): 2025-06-20-11-37 EAC3frame_PassThrough end OutBuffLen 6144
11-05 15:31:17.180 E/ac3_decInternal( 360): 2025-06-20-11-37 EAC3frame_PassThrough begin
11-05 15:31:17.180 E/AllwinnerAlibs( 360): 2025-06-20-11-37 MafiaAc3spdif_write_header
11-05 15:31:17.180 E/AllwinnerAlibs( 360): 2025-06-20-11-37 MafiaAc3spdif_write_packet
11-05 15:31:17.180 E/AllwinnerAlibs( 360): 2025-06-20-11-37 spdif_header_ac3
11-05 15:31:17.180 E/AllwinnerAlibs( 360): 2025-06-20-11-37 bill set SYNCWORD MafiaAc3spdif_write_packet 365
11-05 15:31:17.180 E/AllwinnerAlibs( 360): 2025-06-20-11-37 MafiaAc3spdif_write_packet 393 re = 6144
11-05 15:31:17.180 E/ac3_decInternal( 360): 2025-06-20-11-37 EAC3frame_PassThrough end OutBuffLen 6144
11-05 15:31:17.180 E/ac3_decInternal( 360): 2025-06-20-11-37 EAC3frame_PassThrough begin
11-05 15:31:17.180 E/AllwinnerAlibs( 360): 2025-06-20-11-37 MafiaAc3spdif_write_header
11-05 15:31:17.180 E/AllwinnerAlibs( 360): 2025-06-20-11-37 MafiaAc3spdif_write_packet
11-05 15:31:17.180 E/AllwinnerAlibs( 360): 2025-06-20-11-37 spdif_header_ac3
11-05 15:31:17.180 E/AllwinnerAlibs( 360): 2025-06-20-11-37 bill set SYNCWORD MafiaAc3spdif_write_packet 365
11-05 15:31:17.180 E/AllwinnerAlibs( 360): 2025-06-20-11-37 MafiaAc3spdif_write_packet 393 re = 6144
11-05 15:31:17.180 E/ac3_decInternal( 360): 2025-06-20-11-37 EAC3frame_PassThrough end OutBuffLen 6144
11-05 15:31:17.180 E/ac3_decInternal( 360): 2025-06-20-11-37 EAC3frame_PassThrough begin
11-05 15:31:17.180 E/AllwinnerAlibs( 360): 2025-06-20-11-37 MafiaAc3spdif_write_header
11-05 15:31:17.180 E/AllwinnerAlibs( 360): 2025-06-20-11-37 MafiaAc3spdif_write_packet
11-05 15:31:17.180 E/AllwinnerAlibs( 360): 2025-06-20-11-37 spdif_header_ac3
11-05 15:31:17.180 E/AllwinnerAlibs( 360): 2025-06-20-11-37 bill set SYNCWORD MafiaAc3spdif_write_packet 365
11-05 15:31:17.180 E/AllwinnerAlibs( 360): 2025-06-20-11-37 MafiaAc3spdif_write_packet 393 re = 6144
11-05 15:31:17.180 E/ac3_decInternal( 360): 2025-06-20-11-37 EAC3frame_PassThrough end OutBuffLen 6144
11-05 15:31:17.180 E/ac3_decInternal( 360): 2025-06-20-11-37 EAC3frame_PassThrough begin
11-05 15:31:17.180 E/AllwinnerAlibs( 360): 2025-06-20-11-37 MafiaAc3spdif_write_header
11-05 15:31:17.180 E/AllwinnerAlibs( 360): 2025-06-20-11-37 MafiaAc3spdif_write_packet
11-05 15:31:17.180 E/AllwinnerAlibs( 360): 2025-06-20-11-37 spdif_header_ac3
11-05 15:31:17.180 E/AllwinnerAlibs( 360): 2025-06-20-11-37 bill set SYNCWORD MafiaAc3spdif_write_packet 365
11-05 15:31:17.180 E/AllwinnerAlibs( 360): 2025-06-20-11-37 MafiaAc3spdif_write_packet 393 re = 6144
11-05 15:31:17.180 E/ac3_decInternal( 360): 2025-06-20-11-37 EAC3frame_PassThrough end OutBuffLen 6144
11-05 15:31:17.180 E/ac3_decInternal( 360): 2025-06-20-11-37 EAC3frame_PassThrough begin
11-05 15:31:17.180 E/AllwinnerAlibs( 360): 2025-06-20-11-37 MafiaAc3spdif_write_header
11-05 15:31:17.180 E/AllwinnerAlibs( 360): 2025-06-20-11-37 MafiaAc3spdif_write_packet
11-05 15:31:17.180 E/AllwinnerAlibs( 360): 2025-06-20-11-37 spdif_header_ac3
11-05 15:31:17.180 E/AllwinnerAlibs( 360): 2025-06-20-11-37 bill set SYNCWORD MafiaAc3spdif_write_packet 365
11-05 15:31:17.180 E/AllwinnerAlibs( 360): 2025-06-20-11-37 MafiaAc3spdif_write_packet 393 re = 6144
11-05 15:31:17.180 E/ac3_decInternal( 360): 2025-06-20-11-37 EAC3frame_PassThrough end OutBuffLen 6144
11-05 15:31:17.180 E/ac3_decInternal( 360): 2025-06-20-11-37 EAC3frame_PassThrough begin
11-05 15:31:17.180 E/ac3_decInternal( 360): 2025-06-20-11-37 EAC3frame_PassThrough begin
11-05 15:31:17.184 E/ac3_decInternal( 360): 2025-06-20-11-37 EAC3frame_PassThrough begin
11-05 15:31:17.184 E/AllwinnerAlibs( 360): 2025-06-20-11-37 MafiaAc3spdif_write_header
11-05 15:31:17.184 E/AllwinnerAlibs( 360): 2025-06-20-11-37 MafiaAc3spdif_write_packet
11-05 15:31:17.184 E/AllwinnerAlibs( 360): 2025-06-20-11-37 spdif_header_ac3
11-05 15:31:17.184 E/AllwinnerAlibs( 360): 2025-06-20-11-37 bill set SYNCWORD MafiaAc3spdif_write_packet 365
11-05 15:31:17.184 E/AllwinnerAlibs( 360): 2025-06-20-11-37 MafiaAc3spdif_write_packet 393 re = 6144
11-05 15:31:17.184 E/ac3_decInternal( 360): 2025-06-20-11-37 EAC3frame_PassThrough end OutBuffLen 6144
11-05 15:31:17.185 E/ac3_decInternal( 360): 2025-06-20-11-37 EAC3frame_PassThrough begin
11-05 15:31:17.185 E/AllwinnerAlibs( 360): 2025-06-20-11-37 MafiaAc3spdif_write_header
11-05 15:31:17.185 E/AllwinnerAlibs( 360): 2025-06-20-11-37 MafiaAc3spdif_write_packet
11-05 15:31:17.185 E/AllwinnerAlibs( 360): 2025-06-20-11-37 spdif_header_ac3
11-05 15:31:17.185 E/AllwinnerAlibs( 360): 2025-06-20-11-37 bill set SYNCWORD MafiaAc3spdif_write_packet 365
11-05 15:31:17.185 E/AllwinnerAlibs( 360): 2025-06-20-11-37 MafiaAc3spdif_write_packet 393 re = 6144
11-05 15:31:17.185 E/ac3_decInternal( 360): 2025-06-20-11-37 EAC3frame_PassThrough end OutBuffLen 6144
11-05 15:31:17.185 E/ac3_decInternal( 360): 2025-06-20-11-37 EAC3frame_PassThrough begin
11-05 15:31:17.185 E/AllwinnerAlibs( 360): 2025-06-20-11-37 MafiaAc3spdif_write_header
11-05 15:31:17.185 E/AllwinnerAlibs( 360): 2025-06-20-11-37 MafiaAc3spdif_write_packet
11-05 15:31:17.185 E/AllwinnerAlibs( 360): 2025-06-20-11-37 spdif_header_ac3
11-05 15:31:17.185 E/AllwinnerAlibs( 360): 2025-06-20-11-37 bill set SYNCWORD MafiaAc3spdif_write_packet 365
11-05 15:31:17.185 E/AllwinnerAlibs( 360): 2025-06-20-11-37 MafiaAc3spdif_write_packet 393 re = 6144
11-05 15:31:17.185 E/ac3_decInternal( 360): 2025-06-20-11-37 EAC3frame_PassThrough end OutBuffLen 6144
11-05 15:31:17.185 W/[Gralloc-Warning]( 360): mali_gralloc_lock:288 Buffers with YUV compatible formats should be locked using GRALLOC1_FUNCTION_LOCK_FLEX. Requested format is:0x32315659
11-05 15:31:17.185 E/ac3_decInternal( 360): 2025-06-20-11-37 EAC3frame_PassThrough begin
11-05 15:31:17.185 E/AllwinnerAlibs( 360): 2025-06-20-11-37 MafiaAc3spdif_write_header
11-05 15:31:17.185 E/AllwinnerAlibs( 360): 2025-06-20-11-37 MafiaAc3spdif_write_packet
11-05 15:31:17.185 E/AllwinnerAlibs( 360): 2025-06-20-11-37 spdif_header_ac3
11-05 15:31:17.185 E/AllwinnerAlibs( 360): 2025-06-20-11-37 bill set SYNCWORD MafiaAc3spdif_write_packet 365
11-05 15:31:17.185 E/AllwinnerAlibs( 360): 2025-06-20-11-37 MafiaAc3spdif_write_packet 393 re = 6144
11-05 15:31:17.185 E/ac3_decInternal( 360): 2025-06-20-11-37 EAC3frame_PassThrough end OutBuffLen 6144
11-05 15:31:17.185 E/ac3_decInternal( 360): 2025-06-20-11-37 EAC3frame_PassThrough begin
11-05 15:31:17.185 E/AllwinnerAlibs( 360): 2025-06-20-11-37 MafiaAc3spdif_write_header
11-05 15:31:17.185 E/AllwinnerAlibs( 360): 2025-06-20-11-37 MafiaAc3spdif_write_packet
11-05 15:31:17.185 E/AllwinnerAlibs( 360): 2025-06-20-11-37 spdif_header_ac3
11-05 15:31:17.185 E/AllwinnerAlibs( 360): 2025-06-20-11-37 bill set SYNCWORD MafiaAc3spdif_write_packet 365
11-05 15:31:17.185 E/AllwinnerAlibs( 360): 2025-06-20-11-37 MafiaAc3spdif_write_packet 393 re = 6144
11-05 15:31:17.185 E/ac3_decInternal( 360): 2025-06-20-11-37 EAC3frame_PassThrough end OutBuffLen 6144
