11-05 15:31:20.076 E/AllwinnerAlibs( 360): 2025-06-20-11-37 spdif_header_ac3
11-05 15:31:20.076 E/AllwinnerAlibs( 360): 2025-06-20-11-37 bill set SYNCWORD MafiaAc3spdif_write_packet 365
11-05 15:31:20.076 E/AllwinnerAlibs( 360): 2025-06-20-11-37 MafiaAc3spdif_write_packet 393 re = 6144
11-05 15:31:20.076 E/ac3_decInternal( 360): 2025-06-20-11-37 EAC3frame_PassThrough end OutBuffLen 6144
11-05 15:31:20.157 I/BLEAudioDrive_HV410( 247): data len: 9 1
11-05 15:31:20.158 D/TvWindowManager( 484): key event key = KEYCODE_DPAD_DOWN down = true
11-05 15:31:20.159 E/ac3_decInternal( 360): 2025-06-20-11-37 EAC3frame_PassThrough begin
11-05 15:31:20.159 E/AllwinnerAlibs( 360): 2025-06-20-11-37 MafiaAc3spdif_write_header
11-05 15:31:20.159 E/AllwinnerAlibs( 360): 2025-06-20-11-37 MafiaAc3spdif_write_packet
11-05 15:31:20.159 E/AllwinnerAlibs( 360): 2025-06-20-11-37 spdif_header_ac3
11-05 15:31:20.159 E/AllwinnerAlibs( 360): 2025-06-20-11-37 bill set SYNCWORD MafiaAc3spdif_write_packet 365
11-05 15:31:20.159 E/AllwinnerAlibs( 360): 2025-06-20-11-37 MafiaAc3spdif_write_packet 393 re = 6144
11-05 15:31:20.159 E/ac3_decInternal( 360): 2025-06-20-11-37 EAC3frame_PassThrough end OutBuffLen 6144
11-05 15:31:20.159 E/ac3_decInternal( 360): 2025-06-20-11-37 EAC3frame_PassThrough begin
11-05 15:31:20.159 E/AllwinnerAlibs( 360): 2025-06-20-11-37 MafiaAc3spdif_write_header
11-05 15:31:20.159 E/AllwinnerAlibs( 360): 2025-06-20-11-37 MafiaAc3spdif_write_packet
11-05 15:31:20.159 E/AllwinnerAlibs( 360): 2025-06-20-11-37 spdif_header_ac3
11-05 15:31:20.159 E/AllwinnerAlibs( 360): 2025-06-20-11-37 bill set SYNCWORD MafiaAc3spdif_write_packet 365
11-05 15:31:20.159 E/AllwinnerAlibs( 360): 2025-06-20-11-37 MafiaAc3spdif_write_packet 393 re = 6144
11-05 15:31:20.159 E/ac3_decInternal( 360): 2025-06-20-11-37 EAC3frame_PassThrough end OutBuffLen 6144
11-05 15:31:20.161 E/ac3_decInternal( 360): 2025-06-20-11-37 EAC3frame_PassThrough begin
11-05 15:31:20.161 E/AllwinnerAlibs( 360): 2025-06-20-11-37 MafiaAc3spdif_write_header
11-05 15:31:20.161 E/AllwinnerAlibs( 360): 2025-06-20-11-37 MafiaAc3spdif_write_packet
11-05 15:31:20.161 E/AllwinnerAlibs( 360): 2025-06-20-11-37 spdif_header_ac3
11-05 15:31:20.161 E/AllwinnerAlibs( 360): 2025-06-20-11-37 bill set SYNCWORD MafiaAc3spdif_write_packet 365
11-05 15:31:20.161 E/AllwinnerAlibs( 360): 2025-06-20-11-37 MafiaAc3spdif_write_packet 393 re = 6144
11-05 15:31:20.161 E/ac3_decInternal( 360): 2025-06-20-11-37 EAC3frame_PassThrough end OutBuffLen 6144
11-05 15:31:20.167 D/GpioService( 484): mFlickerEnable = true
11-05 15:31:20.240 E/ac3_decInternal( 360): 2025-06-20-11-37 EAC3frame_PassThrough begin
11-05 15:31:20.240 E/AllwinnerAlibs( 360): 2025-06-20-11-37 MafiaAc3spdif_write_header
11-05 15:31:20.240 E/AllwinnerAlibs( 360): 2025-06-20-11-37 MafiaAc3spdif_write_packet
11-05 15:31:20.240 E/AllwinnerAlibs( 360): 2025-06-20-11-37 spdif_header_ac3
11-05 15:31:20.240 E/AllwinnerAlibs( 360): 2025-06-20-11-37 bill set SYNCWORD MafiaAc3spdif_write_packet 365
11-05 15:31:20.240 E/AllwinnerAlibs( 360): 2025-06-20-11-37 MafiaAc3spdif_write_packet 393 re = 6144
11-05 15:31:20.240 E/ac3_decInternal( 360): 2025-06-20-11-37 EAC3frame_PassThrough end OutBuffLen 6144
11-05 15:31:20.241 E/ac3_decInternal( 360): 2025-06-20-11-37 EAC3frame_PassThrough begin
11-05 15:31:20.241 E/AllwinnerAlibs( 360): 2025-06-20-11-37 MafiaAc3spdif_write_header
11-05 15:31:20.241 E/AllwinnerAlibs( 360): 2025-06-20-11-37 MafiaAc3spdif_write_packet
11-05 15:31:20.241 E/AllwinnerAlibs( 360): 2025-06-20-11-37 spdif_header_ac3
11-05 15:31:20.241 E/AllwinnerAlibs( 360): 2025-06-20-11-37 bill set SYNCWORD MafiaAc3spdif_write_packet 365
11-05 15:31:20.242 E/AllwinnerAlibs( 360): 2025-06-20-11-37 MafiaAc3spdif_write_packet 393 re = 6144
11-05 15:31:20.242 E/ac3_decInternal( 360): 2025-06-20-11-37 EAC3frame_PassThrough end OutBuffLen 6144
11-05 15:31:20.256 I/cedarc ( 360): : stream buffer 0 ring back.
11-05 15:31:20.257 I/cedarc ( 360): : stream buffer 0 ring back.
11-05 15:31:20.259 W/cedarc ( 360): : request stream buffer fail, 1027827 bytes valid data in SBM[0], total buffer size is 1048576 bytes.
11-05 15:31:20.259 I/demuxComponent( 360): : waiting for video stream buffer.
11-05 15:31:20.307 D/GpioService( 484): mFlickerEnable = true
11-05 15:31:20.309 I/SogouIME( 2402): onKeyDown: keyoCode=20
11-05 15:31:20.309 I/DefaultIMS( 2402): onKeyDown: keyoCode=20
11-05 15:31:20.313 I/BLEAudioDrive_HV410( 247): data len: 9 1
11-05 15:31:20.313 I/BLEAudioDrive_HV410( 247): keyboard stop
11-05 15:31:20.313 D/TvWindowManager( 484): key event key = KEYCODE_DPAD_DOWN down = false
11-05 15:31:20.315 I/SogouIME( 2402): onKeyUp: keyoCode=20
11-05 15:31:20.315 I/DefaultIMS( 2402): onKeyUp: keyoCode=20
11-05 15:31:20.327 E/ac3_decInternal( 360): 2025-06-20-11-37 EAC3frame_PassThrough begin
11-05 15:31:20.327 E/AllwinnerAlibs( 360): 2025-06-20-11-37 MafiaAc3spdif_write_header
11-05 15:31:20.327 E/AllwinnerAlibs( 360): 2025-06-20-11-37 MafiaAc3spdif_write_packet
11-05 15:31:20.327 E/AllwinnerAlibs( 360): 2025-06-20-11-37 spdif_header_ac3
11-05 15:31:20.327 E/AllwinnerAlibs( 360): 2025-06-20-11-37 bill set SYNCWORD MafiaAc3spdif_write_packet 365
11-05 15:31:20.327 E/AllwinnerAlibs( 360): 2025-06-20-11-37 MafiaAc3spdif_write_packet 393 re = 6144
11-05 15:31:20.327 E/ac3_decInternal( 360): 2025-06-20-11-37 EAC3frame_PassThrough end OutBuffLen 6144
11-05 15:31:20.327 E/ac3_decInternal( 360): 2025-06-20-11-37 EAC3frame_PassThrough begin
11-05 15:31:20.327 E/AllwinnerAlibs( 360): 2025-06-20-11-37 MafiaAc3spdif_write_header
11-05 15:31:20.327 E/AllwinnerAlibs( 360): 2025-06-20-11-37 MafiaAc3spdif_write_packet
11-05 15:31:20.327 E/AllwinnerAlibs( 360): 2025-06-20-11-37 spdif_header_ac3
11-05 15:31:20.327 E/AllwinnerAlibs( 360): 2025-06-20-11-37 bill set SYNCWORD MafiaAc3spdif_write_packet 365
11-05 15:31:20.327 E/AllwinnerAlibs( 360): 2025-06-20-11-37 MafiaAc3spdif_write_packet 393 re = 6144
11-05 15:31:20.327 E/ac3_decInternal( 360): 2025-06-20-11-37 EAC3frame_PassThrough end OutBuffLen 6144
11-05 15:31:20.328 E/ac3_decInternal( 360): 2025-06-20-11-37 EAC3frame_PassThrough begin
11-05 15:31:20.328 E/AllwinnerAlibs( 360): 2025-06-20-11-37 MafiaAc3spdif_write_header
11-05 15:31:20.328 E/AllwinnerAlibs( 360): 2025-06-20-11-37 MafiaAc3spdif_write_packet
11-05 15:31:20.328 E/AllwinnerAlibs( 360): 2025-06-20-11-37 spdif_header_ac3
11-05 15:31:20.328 E/AllwinnerAlibs( 360): 2025-06-20-11-37 bill set SYNCWORD MafiaAc3spdif_write_packet 365
11-05 15:31:20.328 E/AllwinnerAlibs( 360): 2025-06-20-11-37 MafiaAc3spdif_write_packet 393 re = 6144
11-05 15:31:20.328 E/ac3_decInternal( 360): 2025-06-20-11-37 EAC3frame_PassThrough end OutBuffLen 6144
11-05 15:31:20.411 E/ac3_decInternal( 360): 2025-06-20-11-37 EAC3frame_PassThrough begin
11-05 15:31:20.411 E/AllwinnerAlibs( 360): 2025-06-20-11-37 MafiaAc3spdif_write_header
11-05 15:31:20.411 E/AllwinnerAlibs( 360): 2025-06-20-11-37 MafiaAc3spdif_write_packet
11-05 15:31:20.411 E/AllwinnerAlibs( 360): 2025-06-20-11-37 spdif_header_ac3
11-05 15:31:20.411 E/AllwinnerAlibs( 360): 2025-06-20-11-37 bill set SYNCWORD MafiaAc3spdif_write_packet 365
11-05 15:31:20.411 E/AllwinnerAlibs( 360): 2025-06-20-11-37 MafiaAc3spdif_write_packet 393 re = 6144
11-05 15:31:20.411 E/ac3_decInternal( 360): 2025-06-20-11-37 EAC3frame_PassThrough end OutBuffLen 6144
11-05 15:31:20.412 E/ac3_decInternal( 360): 2025-06-20-11-37 EAC3frame_PassThrough begin
11-05 15:31:20.412 E/AllwinnerAlibs( 360): 2025-06-20-11-37 MafiaAc3spdif_write_header
11-05 15:31:20.412 E/AllwinnerAlibs( 360): 2025-06-20-11-37 MafiaAc3spdif_write_packet
11-05 15:31:20.412 E/AllwinnerAlibs( 360): 2025-06-20-11-37 spdif_header_ac3
11-05 15:31:20.412 E/AllwinnerAlibs( 360): 2025-06-20-11-37 bill set SYNCWORD MafiaAc3spdif_write_packet 365
11-05 15:31:20.412 E/AllwinnerAlibs( 360): 2025-06-20-11-37 MafiaAc3spdif_write_packet 393 re = 6144
11-05 15:31:20.412 E/ac3_decInternal( 360): 2025-06-20-11-37 EAC3frame_PassThrough end OutBuffLen 6144
11-05 15:31:20.461 W/cedarc ( 360): : request stream buffer fail, 1039955 bytes valid data in SBM[0], total buffer size is 1048576 bytes.
11-05 15:31:20.461 I/demuxComponent( 360): : waiting for video stream buffer.
11-05 15:31:20.497 E/ac3_decInternal( 360): 2025-06-20-11-37 EAC3frame_PassThrough begin
11-05 15:31:20.497 E/AllwinnerAlibs( 360): 2025-06-20-11-37 MafiaAc3spdif_write_header
11-05 15:31:20.497 E/AllwinnerAlibs( 360): 2025-06-20-11-37 MafiaAc3spdif_write_packet
11-05 15:31:20.497 E/AllwinnerAlibs( 360): 2025-06-20-11-37 spdif_header_ac3
11-05 15:31:20.497 E/AllwinnerAlibs( 360): 2025-06-20-11-37 bill set SYNCWORD MafiaAc3spdif_write_packet 365
11-05 15:31:20.497 E/AllwinnerAlibs( 360): 2025-06-20-11-37 MafiaAc3spdif_write_packet 393 re = 6144
11-05 15:31:20.497 E/ac3_decInternal( 360): 2025-06-20-11-37 EAC3frame_PassThrough end OutBuffLen 6144
11-05 15:31:20.497 E/ac3_decInternal( 360): 2025-06-20-11-37 EAC3frame_PassThrough begin
11-05 15:31:20.497 E/AllwinnerAlibs( 360): 2025-06-20-11-37 MafiaAc3spdif_write_header
11-05 15:31:20.497 E/AllwinnerAlibs( 360): 2025-06-20-11-37 MafiaAc3spdif_write_packet
11-05 15:31:20.497 E/AllwinnerAlibs( 360): 2025-06-20-11-37 spdif_header_ac3
11-05 15:31:20.497 E/AllwinnerAlibs( 360): 2025-06-20-11-37 bill set SYNCWORD MafiaAc3spdif_write_packet 365
11-05 15:31:20.497 E/AllwinnerAlibs( 360): 2025-06-20-11-37 MafiaAc3spdif_write_packet 393 re = 6144
11-05 15:31:20.497 E/ac3_decInternal( 360): 2025-06-20-11-37 EAC3frame_PassThrough end OutBuffLen 6144
11-05 15:31:20.498 E/ac3_decInternal( 360): 2025-06-20-11-37 EAC3frame_PassThrough begin
11-05 15:31:20.498 E/AllwinnerAlibs( 360): 2025-06-20-11-37 MafiaAc3spdif_write_header
11-05 15:31:20.498 E/AllwinnerAlibs( 360): 2025-06-20-11-37 MafiaAc3spdif_write_packet
11-05 15:31:20.498 E/AllwinnerAlibs( 360): 2025-06-20-11-37 spdif_header_ac3
11-05 15:31:20.498 E/AllwinnerAlibs( 360): 2025-06-20-11-37 bill set SYNCWORD MafiaAc3spdif_write_packet 365
11-05 15:31:20.498 E/AllwinnerAlibs( 360): 2025-06-20-11-37 MafiaAc3spdif_write_packet 393 re = 6144
11-05 15:31:20.498 E/ac3_decInternal( 360): 2025-06-20-11-37 EAC3frame_PassThrough end OutBuffLen 6144
11-05 15:31:20.499 E/ac3_decInternal( 360): 2025-06-20-11-37 EAC3frame_PassThrough begin
11-05 15:31:20.499 E/AllwinnerAlibs( 360): 2025-06-20-11-37 MafiaAc3spdif_write_header
11-05 15:31:20.499 E/AllwinnerAlibs( 360): 2025-06-20-11-37 MafiaAc3spdif_write_packet
11-05 15:31:20.499 E/AllwinnerAlibs( 360): 2025-06-20-11-37 spdif_header_ac3
11-05 15:31:20.499 E/AllwinnerAlibs( 360): 2025-06-20-11-37 bill set SYNCWORD MafiaAc3spdif_write_packet 365
11-05 15:31:20.499 E/AllwinnerAlibs( 360): 2025-06-20-11-37 MafiaAc3spdif_write_packet 393 re = 6144
11-05 15:31:20.499 E/ac3_decInternal( 360): 2025-06-20-11-37 EAC3frame_PassThrough end OutBuffLen 6144
11-05 15:31:20.583 E/ac3_decInternal( 360): 2025-06-20-11-37 EAC3frame_PassThrough begin
11-05 15:31:20.583 E/AllwinnerAlibs( 360): 2025-06-20-11-37 MafiaAc3spdif_write_header
11-05 15:31:20.583 E/AllwinnerAlibs( 360): 2025-06-20-11-37 MafiaAc3spdif_write_packet
11-05 15:31:20.583 E/AllwinnerAlibs( 360): 2025-06-20-11-37 spdif_header_ac3
11-05 15:31:20.583 E/AllwinnerAlibs( 360): 2025-06-20-11-37 bill set SYNCWORD MafiaAc3spdif_write_packet 365
11-05 15:31:20.583 E/AllwinnerAlibs( 360): 2025-06-20-11-37 MafiaAc3spdif_write_packet 393 re = 6144
11-05 15:31:20.583 E/ac3_decInternal( 360): 2025-06-20-11-37 EAC3frame_PassThrough end OutBuffLen 6144
11-05 15:31:20.585 E/ac3_decInternal( 360): 2025-06-20-11-37 EAC3frame_PassThrough begin
11-05 15:31:20.585 E/AllwinnerAlibs( 360): 2025-06-20-11-37 MafiaAc3spdif_write_header
11-05 15:31:20.585 E/AllwinnerAlibs( 360): 2025-06-20-11-37 MafiaAc3spdif_write_packet
11-05 15:31:20.585 E/AllwinnerAlibs( 360): 2025-06-20-11-37 spdif_header_ac3
11-05 15:31:20.585 E/AllwinnerAlibs( 360): 2025-06-20-11-37 bill set SYNCWORD MafiaAc3spdif_write_packet 365
11-05 15:31:20.585 E/AllwinnerAlibs( 360): 2025-06-20-11-37 MafiaAc3spdif_write_packet 393 re = 6144
11-05 15:31:20.585 E/ac3_decInternal( 360): 2025-06-20-11-37 EAC3frame_PassThrough end OutBuffLen 6144
11-05 15:31:20.585 E/ac3_decInternal( 360): 2025-06-20-11-37 EAC3frame_PassThrough begin
11-05 15:31:20.585 E/AllwinnerAlibs( 360): 2025-06-20-11-37 MafiaAc3spdif_write_header
11-05 15:31:20.585 E/AllwinnerAlibs( 360): 2025-06-20-11-37 MafiaAc3spdif_write_packet
11-05 15:31:20.585 E/AllwinnerAlibs( 360): 2025-06-20-11-37 spdif_header_ac3
11-05 15:31:20.586 E/AllwinnerAlibs( 360): 2025-06-20-11-37 bill set SYNCWORD MafiaAc3spdif_write_packet 365
11-05 15:31:20.586 E/AllwinnerAlibs( 360): 2025-06-20-11-37 MafiaAc3spdif_write_packet 393 re = 6144
11-05 15:31:20.586 E/ac3_decInternal( 360): 2025-06-20-11-37 EAC3frame_PassThrough end OutBuffLen 6144
11-05 15:31:20.600 I/efs-base( 3481): type=1400 audit(0.0:2276): avc: denied { getattr } for path="/data/user/0/com.dangbei.screencast/app_UApm/5fc60c21094d637f3130af19/ready" dev="mmcblk0p25" ino=2110 scontext=u:r:platform_app:s0:c512,c768 tcontext=u:object_r:app_data_file:s0:c512,c768 tclass=dir permissive=1 app=com.dangbei.screencast
11-05 15:31:20.639 I/BLEAudioDrive_HV410( 247): data len: 9 1
11-05 15:31:20.639 D/TvWindowManager( 484): key event key = KEYCODE_DPAD_DOWN down = true
11-05 15:31:20.643 D/GpioService( 484): mFlickerEnable = true
11-05 15:31:20.662 W/cedarc ( 360): : request stream buffer fail, 1027527 bytes valid data in SBM[0], total buffer size is 1048576 bytes.
11-05 15:31:20.662 I/demuxComponent( 360): : waiting for video stream buffer.
11-05 15:31:20.670 E/ac3_decInternal( 360): 2025-06-20-11-37 EAC3frame_PassThrough begin
11-05 15:31:20.670 E/AllwinnerAlibs( 360): 2025-06-20-11-37 MafiaAc3spdif_write_header
11-05 15:31:20.670 E/AllwinnerAlibs( 360): 2025-06-20-11-37 MafiaAc3spdif_write_packet
11-05 15:31:20.670 E/AllwinnerAlibs( 360): 2025-06-20-11-37 spdif_header_ac3
11-05 15:31:20.670 E/AllwinnerAlibs( 360): 2025-06-20-11-37 bill set SYNCWORD MafiaAc3spdif_write_packet 365
11-05 15:31:20.670 E/AllwinnerAlibs( 360): 2025-06-20-11-37 MafiaAc3spdif_write_packet 393 re = 6144
11-05 15:31:20.670 E/ac3_decInternal( 360): 2025-06-20-11-37 EAC3frame_PassThrough end OutBuffLen 6144
11-05 15:31:20.671 E/ac3_decInternal( 360): 2025-06-20-11-37 EAC3frame_PassThrough begin
11-05 15:31:20.671 E/AllwinnerAlibs( 360): 2025-06-20-11-37 MafiaAc3spdif_write_header
11-05 15:31:20.671 E/AllwinnerAlibs( 360): 2025-06-20-11-37 MafiaAc3spdif_write_packet
11-05 15:31:20.672 E/AllwinnerAlibs( 360): 2025-06-20-11-37 spdif_header_ac3
11-05 15:31:20.672 E/AllwinnerAlibs( 360): 2025-06-20-11-37 bill set SYNCWORD MafiaAc3spdif_write_packet 365
11-05 15:31:20.672 E/AllwinnerAlibs( 360): 2025-06-20-11-37 MafiaAc3spdif_write_packet 393 re = 6144
11-05 15:31:20.672 E/ac3_decInternal( 360): 2025-06-20-11-37 EAC3frame_PassThrough end OutBuffLen 6144
11-05 15:31:20.753 E/ac3_decInternal( 360): 2025-06-20-11-37 EAC3frame_PassThrough begin
11-05 15:31:20.754 E/AllwinnerAlibs( 360): 2025-06-20-11-37 MafiaAc3spdif_write_header
11-05 15:31:20.754 E/AllwinnerAlibs( 360): 2025-06-20-11-37 MafiaAc3spdif_write_packet
11-05 15:31:20.754 E/AllwinnerAlibs( 360): 2025-06-20-11-37 spdif_header_ac3
11-05 15:31:20.754 E/AllwinnerAlibs( 360): 2025-06-20-11-37 bill set SYNCWORD MafiaAc3spdif_write_packet 365
11-05 15:31:20.754 E/AllwinnerAlibs( 360): 2025-06-20-11-37 MafiaAc3spdif_write_packet 393 re = 6144
11-05 15:31:20.754 E/ac3_decInternal( 360): 2025-06-20-11-37 EAC3frame_PassThrough end OutBuffLen 6144
11-05 15:31:20.755 E/ac3_decInternal( 360): 2025-06-20-11-37 EAC3frame_PassThrough begin
11-05 15:31:20.755 E/AllwinnerAlibs( 360): 2025-06-20-11-37 MafiaAc3spdif_write_header
11-05 15:31:20.755 E/AllwinnerAlibs( 360): 2025-06-20-11-37 MafiaAc3spdif_write_packet
11-05 15:31:20.755 E/AllwinnerAlibs( 360): 2025-06-20-11-37 spdif_header_ac3
11-05 15:31:20.755 E/AllwinnerAlibs( 360): 2025-06-20-11-37 bill set SYNCWORD MafiaAc3spdif_write_packet 365
11-05 15:31:20.755 E/AllwinnerAlibs( 360): 2025-06-20-11-37 MafiaAc3spdif_write_packet 393 re = 6144
11-05 15:31:20.755 E/ac3_decInternal( 360): 2025-06-20-11-37 EAC3frame_PassThrough end OutBuffLen 6144
11-05 15:31:20.755 E/ac3_decInternal( 360): 2025-06-20-11-37 EAC3frame_PassThrough begin
11-05 15:31:20.755 E/AllwinnerAlibs( 360): 2025-06-20-11-37 MafiaAc3spdif_write_header
11-05 15:31:20.755 E/AllwinnerAlibs( 360): 2025-06-20-11-37 MafiaAc3spdif_write_packet
11-05 15:31:20.755 E/AllwinnerAlibs( 360): 2025-06-20-11-37 spdif_header_ac3
11-05 15:31:20.755 E/AllwinnerAlibs( 360): 2025-06-20-11-37 bill set SYNCWORD MafiaAc3spdif_write_packet 365
11-05 15:31:20.755 E/AllwinnerAlibs( 360): 2025-06-20-11-37 MafiaAc3spdif_write_packet 393 re = 6144
11-05 15:31:20.755 E/ac3_decInternal( 360): 2025-06-20-11-37 EAC3frame_PassThrough end OutBuffLen 6144
11-05 15:31:20.786 I/BLEAudioDrive_HV410( 247): data len: 9 1
11-05 15:31:20.786 I/BLEAudioDrive_HV410( 247): keyboard stop
11-05 15:31:20.786 D/TvWindowManager( 484): key event key = KEYCODE_DPAD_DOWN down = false
11-05 15:31:20.790 D/GpioService( 484): mFlickerEnable = true
11-05 15:31:20.793 I/SogouIME( 2402): onKeyDown: keyoCode=20
11-05 15:31:20.793 I/DefaultIMS( 2402): onKeyDown: keyoCode=20
11-05 15:31:20.804 I/SogouIME( 2402): onKeyUp: keyoCode=20
11-05 15:31:20.805 I/DefaultIMS( 2402): onKeyUp: keyoCode=20
11-05 15:31:20.841 E/ac3_decInternal( 360): 2025-06-20-11-37 EAC3frame_PassThrough begin
11-05 15:31:20.842 E/AllwinnerAlibs( 360): 2025-06-20-11-37 MafiaAc3spdif_write_header
11-05 15:31:20.842 E/AllwinnerAlibs( 360): 2025-06-20-11-37 MafiaAc3spdif_write_packet
11-05 15:31:20.842 E/AllwinnerAlibs( 360): 2025-06-20-11-37 spdif_header_ac3
11-05 15:31:20.842 E/AllwinnerAlibs( 360): 2025-06-20-11-37 bill set SYNCWORD MafiaAc3spdif_write_packet 365
11-05 15:31:20.842 E/AllwinnerAlibs( 360): 2025-06-20-11-37 MafiaAc3spdif_write_packet 393 re = 6144
11-05 15:31:20.842 E/ac3_decInternal( 360): 2025-06-20-11-37 EAC3frame_PassThrough end OutBuffLen 6144
11-05 15:31:20.842 E/ac3_decInternal( 360): 2025-06-20-11-37 EAC3frame_PassThrough begin
11-05 15:31:20.842 E/AllwinnerAlibs( 360): 2025-06-20-11-37 MafiaAc3spdif_write_header
11-05 15:31:20.842 E/AllwinnerAlibs( 360): 2025-06-20-11-37 MafiaAc3spdif_write_packet
11-05 15:31:20.842 E/AllwinnerAlibs( 360): 2025-06-20-11-37 spdif_header_ac3
11-05 15:31:20.842 E/AllwinnerAlibs( 360): 2025-06-20-11-37 bill set SYNCWORD MafiaAc3spdif_write_packet 365
11-05 15:31:20.842 E/AllwinnerAlibs( 360): 2025-06-20-11-37 MafiaAc3spdif_write_packet 393 re = 6144
11-05 15:31:20.842 E/ac3_decInternal( 360): 2025-06-20-11-37 EAC3frame_PassThrough end OutBuffLen 6144
11-05 15:31:20.864 W/cedarc ( 360): : request stream buffer fail, 1037410 bytes valid data in SBM[0], total buffer size is 1048576 bytes.
11-05 15:31:20.864 I/demuxComponent( 360): : waiting for video stream buffer.
11-05 15:31:20.921 I/BLEAudioDrive_HV410( 247): data len: 9 1
11-05 15:31:20.922 D/TvWindowManager( 484): key event key = KEYCODE_DPAD_DOWN down = true
11-05 15:31:20.923 E/ac3_decInternal( 360): 2025-06-20-11-37 EAC3frame_PassThrough begin
11-05 15:31:20.923 E/AllwinnerAlibs( 360): 2025-06-20-11-37 MafiaAc3spdif_write_header
11-05 15:31:20.923 E/AllwinnerAlibs( 360): 2025-06-20-11-37 MafiaAc3spdif_write_packet
11-05 15:31:20.923 E/AllwinnerAlibs( 360): 2025-06-20-11-37 spdif_header_ac3
11-05 15:31:20.923 E/AllwinnerAlibs( 360): 2025-06-20-11-37 bill set SYNCWORD MafiaAc3spdif_write_packet 365
11-05 15:31:20.923 E/AllwinnerAlibs( 360): 2025-06-20-11-37 MafiaAc3spdif_write_packet 393 re = 6144
11-05 15:31:20.923 E/ac3_decInternal( 360): 2025-06-20-11-37 EAC3frame_PassThrough end OutBuffLen 6144
11-05 15:31:20.924 E/ac3_decInternal( 360): 2025-06-20-11-37 EAC3frame_PassThrough begin
11-05 15:31:20.924 E/AllwinnerAlibs( 360): 2025-06-20-11-37 MafiaAc3spdif_write_header
11-05 15:31:20.924 E/AllwinnerAlibs( 360): 2025-06-20-11-37 MafiaAc3spdif_write_packet
11-05 15:31:20.924 E/AllwinnerAlibs( 360): 2025-06-20-11-37 spdif_header_ac3
11-05 15:31:20.924 E/AllwinnerAlibs( 360): 2025-06-20-11-37 bill set SYNCWORD MafiaAc3spdif_write_packet 365
11-05 15:31:20.924 E/AllwinnerAlibs( 360): 2025-06-20-11-37 MafiaAc3spdif_write_packet 393 re = 6144
11-05 15:31:20.924 E/ac3_decInternal( 360): 2025-06-20-11-37 EAC3frame_PassThrough end OutBuffLen 6144
11-05 15:31:20.925 E/ac3_decInternal( 360): 2025-06-20-11-37 EAC3frame_PassThrough begin
11-05 15:31:20.925 E/AllwinnerAlibs( 360): 2025-06-20-11-37 MafiaAc3spdif_write_header
11-05 15:31:20.925 E/AllwinnerAlibs( 360): 2025-06-20-11-37 MafiaAc3spdif_write_packet
11-05 15:31:20.925 E/AllwinnerAlibs( 360): 2025-06-20-11-37 spdif_header_ac3
11-05 15:31:20.925 E/AllwinnerAlibs( 360): 2025-06-20-11-37 bill set SYNCWORD MafiaAc3spdif_write_packet 365
11-05 15:31:20.925 E/AllwinnerAlibs( 360): 2025-06-20-11-37 MafiaAc3spdif_write_packet 393 re = 6144
11-05 15:31:20.925 E/ac3_decInternal( 360): 2025-06-20-11-37 EAC3frame_PassThrough end OutBuffLen 6144
11-05 15:31:20.927 D/GpioService( 484): mFlickerEnable = true
11-05 15:31:21.008 E/ac3_decInternal( 360): 2025-06-20-11-37 EAC3frame_PassThrough begin
11-05 15:31:21.008 E/AllwinnerAlibs( 360): 2025-06-20-11-37 MafiaAc3spdif_write_header
11-05 15:31:21.008 E/AllwinnerAlibs( 360): 2025-06-20-11-37 MafiaAc3spdif_write_packet
11-05 15:31:21.008 E/AllwinnerAlibs( 360): 2025-06-20-11-37 spdif_header_ac3
11-05 15:31:21.008 E/AllwinnerAlibs( 360): 2025-06-20-11-37 bill set SYNCWORD MafiaAc3spdif_write_packet 365
11-05 15:31:21.008 E/AllwinnerAlibs( 360): 2025-06-20-11-37 MafiaAc3spdif_write_packet 393 re = 6144
11-05 15:31:21.008 E/ac3_decInternal( 360): 2025-06-20-11-37 EAC3frame_PassThrough end OutBuffLen 6144
11-05 15:31:21.009 E/ac3_decInternal( 360): 2025-06-20-11-37 EAC3frame_PassThrough begin
11-05 15:31:21.009 E/AllwinnerAlibs( 360): 2025-06-20-11-37 MafiaAc3spdif_write_header
11-05 15:31:21.009 E/AllwinnerAlibs( 360): 2025-06-20-11-37 MafiaAc3spdif_write_packet
11-05 15:31:21.009 E/AllwinnerAlibs( 360): 2025-06-20-11-37 spdif_header_ac3
11-05 15:31:21.009 E/AllwinnerAlibs( 360): 2025-06-20-11-37 bill set SYNCWORD MafiaAc3spdif_write_packet 365
11-05 15:31:21.009 E/AllwinnerAlibs( 360): 2025-06-20-11-37 MafiaAc3spdif_write_packet 393 re = 6144
11-05 15:31:21.009 E/ac3_decInternal( 360): 2025-06-20-11-37 EAC3frame_PassThrough end OutBuffLen 6144
11-05 15:31:21.019 W/IorapForwardingService( 484): No service published for: iorapd
11-05 15:31:21.065 W/cedarc ( 360): : request stream buffer fail, 1038579 bytes valid data in SBM[0], total buffer size is 1048576 bytes.
11-05 15:31:21.065 I/demuxComponent( 360): : waiting for video stream buffer.
11-05 15:31:21.071 D/GpioService( 484): mFlickerEnable = true
11-05 15:31:21.073 I/SogouIME( 2402): onKeyDown: keyoCode=20
11-05 15:31:21.074 I/DefaultIMS( 2402): onKeyDown: keyoCode=20
11-05 15:31:21.089 I/BLEAudioDrive_HV410( 247): data len: 9 1
11-05 15:31:21.089 I/BLEAudioDrive_HV410( 247): keyboard stop
11-05 15:31:21.090 D/TvWindowManager( 484): key event key = KEYCODE_DPAD_DOWN down = false
11-05 15:31:21.093 E/ac3_decInternal( 360): 2025-06-20-11-37 EAC3frame_PassThrough begin
11-05 15:31:21.094 E/AllwinnerAlibs( 360): 2025-06-20-11-37 MafiaAc3spdif_write_header
11-05 15:31:21.094 E/AllwinnerAlibs( 360): 2025-06-20-11-37 MafiaAc3spdif_write_packet
11-05 15:31:21.094 E/AllwinnerAlibs( 360): 2025-06-20-11-37 spdif_header_ac3
11-05 15:31:21.094 E/AllwinnerAlibs( 360): 2025-06-20-11-37 bill set SYNCWORD MafiaAc3spdif_write_packet 365
11-05 15:31:21.094 E/AllwinnerAlibs( 360): 2025-06-20-11-37 MafiaAc3spdif_write_packet 393 re = 6144
11-05 15:31:21.094 E/ac3_decInternal( 360): 2025-06-20-11-37 EAC3frame_PassThrough end OutBuffLen 6144
11-05 15:31:21.095 E/ac3_decInternal( 360): 2025-06-20-11-37 EAC3frame_PassThrough begin
11-05 15:31:21.095 E/AllwinnerAlibs( 360): 2025-06-20-11-37 MafiaAc3spdif_write_header
11-05 15:31:21.095 E/AllwinnerAlibs( 360): 2025-06-20-11-37 MafiaAc3spdif_write_packet
11-05 15:31:21.095 E/AllwinnerAlibs( 360): 2025-06-20-11-37 spdif_header_ac3
11-05 15:31:21.095 E/AllwinnerAlibs( 360): 2025-06-20-11-37 bill set SYNCWORD MafiaAc3spdif_write_packet 365
11-05 15:31:21.095 E/AllwinnerAlibs( 360): 2025-06-20-11-37 MafiaAc3spdif_write_packet 393 re = 6144
11-05 15:31:21.095 E/ac3_decInternal( 360): 2025-06-20-11-37 EAC3frame_PassThrough end OutBuffLen 6144
11-05 15:31:21.095 E/ac3_decInternal( 360): 2025-06-20-11-37 EAC3frame_PassThrough begin
11-05 15:31:21.095 E/AllwinnerAlibs( 360): 2025-06-20-11-37 MafiaAc3spdif_write_header
11-05 15:31:21.095 E/AllwinnerAlibs( 360): 2025-06-20-11-37 MafiaAc3spdif_write_packet
11-05 15:31:21.095 E/AllwinnerAlibs( 360): 2025-06-20-11-37 spdif_header_ac3
11-05 15:31:21.095 E/AllwinnerAlibs( 360): 2025-06-20-11-37 bill set SYNCWORD MafiaAc3spdif_write_packet 365
11-05 15:31:21.095 E/AllwinnerAlibs( 360): 2025-06-20-11-37 MafiaAc3spdif_write_packet 393 re = 6144
11-05 15:31:21.095 E/ac3_decInternal( 360): 2025-06-20-11-37 EAC3frame_PassThrough end OutBuffLen 6144
11-05 15:31:21.114 I/SogouIME( 2402): onKeyUp: keyoCode=20
11-05 15:31:21.114 I/DefaultIMS( 2402): onKeyUp: keyoCode=20
11-05 15:31:21.178 E/ac3_decInternal( 360): 2025-06-20-11-37 EAC3frame_PassThrough begin
11-05 15:31:21.178 E/AllwinnerAlibs( 360): 2025-06-20-11-37 MafiaAc3spdif_write_header
11-05 15:31:21.178 E/AllwinnerAlibs( 360): 2025-06-20-11-37 MafiaAc3spdif_write_packet
11-05 15:31:21.179 E/AllwinnerAlibs( 360): 2025-06-20-11-37 spdif_header_ac3
11-05 15:31:21.179 E/AllwinnerAlibs( 360): 2025-06-20-11-37 bill set SYNCWORD MafiaAc3spdif_write_packet 365
11-05 15:31:21.179 E/AllwinnerAlibs( 360): 2025-06-20-11-37 MafiaAc3spdif_write_packet 393 re = 6144
11-05 15:31:21.179 E/ac3_decInternal( 360): 2025-06-20-11-37 EAC3frame_PassThrough end OutBuffLen 6144
11-05 15:31:21.180 E/ac3_decInternal( 360): 2025-06-20-11-37 EAC3frame_PassThrough begin
11-05 15:31:21.180 E/AllwinnerAlibs( 360): 2025-06-20-11-37 MafiaAc3spdif_write_header
11-05 15:31:21.180 E/AllwinnerAlibs( 360): 2025-06-20-11-37 MafiaAc3spdif_write_packet
11-05 15:31:21.180 E/AllwinnerAlibs( 360): 2025-06-20-11-37 spdif_header_ac3
11-05 15:31:21.180 E/AllwinnerAlibs( 360): 2025-06-20-11-37 bill set SYNCWORD MafiaAc3spdif_write_packet 365
11-05 15:31:21.180 E/AllwinnerAlibs( 360): 2025-06-20-11-37 MafiaAc3spdif_write_packet 393 re = 6144
11-05 15:31:21.180 E/ac3_decInternal( 360): 2025-06-20-11-37 EAC3frame_PassThrough end OutBuffLen 6144
11-05 15:31:21.181 E/ac3_decInternal( 360): 2025-06-20-11-37 EAC3frame_PassThrough begin
11-05 15:31:21.181 E/AllwinnerAlibs( 360): 2025-06-20-11-37 MafiaAc3spdif_write_header
11-05 15:31:21.181 E/AllwinnerAlibs( 360): 2025-06-20-11-37 MafiaAc3spdif_write_packet
11-05 15:31:21.181 E/AllwinnerAlibs( 360): 2025-06-20-11-37 spdif_header_ac3
11-05 15:31:21.181 E/AllwinnerAlibs( 360): 2025-06-20-11-37 bill set SYNCWORD MafiaAc3spdif_write_packet 365
11-05 15:31:21.181 E/AllwinnerAlibs( 360): 2025-06-20-11-37 MafiaAc3spdif_write_packet 393 re = 6144
11-05 15:31:21.181 E/ac3_decInternal( 360): 2025-06-20-11-37 EAC3frame_PassThrough end OutBuffLen 6144
11-05 15:31:21.264 E/ac3_decInternal( 360): 2025-06-20-11-37 EAC3frame_PassThrough begin
11-05 15:31:21.264 E/AllwinnerAlibs( 360): 2025-06-20-11-37 MafiaAc3spdif_write_header
11-05 15:31:21.264 E/AllwinnerAlibs( 360): 2025-06-20-11-37 MafiaAc3spdif_write_packet
11-05 15:31:21.264 E/AllwinnerAlibs( 360): 2025-06-20-11-37 spdif_header_ac3
11-05 15:31:21.264 E/AllwinnerAlibs( 360): 2025-06-20-11-37 bill set SYNCWORD MafiaAc3spdif_write_packet 365
11-05 15:31:21.264 E/AllwinnerAlibs( 360): 2025-06-20-11-37 MafiaAc3spdif_write_packet 393 re = 6144
11-05 15:31:21.264 E/ac3_decInternal( 360): 2025-06-20-11-37 EAC3frame_PassThrough end OutBuffLen 6144
11-05 15:31:21.264 E/ac3_decInternal( 360): 2025-06-20-11-37 EAC3frame_PassThrough begin
11-05 15:31:21.264 E/AllwinnerAlibs( 360): 2025-06-20-11-37 MafiaAc3spdif_write_header
11-05 15:31:21.264 E/AllwinnerAlibs( 360): 2025-06-20-11-37 MafiaAc3spdif_write_packet
11-05 15:31:21.264 E/AllwinnerAlibs( 360): 2025-06-20-11-37 spdif_header_ac3
11-05 15:31:21.264 E/AllwinnerAlibs( 360): 2025-06-20-11-37 bill set SYNCWORD MafiaAc3spdif_write_packet 365
11-05 15:31:21.264 E/AllwinnerAlibs( 360): 2025-06-20-11-37 MafiaAc3spdif_write_packet 393 re = 6144
11-05 15:31:21.264 E/ac3_decInternal( 360): 2025-06-20-11-37 EAC3frame_PassThrough end OutBuffLen 6144
11-05 15:31:21.265 E/ac3_decInternal( 360): 2025-06-20-11-37 EAC3frame_PassThrough begin
11-05 15:31:21.265 E/AllwinnerAlibs( 360): 2025-06-20-11-37 MafiaAc3spdif_write_header
11-05 15:31:21.265 E/AllwinnerAlibs( 360): 2025-06-20-11-37 MafiaAc3spdif_write_packet
11-05 15:31:21.265 E/AllwinnerAlibs( 360): 2025-06-20-11-37 spdif_header_ac3
11-05 15:31:21.265 E/AllwinnerAlibs( 360): 2025-06-20-11-37 bill set SYNCWORD MafiaAc3spdif_write_packet 365
11-05 15:31:21.265 E/AllwinnerAlibs( 360): 2025-06-20-11-37 MafiaAc3spdif_write_packet 393 re = 6144
11-05 15:31:21.265 E/ac3_decInternal( 360): 2025-06-20-11-37 EAC3frame_PassThrough end OutBuffLen 6144
11-05 15:31:21.266 W/cedarc ( 360): : request stream buffer fail, 1031632 bytes valid data in SBM[0], total buffer size is 1048576 bytes.
11-05 15:31:21.266 I/demuxComponent( 360): : waiting for video stream buffer.
11-05 15:31:21.352 E/ac3_decInternal( 360): 2025-06-20-11-37 EAC3frame_PassThrough begin
11-05 15:31:21.352 E/AllwinnerAlibs( 360): 2025-06-20-11-37 MafiaAc3spdif_write_header
11-05 15:31:21.352 E/AllwinnerAlibs( 360): 2025-06-20-11-37 MafiaAc3spdif_write_packet
11-05 15:31:21.352 E/AllwinnerAlibs( 360): 2025-06-20-11-37 spdif_header_ac3
11-05 15:31:21.352 E/AllwinnerAlibs( 360): 2025-06-20-11-37 bill set SYNCWORD MafiaAc3spdif_write_packet 365
11-05 15:31:21.352 E/AllwinnerAlibs( 360): 2025-06-20-11-37 MafiaAc3spdif_write_packet 393 re = 6144
11-05 15:31:21.352 E/ac3_decInternal( 360): 2025-06-20-11-37 EAC3frame_PassThrough end OutBuffLen 6144
11-05 15:31:21.354 E/ac3_decInternal( 360): 2025-06-20-11-37 EAC3frame_PassThrough begin
11-05 15:31:21.354 E/AllwinnerAlibs( 360): 2025-06-20-11-37 MafiaAc3spdif_write_header
11-05 15:31:21.354 E/AllwinnerAlibs( 360): 2025-06-20-11-37 MafiaAc3spdif_write_packet
11-05 15:31:21.354 E/AllwinnerAlibs( 360): 2025-06-20-11-37 spdif_header_ac3
11-05 15:31:21.354 E/AllwinnerAlibs( 360): 2025-06-20-11-37 bill set SYNCWORD MafiaAc3spdif_write_packet 365
11-05 15:31:21.354 E/AllwinnerAlibs( 360): 2025-06-20-11-37 MafiaAc3spdif_write_packet 393 re = 6144
11-05 15:31:21.354 E/ac3_decInternal( 360): 2025-06-20-11-37 EAC3frame_PassThrough end OutBuffLen 6144
11-05 15:31:21.435 E/ac3_decInternal( 360): 2025-06-20-11-37 EAC3frame_PassThrough begin
11-05 15:31:21.435 E/AllwinnerAlibs( 360): 2025-06-20-11-37 MafiaAc3spdif_write_header
11-05 15:31:21.435 E/AllwinnerAlibs( 360): 2025-06-20-11-37 MafiaAc3spdif_write_packet
11-05 15:31:21.435 E/AllwinnerAlibs( 360): 2025-06-20-11-37 spdif_header_ac3
11-05 15:31:21.435 E/AllwinnerAlibs( 360): 2025-06-20-11-37 bill set SYNCWORD MafiaAc3spdif_write_packet 365
11-05 15:31:21.435 E/AllwinnerAlibs( 360): 2025-06-20-11-37 MafiaAc3spdif_write_packet 393 re = 6144
11-05 15:31:21.435 E/ac3_decInternal( 360): 2025-06-20-11-37 EAC3frame_PassThrough end OutBuffLen 6144
11-05 15:31:21.435 E/ac3_decInternal( 360): 2025-06-20-11-37 EAC3frame_PassThrough begin
11-05 15:31:21.435 E/AllwinnerAlibs( 360): 2025-06-20-11-37 MafiaAc3spdif_write_header
11-05 15:31:21.435 E/AllwinnerAlibs( 360): 2025-06-20-11-37 MafiaAc3spdif_write_packet
11-05 15:31:21.435 E/AllwinnerAlibs( 360): 2025-06-20-11-37 spdif_header_ac3
11-05 15:31:21.435 E/AllwinnerAlibs( 360): 2025-06-20-11-37 bill set SYNCWORD MafiaAc3spdif_write_packet 365
11-05 15:31:21.435 E/AllwinnerAlibs( 360): 2025-06-20-11-37 MafiaAc3spdif_write_packet 393 re = 6144
11-05 15:31:21.435 E/ac3_decInternal( 360): 2025-06-20-11-37 EAC3frame_PassThrough end OutBuffLen 6144
11-05 15:31:21.436 E/ac3_decInternal( 360): 2025-06-20-11-37 EAC3frame_PassThrough begin
11-05 15:31:21.436 E/AllwinnerAlibs( 360): 2025-06-20-11-37 MafiaAc3spdif_write_header
11-05 15:31:21.438 E/AllwinnerAlibs( 360): 2025-06-20-11-37 MafiaAc3spdif_write_packet
11-05 15:31:21.438 E/AllwinnerAlibs( 360): 2025-06-20-11-37 spdif_header_ac3
11-05 15:31:21.438 E/AllwinnerAlibs( 360): 2025-06-20-11-37 bill set SYNCWORD MafiaAc3spdif_write_packet 365
11-05 15:31:21.438 E/AllwinnerAlibs( 360): 2025-06-20-11-37 MafiaAc3spdif_write_packet 393 re = 6144
11-05 15:31:21.438 E/ac3_decInternal( 360): 2025-06-20-11-37 EAC3frame_PassThrough end OutBuffLen 6144
11-05 15:31:21.521 E/ac3_decInternal( 360): 2025-06-20-11-37 EAC3frame_PassThrough begin
11-05 15:31:21.521 E/AllwinnerAlibs( 360): 2025-06-20-11-37 MafiaAc3spdif_write_header
11-05 15:31:21.521 E/AllwinnerAlibs( 360): 2025-06-20-11-37 MafiaAc3spdif_write_packet
11-05 15:31:21.521 E/AllwinnerAlibs( 360): 2025-06-20-11-37 spdif_header_ac3
11-05 15:31:21.521 E/AllwinnerAlibs( 360): 2025-06-20-11-37 bill set SYNCWORD MafiaAc3spdif_write_packet 365
11-05 15:31:21.521 E/AllwinnerAlibs( 360): 2025-06-20-11-37 MafiaAc3spdif_write_packet 393 re = 6144
11-05 15:31:21.521 E/ac3_decInternal( 360): 2025-06-20-11-37 EAC3frame_PassThrough end OutBuffLen 6144
11-05 15:31:21.522 E/ac3_decInternal( 360): 2025-06-20-11-37 EAC3frame_PassThrough begin
11-05 15:31:21.522 E/AllwinnerAlibs( 360): 2025-06-20-11-37 MafiaAc3spdif_write_header
11-05 15:31:21.522 E/AllwinnerAlibs( 360): 2025-06-20-11-37 MafiaAc3spdif_write_packet
11-05 15:31:21.522 E/AllwinnerAlibs( 360): 2025-06-20-11-37 spdif_header_ac3
11-05 15:31:21.522 E/AllwinnerAlibs( 360): 2025-06-20-11-37 bill set SYNCWORD MafiaAc3spdif_write_packet 365
11-05 15:31:21.522 E/AllwinnerAlibs( 360): 2025-06-20-11-37 MafiaAc3spdif_write_packet 393 re = 6144
11-05 15:31:21.522 E/ac3_decInternal( 360): 2025-06-20-11-37 EAC3frame_PassThrough end OutBuffLen 6144
11-05 15:31:21.605 E/ac3_decInternal( 360): 2025-06-20-11-37 EAC3frame_PassThrough begin
11-05 15:31:21.605 E/AllwinnerAlibs( 360): 2025-06-20-11-37 MafiaAc3spdif_write_header
11-05 15:31:21.605 E/AllwinnerAlibs( 360): 2025-06-20-11-37 MafiaAc3spdif_write_packet
11-05 15:31:21.605 E/AllwinnerAlibs( 360): 2025-06-20-11-37 spdif_header_ac3
11-05 15:31:21.605 E/AllwinnerAlibs( 360): 2025-06-20-11-37 bill set SYNCWORD MafiaAc3spdif_write_packet 365
11-05 15:31:21.605 E/AllwinnerAlibs( 360): 2025-06-20-11-37 MafiaAc3spdif_write_packet 393 re = 6144
11-05 15:31:21.605 E/ac3_decInternal( 360): 2025-06-20-11-37 EAC3frame_PassThrough end OutBuffLen 6144
11-05 15:31:21.605 E/ac3_decInternal( 360): 2025-06-20-11-37 EAC3frame_PassThrough begin
11-05 15:31:21.605 E/AllwinnerAlibs( 360): 2025-06-20-11-37 MafiaAc3spdif_write_header
11-05 15:31:21.605 E/AllwinnerAlibs( 360): 2025-06-20-11-37 MafiaAc3spdif_write_packet
11-05 15:31:21.605 E/AllwinnerAlibs( 360): 2025-06-20-11-37 spdif_header_ac3
11-05 15:31:21.605 E/AllwinnerAlibs( 360): 2025-06-20-11-37 bill set SYNCWORD MafiaAc3spdif_write_packet 365
11-05 15:31:21.605 E/AllwinnerAlibs( 360): 2025-06-20-11-37 MafiaAc3spdif_write_packet 393 re = 6144
11-05 15:31:21.605 E/ac3_decInternal( 360): 2025-06-20-11-37 EAC3frame_PassThrough end OutBuffLen 6144
11-05 15:31:21.606 E/ac3_decInternal( 360): 2025-06-20-11-37 EAC3frame_PassThrough begin
11-05 15:31:21.607 E/AllwinnerAlibs( 360): 2025-06-20-11-37 MafiaAc3spdif_write_header
11-05 15:31:21.607 E/AllwinnerAlibs( 360): 2025-06-20-11-37 MafiaAc3spdif_write_packet
11-05 15:31:21.607 E/AllwinnerAlibs( 360): 2025-06-20-11-37 spdif_header_ac3
11-05 15:31:21.607 E/AllwinnerAlibs( 360): 2025-06-20-11-37 bill set SYNCWORD MafiaAc3spdif_write_packet 365
11-05 15:31:21.607 E/AllwinnerAlibs( 360): 2025-06-20-11-37 MafiaAc3spdif_write_packet 393 re = 6144
11-05 15:31:21.607 E/ac3_decInternal( 360): 2025-06-20-11-37 EAC3frame_PassThrough end OutBuffLen 6144
11-05 15:31:21.687 D/TvWindowManager( 484): key event key = KEYCODE_DPAD_LEFT down = true
11-05 15:31:21.687 I/BLEAudioDrive_HV410( 247): data len: 9 1
11-05 15:31:21.689 D/GpioService( 484): mFlickerEnable = true
11-05 15:31:21.691 I/SogouIME( 2402): onKeyDown: keyoCode=21
11-05 15:31:21.691 I/DefaultIMS( 2402): onKeyDown: keyoCode=21
11-05 15:31:21.694 E/ac3_decInternal( 360): 2025-06-20-11-37 EAC3frame_PassThrough begin
11-05 15:31:21.694 E/AllwinnerAlibs( 360): 2025-06-20-11-37 MafiaAc3spdif_write_header
11-05 15:31:21.694 E/AllwinnerAlibs( 360): 2025-06-20-11-37 MafiaAc3spdif_write_packet
11-05 15:31:21.694 E/AllwinnerAlibs( 360): 2025-06-20-11-37 spdif_header_ac3
11-05 15:31:21.694 E/AllwinnerAlibs( 360): 2025-06-20-11-37 bill set SYNCWORD MafiaAc3spdif_write_packet 365
11-05 15:31:21.694 E/AllwinnerAlibs( 360): 2025-06-20-11-37 MafiaAc3spdif_write_packet 393 re = 6144
11-05 15:31:21.694 E/ac3_decInternal( 360): 2025-06-20-11-37 EAC3frame_PassThrough end OutBuffLen 6144
11-05 15:31:21.695 E/ac3_decInternal( 360): 2025-06-20-11-37 EAC3frame_PassThrough begin
11-05 15:31:21.695 E/AllwinnerAlibs( 360): 2025-06-20-11-37 MafiaAc3spdif_write_header
11-05 15:31:21.695 E/AllwinnerAlibs( 360): 2025-06-20-11-37 MafiaAc3spdif_write_packet
11-05 15:31:21.695 E/AllwinnerAlibs( 360): 2025-06-20-11-37 spdif_header_ac3
11-05 15:31:21.695 E/AllwinnerAlibs( 360): 2025-06-20-11-37 bill set SYNCWORD MafiaAc3spdif_write_packet 365
11-05 15:31:21.695 E/AllwinnerAlibs( 360): 2025-06-20-11-37 MafiaAc3spdif_write_packet 393 re = 6144
11-05 15:31:21.695 E/ac3_decInternal( 360): 2025-06-20-11-37 EAC3frame_PassThrough end OutBuffLen 6144
11-05 15:31:21.695 E/ac3_decInternal( 360): 2025-06-20-11-37 EAC3frame_PassThrough begin
11-05 15:31:21.695 E/AllwinnerAlibs( 360): 2025-06-20-11-37 MafiaAc3spdif_write_header
11-05 15:31:21.695 E/AllwinnerAlibs( 360): 2025-06-20-11-37 MafiaAc3spdif_write_packet
11-05 15:31:21.695 E/AllwinnerAlibs( 360): 2025-06-20-11-37 spdif_header_ac3
11-05 15:31:21.695 E/AllwinnerAlibs( 360): 2025-06-20-11-37 bill set SYNCWORD MafiaAc3spdif_write_packet 365
11-05 15:31:21.695 E/AllwinnerAlibs( 360): 2025-06-20-11-37 MafiaAc3spdif_write_packet 393 re = 6144
11-05 15:31:21.695 E/ac3_decInternal( 360): 2025-06-20-11-37 EAC3frame_PassThrough end OutBuffLen 6144
11-05 15:31:21.695 E/ac3_decInternal( 360): 2025-06-20-11-37 EAC3frame_PassThrough begin
11-05 15:31:21.695 E/AllwinnerAlibs( 360): 2025-06-20-11-37 MafiaAc3spdif_write_header
11-05 15:31:21.695 E/AllwinnerAlibs( 360): 2025-06-20-11-37 MafiaAc3spdif_write_packet
11-05 15:31:21.695 E/AllwinnerAlibs( 360): 2025-06-20-11-37 spdif_header_ac3
11-05 15:31:21.695 E/AllwinnerAlibs( 360): 2025-06-20-11-37 bill set SYNCWORD MafiaAc3spdif_write_packet 365
11-05 15:31:21.695 E/AllwinnerAlibs( 360): 2025-06-20-11-37 MafiaAc3spdif_write_packet 393 re = 6144
11-05 15:31:21.695 E/ac3_decInternal( 360): 2025-06-20-11-37 EAC3frame_PassThrough end OutBuffLen 6144
11-05 15:31:21.695 E/ac3_decInternal( 360): 2025-06-20-11-37 EAC3frame_PassThrough begin
11-05 15:31:21.695 E/AllwinnerAlibs( 360): 2025-06-20-11-37 MafiaAc3spdif_write_header
11-05 15:31:21.695 E/AllwinnerAlibs( 360): 2025-06-20-11-37 MafiaAc3spdif_write_packet
11-05 15:31:21.695 E/AllwinnerAlibs( 360): 2025-06-20-11-37 spdif_header_ac3
11-05 15:31:21.695 E/AllwinnerAlibs( 360): 2025-06-20-11-37 bill set SYNCWORD MafiaAc3spdif_write_packet 365
11-05 15:31:21.695 E/AllwinnerAlibs( 360): 2025-06-20-11-37 MafiaAc3spdif_write_packet 393 re = 6144
11-05 15:31:21.695 E/ac3_decInternal( 360): 2025-06-20-11-37 EAC3frame_PassThrough end OutBuffLen 6144
11-05 15:31:21.695 E/ac3_decInternal( 360): 2025-06-20-11-37 EAC3frame_PassThrough begin
11-05 15:31:21.695 E/AllwinnerAlibs( 360): 2025-06-20-11-37 MafiaAc3spdif_write_header
11-05 15:31:21.695 E/AllwinnerAlibs( 360): 2025-06-20-11-37 MafiaAc3spdif_write_packet
11-05 15:31:21.695 E/AllwinnerAlibs( 360): 2025-06-20-11-37 spdif_header_ac3
11-05 15:31:21.695 E/AllwinnerAlibs( 360): 2025-06-20-11-37 bill set SYNCWORD MafiaAc3spdif_write_packet 365
11-05 15:31:21.695 E/AllwinnerAlibs( 360): 2025-06-20-11-37 MafiaAc3spdif_write_packet 393 re = 6144
11-05 15:31:21.695 E/ac3_decInternal( 360): 2025-06-20-11-37 EAC3frame_PassThrough end OutBuffLen 6144
11-05 15:31:21.695 E/ac3_decInternal( 360): 2025-06-20-11-37 EAC3frame_PassThrough begin
11-05 15:31:21.696 E/AllwinnerAlibs( 360): 2025-06-20-11-37 MafiaAc3spdif_write_header
11-05 15:31:21.696 E/AllwinnerAlibs( 360): 2025-06-20-11-37 MafiaAc3spdif_write_packet
11-05 15:31:21.696 E/AllwinnerAlibs( 360): 2025-06-20-11-37 spdif_header_ac3
11-05 15:31:21.696 E/AllwinnerAlibs( 360): 2025-06-20-11-37 bill set SYNCWORD MafiaAc3spdif_write_packet 365
11-05 15:31:21.696 E/AllwinnerAlibs( 360): 2025-06-20-11-37 MafiaAc3spdif_write_packet 393 re = 6144
11-05 15:31:21.696 E/ac3_decInternal( 360): 2025-06-20-11-37 EAC3frame_PassThrough end OutBuffLen 6144
11-05 15:31:21.696 E/ac3_decInternal( 360): 2025-06-20-11-37 EAC3frame_PassThrough begin
11-05 15:31:21.696 E/AllwinnerAlibs( 360): 2025-06-20-11-37 MafiaAc3spdif_write_header
11-05 15:31:21.696 E/AllwinnerAlibs( 360): 2025-06-20-11-37 MafiaAc3spdif_write_packet
11-05 15:31:21.696 E/AllwinnerAlibs( 360): 2025-06-20-11-37 spdif_header_ac3
11-05 15:31:21.696 E/AllwinnerAlibs( 360): 2025-06-20-11-37 bill set SYNCWORD MafiaAc3spdif_write_packet 365
11-05 15:31:21.696 E/AllwinnerAlibs( 360): 2025-06-20-11-37 MafiaAc3spdif_write_packet 393 re = 6144
11-05 15:31:21.696 E/ac3_decInternal( 360): 2025-06-20-11-37 EAC3frame_PassThrough end OutBuffLen 6144
11-05 15:31:21.696 E/ac3_decInternal( 360): 2025-06-20-11-37 EAC3frame_PassThrough begin
11-05 15:31:21.696 E/AllwinnerAlibs( 360): 2025-06-20-11-37 MafiaAc3spdif_write_header
11-05 15:31:21.696 E/AllwinnerAlibs( 360): 2025-06-20-11-37 MafiaAc3spdif_write_packet
11-05 15:31:21.696 E/AllwinnerAlibs( 360): 2025-06-20-11-37 spdif_header_ac3
11-05 15:31:21.696 E/AllwinnerAlibs( 360): 2025-06-20-11-37 bill set SYNCWORD MafiaAc3spdif_write_packet 365
11-05 15:31:21.696 E/AllwinnerAlibs( 360): 2025-06-20-11-37 MafiaAc3spdif_write_packet 393 re = 6144
11-05 15:31:21.696 E/ac3_decInternal( 360): 2025-06-20-11-37 EAC3frame_PassThrough end OutBuffLen 6144
11-05 15:31:21.696 E/ac3_decInternal( 360): 2025-06-20-11-37 EAC3frame_PassThrough begin
11-05 15:31:21.696 E/AllwinnerAlibs( 360): 2025-06-20-11-37 MafiaAc3spdif_write_header
11-05 15:31:21.696 E/AllwinnerAlibs( 360): 2025-06-20-11-37 MafiaAc3spdif_write_packet
11-05 15:31:21.696 E/AllwinnerAlibs( 360): 2025-06-20-11-37 spdif_header_ac3
11-05 15:31:21.696 E/AllwinnerAlibs( 360): 2025-06-20-11-37 bill set SYNCWORD MafiaAc3spdif_write_packet 365
11-05 15:31:21.696 E/AllwinnerAlibs( 360): 2025-06-20-11-37 MafiaAc3spdif_write_packet 393 re = 6144
11-05 15:31:21.696 E/ac3_decInternal( 360): 2025-06-20-11-37 EAC3frame_PassThrough end OutBuffLen 6144
11-05 15:31:21.696 E/ac3_decInternal( 360): 2025-06-20-11-37 EAC3frame_PassThrough begin
11-05 15:31:21.696 E/AllwinnerAlibs( 360): 2025-06-20-11-37 MafiaAc3spdif_write_header
11-05 15:31:21.696 E/AllwinnerAlibs( 360): 2025-06-20-11-37 MafiaAc3spdif_write_packet
11-05 15:31:21.696 E/AllwinnerAlibs( 360): 2025-06-20-11-37 spdif_header_ac3
11-05 15:31:21.696 E/AllwinnerAlibs( 360): 2025-06-20-11-37 bill set SYNCWORD MafiaAc3spdif_write_packet 365
11-05 15:31:21.696 E/AllwinnerAlibs( 360): 2025-06-20-11-37 MafiaAc3spdif_write_packet 393 re = 6144
11-05 15:31:21.696 E/ac3_decInternal( 360): 2025-06-20-11-37 EAC3frame_PassThrough end OutBuffLen 6144
11-05 15:31:21.696 E/ac3_decInternal( 360): 2025-06-20-11-37 EAC3frame_PassThrough begin
11-05 15:31:21.696 E/AllwinnerAlibs( 360): 2025-06-20-11-37 MafiaAc3spdif_write_header
11-05 15:31:21.696 E/AllwinnerAlibs( 360): 2025-06-20-11-37 MafiaAc3spdif_write_packet
11-05 15:31:21.696 E/AllwinnerAlibs( 360): 2025-06-20-11-37 spdif_header_ac3
11-05 15:31:21.696 E/AllwinnerAlibs( 360): 2025-06-20-11-37 bill set SYNCWORD MafiaAc3spdif_write_packet 365
11-05 15:31:21.696 E/AllwinnerAlibs( 360): 2025-06-20-11-37 MafiaAc3spdif_write_packet 393 re = 6144
11-05 15:31:21.696 E/ac3_decInternal( 360): 2025-06-20-11-37 EAC3frame_PassThrough end OutBuffLen 6144
11-05 15:31:21.696 E/ac3_decInternal( 360): 2025-06-20-11-37 EAC3frame_PassThrough begin
11-05 15:31:21.696 E/AllwinnerAlibs( 360): 2025-06-20-11-37 MafiaAc3spdif_write_header
11-05 15:31:21.696 E/AllwinnerAlibs( 360): 2025-06-20-11-37 MafiaAc3spdif_write_packet
11-05 15:31:21.696 E/AllwinnerAlibs( 360): 2025-06-20-11-37 spdif_header_ac3
11-05 15:31:21.696 E/AllwinnerAlibs( 360): 2025-06-20-11-37 bill set SYNCWORD MafiaAc3spdif_write_packet 365
11-05 15:31:21.696 E/AllwinnerAlibs( 360): 2025-06-20-11-37 MafiaAc3spdif_write_packet 393 re = 6144
11-05 15:31:21.696 E/ac3_decInternal( 360): 2025-06-20-11-37 EAC3frame_PassThrough end OutBuffLen 6144
11-05 15:31:21.696 E/ac3_decInternal( 360): 2025-06-20-11-37 EAC3frame_PassThrough begin
11-05 15:31:21.696 E/AllwinnerAlibs( 360): 2025-06-20-11-37 MafiaAc3spdif_write_header
11-05 15:31:21.696 E/AllwinnerAlibs( 360): 2025-06-20-11-37 MafiaAc3spdif_write_packet
11-05 15:31:21.696 E/AllwinnerAlibs( 360): 2025-06-20-11-37 spdif_header_ac3
11-05 15:31:21.696 E/AllwinnerAlibs( 360): 2025-06-20-11-37 bill set SYNCWORD MafiaAc3spdif_write_packet 365
11-05 15:31:21.696 E/AllwinnerAlibs( 360): 2025-06-20-11-37 MafiaAc3spdif_write_packet 393 re = 6144
11-05 15:31:21.696 E/ac3_decInternal( 360): 2025-06-20-11-37 EAC3frame_PassThrough end OutBuffLen 6144
11-05 15:31:21.696 E/ac3_decInternal( 360): 2025-06-20-11-37 EAC3frame_PassThrough begin
11-05 15:31:21.696 E/AllwinnerAlibs( 360): 2025-06-20-11-37 MafiaAc3spdif_write_header
11-05 15:31:21.696 E/AllwinnerAlibs( 360): 2025-06-20-11-37 MafiaAc3spdif_write_packet
11-05 15:31:21.697 E/AllwinnerAlibs( 360): 2025-06-20-11-37 spdif_header_ac3
11-05 15:31:21.697 E/AllwinnerAlibs( 360): 2025-06-20-11-37 bill set SYNCWORD MafiaAc3spdif_write_packet 365
11-05 15:31:21.697 E/AllwinnerAlibs( 360): 2025-06-20-11-37 MafiaAc3spdif_write_packet 393 re = 6144
11-05 15:31:21.697 E/ac3_decInternal( 360): 2025-06-20-11-37 EAC3frame_PassThrough end OutBuffLen 6144
11-05 15:31:21.697 E/ac3_decInternal( 360): 2025-06-20-11-37 EAC3frame_PassThrough begin
11-05 15:31:21.697 E/AllwinnerAlibs( 360): 2025-06-20-11-37 MafiaAc3spdif_write_header
11-05 15:31:21.697 E/AllwinnerAlibs( 360): 2025-06-20-11-37 MafiaAc3spdif_write_packet
11-05 15:31:21.697 E/AllwinnerAlibs( 360): 2025-06-20-11-37 spdif_header_ac3
11-05 15:31:21.697 E/AllwinnerAlibs( 360): 2025-06-20-11-37 bill set SYNCWORD MafiaAc3spdif_write_packet 365
11-05 15:31:21.697 E/AllwinnerAlibs( 360): 2025-06-20-11-37 MafiaAc3spdif_write_packet 393 re = 6144
11-05 15:31:21.697 E/ac3_decInternal( 360): 2025-06-20-11-37 EAC3frame_PassThrough end OutBuffLen 6144
11-05 15:31:21.697 E/ac3_decInternal( 360): 2025-06-20-11-37 EAC3frame_PassThrough begin
11-05 15:31:21.697 E/AllwinnerAlibs( 360): 2025-06-20-11-37 MafiaAc3spdif_write_header
11-05 15:31:21.697 E/AllwinnerAlibs( 360): 2025-06-20-11-37 MafiaAc3spdif_write_packet
11-05 15:31:21.697 E/AllwinnerAlibs( 360): 2025-06-20-11-37 spdif_header_ac3
11-05 15:31:21.697 E/AllwinnerAlibs( 360): 2025-06-20-11-37 bill set SYNCWORD MafiaAc3spdif_write_packet 365
11-05 15:31:21.697 E/AllwinnerAlibs( 360): 2025-06-20-11-37 MafiaAc3spdif_write_packet 393 re = 6144
11-05 15:31:21.697 E/ac3_decInternal( 360): 2025-06-20-11-37 EAC3frame_PassThrough end OutBuffLen 6144
11-05 15:31:21.697 E/ac3_decInternal( 360): 2025-06-20-11-37 EAC3frame_PassThrough begin
11-05 15:31:21.697 E/AllwinnerAlibs( 360): 2025-06-20-11-37 MafiaAc3spdif_write_header
11-05 15:31:21.697 E/AllwinnerAlibs( 360): 2025-06-20-11-37 MafiaAc3spdif_write_packet
11-05 15:31:21.697 E/AllwinnerAlibs( 360): 2025-06-20-11-37 spdif_header_ac3
11-05 15:31:21.697 E/AllwinnerAlibs( 360): 2025-06-20-11-37 bill set SYNCWORD MafiaAc3spdif_write_packet 365
11-05 15:31:21.699 E/AllwinnerAlibs( 360): 2025-06-20-11-37 MafiaAc3spdif_write_packet 393 re = 6144
11-05 15:31:21.699 E/ac3_decInternal( 360): 2025-06-20-11-37 EAC3frame_PassThrough end OutBuffLen 6144
11-05 15:31:21.710 D/AudioMixer( 266): previous float ramp hasn't finished, prev:1.000000 set_to:0.000000
11-05 15:31:21.710 D/AudioMixer( 266): previous float ramp hasn't finished, prev:1.000000 set_to:0.000000
11-05 15:31:21.854 I/BLEAudioDrive_HV410( 247): data len: 9 1
11-05 15:31:21.854 I/BLEAudioDrive_HV410( 247): keyboard stop
11-05 15:31:21.855 D/TvWindowManager( 484): key event key = KEYCODE_DPAD_LEFT down = false
11-05 15:31:21.857 I/SogouIME( 2402): onKeyUp: keyoCode=21
11-05 15:31:21.857 I/DefaultIMS( 2402): onKeyUp: keyoCode=21
11-05 15:31:22.022 W/IorapForwardingService( 484): No service published for: iorapd
11-05 15:31:22.074 I/cedarc ( 360): : stream buffer 0 ring back.
11-05 15:31:22.204 E/ac3_decInternal( 360): 2025-06-20-11-37 EAC3frame_PassThrough begin
11-05 15:31:22.205 E/AllwinnerAlibs( 360): 2025-06-20-11-37 MafiaAc3spdif_write_header
11-05 15:31:22.205 E/AllwinnerAlibs( 360): 2025-06-20-11-37 MafiaAc3spdif_write_packet
11-05 15:31:22.205 E/AllwinnerAlibs( 360): 2025-06-20-11-37 spdif_header_ac3
11-05 15:31:22.205 E/AllwinnerAlibs( 360): 2025-06-20-11-37 bill set SYNCWORD MafiaAc3spdif_write_packet 365
11-05 15:31:22.205 E/AllwinnerAlibs( 360): 2025-06-20-11-37 MafiaAc3spdif_write_packet 393 re = 6144
11-05 15:31:22.205 E/ac3_decInternal( 360): 2025-06-20-11-37 EAC3frame_PassThrough end OutBuffLen 6144
11-05 15:31:22.288 E/ac3_decInternal( 360): 2025-06-20-11-37 EAC3frame_PassThrough begin
11-05 15:31:22.288 E/AllwinnerAlibs( 360): 2025-06-20-11-37 MafiaAc3spdif_write_header
11-05 15:31:22.288 E/AllwinnerAlibs( 360): 2025-06-20-11-37 MafiaAc3spdif_write_packet
11-05 15:31:22.288 E/AllwinnerAlibs( 360): 2025-06-20-11-37 spdif_header_ac3
11-05 15:31:22.289 E/AllwinnerAlibs( 360): 2025-06-20-11-37 bill set SYNCWORD MafiaAc3spdif_write_packet 365
11-05 15:31:22.289 E/AllwinnerAlibs( 360): 2025-06-20-11-37 MafiaAc3spdif_write_packet 393 re = 6144
11-05 15:31:22.289 E/ac3_decInternal( 360): 2025-06-20-11-37 EAC3frame_PassThrough end OutBuffLen 6144
11-05 15:31:22.291 E/ac3_decInternal( 360): 2025-06-20-11-37 EAC3frame_PassThrough begin
