11-05 15:31:39.408 E/ac3_decInternal( 360): 2025-06-20-11-37 EAC3frame_PassThrough begin
11-05 15:31:39.408 E/AllwinnerAlibs( 360): 2025-06-20-11-37 MafiaAc3spdif_write_header
11-05 15:31:39.408 E/AllwinnerAlibs( 360): 2025-06-20-11-37 MafiaAc3spdif_write_packet
11-05 15:31:39.408 E/AllwinnerAlibs( 360): 2025-06-20-11-37 spdif_header_ac3
11-05 15:31:39.408 E/AllwinnerAlibs( 360): 2025-06-20-11-37 bill set SYNCWORD MafiaAc3spdif_write_packet 365
11-05 15:31:39.408 E/AllwinnerAlibs( 360): 2025-06-20-11-37 MafiaAc3spdif_write_packet 393 re = 6144
11-05 15:31:39.408 E/ac3_decInternal( 360): 2025-06-20-11-37 EAC3frame_PassThrough end OutBuffLen 6144
11-05 15:31:39.409 E/ac3_decInternal( 360): 2025-06-20-11-37 EAC3frame_PassThrough begin
11-05 15:31:39.409 E/AllwinnerAlibs( 360): 2025-06-20-11-37 MafiaAc3spdif_write_header
11-05 15:31:39.409 E/AllwinnerAlibs( 360): 2025-06-20-11-37 MafiaAc3spdif_write_packet
11-05 15:31:39.409 E/AllwinnerAlibs( 360): 2025-06-20-11-37 spdif_header_ac3
11-05 15:31:39.409 E/AllwinnerAlibs( 360): 2025-06-20-11-37 bill set SYNCWORD MafiaAc3spdif_write_packet 365
11-05 15:31:39.409 E/AllwinnerAlibs( 360): 2025-06-20-11-37 MafiaAc3spdif_write_packet 393 re = 6144
11-05 15:31:39.409 E/ac3_decInternal( 360): 2025-06-20-11-37 EAC3frame_PassThrough end OutBuffLen 6144
11-05 15:31:39.456 W/nStackXCoAP( 3645): ParseDeviceJsonData:[149] :Can't find hicom version
11-05 15:31:39.457 D/nStackXCoAP( 3645): IsInSameNetwork:[276] :IsInSameNetwork exec
11-05 15:31:39.457 I/nStackXDFinder( 3645): GetLocalInterfaceDetail:[461] :GetLocalInterfaceDetail in
11-05 15:31:39.457 E/nStackXCoAP( 3645): IsInSameNetwork:[281] :IsInSameNetwork: not priority process
11-05 15:31:39.457 D/nStackXCoAP( 3645): ParseServiceDiscover:[330] :new device join
11-05 15:31:39.457 E/nStackXDFinder( 3645): GetLocalIp:[401] :GetLocalIp exec
11-05 15:31:39.476 D/bbb ( 1208): onStartCommand begin !!!!!!! data分区剩余 24877MB
11-05 15:31:39.478 D/aaa ( 1143): LedStatusService onStartCommand begin
11-05 15:31:39.482 D/aaa ( 1143): topPkg is -------------- :com.dangbei.lerad.videoposter
11-05 15:31:39.490 D/nStackXCoAP( 3645): CoapMessageHandler:[133] :2.01
11-05 15:31:39.495 E/ac3_decInternal( 360): 2025-06-20-11-37 EAC3frame_PassThrough begin
11-05 15:31:39.495 E/AllwinnerAlibs( 360): 2025-06-20-11-37 MafiaAc3spdif_write_header
11-05 15:31:39.495 E/AllwinnerAlibs( 360): 2025-06-20-11-37 MafiaAc3spdif_write_packet
11-05 15:31:39.495 E/AllwinnerAlibs( 360): 2025-06-20-11-37 spdif_header_ac3
11-05 15:31:39.495 E/AllwinnerAlibs( 360): 2025-06-20-11-37 bill set SYNCWORD MafiaAc3spdif_write_packet 365
11-05 15:31:39.495 E/AllwinnerAlibs( 360): 2025-06-20-11-37 MafiaAc3spdif_write_packet 393 re = 6144
11-05 15:31:39.495 E/ac3_decInternal( 360): 2025-06-20-11-37 EAC3frame_PassThrough end OutBuffLen 6144
11-05 15:31:39.496 E/ac3_decInternal( 360): 2025-06-20-11-37 EAC3frame_PassThrough begin
11-05 15:31:39.496 E/AllwinnerAlibs( 360): 2025-06-20-11-37 MafiaAc3spdif_write_header
11-05 15:31:39.496 E/AllwinnerAlibs( 360): 2025-06-20-11-37 MafiaAc3spdif_write_packet
11-05 15:31:39.496 E/AllwinnerAlibs( 360): 2025-06-20-11-37 spdif_header_ac3
11-05 15:31:39.496 E/AllwinnerAlibs( 360): 2025-06-20-11-37 bill set SYNCWORD MafiaAc3spdif_write_packet 365
11-05 15:31:39.496 E/AllwinnerAlibs( 360): 2025-06-20-11-37 MafiaAc3spdif_write_packet 393 re = 6144
11-05 15:31:39.496 E/ac3_decInternal( 360): 2025-06-20-11-37 EAC3frame_PassThrough end OutBuffLen 6144
11-05 15:31:39.579 E/ac3_decInternal( 360): 2025-06-20-11-37 EAC3frame_PassThrough begin
11-05 15:31:39.579 E/AllwinnerAlibs( 360): 2025-06-20-11-37 MafiaAc3spdif_write_header
11-05 15:31:39.579 E/AllwinnerAlibs( 360): 2025-06-20-11-37 MafiaAc3spdif_write_packet
11-05 15:31:39.579 E/AllwinnerAlibs( 360): 2025-06-20-11-37 spdif_header_ac3
11-05 15:31:39.579 E/AllwinnerAlibs( 360): 2025-06-20-11-37 bill set SYNCWORD MafiaAc3spdif_write_packet 365
11-05 15:31:39.579 E/AllwinnerAlibs( 360): 2025-06-20-11-37 MafiaAc3spdif_write_packet 393 re = 6144
11-05 15:31:39.579 E/ac3_decInternal( 360): 2025-06-20-11-37 EAC3frame_PassThrough end OutBuffLen 6144
11-05 15:31:39.579 E/ac3_decInternal( 360): 2025-06-20-11-37 EAC3frame_PassThrough begin
11-05 15:31:39.579 E/AllwinnerAlibs( 360): 2025-06-20-11-37 MafiaAc3spdif_write_header
11-05 15:31:39.579 E/AllwinnerAlibs( 360): 2025-06-20-11-37 MafiaAc3spdif_write_packet
11-05 15:31:39.579 E/AllwinnerAlibs( 360): 2025-06-20-11-37 spdif_header_ac3
11-05 15:31:39.579 E/AllwinnerAlibs( 360): 2025-06-20-11-37 bill set SYNCWORD MafiaAc3spdif_write_packet 365
11-05 15:31:39.579 E/AllwinnerAlibs( 360): 2025-06-20-11-37 MafiaAc3spdif_write_packet 393 re = 6144
11-05 15:31:39.579 E/ac3_decInternal( 360): 2025-06-20-11-37 EAC3frame_PassThrough end OutBuffLen 6144
11-05 15:31:39.580 E/ac3_decInternal( 360): 2025-06-20-11-37 EAC3frame_PassThrough begin
11-05 15:31:39.580 E/AllwinnerAlibs( 360): 2025-06-20-11-37 MafiaAc3spdif_write_header
11-05 15:31:39.580 E/AllwinnerAlibs( 360): 2025-06-20-11-37 MafiaAc3spdif_write_packet
11-05 15:31:39.580 E/AllwinnerAlibs( 360): 2025-06-20-11-37 spdif_header_ac3
11-05 15:31:39.580 E/AllwinnerAlibs( 360): 2025-06-20-11-37 bill set SYNCWORD MafiaAc3spdif_write_packet 365
11-05 15:31:39.580 E/AllwinnerAlibs( 360): 2025-06-20-11-37 MafiaAc3spdif_write_packet 393 re = 6144
11-05 15:31:39.580 E/ac3_decInternal( 360): 2025-06-20-11-37 EAC3frame_PassThrough end OutBuffLen 6144
11-05 15:31:39.581 E/ac3_decInternal( 360): 2025-06-20-11-37 EAC3frame_PassThrough begin
11-05 15:31:39.581 E/AllwinnerAlibs( 360): 2025-06-20-11-37 MafiaAc3spdif_write_header
11-05 15:31:39.581 E/AllwinnerAlibs( 360): 2025-06-20-11-37 MafiaAc3spdif_write_packet
11-05 15:31:39.581 E/AllwinnerAlibs( 360): 2025-06-20-11-37 spdif_header_ac3
11-05 15:31:39.581 E/AllwinnerAlibs( 360): 2025-06-20-11-37 bill set SYNCWORD MafiaAc3spdif_write_packet 365
11-05 15:31:39.581 E/AllwinnerAlibs( 360): 2025-06-20-11-37 MafiaAc3spdif_write_packet 393 re = 6144
11-05 15:31:39.581 E/ac3_decInternal( 360): 2025-06-20-11-37 EAC3frame_PassThrough end OutBuffLen 6144
11-05 15:31:39.593 W/nStackXCoAP( 3645): ParseDeviceJsonData:[149] :Can't find hicom version
11-05 15:31:39.593 D/nStackXCoAP( 3645): IsInSameNetwork:[276] :IsInSameNetwork exec
11-05 15:31:39.593 I/nStackXDFinder( 3645): GetLocalInterfaceDetail:[461] :GetLocalInterfaceDetail in
11-05 15:31:39.593 E/nStackXCoAP( 3645): IsInSameNetwork:[281] :IsInSameNetwork: not priority process
11-05 15:31:39.593 D/nStackXCoAP( 3645): ParseServiceDiscover:[330] :new device join
11-05 15:31:39.593 E/nStackXDFinder( 3645): GetLocalIp:[401] :GetLocalIp exec
11-05 15:31:39.616 D/nStackXCoAP( 3645): CoapMessageHandler:[133] :2.01
11-05 15:31:39.665 E/ac3_decInternal( 360): 2025-06-20-11-37 EAC3frame_PassThrough begin
11-05 15:31:39.665 E/AllwinnerAlibs( 360): 2025-06-20-11-37 MafiaAc3spdif_write_header
11-05 15:31:39.665 E/AllwinnerAlibs( 360): 2025-06-20-11-37 MafiaAc3spdif_write_packet
11-05 15:31:39.665 E/AllwinnerAlibs( 360): 2025-06-20-11-37 spdif_header_ac3
11-05 15:31:39.665 E/AllwinnerAlibs( 360): 2025-06-20-11-37 bill set SYNCWORD MafiaAc3spdif_write_packet 365
11-05 15:31:39.665 E/AllwinnerAlibs( 360): 2025-06-20-11-37 MafiaAc3spdif_write_packet 393 re = 6144
11-05 15:31:39.665 E/ac3_decInternal( 360): 2025-06-20-11-37 EAC3frame_PassThrough end OutBuffLen 6144
11-05 15:31:39.666 E/ac3_decInternal( 360): 2025-06-20-11-37 EAC3frame_PassThrough begin
11-05 15:31:39.666 E/AllwinnerAlibs( 360): 2025-06-20-11-37 MafiaAc3spdif_write_header
11-05 15:31:39.666 E/AllwinnerAlibs( 360): 2025-06-20-11-37 MafiaAc3spdif_write_packet
11-05 15:31:39.666 E/AllwinnerAlibs( 360): 2025-06-20-11-37 spdif_header_ac3
11-05 15:31:39.666 E/AllwinnerAlibs( 360): 2025-06-20-11-37 bill set SYNCWORD MafiaAc3spdif_write_packet 365
11-05 15:31:39.666 E/AllwinnerAlibs( 360): 2025-06-20-11-37 MafiaAc3spdif_write_packet 393 re = 6144
11-05 15:31:39.666 E/ac3_decInternal( 360): 2025-06-20-11-37 EAC3frame_PassThrough end OutBuffLen 6144
11-05 15:31:39.666 E/ac3_decInternal( 360): 2025-06-20-11-37 EAC3frame_PassThrough begin
11-05 15:31:39.666 E/AllwinnerAlibs( 360): 2025-06-20-11-37 MafiaAc3spdif_write_header
11-05 15:31:39.666 E/AllwinnerAlibs( 360): 2025-06-20-11-37 MafiaAc3spdif_write_packet
11-05 15:31:39.666 E/AllwinnerAlibs( 360): 2025-06-20-11-37 spdif_header_ac3
11-05 15:31:39.666 E/AllwinnerAlibs( 360): 2025-06-20-11-37 bill set SYNCWORD MafiaAc3spdif_write_packet 365
11-05 15:31:39.666 E/AllwinnerAlibs( 360): 2025-06-20-11-37 MafiaAc3spdif_write_packet 393 re = 6144
11-05 15:31:39.666 E/ac3_decInternal( 360): 2025-06-20-11-37 EAC3frame_PassThrough end OutBuffLen 6144
11-05 15:31:39.750 E/ac3_decInternal( 360): 2025-06-20-11-37 EAC3frame_PassThrough begin
11-05 15:31:39.751 E/AllwinnerAlibs( 360): 2025-06-20-11-37 MafiaAc3spdif_write_header
11-05 15:31:39.751 E/AllwinnerAlibs( 360): 2025-06-20-11-37 MafiaAc3spdif_write_packet
11-05 15:31:39.751 E/AllwinnerAlibs( 360): 2025-06-20-11-37 spdif_header_ac3
11-05 15:31:39.751 E/AllwinnerAlibs( 360): 2025-06-20-11-37 bill set SYNCWORD MafiaAc3spdif_write_packet 365
11-05 15:31:39.751 E/AllwinnerAlibs( 360): 2025-06-20-11-37 MafiaAc3spdif_write_packet 393 re = 6144
11-05 15:31:39.751 E/ac3_decInternal( 360): 2025-06-20-11-37 EAC3frame_PassThrough end OutBuffLen 6144
11-05 15:31:39.751 E/ac3_decInternal( 360): 2025-06-20-11-37 EAC3frame_PassThrough begin
11-05 15:31:39.751 E/AllwinnerAlibs( 360): 2025-06-20-11-37 MafiaAc3spdif_write_header
11-05 15:31:39.751 E/AllwinnerAlibs( 360): 2025-06-20-11-37 MafiaAc3spdif_write_packet
11-05 15:31:39.751 E/AllwinnerAlibs( 360): 2025-06-20-11-37 spdif_header_ac3
11-05 15:31:39.752 E/AllwinnerAlibs( 360): 2025-06-20-11-37 bill set SYNCWORD MafiaAc3spdif_write_packet 365
11-05 15:31:39.752 E/AllwinnerAlibs( 360): 2025-06-20-11-37 MafiaAc3spdif_write_packet 393 re = 6144
11-05 15:31:39.752 E/ac3_decInternal( 360): 2025-06-20-11-37 EAC3frame_PassThrough end OutBuffLen 6144
11-05 15:31:39.837 E/ac3_decInternal( 360): 2025-06-20-11-37 EAC3frame_PassThrough begin
11-05 15:31:39.837 E/AllwinnerAlibs( 360): 2025-06-20-11-37 MafiaAc3spdif_write_header
11-05 15:31:39.837 E/AllwinnerAlibs( 360): 2025-06-20-11-37 MafiaAc3spdif_write_packet
11-05 15:31:39.837 E/AllwinnerAlibs( 360): 2025-06-20-11-37 spdif_header_ac3
11-05 15:31:39.837 E/AllwinnerAlibs( 360): 2025-06-20-11-37 bill set SYNCWORD MafiaAc3spdif_write_packet 365
11-05 15:31:39.837 E/AllwinnerAlibs( 360): 2025-06-20-11-37 MafiaAc3spdif_write_packet 393 re = 6144
11-05 15:31:39.837 E/ac3_decInternal( 360): 2025-06-20-11-37 EAC3frame_PassThrough end OutBuffLen 6144
11-05 15:31:39.839 E/ac3_decInternal( 360): 2025-06-20-11-37 EAC3frame_PassThrough begin
11-05 15:31:39.839 E/AllwinnerAlibs( 360): 2025-06-20-11-37 MafiaAc3spdif_write_header
11-05 15:31:39.839 E/AllwinnerAlibs( 360): 2025-06-20-11-37 MafiaAc3spdif_write_packet
11-05 15:31:39.839 E/AllwinnerAlibs( 360): 2025-06-20-11-37 spdif_header_ac3
11-05 15:31:39.839 E/AllwinnerAlibs( 360): 2025-06-20-11-37 bill set SYNCWORD MafiaAc3spdif_write_packet 365
11-05 15:31:39.839 E/AllwinnerAlibs( 360): 2025-06-20-11-37 MafiaAc3spdif_write_packet 393 re = 6144
11-05 15:31:39.839 E/ac3_decInternal( 360): 2025-06-20-11-37 EAC3frame_PassThrough end OutBuffLen 6144
11-05 15:31:39.840 E/ac3_decInternal( 360): 2025-06-20-11-37 EAC3frame_PassThrough begin
11-05 15:31:39.840 E/AllwinnerAlibs( 360): 2025-06-20-11-37 MafiaAc3spdif_write_header
11-05 15:31:39.840 E/AllwinnerAlibs( 360): 2025-06-20-11-37 MafiaAc3spdif_write_packet
11-05 15:31:39.840 E/AllwinnerAlibs( 360): 2025-06-20-11-37 spdif_header_ac3
11-05 15:31:39.840 E/AllwinnerAlibs( 360): 2025-06-20-11-37 bill set SYNCWORD MafiaAc3spdif_write_packet 365
11-05 15:31:39.840 E/AllwinnerAlibs( 360): 2025-06-20-11-37 MafiaAc3spdif_write_packet 393 re = 6144
11-05 15:31:39.840 E/ac3_decInternal( 360): 2025-06-20-11-37 EAC3frame_PassThrough end OutBuffLen 6144
11-05 15:31:39.920 E/ac3_decInternal( 360): 2025-06-20-11-37 EAC3frame_PassThrough begin
11-05 15:31:39.921 E/AllwinnerAlibs( 360): 2025-06-20-11-37 MafiaAc3spdif_write_header
11-05 15:31:39.921 E/AllwinnerAlibs( 360): 2025-06-20-11-37 MafiaAc3spdif_write_packet
11-05 15:31:39.921 E/AllwinnerAlibs( 360): 2025-06-20-11-37 spdif_header_ac3
11-05 15:31:39.921 E/AllwinnerAlibs( 360): 2025-06-20-11-37 bill set SYNCWORD MafiaAc3spdif_write_packet 365
11-05 15:31:39.921 E/AllwinnerAlibs( 360): 2025-06-20-11-37 MafiaAc3spdif_write_packet 393 re = 6144
11-05 15:31:39.921 E/ac3_decInternal( 360): 2025-06-20-11-37 EAC3frame_PassThrough end OutBuffLen 6144
11-05 15:31:39.922 E/ac3_decInternal( 360): 2025-06-20-11-37 EAC3frame_PassThrough begin
11-05 15:31:39.922 E/AllwinnerAlibs( 360): 2025-06-20-11-37 MafiaAc3spdif_write_header
11-05 15:31:39.922 E/AllwinnerAlibs( 360): 2025-06-20-11-37 MafiaAc3spdif_write_packet
11-05 15:31:39.922 E/AllwinnerAlibs( 360): 2025-06-20-11-37 spdif_header_ac3
11-05 15:31:39.922 E/AllwinnerAlibs( 360): 2025-06-20-11-37 bill set SYNCWORD MafiaAc3spdif_write_packet 365
11-05 15:31:39.922 E/AllwinnerAlibs( 360): 2025-06-20-11-37 MafiaAc3spdif_write_packet 393 re = 6144
11-05 15:31:39.922 E/ac3_decInternal( 360): 2025-06-20-11-37 EAC3frame_PassThrough end OutBuffLen 6144
11-05 15:31:40.005 E/ac3_decInternal( 360): 2025-06-20-11-37 EAC3frame_PassThrough begin
11-05 15:31:40.005 E/AllwinnerAlibs( 360): 2025-06-20-11-37 MafiaAc3spdif_write_header
11-05 15:31:40.005 E/AllwinnerAlibs( 360): 2025-06-20-11-37 MafiaAc3spdif_write_packet
11-05 15:31:40.005 E/AllwinnerAlibs( 360): 2025-06-20-11-37 spdif_header_ac3
11-05 15:31:40.005 E/AllwinnerAlibs( 360): 2025-06-20-11-37 bill set SYNCWORD MafiaAc3spdif_write_packet 365
11-05 15:31:40.005 E/AllwinnerAlibs( 360): 2025-06-20-11-37 MafiaAc3spdif_write_packet 393 re = 6144
11-05 15:31:40.005 E/ac3_decInternal( 360): 2025-06-20-11-37 EAC3frame_PassThrough end OutBuffLen 6144
11-05 15:31:40.006 E/ac3_decInternal( 360): 2025-06-20-11-37 EAC3frame_PassThrough begin
11-05 15:31:40.006 E/AllwinnerAlibs( 360): 2025-06-20-11-37 MafiaAc3spdif_write_header
11-05 15:31:40.006 E/AllwinnerAlibs( 360): 2025-06-20-11-37 MafiaAc3spdif_write_packet
11-05 15:31:40.006 E/AllwinnerAlibs( 360): 2025-06-20-11-37 spdif_header_ac3
11-05 15:31:40.006 E/AllwinnerAlibs( 360): 2025-06-20-11-37 bill set SYNCWORD MafiaAc3spdif_write_packet 365
11-05 15:31:40.006 E/AllwinnerAlibs( 360): 2025-06-20-11-37 MafiaAc3spdif_write_packet 393 re = 6144
11-05 15:31:40.006 E/ac3_decInternal( 360): 2025-06-20-11-37 EAC3frame_PassThrough end OutBuffLen 6144
11-05 15:31:40.006 E/ac3_decInternal( 360): 2025-06-20-11-37 EAC3frame_PassThrough begin
11-05 15:31:40.006 E/AllwinnerAlibs( 360): 2025-06-20-11-37 MafiaAc3spdif_write_header
11-05 15:31:40.006 E/AllwinnerAlibs( 360): 2025-06-20-11-37 MafiaAc3spdif_write_packet
11-05 15:31:40.006 E/AllwinnerAlibs( 360): 2025-06-20-11-37 spdif_header_ac3
11-05 15:31:40.007 E/AllwinnerAlibs( 360): 2025-06-20-11-37 bill set SYNCWORD MafiaAc3spdif_write_packet 365
11-05 15:31:40.007 E/AllwinnerAlibs( 360): 2025-06-20-11-37 MafiaAc3spdif_write_packet 393 re = 6144
11-05 15:31:40.007 E/ac3_decInternal( 360): 2025-06-20-11-37 EAC3frame_PassThrough end OutBuffLen 6144
11-05 15:31:40.065 W/IorapForwardingService( 484): No service published for: iorapd
11-05 15:31:40.090 E/ac3_decInternal( 360): 2025-06-20-11-37 EAC3frame_PassThrough begin
11-05 15:31:40.090 E/AllwinnerAlibs( 360): 2025-06-20-11-37 MafiaAc3spdif_write_header
11-05 15:31:40.090 E/AllwinnerAlibs( 360): 2025-06-20-11-37 MafiaAc3spdif_write_packet
11-05 15:31:40.090 E/AllwinnerAlibs( 360): 2025-06-20-11-37 spdif_header_ac3
11-05 15:31:40.090 E/AllwinnerAlibs( 360): 2025-06-20-11-37 bill set SYNCWORD MafiaAc3spdif_write_packet 365
11-05 15:31:40.090 E/AllwinnerAlibs( 360): 2025-06-20-11-37 MafiaAc3spdif_write_packet 393 re = 6144
11-05 15:31:40.090 E/ac3_decInternal( 360): 2025-06-20-11-37 EAC3frame_PassThrough end OutBuffLen 6144
11-05 15:31:40.091 E/ac3_decInternal( 360): 2025-06-20-11-37 EAC3frame_PassThrough begin
11-05 15:31:40.092 E/AllwinnerAlibs( 360): 2025-06-20-11-37 MafiaAc3spdif_write_header
11-05 15:31:40.092 E/AllwinnerAlibs( 360): 2025-06-20-11-37 MafiaAc3spdif_write_packet
11-05 15:31:40.092 E/AllwinnerAlibs( 360): 2025-06-20-11-37 spdif_header_ac3
11-05 15:31:40.092 E/AllwinnerAlibs( 360): 2025-06-20-11-37 bill set SYNCWORD MafiaAc3spdif_write_packet 365
11-05 15:31:40.092 E/AllwinnerAlibs( 360): 2025-06-20-11-37 MafiaAc3spdif_write_packet 393 re = 6144
11-05 15:31:40.092 E/ac3_decInternal( 360): 2025-06-20-11-37 EAC3frame_PassThrough end OutBuffLen 6144
11-05 15:31:40.176 E/ac3_decInternal( 360): 2025-06-20-11-37 EAC3frame_PassThrough begin
11-05 15:31:40.176 E/AllwinnerAlibs( 360): 2025-06-20-11-37 MafiaAc3spdif_write_header
11-05 15:31:40.176 E/AllwinnerAlibs( 360): 2025-06-20-11-37 MafiaAc3spdif_write_packet
11-05 15:31:40.176 E/AllwinnerAlibs( 360): 2025-06-20-11-37 spdif_header_ac3
11-05 15:31:40.176 E/AllwinnerAlibs( 360): 2025-06-20-11-37 bill set SYNCWORD MafiaAc3spdif_write_packet 365
11-05 15:31:40.176 E/AllwinnerAlibs( 360): 2025-06-20-11-37 MafiaAc3spdif_write_packet 393 re = 6144
11-05 15:31:40.176 E/ac3_decInternal( 360): 2025-06-20-11-37 EAC3frame_PassThrough end OutBuffLen 6144
11-05 15:31:40.177 E/ac3_decInternal( 360): 2025-06-20-11-37 EAC3frame_PassThrough begin
11-05 15:31:40.177 E/AllwinnerAlibs( 360): 2025-06-20-11-37 MafiaAc3spdif_write_header
11-05 15:31:40.177 E/AllwinnerAlibs( 360): 2025-06-20-11-37 MafiaAc3spdif_write_packet
11-05 15:31:40.177 E/AllwinnerAlibs( 360): 2025-06-20-11-37 spdif_header_ac3
11-05 15:31:40.177 E/AllwinnerAlibs( 360): 2025-06-20-11-37 bill set SYNCWORD MafiaAc3spdif_write_packet 365
11-05 15:31:40.177 E/AllwinnerAlibs( 360): 2025-06-20-11-37 MafiaAc3spdif_write_packet 393 re = 6144
11-05 15:31:40.177 E/ac3_decInternal( 360): 2025-06-20-11-37 EAC3frame_PassThrough end OutBuffLen 6144
11-05 15:31:40.177 E/ac3_decInternal( 360): 2025-06-20-11-37 EAC3frame_PassThrough begin
11-05 15:31:40.177 E/AllwinnerAlibs( 360): 2025-06-20-11-37 MafiaAc3spdif_write_header
11-05 15:31:40.177 E/AllwinnerAlibs( 360): 2025-06-20-11-37 MafiaAc3spdif_write_packet
11-05 15:31:40.177 E/AllwinnerAlibs( 360): 2025-06-20-11-37 spdif_header_ac3
11-05 15:31:40.177 E/AllwinnerAlibs( 360): 2025-06-20-11-37 bill set SYNCWORD MafiaAc3spdif_write_packet 365
11-05 15:31:40.177 E/AllwinnerAlibs( 360): 2025-06-20-11-37 MafiaAc3spdif_write_packet 393 re = 6144
11-05 15:31:40.177 E/ac3_decInternal( 360): 2025-06-20-11-37 EAC3frame_PassThrough end OutBuffLen 6144
11-05 15:31:40.261 E/ac3_decInternal( 360): 2025-06-20-11-37 EAC3frame_PassThrough begin
11-05 15:31:40.261 E/AllwinnerAlibs( 360): 2025-06-20-11-37 MafiaAc3spdif_write_header
11-05 15:31:40.261 E/AllwinnerAlibs( 360): 2025-06-20-11-37 MafiaAc3spdif_write_packet
11-05 15:31:40.261 E/AllwinnerAlibs( 360): 2025-06-20-11-37 spdif_header_ac3
11-05 15:31:40.261 E/AllwinnerAlibs( 360): 2025-06-20-11-37 bill set SYNCWORD MafiaAc3spdif_write_packet 365
11-05 15:31:40.261 E/AllwinnerAlibs( 360): 2025-06-20-11-37 MafiaAc3spdif_write_packet 393 re = 6144
11-05 15:31:40.261 E/ac3_decInternal( 360): 2025-06-20-11-37 EAC3frame_PassThrough end OutBuffLen 6144
11-05 15:31:40.262 E/ac3_decInternal( 360): 2025-06-20-11-37 EAC3frame_PassThrough begin
11-05 15:31:40.262 E/AllwinnerAlibs( 360): 2025-06-20-11-37 MafiaAc3spdif_write_header
11-05 15:31:40.262 E/AllwinnerAlibs( 360): 2025-06-20-11-37 MafiaAc3spdif_write_packet
11-05 15:31:40.262 E/AllwinnerAlibs( 360): 2025-06-20-11-37 spdif_header_ac3
11-05 15:31:40.262 E/AllwinnerAlibs( 360): 2025-06-20-11-37 bill set SYNCWORD MafiaAc3spdif_write_packet 365
11-05 15:31:40.262 E/AllwinnerAlibs( 360): 2025-06-20-11-37 MafiaAc3spdif_write_packet 393 re = 6144
11-05 15:31:40.262 E/ac3_decInternal( 360): 2025-06-20-11-37 EAC3frame_PassThrough end OutBuffLen 6144
11-05 15:31:40.263 E/ac3_decInternal( 360): 2025-06-20-11-37 EAC3frame_PassThrough begin
11-05 15:31:40.263 E/AllwinnerAlibs( 360): 2025-06-20-11-37 MafiaAc3spdif_write_header
11-05 15:31:40.263 E/AllwinnerAlibs( 360): 2025-06-20-11-37 MafiaAc3spdif_write_packet
11-05 15:31:40.263 E/AllwinnerAlibs( 360): 2025-06-20-11-37 spdif_header_ac3
11-05 15:31:40.263 E/AllwinnerAlibs( 360): 2025-06-20-11-37 bill set SYNCWORD MafiaAc3spdif_write_packet 365
11-05 15:31:40.263 E/AllwinnerAlibs( 360): 2025-06-20-11-37 MafiaAc3spdif_write_packet 393 re = 6144
11-05 15:31:40.263 E/ac3_decInternal( 360): 2025-06-20-11-37 EAC3frame_PassThrough end OutBuffLen 6144
11-05 15:31:40.346 E/ac3_decInternal( 360): 2025-06-20-11-37 EAC3frame_PassThrough begin
11-05 15:31:40.346 E/AllwinnerAlibs( 360): 2025-06-20-11-37 MafiaAc3spdif_write_header
11-05 15:31:40.346 E/AllwinnerAlibs( 360): 2025-06-20-11-37 MafiaAc3spdif_write_packet
11-05 15:31:40.346 E/AllwinnerAlibs( 360): 2025-06-20-11-37 spdif_header_ac3
11-05 15:31:40.346 E/AllwinnerAlibs( 360): 2025-06-20-11-37 bill set SYNCWORD MafiaAc3spdif_write_packet 365
11-05 15:31:40.346 E/AllwinnerAlibs( 360): 2025-06-20-11-37 MafiaAc3spdif_write_packet 393 re = 6144
11-05 15:31:40.346 E/ac3_decInternal( 360): 2025-06-20-11-37 EAC3frame_PassThrough end OutBuffLen 6144
11-05 15:31:40.347 E/ac3_decInternal( 360): 2025-06-20-11-37 EAC3frame_PassThrough begin
11-05 15:31:40.347 E/AllwinnerAlibs( 360): 2025-06-20-11-37 MafiaAc3spdif_write_header
11-05 15:31:40.347 E/AllwinnerAlibs( 360): 2025-06-20-11-37 MafiaAc3spdif_write_packet
11-05 15:31:40.347 E/AllwinnerAlibs( 360): 2025-06-20-11-37 spdif_header_ac3
11-05 15:31:40.347 E/AllwinnerAlibs( 360): 2025-06-20-11-37 bill set SYNCWORD MafiaAc3spdif_write_packet 365
11-05 15:31:40.347 E/AllwinnerAlibs( 360): 2025-06-20-11-37 MafiaAc3spdif_write_packet 393 re = 6144
11-05 15:31:40.347 E/ac3_decInternal( 360): 2025-06-20-11-37 EAC3frame_PassThrough end OutBuffLen 6144
11-05 15:31:40.347 E/ac3_decInternal( 360): 2025-06-20-11-37 EAC3frame_PassThrough begin
11-05 15:31:40.347 E/AllwinnerAlibs( 360): 2025-06-20-11-37 MafiaAc3spdif_write_header
11-05 15:31:40.348 E/AllwinnerAlibs( 360): 2025-06-20-11-37 MafiaAc3spdif_write_packet
11-05 15:31:40.348 E/AllwinnerAlibs( 360): 2025-06-20-11-37 spdif_header_ac3
11-05 15:31:40.348 E/AllwinnerAlibs( 360): 2025-06-20-11-37 bill set SYNCWORD MafiaAc3spdif_write_packet 365
11-05 15:31:40.348 E/AllwinnerAlibs( 360): 2025-06-20-11-37 MafiaAc3spdif_write_packet 393 re = 6144
11-05 15:31:40.348 E/ac3_decInternal( 360): 2025-06-20-11-37 EAC3frame_PassThrough end OutBuffLen 6144
11-05 15:31:40.432 E/ac3_decInternal( 360): 2025-06-20-11-37 EAC3frame_PassThrough begin
11-05 15:31:40.432 E/AllwinnerAlibs( 360): 2025-06-20-11-37 MafiaAc3spdif_write_header
11-05 15:31:40.432 E/AllwinnerAlibs( 360): 2025-06-20-11-37 MafiaAc3spdif_write_packet
11-05 15:31:40.432 E/AllwinnerAlibs( 360): 2025-06-20-11-37 spdif_header_ac3
11-05 15:31:40.432 E/AllwinnerAlibs( 360): 2025-06-20-11-37 bill set SYNCWORD MafiaAc3spdif_write_packet 365
11-05 15:31:40.432 E/AllwinnerAlibs( 360): 2025-06-20-11-37 MafiaAc3spdif_write_packet 393 re = 6144
11-05 15:31:40.432 E/ac3_decInternal( 360): 2025-06-20-11-37 EAC3frame_PassThrough end OutBuffLen 6144
11-05 15:31:40.433 E/ac3_decInternal( 360): 2025-06-20-11-37 EAC3frame_PassThrough begin
11-05 15:31:40.433 E/AllwinnerAlibs( 360): 2025-06-20-11-37 MafiaAc3spdif_write_header
11-05 15:31:40.433 E/AllwinnerAlibs( 360): 2025-06-20-11-37 MafiaAc3spdif_write_packet
11-05 15:31:40.433 E/AllwinnerAlibs( 360): 2025-06-20-11-37 spdif_header_ac3
11-05 15:31:40.433 E/AllwinnerAlibs( 360): 2025-06-20-11-37 bill set SYNCWORD MafiaAc3spdif_write_packet 365
11-05 15:31:40.433 E/AllwinnerAlibs( 360): 2025-06-20-11-37 MafiaAc3spdif_write_packet 393 re = 6144
11-05 15:31:40.433 E/ac3_decInternal( 360): 2025-06-20-11-37 EAC3frame_PassThrough end OutBuffLen 6144
11-05 15:31:40.517 E/ac3_decInternal( 360): 2025-06-20-11-37 EAC3frame_PassThrough begin
11-05 15:31:40.517 E/AllwinnerAlibs( 360): 2025-06-20-11-37 MafiaAc3spdif_write_header
11-05 15:31:40.517 E/AllwinnerAlibs( 360): 2025-06-20-11-37 MafiaAc3spdif_write_packet
11-05 15:31:40.517 E/AllwinnerAlibs( 360): 2025-06-20-11-37 spdif_header_ac3
11-05 15:31:40.518 E/AllwinnerAlibs( 360): 2025-06-20-11-37 bill set SYNCWORD MafiaAc3spdif_write_packet 365
11-05 15:31:40.518 E/AllwinnerAlibs( 360): 2025-06-20-11-37 MafiaAc3spdif_write_packet 393 re = 6144
11-05 15:31:40.518 E/ac3_decInternal( 360): 2025-06-20-11-37 EAC3frame_PassThrough end OutBuffLen 6144
11-05 15:31:40.518 E/ac3_decInternal( 360): 2025-06-20-11-37 EAC3frame_PassThrough begin
11-05 15:31:40.518 E/AllwinnerAlibs( 360): 2025-06-20-11-37 MafiaAc3spdif_write_header
11-05 15:31:40.518 E/AllwinnerAlibs( 360): 2025-06-20-11-37 MafiaAc3spdif_write_packet
11-05 15:31:40.518 E/AllwinnerAlibs( 360): 2025-06-20-11-37 spdif_header_ac3
11-05 15:31:40.518 E/AllwinnerAlibs( 360): 2025-06-20-11-37 bill set SYNCWORD MafiaAc3spdif_write_packet 365
11-05 15:31:40.518 E/AllwinnerAlibs( 360): 2025-06-20-11-37 MafiaAc3spdif_write_packet 393 re = 6144
11-05 15:31:40.518 E/ac3_decInternal( 360): 2025-06-20-11-37 EAC3frame_PassThrough end OutBuffLen 6144
11-05 15:31:40.519 E/ac3_decInternal( 360): 2025-06-20-11-37 EAC3frame_PassThrough begin
11-05 15:31:40.519 E/AllwinnerAlibs( 360): 2025-06-20-11-37 MafiaAc3spdif_write_header
11-05 15:31:40.519 E/AllwinnerAlibs( 360): 2025-06-20-11-37 MafiaAc3spdif_write_packet
11-05 15:31:40.519 E/AllwinnerAlibs( 360): 2025-06-20-11-37 spdif_header_ac3
11-05 15:31:40.519 E/AllwinnerAlibs( 360): 2025-06-20-11-37 bill set SYNCWORD MafiaAc3spdif_write_packet 365
11-05 15:31:40.519 E/AllwinnerAlibs( 360): 2025-06-20-11-37 MafiaAc3spdif_write_packet 393 re = 6144
11-05 15:31:40.519 E/ac3_decInternal( 360): 2025-06-20-11-37 EAC3frame_PassThrough end OutBuffLen 6144
11-05 15:31:40.554 E/WifiHAL ( 664): wifi_get_link_stats: requestResponse Error:-5
11-05 15:31:40.556 E/WifiVendorHal( 484): getWifiLinkLayerStats_1_5_Internal(l.1191) failed {.code = ERROR_INVALID_ARGS, .description = }
11-05 15:31:40.604 E/ac3_decInternal( 360): 2025-06-20-11-37 EAC3frame_PassThrough begin
11-05 15:31:40.605 E/AllwinnerAlibs( 360): 2025-06-20-11-37 MafiaAc3spdif_write_header
11-05 15:31:40.605 E/AllwinnerAlibs( 360): 2025-06-20-11-37 MafiaAc3spdif_write_packet
11-05 15:31:40.605 E/AllwinnerAlibs( 360): 2025-06-20-11-37 spdif_header_ac3
11-05 15:31:40.605 E/AllwinnerAlibs( 360): 2025-06-20-11-37 bill set SYNCWORD MafiaAc3spdif_write_packet 365
11-05 15:31:40.605 E/AllwinnerAlibs( 360): 2025-06-20-11-37 MafiaAc3spdif_write_packet 393 re = 6144
11-05 15:31:40.605 E/ac3_decInternal( 360): 2025-06-20-11-37 EAC3frame_PassThrough end OutBuffLen 6144
11-05 15:31:40.606 E/ac3_decInternal( 360): 2025-06-20-11-37 EAC3frame_PassThrough begin
11-05 15:31:40.606 E/AllwinnerAlibs( 360): 2025-06-20-11-37 MafiaAc3spdif_write_header
11-05 15:31:40.606 E/AllwinnerAlibs( 360): 2025-06-20-11-37 MafiaAc3spdif_write_packet
11-05 15:31:40.606 E/AllwinnerAlibs( 360): 2025-06-20-11-37 spdif_header_ac3
11-05 15:31:40.607 E/AllwinnerAlibs( 360): 2025-06-20-11-37 bill set SYNCWORD MafiaAc3spdif_write_packet 365
11-05 15:31:40.607 E/AllwinnerAlibs( 360): 2025-06-20-11-37 MafiaAc3spdif_write_packet 393 re = 6144
11-05 15:31:40.607 E/ac3_decInternal( 360): 2025-06-20-11-37 EAC3frame_PassThrough end OutBuffLen 6144
11-05 15:31:40.688 E/ac3_decInternal( 360): 2025-06-20-11-37 EAC3frame_PassThrough begin
11-05 15:31:40.688 E/AllwinnerAlibs( 360): 2025-06-20-11-37 MafiaAc3spdif_write_header
11-05 15:31:40.688 E/AllwinnerAlibs( 360): 2025-06-20-11-37 MafiaAc3spdif_write_packet
11-05 15:31:40.688 E/AllwinnerAlibs( 360): 2025-06-20-11-37 spdif_header_ac3
11-05 15:31:40.688 E/AllwinnerAlibs( 360): 2025-06-20-11-37 bill set SYNCWORD MafiaAc3spdif_write_packet 365
11-05 15:31:40.688 E/AllwinnerAlibs( 360): 2025-06-20-11-37 MafiaAc3spdif_write_packet 393 re = 6144
11-05 15:31:40.688 E/ac3_decInternal( 360): 2025-06-20-11-37 EAC3frame_PassThrough end OutBuffLen 6144
11-05 15:31:40.688 E/ac3_decInternal( 360): 2025-06-20-11-37 EAC3frame_PassThrough begin
11-05 15:31:40.688 E/AllwinnerAlibs( 360): 2025-06-20-11-37 MafiaAc3spdif_write_header
11-05 15:31:40.688 E/AllwinnerAlibs( 360): 2025-06-20-11-37 MafiaAc3spdif_write_packet
11-05 15:31:40.688 E/AllwinnerAlibs( 360): 2025-06-20-11-37 spdif_header_ac3
11-05 15:31:40.688 E/AllwinnerAlibs( 360): 2025-06-20-11-37 bill set SYNCWORD MafiaAc3spdif_write_packet 365
11-05 15:31:40.688 E/AllwinnerAlibs( 360): 2025-06-20-11-37 MafiaAc3spdif_write_packet 393 re = 6144
11-05 15:31:40.688 E/ac3_decInternal( 360): 2025-06-20-11-37 EAC3frame_PassThrough end OutBuffLen 6144
11-05 15:31:40.689 E/ac3_decInternal( 360): 2025-06-20-11-37 EAC3frame_PassThrough begin
11-05 15:31:40.689 E/AllwinnerAlibs( 360): 2025-06-20-11-37 MafiaAc3spdif_write_header
11-05 15:31:40.689 E/AllwinnerAlibs( 360): 2025-06-20-11-37 MafiaAc3spdif_write_packet
11-05 15:31:40.689 E/AllwinnerAlibs( 360): 2025-06-20-11-37 spdif_header_ac3
11-05 15:31:40.689 E/AllwinnerAlibs( 360): 2025-06-20-11-37 bill set SYNCWORD MafiaAc3spdif_write_packet 365
11-05 15:31:40.689 E/AllwinnerAlibs( 360): 2025-06-20-11-37 MafiaAc3spdif_write_packet 393 re = 6144
11-05 15:31:40.689 E/ac3_decInternal( 360): 2025-06-20-11-37 EAC3frame_PassThrough end OutBuffLen 6144
11-05 15:31:40.773 E/ac3_decInternal( 360): 2025-06-20-11-37 EAC3frame_PassThrough begin
11-05 15:31:40.773 E/AllwinnerAlibs( 360): 2025-06-20-11-37 MafiaAc3spdif_write_header
11-05 15:31:40.773 E/AllwinnerAlibs( 360): 2025-06-20-11-37 MafiaAc3spdif_write_packet
11-05 15:31:40.773 E/AllwinnerAlibs( 360): 2025-06-20-11-37 spdif_header_ac3
11-05 15:31:40.773 E/AllwinnerAlibs( 360): 2025-06-20-11-37 bill set SYNCWORD MafiaAc3spdif_write_packet 365
11-05 15:31:40.773 E/AllwinnerAlibs( 360): 2025-06-20-11-37 MafiaAc3spdif_write_packet 393 re = 6144
11-05 15:31:40.773 E/ac3_decInternal( 360): 2025-06-20-11-37 EAC3frame_PassThrough end OutBuffLen 6144
11-05 15:31:40.775 E/ac3_decInternal( 360): 2025-06-20-11-37 EAC3frame_PassThrough begin
11-05 15:31:40.775 E/AllwinnerAlibs( 360): 2025-06-20-11-37 MafiaAc3spdif_write_header
11-05 15:31:40.775 E/AllwinnerAlibs( 360): 2025-06-20-11-37 MafiaAc3spdif_write_packet
11-05 15:31:40.775 E/AllwinnerAlibs( 360): 2025-06-20-11-37 spdif_header_ac3
11-05 15:31:40.775 E/AllwinnerAlibs( 360): 2025-06-20-11-37 bill set SYNCWORD MafiaAc3spdif_write_packet 365
11-05 15:31:40.775 E/AllwinnerAlibs( 360): 2025-06-20-11-37 MafiaAc3spdif_write_packet 393 re = 6144
11-05 15:31:40.775 E/ac3_decInternal( 360): 2025-06-20-11-37 EAC3frame_PassThrough end OutBuffLen 6144
11-05 15:31:40.854 W/ZramWriteback( 484): Writeback device is not set
11-05 15:31:40.854 D/ZramWriteback( 484): wait to flush
11-05 15:31:40.858 E/ac3_decInternal( 360): 2025-06-20-11-37 EAC3frame_PassThrough begin
11-05 15:31:40.859 E/AllwinnerAlibs( 360): 2025-06-20-11-37 MafiaAc3spdif_write_header
11-05 15:31:40.860 E/AllwinnerAlibs( 360): 2025-06-20-11-37 MafiaAc3spdif_write_packet
11-05 15:31:40.860 E/AllwinnerAlibs( 360): 2025-06-20-11-37 spdif_header_ac3
11-05 15:31:40.860 E/AllwinnerAlibs( 360): 2025-06-20-11-37 bill set SYNCWORD MafiaAc3spdif_write_packet 365
11-05 15:31:40.860 E/AllwinnerAlibs( 360): 2025-06-20-11-37 MafiaAc3spdif_write_packet 393 re = 6144
11-05 15:31:40.860 E/ac3_decInternal( 360): 2025-06-20-11-37 EAC3frame_PassThrough end OutBuffLen 6144
11-05 15:31:40.860 E/ac3_decInternal( 360): 2025-06-20-11-37 EAC3frame_PassThrough begin
11-05 15:31:40.860 E/AllwinnerAlibs( 360): 2025-06-20-11-37 MafiaAc3spdif_write_header
11-05 15:31:40.860 E/AllwinnerAlibs( 360): 2025-06-20-11-37 MafiaAc3spdif_write_packet
11-05 15:31:40.860 E/AllwinnerAlibs( 360): 2025-06-20-11-37 spdif_header_ac3
11-05 15:31:40.860 E/AllwinnerAlibs( 360): 2025-06-20-11-37 bill set SYNCWORD MafiaAc3spdif_write_packet 365
11-05 15:31:40.860 E/AllwinnerAlibs( 360): 2025-06-20-11-37 MafiaAc3spdif_write_packet 393 re = 6144
11-05 15:31:40.860 E/ac3_decInternal( 360): 2025-06-20-11-37 EAC3frame_PassThrough end OutBuffLen 6144
11-05 15:31:40.860 E/ac3_decInternal( 360): 2025-06-20-11-37 EAC3frame_PassThrough begin
11-05 15:31:40.860 E/AllwinnerAlibs( 360): 2025-06-20-11-37 MafiaAc3spdif_write_header
11-05 15:31:40.860 E/AllwinnerAlibs( 360): 2025-06-20-11-37 MafiaAc3spdif_write_packet
11-05 15:31:40.860 E/AllwinnerAlibs( 360): 2025-06-20-11-37 spdif_header_ac3
11-05 15:31:40.860 E/AllwinnerAlibs( 360): 2025-06-20-11-37 bill set SYNCWORD MafiaAc3spdif_write_packet 365
11-05 15:31:40.860 E/AllwinnerAlibs( 360): 2025-06-20-11-37 MafiaAc3spdif_write_packet 393 re = 6144
11-05 15:31:40.860 E/ac3_decInternal( 360): 2025-06-20-11-37 EAC3frame_PassThrough end OutBuffLen 6144
11-05 15:31:40.861 E/ac3_decInternal( 360): 2025-06-20-11-37 EAC3frame_PassThrough begin
11-05 15:31:40.861 E/AllwinnerAlibs( 360): 2025-06-20-11-37 MafiaAc3spdif_write_header
11-05 15:31:40.861 E/AllwinnerAlibs( 360): 2025-06-20-11-37 MafiaAc3spdif_write_packet
11-05 15:31:40.861 E/AllwinnerAlibs( 360): 2025-06-20-11-37 spdif_header_ac3
11-05 15:31:40.861 E/AllwinnerAlibs( 360): 2025-06-20-11-37 bill set SYNCWORD MafiaAc3spdif_write_packet 365
11-05 15:31:40.861 E/AllwinnerAlibs( 360): 2025-06-20-11-37 MafiaAc3spdif_write_packet 393 re = 6144
11-05 15:31:40.861 E/ac3_decInternal( 360): 2025-06-20-11-37 EAC3frame_PassThrough end OutBuffLen 6144
11-05 15:31:40.944 E/ac3_decInternal( 360): 2025-06-20-11-37 EAC3frame_PassThrough begin
11-05 15:31:40.944 E/AllwinnerAlibs( 360): 2025-06-20-11-37 MafiaAc3spdif_write_header
11-05 15:31:40.944 E/AllwinnerAlibs( 360): 2025-06-20-11-37 MafiaAc3spdif_write_packet
11-05 15:31:40.944 E/AllwinnerAlibs( 360): 2025-06-20-11-37 spdif_header_ac3
11-05 15:31:40.944 E/AllwinnerAlibs( 360): 2025-06-20-11-37 bill set SYNCWORD MafiaAc3spdif_write_packet 365
11-05 15:31:40.944 E/AllwinnerAlibs( 360): 2025-06-20-11-37 MafiaAc3spdif_write_packet 393 re = 6144
11-05 15:31:40.944 E/ac3_decInternal( 360): 2025-06-20-11-37 EAC3frame_PassThrough end OutBuffLen 6144
11-05 15:31:40.945 E/ac3_decInternal( 360): 2025-06-20-11-37 EAC3frame_PassThrough begin
11-05 15:31:40.945 E/AllwinnerAlibs( 360): 2025-06-20-11-37 MafiaAc3spdif_write_header
11-05 15:31:40.945 E/AllwinnerAlibs( 360): 2025-06-20-11-37 MafiaAc3spdif_write_packet
11-05 15:31:40.945 E/AllwinnerAlibs( 360): 2025-06-20-11-37 spdif_header_ac3
11-05 15:31:40.945 E/AllwinnerAlibs( 360): 2025-06-20-11-37 bill set SYNCWORD MafiaAc3spdif_write_packet 365
11-05 15:31:40.945 E/AllwinnerAlibs( 360): 2025-06-20-11-37 MafiaAc3spdif_write_packet 393 re = 6144
11-05 15:31:40.945 E/ac3_decInternal( 360): 2025-06-20-11-37 EAC3frame_PassThrough end OutBuffLen 6144
11-05 15:31:40.945 E/ac3_decInternal( 360): 2025-06-20-11-37 EAC3frame_PassThrough begin
11-05 15:31:40.945 E/AllwinnerAlibs( 360): 2025-06-20-11-37 MafiaAc3spdif_write_header
11-05 15:31:40.945 E/AllwinnerAlibs( 360): 2025-06-20-11-37 MafiaAc3spdif_write_packet
11-05 15:31:40.945 E/AllwinnerAlibs( 360): 2025-06-20-11-37 spdif_header_ac3
11-05 15:31:40.945 E/AllwinnerAlibs( 360): 2025-06-20-11-37 bill set SYNCWORD MafiaAc3spdif_write_packet 365
11-05 15:31:40.945 E/AllwinnerAlibs( 360): 2025-06-20-11-37 MafiaAc3spdif_write_packet 393 re = 6144
11-05 15:31:40.945 E/ac3_decInternal( 360): 2025-06-20-11-37 EAC3frame_PassThrough end OutBuffLen 6144
11-05 15:31:41.029 E/ac3_decInternal( 360): 2025-06-20-11-37 EAC3frame_PassThrough begin
11-05 15:31:41.029 E/AllwinnerAlibs( 360): 2025-06-20-11-37 MafiaAc3spdif_write_header
11-05 15:31:41.029 E/AllwinnerAlibs( 360): 2025-06-20-11-37 MafiaAc3spdif_write_packet
11-05 15:31:41.029 E/AllwinnerAlibs( 360): 2025-06-20-11-37 spdif_header_ac3
11-05 15:31:41.029 E/AllwinnerAlibs( 360): 2025-06-20-11-37 bill set SYNCWORD MafiaAc3spdif_write_packet 365
11-05 15:31:41.029 E/AllwinnerAlibs( 360): 2025-06-20-11-37 MafiaAc3spdif_write_packet 393 re = 6144
11-05 15:31:41.029 E/ac3_decInternal( 360): 2025-06-20-11-37 EAC3frame_PassThrough end OutBuffLen 6144
11-05 15:31:41.030 E/ac3_decInternal( 360): 2025-06-20-11-37 EAC3frame_PassThrough begin
11-05 15:31:41.030 E/AllwinnerAlibs( 360): 2025-06-20-11-37 MafiaAc3spdif_write_header
11-05 15:31:41.030 E/AllwinnerAlibs( 360): 2025-06-20-11-37 MafiaAc3spdif_write_packet
11-05 15:31:41.030 E/AllwinnerAlibs( 360): 2025-06-20-11-37 spdif_header_ac3
11-05 15:31:41.030 E/AllwinnerAlibs( 360): 2025-06-20-11-37 bill set SYNCWORD MafiaAc3spdif_write_packet 365
11-05 15:31:41.030 E/AllwinnerAlibs( 360): 2025-06-20-11-37 MafiaAc3spdif_write_packet 393 re = 6144
11-05 15:31:41.030 E/ac3_decInternal( 360): 2025-06-20-11-37 EAC3frame_PassThrough end OutBuffLen 6144
11-05 15:31:41.066 W/IorapForwardingService( 484): No service published for: iorapd
11-05 15:31:41.114 E/ac3_decInternal( 360): 2025-06-20-11-37 EAC3frame_PassThrough begin
11-05 15:31:41.114 E/AllwinnerAlibs( 360): 2025-06-20-11-37 MafiaAc3spdif_write_header
11-05 15:31:41.114 E/AllwinnerAlibs( 360): 2025-06-20-11-37 MafiaAc3spdif_write_packet
11-05 15:31:41.114 E/AllwinnerAlibs( 360): 2025-06-20-11-37 spdif_header_ac3
11-05 15:31:41.114 E/AllwinnerAlibs( 360): 2025-06-20-11-37 bill set SYNCWORD MafiaAc3spdif_write_packet 365
11-05 15:31:41.115 E/AllwinnerAlibs( 360): 2025-06-20-11-37 MafiaAc3spdif_write_packet 393 re = 6144
11-05 15:31:41.115 E/ac3_decInternal( 360): 2025-06-20-11-37 EAC3frame_PassThrough end OutBuffLen 6144
11-05 15:31:41.115 E/ac3_decInternal( 360): 2025-06-20-11-37 EAC3frame_PassThrough begin
11-05 15:31:41.115 E/AllwinnerAlibs( 360): 2025-06-20-11-37 MafiaAc3spdif_write_header
11-05 15:31:41.115 E/AllwinnerAlibs( 360): 2025-06-20-11-37 MafiaAc3spdif_write_packet
11-05 15:31:41.115 E/AllwinnerAlibs( 360): 2025-06-20-11-37 spdif_header_ac3
11-05 15:31:41.115 E/AllwinnerAlibs( 360): 2025-06-20-11-37 bill set SYNCWORD MafiaAc3spdif_write_packet 365
11-05 15:31:41.115 E/AllwinnerAlibs( 360): 2025-06-20-11-37 MafiaAc3spdif_write_packet 393 re = 6144
11-05 15:31:41.115 E/ac3_decInternal( 360): 2025-06-20-11-37 EAC3frame_PassThrough end OutBuffLen 6144
11-05 15:31:41.115 E/ac3_decInternal( 360): 2025-06-20-11-37 EAC3frame_PassThrough begin
11-05 15:31:41.115 E/AllwinnerAlibs( 360): 2025-06-20-11-37 MafiaAc3spdif_write_header
11-05 15:31:41.115 E/AllwinnerAlibs( 360): 2025-06-20-11-37 MafiaAc3spdif_write_packet
11-05 15:31:41.115 E/AllwinnerAlibs( 360): 2025-06-20-11-37 spdif_header_ac3
11-05 15:31:41.115 E/AllwinnerAlibs( 360): 2025-06-20-11-37 bill set SYNCWORD MafiaAc3spdif_write_packet 365
11-05 15:31:41.115 E/AllwinnerAlibs( 360): 2025-06-20-11-37 MafiaAc3spdif_write_packet 393 re = 6144
11-05 15:31:41.115 E/ac3_decInternal( 360): 2025-06-20-11-37 EAC3frame_PassThrough end OutBuffLen 6144
11-05 15:31:41.115 E/ac3_decInternal( 360): 2025-06-20-11-37 EAC3frame_PassThrough begin
11-05 15:31:41.115 E/AllwinnerAlibs( 360): 2025-06-20-11-37 MafiaAc3spdif_write_header
11-05 15:31:41.115 E/AllwinnerAlibs( 360): 2025-06-20-11-37 MafiaAc3spdif_write_packet
11-05 15:31:41.115 E/AllwinnerAlibs( 360): 2025-06-20-11-37 spdif_header_ac3
11-05 15:31:41.115 E/AllwinnerAlibs( 360): 2025-06-20-11-37 bill set SYNCWORD MafiaAc3spdif_write_packet 365
11-05 15:31:41.115 E/AllwinnerAlibs( 360): 2025-06-20-11-37 MafiaAc3spdif_write_packet 393 re = 6144
11-05 15:31:41.115 E/ac3_decInternal( 360): 2025-06-20-11-37 EAC3frame_PassThrough end OutBuffLen 6144
11-05 15:31:41.115 E/ac3_decInternal( 360): 2025-06-20-11-37 EAC3frame_PassThrough begin
11-05 15:31:41.115 E/AllwinnerAlibs( 360): 2025-06-20-11-37 MafiaAc3spdif_write_header
11-05 15:31:41.115 E/AllwinnerAlibs( 360): 2025-06-20-11-37 MafiaAc3spdif_write_packet
11-05 15:31:41.115 E/AllwinnerAlibs( 360): 2025-06-20-11-37 spdif_header_ac3
11-05 15:31:41.115 E/AllwinnerAlibs( 360): 2025-06-20-11-37 bill set SYNCWORD MafiaAc3spdif_write_packet 365
11-05 15:31:41.115 E/AllwinnerAlibs( 360): 2025-06-20-11-37 MafiaAc3spdif_write_packet 393 re = 6144
11-05 15:31:41.115 E/ac3_decInternal( 360): 2025-06-20-11-37 EAC3frame_PassThrough end OutBuffLen 6144
11-05 15:31:41.115 E/ac3_decInternal( 360): 2025-06-20-11-37 EAC3frame_PassThrough begin
11-05 15:31:41.115 E/AllwinnerAlibs( 360): 2025-06-20-11-37 MafiaAc3spdif_write_header
11-05 15:31:41.115 E/AllwinnerAlibs( 360): 2025-06-20-11-37 MafiaAc3spdif_write_packet
11-05 15:31:41.115 E/AllwinnerAlibs( 360): 2025-06-20-11-37 spdif_header_ac3
11-05 15:31:41.115 E/AllwinnerAlibs( 360): 2025-06-20-11-37 bill set SYNCWORD MafiaAc3spdif_write_packet 365
11-05 15:31:41.115 E/AllwinnerAlibs( 360): 2025-06-20-11-37 MafiaAc3spdif_write_packet 393 re = 6144
11-05 15:31:41.115 E/ac3_decInternal( 360): 2025-06-20-11-37 EAC3frame_PassThrough end OutBuffLen 6144
11-05 15:31:41.115 E/ac3_decInternal( 360): 2025-06-20-11-37 EAC3frame_PassThrough begin
11-05 15:31:41.115 E/AllwinnerAlibs( 360): 2025-06-20-11-37 MafiaAc3spdif_write_header
11-05 15:31:41.115 E/AllwinnerAlibs( 360): 2025-06-20-11-37 MafiaAc3spdif_write_packet
11-05 15:31:41.115 E/AllwinnerAlibs( 360): 2025-06-20-11-37 spdif_header_ac3
11-05 15:31:41.115 E/AllwinnerAlibs( 360): 2025-06-20-11-37 bill set SYNCWORD MafiaAc3spdif_write_packet 365
11-05 15:31:41.115 E/AllwinnerAlibs( 360): 2025-06-20-11-37 MafiaAc3spdif_write_packet 393 re = 6144
11-05 15:31:41.115 E/ac3_decInternal( 360): 2025-06-20-11-37 EAC3frame_PassThrough end OutBuffLen 6144
11-05 15:31:41.116 E/ac3_decInternal( 360): 2025-06-20-11-37 EAC3frame_PassThrough begin
11-05 15:31:41.116 E/AllwinnerAlibs( 360): 2025-06-20-11-37 MafiaAc3spdif_write_header
11-05 15:31:41.116 E/AllwinnerAlibs( 360): 2025-06-20-11-37 MafiaAc3spdif_write_packet
11-05 15:31:41.116 E/AllwinnerAlibs( 360): 2025-06-20-11-37 spdif_header_ac3
11-05 15:31:41.116 E/AllwinnerAlibs( 360): 2025-06-20-11-37 bill set SYNCWORD MafiaAc3spdif_write_packet 365
11-05 15:31:41.116 E/AllwinnerAlibs( 360): 2025-06-20-11-37 MafiaAc3spdif_write_packet 393 re = 6144
11-05 15:31:41.116 E/ac3_decInternal( 360): 2025-06-20-11-37 EAC3frame_PassThrough end OutBuffLen 6144
11-05 15:31:41.116 E/ac3_decInternal( 360): 2025-06-20-11-37 EAC3frame_PassThrough begin
11-05 15:31:41.116 E/AllwinnerAlibs( 360): 2025-06-20-11-37 MafiaAc3spdif_write_header
11-05 15:31:41.116 E/AllwinnerAlibs( 360): 2025-06-20-11-37 MafiaAc3spdif_write_packet
11-05 15:31:41.116 E/AllwinnerAlibs( 360): 2025-06-20-11-37 spdif_header_ac3
11-05 15:31:41.116 E/AllwinnerAlibs( 360): 2025-06-20-11-37 bill set SYNCWORD MafiaAc3spdif_write_packet 365
11-05 15:31:41.116 E/AllwinnerAlibs( 360): 2025-06-20-11-37 MafiaAc3spdif_write_packet 393 re = 6144
11-05 15:31:41.116 E/ac3_decInternal( 360): 2025-06-20-11-37 EAC3frame_PassThrough end OutBuffLen 6144
11-05 15:31:41.116 E/ac3_decInternal( 360): 2025-06-20-11-37 EAC3frame_PassThrough begin
11-05 15:31:41.116 E/AllwinnerAlibs( 360): 2025-06-20-11-37 MafiaAc3spdif_write_header
11-05 15:31:41.116 E/AllwinnerAlibs( 360): 2025-06-20-11-37 MafiaAc3spdif_write_packet
11-05 15:31:41.116 E/AllwinnerAlibs( 360): 2025-06-20-11-37 spdif_header_ac3
11-05 15:31:41.116 E/AllwinnerAlibs( 360): 2025-06-20-11-37 bill set SYNCWORD MafiaAc3spdif_write_packet 365
11-05 15:31:41.116 E/AllwinnerAlibs( 360): 2025-06-20-11-37 MafiaAc3spdif_write_packet 393 re = 6144
11-05 15:31:41.116 E/ac3_decInternal( 360): 2025-06-20-11-37 EAC3frame_PassThrough end OutBuffLen 6144
11-05 15:31:41.116 E/ac3_decInternal( 360): 2025-06-20-11-37 EAC3frame_PassThrough begin
11-05 15:31:41.116 E/AllwinnerAlibs( 360): 2025-06-20-11-37 MafiaAc3spdif_write_header
11-05 15:31:41.116 E/AllwinnerAlibs( 360): 2025-06-20-11-37 MafiaAc3spdif_write_packet
11-05 15:31:41.116 E/AllwinnerAlibs( 360): 2025-06-20-11-37 spdif_header_ac3
11-05 15:31:41.116 E/AllwinnerAlibs( 360): 2025-06-20-11-37 bill set SYNCWORD MafiaAc3spdif_write_packet 365
11-05 15:31:41.116 E/AllwinnerAlibs( 360): 2025-06-20-11-37 MafiaAc3spdif_write_packet 393 re = 6144
11-05 15:31:41.116 E/ac3_decInternal( 360): 2025-06-20-11-37 EAC3frame_PassThrough end OutBuffLen 6144
11-05 15:31:41.116 E/ac3_decInternal( 360): 2025-06-20-11-37 EAC3frame_PassThrough begin
11-05 15:31:41.116 E/AllwinnerAlibs( 360): 2025-06-20-11-37 MafiaAc3spdif_write_header
11-05 15:31:41.116 E/AllwinnerAlibs( 360): 2025-06-20-11-37 MafiaAc3spdif_write_packet
11-05 15:31:41.116 E/AllwinnerAlibs( 360): 2025-06-20-11-37 spdif_header_ac3
11-05 15:31:41.116 E/AllwinnerAlibs( 360): 2025-06-20-11-37 bill set SYNCWORD MafiaAc3spdif_write_packet 365
11-05 15:31:41.116 E/AllwinnerAlibs( 360): 2025-06-20-11-37 MafiaAc3spdif_write_packet 393 re = 6144
11-05 15:31:41.116 E/ac3_decInternal( 360): 2025-06-20-11-37 EAC3frame_PassThrough end OutBuffLen 6144
11-05 15:31:41.116 E/ac3_decInternal( 360): 2025-06-20-11-37 EAC3frame_PassThrough begin
11-05 15:31:41.116 E/AllwinnerAlibs( 360): 2025-06-20-11-37 MafiaAc3spdif_write_header
11-05 15:31:41.116 E/AllwinnerAlibs( 360): 2025-06-20-11-37 MafiaAc3spdif_write_packet
11-05 15:31:41.116 E/AllwinnerAlibs( 360): 2025-06-20-11-37 spdif_header_ac3
11-05 15:31:41.116 E/AllwinnerAlibs( 360): 2025-06-20-11-37 bill set SYNCWORD MafiaAc3spdif_write_packet 365
11-05 15:31:41.116 E/AllwinnerAlibs( 360): 2025-06-20-11-37 MafiaAc3spdif_write_packet 393 re = 6144
11-05 15:31:41.116 E/ac3_decInternal( 360): 2025-06-20-11-37 EAC3frame_PassThrough end OutBuffLen 6144
11-05 15:31:41.116 E/ac3_decInternal( 360): 2025-06-20-11-37 EAC3frame_PassThrough begin
11-05 15:31:41.116 E/AllwinnerAlibs( 360): 2025-06-20-11-37 MafiaAc3spdif_write_header
11-05 15:31:41.116 E/AllwinnerAlibs( 360): 2025-06-20-11-37 MafiaAc3spdif_write_packet
11-05 15:31:41.116 E/AllwinnerAlibs( 360): 2025-06-20-11-37 spdif_header_ac3
11-05 15:31:41.116 E/AllwinnerAlibs( 360): 2025-06-20-11-37 bill set SYNCWORD MafiaAc3spdif_write_packet 365
11-05 15:31:41.116 E/AllwinnerAlibs( 360): 2025-06-20-11-37 MafiaAc3spdif_write_packet 393 re = 6144
11-05 15:31:41.116 E/ac3_decInternal( 360): 2025-06-20-11-37 EAC3frame_PassThrough end OutBuffLen 6144
11-05 15:31:41.116 E/ac3_decInternal( 360): 2025-06-20-11-37 EAC3frame_PassThrough begin
11-05 15:31:41.116 E/AllwinnerAlibs( 360): 2025-06-20-11-37 MafiaAc3spdif_write_header
11-05 15:31:41.116 E/AllwinnerAlibs( 360): 2025-06-20-11-37 MafiaAc3spdif_write_packet
11-05 15:31:41.117 E/AllwinnerAlibs( 360): 2025-06-20-11-37 spdif_header_ac3
11-05 15:31:41.117 E/AllwinnerAlibs( 360): 2025-06-20-11-37 bill set SYNCWORD MafiaAc3spdif_write_packet 365
11-05 15:31:41.117 E/AllwinnerAlibs( 360): 2025-06-20-11-37 MafiaAc3spdif_write_packet 393 re = 6144
11-05 15:31:41.117 E/ac3_decInternal( 360): 2025-06-20-11-37 EAC3frame_PassThrough end OutBuffLen 6144
11-05 15:31:41.117 E/ac3_decInternal( 360): 2025-06-20-11-37 EAC3frame_PassThrough begin
11-05 15:31:41.117 E/AllwinnerAlibs( 360): 2025-06-20-11-37 MafiaAc3spdif_write_header
11-05 15:31:41.117 E/AllwinnerAlibs( 360): 2025-06-20-11-37 MafiaAc3spdif_write_packet
11-05 15:31:41.117 E/AllwinnerAlibs( 360): 2025-06-20-11-37 spdif_header_ac3
11-05 15:31:41.117 E/AllwinnerAlibs( 360): 2025-06-20-11-37 bill set SYNCWORD MafiaAc3spdif_write_packet 365
11-05 15:31:41.117 E/AllwinnerAlibs( 360): 2025-06-20-11-37 MafiaAc3spdif_write_packet 393 re = 6144
11-05 15:31:41.117 E/ac3_decInternal( 360): 2025-06-20-11-37 EAC3frame_PassThrough end OutBuffLen 6144
11-05 15:31:41.117 E/ac3_decInternal( 360): 2025-06-20-11-37 EAC3frame_PassThrough begin
11-05 15:31:41.117 E/AllwinnerAlibs( 360): 2025-06-20-11-37 MafiaAc3spdif_write_header
11-05 15:31:41.117 E/AllwinnerAlibs( 360): 2025-06-20-11-37 MafiaAc3spdif_write_packet
11-05 15:31:41.117 E/AllwinnerAlibs( 360): 2025-06-20-11-37 spdif_header_ac3
11-05 15:31:41.117 E/AllwinnerAlibs( 360): 2025-06-20-11-37 bill set SYNCWORD MafiaAc3spdif_write_packet 365
11-05 15:31:41.117 E/AllwinnerAlibs( 360): 2025-06-20-11-37 MafiaAc3spdif_write_packet 393 re = 6144
11-05 15:31:41.117 E/ac3_decInternal( 360): 2025-06-20-11-37 EAC3frame_PassThrough end OutBuffLen 6144
11-05 15:31:41.627 E/ac3_decInternal( 360): 2025-06-20-11-37 EAC3frame_PassThrough begin
11-05 15:31:41.627 E/AllwinnerAlibs( 360): 2025-06-20-11-37 MafiaAc3spdif_write_header
11-05 15:31:41.627 E/AllwinnerAlibs( 360): 2025-06-20-11-37 MafiaAc3spdif_write_packet
11-05 15:31:41.627 E/AllwinnerAlibs( 360): 2025-06-20-11-37 spdif_header_ac3
11-05 15:31:41.627 E/AllwinnerAlibs( 360): 2025-06-20-11-37 bill set SYNCWORD MafiaAc3spdif_write_packet 365
11-05 15:31:41.627 E/AllwinnerAlibs( 360): 2025-06-20-11-37 MafiaAc3spdif_write_packet 393 re = 6144
11-05 15:31:41.627 E/ac3_decInternal( 360): 2025-06-20-11-37 EAC3frame_PassThrough end OutBuffLen 6144
11-05 15:31:41.628 E/ac3_decInternal( 360): 2025-06-20-11-37 EAC3frame_PassThrough begin
11-05 15:31:41.628 E/AllwinnerAlibs( 360): 2025-06-20-11-37 MafiaAc3spdif_write_header
11-05 15:31:41.628 E/AllwinnerAlibs( 360): 2025-06-20-11-37 MafiaAc3spdif_write_packet
11-05 15:31:41.628 E/AllwinnerAlibs( 360): 2025-06-20-11-37 spdif_header_ac3
11-05 15:31:41.628 E/AllwinnerAlibs( 360): 2025-06-20-11-37 bill set SYNCWORD MafiaAc3spdif_write_packet 365
11-05 15:31:41.628 E/AllwinnerAlibs( 360): 2025-06-20-11-37 MafiaAc3spdif_write_packet 393 re = 6144
11-05 15:31:41.628 E/ac3_decInternal( 360): 2025-06-20-11-37 EAC3frame_PassThrough end OutBuffLen 6144
11-05 15:31:41.712 E/ac3_decInternal( 360): 2025-06-20-11-37 EAC3frame_PassThrough begin
11-05 15:31:41.712 E/AllwinnerAlibs( 360): 2025-06-20-11-37 MafiaAc3spdif_write_header
11-05 15:31:41.712 E/AllwinnerAlibs( 360): 2025-06-20-11-37 MafiaAc3spdif_write_packet
11-05 15:31:41.712 E/AllwinnerAlibs( 360): 2025-06-20-11-37 spdif_header_ac3
11-05 15:31:41.712 E/AllwinnerAlibs( 360): 2025-06-20-11-37 bill set SYNCWORD MafiaAc3spdif_write_packet 365
11-05 15:31:41.712 E/AllwinnerAlibs( 360): 2025-06-20-11-37 MafiaAc3spdif_write_packet 393 re = 6144
11-05 15:31:41.713 E/ac3_decInternal( 360): 2025-06-20-11-37 EAC3frame_PassThrough end OutBuffLen 6144
11-05 15:31:41.713 E/ac3_decInternal( 360): 2025-06-20-11-37 EAC3frame_PassThrough begin
11-05 15:31:41.713 E/AllwinnerAlibs( 360): 2025-06-20-11-37 MafiaAc3spdif_write_header
11-05 15:31:41.713 E/AllwinnerAlibs( 360): 2025-06-20-11-37 MafiaAc3spdif_write_packet
11-05 15:31:41.713 E/AllwinnerAlibs( 360): 2025-06-20-11-37 spdif_header_ac3
