11-05 15:31:33.179 E/AllwinnerAlibs( 360): 2025-06-20-11-37 MafiaAc3spdif_write_packet
11-05 15:31:33.179 E/AllwinnerAlibs( 360): 2025-06-20-11-37 spdif_header_ac3
11-05 15:31:33.179 E/AllwinnerAlibs( 360): 2025-06-20-11-37 bill set SYNCWORD MafiaAc3spdif_write_packet 365
11-05 15:31:33.179 E/AllwinnerAlibs( 360): 2025-06-20-11-37 MafiaAc3spdif_write_packet 393 re = 6144
11-05 15:31:33.179 E/ac3_decInternal( 360): 2025-06-20-11-37 EAC3frame_PassThrough end OutBuffLen 6144
11-05 15:31:33.179 E/ac3_decInternal( 360): 2025-06-20-11-37 EAC3frame_PassThrough begin
11-05 15:31:33.179 E/AllwinnerAlibs( 360): 2025-06-20-11-37 MafiaAc3spdif_write_header
11-05 15:31:33.179 E/AllwinnerAlibs( 360): 2025-06-20-11-37 MafiaAc3spdif_write_packet
11-05 15:31:33.179 E/AllwinnerAlibs( 360): 2025-06-20-11-37 spdif_header_ac3
11-05 15:31:33.179 E/AllwinnerAlibs( 360): 2025-06-20-11-37 bill set SYNCWORD MafiaAc3spdif_write_packet 365
11-05 15:31:33.179 E/AllwinnerAlibs( 360): 2025-06-20-11-37 MafiaAc3spdif_write_packet 393 re = 6144
11-05 15:31:33.179 E/ac3_decInternal( 360): 2025-06-20-11-37 EAC3frame_PassThrough end OutBuffLen 6144
11-05 15:31:33.180 E/ac3_decInternal( 360): 2025-06-20-11-37 EAC3frame_PassThrough begin
11-05 15:31:33.180 E/AllwinnerAlibs( 360): 2025-06-20-11-37 MafiaAc3spdif_write_header
11-05 15:31:33.180 E/AllwinnerAlibs( 360): 2025-06-20-11-37 MafiaAc3spdif_write_packet
11-05 15:31:33.180 E/AllwinnerAlibs( 360): 2025-06-20-11-37 spdif_header_ac3
11-05 15:31:33.180 E/AllwinnerAlibs( 360): 2025-06-20-11-37 bill set SYNCWORD MafiaAc3spdif_write_packet 365
11-05 15:31:33.180 E/AllwinnerAlibs( 360): 2025-06-20-11-37 MafiaAc3spdif_write_packet 393 re = 6144
11-05 15:31:33.180 E/ac3_decInternal( 360): 2025-06-20-11-37 EAC3frame_PassThrough end OutBuffLen 6144
11-05 15:31:33.181 E/ac3_decInternal( 360): 2025-06-20-11-37 EAC3frame_PassThrough begin
11-05 15:31:33.181 E/AllwinnerAlibs( 360): 2025-06-20-11-37 MafiaAc3spdif_write_header
11-05 15:31:33.181 E/AllwinnerAlibs( 360): 2025-06-20-11-37 MafiaAc3spdif_write_packet
11-05 15:31:33.181 E/AllwinnerAlibs( 360): 2025-06-20-11-37 spdif_header_ac3
11-05 15:31:33.181 E/AllwinnerAlibs( 360): 2025-06-20-11-37 bill set SYNCWORD MafiaAc3spdif_write_packet 365
11-05 15:31:33.181 E/AllwinnerAlibs( 360): 2025-06-20-11-37 MafiaAc3spdif_write_packet 393 re = 6144
11-05 15:31:33.181 E/ac3_decInternal( 360): 2025-06-20-11-37 EAC3frame_PassThrough end OutBuffLen 6144
11-05 15:31:33.194 W/cedarc ( 360): : request stream buffer fail, 1019416 bytes valid data in SBM[0], total buffer size is 1048576 bytes.
11-05 15:31:33.194 I/demuxComponent( 360): : waiting for video stream buffer.
11-05 15:31:33.194 D/hdmi-cec( 260): receive invalid cec message!
11-05 15:31:33.194 D/hdmi-cec( 260): receive poll message [04], skip!
11-05 15:31:33.264 E/ac3_decInternal( 360): 2025-06-20-11-37 EAC3frame_PassThrough begin
11-05 15:31:33.264 E/AllwinnerAlibs( 360): 2025-06-20-11-37 MafiaAc3spdif_write_header
11-05 15:31:33.264 E/AllwinnerAlibs( 360): 2025-06-20-11-37 MafiaAc3spdif_write_packet
11-05 15:31:33.264 E/AllwinnerAlibs( 360): 2025-06-20-11-37 spdif_header_ac3
11-05 15:31:33.264 E/AllwinnerAlibs( 360): 2025-06-20-11-37 bill set SYNCWORD MafiaAc3spdif_write_packet 365
11-05 15:31:33.264 E/AllwinnerAlibs( 360): 2025-06-20-11-37 MafiaAc3spdif_write_packet 393 re = 6144
11-05 15:31:33.264 E/ac3_decInternal( 360): 2025-06-20-11-37 EAC3frame_PassThrough end OutBuffLen 6144
11-05 15:31:33.265 E/ac3_decInternal( 360): 2025-06-20-11-37 EAC3frame_PassThrough begin
11-05 15:31:33.265 E/AllwinnerAlibs( 360): 2025-06-20-11-37 MafiaAc3spdif_write_header
11-05 15:31:33.265 E/AllwinnerAlibs( 360): 2025-06-20-11-37 MafiaAc3spdif_write_packet
11-05 15:31:33.265 E/AllwinnerAlibs( 360): 2025-06-20-11-37 spdif_header_ac3
11-05 15:31:33.265 E/AllwinnerAlibs( 360): 2025-06-20-11-37 bill set SYNCWORD MafiaAc3spdif_write_packet 365
11-05 15:31:33.265 E/AllwinnerAlibs( 360): 2025-06-20-11-37 MafiaAc3spdif_write_packet 393 re = 6144
11-05 15:31:33.265 E/ac3_decInternal( 360): 2025-06-20-11-37 EAC3frame_PassThrough end OutBuffLen 6144
11-05 15:31:33.265 E/ac3_decInternal( 360): 2025-06-20-11-37 EAC3frame_PassThrough begin
11-05 15:31:33.265 E/AllwinnerAlibs( 360): 2025-06-20-11-37 MafiaAc3spdif_write_header
11-05 15:31:33.265 E/AllwinnerAlibs( 360): 2025-06-20-11-37 MafiaAc3spdif_write_packet
11-05 15:31:33.265 E/AllwinnerAlibs( 360): 2025-06-20-11-37 spdif_header_ac3
11-05 15:31:33.265 E/AllwinnerAlibs( 360): 2025-06-20-11-37 bill set SYNCWORD MafiaAc3spdif_write_packet 365
11-05 15:31:33.265 E/AllwinnerAlibs( 360): 2025-06-20-11-37 MafiaAc3spdif_write_packet 393 re = 6144
11-05 15:31:33.265 E/ac3_decInternal( 360): 2025-06-20-11-37 EAC3frame_PassThrough end OutBuffLen 6144
11-05 15:31:33.349 E/ac3_decInternal( 360): 2025-06-20-11-37 EAC3frame_PassThrough begin
11-05 15:31:33.349 E/AllwinnerAlibs( 360): 2025-06-20-11-37 MafiaAc3spdif_write_header
11-05 15:31:33.349 E/AllwinnerAlibs( 360): 2025-06-20-11-37 MafiaAc3spdif_write_packet
11-05 15:31:33.349 E/AllwinnerAlibs( 360): 2025-06-20-11-37 spdif_header_ac3
11-05 15:31:33.349 E/AllwinnerAlibs( 360): 2025-06-20-11-37 bill set SYNCWORD MafiaAc3spdif_write_packet 365
11-05 15:31:33.349 E/AllwinnerAlibs( 360): 2025-06-20-11-37 MafiaAc3spdif_write_packet 393 re = 6144
11-05 15:31:33.349 E/ac3_decInternal( 360): 2025-06-20-11-37 EAC3frame_PassThrough end OutBuffLen 6144
11-05 15:31:33.350 E/ac3_decInternal( 360): 2025-06-20-11-37 EAC3frame_PassThrough begin
11-05 15:31:33.350 E/AllwinnerAlibs( 360): 2025-06-20-11-37 MafiaAc3spdif_write_header
11-05 15:31:33.350 E/AllwinnerAlibs( 360): 2025-06-20-11-37 MafiaAc3spdif_write_packet
11-05 15:31:33.350 E/AllwinnerAlibs( 360): 2025-06-20-11-37 spdif_header_ac3
11-05 15:31:33.350 E/AllwinnerAlibs( 360): 2025-06-20-11-37 bill set SYNCWORD MafiaAc3spdif_write_packet 365
11-05 15:31:33.350 E/AllwinnerAlibs( 360): 2025-06-20-11-37 MafiaAc3spdif_write_packet 393 re = 6144
11-05 15:31:33.350 E/ac3_decInternal( 360): 2025-06-20-11-37 EAC3frame_PassThrough end OutBuffLen 6144
11-05 15:31:33.395 W/cedarc ( 360): : request stream buffer fail, 1023075 bytes valid data in SBM[0], total buffer size is 1048576 bytes.
11-05 15:31:33.395 I/demuxComponent( 360): : waiting for video stream buffer.
11-05 15:31:33.435 E/ac3_decInternal( 360): 2025-06-20-11-37 EAC3frame_PassThrough begin
11-05 15:31:33.435 E/AllwinnerAlibs( 360): 2025-06-20-11-37 MafiaAc3spdif_write_header
11-05 15:31:33.436 E/AllwinnerAlibs( 360): 2025-06-20-11-37 MafiaAc3spdif_write_packet
11-05 15:31:33.436 E/AllwinnerAlibs( 360): 2025-06-20-11-37 spdif_header_ac3
11-05 15:31:33.436 E/AllwinnerAlibs( 360): 2025-06-20-11-37 bill set SYNCWORD MafiaAc3spdif_write_packet 365
11-05 15:31:33.436 E/AllwinnerAlibs( 360): 2025-06-20-11-37 MafiaAc3spdif_write_packet 393 re = 6144
11-05 15:31:33.436 E/ac3_decInternal( 360): 2025-06-20-11-37 EAC3frame_PassThrough end OutBuffLen 6144
11-05 15:31:33.436 E/ac3_decInternal( 360): 2025-06-20-11-37 EAC3frame_PassThrough begin
11-05 15:31:33.436 E/AllwinnerAlibs( 360): 2025-06-20-11-37 MafiaAc3spdif_write_header
11-05 15:31:33.436 E/AllwinnerAlibs( 360): 2025-06-20-11-37 MafiaAc3spdif_write_packet
11-05 15:31:33.436 E/AllwinnerAlibs( 360): 2025-06-20-11-37 spdif_header_ac3
11-05 15:31:33.436 E/AllwinnerAlibs( 360): 2025-06-20-11-37 bill set SYNCWORD MafiaAc3spdif_write_packet 365
11-05 15:31:33.437 E/AllwinnerAlibs( 360): 2025-06-20-11-37 MafiaAc3spdif_write_packet 393 re = 6144
11-05 15:31:33.437 E/ac3_decInternal( 360): 2025-06-20-11-37 EAC3frame_PassThrough end OutBuffLen 6144
11-05 15:31:33.437 E/ac3_decInternal( 360): 2025-06-20-11-37 EAC3frame_PassThrough begin
11-05 15:31:33.437 E/AllwinnerAlibs( 360): 2025-06-20-11-37 MafiaAc3spdif_write_header
11-05 15:31:33.437 E/AllwinnerAlibs( 360): 2025-06-20-11-37 MafiaAc3spdif_write_packet
11-05 15:31:33.437 E/AllwinnerAlibs( 360): 2025-06-20-11-37 spdif_header_ac3
11-05 15:31:33.437 E/AllwinnerAlibs( 360): 2025-06-20-11-37 bill set SYNCWORD MafiaAc3spdif_write_packet 365
11-05 15:31:33.437 E/AllwinnerAlibs( 360): 2025-06-20-11-37 MafiaAc3spdif_write_packet 393 re = 6144
11-05 15:31:33.437 E/ac3_decInternal( 360): 2025-06-20-11-37 EAC3frame_PassThrough end OutBuffLen 6144
11-05 15:31:33.520 E/ac3_decInternal( 360): 2025-06-20-11-37 EAC3frame_PassThrough begin
11-05 15:31:33.520 E/AllwinnerAlibs( 360): 2025-06-20-11-37 MafiaAc3spdif_write_header
11-05 15:31:33.520 E/AllwinnerAlibs( 360): 2025-06-20-11-37 MafiaAc3spdif_write_packet
11-05 15:31:33.520 E/AllwinnerAlibs( 360): 2025-06-20-11-37 spdif_header_ac3
11-05 15:31:33.520 E/AllwinnerAlibs( 360): 2025-06-20-11-37 bill set SYNCWORD MafiaAc3spdif_write_packet 365
11-05 15:31:33.520 E/AllwinnerAlibs( 360): 2025-06-20-11-37 MafiaAc3spdif_write_packet 393 re = 6144
11-05 15:31:33.520 E/ac3_decInternal( 360): 2025-06-20-11-37 EAC3frame_PassThrough end OutBuffLen 6144
11-05 15:31:33.521 E/ac3_decInternal( 360): 2025-06-20-11-37 EAC3frame_PassThrough begin
11-05 15:31:33.522 E/AllwinnerAlibs( 360): 2025-06-20-11-37 MafiaAc3spdif_write_header
11-05 15:31:33.522 E/AllwinnerAlibs( 360): 2025-06-20-11-37 MafiaAc3spdif_write_packet
11-05 15:31:33.522 E/AllwinnerAlibs( 360): 2025-06-20-11-37 spdif_header_ac3
11-05 15:31:33.522 E/AllwinnerAlibs( 360): 2025-06-20-11-37 bill set SYNCWORD MafiaAc3spdif_write_packet 365
11-05 15:31:33.522 E/AllwinnerAlibs( 360): 2025-06-20-11-37 MafiaAc3spdif_write_packet 393 re = 6144
11-05 15:31:33.522 E/ac3_decInternal( 360): 2025-06-20-11-37 EAC3frame_PassThrough end OutBuffLen 6144
11-05 15:31:33.605 E/ac3_decInternal( 360): 2025-06-20-11-37 EAC3frame_PassThrough begin
11-05 15:31:33.606 E/AllwinnerAlibs( 360): 2025-06-20-11-37 MafiaAc3spdif_write_header
11-05 15:31:33.607 E/AllwinnerAlibs( 360): 2025-06-20-11-37 MafiaAc3spdif_write_packet
11-05 15:31:33.607 E/AllwinnerAlibs( 360): 2025-06-20-11-37 spdif_header_ac3
11-05 15:31:33.607 E/AllwinnerAlibs( 360): 2025-06-20-11-37 bill set SYNCWORD MafiaAc3spdif_write_packet 365
11-05 15:31:33.607 E/AllwinnerAlibs( 360): 2025-06-20-11-37 MafiaAc3spdif_write_packet 393 re = 6144
11-05 15:31:33.607 E/ac3_decInternal( 360): 2025-06-20-11-37 EAC3frame_PassThrough end OutBuffLen 6144
11-05 15:31:33.607 E/ac3_decInternal( 360): 2025-06-20-11-37 EAC3frame_PassThrough begin
11-05 15:31:33.607 E/AllwinnerAlibs( 360): 2025-06-20-11-37 MafiaAc3spdif_write_header
11-05 15:31:33.607 E/AllwinnerAlibs( 360): 2025-06-20-11-37 MafiaAc3spdif_write_packet
11-05 15:31:33.607 E/AllwinnerAlibs( 360): 2025-06-20-11-37 spdif_header_ac3
11-05 15:31:33.607 E/AllwinnerAlibs( 360): 2025-06-20-11-37 bill set SYNCWORD MafiaAc3spdif_write_packet 365
11-05 15:31:33.607 E/AllwinnerAlibs( 360): 2025-06-20-11-37 MafiaAc3spdif_write_packet 393 re = 6144
11-05 15:31:33.607 E/ac3_decInternal( 360): 2025-06-20-11-37 EAC3frame_PassThrough end OutBuffLen 6144
11-05 15:31:33.607 E/ac3_decInternal( 360): 2025-06-20-11-37 EAC3frame_PassThrough begin
11-05 15:31:33.607 E/AllwinnerAlibs( 360): 2025-06-20-11-37 MafiaAc3spdif_write_header
11-05 15:31:33.607 E/AllwinnerAlibs( 360): 2025-06-20-11-37 MafiaAc3spdif_write_packet
11-05 15:31:33.607 E/AllwinnerAlibs( 360): 2025-06-20-11-37 spdif_header_ac3
11-05 15:31:33.607 E/AllwinnerAlibs( 360): 2025-06-20-11-37 bill set SYNCWORD MafiaAc3spdif_write_packet 365
11-05 15:31:33.607 E/AllwinnerAlibs( 360): 2025-06-20-11-37 MafiaAc3spdif_write_packet 393 re = 6144
11-05 15:31:33.607 E/ac3_decInternal( 360): 2025-06-20-11-37 EAC3frame_PassThrough end OutBuffLen 6144
11-05 15:31:33.691 E/ac3_decInternal( 360): 2025-06-20-11-37 EAC3frame_PassThrough begin
11-05 15:31:33.691 E/AllwinnerAlibs( 360): 2025-06-20-11-37 MafiaAc3spdif_write_header
11-05 15:31:33.691 E/AllwinnerAlibs( 360): 2025-06-20-11-37 MafiaAc3spdif_write_packet
11-05 15:31:33.691 E/AllwinnerAlibs( 360): 2025-06-20-11-37 spdif_header_ac3
11-05 15:31:33.691 E/AllwinnerAlibs( 360): 2025-06-20-11-37 bill set SYNCWORD MafiaAc3spdif_write_packet 365
11-05 15:31:33.691 E/AllwinnerAlibs( 360): 2025-06-20-11-37 MafiaAc3spdif_write_packet 393 re = 6144
11-05 15:31:33.691 E/ac3_decInternal( 360): 2025-06-20-11-37 EAC3frame_PassThrough end OutBuffLen 6144
11-05 15:31:33.692 E/ac3_decInternal( 360): 2025-06-20-11-37 EAC3frame_PassThrough begin
11-05 15:31:33.692 E/AllwinnerAlibs( 360): 2025-06-20-11-37 MafiaAc3spdif_write_header
11-05 15:31:33.692 E/AllwinnerAlibs( 360): 2025-06-20-11-37 MafiaAc3spdif_write_packet
11-05 15:31:33.692 E/AllwinnerAlibs( 360): 2025-06-20-11-37 spdif_header_ac3
11-05 15:31:33.692 E/AllwinnerAlibs( 360): 2025-06-20-11-37 bill set SYNCWORD MafiaAc3spdif_write_packet 365
11-05 15:31:33.692 E/AllwinnerAlibs( 360): 2025-06-20-11-37 MafiaAc3spdif_write_packet 393 re = 6144
11-05 15:31:33.692 E/ac3_decInternal( 360): 2025-06-20-11-37 EAC3frame_PassThrough end OutBuffLen 6144
11-05 15:31:33.776 E/ac3_decInternal( 360): 2025-06-20-11-37 EAC3frame_PassThrough begin
11-05 15:31:33.776 E/AllwinnerAlibs( 360): 2025-06-20-11-37 MafiaAc3spdif_write_header
11-05 15:31:33.776 E/AllwinnerAlibs( 360): 2025-06-20-11-37 MafiaAc3spdif_write_packet
11-05 15:31:33.776 E/AllwinnerAlibs( 360): 2025-06-20-11-37 spdif_header_ac3
11-05 15:31:33.776 E/AllwinnerAlibs( 360): 2025-06-20-11-37 bill set SYNCWORD MafiaAc3spdif_write_packet 365
11-05 15:31:33.776 E/AllwinnerAlibs( 360): 2025-06-20-11-37 MafiaAc3spdif_write_packet 393 re = 6144
11-05 15:31:33.776 E/ac3_decInternal( 360): 2025-06-20-11-37 EAC3frame_PassThrough end OutBuffLen 6144
11-05 15:31:33.777 E/ac3_decInternal( 360): 2025-06-20-11-37 EAC3frame_PassThrough begin
11-05 15:31:33.777 E/AllwinnerAlibs( 360): 2025-06-20-11-37 MafiaAc3spdif_write_header
11-05 15:31:33.777 E/AllwinnerAlibs( 360): 2025-06-20-11-37 MafiaAc3spdif_write_packet
11-05 15:31:33.777 E/AllwinnerAlibs( 360): 2025-06-20-11-37 spdif_header_ac3
11-05 15:31:33.777 E/AllwinnerAlibs( 360): 2025-06-20-11-37 bill set SYNCWORD MafiaAc3spdif_write_packet 365
11-05 15:31:33.777 E/AllwinnerAlibs( 360): 2025-06-20-11-37 MafiaAc3spdif_write_packet 393 re = 6144
11-05 15:31:33.777 E/ac3_decInternal( 360): 2025-06-20-11-37 EAC3frame_PassThrough end OutBuffLen 6144
11-05 15:31:33.777 E/ac3_decInternal( 360): 2025-06-20-11-37 EAC3frame_PassThrough begin
11-05 15:31:33.777 E/AllwinnerAlibs( 360): 2025-06-20-11-37 MafiaAc3spdif_write_header
11-05 15:31:33.777 E/AllwinnerAlibs( 360): 2025-06-20-11-37 MafiaAc3spdif_write_packet
11-05 15:31:33.777 E/AllwinnerAlibs( 360): 2025-06-20-11-37 spdif_header_ac3
11-05 15:31:33.777 E/AllwinnerAlibs( 360): 2025-06-20-11-37 bill set SYNCWORD MafiaAc3spdif_write_packet 365
11-05 15:31:33.777 E/AllwinnerAlibs( 360): 2025-06-20-11-37 MafiaAc3spdif_write_packet 393 re = 6144
11-05 15:31:33.777 E/ac3_decInternal( 360): 2025-06-20-11-37 EAC3frame_PassThrough end OutBuffLen 6144
11-05 15:31:33.861 E/ac3_decInternal( 360): 2025-06-20-11-37 EAC3frame_PassThrough begin
11-05 15:31:33.861 E/AllwinnerAlibs( 360): 2025-06-20-11-37 MafiaAc3spdif_write_header
11-05 15:31:33.861 E/AllwinnerAlibs( 360): 2025-06-20-11-37 MafiaAc3spdif_write_packet
11-05 15:31:33.862 E/AllwinnerAlibs( 360): 2025-06-20-11-37 spdif_header_ac3
11-05 15:31:33.862 E/AllwinnerAlibs( 360): 2025-06-20-11-37 bill set SYNCWORD MafiaAc3spdif_write_packet 365
11-05 15:31:33.862 E/AllwinnerAlibs( 360): 2025-06-20-11-37 MafiaAc3spdif_write_packet 393 re = 6144
11-05 15:31:33.862 E/ac3_decInternal( 360): 2025-06-20-11-37 EAC3frame_PassThrough end OutBuffLen 6144
11-05 15:31:33.863 E/ac3_decInternal( 360): 2025-06-20-11-37 EAC3frame_PassThrough begin
11-05 15:31:33.863 E/AllwinnerAlibs( 360): 2025-06-20-11-37 MafiaAc3spdif_write_header
11-05 15:31:33.863 E/AllwinnerAlibs( 360): 2025-06-20-11-37 MafiaAc3spdif_write_packet
11-05 15:31:33.863 E/AllwinnerAlibs( 360): 2025-06-20-11-37 spdif_header_ac3
11-05 15:31:33.863 E/AllwinnerAlibs( 360): 2025-06-20-11-37 bill set SYNCWORD MafiaAc3spdif_write_packet 365
11-05 15:31:33.863 E/AllwinnerAlibs( 360): 2025-06-20-11-37 MafiaAc3spdif_write_packet 393 re = 6144
11-05 15:31:33.863 E/ac3_decInternal( 360): 2025-06-20-11-37 EAC3frame_PassThrough end OutBuffLen 6144
11-05 15:31:33.864 E/ac3_decInternal( 360): 2025-06-20-11-37 EAC3frame_PassThrough begin
11-05 15:31:33.864 E/AllwinnerAlibs( 360): 2025-06-20-11-37 MafiaAc3spdif_write_header
11-05 15:31:33.864 E/AllwinnerAlibs( 360): 2025-06-20-11-37 MafiaAc3spdif_write_packet
11-05 15:31:33.864 E/AllwinnerAlibs( 360): 2025-06-20-11-37 spdif_header_ac3
11-05 15:31:33.864 E/AllwinnerAlibs( 360): 2025-06-20-11-37 bill set SYNCWORD MafiaAc3spdif_write_packet 365
11-05 15:31:33.864 E/AllwinnerAlibs( 360): 2025-06-20-11-37 MafiaAc3spdif_write_packet 393 re = 6144
11-05 15:31:33.864 E/ac3_decInternal( 360): 2025-06-20-11-37 EAC3frame_PassThrough end OutBuffLen 6144
11-05 15:31:33.947 E/ac3_decInternal( 360): 2025-06-20-11-37 EAC3frame_PassThrough begin
11-05 15:31:33.947 E/AllwinnerAlibs( 360): 2025-06-20-11-37 MafiaAc3spdif_write_header
11-05 15:31:33.948 E/AllwinnerAlibs( 360): 2025-06-20-11-37 MafiaAc3spdif_write_packet
11-05 15:31:33.948 E/AllwinnerAlibs( 360): 2025-06-20-11-37 spdif_header_ac3
11-05 15:31:33.948 E/AllwinnerAlibs( 360): 2025-06-20-11-37 bill set SYNCWORD MafiaAc3spdif_write_packet 365
11-05 15:31:33.948 E/AllwinnerAlibs( 360): 2025-06-20-11-37 MafiaAc3spdif_write_packet 393 re = 6144
11-05 15:31:33.948 E/ac3_decInternal( 360): 2025-06-20-11-37 EAC3frame_PassThrough end OutBuffLen 6144
11-05 15:31:33.948 E/ac3_decInternal( 360): 2025-06-20-11-37 EAC3frame_PassThrough begin
11-05 15:31:33.948 E/AllwinnerAlibs( 360): 2025-06-20-11-37 MafiaAc3spdif_write_header
11-05 15:31:33.948 E/AllwinnerAlibs( 360): 2025-06-20-11-37 MafiaAc3spdif_write_packet
11-05 15:31:33.948 E/AllwinnerAlibs( 360): 2025-06-20-11-37 spdif_header_ac3
11-05 15:31:33.948 E/AllwinnerAlibs( 360): 2025-06-20-11-37 bill set SYNCWORD MafiaAc3spdif_write_packet 365
11-05 15:31:33.948 E/AllwinnerAlibs( 360): 2025-06-20-11-37 MafiaAc3spdif_write_packet 393 re = 6144
11-05 15:31:33.948 E/ac3_decInternal( 360): 2025-06-20-11-37 EAC3frame_PassThrough end OutBuffLen 6144
11-05 15:31:33.949 E/ac3_decInternal( 360): 2025-06-20-11-37 EAC3frame_PassThrough begin
11-05 15:31:33.949 E/AllwinnerAlibs( 360): 2025-06-20-11-37 MafiaAc3spdif_write_header
11-05 15:31:33.949 E/AllwinnerAlibs( 360): 2025-06-20-11-37 MafiaAc3spdif_write_packet
11-05 15:31:33.949 E/AllwinnerAlibs( 360): 2025-06-20-11-37 spdif_header_ac3
11-05 15:31:33.949 E/AllwinnerAlibs( 360): 2025-06-20-11-37 bill set SYNCWORD MafiaAc3spdif_write_packet 365
11-05 15:31:33.949 E/AllwinnerAlibs( 360): 2025-06-20-11-37 MafiaAc3spdif_write_packet 393 re = 6144
11-05 15:31:33.949 E/ac3_decInternal( 360): 2025-06-20-11-37 EAC3frame_PassThrough end OutBuffLen 6144
11-05 15:31:34.034 E/ac3_decInternal( 360): 2025-06-20-11-37 EAC3frame_PassThrough begin
11-05 15:31:34.034 E/AllwinnerAlibs( 360): 2025-06-20-11-37 MafiaAc3spdif_write_header
11-05 15:31:34.034 E/AllwinnerAlibs( 360): 2025-06-20-11-37 MafiaAc3spdif_write_packet
11-05 15:31:34.034 E/AllwinnerAlibs( 360): 2025-06-20-11-37 spdif_header_ac3
11-05 15:31:34.034 E/AllwinnerAlibs( 360): 2025-06-20-11-37 bill set SYNCWORD MafiaAc3spdif_write_packet 365
11-05 15:31:34.034 E/AllwinnerAlibs( 360): 2025-06-20-11-37 MafiaAc3spdif_write_packet 393 re = 6144
11-05 15:31:34.034 E/ac3_decInternal( 360): 2025-06-20-11-37 EAC3frame_PassThrough end OutBuffLen 6144
11-05 15:31:34.035 E/ac3_decInternal( 360): 2025-06-20-11-37 EAC3frame_PassThrough begin
11-05 15:31:34.035 E/AllwinnerAlibs( 360): 2025-06-20-11-37 MafiaAc3spdif_write_header
11-05 15:31:34.035 E/AllwinnerAlibs( 360): 2025-06-20-11-37 MafiaAc3spdif_write_packet
11-05 15:31:34.035 E/AllwinnerAlibs( 360): 2025-06-20-11-37 spdif_header_ac3
11-05 15:31:34.035 E/AllwinnerAlibs( 360): 2025-06-20-11-37 bill set SYNCWORD MafiaAc3spdif_write_packet 365
11-05 15:31:34.035 E/AllwinnerAlibs( 360): 2025-06-20-11-37 MafiaAc3spdif_write_packet 393 re = 6144
11-05 15:31:34.036 E/ac3_decInternal( 360): 2025-06-20-11-37 EAC3frame_PassThrough end OutBuffLen 6144
11-05 15:31:34.054 W/IorapForwardingService( 484): No service published for: iorapd
11-05 15:31:34.119 E/ac3_decInternal( 360): 2025-06-20-11-37 EAC3frame_PassThrough begin
11-05 15:31:34.119 E/AllwinnerAlibs( 360): 2025-06-20-11-37 MafiaAc3spdif_write_header
11-05 15:31:34.119 E/AllwinnerAlibs( 360): 2025-06-20-11-37 MafiaAc3spdif_write_packet
11-05 15:31:34.119 E/AllwinnerAlibs( 360): 2025-06-20-11-37 spdif_header_ac3
11-05 15:31:34.119 E/AllwinnerAlibs( 360): 2025-06-20-11-37 bill set SYNCWORD MafiaAc3spdif_write_packet 365
11-05 15:31:34.119 E/AllwinnerAlibs( 360): 2025-06-20-11-37 MafiaAc3spdif_write_packet 393 re = 6144
11-05 15:31:34.119 E/ac3_decInternal( 360): 2025-06-20-11-37 EAC3frame_PassThrough end OutBuffLen 6144
11-05 15:31:34.119 E/ac3_decInternal( 360): 2025-06-20-11-37 EAC3frame_PassThrough begin
11-05 15:31:34.119 E/AllwinnerAlibs( 360): 2025-06-20-11-37 MafiaAc3spdif_write_header
11-05 15:31:34.119 E/AllwinnerAlibs( 360): 2025-06-20-11-37 MafiaAc3spdif_write_packet
11-05 15:31:34.119 E/AllwinnerAlibs( 360): 2025-06-20-11-37 spdif_header_ac3
11-05 15:31:34.119 E/AllwinnerAlibs( 360): 2025-06-20-11-37 bill set SYNCWORD MafiaAc3spdif_write_packet 365
11-05 15:31:34.119 E/AllwinnerAlibs( 360): 2025-06-20-11-37 MafiaAc3spdif_write_packet 393 re = 6144
11-05 15:31:34.119 E/ac3_decInternal( 360): 2025-06-20-11-37 EAC3frame_PassThrough end OutBuffLen 6144
11-05 15:31:34.120 E/ac3_decInternal( 360): 2025-06-20-11-37 EAC3frame_PassThrough begin
11-05 15:31:34.120 E/AllwinnerAlibs( 360): 2025-06-20-11-37 MafiaAc3spdif_write_header
11-05 15:31:34.120 E/AllwinnerAlibs( 360): 2025-06-20-11-37 MafiaAc3spdif_write_packet
11-05 15:31:34.120 E/AllwinnerAlibs( 360): 2025-06-20-11-37 spdif_header_ac3
11-05 15:31:34.120 E/AllwinnerAlibs( 360): 2025-06-20-11-37 bill set SYNCWORD MafiaAc3spdif_write_packet 365
11-05 15:31:34.120 E/AllwinnerAlibs( 360): 2025-06-20-11-37 MafiaAc3spdif_write_packet 393 re = 6144
11-05 15:31:34.120 E/ac3_decInternal( 360): 2025-06-20-11-37 EAC3frame_PassThrough end OutBuffLen 6144
11-05 15:31:34.203 E/ac3_decInternal( 360): 2025-06-20-11-37 EAC3frame_PassThrough begin
11-05 15:31:34.203 E/AllwinnerAlibs( 360): 2025-06-20-11-37 MafiaAc3spdif_write_header
11-05 15:31:34.203 E/AllwinnerAlibs( 360): 2025-06-20-11-37 MafiaAc3spdif_write_packet
11-05 15:31:34.203 E/AllwinnerAlibs( 360): 2025-06-20-11-37 spdif_header_ac3
11-05 15:31:34.203 E/AllwinnerAlibs( 360): 2025-06-20-11-37 bill set SYNCWORD MafiaAc3spdif_write_packet 365
11-05 15:31:34.203 E/AllwinnerAlibs( 360): 2025-06-20-11-37 MafiaAc3spdif_write_packet 393 re = 6144
11-05 15:31:34.203 E/ac3_decInternal( 360): 2025-06-20-11-37 EAC3frame_PassThrough end OutBuffLen 6144
11-05 15:31:34.204 E/ac3_decInternal( 360): 2025-06-20-11-37 EAC3frame_PassThrough begin
11-05 15:31:34.204 E/AllwinnerAlibs( 360): 2025-06-20-11-37 MafiaAc3spdif_write_header
11-05 15:31:34.204 E/AllwinnerAlibs( 360): 2025-06-20-11-37 MafiaAc3spdif_write_packet
11-05 15:31:34.204 E/AllwinnerAlibs( 360): 2025-06-20-11-37 spdif_header_ac3
11-05 15:31:34.204 E/AllwinnerAlibs( 360): 2025-06-20-11-37 bill set SYNCWORD MafiaAc3spdif_write_packet 365
11-05 15:31:34.204 E/AllwinnerAlibs( 360): 2025-06-20-11-37 MafiaAc3spdif_write_packet 393 re = 6144
11-05 15:31:34.204 E/ac3_decInternal( 360): 2025-06-20-11-37 EAC3frame_PassThrough end OutBuffLen 6144
11-05 15:31:34.288 E/ac3_decInternal( 360): 2025-06-20-11-37 EAC3frame_PassThrough begin
11-05 15:31:34.288 E/AllwinnerAlibs( 360): 2025-06-20-11-37 MafiaAc3spdif_write_header
11-05 15:31:34.288 E/AllwinnerAlibs( 360): 2025-06-20-11-37 MafiaAc3spdif_write_packet
11-05 15:31:34.288 E/AllwinnerAlibs( 360): 2025-06-20-11-37 spdif_header_ac3
11-05 15:31:34.288 E/AllwinnerAlibs( 360): 2025-06-20-11-37 bill set SYNCWORD MafiaAc3spdif_write_packet 365
11-05 15:31:34.288 E/AllwinnerAlibs( 360): 2025-06-20-11-37 MafiaAc3spdif_write_packet 393 re = 6144
11-05 15:31:34.288 E/ac3_decInternal( 360): 2025-06-20-11-37 EAC3frame_PassThrough end OutBuffLen 6144
11-05 15:31:34.288 E/ac3_decInternal( 360): 2025-06-20-11-37 EAC3frame_PassThrough begin
11-05 15:31:34.288 E/AllwinnerAlibs( 360): 2025-06-20-11-37 MafiaAc3spdif_write_header
11-05 15:31:34.288 E/AllwinnerAlibs( 360): 2025-06-20-11-37 MafiaAc3spdif_write_packet
11-05 15:31:34.288 E/AllwinnerAlibs( 360): 2025-06-20-11-37 spdif_header_ac3
11-05 15:31:34.288 E/AllwinnerAlibs( 360): 2025-06-20-11-37 bill set SYNCWORD MafiaAc3spdif_write_packet 365
11-05 15:31:34.288 E/AllwinnerAlibs( 360): 2025-06-20-11-37 MafiaAc3spdif_write_packet 393 re = 6144
11-05 15:31:34.288 E/ac3_decInternal( 360): 2025-06-20-11-37 EAC3frame_PassThrough end OutBuffLen 6144
11-05 15:31:34.289 E/ac3_decInternal( 360): 2025-06-20-11-37 EAC3frame_PassThrough begin
11-05 15:31:34.289 E/AllwinnerAlibs( 360): 2025-06-20-11-37 MafiaAc3spdif_write_header
11-05 15:31:34.289 E/AllwinnerAlibs( 360): 2025-06-20-11-37 MafiaAc3spdif_write_packet
11-05 15:31:34.289 E/AllwinnerAlibs( 360): 2025-06-20-11-37 spdif_header_ac3
11-05 15:31:34.289 E/AllwinnerAlibs( 360): 2025-06-20-11-37 bill set SYNCWORD MafiaAc3spdif_write_packet 365
11-05 15:31:34.289 E/AllwinnerAlibs( 360): 2025-06-20-11-37 MafiaAc3spdif_write_packet 393 re = 6144
11-05 15:31:34.290 E/ac3_decInternal( 360): 2025-06-20-11-37 EAC3frame_PassThrough end OutBuffLen 6144
11-05 15:31:34.374 E/ac3_decInternal( 360): 2025-06-20-11-37 EAC3frame_PassThrough begin
11-05 15:31:34.374 E/AllwinnerAlibs( 360): 2025-06-20-11-37 MafiaAc3spdif_write_header
11-05 15:31:34.374 E/AllwinnerAlibs( 360): 2025-06-20-11-37 MafiaAc3spdif_write_packet
11-05 15:31:34.374 E/AllwinnerAlibs( 360): 2025-06-20-11-37 spdif_header_ac3
11-05 15:31:34.374 E/AllwinnerAlibs( 360): 2025-06-20-11-37 bill set SYNCWORD MafiaAc3spdif_write_packet 365
11-05 15:31:34.374 E/AllwinnerAlibs( 360): 2025-06-20-11-37 MafiaAc3spdif_write_packet 393 re = 6144
11-05 15:31:34.374 E/ac3_decInternal( 360): 2025-06-20-11-37 EAC3frame_PassThrough end OutBuffLen 6144
11-05 15:31:34.375 E/ac3_decInternal( 360): 2025-06-20-11-37 EAC3frame_PassThrough begin
11-05 15:31:34.375 E/AllwinnerAlibs( 360): 2025-06-20-11-37 MafiaAc3spdif_write_header
11-05 15:31:34.375 E/AllwinnerAlibs( 360): 2025-06-20-11-37 MafiaAc3spdif_write_packet
11-05 15:31:34.375 E/AllwinnerAlibs( 360): 2025-06-20-11-37 spdif_header_ac3
11-05 15:31:34.375 E/AllwinnerAlibs( 360): 2025-06-20-11-37 bill set SYNCWORD MafiaAc3spdif_write_packet 365
11-05 15:31:34.375 E/AllwinnerAlibs( 360): 2025-06-20-11-37 MafiaAc3spdif_write_packet 393 re = 6144
11-05 15:31:34.375 E/ac3_decInternal( 360): 2025-06-20-11-37 EAC3frame_PassThrough end OutBuffLen 6144
11-05 15:31:34.375 E/ac3_decInternal( 360): 2025-06-20-11-37 EAC3frame_PassThrough begin
11-05 15:31:34.375 E/AllwinnerAlibs( 360): 2025-06-20-11-37 MafiaAc3spdif_write_header
11-05 15:31:34.375 E/AllwinnerAlibs( 360): 2025-06-20-11-37 MafiaAc3spdif_write_packet
11-05 15:31:34.375 E/AllwinnerAlibs( 360): 2025-06-20-11-37 spdif_header_ac3
11-05 15:31:34.375 E/AllwinnerAlibs( 360): 2025-06-20-11-37 bill set SYNCWORD MafiaAc3spdif_write_packet 365
11-05 15:31:34.375 E/AllwinnerAlibs( 360): 2025-06-20-11-37 MafiaAc3spdif_write_packet 393 re = 6144
11-05 15:31:34.375 E/ac3_decInternal( 360): 2025-06-20-11-37 EAC3frame_PassThrough end OutBuffLen 6144
11-05 15:31:34.375 E/ac3_decInternal( 360): 2025-06-20-11-37 EAC3frame_PassThrough begin
11-05 15:31:34.375 E/AllwinnerAlibs( 360): 2025-06-20-11-37 MafiaAc3spdif_write_header
11-05 15:31:34.375 E/AllwinnerAlibs( 360): 2025-06-20-11-37 MafiaAc3spdif_write_packet
11-05 15:31:34.375 E/AllwinnerAlibs( 360): 2025-06-20-11-37 spdif_header_ac3
11-05 15:31:34.375 E/AllwinnerAlibs( 360): 2025-06-20-11-37 bill set SYNCWORD MafiaAc3spdif_write_packet 365
11-05 15:31:34.375 E/AllwinnerAlibs( 360): 2025-06-20-11-37 MafiaAc3spdif_write_packet 393 re = 6144
11-05 15:31:34.375 E/ac3_decInternal( 360): 2025-06-20-11-37 EAC3frame_PassThrough end OutBuffLen 6144
11-05 15:31:34.375 E/ac3_decInternal( 360): 2025-06-20-11-37 EAC3frame_PassThrough begin
11-05 15:31:34.375 E/AllwinnerAlibs( 360): 2025-06-20-11-37 MafiaAc3spdif_write_header
11-05 15:31:34.375 E/AllwinnerAlibs( 360): 2025-06-20-11-37 MafiaAc3spdif_write_packet
11-05 15:31:34.375 E/AllwinnerAlibs( 360): 2025-06-20-11-37 spdif_header_ac3
11-05 15:31:34.375 E/AllwinnerAlibs( 360): 2025-06-20-11-37 bill set SYNCWORD MafiaAc3spdif_write_packet 365
11-05 15:31:34.375 E/AllwinnerAlibs( 360): 2025-06-20-11-37 MafiaAc3spdif_write_packet 393 re = 6144
11-05 15:31:34.375 E/ac3_decInternal( 360): 2025-06-20-11-37 EAC3frame_PassThrough end OutBuffLen 6144
11-05 15:31:34.375 E/ac3_decInternal( 360): 2025-06-20-11-37 EAC3frame_PassThrough begin
11-05 15:31:34.375 E/AllwinnerAlibs( 360): 2025-06-20-11-37 MafiaAc3spdif_write_header
11-05 15:31:34.375 E/AllwinnerAlibs( 360): 2025-06-20-11-37 MafiaAc3spdif_write_packet
11-05 15:31:34.375 E/AllwinnerAlibs( 360): 2025-06-20-11-37 spdif_header_ac3
11-05 15:31:34.375 E/AllwinnerAlibs( 360): 2025-06-20-11-37 bill set SYNCWORD MafiaAc3spdif_write_packet 365
11-05 15:31:34.375 E/AllwinnerAlibs( 360): 2025-06-20-11-37 MafiaAc3spdif_write_packet 393 re = 6144
11-05 15:31:34.375 E/ac3_decInternal( 360): 2025-06-20-11-37 EAC3frame_PassThrough end OutBuffLen 6144
11-05 15:31:34.375 E/ac3_decInternal( 360): 2025-06-20-11-37 EAC3frame_PassThrough begin
11-05 15:31:34.375 E/AllwinnerAlibs( 360): 2025-06-20-11-37 MafiaAc3spdif_write_header
11-05 15:31:34.375 E/AllwinnerAlibs( 360): 2025-06-20-11-37 MafiaAc3spdif_write_packet
11-05 15:31:34.375 E/AllwinnerAlibs( 360): 2025-06-20-11-37 spdif_header_ac3
11-05 15:31:34.375 E/AllwinnerAlibs( 360): 2025-06-20-11-37 bill set SYNCWORD MafiaAc3spdif_write_packet 365
11-05 15:31:34.376 E/AllwinnerAlibs( 360): 2025-06-20-11-37 MafiaAc3spdif_write_packet 393 re = 6144
11-05 15:31:34.376 E/ac3_decInternal( 360): 2025-06-20-11-37 EAC3frame_PassThrough end OutBuffLen 6144
11-05 15:31:34.376 E/ac3_decInternal( 360): 2025-06-20-11-37 EAC3frame_PassThrough begin
11-05 15:31:34.376 E/AllwinnerAlibs( 360): 2025-06-20-11-37 MafiaAc3spdif_write_header
11-05 15:31:34.376 E/AllwinnerAlibs( 360): 2025-06-20-11-37 MafiaAc3spdif_write_packet
11-05 15:31:34.376 E/AllwinnerAlibs( 360): 2025-06-20-11-37 spdif_header_ac3
11-05 15:31:34.376 E/AllwinnerAlibs( 360): 2025-06-20-11-37 bill set SYNCWORD MafiaAc3spdif_write_packet 365
11-05 15:31:34.376 E/AllwinnerAlibs( 360): 2025-06-20-11-37 MafiaAc3spdif_write_packet 393 re = 6144
11-05 15:31:34.376 E/ac3_decInternal( 360): 2025-06-20-11-37 EAC3frame_PassThrough end OutBuffLen 6144
11-05 15:31:34.376 E/ac3_decInternal( 360): 2025-06-20-11-37 EAC3frame_PassThrough begin
11-05 15:31:34.376 E/AllwinnerAlibs( 360): 2025-06-20-11-37 MafiaAc3spdif_write_header
11-05 15:31:34.376 E/AllwinnerAlibs( 360): 2025-06-20-11-37 MafiaAc3spdif_write_packet
11-05 15:31:34.376 E/AllwinnerAlibs( 360): 2025-06-20-11-37 spdif_header_ac3
11-05 15:31:34.376 E/AllwinnerAlibs( 360): 2025-06-20-11-37 bill set SYNCWORD MafiaAc3spdif_write_packet 365
11-05 15:31:34.376 E/AllwinnerAlibs( 360): 2025-06-20-11-37 MafiaAc3spdif_write_packet 393 re = 6144
11-05 15:31:34.376 E/ac3_decInternal( 360): 2025-06-20-11-37 EAC3frame_PassThrough end OutBuffLen 6144
11-05 15:31:34.376 E/ac3_decInternal( 360): 2025-06-20-11-37 EAC3frame_PassThrough begin
11-05 15:31:34.376 E/AllwinnerAlibs( 360): 2025-06-20-11-37 MafiaAc3spdif_write_header
11-05 15:31:34.376 E/AllwinnerAlibs( 360): 2025-06-20-11-37 MafiaAc3spdif_write_packet
11-05 15:31:34.376 E/AllwinnerAlibs( 360): 2025-06-20-11-37 spdif_header_ac3
11-05 15:31:34.376 E/AllwinnerAlibs( 360): 2025-06-20-11-37 bill set SYNCWORD MafiaAc3spdif_write_packet 365
11-05 15:31:34.376 E/AllwinnerAlibs( 360): 2025-06-20-11-37 MafiaAc3spdif_write_packet 393 re = 6144
11-05 15:31:34.376 E/ac3_decInternal( 360): 2025-06-20-11-37 EAC3frame_PassThrough end OutBuffLen 6144
11-05 15:31:34.376 E/ac3_decInternal( 360): 2025-06-20-11-37 EAC3frame_PassThrough begin
11-05 15:31:34.376 E/AllwinnerAlibs( 360): 2025-06-20-11-37 MafiaAc3spdif_write_header
11-05 15:31:34.376 E/AllwinnerAlibs( 360): 2025-06-20-11-37 MafiaAc3spdif_write_packet
11-05 15:31:34.376 E/AllwinnerAlibs( 360): 2025-06-20-11-37 spdif_header_ac3
11-05 15:31:34.376 E/AllwinnerAlibs( 360): 2025-06-20-11-37 bill set SYNCWORD MafiaAc3spdif_write_packet 365
11-05 15:31:34.376 E/AllwinnerAlibs( 360): 2025-06-20-11-37 MafiaAc3spdif_write_packet 393 re = 6144
11-05 15:31:34.376 E/ac3_decInternal( 360): 2025-06-20-11-37 EAC3frame_PassThrough end OutBuffLen 6144
11-05 15:31:34.376 E/ac3_decInternal( 360): 2025-06-20-11-37 EAC3frame_PassThrough begin
11-05 15:31:34.376 E/AllwinnerAlibs( 360): 2025-06-20-11-37 MafiaAc3spdif_write_header
11-05 15:31:34.376 E/AllwinnerAlibs( 360): 2025-06-20-11-37 MafiaAc3spdif_write_packet
11-05 15:31:34.376 E/AllwinnerAlibs( 360): 2025-06-20-11-37 spdif_header_ac3
11-05 15:31:34.376 E/AllwinnerAlibs( 360): 2025-06-20-11-37 bill set SYNCWORD MafiaAc3spdif_write_packet 365
11-05 15:31:34.376 E/AllwinnerAlibs( 360): 2025-06-20-11-37 MafiaAc3spdif_write_packet 393 re = 6144
11-05 15:31:34.376 E/ac3_decInternal( 360): 2025-06-20-11-37 EAC3frame_PassThrough end OutBuffLen 6144
11-05 15:31:34.376 E/ac3_decInternal( 360): 2025-06-20-11-37 EAC3frame_PassThrough begin
11-05 15:31:34.376 E/AllwinnerAlibs( 360): 2025-06-20-11-37 MafiaAc3spdif_write_header
11-05 15:31:34.376 E/AllwinnerAlibs( 360): 2025-06-20-11-37 MafiaAc3spdif_write_packet
11-05 15:31:34.376 E/AllwinnerAlibs( 360): 2025-06-20-11-37 spdif_header_ac3
11-05 15:31:34.376 E/AllwinnerAlibs( 360): 2025-06-20-11-37 bill set SYNCWORD MafiaAc3spdif_write_packet 365
11-05 15:31:34.376 E/AllwinnerAlibs( 360): 2025-06-20-11-37 MafiaAc3spdif_write_packet 393 re = 6144
11-05 15:31:34.376 E/ac3_decInternal( 360): 2025-06-20-11-37 EAC3frame_PassThrough end OutBuffLen 6144
11-05 15:31:34.376 E/ac3_decInternal( 360): 2025-06-20-11-37 EAC3frame_PassThrough begin
11-05 15:31:34.376 E/AllwinnerAlibs( 360): 2025-06-20-11-37 MafiaAc3spdif_write_header
11-05 15:31:34.376 E/AllwinnerAlibs( 360): 2025-06-20-11-37 MafiaAc3spdif_write_packet
11-05 15:31:34.376 E/AllwinnerAlibs( 360): 2025-06-20-11-37 spdif_header_ac3
11-05 15:31:34.376 E/AllwinnerAlibs( 360): 2025-06-20-11-37 bill set SYNCWORD MafiaAc3spdif_write_packet 365
11-05 15:31:34.376 E/AllwinnerAlibs( 360): 2025-06-20-11-37 MafiaAc3spdif_write_packet 393 re = 6144
11-05 15:31:34.376 E/ac3_decInternal( 360): 2025-06-20-11-37 EAC3frame_PassThrough end OutBuffLen 6144
11-05 15:31:34.376 E/ac3_decInternal( 360): 2025-06-20-11-37 EAC3frame_PassThrough begin
11-05 15:31:34.377 E/AllwinnerAlibs( 360): 2025-06-20-11-37 MafiaAc3spdif_write_header
11-05 15:31:34.377 E/AllwinnerAlibs( 360): 2025-06-20-11-37 MafiaAc3spdif_write_packet
11-05 15:31:34.377 E/AllwinnerAlibs( 360): 2025-06-20-11-37 spdif_header_ac3
11-05 15:31:34.377 E/AllwinnerAlibs( 360): 2025-06-20-11-37 bill set SYNCWORD MafiaAc3spdif_write_packet 365
11-05 15:31:34.377 E/AllwinnerAlibs( 360): 2025-06-20-11-37 MafiaAc3spdif_write_packet 393 re = 6144
11-05 15:31:34.377 E/ac3_decInternal( 360): 2025-06-20-11-37 EAC3frame_PassThrough end OutBuffLen 6144
11-05 15:31:34.377 E/ac3_decInternal( 360): 2025-06-20-11-37 EAC3frame_PassThrough begin
11-05 15:31:34.377 E/AllwinnerAlibs( 360): 2025-06-20-11-37 MafiaAc3spdif_write_header
11-05 15:31:34.377 E/AllwinnerAlibs( 360): 2025-06-20-11-37 MafiaAc3spdif_write_packet
11-05 15:31:34.377 E/AllwinnerAlibs( 360): 2025-06-20-11-37 spdif_header_ac3
11-05 15:31:34.377 E/AllwinnerAlibs( 360): 2025-06-20-11-37 bill set SYNCWORD MafiaAc3spdif_write_packet 365
11-05 15:31:34.377 E/AllwinnerAlibs( 360): 2025-06-20-11-37 MafiaAc3spdif_write_packet 393 re = 6144
11-05 15:31:34.377 E/ac3_decInternal( 360): 2025-06-20-11-37 EAC3frame_PassThrough end OutBuffLen 6144
11-05 15:31:34.377 E/ac3_decInternal( 360): 2025-06-20-11-37 EAC3frame_PassThrough begin
11-05 15:31:34.377 E/AllwinnerAlibs( 360): 2025-06-20-11-37 MafiaAc3spdif_write_header
11-05 15:31:34.377 E/AllwinnerAlibs( 360): 2025-06-20-11-37 MafiaAc3spdif_write_packet
11-05 15:31:34.377 E/AllwinnerAlibs( 360): 2025-06-20-11-37 spdif_header_ac3
11-05 15:31:34.377 E/AllwinnerAlibs( 360): 2025-06-20-11-37 bill set SYNCWORD MafiaAc3spdif_write_packet 365
11-05 15:31:34.377 E/AllwinnerAlibs( 360): 2025-06-20-11-37 MafiaAc3spdif_write_packet 393 re = 6144
11-05 15:31:34.377 E/ac3_decInternal( 360): 2025-06-20-11-37 EAC3frame_PassThrough end OutBuffLen 6144
11-05 15:31:34.377 E/ac3_decInternal( 360): 2025-06-20-11-37 EAC3frame_PassThrough begin
11-05 15:31:34.377 E/AllwinnerAlibs( 360): 2025-06-20-11-37 MafiaAc3spdif_write_header
11-05 15:31:34.377 E/AllwinnerAlibs( 360): 2025-06-20-11-37 MafiaAc3spdif_write_packet
11-05 15:31:34.377 E/AllwinnerAlibs( 360): 2025-06-20-11-37 spdif_header_ac3
11-05 15:31:34.377 E/AllwinnerAlibs( 360): 2025-06-20-11-37 bill set SYNCWORD MafiaAc3spdif_write_packet 365
11-05 15:31:34.377 E/AllwinnerAlibs( 360): 2025-06-20-11-37 MafiaAc3spdif_write_packet 393 re = 6144
11-05 15:31:34.377 E/ac3_decInternal( 360): 2025-06-20-11-37 EAC3frame_PassThrough end OutBuffLen 6144
11-05 15:31:34.509 D/UtilLog ( 2450): 日志批量上报 进行正常循环 !!!!!!本次有0次请求,共0条数据
11-05 15:31:34.528 E/WifiHAL ( 664): wifi_get_link_stats: requestResponse Error:-5
11-05 15:31:34.529 E/WifiVendorHal( 484): getWifiLinkLayerStats_1_5_Internal(l.1191) failed {.code = ERROR_INVALID_ARGS, .description = }
11-05 15:31:34.802 I/cedarc ( 360): : stream buffer 0 ring back.
11-05 15:31:34.868 W/nStackXCoAP( 3645): ParseDeviceJsonData:[149] :Can't find hicom version
11-05 15:31:34.870 D/nStackXCoAP( 3645): IsInSameNetwork:[276] :IsInSameNetwork exec
11-05 15:31:34.870 I/nStackXDFinder( 3645): GetLocalInterfaceDetail:[461] :GetLocalInterfaceDetail in
11-05 15:31:34.870 E/nStackXCoAP( 3645): IsInSameNetwork:[281] :IsInSameNetwork: not priority process
11-05 15:31:34.871 D/nStackXCoAP( 3645): ParseServiceDiscover:[330] :new device join
11-05 15:31:34.871 E/nStackXDFinder( 3645): GetLocalIp:[401] :GetLocalIp exec
11-05 15:31:34.887 E/ac3_decInternal( 360): 2025-06-20-11-37 EAC3frame_PassThrough begin
11-05 15:31:34.887 E/AllwinnerAlibs( 360): 2025-06-20-11-37 MafiaAc3spdif_write_header
11-05 15:31:34.887 E/AllwinnerAlibs( 360): 2025-06-20-11-37 MafiaAc3spdif_write_packet
11-05 15:31:34.887 E/AllwinnerAlibs( 360): 2025-06-20-11-37 spdif_header_ac3
11-05 15:31:34.887 E/AllwinnerAlibs( 360): 2025-06-20-11-37 bill set SYNCWORD MafiaAc3spdif_write_packet 365
11-05 15:31:34.887 E/AllwinnerAlibs( 360): 2025-06-20-11-37 MafiaAc3spdif_write_packet 393 re = 6144
11-05 15:31:34.887 E/ac3_decInternal( 360): 2025-06-20-11-37 EAC3frame_PassThrough end OutBuffLen 6144
11-05 15:31:34.911 W/nStackXCoAP( 3645): ParseDeviceJsonData:[149] :Can't find hicom version
11-05 15:31:34.912 D/nStackXCoAP( 3645): IsInSameNetwork:[276] :IsInSameNetwork exec
11-05 15:31:34.912 I/nStackXDFinder( 3645): GetLocalInterfaceDetail:[461] :GetLocalInterfaceDetail in
11-05 15:31:34.912 E/nStackXCoAP( 3645): IsInSameNetwork:[281] :IsInSameNetwork: not priority process
11-05 15:31:34.913 D/nStackXCoAP( 3645): ParseServiceDiscover:[330] :new device join
11-05 15:31:34.913 E/nStackXDFinder( 3645): GetLocalIp:[401] :GetLocalIp exec
11-05 15:31:34.918 D/nStackXCoAP( 3645): CoapMessageHandler:[133] :2.01
11-05 15:31:34.932 D/nStackXCoAP( 3645): CoapMessageHandler:[133] :2.01
11-05 15:31:34.971 E/ac3_decInternal( 360): 2025-06-20-11-37 EAC3frame_PassThrough begin
11-05 15:31:34.971 E/AllwinnerAlibs( 360): 2025-06-20-11-37 MafiaAc3spdif_write_header
11-05 15:31:34.971 E/AllwinnerAlibs( 360): 2025-06-20-11-37 MafiaAc3spdif_write_packet
11-05 15:31:34.971 E/AllwinnerAlibs( 360): 2025-06-20-11-37 spdif_header_ac3
11-05 15:31:34.971 E/AllwinnerAlibs( 360): 2025-06-20-11-37 bill set SYNCWORD MafiaAc3spdif_write_packet 365
11-05 15:31:34.971 E/AllwinnerAlibs( 360): 2025-06-20-11-37 MafiaAc3spdif_write_packet 393 re = 6144
11-05 15:31:34.971 E/ac3_decInternal( 360): 2025-06-20-11-37 EAC3frame_PassThrough end OutBuffLen 6144
11-05 15:31:34.972 E/ac3_decInternal( 360): 2025-06-20-11-37 EAC3frame_PassThrough begin
11-05 15:31:34.972 E/AllwinnerAlibs( 360): 2025-06-20-11-37 MafiaAc3spdif_write_header
11-05 15:31:34.972 E/AllwinnerAlibs( 360): 2025-06-20-11-37 MafiaAc3spdif_write_packet
11-05 15:31:34.972 E/AllwinnerAlibs( 360): 2025-06-20-11-37 spdif_header_ac3
11-05 15:31:34.972 E/AllwinnerAlibs( 360): 2025-06-20-11-37 bill set SYNCWORD MafiaAc3spdif_write_packet 365
11-05 15:31:34.972 E/AllwinnerAlibs( 360): 2025-06-20-11-37 MafiaAc3spdif_write_packet 393 re = 6144
11-05 15:31:34.972 E/ac3_decInternal( 360): 2025-06-20-11-37 EAC3frame_PassThrough end OutBuffLen 6144
11-05 15:31:35.051 W/nStackXCoAP( 3645): ParseDeviceJsonData:[149] :Can't find hicom version
11-05 15:31:35.052 D/nStackXCoAP( 3645): IsInSameNetwork:[276] :IsInSameNetwork exec
11-05 15:31:35.052 I/nStackXDFinder( 3645): GetLocalInterfaceDetail:[461] :GetLocalInterfaceDetail in
11-05 15:31:35.052 E/nStackXCoAP( 3645): IsInSameNetwork:[281] :IsInSameNetwork: not priority process
11-05 15:31:35.052 D/nStackXCoAP( 3645): ParseServiceDiscover:[330] :new device join
11-05 15:31:35.052 E/nStackXDFinder( 3645): GetLocalIp:[401] :GetLocalIp exec
11-05 15:31:35.057 W/IorapForwardingService( 484): No service published for: iorapd
11-05 15:31:35.057 E/ac3_decInternal( 360): 2025-06-20-11-37 EAC3frame_PassThrough begin
11-05 15:31:35.057 E/AllwinnerAlibs( 360): 2025-06-20-11-37 MafiaAc3spdif_write_header
11-05 15:31:35.057 E/AllwinnerAlibs( 360): 2025-06-20-11-37 MafiaAc3spdif_write_packet
11-05 15:31:35.057 E/AllwinnerAlibs( 360): 2025-06-20-11-37 spdif_header_ac3
11-05 15:31:35.057 E/AllwinnerAlibs( 360): 2025-06-20-11-37 bill set SYNCWORD MafiaAc3spdif_write_packet 365
11-05 15:31:35.057 E/AllwinnerAlibs( 360): 2025-06-20-11-37 MafiaAc3spdif_write_packet 393 re = 6144
11-05 15:31:35.057 E/ac3_decInternal( 360): 2025-06-20-11-37 EAC3frame_PassThrough end OutBuffLen 6144
11-05 15:31:35.058 E/ac3_decInternal( 360): 2025-06-20-11-37 EAC3frame_PassThrough begin
11-05 15:31:35.059 E/AllwinnerAlibs( 360): 2025-06-20-11-37 MafiaAc3spdif_write_header
11-05 15:31:35.059 E/AllwinnerAlibs( 360): 2025-06-20-11-37 MafiaAc3spdif_write_packet
11-05 15:31:35.059 E/AllwinnerAlibs( 360): 2025-06-20-11-37 spdif_header_ac3
11-05 15:31:35.059 E/AllwinnerAlibs( 360): 2025-06-20-11-37 bill set SYNCWORD MafiaAc3spdif_write_packet 365
11-05 15:31:35.059 E/AllwinnerAlibs( 360): 2025-06-20-11-37 MafiaAc3spdif_write_packet 393 re = 6144
11-05 15:31:35.059 E/ac3_decInternal( 360): 2025-06-20-11-37 EAC3frame_PassThrough end OutBuffLen 6144
11-05 15:31:35.059 E/ac3_decInternal( 360): 2025-06-20-11-37 EAC3frame_PassThrough begin
11-05 15:31:35.059 E/AllwinnerAlibs( 360): 2025-06-20-11-37 MafiaAc3spdif_write_header
11-05 15:31:35.059 E/AllwinnerAlibs( 360): 2025-06-20-11-37 MafiaAc3spdif_write_packet
11-05 15:31:35.059 E/AllwinnerAlibs( 360): 2025-06-20-11-37 spdif_header_ac3
11-05 15:31:35.059 E/AllwinnerAlibs( 360): 2025-06-20-11-37 bill set SYNCWORD MafiaAc3spdif_write_packet 365
11-05 15:31:35.059 E/AllwinnerAlibs( 360): 2025-06-20-11-37 MafiaAc3spdif_write_packet 393 re = 6144
11-05 15:31:35.059 E/ac3_decInternal( 360): 2025-06-20-11-37 EAC3frame_PassThrough end OutBuffLen 6144
11-05 15:31:35.068 D/nStackXCoAP( 3645): CoapMessageHandler:[133] :2.01
11-05 15:31:35.142 E/ac3_decInternal( 360): 2025-06-20-11-37 EAC3frame_PassThrough begin
11-05 15:31:35.142 E/AllwinnerAlibs( 360): 2025-06-20-11-37 MafiaAc3spdif_write_header
11-05 15:31:35.142 E/AllwinnerAlibs( 360): 2025-06-20-11-37 MafiaAc3spdif_write_packet
11-05 15:31:35.142 E/AllwinnerAlibs( 360): 2025-06-20-11-37 spdif_header_ac3
11-05 15:31:35.142 E/AllwinnerAlibs( 360): 2025-06-20-11-37 bill set SYNCWORD MafiaAc3spdif_write_packet 365
11-05 15:31:35.142 E/AllwinnerAlibs( 360): 2025-06-20-11-37 MafiaAc3spdif_write_packet 393 re = 6144
11-05 15:31:35.142 E/ac3_decInternal( 360): 2025-06-20-11-37 EAC3frame_PassThrough end OutBuffLen 6144
11-05 15:31:35.143 E/ac3_decInternal( 360): 2025-06-20-11-37 EAC3frame_PassThrough begin
11-05 15:31:35.143 E/AllwinnerAlibs( 360): 2025-06-20-11-37 MafiaAc3spdif_write_header
11-05 15:31:35.143 E/AllwinnerAlibs( 360): 2025-06-20-11-37 MafiaAc3spdif_write_packet
11-05 15:31:35.143 E/AllwinnerAlibs( 360): 2025-06-20-11-37 spdif_header_ac3
11-05 15:31:35.143 E/AllwinnerAlibs( 360): 2025-06-20-11-37 bill set SYNCWORD MafiaAc3spdif_write_packet 365
11-05 15:31:35.143 E/AllwinnerAlibs( 360): 2025-06-20-11-37 MafiaAc3spdif_write_packet 393 re = 6144
11-05 15:31:35.143 E/ac3_decInternal( 360): 2025-06-20-11-37 EAC3frame_PassThrough end OutBuffLen 6144
11-05 15:31:35.144 E/ac3_decInternal( 360): 2025-06-20-11-37 EAC3frame_PassThrough begin
11-05 15:31:35.144 E/AllwinnerAlibs( 360): 2025-06-20-11-37 MafiaAc3spdif_write_header
11-05 15:31:35.144 E/AllwinnerAlibs( 360): 2025-06-20-11-37 MafiaAc3spdif_write_packet
11-05 15:31:35.144 E/AllwinnerAlibs( 360): 2025-06-20-11-37 spdif_header_ac3
11-05 15:31:35.144 E/AllwinnerAlibs( 360): 2025-06-20-11-37 bill set SYNCWORD MafiaAc3spdif_write_packet 365
11-05 15:31:35.144 E/AllwinnerAlibs( 360): 2025-06-20-11-37 MafiaAc3spdif_write_packet 393 re = 6144
11-05 15:31:35.144 E/ac3_decInternal( 360): 2025-06-20-11-37 EAC3frame_PassThrough end OutBuffLen 6144
11-05 15:31:35.189 W/nStackXCoAP( 3645): ParseDeviceJsonData:[149] :Can't find hicom version
11-05 15:31:35.189 D/nStackXCoAP( 3645): IsInSameNetwork:[276] :IsInSameNetwork exec
11-05 15:31:35.189 I/nStackXDFinder( 3645): GetLocalInterfaceDetail:[461] :GetLocalInterfaceDetail in
11-05 15:31:35.189 E/nStackXCoAP( 3645): IsInSameNetwork:[281] :IsInSameNetwork: not priority process
11-05 15:31:35.189 D/nStackXCoAP( 3645): ParseServiceDiscover:[330] :new device join
11-05 15:31:35.189 E/nStackXDFinder( 3645): GetLocalIp:[401] :GetLocalIp exec
11-05 15:31:35.200 D/nStackXCoAP( 3645): CoapMessageHandler:[133] :2.01
11-05 15:31:35.226 E/ac3_decInternal( 360): 2025-06-20-11-37 EAC3frame_PassThrough begin
11-05 15:31:35.226 E/AllwinnerAlibs( 360): 2025-06-20-11-37 MafiaAc3spdif_write_header
11-05 15:31:35.226 E/AllwinnerAlibs( 360): 2025-06-20-11-37 MafiaAc3spdif_write_packet
11-05 15:31:35.226 E/AllwinnerAlibs( 360): 2025-06-20-11-37 spdif_header_ac3
11-05 15:31:35.226 E/AllwinnerAlibs( 360): 2025-06-20-11-37 bill set SYNCWORD MafiaAc3spdif_write_packet 365
11-05 15:31:35.227 E/AllwinnerAlibs( 360): 2025-06-20-11-37 MafiaAc3spdif_write_packet 393 re = 6144
11-05 15:31:35.227 E/ac3_decInternal( 360): 2025-06-20-11-37 EAC3frame_PassThrough end OutBuffLen 6144
11-05 15:31:35.227 E/ac3_decInternal( 360): 2025-06-20-11-37 EAC3frame_PassThrough begin
11-05 15:31:35.227 E/AllwinnerAlibs( 360): 2025-06-20-11-37 MafiaAc3spdif_write_header
11-05 15:31:35.227 E/AllwinnerAlibs( 360): 2025-06-20-11-37 MafiaAc3spdif_write_packet
11-05 15:31:35.227 E/AllwinnerAlibs( 360): 2025-06-20-11-37 spdif_header_ac3
11-05 15:31:35.227 E/AllwinnerAlibs( 360): 2025-06-20-11-37 bill set SYNCWORD MafiaAc3spdif_write_packet 365
11-05 15:31:35.227 E/AllwinnerAlibs( 360): 2025-06-20-11-37 MafiaAc3spdif_write_packet 393 re = 6144
11-05 15:31:35.227 E/ac3_decInternal( 360): 2025-06-20-11-37 EAC3frame_PassThrough end OutBuffLen 6144
11-05 15:31:35.227 E/ac3_decInternal( 360): 2025-06-20-11-37 EAC3frame_PassThrough begin
11-05 15:31:35.227 E/AllwinnerAlibs( 360): 2025-06-20-11-37 MafiaAc3spdif_write_header
11-05 15:31:35.227 E/AllwinnerAlibs( 360): 2025-06-20-11-37 MafiaAc3spdif_write_packet
11-05 15:31:35.227 E/AllwinnerAlibs( 360): 2025-06-20-11-37 spdif_header_ac3
11-05 15:31:35.227 E/AllwinnerAlibs( 360): 2025-06-20-11-37 bill set SYNCWORD MafiaAc3spdif_write_packet 365
11-05 15:31:35.228 E/AllwinnerAlibs( 360): 2025-06-20-11-37 MafiaAc3spdif_write_packet 393 re = 6144
11-05 15:31:35.228 E/ac3_decInternal( 360): 2025-06-20-11-37 EAC3frame_PassThrough end OutBuffLen 6144
11-05 15:31:35.312 E/ac3_decInternal( 360): 2025-06-20-11-37 EAC3frame_PassThrough begin
11-05 15:31:35.312 E/AllwinnerAlibs( 360): 2025-06-20-11-37 MafiaAc3spdif_write_header
11-05 15:31:35.312 E/AllwinnerAlibs( 360): 2025-06-20-11-37 MafiaAc3spdif_write_packet
11-05 15:31:35.312 E/AllwinnerAlibs( 360): 2025-06-20-11-37 spdif_header_ac3
11-05 15:31:35.312 E/AllwinnerAlibs( 360): 2025-06-20-11-37 bill set SYNCWORD MafiaAc3spdif_write_packet 365
11-05 15:31:35.312 E/AllwinnerAlibs( 360): 2025-06-20-11-37 MafiaAc3spdif_write_packet 393 re = 6144
11-05 15:31:35.313 E/ac3_decInternal( 360): 2025-06-20-11-37 EAC3frame_PassThrough end OutBuffLen 6144
11-05 15:31:35.313 E/ac3_decInternal( 360): 2025-06-20-11-37 EAC3frame_PassThrough begin
11-05 15:31:35.313 E/AllwinnerAlibs( 360): 2025-06-20-11-37 MafiaAc3spdif_write_header
11-05 15:31:35.313 E/AllwinnerAlibs( 360): 2025-06-20-11-37 MafiaAc3spdif_write_packet
11-05 15:31:35.313 E/AllwinnerAlibs( 360): 2025-06-20-11-37 spdif_header_ac3
11-05 15:31:35.313 E/AllwinnerAlibs( 360): 2025-06-20-11-37 bill set SYNCWORD MafiaAc3spdif_write_packet 365
11-05 15:31:35.314 E/AllwinnerAlibs( 360): 2025-06-20-11-37 MafiaAc3spdif_write_packet 393 re = 6144
11-05 15:31:35.314 E/ac3_decInternal( 360): 2025-06-20-11-37 EAC3frame_PassThrough end OutBuffLen 6144
11-05 15:31:35.339 W/nStackXCoAP( 3645): ParseDeviceJsonData:[149] :Can't find hicom version
11-05 15:31:35.339 D/nStackXCoAP( 3645): IsInSameNetwork:[276] :IsInSameNetwork exec
11-05 15:31:35.339 I/nStackXDFinder( 3645): GetLocalInterfaceDetail:[461] :GetLocalInterfaceDetail in
11-05 15:31:35.339 E/nStackXCoAP( 3645): IsInSameNetwork:[281] :IsInSameNetwork: not priority process
11-05 15:31:35.339 D/nStackXCoAP( 3645): ParseServiceDiscover:[330] :new device join
11-05 15:31:35.340 E/nStackXDFinder( 3645): GetLocalIp:[401] :GetLocalIp exec
11-05 15:31:35.348 D/nStackXCoAP( 3645): CoapMessageHandler:[133] :2.01
11-05 15:31:35.397 E/ac3_decInternal( 360): 2025-06-20-11-37 EAC3frame_PassThrough begin
11-05 15:31:35.397 E/AllwinnerAlibs( 360): 2025-06-20-11-37 MafiaAc3spdif_write_header
11-05 15:31:35.397 E/AllwinnerAlibs( 360): 2025-06-20-11-37 MafiaAc3spdif_write_packet
