11-05 15:31:50.890 I/gralloc ( 255): alloc buffer:W:1920 H:1080 S:1920 PL[1920 1080] SZ:8294400 fmt:1 if:0 af:1 usg:20000b00 fg:00000004
11-05 15:31:50.894 I/gralloc ( 255): alloc buffer:W:1920 H:1080 S:1920 PL[1920 1080] SZ:8294400 fmt:1 if:0 af:1 usg:20000b00 fg:00000004
11-05 15:31:50.949 D/TvPipController( 684): onTaskStackChanged()
11-05 15:31:51.088 W/IorapForwardingService( 484): No service published for: iorapd
11-05 15:31:51.109 W/AudioManager( 5742): Use of stream types is deprecated for operations other than volume control
11-05 15:31:51.109 W/AudioManager( 5742): See the documentation of requestAudioFocus() for what to use instead with android.media.AudioAttributes to qualify your playback use case
11-05 15:31:51.111 I/MediaFocusControl( 484): requestAudioFocus() from uid/pid 10042/5742 AA=USAGE_MEDIA/CONTENT_TYPE_MUSIC clientId=android.media.AudioManager@74c56c0 callingPack=com.dangbei.lerad.videoposter req=1 flags=0x0 sdk=26
11-05 15:31:51.111 I/AudioService.FadeOutManager( 484): unfadeOutUid() uid:10042
11-05 15:31:51.113 W/System.err( 5742): java.lang.Exception: you should init first
11-05 15:31:51.113 W/System.err( 5742): at com.dangbei.alps.AlpsManager.check(AlpsManager.java:315)
11-05 15:31:51.113 W/System.err( 5742): at com.dangbei.alps.AlpsManager.onResume(AlpsManager.java:240)
11-05 15:31:51.113 W/System.err( 5742): at com.dangbei.leradplayer.activity.PlayerActivity.onResume(PlayerActivity.java:658)
11-05 15:31:51.113 W/System.err( 5742): at android.app.Instrumentation.callActivityOnResume(Instrumentation.java:1476)
11-05 15:31:51.113 W/System.err( 5742): at android.app.Activity.performResume(Activity.java:8190)
11-05 15:31:51.113 W/System.err( 5742): at android.app.ActivityThread.performResumeActivity(ActivityThread.java:4747)
11-05 15:31:51.113 W/System.err( 5742): at android.app.ActivityThread.handleResumeActivity(ActivityThread.java:4790)
11-05 15:31:51.113 W/System.err( 5742): at android.app.servertransaction.ResumeActivityItem.execute(ResumeActivityItem.java:54)
11-05 15:31:51.113 W/System.err( 5742): at android.app.servertransaction.ActivityTransactionItem.execute(ActivityTransactionItem.java:45)
11-05 15:31:51.113 W/System.err( 5742): at android.app.servertransaction.TransactionExecutor.executeLifecycleState(TransactionExecutor.java:176)
11-05 15:31:51.113 W/System.err( 5742): at android.app.servertransaction.TransactionExecutor.execute(TransactionExecutor.java:97)
11-05 15:31:51.114 W/System.err( 5742): at android.app.ActivityThread$H.handleMessage(ActivityThread.java:2210)
11-05 15:31:51.114 W/System.err( 5742): at android.os.Handler.dispatchMessage(Handler.java:106)
11-05 15:31:51.114 W/System.err( 5742): at android.os.Looper.loopOnce(Looper.java:201)
11-05 15:31:51.114 W/System.err( 5742): at android.os.Looper.loop(Looper.java:288)
11-05 15:31:51.114 W/System.err( 5742): at android.app.ActivityThread.main(ActivityThread.java:7854)
11-05 15:31:51.114 W/System.err( 5742): at java.lang.reflect.Method.invoke(Native Method)
11-05 15:31:51.114 W/System.err( 5742): at com.android.internal.os.RuntimeInit$MethodAndArgsCaller.run(RuntimeInit.java:548)
11-05 15:31:51.114 W/System.err( 5742): at com.android.internal.os.ZygoteInit.main(ZygoteInit.java:1182)
11-05 15:31:51.118 W/WindowManager( 484): Failed looking up window session=Session{e5193da 5742:u0a10042} callers=com.android.server.wm.WindowManagerService.windowForClientLocked:5702 com.android.server.wm.Session.insetsModified:629 android.view.IWindowSession$Stub.onTransact:1151
11-05 15:31:51.147 I/gralloc ( 255): alloc buffer:W:1920 H:1080 S:1920 PL[1920 1080] SZ:8294400 fmt:1 if:0 af:1 usg:20000b00 fg:00000004
11-05 15:31:51.163 I/gralloc ( 255): alloc buffer:W:1920 H:1080 S:1920 PL[1920 1080] SZ:8294400 fmt:1 if:0 af:1 usg:20000b00 fg:00000004
11-05 15:31:51.166 D/StartingSurfaceDrawer( 684): Task start finish, remove starting surface for task 171
11-05 15:31:51.166 V/StartingSurfaceDrawer( 684): Removing splash screen window for task: 171
11-05 15:31:51.182 I/gralloc ( 255): alloc buffer:W:1920 H:1080 S:1920 PL[1920 1080] SZ:8294400 fmt:1 if:0 af:1 usg:20000b00 fg:00000004
11-05 15:31:51.189 I/AW_PowerHAL( 259): Power setMode: LAUNCH to: 0
11-05 15:31:51.192 I/AW_PowerHAL( 259): cur-mode:SCHEDUTIL
11-05 15:31:51.197 I/ActivityTaskManager( 484): +++Displayed com.dangbei.lerad.videoposter/com.dangbei.leradplayer.activity.PlayerActivity: +350ms
11-05 15:31:51.229 I/DefaultIMS( 2402): onStartInput attribute=android.view.inputmethod.EditorInfo@622c732 restarting=false inputType: 0
11-05 15:31:51.350 I/gralloc ( 255): alloc buffer:W:860 H:760 S:864 PL[860 760] SZ:2626560 fmt:1 if:0 af:1 usg:20000b00 fg:00000004
11-05 15:31:51.353 I/gralloc ( 255): alloc buffer:W:860 H:760 S:864 PL[860 760] SZ:2626560 fmt:1 if:0 af:1 usg:20000b00 fg:00000004
11-05 15:31:51.354 I/gralloc ( 255): alloc buffer:W:860 H:760 S:864 PL[860 760] SZ:2626560 fmt:1 if:0 af:1 usg:20000b00 fg:00000004
11-05 15:31:51.364 I/cling--ap-96( 3481): type=1400 audit(0.0:2296): avc: denied { read } for name="address" dev="sysfs" ino=16906 scontext=u:r:platform_app:s0:c512,c768 tcontext=u:object_r:sysfs_net:s0 tclass=file permissive=1 app=com.dangbei.screencast
11-05 15:31:51.372 I/cling--ap-96( 3481): type=1400 audit(0.0:2297): avc: denied { open } for path="/sys/devices/virtual/net/dummy0/address" dev="sysfs" ino=16906 scontext=u:r:platform_app:s0:c512,c768 tcontext=u:object_r:sysfs_net:s0 tclass=file permissive=1 app=com.dangbei.screencast
11-05 15:31:51.376 I/cling--ap-96( 3481): type=1400 audit(0.0:2298): avc: denied { getattr } for path="/sys/devices/virtual/net/dummy0/address" dev="sysfs" ino=16906 scontext=u:r:platform_app:s0:c512,c768 tcontext=u:object_r:sysfs_net:s0 tclass=file permissive=1 app=com.dangbei.screencast
11-05 15:31:51.432 I/DefaultIMS( 2402): onStartInput attribute=android.view.inputmethod.EditorInfo@74a7cf5 restarting=false inputType: 0
11-05 15:31:51.518 W/InputManager-JNI( 484): Input channel object '2546f69 Splash Screen com.dangbei.lerad.videoposter (client)' was disposed without first being removed with the input manager!
11-05 15:31:51.533 I/rad.videoposte( 5742): NativeAlloc concurrent copying GC freed 25264(1569KB) AllocSpace objects, 16(768KB) LOS objects, 49% free, 5160KB/10MB, paused 3.394ms total 384.286ms
11-05 15:31:51.767 I/BLEAudioDrive_HV410( 247): data len: 9 1
11-05 15:31:51.768 D/TvWindowManager( 484): key event key = KEYCODE_DPAD_CENTER down = true
11-05 15:31:51.779 D/GpioService( 484): mFlickerEnable = true
11-05 15:31:51.918 D/GpioService( 484): mFlickerEnable = true
11-05 15:31:51.921 I/SogouIME( 2402): onKeyDown: keyoCode=23
11-05 15:31:51.921 I/DefaultIMS( 2402): onKeyDown: keyoCode=23
11-05 15:31:51.926 I/BLEAudioDrive_HV410( 247): data len: 9 1
11-05 15:31:51.926 I/BLEAudioDrive_HV410( 247): keyboard stop
11-05 15:31:51.926 D/TvWindowManager( 484): key event key = KEYCODE_DPAD_CENTER down = false
11-05 15:31:51.929 I/SogouIME( 2402): onKeyUp: keyoCode=23
11-05 15:31:51.929 I/DefaultIMS( 2402): onKeyUp: keyoCode=23
11-05 15:31:51.932 V/MediaPlayer( 5742): resetDrmState: mDrmInfo=null mDrmProvisioningThread=null mPrepareDrmInProgress=false mActiveDrmScheme=false
11-05 15:31:51.932 V/MediaPlayer( 5742): cleanDrmObj: mDrmObj=null mDrmSessionId=null
11-05 15:31:51.939 W/MediaProvider( 1055): Failed to fetch original file descriptor
11-05 15:31:51.939 W/MediaProvider( 1055): java.io.FileNotFoundException: Input file descriptor is already original
11-05 15:31:51.939 W/MediaProvider( 1055): at com.android.providers.media.MediaProvider.getOriginalMediaFormatFileDescriptor(MediaProvider.java:5774)
11-05 15:31:51.939 W/MediaProvider( 1055): at com.android.providers.media.MediaProvider.openTypedAssetFileCommon(MediaProvider.java:7190)
11-05 15:31:51.939 W/MediaProvider( 1055): at com.android.providers.media.MediaProvider.openTypedAssetFile(MediaProvider.java:7171)
11-05 15:31:51.939 W/MediaProvider( 1055): at android.content.ContentProvider$Transport.openTypedAssetFile(ContentProvider.java:548)
11-05 15:31:51.939 W/MediaProvider( 1055): at android.content.ContentProviderNative.onTransact(ContentProviderNative.java:327)
11-05 15:31:51.939 W/MediaProvider( 1055): at android.os.Binder.execTransactInternal(Binder.java:1179)
11-05 15:31:51.939 W/MediaProvider( 1055): at android.os.Binder.execTransact(Binder.java:1143)
11-05 15:31:51.978 D/MediaPlayerFactory( 360): Initialize getpersist = 0 value=
11-05 15:31:51.985 I/awplayer( 360): : process message XPLAYER_COMMAND_SET_SOURCE.
11-05 15:31:52.010 W/awplayer( 360): : Set log level to 4
11-05 15:31:52.011 E/cedarc ( 360): : now cedarc log level:4
11-05 15:31:52.011 I/cedarc ( 360): : CreateVideoDecoder p:0xf20d8380
11-05 15:31:52.011 I/cedarc ( 360): : *** ic_version = 0x3301000012011,
11-05 15:31:52.017 D/ ( 9229): enable_cedar_hw_clk,516
11-05 15:31:52.018 W/VE ( 9229): VE real_freq=648000000
11-05 15:31:52.019 D/SurfaceUtils( 360): connecting to surface 0xf2203808, reason setVideoSurfaceTexture
11-05 15:31:52.023 I/awplayer( 360): : xxxxxxxxxx video size: width = 1280, height = 720
11-05 15:31:52.036 W/InputManager-JNI( 484): Input channel object '149d649 com.dangbei.lerad.videoposter/com.dangbei.leradplayer.activity.PlayerActivity (client)' was disposed without first being removed with the input manager!
11-05 15:31:52.050 W/InputEventReceiver( 5742): Attempted to finish an input event but the input event receiver has already been disposed.
11-05 15:31:52.058 I/awplayer( 360): : isPlaying
11-05 15:31:52.064 D/Allwinner Audio Middle Layer( 360): ver : 2017-8-4-18-00 Create Decoder!!=====
11-05 15:31:52.064 D/Allwinner Audio Middle Layer( 360): ver : 2017-8-4-18-00 AudioDec_Installaudiolib ok
11-05 15:31:52.064 D/Allwinner Audio Middle Layer( 360): ver : 2017-8-4-18-00 audio decoder init start ...
11-05 15:31:52.064 D/AllwinnerAlibs( 360): ver : 2017-8-4-18-00
11-05 15:31:52.064 D/AllwinnerAlibs( 360): >>>>>>>>>>>>>>>>>>>>>>>>>>>>>>> Audio <<<<<<<<<<<<<<<<<<<<<<<<<<<<<<<
11-05 15:31:52.064 D/AllwinnerAlibs( 360): tag : audiocodec-v1.2
11-05 15:31:52.064 D/AllwinnerAlibs( 360): branch: new
11-05 15:31:52.064 D/AllwinnerAlibs( 360): commit: 3ba65962c01cbf1280ddda19d843009b6ef8ce85
11-05 15:31:52.064 D/AllwinnerAlibs( 360): date : Tue Jan 8 16:25:27 2019 +0800
11-05 15:31:52.064 D/AllwinnerAlibs( 360): ----------------------------------------------------------------------
11-05 15:31:52.064 D/AllwinnerAlibs( 360): ver : 2017-8-4-18-00 ----Loading so success!
11-05 15:31:52.065 D/AllwinnerAlibs( 360): ver : 2017-8-4-18-00 *************pAudioStreamInfo start******************
11-05 15:31:52.065 D/AllwinnerAlibs( 360): ver : 2017-8-4-18-00 eCodecFormat :id(5), name(dolby audio)
11-05 15:31:52.065 D/AllwinnerAlibs( 360): ver : 2017-8-4-18-00 eSubCodecFormat :0
11-05 15:31:52.065 D/AllwinnerAlibs( 360): ver : 2017-8-4-18-00 nChannelNum :2
11-05 15:31:52.065 D/AllwinnerAlibs( 360): ver : 2017-8-4-18-00 nBitsPerSample :16
11-05 15:31:52.065 D/AllwinnerAlibs( 360): ver : 2017-8-4-18-00 nSampleRate :48000
11-05 15:31:52.065 D/AllwinnerAlibs( 360): ver : 2017-8-4-18-00 nAvgBitrate :0
11-05 15:31:52.065 D/AllwinnerAlibs( 360): ver : 2017-8-4-18-00 nMaxBitRate :0
11-05 15:31:52.065 D/AllwinnerAlibs( 360): ver : 2017-8-4-18-00 nFileSize :0
11-05 15:31:52.065 D/AllwinnerAlibs( 360): ver : 2017-8-4-18-00 eAudioBitstreamSource:0
11-05 15:31:52.065 D/AllwinnerAlibs( 360): ver : 2017-8-4-18-00 eDataEncodeType :0
11-05 15:31:52.065 D/AllwinnerAlibs( 360): ver : 2017-8-4-18-00 nCodecSpecificDataLen:0
11-05 15:31:52.065 D/AllwinnerAlibs( 360): ver : 2017-8-4-18-00 pCodecSpecificData :0x0
11-05 15:31:52.065 D/AllwinnerAlibs( 360): ver : 2017-8-4-18-00 nFlags :0
11-05 15:31:52.065 D/AllwinnerAlibs( 360): ver : 2017-8-4-18-00 nBlockAlign :0
11-05 15:31:52.065 D/AllwinnerAlibs( 360): ver : 2017-8-4-18-00 *************pAudioStreamInfo end ******************
11-05 15:31:52.066 D/Ac3 Decoder( 360): 2025-06-20-11-37 init successs...
11-05 15:31:52.066 D/Allwinner Audio Middle Layer( 360): ver : 2017-8-4-18-00 AUDIO DECODE INIT OK...0
11-05 15:31:52.067 I/awplayer( 360): : audio render process start message.
11-05 15:31:52.068 D/Alib_edid_parser( 360): 2025-06-20-11-37 check audio code error!
11-05 15:31:52.068 D/Alib_edid_parser( 360): 2025-06-20-11-37 Normal pcm is not supported
11-05 15:31:52.068 D/Alib_edid_parser( 360): 2025-06-20-11-37 Dolby-core 5.1 channel is supported
11-05 15:31:52.068 D/Alib_edid_parser( 360): 2025-06-20-11-37 Dolby truehd 7.1 channel is supported
11-05 15:31:52.068 D/Alib_edid_parser( 360): 2025-06-20-11-37 Dts-core 5.1 channel is supported
11-05 15:31:52.068 D/Alib_edid_parser( 360): 2025-06-20-11-37 Dts-hdma master 7.1 channel is supported
11-05 15:31:52.068 D/Alib_edid_parser( 360): 2025-06-20-11-37 WmaPro is not supported
11-05 15:31:52.068 E/ac3_decInternal( 360): 2025-06-20-11-37 EAC3frameDec score 5
11-05 15:31:52.068 D/Alib_edid_parser( 360): 2025-06-20-11-37 check audio code error!
11-05 15:31:52.068 D/Alib_edid_parser( 360): 2025-06-20-11-37 Normal pcm is not supported
11-05 15:31:52.068 D/Alib_edid_parser( 360): 2025-06-20-11-37 Dolby-core 5.1 channel is supported
11-05 15:31:52.068 D/Alib_edid_parser( 360): 2025-06-20-11-37 Dolby truehd 7.1 channel is supported
11-05 15:31:52.068 D/Alib_edid_parser( 360): 2025-06-20-11-37 Dts-core 5.1 channel is supported
11-05 15:31:52.068 D/Alib_edid_parser( 360): 2025-06-20-11-37 Dts-hdma master 7.1 channel is supported
11-05 15:31:52.068 D/Alib_edid_parser( 360): 2025-06-20-11-37 WmaPro is not supported
11-05 15:31:52.069 E/ac3_decInternal( 360): 2025-06-20-11-37 EAC3frameDec score 5
11-05 15:31:52.069 W/awplayer( 360): : message 0x40a not handled.
11-05 15:31:52.069 I/awplayer( 360): : audio render process pause message.
11-05 15:31:52.069 W/awplayer( 360): <__SdPause:622>: Invalid pause operation, sound device not in start status.
11-05 15:31:52.074 I/awplayer( 360): : audio render process reset message.
11-05 15:31:52.083 I/awplayer( 360): : audio render process start message.
11-05 15:31:52.083 D/Alib_edid_parser( 360): 2025-06-20-11-37 check audio code error!
11-05 15:31:52.083 D/Alib_edid_parser( 360): 2025-06-20-11-37 Normal pcm is not supported
11-05 15:31:52.083 D/Alib_edid_parser( 360): 2025-06-20-11-37 Dolby-core 5.1 channel is supported
11-05 15:31:52.083 D/Alib_edid_parser( 360): 2025-06-20-11-37 Dolby truehd 7.1 channel is supported
11-05 15:31:52.083 D/Alib_edid_parser( 360): 2025-06-20-11-37 Dts-core 5.1 channel is supported
11-05 15:31:52.083 D/Alib_edid_parser( 360): 2025-06-20-11-37 Dts-hdma master 7.1 channel is supported
11-05 15:31:52.083 D/Alib_edid_parser( 360): 2025-06-20-11-37 WmaPro is not supported
11-05 15:31:52.083 E/ac3_decInternal( 360): 2025-06-20-11-37 EAC3frameDec score 5
11-05 15:31:52.084 D/Alib_edid_parser( 360): 2025-06-20-11-37 check audio code error!
11-05 15:31:52.084 D/Alib_edid_parser( 360): 2025-06-20-11-37 Normal pcm is not supported
11-05 15:31:52.084 D/Alib_edid_parser( 360): 2025-06-20-11-37 Dolby-core 5.1 channel is supported
11-05 15:31:52.084 D/Alib_edid_parser( 360): 2025-06-20-11-37 Dolby truehd 7.1 channel is supported
11-05 15:31:52.084 D/Alib_edid_parser( 360): 2025-06-20-11-37 Dts-core 5.1 channel is supported
11-05 15:31:52.084 D/Alib_edid_parser( 360): 2025-06-20-11-37 Dts-hdma master 7.1 channel is supported
11-05 15:31:52.084 D/Alib_edid_parser( 360): 2025-06-20-11-37 WmaPro is not supported
11-05 15:31:52.086 E/ac3_decInternal( 360): 2025-06-20-11-37 EAC3frameDec score 5
11-05 15:31:52.086 D/Alib_edid_parser( 360): 2025-06-20-11-37 check audio code error!
11-05 15:31:52.086 D/Alib_edid_parser( 360): 2025-06-20-11-37 Normal pcm is not supported
11-05 15:31:52.086 D/Alib_edid_parser( 360): 2025-06-20-11-37 Dolby-core 5.1 channel is supported
11-05 15:31:52.086 D/Alib_edid_parser( 360): 2025-06-20-11-37 Dolby truehd 7.1 channel is supported
11-05 15:31:52.086 D/Alib_edid_parser( 360): 2025-06-20-11-37 Dts-core 5.1 channel is supported
11-05 15:31:52.086 D/Alib_edid_parser( 360): 2025-06-20-11-37 Dts-hdma master 7.1 channel is supported
11-05 15:31:52.086 D/Alib_edid_parser( 360): 2025-06-20-11-37 WmaPro is not supported
11-05 15:31:52.086 E/ac3_decInternal( 360): 2025-06-20-11-37 EAC3frameDec score 5
11-05 15:31:52.090 D/AudioFlinger( 266): Client defaulted notificationFrames to 2610 for frameCount 5220
11-05 15:31:52.090 W/IorapForwardingService( 484): No service published for: iorapd
11-05 15:31:52.092 D/AF::TrackHandle( 266): OpPlayAudio: track:101 usage:1 not muted
11-05 15:31:52.100 I/awplayer( 360): : isPlaying
11-05 15:31:52.103 W/awplayer( 360): : submit ---audio--- stream data , pts is 13184.000 ms
11-05 15:31:52.105 D/Alib_edid_parser( 360): 2025-06-20-11-37 check audio code error!
11-05 15:31:52.105 D/Alib_edid_parser( 360): 2025-06-20-11-37 Normal pcm is not supported
11-05 15:31:52.106 D/Alib_edid_parser( 360): 2025-06-20-11-37 Dolby-core 5.1 channel is supported
11-05 15:31:52.106 D/Alib_edid_parser( 360): 2025-06-20-11-37 Dolby truehd 7.1 channel is supported
11-05 15:31:52.106 D/Alib_edid_parser( 360): 2025-06-20-11-37 Dts-core 5.1 channel is supported
11-05 15:31:52.106 D/Alib_edid_parser( 360): 2025-06-20-11-37 Dts-hdma master 7.1 channel is supported
11-05 15:31:52.106 D/Alib_edid_parser( 360): 2025-06-20-11-37 WmaPro is not supported
11-05 15:31:52.106 E/ac3_decInternal( 360): 2025-06-20-11-37 EAC3frameDec score 2
11-05 15:31:52.107 E/ac3_decInternal( 360): 2025-06-20-11-37 EAC3frame_PassThrough begin
11-05 15:31:52.107 E/AllwinnerAlibs( 360): 2025-06-20-11-37 MafiaAc3spdif_write_header
11-05 15:31:52.107 E/AllwinnerAlibs( 360): 2025-06-20-11-37 MafiaAc3spdif_write_packet
11-05 15:31:52.107 E/AllwinnerAlibs( 360): 2025-06-20-11-37 spdif_header_eac3
11-05 15:31:52.107 E/AllwinnerAlibs( 360): 2025-06-20-11-37 MafiaAc3spdif_write_packet 352
11-05 15:31:52.107 E/ac3_decInternal( 360): 2025-06-20-11-37 EAC3frame_PassThrough end OutBuffLen 0
11-05 15:31:52.108 E/ac3_decInternal( 360): 2025-06-20-11-37 EAC3frame_PassThrough begin
11-05 15:31:52.108 E/AllwinnerAlibs( 360): 2025-06-20-11-37 MafiaAc3spdif_write_header
11-05 15:31:52.108 E/AllwinnerAlibs( 360): 2025-06-20-11-37 MafiaAc3spdif_write_packet
11-05 15:31:52.108 E/AllwinnerAlibs( 360): 2025-06-20-11-37 spdif_header_eac3
11-05 15:31:52.108 E/AllwinnerAlibs( 360): 2025-06-20-11-37 bill set SYNCWORD MafiaAc3spdif_write_packet 365
11-05 15:31:52.108 E/AllwinnerAlibs( 360): 2025-06-20-11-37 MafiaAc3spdif_write_packet 393 re = 24576
11-05 15:31:52.108 E/ac3_decInternal( 360): 2025-06-20-11-37 EAC3frame_PassThrough end OutBuffLen 24576
11-05 15:31:52.109 E/ac3_decInternal( 360): 2025-06-20-11-37 EAC3frame_PassThrough begin
11-05 15:31:52.109 E/AllwinnerAlibs( 360): 2025-06-20-11-37 MafiaAc3spdif_write_header
11-05 15:31:52.109 E/AllwinnerAlibs( 360): 2025-06-20-11-37 MafiaAc3spdif_write_packet
11-05 15:31:52.109 E/AllwinnerAlibs( 360): 2025-06-20-11-37 spdif_header_eac3
11-05 15:31:52.109 W/awplayer( 360): <__SdStart:284>: Sound device already started.
11-05 15:31:52.109 E/AllwinnerAlibs( 360): 2025-06-20-11-37 MafiaAc3spdif_write_packet 352
11-05 15:31:52.110 E/ac3_decInternal( 360): 2025-06-20-11-37 EAC3frame_PassThrough end OutBuffLen 0
11-05 15:31:52.110 E/ac3_decInternal( 360): 2025-06-20-11-37 EAC3frame_PassThrough begin
11-05 15:31:52.110 E/AllwinnerAlibs( 360): 2025-06-20-11-37 MafiaAc3spdif_write_header
11-05 15:31:52.110 E/AllwinnerAlibs( 360): 2025-06-20-11-37 MafiaAc3spdif_write_packet
11-05 15:31:52.111 E/AllwinnerAlibs( 360): 2025-06-20-11-37 spdif_header_eac3
11-05 15:31:52.111 E/AllwinnerAlibs( 360): 2025-06-20-11-37 bill set SYNCWORD MafiaAc3spdif_write_packet 365
11-05 15:31:52.111 E/AllwinnerAlibs( 360): 2025-06-20-11-37 MafiaAc3spdif_write_packet 393 re = 24576
11-05 15:31:52.111 E/ac3_decInternal( 360): 2025-06-20-11-37 EAC3frame_PassThrough end OutBuffLen 24576
11-05 15:31:52.111 E/ac3_decInternal( 360): 2025-06-20-11-37 EAC3frame_PassThrough begin
11-05 15:31:52.111 E/AllwinnerAlibs( 360): 2025-06-20-11-37 MafiaAc3spdif_write_header
11-05 15:31:52.111 E/AllwinnerAlibs( 360): 2025-06-20-11-37 MafiaAc3spdif_write_packet
11-05 15:31:52.112 E/AllwinnerAlibs( 360): 2025-06-20-11-37 spdif_header_eac3
11-05 15:31:52.112 E/AllwinnerAlibs( 360): 2025-06-20-11-37 MafiaAc3spdif_write_packet 352
11-05 15:31:52.112 E/ac3_decInternal( 360): 2025-06-20-11-37 EAC3frame_PassThrough end OutBuffLen 0
11-05 15:31:52.112 E/ac3_decInternal( 360): 2025-06-20-11-37 EAC3frame_PassThrough begin
11-05 15:31:52.112 E/AllwinnerAlibs( 360): 2025-06-20-11-37 MafiaAc3spdif_write_header
11-05 15:31:52.112 E/AllwinnerAlibs( 360): 2025-06-20-11-37 MafiaAc3spdif_write_packet
11-05 15:31:52.113 E/AllwinnerAlibs( 360): 2025-06-20-11-37 spdif_header_eac3
11-05 15:31:52.113 E/AllwinnerAlibs( 360): 2025-06-20-11-37 bill set SYNCWORD MafiaAc3spdif_write_packet 365
11-05 15:31:52.113 E/AllwinnerAlibs( 360): 2025-06-20-11-37 MafiaAc3spdif_write_packet 393 re = 24576
11-05 15:31:52.113 E/ac3_decInternal( 360): 2025-06-20-11-37 EAC3frame_PassThrough end OutBuffLen 24576
11-05 15:31:52.114 E/ac3_decInternal( 360): 2025-06-20-11-37 EAC3frame_PassThrough begin
11-05 15:31:52.114 E/ac3_decInternal( 360): 2025-06-20-11-37 TinySkipAccessUnit maybe invalid data len...
11-05 15:31:52.115 I/DefaultIMS( 2402): onStartInput attribute=android.view.inputmethod.EditorInfo@7480a8a restarting=false inputType: 0
11-05 15:31:52.121 W/awplayer( 360): : submit +++video+++ stream data , pts is 13240.000 ms
11-05 15:31:52.124 I/awplayer( 360): : isPlaying
11-05 15:31:52.128 E/AllwinnerAlibs( 360): 2025-06-20-11-37 MafiaAc3spdif_write_header
11-05 15:31:52.128 E/AllwinnerAlibs( 360): 2025-06-20-11-37 MafiaAc3spdif_write_packet
11-05 15:31:52.128 E/AllwinnerAlibs( 360): 2025-06-20-11-37 spdif_header_eac3
11-05 15:31:52.128 E/AllwinnerAlibs( 360): 2025-06-20-11-37 MafiaAc3spdif_write_packet 352
11-05 15:31:52.128 E/ac3_decInternal( 360): 2025-06-20-11-37 EAC3frame_PassThrough end OutBuffLen 0
11-05 15:31:52.128 E/ac3_decInternal( 360): 2025-06-20-11-37 EAC3frame_PassThrough begin
11-05 15:31:52.128 E/AllwinnerAlibs( 360): 2025-06-20-11-37 MafiaAc3spdif_write_header
11-05 15:31:52.128 E/AllwinnerAlibs( 360): 2025-06-20-11-37 MafiaAc3spdif_write_packet
11-05 15:31:52.128 E/AllwinnerAlibs( 360): 2025-06-20-11-37 spdif_header_eac3
11-05 15:31:52.128 E/AllwinnerAlibs( 360): 2025-06-20-11-37 bill set SYNCWORD MafiaAc3spdif_write_packet 365
11-05 15:31:52.128 E/AllwinnerAlibs( 360): 2025-06-20-11-37 MafiaAc3spdif_write_packet 393 re = 24576
11-05 15:31:52.128 E/ac3_decInternal( 360): 2025-06-20-11-37 EAC3frame_PassThrough end OutBuffLen 24576
11-05 15:31:52.128 E/ac3_decInternal( 360): 2025-06-20-11-37 EAC3frame_PassThrough begin
11-05 15:31:52.128 E/AllwinnerAlibs( 360): 2025-06-20-11-37 MafiaAc3spdif_write_header
11-05 15:31:52.128 E/AllwinnerAlibs( 360): 2025-06-20-11-37 MafiaAc3spdif_write_packet
11-05 15:31:52.128 E/AllwinnerAlibs( 360): 2025-06-20-11-37 spdif_header_eac3
11-05 15:31:52.128 E/AllwinnerAlibs( 360): 2025-06-20-11-37 MafiaAc3spdif_write_packet 352
11-05 15:31:52.128 E/ac3_decInternal( 360): 2025-06-20-11-37 EAC3frame_PassThrough end OutBuffLen 0
11-05 15:31:52.128 E/ac3_decInternal( 360): 2025-06-20-11-37 EAC3frame_PassThrough begin
11-05 15:31:52.128 E/AllwinnerAlibs( 360): 2025-06-20-11-37 MafiaAc3spdif_write_header
11-05 15:31:52.128 E/AllwinnerAlibs( 360): 2025-06-20-11-37 MafiaAc3spdif_write_packet
11-05 15:31:52.128 E/AllwinnerAlibs( 360): 2025-06-20-11-37 spdif_header_eac3
11-05 15:31:52.128 E/AllwinnerAlibs( 360): 2025-06-20-11-37 bill set SYNCWORD MafiaAc3spdif_write_packet 365
11-05 15:31:52.128 E/AllwinnerAlibs( 360): 2025-06-20-11-37 MafiaAc3spdif_write_packet 393 re = 24576
11-05 15:31:52.128 E/ac3_decInternal( 360): 2025-06-20-11-37 EAC3frame_PassThrough end OutBuffLen 24576
11-05 15:31:52.128 E/ac3_decInternal( 360): 2025-06-20-11-37 EAC3frame_PassThrough begin
11-05 15:31:52.128 E/AllwinnerAlibs( 360): 2025-06-20-11-37 MafiaAc3spdif_write_header
11-05 15:31:52.128 E/AllwinnerAlibs( 360): 2025-06-20-11-37 MafiaAc3spdif_write_packet
11-05 15:31:52.128 E/AllwinnerAlibs( 360): 2025-06-20-11-37 spdif_header_eac3
11-05 15:31:52.128 E/AllwinnerAlibs( 360): 2025-06-20-11-37 MafiaAc3spdif_write_packet 352
11-05 15:31:52.128 E/ac3_decInternal( 360): 2025-06-20-11-37 EAC3frame_PassThrough end OutBuffLen 0
11-05 15:31:52.128 E/ac3_decInternal( 360): 2025-06-20-11-37 EAC3frame_PassThrough begin
11-05 15:31:52.128 E/AllwinnerAlibs( 360): 2025-06-20-11-37 MafiaAc3spdif_write_header
11-05 15:31:52.128 E/AllwinnerAlibs( 360): 2025-06-20-11-37 MafiaAc3spdif_write_packet
11-05 15:31:52.128 E/AllwinnerAlibs( 360): 2025-06-20-11-37 spdif_header_eac3
11-05 15:31:52.128 E/AllwinnerAlibs( 360): 2025-06-20-11-37 bill set SYNCWORD MafiaAc3spdif_write_packet 365
11-05 15:31:52.128 E/AllwinnerAlibs( 360): 2025-06-20-11-37 MafiaAc3spdif_write_packet 393 re = 24576
11-05 15:31:52.129 E/ac3_decInternal( 360): 2025-06-20-11-37 EAC3frame_PassThrough end OutBuffLen 24576
11-05 15:31:52.129 E/ac3_decInternal( 360): 2025-06-20-11-37 EAC3frame_PassThrough begin
11-05 15:31:52.129 E/AllwinnerAlibs( 360): 2025-06-20-11-37 MafiaAc3spdif_write_header
11-05 15:31:52.129 E/AllwinnerAlibs( 360): 2025-06-20-11-37 MafiaAc3spdif_write_packet
11-05 15:31:52.129 E/AllwinnerAlibs( 360): 2025-06-20-11-37 spdif_header_eac3
11-05 15:31:52.129 E/AllwinnerAlibs( 360): 2025-06-20-11-37 MafiaAc3spdif_write_packet 352
11-05 15:31:52.129 E/ac3_decInternal( 360): 2025-06-20-11-37 EAC3frame_PassThrough end OutBuffLen 0
11-05 15:31:52.129 E/ac3_decInternal( 360): 2025-06-20-11-37 EAC3frame_PassThrough begin
11-05 15:31:52.129 E/AllwinnerAlibs( 360): 2025-06-20-11-37 MafiaAc3spdif_write_header
11-05 15:31:52.129 E/AllwinnerAlibs( 360): 2025-06-20-11-37 MafiaAc3spdif_write_packet
11-05 15:31:52.129 E/AllwinnerAlibs( 360): 2025-06-20-11-37 spdif_header_eac3
11-05 15:31:52.129 E/AllwinnerAlibs( 360): 2025-06-20-11-37 bill set SYNCWORD MafiaAc3spdif_write_packet 365
11-05 15:31:52.129 E/AllwinnerAlibs( 360): 2025-06-20-11-37 MafiaAc3spdif_write_packet 393 re = 24576
11-05 15:31:52.129 E/ac3_decInternal( 360): 2025-06-20-11-37 EAC3frame_PassThrough end OutBuffLen 24576
11-05 15:31:52.129 E/ac3_decInternal( 360): 2025-06-20-11-37 EAC3frame_PassThrough begin
11-05 15:31:52.129 E/AllwinnerAlibs( 360): 2025-06-20-11-37 MafiaAc3spdif_write_header
11-05 15:31:52.129 E/AllwinnerAlibs( 360): 2025-06-20-11-37 MafiaAc3spdif_write_packet
11-05 15:31:52.129 E/AllwinnerAlibs( 360): 2025-06-20-11-37 spdif_header_eac3
11-05 15:31:52.129 E/AllwinnerAlibs( 360): 2025-06-20-11-37 MafiaAc3spdif_write_packet 352
11-05 15:31:52.129 E/ac3_decInternal( 360): 2025-06-20-11-37 EAC3frame_PassThrough end OutBuffLen 0
11-05 15:31:52.129 E/ac3_decInternal( 360): 2025-06-20-11-37 EAC3frame_PassThrough begin
11-05 15:31:52.129 E/AllwinnerAlibs( 360): 2025-06-20-11-37 MafiaAc3spdif_write_header
11-05 15:31:52.129 E/AllwinnerAlibs( 360): 2025-06-20-11-37 MafiaAc3spdif_write_packet
11-05 15:31:52.129 E/AllwinnerAlibs( 360): 2025-06-20-11-37 spdif_header_eac3
11-05 15:31:52.129 E/AllwinnerAlibs( 360): 2025-06-20-11-37 bill set SYNCWORD MafiaAc3spdif_write_packet 365
11-05 15:31:52.129 E/AllwinnerAlibs( 360): 2025-06-20-11-37 MafiaAc3spdif_write_packet 393 re = 24576
11-05 15:31:52.129 E/ac3_decInternal( 360): 2025-06-20-11-37 EAC3frame_PassThrough end OutBuffLen 24576
11-05 15:31:52.129 E/ac3_decInternal( 360): 2025-06-20-11-37 EAC3frame_PassThrough begin
11-05 15:31:52.129 E/AllwinnerAlibs( 360): 2025-06-20-11-37 MafiaAc3spdif_write_header
11-05 15:31:52.129 E/AllwinnerAlibs( 360): 2025-06-20-11-37 MafiaAc3spdif_write_packet
11-05 15:31:52.129 E/AllwinnerAlibs( 360): 2025-06-20-11-37 spdif_header_eac3
11-05 15:31:52.129 E/AllwinnerAlibs( 360): 2025-06-20-11-37 MafiaAc3spdif_write_packet 352
11-05 15:31:52.129 E/ac3_decInternal( 360): 2025-06-20-11-37 EAC3frame_PassThrough end OutBuffLen 0
11-05 15:31:52.129 E/ac3_decInternal( 360): 2025-06-20-11-37 EAC3frame_PassThrough begin
11-05 15:31:52.129 E/AllwinnerAlibs( 360): 2025-06-20-11-37 MafiaAc3spdif_write_header
11-05 15:31:52.129 E/AllwinnerAlibs( 360): 2025-06-20-11-37 MafiaAc3spdif_write_packet
11-05 15:31:52.129 E/AllwinnerAlibs( 360): 2025-06-20-11-37 spdif_header_eac3
11-05 15:31:52.129 E/AllwinnerAlibs( 360): 2025-06-20-11-37 bill set SYNCWORD MafiaAc3spdif_write_packet 365
11-05 15:31:52.129 E/AllwinnerAlibs( 360): 2025-06-20-11-37 MafiaAc3spdif_write_packet 393 re = 24576
11-05 15:31:52.129 E/ac3_decInternal( 360): 2025-06-20-11-37 EAC3frame_PassThrough end OutBuffLen 24576
11-05 15:31:52.129 E/ac3_decInternal( 360): 2025-06-20-11-37 EAC3frame_PassThrough begin
11-05 15:31:52.129 E/AllwinnerAlibs( 360): 2025-06-20-11-37 MafiaAc3spdif_write_header
11-05 15:31:52.129 E/AllwinnerAlibs( 360): 2025-06-20-11-37 MafiaAc3spdif_write_packet
11-05 15:31:52.129 E/AllwinnerAlibs( 360): 2025-06-20-11-37 spdif_header_eac3
11-05 15:31:52.129 E/AllwinnerAlibs( 360): 2025-06-20-11-37 MafiaAc3spdif_write_packet 352
11-05 15:31:52.129 E/ac3_decInternal( 360): 2025-06-20-11-37 EAC3frame_PassThrough end OutBuffLen 0
11-05 15:31:52.129 E/ac3_decInternal( 360): 2025-06-20-11-37 EAC3frame_PassThrough begin
11-05 15:31:52.129 E/ac3_decInternal( 360): 2025-06-20-11-37 EAC3frame_PassThrough begin
11-05 15:31:52.136 I/cedarc ( 360): : Video Stream Information:
11-05 15:31:52.137 I/cedarc ( 360): : codec = H264
11-05 15:31:52.137 I/cedarc ( 360): : width = 1280 pixels
11-05 15:31:52.137 I/cedarc ( 360): : height = 720 pixels
11-05 15:31:52.137 I/cedarc ( 360): : frame rate = 25000
11-05 15:31:52.137 I/cedarc ( 360): : frame duration = 0 us
11-05 15:31:52.137 I/cedarc ( 360): : aspect ratio = 0
11-05 15:31:52.137 I/cedarc ( 360): : is 3D stream = no
11-05 15:31:52.137 I/cedarc ( 360): : Video Stream Information:
11-05 15:31:52.137 I/cedarc ( 360): : codec = H264
11-05 15:31:52.137 I/cedarc ( 360): : width = 1280 pixels
11-05 15:31:52.137 I/cedarc ( 360): : height = 720 pixels
11-05 15:31:52.137 I/cedarc ( 360): : frame rate = 25000
11-05 15:31:52.137 I/cedarc ( 360): : frame duration = 0 us
11-05 15:31:52.137 I/cedarc ( 360): : aspect ratio = 0
11-05 15:31:52.137 I/cedarc ( 360): : is 3D stream = no
11-05 15:31:52.141 I/gralloc ( 255): alloc buffer:W:1280 H:736 S:1280 PL[1280 736] SZ:1413184 fmt:842094169 if:0 af:842094169 usg:410960 fg:00000004
11-05 15:31:52.143 W/[Gralloc-Warning]( 360): mali_gralloc_lock:288 Buffers with YUV compatible formats should be locked using GRALLOC1_FUNCTION_LOCK_FLEX. Requested format is:0x32315659
11-05 15:31:52.149 E/ac3_decInternal( 360): 2025-06-20-11-37 EAC3frame_PassThrough begin
11-05 15:31:52.149 E/AllwinnerAlibs( 360): 2025-06-20-11-37 MafiaAc3spdif_write_header
11-05 15:31:52.149 E/AllwinnerAlibs( 360): 2025-06-20-11-37 MafiaAc3spdif_write_packet
11-05 15:31:52.149 E/AllwinnerAlibs( 360): 2025-06-20-11-37 spdif_header_eac3
11-05 15:31:52.149 E/AllwinnerAlibs( 360): 2025-06-20-11-37 bill set SYNCWORD MafiaAc3spdif_write_packet 365
11-05 15:31:52.149 E/AllwinnerAlibs( 360): 2025-06-20-11-37 MafiaAc3spdif_write_packet 393 re = 24576
11-05 15:31:52.149 E/ac3_decInternal( 360): 2025-06-20-11-37 EAC3frame_PassThrough end OutBuffLen 24576
11-05 15:31:52.149 I/gralloc ( 255): alloc buffer:W:1280 H:736 S:1280 PL[1280 736] SZ:1413184 fmt:842094169 if:0 af:842094169 usg:410960 fg:00000004
11-05 15:31:52.149 E/ac3_decInternal( 360): 2025-06-20-11-37 EAC3frame_PassThrough begin
11-05 15:31:52.149 E/AllwinnerAlibs( 360): 2025-06-20-11-37 MafiaAc3spdif_write_header
11-05 15:31:52.150 E/AllwinnerAlibs( 360): 2025-06-20-11-37 MafiaAc3spdif_write_packet
11-05 15:31:52.150 E/AllwinnerAlibs( 360): 2025-06-20-11-37 spdif_header_eac3
11-05 15:31:52.150 E/AllwinnerAlibs( 360): 2025-06-20-11-37 MafiaAc3spdif_write_packet 352
11-05 15:31:52.150 E/ac3_decInternal( 360): 2025-06-20-11-37 EAC3frame_PassThrough end OutBuffLen 0
11-05 15:31:52.150 E/ac3_decInternal( 360): 2025-06-20-11-37 EAC3frame_PassThrough begin
11-05 15:31:52.150 E/AllwinnerAlibs( 360): 2025-06-20-11-37 MafiaAc3spdif_write_header
11-05 15:31:52.150 E/AllwinnerAlibs( 360): 2025-06-20-11-37 MafiaAc3spdif_write_packet
11-05 15:31:52.150 E/AllwinnerAlibs( 360): 2025-06-20-11-37 spdif_header_eac3
11-05 15:31:52.150 E/AllwinnerAlibs( 360): 2025-06-20-11-37 bill set SYNCWORD MafiaAc3spdif_write_packet 365
11-05 15:31:52.150 E/AllwinnerAlibs( 360): 2025-06-20-11-37 MafiaAc3spdif_write_packet 393 re = 24576
11-05 15:31:52.150 E/ac3_decInternal( 360): 2025-06-20-11-37 EAC3frame_PassThrough end OutBuffLen 24576
11-05 15:31:52.150 E/ac3_decInternal( 360): 2025-06-20-11-37 EAC3frame_PassThrough begin
11-05 15:31:52.150 E/AllwinnerAlibs( 360): 2025-06-20-11-37 MafiaAc3spdif_write_header
11-05 15:31:52.150 E/AllwinnerAlibs( 360): 2025-06-20-11-37 MafiaAc3spdif_write_packet
11-05 15:31:52.152 W/[Gralloc-Warning]( 360): mali_gralloc_lock:288 Buffers with YUV compatible formats should be locked using GRALLOC1_FUNCTION_LOCK_FLEX. Requested format is:0x32315659
11-05 15:31:52.154 I/gralloc ( 255): alloc buffer:W:1280 H:736 S:1280 PL[1280 736] SZ:1413184 fmt:842094169 if:0 af:842094169 usg:410960 fg:00000004
11-05 15:31:52.150 E/AllwinnerAlibs( 360): 2025-06-20-11-37 spdif_header_eac3
11-05 15:31:52.156 E/AllwinnerAlibs( 360): 2025-06-20-11-37 MafiaAc3spdif_write_packet 352
11-05 15:31:52.156 E/ac3_decInternal( 360): 2025-06-20-11-37 EAC3frame_PassThrough end OutBuffLen 0
11-05 15:31:52.156 E/ac3_decInternal( 360): 2025-06-20-11-37 EAC3frame_PassThrough begin
11-05 15:31:52.156 E/AllwinnerAlibs( 360): 2025-06-20-11-37 MafiaAc3spdif_write_header
11-05 15:31:52.156 E/AllwinnerAlibs( 360): 2025-06-20-11-37 MafiaAc3spdif_write_packet
11-05 15:31:52.156 E/AllwinnerAlibs( 360): 2025-06-20-11-37 spdif_header_eac3
11-05 15:31:52.157 E/AllwinnerAlibs( 360): 2025-06-20-11-37 bill set SYNCWORD MafiaAc3spdif_write_packet 365
11-05 15:31:52.157 I/cedarc ( 360): : Video Stream Information:
11-05 15:31:52.157 W/[Gralloc-Warning]( 360): mali_gralloc_lock:288 Buffers with YUV compatible formats should be locked using GRALLOC1_FUNCTION_LOCK_FLEX. Requested format is:0x32315659
11-05 15:31:52.157 I/cedarc ( 360): : codec = H264
11-05 15:31:52.157 I/cedarc ( 360): : width = 1280 pixels
11-05 15:31:52.157 I/cedarc ( 360): : height = 720 pixels
11-05 15:31:52.157 I/cedarc ( 360): : frame rate = 25000
11-05 15:31:52.157 I/cedarc ( 360): : frame duration = 0 us
11-05 15:31:52.157 I/cedarc ( 360): : aspect ratio = 0
11-05 15:31:52.157 I/cedarc ( 360): : is 3D stream = no
11-05 15:31:52.159 E/AllwinnerAlibs( 360): 2025-06-20-11-37 MafiaAc3spdif_write_packet 393 re = 24576
11-05 15:31:52.159 I/gralloc ( 255): alloc buffer:W:1280 H:736 S:1280 PL[1280 736] SZ:1413184 fmt:842094169 if:0 af:842094169 usg:410960 fg:00000004
11-05 15:31:52.159 E/ac3_decInternal( 360): 2025-06-20-11-37 EAC3frame_PassThrough end OutBuffLen 24576
11-05 15:31:52.160 E/ac3_decInternal( 360): 2025-06-20-11-37 EAC3frame_PassThrough begin
11-05 15:31:52.160 E/AllwinnerAlibs( 360): 2025-06-20-11-37 MafiaAc3spdif_write_header
11-05 15:31:52.160 E/AllwinnerAlibs( 360): 2025-06-20-11-37 MafiaAc3spdif_write_packet
11-05 15:31:52.160 E/AllwinnerAlibs( 360): 2025-06-20-11-37 spdif_header_eac3
11-05 15:31:52.160 E/AllwinnerAlibs( 360): 2025-06-20-11-37 MafiaAc3spdif_write_packet 352
11-05 15:31:52.160 E/ac3_decInternal( 360): 2025-06-20-11-37 EAC3frame_PassThrough end OutBuffLen 0
11-05 15:31:52.161 E/ac3_decInternal( 360): 2025-06-20-11-37 EAC3frame_PassThrough begin
11-05 15:31:52.161 E/AllwinnerAlibs( 360): 2025-06-20-11-37 MafiaAc3spdif_write_header
11-05 15:31:52.161 E/AllwinnerAlibs( 360): 2025-06-20-11-37 MafiaAc3spdif_write_packet
11-05 15:31:52.161 E/AllwinnerAlibs( 360): 2025-06-20-11-37 spdif_header_eac3
11-05 15:31:52.161 E/AllwinnerAlibs( 360): 2025-06-20-11-37 bill set SYNCWORD MafiaAc3spdif_write_packet 365
11-05 15:31:52.161 E/AllwinnerAlibs( 360): 2025-06-20-11-37 MafiaAc3spdif_write_packet 393 re = 24576
11-05 15:31:52.161 E/ac3_decInternal( 360): 2025-06-20-11-37 EAC3frame_PassThrough end OutBuffLen 24576
11-05 15:31:52.162 W/[Gralloc-Warning]( 360): mali_gralloc_lock:288 Buffers with YUV compatible formats should be locked using GRALLOC1_FUNCTION_LOCK_FLEX. Requested format is:0x32315659
11-05 15:31:52.163 E/ac3_decInternal( 360): 2025-06-20-11-37 EAC3frame_PassThrough begin
11-05 15:31:52.163 E/AllwinnerAlibs( 360): 2025-06-20-11-37 MafiaAc3spdif_write_header
11-05 15:31:52.163 E/AllwinnerAlibs( 360): 2025-06-20-11-37 MafiaAc3spdif_write_packet
11-05 15:31:52.163 E/AllwinnerAlibs( 360): 2025-06-20-11-37 spdif_header_eac3
11-05 15:31:52.163 E/AllwinnerAlibs( 360): 2025-06-20-11-37 MafiaAc3spdif_write_packet 352
11-05 15:31:52.163 E/ac3_decInternal( 360): 2025-06-20-11-37 EAC3frame_PassThrough end OutBuffLen 0
11-05 15:31:52.163 E/ac3_decInternal( 360): 2025-06-20-11-37 EAC3frame_PassThrough begin
11-05 15:31:52.163 E/AllwinnerAlibs( 360): 2025-06-20-11-37 MafiaAc3spdif_write_header
11-05 15:31:52.163 E/AllwinnerAlibs( 360): 2025-06-20-11-37 MafiaAc3spdif_write_packet
11-05 15:31:52.163 E/AllwinnerAlibs( 360): 2025-06-20-11-37 spdif_header_eac3
11-05 15:31:52.163 E/AllwinnerAlibs( 360): 2025-06-20-11-37 bill set SYNCWORD MafiaAc3spdif_write_packet 365
11-05 15:31:52.163 E/AllwinnerAlibs( 360): 2025-06-20-11-37 MafiaAc3spdif_write_packet 393 re = 24576
11-05 15:31:52.163 E/ac3_decInternal( 360): 2025-06-20-11-37 EAC3frame_PassThrough end OutBuffLen 24576
11-05 15:31:52.164 E/ac3_decInternal( 360): 2025-06-20-11-37 EAC3frame_PassThrough begin
11-05 15:31:52.164 E/AllwinnerAlibs( 360): 2025-06-20-11-37 MafiaAc3spdif_write_header
11-05 15:31:52.164 E/AllwinnerAlibs( 360): 2025-06-20-11-37 MafiaAc3spdif_write_packet
11-05 15:31:52.164 E/AllwinnerAlibs( 360): 2025-06-20-11-37 spdif_header_eac3
11-05 15:31:52.164 E/AllwinnerAlibs( 360): 2025-06-20-11-37 MafiaAc3spdif_write_packet 352
11-05 15:31:52.164 E/ac3_decInternal( 360): 2025-06-20-11-37 EAC3frame_PassThrough end OutBuffLen 0
11-05 15:31:52.164 I/gralloc ( 255): alloc buffer:W:1280 H:736 S:1280 PL[1280 736] SZ:1413184 fmt:842094169 if:0 af:842094169 usg:410960 fg:00000004
11-05 15:31:52.164 E/ac3_decInternal( 360): 2025-06-20-11-37 EAC3frame_PassThrough begin
11-05 15:31:52.164 E/AllwinnerAlibs( 360): 2025-06-20-11-37 MafiaAc3spdif_write_header
11-05 15:31:52.164 E/AllwinnerAlibs( 360): 2025-06-20-11-37 MafiaAc3spdif_write_packet
11-05 15:31:52.164 E/AllwinnerAlibs( 360): 2025-06-20-11-37 spdif_header_eac3
11-05 15:31:52.164 E/AllwinnerAlibs( 360): 2025-06-20-11-37 bill set SYNCWORD MafiaAc3spdif_write_packet 365
11-05 15:31:52.164 E/AllwinnerAlibs( 360): 2025-06-20-11-37 MafiaAc3spdif_write_packet 393 re = 24576
11-05 15:31:52.164 E/ac3_decInternal( 360): 2025-06-20-11-37 EAC3frame_PassThrough end OutBuffLen 24576
11-05 15:31:52.164 E/ac3_decInternal( 360): 2025-06-20-11-37 EAC3frame_PassThrough begin
11-05 15:31:52.164 E/AllwinnerAlibs( 360): 2025-06-20-11-37 MafiaAc3spdif_write_header
11-05 15:31:52.164 E/AllwinnerAlibs( 360): 2025-06-20-11-37 MafiaAc3spdif_write_packet
11-05 15:31:52.164 E/AllwinnerAlibs( 360): 2025-06-20-11-37 spdif_header_eac3
11-05 15:31:52.164 E/AllwinnerAlibs( 360): 2025-06-20-11-37 MafiaAc3spdif_write_packet 352
11-05 15:31:52.164 E/ac3_decInternal( 360): 2025-06-20-11-37 EAC3frame_PassThrough end OutBuffLen 0
11-05 15:31:52.164 E/ac3_decInternal( 360): 2025-06-20-11-37 EAC3frame_PassThrough begin
11-05 15:31:52.164 E/AllwinnerAlibs( 360): 2025-06-20-11-37 MafiaAc3spdif_write_header
11-05 15:31:52.164 E/AllwinnerAlibs( 360): 2025-06-20-11-37 MafiaAc3spdif_write_packet
11-05 15:31:52.164 E/AllwinnerAlibs( 360): 2025-06-20-11-37 spdif_header_eac3
11-05 15:31:52.164 E/AllwinnerAlibs( 360): 2025-06-20-11-37 bill set SYNCWORD MafiaAc3spdif_write_packet 365
11-05 15:31:52.164 E/AllwinnerAlibs( 360): 2025-06-20-11-37 MafiaAc3spdif_write_packet 393 re = 24576
11-05 15:31:52.164 E/ac3_decInternal( 360): 2025-06-20-11-37 EAC3frame_PassThrough end OutBuffLen 24576
11-05 15:31:52.164 E/ac3_decInternal( 360): 2025-06-20-11-37 EAC3frame_PassThrough begin
11-05 15:31:52.164 E/AllwinnerAlibs( 360): 2025-06-20-11-37 MafiaAc3spdif_write_header
11-05 15:31:52.164 E/AllwinnerAlibs( 360): 2025-06-20-11-37 MafiaAc3spdif_write_packet
11-05 15:31:52.164 E/AllwinnerAlibs( 360): 2025-06-20-11-37 spdif_header_eac3
11-05 15:31:52.165 E/AllwinnerAlibs( 360): 2025-06-20-11-37 MafiaAc3spdif_write_packet 352
11-05 15:31:52.165 E/ac3_decInternal( 360): 2025-06-20-11-37 EAC3frame_PassThrough end OutBuffLen 0
11-05 15:31:52.165 E/ac3_decInternal( 360): 2025-06-20-11-37 EAC3frame_PassThrough begin
11-05 15:31:52.165 E/AllwinnerAlibs( 360): 2025-06-20-11-37 MafiaAc3spdif_write_header
11-05 15:31:52.165 E/AllwinnerAlibs( 360): 2025-06-20-11-37 MafiaAc3spdif_write_packet
11-05 15:31:52.165 E/AllwinnerAlibs( 360): 2025-06-20-11-37 spdif_header_eac3
11-05 15:31:52.165 E/AllwinnerAlibs( 360): 2025-06-20-11-37 bill set SYNCWORD MafiaAc3spdif_write_packet 365
11-05 15:31:52.165 E/AllwinnerAlibs( 360): 2025-06-20-11-37 MafiaAc3spdif_write_packet 393 re = 24576
11-05 15:31:52.165 E/ac3_decInternal( 360): 2025-06-20-11-37 EAC3frame_PassThrough end OutBuffLen 24576
11-05 15:31:52.165 E/ac3_decInternal( 360): 2025-06-20-11-37 EAC3frame_PassThrough begin
11-05 15:31:52.165 E/AllwinnerAlibs( 360): 2025-06-20-11-37 MafiaAc3spdif_write_header
11-05 15:31:52.165 E/AllwinnerAlibs( 360): 2025-06-20-11-37 MafiaAc3spdif_write_packet
11-05 15:31:52.165 E/AllwinnerAlibs( 360): 2025-06-20-11-37 spdif_header_eac3
11-05 15:31:52.165 E/AllwinnerAlibs( 360): 2025-06-20-11-37 MafiaAc3spdif_write_packet 352
11-05 15:31:52.165 E/ac3_decInternal( 360): 2025-06-20-11-37 EAC3frame_PassThrough end OutBuffLen 0
11-05 15:31:52.165 E/ac3_decInternal( 360): 2025-06-20-11-37 EAC3frame_PassThrough begin
11-05 15:31:52.165 E/AllwinnerAlibs( 360): 2025-06-20-11-37 MafiaAc3spdif_write_header
11-05 15:31:52.165 E/AllwinnerAlibs( 360): 2025-06-20-11-37 MafiaAc3spdif_write_packet
11-05 15:31:52.165 E/AllwinnerAlibs( 360): 2025-06-20-11-37 spdif_header_eac3
11-05 15:31:52.165 E/AllwinnerAlibs( 360): 2025-06-20-11-37 bill set SYNCWORD MafiaAc3spdif_write_packet 365
11-05 15:31:52.165 E/AllwinnerAlibs( 360): 2025-06-20-11-37 MafiaAc3spdif_write_packet 393 re = 24576
11-05 15:31:52.165 E/ac3_decInternal( 360): 2025-06-20-11-37 EAC3frame_PassThrough end OutBuffLen 24576
11-05 15:31:52.166 W/[Gralloc-Warning]( 360): mali_gralloc_lock:288 Buffers with YUV compatible formats should be locked using GRALLOC1_FUNCTION_LOCK_FLEX. Requested format is:0x32315659
11-05 15:31:52.169 I/gralloc ( 255): alloc buffer:W:1280 H:736 S:1280 PL[1280 736] SZ:1413184 fmt:842094169 if:0 af:842094169 usg:410960 fg:00000004
11-05 15:31:52.172 W/[Gralloc-Warning]( 360): mali_gralloc_lock:288 Buffers with YUV compatible formats should be locked using GRALLOC1_FUNCTION_LOCK_FLEX. Requested format is:0x32315659
11-05 15:31:52.174 I/gralloc ( 255): alloc buffer:W:1280 H:736 S:1280 PL[1280 736] SZ:1413184 fmt:842094169 if:0 af:842094169 usg:410960 fg:00000004
11-05 15:31:52.176 W/[Gralloc-Warning]( 360): mali_gralloc_lock:288 Buffers with YUV compatible formats should be locked using GRALLOC1_FUNCTION_LOCK_FLEX. Requested format is:0x32315659
11-05 15:31:52.179 I/gralloc ( 255): alloc buffer:W:1280 H:736 S:1280 PL[1280 736] SZ:1413184 fmt:842094169 if:0 af:842094169 usg:410960 fg:00000004
11-05 15:31:52.187 W/[Gralloc-Warning]( 360): mali_gralloc_lock:288 Buffers with YUV compatible formats should be locked using GRALLOC1_FUNCTION_LOCK_FLEX. Requested format is:0x32315659
11-05 15:31:52.188 I/FuseDaemon( 1055): Background concurrent copying GC freed 77111(3687KB) AllocSpace objects, 3(2028KB) LOS objects, 49% free, 3291KB/6583KB, paused 204us total 251.737ms
11-05 15:31:52.188 I/gralloc ( 255): alloc buffer:W:1280 H:736 S:1280 PL[1280 736] SZ:1413184 fmt:842094169 if:0 af:842094169 usg:410960 fg:00000004
11-05 15:31:52.188 W/FuseDaemon( 1055): Reducing the number of considered missed Gc histogram windows from 167 to 100
11-05 15:31:52.190 W/[Gralloc-Warning]( 360): mali_gralloc_lock:288 Buffers with YUV compatible formats should be locked using GRALLOC1_FUNCTION_LOCK_FLEX. Requested format is:0x32315659
11-05 15:31:52.192 I/gralloc ( 255): alloc buffer:W:1280 H:736 S:1280 PL[1280 736] SZ:1413184 fmt:842094169 if:0 af:842094169 usg:410960 fg:00000004
11-05 15:31:52.194 W/[Gralloc-Warning]( 360): mali_gralloc_lock:288 Buffers with YUV compatible formats should be locked using GRALLOC1_FUNCTION_LOCK_FLEX. Requested format is:0x32315659
11-05 15:31:52.196 I/gralloc ( 255): alloc buffer:W:1280 H:736 S:1280 PL[1280 736] SZ:1413184 fmt:842094169 if:0 af:842094169 usg:410960 fg:00000004
11-05 15:31:52.202 W/[Gralloc-Warning]( 360): mali_gralloc_lock:288 Buffers with YUV compatible formats should be locked using GRALLOC1_FUNCTION_LOCK_FLEX. Requested format is:0x32315659
11-05 15:31:52.204 I/gralloc ( 255): alloc buffer:W:1280 H:736 S:1280 PL[1280 736] SZ:1413184 fmt:842094169 if:0 af:842094169 usg:410960 fg:00000004
11-05 15:31:52.210 W/[Gralloc-Warning]( 360): mali_gralloc_lock:288 Buffers with YUV compatible formats should be locked using GRALLOC1_FUNCTION_LOCK_FLEX. Requested format is:0x32315659
11-05 15:31:52.214 E/TaskPersister( 484): File error accessing recents directory (directory doesn't exist?).
11-05 15:31:52.215 I/gralloc ( 255): alloc buffer:W:1280 H:736 S:1280 PL[1280 736] SZ:1413184 fmt:842094169 if:0 af:842094169 usg:410960 fg:00000004
11-05 15:31:52.217 W/[Gralloc-Warning]( 360): mali_gralloc_lock:288 Buffers with YUV compatible formats should be locked using GRALLOC1_FUNCTION_LOCK_FLEX. Requested format is:0x32315659
11-05 15:31:52.220 I/gralloc ( 255): alloc buffer:W:1280 H:736 S:1280 PL[1280 736] SZ:1413184 fmt:842094169 if:0 af:842094169 usg:410960 fg:00000004
11-05 15:31:52.222 W/[Gralloc-Warning]( 360): mali_gralloc_lock:288 Buffers with YUV compatible formats should be locked using GRALLOC1_FUNCTION_LOCK_FLEX. Requested format is:0x32315659
11-05 15:31:52.223 I/awplayer( 360): : xxxxxxxxxx video size : width = 1280, height = 720
11-05 15:31:52.224 W/MediaPlayerNative( 5742): info/warning (3, 0)
11-05 15:31:52.224 I/awplayer( 360): : isPlaying
11-05 15:31:52.228 W/awplayer( 360): : submit ---audio--- stream data , pts is 23168.000 ms
11-05 15:31:52.228 W/awplayer( 360): : submit +++video+++ stream data , pts is 23080.000 ms
11-05 15:31:52.224 I/EventThread( 260): type=1400 audit(0.0:2299): avc: denied { search } for name="extcon" dev="sysfs" ino=18103 scontext=u:r:hal_tv_cec_default:s0 tcontext=u:object_r:sysfs_extcon:s0 tclass=dir permissive=1
11-05 15:31:52.236 W/awplayer( 360): : message 0x40a not handled.
11-05 15:31:52.236 W/awplayer( 360): : sample rate change from 48000 to 192000.
11-05 15:31:52.236 W/awplayer( 360): : channel num change from 2 to 2.
11-05 15:31:52.236 W/awplayer( 360): : bitPerSample num change from 16 to 16.
11-05 15:31:52.236 W/awplayer( 360): : if need direct out put flag change from 0 to 1.
11-05 15:31:52.236 W/awplayer( 360): : data type change from 1 to 10.
11-05 15:31:52.232 I/rainbow_flow( 4927): type=1400 audit(0.0:2300): avc: denied { ioctl } for path="/dev/spidev1.0" dev="tmpfs" ino=1229 ioctlcmd=0x6b00 scontext=u:r:init:s0 tcontext=u:object_r:device:s0 tclass=chr_file permissive=1
11-05 15:31:52.242 W/ServiceUtilities( 266): doIsAllowed: Playback capture for uid 1013 is denied as no package name could be retrieved from the package manager.
11-05 15:31:52.243 I/AudioFlinger( 266): openOutput() this 0xee3b1000, module 10 Device type:0x2,@:, SamplingRate 192000, Format 0xa000000, Channels 0x3, flags 0x1
11-05 15:31:52.243 D/audio_hw_primary( 247): adev_open_output_stream
11-05 15:31:52.243 V/audio_hw_primary( 247): adev_open_output_stream, flags: 1
11-05 15:31:52.243 D/audio_hw_primary( 247): config format 0xa000000 raw_flag 10
11-05 15:31:52.243 V/audio_hw_primary( 247): +++++++++++++++ adev_open_output_stream: req_sample_rate: 192000, fmt: a000000, channel_count: 3
11-05 15:31:52.244 I/AudioFlinger( 266): HAL output buffer size 2048 frames, normal sink buffer size 2048 frames
11-05 15:31:52.245 D/AudioFlinger( 266): Failed to add event callback
11-05 15:31:52.245 D/AudioAnalytics( 359): gc(1700, 2000): log size:1700 item map size:61, item map items:1700
11-05 15:31:52.247 I/AudioFlinger( 266): AudioFlinger's thread 0xee00f440 tid=9238 ready to run
11-05 15:31:52.248 D/AudioFlinger( 266): ro.audio.silent is ignored since no output device is set
11-05 15:31:52.248 D/audio_hw_primary( 247): out_standby
11-05 15:31:52.248 D/AudioFlinger( 266): ro.audio.silent is ignored since no output device is set
11-05 15:31:52.254 D/AudioFlinger( 266): Client defaulted notificationFrames to 2050 for frameCount 4100
11-05 15:31:52.256 D/AF::TrackHandle( 266): OpPlayAudio: not muting track:102 usage:1 for service UID 1013
11-05 15:31:52.270 V/audio_hw_primary( 247): adev_create_audio_patch num_sources: 1, num_sinks: 1
11-05 15:31:52.270 V/audio_hw_primary( 247): playback device: 2
11-05 15:31:52.275 W/awplayer( 360): <__SdStart:284>: Sound device already started.
11-05 15:31:52.283 D/audio_hw_primary( 247): start_output_stream out->format : 0x0a000000
11-05 15:31:52.283 E/audio_hw_primary( 247): adev->active_output(0xeac94000) format : 0 standby
11-05 15:31:52.290 V/audio_hw_primary( 247): start_output_stream, line: 1503
11-05 15:31:52.291 V/audio_hw_primary( 247): use AUDIO_HDMI to playback audio
11-05 15:31:52.291 D/audio_hw_primary( 247): card[HDMI_RAW] use hdmi pcm config, spr : 192000
11-05 15:31:52.291 D/audio_hw_primary( 247): open card=3, port=0
11-05 15:31:52.291 D/audio_hw_primary( 247): config:2 192000 2048 2 0 0 10 0
11-05 15:31:52.291 D/audio_hw_primary( 247): set_raw_flag(card=3, raw_flag=10)
11-05 15:31:52.292 D/audio_hw_primary( 247): set_raw_flag control_name = audio data format control_value DOLBY_DIGITAL_PLUS)
11-05 15:31:52.292 D/audio_hw_primary( 247): ahub use hdmi pcm config, hdmicard : 3, spr : 192000
11-05 15:31:52.299 I/ ( 9239): HDMI Audio Enable Successfully
