11-05 15:31:46.320 E/AllwinnerAlibs( 360): 2025-06-20-11-37 spdif_header_ac3
11-05 15:31:46.320 E/AllwinnerAlibs( 360): 2025-06-20-11-37 bill set SYNCWORD MafiaAc3spdif_write_packet 365
11-05 15:31:46.320 E/AllwinnerAlibs( 360): 2025-06-20-11-37 MafiaAc3spdif_write_packet 393 re = 6144
11-05 15:31:46.320 E/ac3_decInternal( 360): 2025-06-20-11-37 EAC3frame_PassThrough end OutBuffLen 6144
11-05 15:31:46.321 E/ac3_decInternal( 360): 2025-06-20-11-37 EAC3frame_PassThrough begin
11-05 15:31:46.321 E/AllwinnerAlibs( 360): 2025-06-20-11-37 MafiaAc3spdif_write_header
11-05 15:31:46.321 E/AllwinnerAlibs( 360): 2025-06-20-11-37 MafiaAc3spdif_write_packet
11-05 15:31:46.321 E/AllwinnerAlibs( 360): 2025-06-20-11-37 spdif_header_ac3
11-05 15:31:46.321 E/AllwinnerAlibs( 360): 2025-06-20-11-37 bill set SYNCWORD MafiaAc3spdif_write_packet 365
11-05 15:31:46.321 E/AllwinnerAlibs( 360): 2025-06-20-11-37 MafiaAc3spdif_write_packet 393 re = 6144
11-05 15:31:46.321 E/ac3_decInternal( 360): 2025-06-20-11-37 EAC3frame_PassThrough end OutBuffLen 6144
11-05 15:31:46.406 E/ac3_decInternal( 360): 2025-06-20-11-37 EAC3frame_PassThrough begin
11-05 15:31:46.406 E/AllwinnerAlibs( 360): 2025-06-20-11-37 MafiaAc3spdif_write_header
11-05 15:31:46.406 E/AllwinnerAlibs( 360): 2025-06-20-11-37 MafiaAc3spdif_write_packet
11-05 15:31:46.406 E/AllwinnerAlibs( 360): 2025-06-20-11-37 spdif_header_ac3
11-05 15:31:46.406 E/AllwinnerAlibs( 360): 2025-06-20-11-37 bill set SYNCWORD MafiaAc3spdif_write_packet 365
11-05 15:31:46.406 E/AllwinnerAlibs( 360): 2025-06-20-11-37 MafiaAc3spdif_write_packet 393 re = 6144
11-05 15:31:46.406 E/ac3_decInternal( 360): 2025-06-20-11-37 EAC3frame_PassThrough end OutBuffLen 6144
11-05 15:31:46.407 E/ac3_decInternal( 360): 2025-06-20-11-37 EAC3frame_PassThrough begin
11-05 15:31:46.407 E/AllwinnerAlibs( 360): 2025-06-20-11-37 MafiaAc3spdif_write_header
11-05 15:31:46.407 E/AllwinnerAlibs( 360): 2025-06-20-11-37 MafiaAc3spdif_write_packet
11-05 15:31:46.408 E/AllwinnerAlibs( 360): 2025-06-20-11-37 spdif_header_ac3
11-05 15:31:46.408 E/AllwinnerAlibs( 360): 2025-06-20-11-37 bill set SYNCWORD MafiaAc3spdif_write_packet 365
11-05 15:31:46.408 E/AllwinnerAlibs( 360): 2025-06-20-11-37 MafiaAc3spdif_write_packet 393 re = 6144
11-05 15:31:46.408 E/ac3_decInternal( 360): 2025-06-20-11-37 EAC3frame_PassThrough end OutBuffLen 6144
11-05 15:31:46.408 E/ac3_decInternal( 360): 2025-06-20-11-37 EAC3frame_PassThrough begin
11-05 15:31:46.408 E/AllwinnerAlibs( 360): 2025-06-20-11-37 MafiaAc3spdif_write_header
11-05 15:31:46.408 E/AllwinnerAlibs( 360): 2025-06-20-11-37 MafiaAc3spdif_write_packet
11-05 15:31:46.408 E/AllwinnerAlibs( 360): 2025-06-20-11-37 spdif_header_ac3
11-05 15:31:46.408 E/AllwinnerAlibs( 360): 2025-06-20-11-37 bill set SYNCWORD MafiaAc3spdif_write_packet 365
11-05 15:31:46.408 E/AllwinnerAlibs( 360): 2025-06-20-11-37 MafiaAc3spdif_write_packet 393 re = 6144
11-05 15:31:46.408 E/ac3_decInternal( 360): 2025-06-20-11-37 EAC3frame_PassThrough end OutBuffLen 6144
11-05 15:31:46.415 D/TvWindowManager( 484): key event key = KEYCODE_BACK down = true
11-05 15:31:46.415 I/BLEAudioDrive_HV410( 247): HBG remote PoweOn
11-05 15:31:46.415 I/BLEAudioDrive_HV410( 247): data len: 9 1
11-05 15:31:46.415 D/audio_so_hv_309( 247): HBG remote is active!
11-05 15:31:46.412 I/HwBinder:247_2( 247): type=1400 audit(0.0:2292): avc: denied { add_name } for name="ble" scontext=u:r:hal_audio_default:s0 tcontext=u:object_r:vendor_data_file:s0 tclass=dir permissive=1
11-05 15:31:46.412 I/HwBinder:247_2( 247): type=1400 audit(0.0:2293): avc: denied { create } for name="ble" scontext=u:r:hal_audio_default:s0 tcontext=u:object_r:vendor_data_file:s0 tclass=file permissive=1
11-05 15:31:46.412 I/HwBinder:247_2( 247): type=1400 audit(0.0:2294): avc: denied { read open } for path="/data/vendor/HBG/ble" dev="mmcblk0p25" ino=10909 scontext=u:r:hal_audio_default:s0 tcontext=u:object_r:vendor_data_file:s0 tclass=file permissive=1
11-05 15:31:46.412 I/HwBinder:247_2( 247): type=1400 audit(0.0:2295): avc: denied { setattr } for name="ble" dev="mmcblk0p25" ino=10909 scontext=u:r:hal_audio_default:s0 tcontext=u:object_r:vendor_data_file:s0 tclass=file permissive=1
11-05 15:31:46.425 D/GpioService( 484): mFlickerEnable = true
11-05 15:31:46.435 I/BLEAudioDrive_HV410( 247): data len: 9 1
11-05 15:31:46.435 I/BLEAudioDrive_HV410( 247): keyboard stop
11-05 15:31:46.436 D/TvWindowManager( 484): key event key = KEYCODE_BACK down = false
11-05 15:31:46.438 D/AutofillManagerService( 484): onBackKeyPressed()
11-05 15:31:46.446 I/BLEAudioDrive_HV410( 247): data len: 9 1
11-05 15:31:46.447 D/TvWindowManager( 484): key event key = KEYCODE_BACK down = true
11-05 15:31:46.491 E/ac3_decInternal( 360): 2025-06-20-11-37 EAC3frame_PassThrough begin
11-05 15:31:46.491 E/AllwinnerAlibs( 360): 2025-06-20-11-37 MafiaAc3spdif_write_header
11-05 15:31:46.491 E/AllwinnerAlibs( 360): 2025-06-20-11-37 MafiaAc3spdif_write_packet
11-05 15:31:46.491 E/AllwinnerAlibs( 360): 2025-06-20-11-37 spdif_header_ac3
11-05 15:31:46.491 E/AllwinnerAlibs( 360): 2025-06-20-11-37 bill set SYNCWORD MafiaAc3spdif_write_packet 365
11-05 15:31:46.491 E/AllwinnerAlibs( 360): 2025-06-20-11-37 MafiaAc3spdif_write_packet 393 re = 6144
11-05 15:31:46.491 E/ac3_decInternal( 360): 2025-06-20-11-37 EAC3frame_PassThrough end OutBuffLen 6144
11-05 15:31:46.492 E/ac3_decInternal( 360): 2025-06-20-11-37 EAC3frame_PassThrough begin
11-05 15:31:46.492 E/AllwinnerAlibs( 360): 2025-06-20-11-37 MafiaAc3spdif_write_header
11-05 15:31:46.492 E/AllwinnerAlibs( 360): 2025-06-20-11-37 MafiaAc3spdif_write_packet
11-05 15:31:46.492 E/AllwinnerAlibs( 360): 2025-06-20-11-37 spdif_header_ac3
11-05 15:31:46.492 E/AllwinnerAlibs( 360): 2025-06-20-11-37 bill set SYNCWORD MafiaAc3spdif_write_packet 365
11-05 15:31:46.493 E/AllwinnerAlibs( 360): 2025-06-20-11-37 MafiaAc3spdif_write_packet 393 re = 6144
11-05 15:31:46.493 E/ac3_decInternal( 360): 2025-06-20-11-37 EAC3frame_PassThrough end OutBuffLen 6144
11-05 15:31:46.538 W/nStackXCoAP( 3645): ParseDeviceJsonData:[149] :Can't find hicom version
11-05 15:31:46.538 D/nStackXCoAP( 3645): IsInSameNetwork:[276] :IsInSameNetwork exec
11-05 15:31:46.538 I/nStackXDFinder( 3645): GetLocalInterfaceDetail:[461] :GetLocalInterfaceDetail in
11-05 15:31:46.538 E/nStackXCoAP( 3645): IsInSameNetwork:[281] :IsInSameNetwork: not priority process
11-05 15:31:46.538 D/nStackXCoAP( 3645): ParseServiceDiscover:[330] :new device join
11-05 15:31:46.538 E/nStackXDFinder( 3645): GetLocalIp:[401] :GetLocalIp exec
11-05 15:31:46.540 W/nStackXCoAP( 3645): ParseDeviceJsonData:[149] :Can't find hicom version
11-05 15:31:46.540 D/nStackXCoAP( 3645): IsInSameNetwork:[276] :IsInSameNetwork exec
11-05 15:31:46.540 I/nStackXDFinder( 3645): GetLocalInterfaceDetail:[461] :GetLocalInterfaceDetail in
11-05 15:31:46.540 E/nStackXCoAP( 3645): IsInSameNetwork:[281] :IsInSameNetwork: not priority process
11-05 15:31:46.540 D/nStackXCoAP( 3645): ParseServiceDiscover:[330] :new device join
11-05 15:31:46.540 E/nStackXDFinder( 3645): GetLocalIp:[401] :GetLocalIp exec
11-05 15:31:46.559 I/BLEAudioDrive_HV410( 247): data len: 9 1
11-05 15:31:46.559 I/BLEAudioDrive_HV410( 247): keyboard stop
11-05 15:31:46.559 D/TvWindowManager( 484): key event key = KEYCODE_BACK down = false
11-05 15:31:46.560 D/AutofillManagerService( 484): onBackKeyPressed()
11-05 15:31:46.564 D/GpioService( 484): mFlickerEnable = true
11-05 15:31:46.565 I/SogouIME( 2402): onKeyDown: keyoCode=4
11-05 15:31:46.566 I/DefaultIMS( 2402): onKeyDown: keyoCode=4
11-05 15:31:46.567 D/nStackXCoAP( 3645): CoapMessageHandler:[133] :2.01
11-05 15:31:46.567 D/nStackXCoAP( 3645): CoapMessageHandler:[133] :2.01
11-05 15:31:46.569 D/GpioService( 484): mFlickerEnable = true
11-05 15:31:46.576 E/WifiHAL ( 664): wifi_get_link_stats: requestResponse Error:-5
11-05 15:31:46.578 E/ac3_decInternal( 360): 2025-06-20-11-37 EAC3frame_PassThrough begin
11-05 15:31:46.578 E/AllwinnerAlibs( 360): 2025-06-20-11-37 MafiaAc3spdif_write_header
11-05 15:31:46.578 E/AllwinnerAlibs( 360): 2025-06-20-11-37 MafiaAc3spdif_write_packet
11-05 15:31:46.578 E/AllwinnerAlibs( 360): 2025-06-20-11-37 spdif_header_ac3
11-05 15:31:46.578 E/AllwinnerAlibs( 360): 2025-06-20-11-37 bill set SYNCWORD MafiaAc3spdif_write_packet 365
11-05 15:31:46.578 E/AllwinnerAlibs( 360): 2025-06-20-11-37 MafiaAc3spdif_write_packet 393 re = 6144
11-05 15:31:46.578 E/ac3_decInternal( 360): 2025-06-20-11-37 EAC3frame_PassThrough end OutBuffLen 6144
11-05 15:31:46.578 I/SogouIME( 2402): onKeyUp: keyoCode=4
11-05 15:31:46.578 I/DefaultIMS( 2402): onKeyUp: keyoCode=4
11-05 15:31:46.579 E/ac3_decInternal( 360): 2025-06-20-11-37 EAC3frame_PassThrough begin
11-05 15:31:46.579 E/AllwinnerAlibs( 360): 2025-06-20-11-37 MafiaAc3spdif_write_header
11-05 15:31:46.579 E/AllwinnerAlibs( 360): 2025-06-20-11-37 MafiaAc3spdif_write_packet
11-05 15:31:46.579 E/AllwinnerAlibs( 360): 2025-06-20-11-37 spdif_header_ac3
11-05 15:31:46.579 E/AllwinnerAlibs( 360): 2025-06-20-11-37 bill set SYNCWORD MafiaAc3spdif_write_packet 365
11-05 15:31:46.579 E/AllwinnerAlibs( 360): 2025-06-20-11-37 MafiaAc3spdif_write_packet 393 re = 6144
11-05 15:31:46.579 E/ac3_decInternal( 360): 2025-06-20-11-37 EAC3frame_PassThrough end OutBuffLen 6144
11-05 15:31:46.579 E/ac3_decInternal( 360): 2025-06-20-11-37 EAC3frame_PassThrough begin
11-05 15:31:46.579 E/AllwinnerAlibs( 360): 2025-06-20-11-37 MafiaAc3spdif_write_header
11-05 15:31:46.579 E/AllwinnerAlibs( 360): 2025-06-20-11-37 MafiaAc3spdif_write_packet
11-05 15:31:46.579 E/AllwinnerAlibs( 360): 2025-06-20-11-37 spdif_header_ac3
11-05 15:31:46.579 E/AllwinnerAlibs( 360): 2025-06-20-11-37 bill set SYNCWORD MafiaAc3spdif_write_packet 365
11-05 15:31:46.579 E/AllwinnerAlibs( 360): 2025-06-20-11-37 MafiaAc3spdif_write_packet 393 re = 6144
11-05 15:31:46.579 E/ac3_decInternal( 360): 2025-06-20-11-37 EAC3frame_PassThrough end OutBuffLen 6144
11-05 15:31:46.579 I/NotificationService( 484): cancelToast pkg=com.dangbei.lerad.videoposter token=android.os.BinderProxy@67cd2d8
11-05 15:31:46.580 W/NotificationService( 484): Toast already cancelled. pkg=com.dangbei.lerad.videoposter token=android.os.BinderProxy@67cd2d8
11-05 15:31:46.592 E/WifiVendorHal( 484): getWifiLinkLayerStats_1_5_Internal(l.1191) failed {.code = ERROR_INVALID_ARGS, .description = }
11-05 15:31:46.606 I/SogouIME( 2402): onKeyDown: keyoCode=4
11-05 15:31:46.606 I/DefaultIMS( 2402): onKeyDown: keyoCode=4
11-05 15:31:46.662 E/ac3_decInternal( 360): 2025-06-20-11-37 EAC3frame_PassThrough begin
11-05 15:31:46.662 E/AllwinnerAlibs( 360): 2025-06-20-11-37 MafiaAc3spdif_write_header
11-05 15:31:46.662 E/AllwinnerAlibs( 360): 2025-06-20-11-37 MafiaAc3spdif_write_packet
11-05 15:31:46.662 E/AllwinnerAlibs( 360): 2025-06-20-11-37 spdif_header_ac3
11-05 15:31:46.662 E/AllwinnerAlibs( 360): 2025-06-20-11-37 bill set SYNCWORD MafiaAc3spdif_write_packet 365
11-05 15:31:46.662 E/AllwinnerAlibs( 360): 2025-06-20-11-37 MafiaAc3spdif_write_packet 393 re = 6144
11-05 15:31:46.662 E/ac3_decInternal( 360): 2025-06-20-11-37 EAC3frame_PassThrough end OutBuffLen 6144
11-05 15:31:46.662 I/awplayer( 360): : audio render process stop message.
11-05 15:31:46.713 D/Ac3 Decoder( 360): 2025-06-20-11-37 exit successs...
11-05 15:31:46.714 D/AllwinnerAlibs( 360): ver : 2017-8-4-18-00 ----dlclose so success!
11-05 15:31:46.731 E/BufferQueueProducer( 5742): [SurfaceView[com.dangbei.lerad.videoposter/com.dangbei.leradplayer.activity.PlayerActivity]#83(BLAST Consumer)83](id:166e00000053,api:3,p:360,c:5742) connect: already connected (cur=3 req=3)
11-05 15:31:46.739 W/nStackXCoAP( 3645): ParseDeviceJsonData:[149] :Can't find hicom version
11-05 15:31:46.739 D/nStackXCoAP( 3645): IsInSameNetwork:[276] :IsInSameNetwork exec
11-05 15:31:46.739 I/nStackXDFinder( 3645): GetLocalInterfaceDetail:[461] :GetLocalInterfaceDetail in
11-05 15:31:46.739 E/nStackXCoAP( 3645): IsInSameNetwork:[281] :IsInSameNetwork: not priority process
11-05 15:31:46.739 D/nStackXCoAP( 3645): ParseServiceDiscover:[330] :new device join
11-05 15:31:46.739 E/nStackXDFinder( 3645): GetLocalIp:[401] :GetLocalIp exec
11-05 15:31:46.739 W/awplayer( 360): : Sound device already stopped.
11-05 15:31:46.752 I/cedarc ( 360): : DestroyVideoDecoder, pDecoder=0xf20d8380
11-05 15:31:46.753 W/nStackXCoAP( 3645): ParseDeviceJsonData:[149] :Can't find hicom version
11-05 15:31:46.754 D/nStackXCoAP( 3645): IsInSameNetwork:[276] :IsInSameNetwork exec
11-05 15:31:46.754 I/nStackXDFinder( 3645): GetLocalInterfaceDetail:[461] :GetLocalInterfaceDetail in
11-05 15:31:46.754 E/nStackXCoAP( 3645): IsInSameNetwork:[281] :IsInSameNetwork: not priority process
11-05 15:31:46.754 D/nStackXCoAP( 3645): ParseServiceDiscover:[330] :new device join
11-05 15:31:46.754 E/nStackXDFinder( 3645): GetLocalIp:[401] :GetLocalIp exec
11-05 15:31:46.755 D/nStackXCoAP( 3645): CoapMessageHandler:[133] :2.01
11-05 15:31:46.773 I/cedarc ( 360): : not malloc locks
11-05 15:31:46.779 D/ ( 9118): disable_cedar_hw_clk,546
11-05 15:31:46.774 D/nStackXCoAP( 3645): CoapMessageHandler:[133] :2.01
11-05 15:31:46.776 V/MediaPlayer( 5742): resetDrmState: mDrmInfo=null mDrmProvisioningThread=null mPrepareDrmInProgress=false mActiveDrmScheme=false
11-05 15:31:46.776 V/MediaPlayer( 5742): cleanDrmObj: mDrmObj=null mDrmSessionId=null
11-05 15:31:46.777 W/awplayer( 360): : reset...
11-05 15:31:46.785 D/SurfaceUtils( 360): disconnecting from surface 0xf2203808, reason disconnectNativeWindow
11-05 15:31:46.785 E/BufferQueueProducer( 5742): [SurfaceView[com.dangbei.lerad.videoposter/com.dangbei.leradplayer.activity.PlayerActivity]#83(BLAST Consumer)83](id:166e00000053,api:0,p:-1,c:5742) disconnect: not connected (req=3)
11-05 15:31:46.785 E/SurfaceUtils( 360): Failed to disconnect from surface 0xf2203808, err -19
11-05 15:31:46.785 W/MediaPlayerService( 360): nativeWindowDisconnect returned an error: No such device (-19)
11-05 15:31:46.786 W/awplayer( 360): : XPlayerDestroy
11-05 15:31:46.786 W/awplayer( 360): : reset...
11-05 15:31:46.786 D/RefBase ( 360): RefBase: Explicit destruction, weak count = 0 (in 0xf231a900)
11-05 15:31:46.786 W/RefBase ( 360): CallStack::getCurrentInternal not linked, returning null
11-05 15:31:46.786 W/RefBase ( 360): CallStack::logStackInternal not linked
11-05 15:31:46.796 D/audio_hw_primary( 247): adev_release_audio_patch
11-05 15:31:46.797 D/audio_hw_primary( 247): out_standby
11-05 15:31:46.798 D/audio_hw_primary( 247): start_output_stream out->format : 0x00000000
11-05 15:31:46.798 V/audio_hw_primary( 247): start_output_stream, line: 1503
11-05 15:31:46.798 V/audio_hw_primary( 247): use AUDIO_HDMI to playback audio
11-05 15:31:46.798 D/audio_hw_primary( 247): open card=3, port=0
11-05 15:31:46.798 D/audio_hw_primary( 247): config:2 44100 960 2 0 5760 1 0
11-05 15:31:46.798 D/audio_hw_primary( 247): set_raw_flag(card=3, raw_flag=1)
11-05 15:31:46.799 D/audio_hw_primary( 247): set_raw_flag control_name = audio data format control_value PCM)
11-05 15:31:46.799 V/audio_hw_primary( 247): do not use out resampler
11-05 15:31:46.800 D/AudioFlinger( 266): ro.audio.silent is ignored since no output device is set
11-05 15:31:46.805 I/ ( 2280): HDMI Audio Enable Successfully
11-05 15:31:46.803 V/audio_hw_primary( 247): out_set_parameters: closing=true
11-05 15:31:46.811 V/audio_hw_primary( 247): out_set_parameters: exiting=1
11-05 15:31:46.811 E/AudioFlinger( 266): Error when setting parameters on exit: -61
11-05 15:31:46.812 D/audio_hw_primary( 247): out_standby
11-05 15:31:46.826 D/AudioFlinger( 266): mixer(0xee0bfe00) throttle end: throttle time(6)
11-05 15:31:46.857 I/gralloc ( 255): alloc buffer:W:240 H:75 S:240 PL[240 75] SZ:72000 fmt:1 if:0 af:1 usg:20000b00 fg:00000004
11-05 15:31:46.858 I/gralloc ( 255): alloc buffer:W:240 H:75 S:240 PL[240 75] SZ:72000 fmt:1 if:0 af:1 usg:20000b00 fg:00000004
11-05 15:31:46.858 I/gralloc ( 255): alloc buffer:W:240 H:75 S:240 PL[240 75] SZ:72000 fmt:1 if:0 af:1 usg:20000b00 fg:00000004
11-05 15:31:46.866 I/SogouIME( 2402): onKeyUp: keyoCode=4
11-05 15:31:46.866 I/DefaultIMS( 2402): onKeyUp: keyoCode=4
11-05 15:31:46.884 I/gralloc ( 255): alloc buffer:W:1920 H:1080 S:1920 PL[1920 1080] SZ:8294400 fmt:1 if:0 af:1 usg:b66 fg:00000004
11-05 15:31:46.895 W/nStackXCoAP( 3645): ParseDeviceJsonData:[149] :Can't find hicom version
11-05 15:31:46.895 D/nStackXCoAP( 3645): IsInSameNetwork:[276] :IsInSameNetwork exec
11-05 15:31:46.895 I/nStackXDFinder( 3645): GetLocalInterfaceDetail:[461] :GetLocalInterfaceDetail in
11-05 15:31:46.895 E/nStackXCoAP( 3645): IsInSameNetwork:[281] :IsInSameNetwork: not priority process
11-05 15:31:46.895 D/nStackXCoAP( 3645): ParseServiceDiscover:[330] :new device join
11-05 15:31:46.895 E/nStackXDFinder( 3645): GetLocalIp:[401] :GetLocalIp exec
11-05 15:31:46.916 W/System.err( 5742): java.lang.Exception: you should init first
11-05 15:31:46.917 W/System.err( 5742): at com.dangbei.alps.AlpsManager.check(AlpsManager.java:315)
11-05 15:31:46.917 W/System.err( 5742): at com.dangbei.alps.AlpsManager.onPause(AlpsManager.java:247)
11-05 15:31:46.917 W/System.err( 5742): at com.dangbei.leradplayer.activity.PlayerActivity.onPause(PlayerActivity.java:676)
11-05 15:31:46.917 W/System.err( 5742): at android.app.Activity.performPause(Activity.java:8234)
11-05 15:31:46.917 W/System.err( 5742): at android.app.Instrumentation.callActivityOnPause(Instrumentation.java:1530)
11-05 15:31:46.917 W/System.err( 5742): at android.app.ActivityThread.performPauseActivityIfNeeded(ActivityThread.java:5031)
11-05 15:31:46.917 W/System.err( 5742): at android.app.ActivityThread.performPauseActivity(ActivityThread.java:4992)
11-05 15:31:46.917 W/System.err( 5742): at android.app.ActivityThread.handlePauseActivity(ActivityThread.java:4944)
11-05 15:31:46.919 I/BpBinder( 289): onLastStrongRef automatically unlinking death recipients:
11-05 15:31:46.920 W/System.err( 5742): at android.app.servertransaction.PauseActivityItem.execute(PauseActivityItem.java:47)
11-05 15:31:46.920 W/System.err( 5742): at android.app.servertransaction.ActivityTransactionItem.execute(ActivityTransactionItem.java:45)
11-05 15:31:46.920 W/System.err( 5742): at android.app.servertransaction.TransactionExecutor.executeLifecycleState(TransactionExecutor.java:176)
11-05 15:31:46.920 W/System.err( 5742): at android.app.servertransaction.TransactionExecutor.execute(TransactionExecutor.java:97)
11-05 15:31:46.920 W/System.err( 5742): at android.app.ActivityThread$H.handleMessage(ActivityThread.java:2210)
11-05 15:31:46.920 W/System.err( 5742): at android.os.Handler.dispatchMessage(Handler.java:106)
11-05 15:31:46.920 W/System.err( 5742): at android.os.Looper.loopOnce(Looper.java:201)
11-05 15:31:46.920 W/System.err( 5742): at android.os.Looper.loop(Looper.java:288)
11-05 15:31:46.920 W/System.err( 5742): at android.app.ActivityThread.main(ActivityThread.java:7854)
11-05 15:31:46.920 W/System.err( 5742): at java.lang.reflect.Method.invoke(Native Method)
11-05 15:31:46.920 W/System.err( 5742): at com.android.internal.os.RuntimeInit$MethodAndArgsCaller.run(RuntimeInit.java:548)
11-05 15:31:46.920 W/System.err( 5742): at com.android.internal.os.ZygoteInit.main(ZygoteInit.java:1182)
11-05 15:31:46.943 D/AW_CODE ( 484): rotation =0
11-05 15:31:46.945 D/nStackXCoAP( 3645): CoapMessageHandler:[133] :2.01
11-05 15:31:47.022 I/gralloc ( 255): alloc buffer:W:1920 H:1080 S:1920 PL[1920 1080] SZ:8294400 fmt:1 if:0 af:1 usg:20000b00 fg:00000004
11-05 15:31:47.024 I/gralloc ( 255): alloc buffer:W:1920 H:1080 S:1920 PL[1920 1080] SZ:8294400 fmt:1 if:0 af:1 usg:20000b00 fg:00000004
11-05 15:31:47.025 I/gralloc ( 255): alloc buffer:W:1920 H:1080 S:1920 PL[1920 1080] SZ:8294400 fmt:1 if:0 af:1 usg:20000b00 fg:00000004
11-05 15:31:47.036 W/nStackXCoAP( 3645): ParseDeviceJsonData:[149] :Can't find hicom version
11-05 15:31:47.036 D/nStackXCoAP( 3645): IsInSameNetwork:[276] :IsInSameNetwork exec
11-05 15:31:47.036 I/nStackXDFinder( 3645): GetLocalInterfaceDetail:[461] :GetLocalInterfaceDetail in
11-05 15:31:47.036 E/nStackXCoAP( 3645): IsInSameNetwork:[281] :IsInSameNetwork: not priority process
11-05 15:31:47.036 D/nStackXCoAP( 3645): ParseServiceDiscover:[330] :new device join
11-05 15:31:47.036 E/nStackXDFinder( 3645): GetLocalIp:[401] :GetLocalIp exec
11-05 15:31:47.055 D/nStackXCoAP( 3645): CoapMessageHandler:[133] :2.01
11-05 15:31:47.074 D/TvPipController( 684): onTaskStackChanged()
11-05 15:31:47.077 I/DefaultIMS( 2402): onStartInput attribute=android.view.inputmethod.EditorInfo@71133a5 restarting=false inputType: 0
11-05 15:31:47.079 W/IorapForwardingService( 484): No service published for: iorapd
11-05 15:31:47.177 W/nStackXCoAP( 3645): ParseDeviceJsonData:[149] :Can't find hicom version
11-05 15:31:47.177 D/nStackXCoAP( 3645): IsInSameNetwork:[276] :IsInSameNetwork exec
11-05 15:31:47.177 I/nStackXDFinder( 3645): GetLocalInterfaceDetail:[461] :GetLocalInterfaceDetail in
11-05 15:31:47.177 E/nStackXCoAP( 3645): IsInSameNetwork:[281] :IsInSameNetwork: not priority process
11-05 15:31:47.177 D/nStackXCoAP( 3645): ParseServiceDiscover:[330] :new device join
11-05 15:31:47.177 E/nStackXDFinder( 3645): GetLocalIp:[401] :GetLocalIp exec
11-05 15:31:47.196 D/nStackXCoAP( 3645): CoapMessageHandler:[133] :2.01
11-05 15:31:47.354 W/nStackXCoAP( 3645): ParseDeviceJsonData:[149] :Can't find hicom version
11-05 15:31:47.356 D/nStackXCoAP( 3645): IsInSameNetwork:[276] :IsInSameNetwork exec
11-05 15:31:47.357 I/nStackXDFinder( 3645): GetLocalInterfaceDetail:[461] :GetLocalInterfaceDetail in
11-05 15:31:47.357 E/nStackXCoAP( 3645): IsInSameNetwork:[281] :IsInSameNetwork: not priority process
11-05 15:31:47.357 D/nStackXCoAP( 3645): ParseServiceDiscover:[330] :new device join
11-05 15:31:47.357 E/nStackXDFinder( 3645): GetLocalIp:[401] :GetLocalIp exec
11-05 15:31:47.377 D/nStackXCoAP( 3645): CoapMessageHandler:[133] :2.01
11-05 15:31:47.463 W/nStackXCoAP( 3645): ParseDeviceJsonData:[149] :Can't find hicom version
11-05 15:31:47.463 D/nStackXCoAP( 3645): IsInSameNetwork:[276] :IsInSameNetwork exec
11-05 15:31:47.463 I/nStackXDFinder( 3645): GetLocalInterfaceDetail:[461] :GetLocalInterfaceDetail in
11-05 15:31:47.463 E/nStackXCoAP( 3645): IsInSameNetwork:[281] :IsInSameNetwork: not priority process
11-05 15:31:47.463 D/nStackXCoAP( 3645): ParseServiceDiscover:[330] :new device join
11-05 15:31:47.463 E/nStackXDFinder( 3645): GetLocalIp:[401] :GetLocalIp exec
11-05 15:31:47.479 D/nStackXCoAP( 3645): CoapMessageHandler:[133] :2.01
11-05 15:31:47.533 D/bbb ( 1208): onStartCommand begin !!!!!!! data分区剩余 24877MB
11-05 15:31:47.543 D/aaa ( 1143): LedStatusService onStartCommand begin
11-05 15:31:47.546 D/aaa ( 1143): topPkg is -------------- :com.tv.filemanager.os
11-05 15:31:47.594 I/BLEAudioDrive_HV410( 247): data len: 9 1
11-05 15:31:47.594 D/TvWindowManager( 484): key event key = KEYCODE_BACK down = true
11-05 15:31:47.603 W/nStackXCoAP( 3645): ParseDeviceJsonData:[149] :Can't find hicom version
11-05 15:31:47.604 D/nStackXCoAP( 3645): IsInSameNetwork:[276] :IsInSameNetwork exec
11-05 15:31:47.604 I/nStackXDFinder( 3645): GetLocalInterfaceDetail:[461] :GetLocalInterfaceDetail in
11-05 15:31:47.606 E/nStackXCoAP( 3645): IsInSameNetwork:[281] :IsInSameNetwork: not priority process
11-05 15:31:47.606 D/nStackXCoAP( 3645): ParseServiceDiscover:[330] :new device join
11-05 15:31:47.606 E/nStackXDFinder( 3645): GetLocalIp:[401] :GetLocalIp exec
11-05 15:31:47.607 D/GpioService( 484): mFlickerEnable = true
11-05 15:31:47.621 D/nStackXCoAP( 3645): CoapMessageHandler:[133] :2.01
11-05 15:31:47.710 I/MediaFocusControl( 484): abandonAudioFocus() from uid/pid 10042/5742 clientId=android.media.AudioManager@f040b89
11-05 15:31:47.726 W/InputManager-JNI( 484): Input channel object 'fb104ea com.dangbei.lerad.videoposter/com.dangbei.leradplayer.activity.PlayerActivity (client)' was disposed without first being removed with the input manager!
11-05 15:31:47.745 D/GpioService( 484): mFlickerEnable = true
11-05 15:31:47.745 W/ActivityTaskManager( 484): Can't find TaskDisplayArea to determine support for multi window. Task id=170 attached=false
11-05 15:31:47.746 W/ActivityTaskManager( 484): Can't find TaskDisplayArea to determine support for multi window. Task id=170 attached=false
11-05 15:31:47.748 I/SogouIME( 2402): onKeyDown: keyoCode=4
11-05 15:31:47.748 I/DefaultIMS( 2402): onKeyDown: keyoCode=4
11-05 15:31:47.785 I/BLEAudioDrive_HV410( 247): data len: 9 1
11-05 15:31:47.785 I/BLEAudioDrive_HV410( 247): keyboard stop
11-05 15:31:47.785 D/TvWindowManager( 484): key event key = KEYCODE_BACK down = false
11-05 15:31:47.788 D/AutofillManagerService( 484): onBackKeyPressed()
11-05 15:31:47.791 I/SogouIME( 2402): onKeyUp: keyoCode=4
11-05 15:31:47.791 I/DefaultIMS( 2402): onKeyUp: keyoCode=4
11-05 15:31:47.795 I/gralloc ( 255): alloc buffer:W:1920 H:1080 S:1920 PL[1920 1080] SZ:8294400 fmt:1 if:0 af:1 usg:b66 fg:00000004
11-05 15:31:47.827 D/AW_CODE ( 484): rotation =0
11-05 15:31:47.852 I/BpBinder( 289): onLastStrongRef automatically unlinking death recipients:
11-05 15:31:47.881 W/nStackXCoAP( 3645): ParseDeviceJsonData:[149] :Can't find hicom version
11-05 15:31:47.881 D/nStackXCoAP( 3645): IsInSameNetwork:[276] :IsInSameNetwork exec
11-05 15:31:47.881 I/nStackXDFinder( 3645): GetLocalInterfaceDetail:[461] :GetLocalInterfaceDetail in
11-05 15:31:47.881 E/nStackXCoAP( 3645): IsInSameNetwork:[281] :IsInSameNetwork: not priority process
11-05 15:31:47.881 D/nStackXCoAP( 3645): ParseServiceDiscover:[330] :new device join
11-05 15:31:47.881 E/nStackXDFinder( 3645): GetLocalIp:[401] :GetLocalIp exec
11-05 15:31:47.894 W/nStackXCoAP( 3645): ParseDeviceJsonData:[149] :Can't find hicom version
11-05 15:31:47.894 D/nStackXCoAP( 3645): IsInSameNetwork:[276] :IsInSameNetwork exec
11-05 15:31:47.894 I/nStackXDFinder( 3645): GetLocalInterfaceDetail:[461] :GetLocalInterfaceDetail in
11-05 15:31:47.894 E/nStackXCoAP( 3645): IsInSameNetwork:[281] :IsInSameNetwork: not priority process
11-05 15:31:47.894 D/nStackXCoAP( 3645): ParseServiceDiscover:[330] :new device join
11-05 15:31:47.896 E/nStackXDFinder( 3645): GetLocalIp:[401] :GetLocalIp exec
11-05 15:31:47.899 D/nStackXCoAP( 3645): CoapMessageHandler:[133] :2.01
11-05 15:31:47.905 I/gralloc ( 255): alloc buffer:W:1920 H:1080 S:1920 PL[1920 1080] SZ:8294400 fmt:1 if:0 af:1 usg:20000b00 fg:00000004
11-05 15:31:47.908 I/gralloc ( 255): alloc buffer:W:1920 H:1080 S:1920 PL[1920 1080] SZ:8294400 fmt:1 if:0 af:1 usg:20000b00 fg:00000004
11-05 15:31:47.910 I/gralloc ( 255): alloc buffer:W:1920 H:1080 S:1920 PL[1920 1080] SZ:8294400 fmt:1 if:0 af:1 usg:20000b00 fg:00000004
11-05 15:31:47.957 D/TvPipController( 684): onTaskStackChanged()
11-05 15:31:47.961 D/nStackXCoAP( 3645): CoapMessageHandler:[133] :2.01
11-05 15:31:47.968 I/DefaultIMS( 2402): onStartInput attribute=android.view.inputmethod.EditorInfo@7d4bf1e restarting=false inputType: 0
11-05 15:31:48.028 W/nStackXCoAP( 3645): ParseDeviceJsonData:[149] :Can't find hicom version
11-05 15:31:48.028 D/nStackXCoAP( 3645): IsInSameNetwork:[276] :IsInSameNetwork exec
11-05 15:31:48.028 I/nStackXDFinder( 3645): GetLocalInterfaceDetail:[461] :GetLocalInterfaceDetail in
11-05 15:31:48.028 E/nStackXCoAP( 3645): IsInSameNetwork:[281] :IsInSameNetwork: not priority process
11-05 15:31:48.028 D/nStackXCoAP( 3645): ParseServiceDiscover:[330] :new device join
11-05 15:31:48.029 E/nStackXDFinder( 3645): GetLocalIp:[401] :GetLocalIp exec
11-05 15:31:48.048 D/nStackXCoAP( 3645): CoapMessageHandler:[133] :2.01
11-05 15:31:48.052 I/ndroid.systemu( 684): NativeAlloc concurrent copying GC freed 6416(410KB) AllocSpace objects, 0(0B) LOS objects, 49% free, 3684KB/7368KB, paused 194us total 238.204ms
11-05 15:31:48.059 W/System ( 684): A resource failed to call close.
11-05 15:31:48.060 W/System ( 684): A resource failed to call close.
11-05 15:31:48.063 W/System ( 684): A resource failed to call release.
11-05 15:31:48.081 W/IorapForwardingService( 484): No service published for: iorapd
11-05 15:31:48.175 W/nStackXCoAP( 3645): ParseDeviceJsonData:[149] :Can't find hicom version
11-05 15:31:48.175 D/nStackXCoAP( 3645): IsInSameNetwork:[276] :IsInSameNetwork exec
11-05 15:31:48.175 I/nStackXDFinder( 3645): GetLocalInterfaceDetail:[461] :GetLocalInterfaceDetail in
11-05 15:31:48.175 E/nStackXCoAP( 3645): IsInSameNetwork:[281] :IsInSameNetwork: not priority process
11-05 15:31:48.175 D/nStackXCoAP( 3645): ParseServiceDiscover:[330] :new device join
11-05 15:31:48.175 E/nStackXDFinder( 3645): GetLocalIp:[401] :GetLocalIp exec
11-05 15:31:48.218 D/hdmi-cec( 260): receive invalid cec message!
11-05 15:31:48.219 D/hdmi-cec( 260): receive poll message [04], skip!
11-05 15:31:48.382 W/.filemanager.o( 2664): Accessing hidden field Landroid/view/inputmethod/InputMethodManager;->mCurRootView:Landroid/view/ViewRootImpl; (blocked, reflection, denied)
11-05 15:31:48.471 I/BLEAudioDrive_HV410( 247): data len: 9 1
11-05 15:31:48.472 D/TvWindowManager( 484): key event key = KEYCODE_DPAD_RIGHT down = true
11-05 15:31:48.478 D/GpioService( 484): mFlickerEnable = true
11-05 15:31:48.525 W/nStackXCoAP( 3645): ParseDeviceJsonData:[149] :Can't find hicom version
11-05 15:31:48.525 D/nStackXCoAP( 3645): IsInSameNetwork:[276] :IsInSameNetwork exec
11-05 15:31:48.525 I/nStackXDFinder( 3645): GetLocalInterfaceDetail:[461] :GetLocalInterfaceDetail in
11-05 15:31:48.525 E/nStackXCoAP( 3645): IsInSameNetwork:[281] :IsInSameNetwork: not priority process
11-05 15:31:48.525 D/nStackXCoAP( 3645): ParseServiceDiscover:[330] :new device join
11-05 15:31:48.525 E/nStackXDFinder( 3645): GetLocalIp:[401] :GetLocalIp exec
11-05 15:31:48.527 W/nStackXCoAP( 3645): ParseDeviceJsonData:[149] :Can't find hicom version
11-05 15:31:48.527 D/nStackXCoAP( 3645): IsInSameNetwork:[276] :IsInSameNetwork exec
11-05 15:31:48.527 I/nStackXDFinder( 3645): GetLocalInterfaceDetail:[461] :GetLocalInterfaceDetail in
11-05 15:31:48.527 E/nStackXCoAP( 3645): IsInSameNetwork:[281] :IsInSameNetwork: not priority process
11-05 15:31:48.527 D/nStackXCoAP( 3645): ParseServiceDiscover:[330] :new device join
11-05 15:31:48.527 E/nStackXDFinder( 3645): GetLocalIp:[401] :GetLocalIp exec
11-05 15:31:48.528 D/nStackXCoAP( 3645): CoapMessageHandler:[133] :2.01
11-05 15:31:48.542 D/nStackXCoAP( 3645): CoapMessageHandler:[133] :2.01
11-05 15:31:48.561 D/nStackXCoAP( 3645): CoapMessageHandler:[133] :2.01
11-05 15:31:48.583 W/InputManager-JNI( 484): Input channel object '8f2f3b2 Toast (client)' was disposed without first being removed with the input manager!
11-05 15:31:48.592 W/NotificationService( 484): Toast already killed. pkg=com.dangbei.lerad.videoposter token=android.os.BinderProxy@b8e73be
11-05 15:31:48.596 W/nStackXCoAP( 3645): ParseDeviceJsonData:[149] :Can't find hicom version
11-05 15:31:48.596 D/nStackXCoAP( 3645): IsInSameNetwork:[276] :IsInSameNetwork exec
11-05 15:31:48.596 I/nStackXDFinder( 3645): GetLocalInterfaceDetail:[461] :GetLocalInterfaceDetail in
11-05 15:31:48.596 E/nStackXCoAP( 3645): IsInSameNetwork:[281] :IsInSameNetwork: not priority process
11-05 15:31:48.596 D/nStackXCoAP( 3645): ParseServiceDiscover:[330] :new device join
11-05 15:31:48.596 E/nStackXDFinder( 3645): GetLocalIp:[401] :GetLocalIp exec
11-05 15:31:48.606 I/.filemanager.o( 2664): Explicit concurrent copying GC freed 6441(305KB) AllocSpace objects, 0(0B) LOS objects, 49% free, 10MB/20MB, paused 192us total 213.685ms
11-05 15:31:48.610 D/nStackXCoAP( 3645): CoapMessageHandler:[133] :2.01
11-05 15:31:48.663 I/BLEAudioDrive_HV410( 247): data len: 9 1
11-05 15:31:48.663 I/BLEAudioDrive_HV410( 247): keyboard stop
11-05 15:31:48.663 D/TvWindowManager( 484): key event key = KEYCODE_DPAD_RIGHT down = false
11-05 15:31:48.808 I/.filemanager.o( 2664): Explicit concurrent copying GC freed 116(36KB) AllocSpace objects, 0(0B) LOS objects, 49% free, 10MB/20MB, paused 148us total 201.385ms
11-05 15:31:48.840 D/StrictMode( 2664): StrictMode policy violation: android.os.strictmode.InstanceCountViolation: class com.dangbei.lerad.filemanager.ui.info.ManagerFileListActivity; instances=16; limit=3
11-05 15:31:48.840 D/StrictMode( 2664): at android.os.StrictMode.setClassInstanceLimit(StrictMode.java:1)
11-05 15:31:48.844 W/InputManager-JNI( 484): Input channel object '8aa92ae com.tv.filemanager.os/com.dangbei.lerad.filemanager.ui.info.ManagerFileListActivity (client)' was disposed without first being removed with the input manager!
11-05 15:31:48.849 I/SogouIME( 2402): onKeyDown: keyoCode=22
11-05 15:31:48.849 I/DefaultIMS( 2402): onKeyDown: keyoCode=22
11-05 15:31:48.873 I/SogouIME( 2402): onKeyUp: keyoCode=22
11-05 15:31:48.873 I/DefaultIMS( 2402): onKeyUp: keyoCode=22
11-05 15:31:48.876 I/DefaultIMS( 2402): onStartInput attribute=android.view.inputmethod.EditorInfo@b01d891 restarting=false inputType: 0
11-05 15:31:48.881 W/nStackXCoAP( 3645): ParseDeviceJsonData:[149] :Can't find hicom version
11-05 15:31:48.882 D/nStackXCoAP( 3645): IsInSameNetwork:[276] :IsInSameNetwork exec
11-05 15:31:48.882 I/nStackXDFinder( 3645): GetLocalInterfaceDetail:[461] :GetLocalInterfaceDetail in
11-05 15:31:48.882 E/nStackXCoAP( 3645): IsInSameNetwork:[281] :IsInSameNetwork: not priority process
11-05 15:31:48.882 D/nStackXCoAP( 3645): ParseServiceDiscover:[330] :new device join
11-05 15:31:48.882 E/nStackXDFinder( 3645): GetLocalIp:[401] :GetLocalIp exec
11-05 15:31:48.904 W/nStackXCoAP( 3645): ParseDeviceJsonData:[149] :Can't find hicom version
11-05 15:31:48.904 D/nStackXCoAP( 3645): IsInSameNetwork:[276] :IsInSameNetwork exec
11-05 15:31:48.904 I/nStackXDFinder( 3645): GetLocalInterfaceDetail:[461] :GetLocalInterfaceDetail in
11-05 15:31:48.904 E/nStackXCoAP( 3645): IsInSameNetwork:[281] :IsInSameNetwork: not priority process
11-05 15:31:48.904 D/nStackXCoAP( 3645): ParseServiceDiscover:[330] :new device join
11-05 15:31:48.904 E/nStackXDFinder( 3645): GetLocalIp:[401] :GetLocalIp exec
11-05 15:31:48.906 D/nStackXCoAP( 3645): CoapMessageHandler:[133] :2.01
11-05 15:31:48.925 D/nStackXCoAP( 3645): CoapMessageHandler:[133] :2.01
11-05 15:31:49.083 W/IorapForwardingService( 484): No service published for: iorapd
11-05 15:31:49.185 W/nStackXCoAP( 3645): ParseDeviceJsonData:[149] :Can't find hicom version
11-05 15:31:49.186 D/nStackXCoAP( 3645): IsInSameNetwork:[276] :IsInSameNetwork exec
11-05 15:31:49.186 I/nStackXDFinder( 3645): GetLocalInterfaceDetail:[461] :GetLocalInterfaceDetail in
11-05 15:31:49.186 E/nStackXCoAP( 3645): IsInSameNetwork:[281] :IsInSameNetwork: not priority process
11-05 15:31:49.186 D/nStackXCoAP( 3645): ParseServiceDiscover:[330] :new device join
11-05 15:31:49.186 E/nStackXDFinder( 3645): GetLocalIp:[401] :GetLocalIp exec
11-05 15:31:49.232 D/nStackXCoAP( 3645): CoapMessageHandler:[133] :2.01
11-05 15:31:49.305 D/TvWindowManager( 484): key event key = KEYCODE_DPAD_CENTER down = true
11-05 15:31:49.305 I/BLEAudioDrive_HV410( 247): data len: 9 1
11-05 15:31:49.318 D/GpioService( 484): mFlickerEnable = true
11-05 15:31:49.319 W/nStackXCoAP( 3645): ParseDeviceJsonData:[149] :Can't find hicom version
11-05 15:31:49.319 D/nStackXCoAP( 3645): IsInSameNetwork:[276] :IsInSameNetwork exec
11-05 15:31:49.320 I/nStackXDFinder( 3645): GetLocalInterfaceDetail:[461] :GetLocalInterfaceDetail in
11-05 15:31:49.320 E/nStackXCoAP( 3645): IsInSameNetwork:[281] :IsInSameNetwork: not priority process
11-05 15:31:49.320 D/nStackXCoAP( 3645): ParseServiceDiscover:[330] :new device join
11-05 15:31:49.320 E/nStackXDFinder( 3645): GetLocalIp:[401] :GetLocalIp exec
11-05 15:31:49.343 D/nStackXCoAP( 3645): CoapMessageHandler:[133] :2.01
11-05 15:31:49.451 D/TvWindowManager( 484): key event key = KEYCODE_DPAD_CENTER down = false
11-05 15:31:49.453 I/BLEAudioDrive_HV410( 247): data len: 9 1
11-05 15:31:49.453 I/BLEAudioDrive_HV410( 247): keyboard stop
11-05 15:31:49.456 D/GpioService( 484): mFlickerEnable = true
11-05 15:31:49.460 W/nStackXCoAP( 3645): ParseDeviceJsonData:[149] :Can't find hicom version
11-05 15:31:49.461 D/nStackXCoAP( 3645): IsInSameNetwork:[276] :IsInSameNetwork exec
11-05 15:31:49.461 I/nStackXDFinder( 3645): GetLocalInterfaceDetail:[461] :GetLocalInterfaceDetail in
11-05 15:31:49.461 E/nStackXCoAP( 3645): IsInSameNetwork:[281] :IsInSameNetwork: not priority process
11-05 15:31:49.461 D/nStackXCoAP( 3645): ParseServiceDiscover:[330] :new device join
11-05 15:31:49.461 E/nStackXDFinder( 3645): GetLocalIp:[401] :GetLocalIp exec
11-05 15:31:49.474 I/SogouIME( 2402): onKeyDown: keyoCode=23
11-05 15:31:49.474 I/DefaultIMS( 2402): onKeyDown: keyoCode=23
11-05 15:31:49.487 I/SogouIME( 2402): onKeyUp: keyoCode=23
11-05 15:31:49.487 I/DefaultIMS( 2402): onKeyUp: keyoCode=23
11-05 15:31:49.498 I/ActivityStarter( 484): ---START u0 {cmp=com.tv.filemanager.os/com.dangbei.lerad.filemanager.ui.info.ManagerFileListActivity (has extras)} from uid 10054
11-05 15:31:49.502 I/AW_PowerHAL( 259): Power setMode: LAUNCH to: 1
11-05 15:31:49.521 I/AW_PowerHAL( 259): cur-mode:LAUNCH
11-05 15:31:49.528 W/ActivityTaskManager( 484): Tried to set launchTime (0) < mLastActivityLaunchTime (1879221)
11-05 15:31:49.531 D/AW_CODE ( 484): rotation =0
11-05 15:31:49.555 D/ActivityTaskManager( 484): homlet: skip orientation settings: 0
11-05 15:31:49.568 I/BpBinder( 289): onLastStrongRef automatically unlinking death recipients:
11-05 15:31:49.601 E/WifiHAL ( 664): wifi_get_link_stats: requestResponse Error:-5
11-05 15:31:49.602 E/WifiVendorHal( 484): getWifiLinkLayerStats_1_5_Internal(l.1191) failed {.code = ERROR_INVALID_ARGS, .description = }
11-05 15:31:49.643 D/TvPipController( 684): onTaskStackChanged()
11-05 15:31:49.690 W/WindowManager( 484): Failed looking up window session=Session{ba698fd 2664:u0a10054} callers=com.android.server.wm.WindowManagerService.windowForClientLocked:5702 com.android.server.wm.Session.insetsModified:629 android.view.IWindowSession$Stub.onTransact:1151
11-05 15:31:49.712 I/gralloc ( 255): alloc buffer:W:1920 H:1080 S:1920 PL[1920 1080] SZ:8294400 fmt:1 if:0 af:1 usg:20000b00 fg:00000004
11-05 15:31:49.714 I/gralloc ( 255): alloc buffer:W:1920 H:1080 S:1920 PL[1920 1080] SZ:8294400 fmt:1 if:0 af:1 usg:20000b00 fg:00000004
11-05 15:31:49.716 I/gralloc ( 255): alloc buffer:W:1920 H:1080 S:1920 PL[1920 1080] SZ:8294400 fmt:1 if:0 af:1 usg:20000b00 fg:00000004
11-05 15:31:49.733 I/BaseRequest( 2664): complete
11-05 15:31:49.733 I/BaseRequest( 2664): success!=nulltrue
11-05 15:31:49.742 I/ActivityTaskManager( 484): +++Displayed com.tv.filemanager.os/com.dangbei.lerad.filemanager.ui.info.ManagerFileListActivity: +243ms
11-05 15:31:49.749 D/nStackXCoAP( 3645): CoapMessageHandler:[133] :2.01
11-05 15:31:49.753 W/nStackXCoAP( 3645): ParseDeviceJsonData:[149] :Can't find hicom version
11-05 15:31:49.757 D/nStackXCoAP( 3645): IsInSameNetwork:[276] :IsInSameNetwork exec
11-05 15:31:49.757 I/nStackXDFinder( 3645): GetLocalInterfaceDetail:[461] :GetLocalInterfaceDetail in
11-05 15:31:49.757 E/nStackXCoAP( 3645): IsInSameNetwork:[281] :IsInSameNetwork: not priority process
11-05 15:31:49.757 D/nStackXCoAP( 3645): ParseServiceDiscover:[330] :new device join
11-05 15:31:49.757 E/nStackXDFinder( 3645): GetLocalIp:[401] :GetLocalIp exec
11-05 15:31:49.768 W/nStackXCoAP( 3645): ParseDeviceJsonData:[149] :Can't find hicom version
11-05 15:31:49.769 D/nStackXCoAP( 3645): IsInSameNetwork:[276] :IsInSameNetwork exec
11-05 15:31:49.769 I/nStackXDFinder( 3645): GetLocalInterfaceDetail:[461] :GetLocalInterfaceDetail in
11-05 15:31:49.769 E/nStackXCoAP( 3645): IsInSameNetwork:[281] :IsInSameNetwork: not priority process
11-05 15:31:49.769 D/nStackXCoAP( 3645): ParseServiceDiscover:[330] :new device join
11-05 15:31:49.772 E/nStackXDFinder( 3645): GetLocalIp:[401] :GetLocalIp exec
11-05 15:31:49.831 W/View ( 2664): requestLayout() improperly called by com.dangbei.lerad.libui.control.layout.FitFrameLayout{b08c4f9 V.E...... ......ID 0,0-255,250 #7f0a02ee app:id/view_file_item_ll} during layout: running second layout pass
11-05 15:31:49.838 I/DefaultIMS( 2402): onStartInput attribute=android.view.inputmethod.EditorInfo@ff2a0d0 restarting=false inputType: 0
11-05 15:31:49.867 I/AW_PowerHAL( 259): Power setMode: LAUNCH to: 0
11-05 15:31:49.870 I/AW_PowerHAL( 259): cur-mode:SCHEDUTIL
11-05 15:31:50.086 W/IorapForwardingService( 484): No service published for: iorapd
11-05 15:31:50.090 D/nStackXCoAP( 3645): CoapMessageHandler:[133] :2.01
11-05 15:31:50.092 D/nStackXCoAP( 3645): CoapMessageHandler:[133] :2.01
11-05 15:31:50.119 W/nStackXCoAP( 3645): ParseDeviceJsonData:[149] :Can't find hicom version
11-05 15:31:50.119 D/nStackXCoAP( 3645): IsInSameNetwork:[276] :IsInSameNetwork exec
11-05 15:31:50.119 I/nStackXDFinder( 3645): GetLocalInterfaceDetail:[461] :GetLocalInterfaceDetail in
11-05 15:31:50.119 E/nStackXCoAP( 3645): IsInSameNetwork:[281] :IsInSameNetwork: not priority process
11-05 15:31:50.119 D/nStackXCoAP( 3645): ParseServiceDiscover:[330] :new device join
11-05 15:31:50.120 E/nStackXDFinder( 3645): GetLocalIp:[401] :GetLocalIp exec
11-05 15:31:50.124 W/nStackXCoAP( 3645): ParseDeviceJsonData:[149] :Can't find hicom version
11-05 15:31:50.124 D/nStackXCoAP( 3645): IsInSameNetwork:[276] :IsInSameNetwork exec
11-05 15:31:50.124 I/nStackXDFinder( 3645): GetLocalInterfaceDetail:[461] :GetLocalInterfaceDetail in
11-05 15:31:50.124 E/nStackXCoAP( 3645): IsInSameNetwork:[281] :IsInSameNetwork: not priority process
11-05 15:31:50.124 D/nStackXCoAP( 3645): ParseServiceDiscover:[330] :new device join
11-05 15:31:50.125 E/nStackXDFinder( 3645): GetLocalIp:[401] :GetLocalIp exec
11-05 15:31:50.161 D/nStackXCoAP( 3645): CoapMessageHandler:[133] :2.01
11-05 15:31:50.161 D/nStackXCoAP( 3645): CoapMessageHandler:[133] :2.01
11-05 15:31:50.163 W/nStackXCoAP( 3645): ParseDeviceJsonData:[149] :Can't find hicom version
11-05 15:31:50.163 D/nStackXCoAP( 3645): IsInSameNetwork:[276] :IsInSameNetwork exec
11-05 15:31:50.163 I/nStackXDFinder( 3645): GetLocalInterfaceDetail:[461] :GetLocalInterfaceDetail in
11-05 15:31:50.163 E/nStackXCoAP( 3645): IsInSameNetwork:[281] :IsInSameNetwork: not priority process
11-05 15:31:50.163 D/nStackXCoAP( 3645): ParseServiceDiscover:[330] :new device join
11-05 15:31:50.163 E/nStackXDFinder( 3645): GetLocalIp:[401] :GetLocalIp exec
11-05 15:31:50.188 D/nStackXCoAP( 3645): CoapMessageHandler:[133] :2.01
11-05 15:31:50.227 I/BLEAudioDrive_HV410( 247): data len: 9 1
11-05 15:31:50.227 D/TvWindowManager( 484): key event key = KEYCODE_DPAD_RIGHT down = true
11-05 15:31:50.239 D/GpioService( 484): mFlickerEnable = true
11-05 15:31:50.242 I/SogouIME( 2402): onKeyDown: keyoCode=22
11-05 15:31:50.243 I/DefaultIMS( 2402): onKeyDown: keyoCode=22
11-05 15:31:50.261 I/DefaultIMS( 2402): onStartInput attribute=android.view.inputmethod.EditorInfo@39df70b restarting=false inputType: 0
11-05 15:31:50.373 I/BLEAudioDrive_HV410( 247): data len: 9 1
11-05 15:31:50.373 I/BLEAudioDrive_HV410( 247): keyboard stop
11-05 15:31:50.373 D/TvWindowManager( 484): key event key = KEYCODE_DPAD_RIGHT down = false
11-05 15:31:50.378 I/SogouIME( 2402): onKeyUp: keyoCode=22
11-05 15:31:50.378 I/DefaultIMS( 2402): onKeyUp: keyoCode=22
11-05 15:31:50.596 W/WindowManager( 484): Unable to start animation, surface is null or no children.
11-05 15:31:50.621 D/TvWindowManager( 484): key event key = KEYCODE_DPAD_CENTER down = true
11-05 15:31:50.621 I/BLEAudioDrive_HV410( 247): data len: 9 1
11-05 15:31:50.631 D/GpioService( 484): mFlickerEnable = true
11-05 15:31:50.755 I/BLEAudioDrive_HV410( 247): data len: 9 1
11-05 15:31:50.756 I/BLEAudioDrive_HV410( 247): keyboard stop
11-05 15:31:50.756 D/TvWindowManager( 484): key event key = KEYCODE_DPAD_CENTER down = false
11-05 15:31:50.772 D/GpioService( 484): mFlickerEnable = true
11-05 15:31:50.774 I/SogouIME( 2402): onKeyDown: keyoCode=23
11-05 15:31:50.775 I/DefaultIMS( 2402): onKeyDown: keyoCode=23
11-05 15:31:50.778 I/SogouIME( 2402): onKeyUp: keyoCode=23
11-05 15:31:50.778 I/DefaultIMS( 2402): onKeyUp: keyoCode=23
11-05 15:31:50.814 D/StrictMode( 2664): StrictMode policy violation: android.os.strictmode.FileUriExposedViolation: file:///storage/02E24445E2443EE3/000%E9%9F%B3%E9%A2%91%E7%BC%96%E7%A0%81%E6%A0%BC%E5%BC%8F%E6%B5%8B%E8%AF%95/Dolby%20Digital%20Plus/ChID_voices_341_ddp.mp4 exposed beyond app through Intent.getData()
11-05 15:31:50.814 D/StrictMode( 2664): at android.os.StrictMode.onFileUriExposed(StrictMode.java:2211)
11-05 15:31:50.814 D/StrictMode( 2664): at android.net.Uri.checkFileUriExposed(Uri.java:2402)
11-05 15:31:50.814 D/StrictMode( 2664): at android.content.Intent.prepareToLeaveProcess(Intent.java:11415)
11-05 15:31:50.814 D/StrictMode( 2664): at android.content.Intent.prepareToLeaveProcess(Intent.java:11367)
11-05 15:31:50.814 D/StrictMode( 2664): at android.app.Instrumentation.execStartActivity(Instrumentation.java:1742)
11-05 15:31:50.814 D/StrictMode( 2664): at android.app.ContextImpl.startActivity(ContextImpl.java:1085)
11-05 15:31:50.814 D/StrictMode( 2664): at android.app.ContextImpl.startActivity(ContextImpl.java:1056)
11-05 15:31:50.814 D/StrictMode( 2664): at android.content.ContextWrapper.startActivity(ContextWrapper.java:411)
11-05 15:31:50.814 D/StrictMode( 2664): at com.dangbei.lerad.filemanager.impl.open.FileTypePlayer.directlyOpen(FileTypePlayer.java:254)
11-05 15:31:50.814 D/StrictMode( 2664): at com.dangbei.lerad.filemanager.impl.open.FileTypePlayer.play(FileTypePlayer.java:116)
11-05 15:31:50.814 D/StrictMode( 2664): at com.dangbei.lerad.filemanager.impl.open.OpenFilterChain.run(OpenFilterChain.java:63)
11-05 15:31:50.814 D/StrictMode( 2664): at com.dangbei.lerad.filemanager.impl.open.OpenFilterChain.execute(OpenFilterChain.java:35)
11-05 15:31:50.814 D/StrictMode( 2664): at com.dangbei.lerad.filemanager.impl.open.OpenManager$1.onNext(OpenManager.java:109)
11-05 15:31:50.814 D/StrictMode( 2664): at com.dangbei.lerad.filemanager.impl.open.OpenManager$1.onNext(OpenManager.java:101)
11-05 15:31:50.814 D/StrictMode( 2664): at io.reactivex.internal.operators.observable.ObservableObserveOn$ObserveOnObserver.drainNormal(ObservableObserveOn.java:201)
11-05 15:31:50.814 D/StrictMode( 2664): at io.reactivex.internal.operators.observable.ObservableObserveOn$ObserveOnObserver.run(ObservableObserveOn.java:255)
11-05 15:31:50.814 D/StrictMode( 2664): at io.reactivex.android.schedulers.HandlerScheduler$ScheduledRunnable.run(HandlerScheduler.java:119)
11-05 15:31:50.814 D/StrictMode( 2664): at android.os.Handler.handleCallback(Handler.java:938)
11-05 15:31:50.814 D/StrictMode( 2664): at android.os.Handler.dispatchMessage(Handler.java:99)
11-05 15:31:50.814 D/StrictMode( 2664): at android.os.Looper.loopOnce(Looper.java:201)
11-05 15:31:50.814 D/StrictMode( 2664): at android.os.Looper.loop(Looper.java:288)
11-05 15:31:50.814 D/StrictMode( 2664): at android.app.ActivityThread.main(ActivityThread.java:7854)
11-05 15:31:50.814 D/StrictMode( 2664): at java.lang.reflect.Method.invoke(Native Method)
11-05 15:31:50.814 D/StrictMode( 2664): at com.android.internal.os.RuntimeInit$MethodAndArgsCaller.run(RuntimeInit.java:548)
11-05 15:31:50.814 D/StrictMode( 2664): at com.android.internal.os.ZygoteInit.main(ZygoteInit.java:1182)
11-05 15:31:50.816 I/ActivityStarter( 484): ---START u0 {act=android.intent.action.VIEW dat=file:///storage/02E24445E2443EE3/000音频编码格式测试/Dolby Digital Plus/ChID_voices_341_ddp.mp4 typ=video/* flg=0x10000001 cmp=com.dangbei.lerad.videoposter/com.dangbei.leradplayer.activity.PlayerActivity} from uid 10054
11-05 15:31:50.818 W/ActivityTaskManager( 484): Can't find TaskDisplayArea to determine support for multi window. Task id=171 attached=false
11-05 15:31:50.823 I/AW_PowerHAL( 259): Power setMode: LAUNCH to: 1
11-05 15:31:50.824 V/SplashScreenExceptionList( 484): SplashScreen checking exception for package com.dangbei.lerad.videoposter (target sdk:26) -> false
11-05 15:31:50.825 D/StartingSurfaceDrawer( 684): addSplashScreen com.dangbei.lerad.videoposter theme=7f0d0007 task=171 suggestType=3
11-05 15:31:50.832 D/StartingSurfaceDrawer( 684): addSplashScreen: creating context based on task Configuration {1.0 ?mcc?mnc [zh_CN] ldltr sw720dp w1280dp h696dp 240dpi lrg long land television -touch qwerty/v/v dpad/v winConfig={ mBounds=Rect(0, 0 - 1920, 1080) mAppBounds=Rect(0, 0 - 1920, 1080) mMaxBounds=Rect(0, 0 - 1920, 1080) mWindowingMode=fullscreen mDisplayWindowingMode=fullscreen mActivityType=standard mAlwaysOnTop=undefined mRotation=ROTATION_0} s.1 fontWeightAdjustment=0} for splash screen
11-05 15:31:50.840 W/ActivityTaskManager( 484): Tried to set launchTime (0) < mLastActivityLaunchTime (1880954)
11-05 15:31:50.841 D/AW_CODE ( 484): rotation =0
11-05 15:31:50.846 I/AW_PowerHAL( 259): cur-mode:LAUNCH
11-05 15:31:50.850 D/StartingSurfaceDrawer( 684): addSplashScreen: apply overrideConfig{1.0 ?mcc?mnc [zh_CN] ldltr sw720dp w1280dp h696dp 240dpi lrg long land television -touch qwerty/v/v dpad/v winConfig={ mBounds=Rect(0, 0 - 1920, 1080) mAppBounds=Rect(0, 0 - 1920, 1080) mMaxBounds=Rect(0, 0 - 1920, 1080) mWindowingMode=fullscreen mDisplayWindowingMode=fullscreen mActivityType=standard mAlwaysOnTop=undefined mRotation=ROTATION_0} s.1 fontWeightAdjustment=0} to starting window resId=2131165761
11-05 15:31:50.855 D/StartingSurfaceDrawer( 684): window attributes color: 0 icon null duration 0 brandImage null
11-05 15:31:50.858 D/SplashScreenView( 684): Build android.window.SplashScreenView{c20db54 V.E...... ......ID 0,0-0,0}
11-05 15:31:50.858 D/SplashScreenView( 684): Icon: view: null drawable: null size: 0
11-05 15:31:50.858 D/SplashScreenView( 684): Branding: view: android.view.View{3c92afd G.ED..... ......I. 0,0-0,0 #10204a6 android:id/splashscreen_branding_view} drawable: null size w: 0 h: 0
11-05 15:31:50.858 D/StartingSurfaceDrawer( 684): fillViewWithIcon surfaceWindowView android.window.SplashScreenView{c20db54 V.E...... ......ID 0,0-0,0}
11-05 15:31:50.868 I/BpBinder( 289): onLastStrongRef automatically unlinking death recipients:
11-05 15:31:50.888 I/gralloc ( 255): alloc buffer:W:1920 H:1080 S:1920 PL[1920 1080] SZ:8294400 fmt:1 if:0 af:1 usg:20000b00 fg:00000004
