11-05 15:31:26.220 E/ac3_decInternal( 360): 2025-06-20-11-37 EAC3frame_PassThrough end OutBuffLen 6144
11-05 15:31:26.220 E/ac3_decInternal( 360): 2025-06-20-11-37 EAC3frame_PassThrough begin
11-05 15:31:26.220 E/AllwinnerAlibs( 360): 2025-06-20-11-37 MafiaAc3spdif_write_header
11-05 15:31:26.220 E/AllwinnerAlibs( 360): 2025-06-20-11-37 MafiaAc3spdif_write_packet
11-05 15:31:26.220 E/AllwinnerAlibs( 360): 2025-06-20-11-37 spdif_header_ac3
11-05 15:31:26.220 E/AllwinnerAlibs( 360): 2025-06-20-11-37 bill set SYNCWORD MafiaAc3spdif_write_packet 365
11-05 15:31:26.220 E/AllwinnerAlibs( 360): 2025-06-20-11-37 MafiaAc3spdif_write_packet 393 re = 6144
11-05 15:31:26.220 E/ac3_decInternal( 360): 2025-06-20-11-37 EAC3frame_PassThrough end OutBuffLen 6144
11-05 15:31:26.220 E/ac3_decInternal( 360): 2025-06-20-11-37 EAC3frame_PassThrough begin
11-05 15:31:26.220 E/AllwinnerAlibs( 360): 2025-06-20-11-37 MafiaAc3spdif_write_header
11-05 15:31:26.221 E/AllwinnerAlibs( 360): 2025-06-20-11-37 MafiaAc3spdif_write_packet
11-05 15:31:26.221 E/AllwinnerAlibs( 360): 2025-06-20-11-37 spdif_header_ac3
11-05 15:31:26.221 E/AllwinnerAlibs( 360): 2025-06-20-11-37 bill set SYNCWORD MafiaAc3spdif_write_packet 365
11-05 15:31:26.221 E/AllwinnerAlibs( 360): 2025-06-20-11-37 MafiaAc3spdif_write_packet 393 re = 6144
11-05 15:31:26.221 E/ac3_decInternal( 360): 2025-06-20-11-37 EAC3frame_PassThrough end OutBuffLen 6144
11-05 15:31:26.221 E/ac3_decInternal( 360): 2025-06-20-11-37 EAC3frame_PassThrough begin
11-05 15:31:26.221 E/AllwinnerAlibs( 360): 2025-06-20-11-37 MafiaAc3spdif_write_header
11-05 15:31:26.221 E/AllwinnerAlibs( 360): 2025-06-20-11-37 MafiaAc3spdif_write_packet
11-05 15:31:26.221 E/AllwinnerAlibs( 360): 2025-06-20-11-37 spdif_header_ac3
11-05 15:31:26.221 E/AllwinnerAlibs( 360): 2025-06-20-11-37 bill set SYNCWORD MafiaAc3spdif_write_packet 365
11-05 15:31:26.221 E/AllwinnerAlibs( 360): 2025-06-20-11-37 MafiaAc3spdif_write_packet 393 re = 6144
11-05 15:31:26.221 E/ac3_decInternal( 360): 2025-06-20-11-37 EAC3frame_PassThrough end OutBuffLen 6144
11-05 15:31:26.328 I/cedarc ( 360): : stream buffer 0 ring back.
11-05 15:31:26.328 I/cedarc ( 360): : stream buffer 0 ring back.
11-05 15:31:26.365 I/BLEAudioDrive_HV410( 247): data len: 9 1
11-05 15:31:26.366 I/BLEAudioDrive_HV410( 247): keyboard stop
11-05 15:31:26.366 D/TvWindowManager( 484): key event key = KEYCODE_DPAD_LEFT down = false
11-05 15:31:26.369 I/SogouIME( 2402): onKeyUp: keyoCode=21
11-05 15:31:26.369 I/DefaultIMS( 2402): onKeyUp: keyoCode=21
11-05 15:31:26.725 E/ac3_decInternal( 360): 2025-06-20-11-37 EAC3frame_PassThrough begin
11-05 15:31:26.725 E/AllwinnerAlibs( 360): 2025-06-20-11-37 MafiaAc3spdif_write_header
11-05 15:31:26.725 E/AllwinnerAlibs( 360): 2025-06-20-11-37 MafiaAc3spdif_write_packet
11-05 15:31:26.725 E/AllwinnerAlibs( 360): 2025-06-20-11-37 spdif_header_ac3
11-05 15:31:26.725 E/AllwinnerAlibs( 360): 2025-06-20-11-37 bill set SYNCWORD MafiaAc3spdif_write_packet 365
11-05 15:31:26.725 E/AllwinnerAlibs( 360): 2025-06-20-11-37 MafiaAc3spdif_write_packet 393 re = 6144
11-05 15:31:26.725 E/ac3_decInternal( 360): 2025-06-20-11-37 EAC3frame_PassThrough end OutBuffLen 6144
11-05 15:31:26.726 E/ac3_decInternal( 360): 2025-06-20-11-37 EAC3frame_PassThrough begin
11-05 15:31:26.726 E/AllwinnerAlibs( 360): 2025-06-20-11-37 MafiaAc3spdif_write_header
11-05 15:31:26.726 E/AllwinnerAlibs( 360): 2025-06-20-11-37 MafiaAc3spdif_write_packet
11-05 15:31:26.726 E/AllwinnerAlibs( 360): 2025-06-20-11-37 spdif_header_ac3
11-05 15:31:26.726 E/AllwinnerAlibs( 360): 2025-06-20-11-37 bill set SYNCWORD MafiaAc3spdif_write_packet 365
11-05 15:31:26.726 E/AllwinnerAlibs( 360): 2025-06-20-11-37 MafiaAc3spdif_write_packet 393 re = 6144
11-05 15:31:26.726 E/ac3_decInternal( 360): 2025-06-20-11-37 EAC3frame_PassThrough end OutBuffLen 6144
11-05 15:31:26.810 E/ac3_decInternal( 360): 2025-06-20-11-37 EAC3frame_PassThrough begin
11-05 15:31:26.810 E/AllwinnerAlibs( 360): 2025-06-20-11-37 MafiaAc3spdif_write_header
11-05 15:31:26.810 E/AllwinnerAlibs( 360): 2025-06-20-11-37 MafiaAc3spdif_write_packet
11-05 15:31:26.811 E/AllwinnerAlibs( 360): 2025-06-20-11-37 spdif_header_ac3
11-05 15:31:26.811 E/AllwinnerAlibs( 360): 2025-06-20-11-37 bill set SYNCWORD MafiaAc3spdif_write_packet 365
11-05 15:31:26.811 E/AllwinnerAlibs( 360): 2025-06-20-11-37 MafiaAc3spdif_write_packet 393 re = 6144
11-05 15:31:26.811 E/ac3_decInternal( 360): 2025-06-20-11-37 EAC3frame_PassThrough end OutBuffLen 6144
11-05 15:31:26.811 E/ac3_decInternal( 360): 2025-06-20-11-37 EAC3frame_PassThrough begin
11-05 15:31:26.812 E/AllwinnerAlibs( 360): 2025-06-20-11-37 MafiaAc3spdif_write_header
11-05 15:31:26.812 E/AllwinnerAlibs( 360): 2025-06-20-11-37 MafiaAc3spdif_write_packet
11-05 15:31:26.812 E/AllwinnerAlibs( 360): 2025-06-20-11-37 spdif_header_ac3
11-05 15:31:26.812 E/AllwinnerAlibs( 360): 2025-06-20-11-37 bill set SYNCWORD MafiaAc3spdif_write_packet 365
11-05 15:31:26.812 E/AllwinnerAlibs( 360): 2025-06-20-11-37 MafiaAc3spdif_write_packet 393 re = 6144
11-05 15:31:26.812 E/ac3_decInternal( 360): 2025-06-20-11-37 EAC3frame_PassThrough end OutBuffLen 6144
11-05 15:31:26.896 E/ac3_decInternal( 360): 2025-06-20-11-37 EAC3frame_PassThrough begin
11-05 15:31:26.896 E/AllwinnerAlibs( 360): 2025-06-20-11-37 MafiaAc3spdif_write_header
11-05 15:31:26.896 E/AllwinnerAlibs( 360): 2025-06-20-11-37 MafiaAc3spdif_write_packet
11-05 15:31:26.896 E/AllwinnerAlibs( 360): 2025-06-20-11-37 spdif_header_ac3
11-05 15:31:26.896 E/AllwinnerAlibs( 360): 2025-06-20-11-37 bill set SYNCWORD MafiaAc3spdif_write_packet 365
11-05 15:31:26.896 E/AllwinnerAlibs( 360): 2025-06-20-11-37 MafiaAc3spdif_write_packet 393 re = 6144
11-05 15:31:26.896 E/ac3_decInternal( 360): 2025-06-20-11-37 EAC3frame_PassThrough end OutBuffLen 6144
11-05 15:31:26.896 E/ac3_decInternal( 360): 2025-06-20-11-37 EAC3frame_PassThrough begin
11-05 15:31:26.896 E/AllwinnerAlibs( 360): 2025-06-20-11-37 MafiaAc3spdif_write_header
11-05 15:31:26.896 E/AllwinnerAlibs( 360): 2025-06-20-11-37 MafiaAc3spdif_write_packet
11-05 15:31:26.896 E/AllwinnerAlibs( 360): 2025-06-20-11-37 spdif_header_ac3
11-05 15:31:26.896 E/AllwinnerAlibs( 360): 2025-06-20-11-37 bill set SYNCWORD MafiaAc3spdif_write_packet 365
11-05 15:31:26.896 E/AllwinnerAlibs( 360): 2025-06-20-11-37 MafiaAc3spdif_write_packet 393 re = 6144
11-05 15:31:26.896 E/ac3_decInternal( 360): 2025-06-20-11-37 EAC3frame_PassThrough end OutBuffLen 6144
11-05 15:31:26.897 E/ac3_decInternal( 360): 2025-06-20-11-37 EAC3frame_PassThrough begin
11-05 15:31:26.897 E/AllwinnerAlibs( 360): 2025-06-20-11-37 MafiaAc3spdif_write_header
11-05 15:31:26.897 E/AllwinnerAlibs( 360): 2025-06-20-11-37 MafiaAc3spdif_write_packet
11-05 15:31:26.897 E/AllwinnerAlibs( 360): 2025-06-20-11-37 spdif_header_ac3
11-05 15:31:26.897 E/AllwinnerAlibs( 360): 2025-06-20-11-37 bill set SYNCWORD MafiaAc3spdif_write_packet 365
11-05 15:31:26.897 E/AllwinnerAlibs( 360): 2025-06-20-11-37 MafiaAc3spdif_write_packet 393 re = 6144
11-05 15:31:26.897 E/ac3_decInternal( 360): 2025-06-20-11-37 EAC3frame_PassThrough end OutBuffLen 6144
11-05 15:31:26.898 E/ac3_decInternal( 360): 2025-06-20-11-37 EAC3frame_PassThrough begin
11-05 15:31:26.898 E/AllwinnerAlibs( 360): 2025-06-20-11-37 MafiaAc3spdif_write_header
11-05 15:31:26.898 E/AllwinnerAlibs( 360): 2025-06-20-11-37 MafiaAc3spdif_write_packet
11-05 15:31:26.898 E/AllwinnerAlibs( 360): 2025-06-20-11-37 spdif_header_ac3
11-05 15:31:26.898 E/AllwinnerAlibs( 360): 2025-06-20-11-37 bill set SYNCWORD MafiaAc3spdif_write_packet 365
11-05 15:31:26.898 E/AllwinnerAlibs( 360): 2025-06-20-11-37 MafiaAc3spdif_write_packet 393 re = 6144
11-05 15:31:26.898 E/ac3_decInternal( 360): 2025-06-20-11-37 EAC3frame_PassThrough end OutBuffLen 6144
11-05 15:31:26.981 E/ac3_decInternal( 360): 2025-06-20-11-37 EAC3frame_PassThrough begin
11-05 15:31:26.981 E/AllwinnerAlibs( 360): 2025-06-20-11-37 MafiaAc3spdif_write_header
11-05 15:31:26.981 E/AllwinnerAlibs( 360): 2025-06-20-11-37 MafiaAc3spdif_write_packet
11-05 15:31:26.981 E/AllwinnerAlibs( 360): 2025-06-20-11-37 spdif_header_ac3
11-05 15:31:26.981 E/AllwinnerAlibs( 360): 2025-06-20-11-37 bill set SYNCWORD MafiaAc3spdif_write_packet 365
11-05 15:31:26.981 E/AllwinnerAlibs( 360): 2025-06-20-11-37 MafiaAc3spdif_write_packet 393 re = 6144
11-05 15:31:26.981 E/ac3_decInternal( 360): 2025-06-20-11-37 EAC3frame_PassThrough end OutBuffLen 6144
11-05 15:31:26.983 E/ac3_decInternal( 360): 2025-06-20-11-37 EAC3frame_PassThrough begin
11-05 15:31:26.983 E/AllwinnerAlibs( 360): 2025-06-20-11-37 MafiaAc3spdif_write_header
11-05 15:31:26.983 E/AllwinnerAlibs( 360): 2025-06-20-11-37 MafiaAc3spdif_write_packet
11-05 15:31:26.983 E/AllwinnerAlibs( 360): 2025-06-20-11-37 spdif_header_ac3
11-05 15:31:26.983 E/AllwinnerAlibs( 360): 2025-06-20-11-37 bill set SYNCWORD MafiaAc3spdif_write_packet 365
11-05 15:31:26.983 E/AllwinnerAlibs( 360): 2025-06-20-11-37 MafiaAc3spdif_write_packet 393 re = 6144
11-05 15:31:26.983 E/ac3_decInternal( 360): 2025-06-20-11-37 EAC3frame_PassThrough end OutBuffLen 6144
11-05 15:31:26.983 E/ac3_decInternal( 360): 2025-06-20-11-37 EAC3frame_PassThrough begin
11-05 15:31:26.983 E/AllwinnerAlibs( 360): 2025-06-20-11-37 MafiaAc3spdif_write_header
11-05 15:31:26.983 E/AllwinnerAlibs( 360): 2025-06-20-11-37 MafiaAc3spdif_write_packet
11-05 15:31:26.983 E/AllwinnerAlibs( 360): 2025-06-20-11-37 spdif_header_ac3
11-05 15:31:26.983 E/AllwinnerAlibs( 360): 2025-06-20-11-37 bill set SYNCWORD MafiaAc3spdif_write_packet 365
11-05 15:31:26.983 E/AllwinnerAlibs( 360): 2025-06-20-11-37 MafiaAc3spdif_write_packet 393 re = 6144
11-05 15:31:26.983 E/ac3_decInternal( 360): 2025-06-20-11-37 EAC3frame_PassThrough end OutBuffLen 6144
11-05 15:31:26.995 I/BLEAudioDrive_HV410( 247): data len: 9 1
11-05 15:31:26.996 D/TvWindowManager( 484): key event key = KEYCODE_DPAD_CENTER down = true
11-05 15:31:26.997 D/GpioService( 484): mFlickerEnable = true
11-05 15:31:27.023 D/AudioMixer( 266): previous float ramp hasn't finished, prev:1.000000 set_to:0.000000
11-05 15:31:27.023 D/AudioMixer( 266): previous float ramp hasn't finished, prev:1.000000 set_to:0.000000
11-05 15:31:27.033 W/IorapForwardingService( 484): No service published for: iorapd
11-05 15:31:27.066 E/ac3_decInternal( 360): 2025-06-20-11-37 EAC3frame_PassThrough begin
11-05 15:31:27.066 E/AllwinnerAlibs( 360): 2025-06-20-11-37 MafiaAc3spdif_write_header
11-05 15:31:27.066 E/AllwinnerAlibs( 360): 2025-06-20-11-37 MafiaAc3spdif_write_packet
11-05 15:31:27.066 E/AllwinnerAlibs( 360): 2025-06-20-11-37 spdif_header_ac3
11-05 15:31:27.066 E/AllwinnerAlibs( 360): 2025-06-20-11-37 bill set SYNCWORD MafiaAc3spdif_write_packet 365
11-05 15:31:27.067 E/AllwinnerAlibs( 360): 2025-06-20-11-37 MafiaAc3spdif_write_packet 393 re = 6144
11-05 15:31:27.067 E/ac3_decInternal( 360): 2025-06-20-11-37 EAC3frame_PassThrough end OutBuffLen 6144
11-05 15:31:27.069 E/ac3_decInternal( 360): 2025-06-20-11-37 EAC3frame_PassThrough begin
11-05 15:31:27.069 E/AllwinnerAlibs( 360): 2025-06-20-11-37 MafiaAc3spdif_write_header
11-05 15:31:27.069 E/AllwinnerAlibs( 360): 2025-06-20-11-37 MafiaAc3spdif_write_packet
11-05 15:31:27.069 E/AllwinnerAlibs( 360): 2025-06-20-11-37 spdif_header_ac3
11-05 15:31:27.069 E/AllwinnerAlibs( 360): 2025-06-20-11-37 bill set SYNCWORD MafiaAc3spdif_write_packet 365
11-05 15:31:27.069 E/AllwinnerAlibs( 360): 2025-06-20-11-37 MafiaAc3spdif_write_packet 393 re = 6144
11-05 15:31:27.069 E/ac3_decInternal( 360): 2025-06-20-11-37 EAC3frame_PassThrough end OutBuffLen 6144
11-05 15:31:27.146 D/GpioService( 484): mFlickerEnable = true
11-05 15:31:27.147 I/SogouIME( 2402): onKeyDown: keyoCode=23
11-05 15:31:27.147 I/DefaultIMS( 2402): onKeyDown: keyoCode=23
11-05 15:31:27.154 E/ac3_decInternal( 360): 2025-06-20-11-37 EAC3frame_PassThrough begin
11-05 15:31:27.154 E/AllwinnerAlibs( 360): 2025-06-20-11-37 MafiaAc3spdif_write_header
11-05 15:31:27.154 E/AllwinnerAlibs( 360): 2025-06-20-11-37 MafiaAc3spdif_write_packet
11-05 15:31:27.154 E/AllwinnerAlibs( 360): 2025-06-20-11-37 spdif_header_ac3
11-05 15:31:27.154 E/AllwinnerAlibs( 360): 2025-06-20-11-37 bill set SYNCWORD MafiaAc3spdif_write_packet 365
11-05 15:31:27.154 E/AllwinnerAlibs( 360): 2025-06-20-11-37 MafiaAc3spdif_write_packet 393 re = 6144
11-05 15:31:27.154 E/ac3_decInternal( 360): 2025-06-20-11-37 EAC3frame_PassThrough end OutBuffLen 6144
11-05 15:31:27.155 E/ac3_decInternal( 360): 2025-06-20-11-37 EAC3frame_PassThrough begin
11-05 15:31:27.155 E/AllwinnerAlibs( 360): 2025-06-20-11-37 MafiaAc3spdif_write_header
11-05 15:31:27.155 E/AllwinnerAlibs( 360): 2025-06-20-11-37 MafiaAc3spdif_write_packet
11-05 15:31:27.155 E/AllwinnerAlibs( 360): 2025-06-20-11-37 spdif_header_ac3
11-05 15:31:27.155 E/AllwinnerAlibs( 360): 2025-06-20-11-37 bill set SYNCWORD MafiaAc3spdif_write_packet 365
11-05 15:31:27.155 E/AllwinnerAlibs( 360): 2025-06-20-11-37 MafiaAc3spdif_write_packet 393 re = 6144
11-05 15:31:27.155 E/ac3_decInternal( 360): 2025-06-20-11-37 EAC3frame_PassThrough end OutBuffLen 6144
11-05 15:31:27.155 E/ac3_decInternal( 360): 2025-06-20-11-37 EAC3frame_PassThrough begin
11-05 15:31:27.155 E/AllwinnerAlibs( 360): 2025-06-20-11-37 MafiaAc3spdif_write_header
11-05 15:31:27.155 E/AllwinnerAlibs( 360): 2025-06-20-11-37 MafiaAc3spdif_write_packet
11-05 15:31:27.155 E/AllwinnerAlibs( 360): 2025-06-20-11-37 spdif_header_ac3
11-05 15:31:27.155 E/AllwinnerAlibs( 360): 2025-06-20-11-37 bill set SYNCWORD MafiaAc3spdif_write_packet 365
11-05 15:31:27.155 E/AllwinnerAlibs( 360): 2025-06-20-11-37 MafiaAc3spdif_write_packet 393 re = 6144
11-05 15:31:27.155 E/ac3_decInternal( 360): 2025-06-20-11-37 EAC3frame_PassThrough end OutBuffLen 6144
11-05 15:31:27.188 D/TvWindowManager( 484): key event key = KEYCODE_DPAD_CENTER down = false
11-05 15:31:27.188 I/BLEAudioDrive_HV410( 247): data len: 9 1
11-05 15:31:27.188 I/BLEAudioDrive_HV410( 247): keyboard stop
11-05 15:31:27.191 I/SogouIME( 2402): onKeyUp: keyoCode=23
11-05 15:31:27.191 I/DefaultIMS( 2402): onKeyUp: keyoCode=23
11-05 15:31:27.238 E/ac3_decInternal( 360): 2025-06-20-11-37 EAC3frame_PassThrough begin
11-05 15:31:27.238 E/AllwinnerAlibs( 360): 2025-06-20-11-37 MafiaAc3spdif_write_header
11-05 15:31:27.238 E/AllwinnerAlibs( 360): 2025-06-20-11-37 MafiaAc3spdif_write_packet
11-05 15:31:27.238 E/AllwinnerAlibs( 360): 2025-06-20-11-37 spdif_header_ac3
11-05 15:31:27.238 E/AllwinnerAlibs( 360): 2025-06-20-11-37 bill set SYNCWORD MafiaAc3spdif_write_packet 365
11-05 15:31:27.238 E/AllwinnerAlibs( 360): 2025-06-20-11-37 MafiaAc3spdif_write_packet 393 re = 6144
11-05 15:31:27.238 E/ac3_decInternal( 360): 2025-06-20-11-37 EAC3frame_PassThrough end OutBuffLen 6144
11-05 15:31:27.239 I/awplayer( 360): : audio render process stop message.
11-05 15:31:27.262 D/Ac3 Decoder( 360): 2025-06-20-11-37 exit successs...
11-05 15:31:27.263 D/AllwinnerAlibs( 360): ver : 2017-8-4-18-00 ----dlclose so success!
11-05 15:31:27.274 E/BufferQueueProducer( 5742): [SurfaceView[com.dangbei.lerad.videoposter/com.dangbei.leradplayer.activity.PlayerActivity]#81(BLAST Consumer)81](id:166e00000051,api:3,p:360,c:5742) connect: already connected (cur=3 req=3)
11-05 15:31:27.282 W/awplayer( 360): : Sound device already stopped.
11-05 15:31:27.295 I/cedarc ( 360): : DestroyVideoDecoder, pDecoder=0xf20d8380
11-05 15:31:27.315 I/cedarc ( 360): : not malloc locks
11-05 15:31:27.322 D/ ( 9019): disable_cedar_hw_clk,546
11-05 15:31:27.320 V/MediaPlayer( 5742): resetDrmState: mDrmInfo=null mDrmProvisioningThread=null mPrepareDrmInProgress=false mActiveDrmScheme=false
11-05 15:31:27.320 V/MediaPlayer( 5742): cleanDrmObj: mDrmObj=null mDrmSessionId=null
11-05 15:31:27.322 W/awplayer( 360): : reset...
11-05 15:31:27.329 D/SurfaceUtils( 360): disconnecting from surface 0xf2203808, reason disconnectNativeWindow
11-05 15:31:27.329 E/BufferQueueProducer( 5742): [SurfaceView[com.dangbei.lerad.videoposter/com.dangbei.leradplayer.activity.PlayerActivity]#81(BLAST Consumer)81](id:166e00000051,api:0,p:-1,c:5742) disconnect: not connected (req=3)
11-05 15:31:27.329 E/SurfaceUtils( 360): Failed to disconnect from surface 0xf2203808, err -19
11-05 15:31:27.329 W/MediaPlayerService( 360): nativeWindowDisconnect returned an error: No such device (-19)
11-05 15:31:27.329 W/awplayer( 360): : XPlayerDestroy
11-05 15:31:27.329 W/awplayer( 360): : reset...
11-05 15:31:27.330 D/RefBase ( 360): RefBase: Explicit destruction, weak count = 0 (in 0xf231a900)
11-05 15:31:27.330 W/RefBase ( 360): CallStack::getCurrentInternal not linked, returning null
11-05 15:31:27.330 W/RefBase ( 360): CallStack::logStackInternal not linked
11-05 15:31:27.374 D/audio_hw_primary( 247): adev_release_audio_patch
11-05 15:31:27.374 D/audio_hw_primary( 247): out_standby
11-05 15:31:27.375 D/audio_hw_primary( 247): start_output_stream out->format : 0x00000000
11-05 15:31:27.375 V/audio_hw_primary( 247): start_output_stream, line: 1503
11-05 15:31:27.375 V/audio_hw_primary( 247): use AUDIO_HDMI to playback audio
11-05 15:31:27.375 D/audio_hw_primary( 247): open card=3, port=0
11-05 15:31:27.375 D/audio_hw_primary( 247): config:2 44100 960 2 0 5760 1 0
11-05 15:31:27.375 D/audio_hw_primary( 247): set_raw_flag(card=3, raw_flag=1)
11-05 15:31:27.375 D/audio_hw_primary( 247): set_raw_flag control_name = audio data format control_value PCM)
11-05 15:31:27.377 V/audio_hw_primary( 247): do not use out resampler
11-05 15:31:27.382 I/ ( 2280): HDMI Audio Enable Successfully
11-05 15:31:27.377 D/AudioFlinger( 266): ro.audio.silent is ignored since no output device is set
11-05 15:31:27.378 V/audio_hw_primary( 247): out_set_parameters: closing=true
11-05 15:31:27.385 V/audio_hw_primary( 247): out_set_parameters: exiting=1
11-05 15:31:27.385 E/AudioFlinger( 266): Error when setting parameters on exit: -61
11-05 15:31:27.388 D/audio_hw_primary( 247): out_standby
11-05 15:31:27.399 D/AudioFlinger( 266): mixer(0xee0bfe00) throttle end: throttle time(9)
11-05 15:31:27.419 I/gralloc ( 255): alloc buffer:W:860 H:760 S:864 PL[860 760] SZ:2626560 fmt:1 if:0 af:1 usg:20000b00 fg:00000004
11-05 15:31:27.423 I/gralloc ( 255): alloc buffer:W:860 H:760 S:864 PL[860 760] SZ:2626560 fmt:1 if:0 af:1 usg:20000b00 fg:00000004
11-05 15:31:27.425 I/gralloc ( 255): alloc buffer:W:860 H:760 S:864 PL[860 760] SZ:2626560 fmt:1 if:0 af:1 usg:20000b00 fg:00000004
11-05 15:31:27.475 I/DefaultIMS( 2402): onStartInput attribute=android.view.inputmethod.EditorInfo@5cfe3e6 restarting=false inputType: 0
11-05 15:31:28.036 W/IorapForwardingService( 484): No service published for: iorapd
11-05 15:31:28.495 E/WifiHAL ( 664): wifi_get_link_stats: requestResponse Error:-5
11-05 15:31:28.497 E/WifiVendorHal( 484): getWifiLinkLayerStats_1_5_Internal(l.1191) failed {.code = ERROR_INVALID_ARGS, .description = }
11-05 15:31:29.039 W/IorapForwardingService( 484): No service published for: iorapd
11-05 15:31:29.089 I/BLEAudioDrive_HV410( 247): data len: 9 1
11-05 15:31:29.089 D/TvWindowManager( 484): key event key = KEYCODE_DPAD_LEFT down = true
11-05 15:31:29.099 D/GpioService( 484): mFlickerEnable = true
11-05 15:31:29.101 I/SogouIME( 2402): onKeyDown: keyoCode=21
11-05 15:31:29.101 I/DefaultIMS( 2402): onKeyDown: keyoCode=21
11-05 15:31:29.106 I/DefaultIMS( 2402): onStartInput attribute=android.view.inputmethod.EditorInfo@33e6879 restarting=false inputType: 0
11-05 15:31:29.257 I/BLEAudioDrive_HV410( 247): data len: 9 1
11-05 15:31:29.257 I/BLEAudioDrive_HV410( 247): keyboard stop
11-05 15:31:29.257 D/TvWindowManager( 484): key event key = KEYCODE_DPAD_LEFT down = false
11-05 15:31:29.260 I/SogouIME( 2402): onKeyUp: keyoCode=21
11-05 15:31:29.260 I/DefaultIMS( 2402): onKeyUp: keyoCode=21
11-05 15:31:29.448 I/BLEAudioDrive_HV410( 247): data len: 9 1
11-05 15:31:29.448 D/TvWindowManager( 484): key event key = KEYCODE_DPAD_CENTER down = true
11-05 15:31:29.461 D/GpioService( 484): mFlickerEnable = true
11-05 15:31:29.594 I/BLEAudioDrive_HV410( 247): data len: 9 1
11-05 15:31:29.595 I/BLEAudioDrive_HV410( 247): keyboard stop
11-05 15:31:29.595 D/TvWindowManager( 484): key event key = KEYCODE_DPAD_CENTER down = false
11-05 15:31:29.600 D/GpioService( 484): mFlickerEnable = true
11-05 15:31:29.602 I/SogouIME( 2402): onKeyDown: keyoCode=23
11-05 15:31:29.603 I/DefaultIMS( 2402): onKeyDown: keyoCode=23
11-05 15:31:29.606 I/SogouIME( 2402): onKeyUp: keyoCode=23
11-05 15:31:29.606 I/DefaultIMS( 2402): onKeyUp: keyoCode=23
11-05 15:31:29.652 V/MediaPlayer( 5742): resetDrmState: mDrmInfo=null mDrmProvisioningThread=null mPrepareDrmInProgress=false mActiveDrmScheme=false
11-05 15:31:29.652 V/MediaPlayer( 5742): cleanDrmObj: mDrmObj=null mDrmSessionId=null
11-05 15:31:29.661 W/MediaProvider( 1055): Failed to fetch original file descriptor
11-05 15:31:29.661 W/MediaProvider( 1055): java.io.FileNotFoundException: Input file descriptor is already original
11-05 15:31:29.661 W/MediaProvider( 1055): at com.android.providers.media.MediaProvider.getOriginalMediaFormatFileDescriptor(MediaProvider.java:5774)
11-05 15:31:29.661 W/MediaProvider( 1055): at com.android.providers.media.MediaProvider.openTypedAssetFileCommon(MediaProvider.java:7190)
11-05 15:31:29.661 W/MediaProvider( 1055): at com.android.providers.media.MediaProvider.openTypedAssetFile(MediaProvider.java:7171)
11-05 15:31:29.661 W/MediaProvider( 1055): at android.content.ContentProvider$Transport.openTypedAssetFile(ContentProvider.java:548)
11-05 15:31:29.661 W/MediaProvider( 1055): at android.content.ContentProviderNative.onTransact(ContentProviderNative.java:327)
11-05 15:31:29.661 W/MediaProvider( 1055): at android.os.Binder.execTransactInternal(Binder.java:1179)
11-05 15:31:29.661 W/MediaProvider( 1055): at android.os.Binder.execTransact(Binder.java:1143)
11-05 15:31:29.665 D/MediaPlayerFactory( 360): Initialize getpersist = 0 value=
11-05 15:31:29.669 I/awplayer( 360): : process message XPLAYER_COMMAND_SET_SOURCE.
11-05 15:31:29.778 E/awplayer( 360): :  read error
at pos(2f8472ec)
11-05 15:31:29.778 E/awplayer( 360): : Invalid id(0) at pos (0x2f8472ec)
11-05 15:31:29.779 W/awplayer( 360): : Set log level to 4
11-05 15:31:29.779 E/cedarc ( 360): : now cedarc log level:4
11-05 15:31:29.779 I/cedarc ( 360): : CreateVideoDecoder p:0xf20d8380
11-05 15:31:29.780 I/cedarc ( 360): : *** ic_version = 0x3301000012011,
11-05 15:31:29.780 I/cedarc ( 360): : h265 stream type: 8 bit. before = -1
11-05 15:31:29.780 I/cedarc ( 360): : h265 stream type: 8 bit. before = 0
11-05 15:31:29.786 D/ ( 9117): enable_cedar_hw_clk,516
11-05 15:31:29.786 W/VE ( 9117): VE real_freq=648000000
11-05 15:31:29.785 D/SurfaceUtils( 360): connecting to surface 0xf2203808, reason setVideoSurfaceTexture
11-05 15:31:29.787 I/awplayer( 360): : xxxxxxxxxx video size: width = 1920, height = 1080
11-05 15:31:29.791 W/InputManager-JNI( 484): Input channel object '6e0dcb4 com.dangbei.lerad.videoposter/com.dangbei.leradplayer.activity.PlayerActivity (client)' was disposed without first being removed with the input manager!
11-05 15:31:29.796 I/adbd ( 3260): type=1400 audit(0.0:2280): avc: denied { read } for path="socket:[48808]" dev="sockfs" ino=48808 scontext=u:r:su:s0 tcontext=u:r:su:s0 tclass=tcp_socket permissive=1
11-05 15:31:29.796 I/adbd ( 3260): type=1400 audit(0.0:2281): avc: denied { write } for path="socket:[48808]" dev="sockfs" ino=48808 scontext=u:r:su:s0 tcontext=u:r:su:s0 tclass=tcp_socket permissive=1
11-05 15:31:29.805 W/InputEventReceiver( 5742): Attempted to finish an input event but the input event receiver has already been disposed.
11-05 15:31:29.812 I/awplayer( 360): : isPlaying
11-05 15:31:29.827 D/Allwinner Audio Middle Layer( 360): ver : 2017-8-4-18-00 Create Decoder!!=====
11-05 15:31:29.827 D/Allwinner Audio Middle Layer( 360): ver : 2017-8-4-18-00 AudioDec_Installaudiolib ok
11-05 15:31:29.827 D/Allwinner Audio Middle Layer( 360): ver : 2017-8-4-18-00 audio decoder init start ...
11-05 15:31:29.827 D/AllwinnerAlibs( 360): ver : 2017-8-4-18-00
11-05 15:31:29.827 D/AllwinnerAlibs( 360): >>>>>>>>>>>>>>>>>>>>>>>>>>>>>>> Audio <<<<<<<<<<<<<<<<<<<<<<<<<<<<<<<
11-05 15:31:29.827 D/AllwinnerAlibs( 360): tag : audiocodec-v1.2
11-05 15:31:29.827 D/AllwinnerAlibs( 360): branch: new
11-05 15:31:29.827 D/AllwinnerAlibs( 360): commit: 3ba65962c01cbf1280ddda19d843009b6ef8ce85
11-05 15:31:29.827 D/AllwinnerAlibs( 360): date : Tue Jan 8 16:25:27 2019 +0800
11-05 15:31:29.827 D/AllwinnerAlibs( 360): ----------------------------------------------------------------------
11-05 15:31:29.827 D/AllwinnerAlibs( 360): ver : 2017-8-4-18-00 ----Loading so success!
11-05 15:31:29.827 D/AllwinnerAlibs( 360): ver : 2017-8-4-18-00 *************pAudioStreamInfo start******************
11-05 15:31:29.827 D/AllwinnerAlibs( 360): ver : 2017-8-4-18-00 eCodecFormat :id(5), name(dolby audio)
11-05 15:31:29.827 D/AllwinnerAlibs( 360): ver : 2017-8-4-18-00 eSubCodecFormat :0
11-05 15:31:29.827 D/AllwinnerAlibs( 360): ver : 2017-8-4-18-00 nChannelNum :6
11-05 15:31:29.827 D/AllwinnerAlibs( 360): ver : 2017-8-4-18-00 nBitsPerSample :16
11-05 15:31:29.827 D/AllwinnerAlibs( 360): ver : 2017-8-4-18-00 nSampleRate :48000
11-05 15:31:29.827 D/AllwinnerAlibs( 360): ver : 2017-8-4-18-00 nAvgBitrate :0
11-05 15:31:29.827 D/AllwinnerAlibs( 360): ver : 2017-8-4-18-00 nMaxBitRate :0
11-05 15:31:29.827 D/AllwinnerAlibs( 360): ver : 2017-8-4-18-00 nFileSize :0
11-05 15:31:29.827 D/AllwinnerAlibs( 360): ver : 2017-8-4-18-00 eAudioBitstreamSource:0
11-05 15:31:29.827 D/AllwinnerAlibs( 360): ver : 2017-8-4-18-00 eDataEncodeType :1
11-05 15:31:29.828 D/AllwinnerAlibs( 360): ver : 2017-8-4-18-00 nCodecSpecificDataLen:0
11-05 15:31:29.828 D/AllwinnerAlibs( 360): ver : 2017-8-4-18-00 pCodecSpecificData :0x0
11-05 15:31:29.828 D/AllwinnerAlibs( 360): ver : 2017-8-4-18-00 nFlags :0
11-05 15:31:29.828 D/AllwinnerAlibs( 360): ver : 2017-8-4-18-00 nBlockAlign :0
11-05 15:31:29.828 D/AllwinnerAlibs( 360): ver : 2017-8-4-18-00 *************pAudioStreamInfo end ******************
11-05 15:31:29.828 D/Ac3 Decoder( 360): 2025-06-20-11-37 init successs...
11-05 15:31:29.828 D/Allwinner Audio Middle Layer( 360): ver : 2017-8-4-18-00 AUDIO DECODE INIT OK...0
11-05 15:31:29.828 D/subInternal( 360): : ***internal sub_type = 0x200, nCodecSpecificDataLen = 0
11-05 15:31:29.829 D/Alib_edid_parser( 360): 2025-06-20-11-37 check audio code error!
11-05 15:31:29.829 D/Alib_edid_parser( 360): 2025-06-20-11-37 Normal pcm is not supported
11-05 15:31:29.829 D/Alib_edid_parser( 360): 2025-06-20-11-37 Dolby-core 5.1 channel is supported
11-05 15:31:29.829 D/Alib_edid_parser( 360): 2025-06-20-11-37 Dolby truehd 7.1 channel is supported
11-05 15:31:29.829 D/Alib_edid_parser( 360): 2025-06-20-11-37 Dts-core 5.1 channel is supported
11-05 15:31:29.829 D/Alib_edid_parser( 360): 2025-06-20-11-37 Dts-hdma master 7.1 channel is supported
11-05 15:31:29.829 D/Alib_edid_parser( 360): 2025-06-20-11-37 WmaPro is not supported
11-05 15:31:29.829 E/ac3_decInternal( 360): 2025-06-20-11-37 EAC3frameDec score 5
11-05 15:31:29.830 D/Alib_edid_parser( 360): 2025-06-20-11-37 check audio code error!
11-05 15:31:29.830 D/Alib_edid_parser( 360): 2025-06-20-11-37 Normal pcm is not supported
11-05 15:31:29.830 D/Alib_edid_parser( 360): 2025-06-20-11-37 Dolby-core 5.1 channel is supported
11-05 15:31:29.830 D/Alib_edid_parser( 360): 2025-06-20-11-37 Dolby truehd 7.1 channel is supported
11-05 15:31:29.830 D/Alib_edid_parser( 360): 2025-06-20-11-37 Dts-core 5.1 channel is supported
11-05 15:31:29.830 D/Alib_edid_parser( 360): 2025-06-20-11-37 Dts-hdma master 7.1 channel is supported
11-05 15:31:29.830 D/Alib_edid_parser( 360): 2025-06-20-11-37 WmaPro is not supported
11-05 15:31:29.830 E/ac3_decInternal( 360): 2025-06-20-11-37 EAC3frameDec score 5
11-05 15:31:29.830 I/awplayer( 360): : audio render process start message.
11-05 15:31:29.830 W/awplayer( 360): : message 0x40a not handled.
11-05 15:31:29.835 D/Alib_edid_parser( 360): 2025-06-20-11-37 check audio code error!
11-05 15:31:29.835 D/Alib_edid_parser( 360): 2025-06-20-11-37 Normal pcm is not supported
11-05 15:31:29.835 D/Alib_edid_parser( 360): 2025-06-20-11-37 Dolby-core 5.1 channel is supported
11-05 15:31:29.835 D/Alib_edid_parser( 360): 2025-06-20-11-37 Dolby truehd 7.1 channel is supported
11-05 15:31:29.835 D/Alib_edid_parser( 360): 2025-06-20-11-37 Dts-core 5.1 channel is supported
11-05 15:31:29.835 D/Alib_edid_parser( 360): 2025-06-20-11-37 Dts-hdma master 7.1 channel is supported
11-05 15:31:29.835 D/Alib_edid_parser( 360): 2025-06-20-11-37 WmaPro is not supported
11-05 15:31:29.835 E/ac3_decInternal( 360): 2025-06-20-11-37 EAC3frameDec score 5
11-05 15:31:29.835 I/cedarc ( 360): : h265 stream type: 8 bit. before = 0
11-05 15:31:29.836 I/cedarc ( 360): : h265 stream type: 8 bit. before = 0
11-05 15:31:29.836 D/Alib_edid_parser( 360): 2025-06-20-11-37 check audio code error!
11-05 15:31:29.836 D/Alib_edid_parser( 360): 2025-06-20-11-37 Normal pcm is not supported
11-05 15:31:29.836 D/Alib_edid_parser( 360): 2025-06-20-11-37 Dolby-core 5.1 channel is supported
11-05 15:31:29.836 D/Alib_edid_parser( 360): 2025-06-20-11-37 Dolby truehd 7.1 channel is supported
11-05 15:31:29.836 D/Alib_edid_parser( 360): 2025-06-20-11-37 Dts-core 5.1 channel is supported
11-05 15:31:29.836 D/Alib_edid_parser( 360): 2025-06-20-11-37 Dts-hdma master 7.1 channel is supported
11-05 15:31:29.836 D/Alib_edid_parser( 360): 2025-06-20-11-37 WmaPro is not supported
11-05 15:31:29.836 E/ac3_decInternal( 360): 2025-06-20-11-37 EAC3frameDec score 1
11-05 15:31:29.836 E/ac3_decInternal( 360): 2025-06-20-11-37 EAC3frame_PassThrough begin
11-05 15:31:29.836 E/AllwinnerAlibs( 360): 2025-06-20-11-37 MafiaAc3spdif_write_header
11-05 15:31:29.836 E/AllwinnerAlibs( 360): 2025-06-20-11-37 MafiaAc3spdif_write_packet
11-05 15:31:29.836 E/AllwinnerAlibs( 360): 2025-06-20-11-37 spdif_header_ac3
11-05 15:31:29.836 E/AllwinnerAlibs( 360): 2025-06-20-11-37 bill set SYNCWORD MafiaAc3spdif_write_packet 365
11-05 15:31:29.836 E/AllwinnerAlibs( 360): 2025-06-20-11-37 MafiaAc3spdif_write_packet 393 re = 6144
11-05 15:31:29.836 E/ac3_decInternal( 360): 2025-06-20-11-37 EAC3frame_PassThrough end OutBuffLen 6144
11-05 15:31:29.836 E/ac3_decInternal( 360): 2025-06-20-11-37 EAC3frame_PassThrough begin
11-05 15:31:29.836 E/AllwinnerAlibs( 360): 2025-06-20-11-37 MafiaAc3spdif_write_header
11-05 15:31:29.836 E/AllwinnerAlibs( 360): 2025-06-20-11-37 MafiaAc3spdif_write_packet
11-05 15:31:29.836 I/awplayer( 360): : isPlaying
11-05 15:31:29.836 E/AllwinnerAlibs( 360): 2025-06-20-11-37 spdif_header_ac3
11-05 15:31:29.836 E/AllwinnerAlibs( 360): 2025-06-20-11-37 bill set SYNCWORD MafiaAc3spdif_write_packet 365
11-05 15:31:29.836 E/AllwinnerAlibs( 360): 2025-06-20-11-37 MafiaAc3spdif_write_packet 393 re = 6144
11-05 15:31:29.836 E/ac3_decInternal( 360): 2025-06-20-11-37 EAC3frame_PassThrough end OutBuffLen 6144
11-05 15:31:29.837 E/ac3_decInternal( 360): 2025-06-20-11-37 EAC3frame_PassThrough begin
11-05 15:31:29.837 E/AllwinnerAlibs( 360): 2025-06-20-11-37 MafiaAc3spdif_write_header
11-05 15:31:29.837 E/AllwinnerAlibs( 360): 2025-06-20-11-37 MafiaAc3spdif_write_packet
11-05 15:31:29.837 E/AllwinnerAlibs( 360): 2025-06-20-11-37 spdif_header_ac3
11-05 15:31:29.837 E/AllwinnerAlibs( 360): 2025-06-20-11-37 bill set SYNCWORD MafiaAc3spdif_write_packet 365
11-05 15:31:29.837 E/AllwinnerAlibs( 360): 2025-06-20-11-37 MafiaAc3spdif_write_packet 393 re = 6144
11-05 15:31:29.837 E/ac3_decInternal( 360): 2025-06-20-11-37 EAC3frame_PassThrough end OutBuffLen 6144
11-05 15:31:29.837 E/ac3_decInternal( 360): 2025-06-20-11-37 EAC3frame_PassThrough begin
11-05 15:31:29.837 E/AllwinnerAlibs( 360): 2025-06-20-11-37 MafiaAc3spdif_write_header
11-05 15:31:29.837 E/AllwinnerAlibs( 360): 2025-06-20-11-37 MafiaAc3spdif_write_packet
11-05 15:31:29.837 E/AllwinnerAlibs( 360): 2025-06-20-11-37 spdif_header_ac3
11-05 15:31:29.837 E/AllwinnerAlibs( 360): 2025-06-20-11-37 bill set SYNCWORD MafiaAc3spdif_write_packet 365
11-05 15:31:29.837 E/AllwinnerAlibs( 360): 2025-06-20-11-37 MafiaAc3spdif_write_packet 393 re = 6144
11-05 15:31:29.837 E/ac3_decInternal( 360): 2025-06-20-11-37 EAC3frame_PassThrough end OutBuffLen 6144
11-05 15:31:29.839 I/cedarc ( 360): : Video Stream Information:
11-05 15:31:29.839 I/cedarc ( 360): : codec = H265
11-05 15:31:29.839 I/cedarc ( 360): : width = 1920 pixels
11-05 15:31:29.839 I/cedarc ( 360): : height = 1080 pixels
11-05 15:31:29.839 I/cedarc ( 360): : frame rate = 23976
11-05 15:31:29.839 I/cedarc ( 360): : frame duration = 0 us
11-05 15:31:29.839 I/cedarc ( 360): : aspect ratio = 0
11-05 15:31:29.839 I/cedarc ( 360): : is 3D stream = no
11-05 15:31:29.839 I/cedarc ( 360): : Video Stream Information:
11-05 15:31:29.839 I/cedarc ( 360): : codec = H265
11-05 15:31:29.839 I/cedarc ( 360): : width = 1920 pixels
11-05 15:31:29.839 I/cedarc ( 360): : height = 1080 pixels
11-05 15:31:29.839 I/cedarc ( 360): : frame rate = 23976
11-05 15:31:29.839 I/cedarc ( 360): : frame duration = 0 us
11-05 15:31:29.839 I/cedarc ( 360): : aspect ratio = 0
11-05 15:31:29.839 I/cedarc ( 360): : is 3D stream = no
11-05 15:31:29.841 I/gralloc ( 255): alloc buffer:W:1920 H:1088 S:1920 PL[1920 1088] SZ:3133504 fmt:842094169 if:0 af:842094169 usg:410960 fg:00000004
11-05 15:31:29.844 E/ac3_decInternal( 360): 2025-06-20-11-37 EAC3frame_PassThrough begin
11-05 15:31:29.844 E/AllwinnerAlibs( 360): 2025-06-20-11-37 MafiaAc3spdif_write_header
11-05 15:31:29.844 E/AllwinnerAlibs( 360): 2025-06-20-11-37 MafiaAc3spdif_write_packet
11-05 15:31:29.844 E/AllwinnerAlibs( 360): 2025-06-20-11-37 spdif_header_ac3
11-05 15:31:29.844 E/AllwinnerAlibs( 360): 2025-06-20-11-37 bill set SYNCWORD MafiaAc3spdif_write_packet 365
11-05 15:31:29.844 E/AllwinnerAlibs( 360): 2025-06-20-11-37 MafiaAc3spdif_write_packet 393 re = 6144
11-05 15:31:29.844 E/ac3_decInternal( 360): 2025-06-20-11-37 EAC3frame_PassThrough end OutBuffLen 6144
11-05 15:31:29.844 E/ac3_decInternal( 360): 2025-06-20-11-37 EAC3frame_PassThrough begin
11-05 15:31:29.844 E/AllwinnerAlibs( 360): 2025-06-20-11-37 MafiaAc3spdif_write_header
11-05 15:31:29.844 E/AllwinnerAlibs( 360): 2025-06-20-11-37 MafiaAc3spdif_write_packet
11-05 15:31:29.844 E/AllwinnerAlibs( 360): 2025-06-20-11-37 spdif_header_ac3
11-05 15:31:29.844 E/AllwinnerAlibs( 360): 2025-06-20-11-37 bill set SYNCWORD MafiaAc3spdif_write_packet 365
11-05 15:31:29.844 E/AllwinnerAlibs( 360): 2025-06-20-11-37 MafiaAc3spdif_write_packet 393 re = 6144
11-05 15:31:29.844 E/ac3_decInternal( 360): 2025-06-20-11-37 EAC3frame_PassThrough end OutBuffLen 6144
11-05 15:31:29.844 E/ac3_decInternal( 360): 2025-06-20-11-37 EAC3frame_PassThrough begin
11-05 15:31:29.844 E/AllwinnerAlibs( 360): 2025-06-20-11-37 MafiaAc3spdif_write_header
11-05 15:31:29.844 E/AllwinnerAlibs( 360): 2025-06-20-11-37 MafiaAc3spdif_write_packet
11-05 15:31:29.844 E/AllwinnerAlibs( 360): 2025-06-20-11-37 spdif_header_ac3
11-05 15:31:29.844 E/AllwinnerAlibs( 360): 2025-06-20-11-37 bill set SYNCWORD MafiaAc3spdif_write_packet 365
11-05 15:31:29.844 E/AllwinnerAlibs( 360): 2025-06-20-11-37 MafiaAc3spdif_write_packet 393 re = 6144
11-05 15:31:29.844 E/ac3_decInternal( 360): 2025-06-20-11-37 EAC3frame_PassThrough end OutBuffLen 6144
11-05 15:31:29.844 E/ac3_decInternal( 360): 2025-06-20-11-37 EAC3frame_PassThrough begin
11-05 15:31:29.844 E/AllwinnerAlibs( 360): 2025-06-20-11-37 MafiaAc3spdif_write_header
11-05 15:31:29.844 E/AllwinnerAlibs( 360): 2025-06-20-11-37 MafiaAc3spdif_write_packet
11-05 15:31:29.844 E/AllwinnerAlibs( 360): 2025-06-20-11-37 spdif_header_ac3
11-05 15:31:29.844 E/AllwinnerAlibs( 360): 2025-06-20-11-37 bill set SYNCWORD MafiaAc3spdif_write_packet 365
11-05 15:31:29.844 E/AllwinnerAlibs( 360): 2025-06-20-11-37 MafiaAc3spdif_write_packet 393 re = 6144
11-05 15:31:29.844 E/ac3_decInternal( 360): 2025-06-20-11-37 EAC3frame_PassThrough end OutBuffLen 6144
11-05 15:31:29.844 E/ac3_decInternal( 360): 2025-06-20-11-37 EAC3frame_PassThrough begin
11-05 15:31:29.844 E/AllwinnerAlibs( 360): 2025-06-20-11-37 MafiaAc3spdif_write_header
11-05 15:31:29.844 E/AllwinnerAlibs( 360): 2025-06-20-11-37 MafiaAc3spdif_write_packet
11-05 15:31:29.844 E/AllwinnerAlibs( 360): 2025-06-20-11-37 spdif_header_ac3
11-05 15:31:29.844 E/AllwinnerAlibs( 360): 2025-06-20-11-37 bill set SYNCWORD MafiaAc3spdif_write_packet 365
11-05 15:31:29.844 E/AllwinnerAlibs( 360): 2025-06-20-11-37 MafiaAc3spdif_write_packet 393 re = 6144
11-05 15:31:29.845 E/ac3_decInternal( 360): 2025-06-20-11-37 EAC3frame_PassThrough end OutBuffLen 6144
11-05 15:31:29.845 E/ac3_decInternal( 360): 2025-06-20-11-37 EAC3frame_PassThrough begin
11-05 15:31:29.845 E/AllwinnerAlibs( 360): 2025-06-20-11-37 MafiaAc3spdif_write_header
11-05 15:31:29.845 E/AllwinnerAlibs( 360): 2025-06-20-11-37 MafiaAc3spdif_write_packet
11-05 15:31:29.845 E/AllwinnerAlibs( 360): 2025-06-20-11-37 spdif_header_ac3
11-05 15:31:29.845 E/AllwinnerAlibs( 360): 2025-06-20-11-37 bill set SYNCWORD MafiaAc3spdif_write_packet 365
11-05 15:31:29.845 E/AllwinnerAlibs( 360): 2025-06-20-11-37 MafiaAc3spdif_write_packet 393 re = 6144
11-05 15:31:29.845 E/ac3_decInternal( 360): 2025-06-20-11-37 EAC3frame_PassThrough end OutBuffLen 6144
11-05 15:31:29.845 E/ac3_decInternal( 360): 2025-06-20-11-37 EAC3frame_PassThrough begin
11-05 15:31:29.845 E/AllwinnerAlibs( 360): 2025-06-20-11-37 MafiaAc3spdif_write_header
11-05 15:31:29.845 E/AllwinnerAlibs( 360): 2025-06-20-11-37 MafiaAc3spdif_write_packet
11-05 15:31:29.845 E/AllwinnerAlibs( 360): 2025-06-20-11-37 spdif_header_ac3
11-05 15:31:29.845 E/AllwinnerAlibs( 360): 2025-06-20-11-37 bill set SYNCWORD MafiaAc3spdif_write_packet 365
11-05 15:31:29.845 E/AllwinnerAlibs( 360): 2025-06-20-11-37 MafiaAc3spdif_write_packet 393 re = 6144
11-05 15:31:29.845 E/ac3_decInternal( 360): 2025-06-20-11-37 EAC3frame_PassThrough end OutBuffLen 6144
11-05 15:31:29.845 E/ac3_decInternal( 360): 2025-06-20-11-37 EAC3frame_PassThrough begin
11-05 15:31:29.845 E/AllwinnerAlibs( 360): 2025-06-20-11-37 MafiaAc3spdif_write_header
11-05 15:31:29.845 E/AllwinnerAlibs( 360): 2025-06-20-11-37 MafiaAc3spdif_write_packet
11-05 15:31:29.845 E/AllwinnerAlibs( 360): 2025-06-20-11-37 spdif_header_ac3
11-05 15:31:29.845 E/AllwinnerAlibs( 360): 2025-06-20-11-37 bill set SYNCWORD MafiaAc3spdif_write_packet 365
11-05 15:31:29.845 E/AllwinnerAlibs( 360): 2025-06-20-11-37 MafiaAc3spdif_write_packet 393 re = 6144
11-05 15:31:29.846 E/ac3_decInternal( 360): 2025-06-20-11-37 EAC3frame_PassThrough end OutBuffLen 6144
11-05 15:31:29.846 E/ac3_decInternal( 360): 2025-06-20-11-37 EAC3frame_PassThrough begin
11-05 15:31:29.846 E/AllwinnerAlibs( 360): 2025-06-20-11-37 MafiaAc3spdif_write_header
11-05 15:31:29.846 E/AllwinnerAlibs( 360): 2025-06-20-11-37 MafiaAc3spdif_write_packet
11-05 15:31:29.846 E/AllwinnerAlibs( 360): 2025-06-20-11-37 spdif_header_ac3
11-05 15:31:29.846 E/AllwinnerAlibs( 360): 2025-06-20-11-37 bill set SYNCWORD MafiaAc3spdif_write_packet 365
11-05 15:31:29.846 E/AllwinnerAlibs( 360): 2025-06-20-11-37 MafiaAc3spdif_write_packet 393 re = 6144
11-05 15:31:29.846 E/ac3_decInternal( 360): 2025-06-20-11-37 EAC3frame_PassThrough end OutBuffLen 6144
11-05 15:31:29.846 E/ac3_decInternal( 360): 2025-06-20-11-37 EAC3frame_PassThrough begin
11-05 15:31:29.846 E/AllwinnerAlibs( 360): 2025-06-20-11-37 MafiaAc3spdif_write_header
11-05 15:31:29.846 E/AllwinnerAlibs( 360): 2025-06-20-11-37 MafiaAc3spdif_write_packet
11-05 15:31:29.846 E/AllwinnerAlibs( 360): 2025-06-20-11-37 spdif_header_ac3
11-05 15:31:29.847 E/AllwinnerAlibs( 360): 2025-06-20-11-37 bill set SYNCWORD MafiaAc3spdif_write_packet 365
11-05 15:31:29.847 E/AllwinnerAlibs( 360): 2025-06-20-11-37 MafiaAc3spdif_write_packet 393 re = 6144
11-05 15:31:29.847 E/ac3_decInternal( 360): 2025-06-20-11-37 EAC3frame_PassThrough end OutBuffLen 6144
11-05 15:31:29.847 E/ac3_decInternal( 360): 2025-06-20-11-37 EAC3frame_PassThrough begin
11-05 15:31:29.847 E/AllwinnerAlibs( 360): 2025-06-20-11-37 MafiaAc3spdif_write_header
11-05 15:31:29.847 E/AllwinnerAlibs( 360): 2025-06-20-11-37 MafiaAc3spdif_write_packet
11-05 15:31:29.847 E/AllwinnerAlibs( 360): 2025-06-20-11-37 spdif_header_ac3
11-05 15:31:29.847 E/AllwinnerAlibs( 360): 2025-06-20-11-37 bill set SYNCWORD MafiaAc3spdif_write_packet 365
11-05 15:31:29.847 E/AllwinnerAlibs( 360): 2025-06-20-11-37 MafiaAc3spdif_write_packet 393 re = 6144
11-05 15:31:29.847 E/ac3_decInternal( 360): 2025-06-20-11-37 EAC3frame_PassThrough end OutBuffLen 6144
11-05 15:31:29.847 E/ac3_decInternal( 360): 2025-06-20-11-37 EAC3frame_PassThrough begin
11-05 15:31:29.847 E/AllwinnerAlibs( 360): 2025-06-20-11-37 MafiaAc3spdif_write_header
11-05 15:31:29.847 E/AllwinnerAlibs( 360): 2025-06-20-11-37 MafiaAc3spdif_write_packet
11-05 15:31:29.847 E/AllwinnerAlibs( 360): 2025-06-20-11-37 spdif_header_ac3
11-05 15:31:29.847 E/AllwinnerAlibs( 360): 2025-06-20-11-37 bill set SYNCWORD MafiaAc3spdif_write_packet 365
11-05 15:31:29.847 E/AllwinnerAlibs( 360): 2025-06-20-11-37 MafiaAc3spdif_write_packet 393 re = 6144
11-05 15:31:29.847 E/ac3_decInternal( 360): 2025-06-20-11-37 EAC3frame_PassThrough end OutBuffLen 6144
11-05 15:31:29.847 E/ac3_decInternal( 360): 2025-06-20-11-37 EAC3frame_PassThrough begin
11-05 15:31:29.847 E/AllwinnerAlibs( 360): 2025-06-20-11-37 MafiaAc3spdif_write_header
11-05 15:31:29.847 E/AllwinnerAlibs( 360): 2025-06-20-11-37 MafiaAc3spdif_write_packet
11-05 15:31:29.847 E/AllwinnerAlibs( 360): 2025-06-20-11-37 spdif_header_ac3
11-05 15:31:29.847 E/AllwinnerAlibs( 360): 2025-06-20-11-37 bill set SYNCWORD MafiaAc3spdif_write_packet 365
11-05 15:31:29.847 E/AllwinnerAlibs( 360): 2025-06-20-11-37 MafiaAc3spdif_write_packet 393 re = 6144
11-05 15:31:29.847 E/ac3_decInternal( 360): 2025-06-20-11-37 EAC3frame_PassThrough end OutBuffLen 6144
11-05 15:31:29.847 E/ac3_decInternal( 360): 2025-06-20-11-37 EAC3frame_PassThrough begin
11-05 15:31:29.847 E/AllwinnerAlibs( 360): 2025-06-20-11-37 MafiaAc3spdif_write_header
11-05 15:31:29.847 E/AllwinnerAlibs( 360): 2025-06-20-11-37 MafiaAc3spdif_write_packet
11-05 15:31:29.847 E/AllwinnerAlibs( 360): 2025-06-20-11-37 spdif_header_ac3
11-05 15:31:29.847 E/AllwinnerAlibs( 360): 2025-06-20-11-37 bill set SYNCWORD MafiaAc3spdif_write_packet 365
11-05 15:31:29.847 E/AllwinnerAlibs( 360): 2025-06-20-11-37 MafiaAc3spdif_write_packet 393 re = 6144
11-05 15:31:29.847 E/ac3_decInternal( 360): 2025-06-20-11-37 EAC3frame_PassThrough end OutBuffLen 6144
11-05 15:31:29.847 E/ac3_decInternal( 360): 2025-06-20-11-37 EAC3frame_PassThrough begin
11-05 15:31:29.847 E/AllwinnerAlibs( 360): 2025-06-20-11-37 MafiaAc3spdif_write_header
11-05 15:31:29.847 E/AllwinnerAlibs( 360): 2025-06-20-11-37 MafiaAc3spdif_write_packet
11-05 15:31:29.847 E/AllwinnerAlibs( 360): 2025-06-20-11-37 spdif_header_ac3
11-05 15:31:29.847 E/AllwinnerAlibs( 360): 2025-06-20-11-37 bill set SYNCWORD MafiaAc3spdif_write_packet 365
11-05 15:31:29.847 E/AllwinnerAlibs( 360): 2025-06-20-11-37 MafiaAc3spdif_write_packet 393 re = 6144
11-05 15:31:29.847 E/ac3_decInternal( 360): 2025-06-20-11-37 EAC3frame_PassThrough end OutBuffLen 6144
11-05 15:31:29.847 E/ac3_decInternal( 360): 2025-06-20-11-37 EAC3frame_PassThrough begin
11-05 15:31:29.847 E/AllwinnerAlibs( 360): 2025-06-20-11-37 MafiaAc3spdif_write_header
11-05 15:31:29.847 E/AllwinnerAlibs( 360): 2025-06-20-11-37 MafiaAc3spdif_write_packet
11-05 15:31:29.847 E/AllwinnerAlibs( 360): 2025-06-20-11-37 spdif_header_ac3
11-05 15:31:29.847 E/AllwinnerAlibs( 360): 2025-06-20-11-37 bill set SYNCWORD MafiaAc3spdif_write_packet 365
11-05 15:31:29.847 E/AllwinnerAlibs( 360): 2025-06-20-11-37 MafiaAc3spdif_write_packet 393 re = 6144
11-05 15:31:29.847 E/ac3_decInternal( 360): 2025-06-20-11-37 EAC3frame_PassThrough end OutBuffLen 6144
11-05 15:31:29.847 E/ac3_decInternal( 360): 2025-06-20-11-37 EAC3frame_PassThrough begin
11-05 15:31:29.847 E/AllwinnerAlibs( 360): 2025-06-20-11-37 MafiaAc3spdif_write_header
11-05 15:31:29.847 E/AllwinnerAlibs( 360): 2025-06-20-11-37 MafiaAc3spdif_write_packet
11-05 15:31:29.847 E/AllwinnerAlibs( 360): 2025-06-20-11-37 spdif_header_ac3
11-05 15:31:29.847 E/AllwinnerAlibs( 360): 2025-06-20-11-37 bill set SYNCWORD MafiaAc3spdif_write_packet 365
11-05 15:31:29.847 E/AllwinnerAlibs( 360): 2025-06-20-11-37 MafiaAc3spdif_write_packet 393 re = 6144
11-05 15:31:29.848 E/ac3_decInternal( 360): 2025-06-20-11-37 EAC3frame_PassThrough end OutBuffLen 6144
11-05 15:31:29.848 E/ac3_decInternal( 360): 2025-06-20-11-37 EAC3frame_PassThrough begin
11-05 15:31:29.848 E/AllwinnerAlibs( 360): 2025-06-20-11-37 MafiaAc3spdif_write_header
11-05 15:31:29.848 E/AllwinnerAlibs( 360): 2025-06-20-11-37 MafiaAc3spdif_write_packet
11-05 15:31:29.848 E/AllwinnerAlibs( 360): 2025-06-20-11-37 spdif_header_ac3
11-05 15:31:29.848 E/AllwinnerAlibs( 360): 2025-06-20-11-37 bill set SYNCWORD MafiaAc3spdif_write_packet 365
11-05 15:31:29.848 E/AllwinnerAlibs( 360): 2025-06-20-11-37 MafiaAc3spdif_write_packet 393 re = 6144
11-05 15:31:29.848 E/ac3_decInternal( 360): 2025-06-20-11-37 EAC3frame_PassThrough end OutBuffLen 6144
11-05 15:31:29.848 W/[Gralloc-Warning]( 360): mali_gralloc_lock:288 Buffers with YUV compatible formats should be locked using GRALLOC1_FUNCTION_LOCK_FLEX. Requested format is:0x32315659
11-05 15:31:29.850 I/gralloc ( 255): alloc buffer:W:1920 H:1088 S:1920 PL[1920 1088] SZ:3133504 fmt:842094169 if:0 af:842094169 usg:410960 fg:00000004
11-05 15:31:29.850 E/ac3_decInternal( 360): 2025-06-20-11-37 EAC3frame_PassThrough begin
11-05 15:31:29.850 E/AllwinnerAlibs( 360): 2025-06-20-11-37 MafiaAc3spdif_write_header
11-05 15:31:29.850 E/AllwinnerAlibs( 360): 2025-06-20-11-37 MafiaAc3spdif_write_packet
11-05 15:31:29.850 E/AllwinnerAlibs( 360): 2025-06-20-11-37 spdif_header_ac3
11-05 15:31:29.850 E/AllwinnerAlibs( 360): 2025-06-20-11-37 bill set SYNCWORD MafiaAc3spdif_write_packet 365
11-05 15:31:29.850 E/AllwinnerAlibs( 360): 2025-06-20-11-37 MafiaAc3spdif_write_packet 393 re = 6144
11-05 15:31:29.850 E/ac3_decInternal( 360): 2025-06-20-11-37 EAC3frame_PassThrough end OutBuffLen 6144
11-05 15:31:29.850 E/ac3_decInternal( 360): 2025-06-20-11-37 EAC3frame_PassThrough begin
11-05 15:31:29.850 E/AllwinnerAlibs( 360): 2025-06-20-11-37 MafiaAc3spdif_write_header
11-05 15:31:29.850 E/AllwinnerAlibs( 360): 2025-06-20-11-37 MafiaAc3spdif_write_packet
11-05 15:31:29.850 E/AllwinnerAlibs( 360): 2025-06-20-11-37 spdif_header_ac3
11-05 15:31:29.850 E/AllwinnerAlibs( 360): 2025-06-20-11-37 bill set SYNCWORD MafiaAc3spdif_write_packet 365
11-05 15:31:29.850 E/AllwinnerAlibs( 360): 2025-06-20-11-37 MafiaAc3spdif_write_packet 393 re = 6144
11-05 15:31:29.850 E/ac3_decInternal( 360): 2025-06-20-11-37 EAC3frame_PassThrough end OutBuffLen 6144
11-05 15:31:29.850 E/ac3_decInternal( 360): 2025-06-20-11-37 EAC3frame_PassThrough begin
11-05 15:31:29.850 E/AllwinnerAlibs( 360): 2025-06-20-11-37 MafiaAc3spdif_write_header
11-05 15:31:29.850 E/AllwinnerAlibs( 360): 2025-06-20-11-37 MafiaAc3spdif_write_packet
11-05 15:31:29.850 E/AllwinnerAlibs( 360): 2025-06-20-11-37 spdif_header_ac3
11-05 15:31:29.850 E/AllwinnerAlibs( 360): 2025-06-20-11-37 bill set SYNCWORD MafiaAc3spdif_write_packet 365
11-05 15:31:29.850 E/AllwinnerAlibs( 360): 2025-06-20-11-37 MafiaAc3spdif_write_packet 393 re = 6144
11-05 15:31:29.850 E/ac3_decInternal( 360): 2025-06-20-11-37 EAC3frame_PassThrough end OutBuffLen 6144
11-05 15:31:29.850 E/ac3_decInternal( 360): 2025-06-20-11-37 EAC3frame_PassThrough begin
11-05 15:31:29.850 E/AllwinnerAlibs( 360): 2025-06-20-11-37 MafiaAc3spdif_write_header
11-05 15:31:29.850 E/AllwinnerAlibs( 360): 2025-06-20-11-37 MafiaAc3spdif_write_packet
11-05 15:31:29.850 E/AllwinnerAlibs( 360): 2025-06-20-11-37 spdif_header_ac3
11-05 15:31:29.850 E/AllwinnerAlibs( 360): 2025-06-20-11-37 bill set SYNCWORD MafiaAc3spdif_write_packet 365
11-05 15:31:29.850 E/AllwinnerAlibs( 360): 2025-06-20-11-37 MafiaAc3spdif_write_packet 393 re = 6144
11-05 15:31:29.850 E/ac3_decInternal( 360): 2025-06-20-11-37 EAC3frame_PassThrough end OutBuffLen 6144
11-05 15:31:29.850 E/ac3_decInternal( 360): 2025-06-20-11-37 EAC3frame_PassThrough begin
11-05 15:31:29.851 E/AllwinnerAlibs( 360): 2025-06-20-11-37 MafiaAc3spdif_write_header
11-05 15:31:29.851 E/AllwinnerAlibs( 360): 2025-06-20-11-37 MafiaAc3spdif_write_packet
11-05 15:31:29.851 E/AllwinnerAlibs( 360): 2025-06-20-11-37 spdif_header_ac3
11-05 15:31:29.851 E/AllwinnerAlibs( 360): 2025-06-20-11-37 bill set SYNCWORD MafiaAc3spdif_write_packet 365
11-05 15:31:29.851 E/AllwinnerAlibs( 360): 2025-06-20-11-37 MafiaAc3spdif_write_packet 393 re = 6144
11-05 15:31:29.851 E/ac3_decInternal( 360): 2025-06-20-11-37 EAC3frame_PassThrough end OutBuffLen 6144
11-05 15:31:29.851 E/ac3_decInternal( 360): 2025-06-20-11-37 EAC3frame_PassThrough begin
11-05 15:31:29.851 E/AllwinnerAlibs( 360): 2025-06-20-11-37 MafiaAc3spdif_write_header
11-05 15:31:29.851 E/AllwinnerAlibs( 360): 2025-06-20-11-37 MafiaAc3spdif_write_packet
11-05 15:31:29.851 E/AllwinnerAlibs( 360): 2025-06-20-11-37 spdif_header_ac3
11-05 15:31:29.851 W/[Gralloc-Warning]( 360): mali_gralloc_lock:288 Buffers with YUV compatible formats should be locked using GRALLOC1_FUNCTION_LOCK_FLEX. Requested format is:0x32315659
11-05 15:31:29.854 I/gralloc ( 255): alloc buffer:W:1920 H:1088 S:1920 PL[1920 1088] SZ:3133504 fmt:842094169 if:0 af:842094169 usg:410960 fg:00000004
11-05 15:31:29.854 E/AllwinnerAlibs( 360): 2025-06-20-11-37 bill set SYNCWORD MafiaAc3spdif_write_packet 365
11-05 15:31:29.854 E/AllwinnerAlibs( 360): 2025-06-20-11-37 MafiaAc3spdif_write_packet 393 re = 6144
11-05 15:31:29.854 E/ac3_decInternal( 360): 2025-06-20-11-37 EAC3frame_PassThrough end OutBuffLen 6144
11-05 15:31:29.854 E/ac3_decInternal( 360): 2025-06-20-11-37 EAC3frame_PassThrough begin
11-05 15:31:29.854 E/AllwinnerAlibs( 360): 2025-06-20-11-37 MafiaAc3spdif_write_header
11-05 15:31:29.854 E/AllwinnerAlibs( 360): 2025-06-20-11-37 MafiaAc3spdif_write_packet
11-05 15:31:29.854 E/AllwinnerAlibs( 360): 2025-06-20-11-37 spdif_header_ac3
11-05 15:31:29.854 E/AllwinnerAlibs( 360): 2025-06-20-11-37 bill set SYNCWORD MafiaAc3spdif_write_packet 365
