11-05 15:32:30.733 W/ServiceDescriptorBinder( 3481): UPnP specification violation: Not producing element to be compatible with WMP12: (ActionArgument, OUT) CurrentVolume
11-05 15:32:31.183 W/IorapForwardingService( 484): No service published for: iorapd
11-05 15:32:31.816 E/WifiHAL ( 664): wifi_get_link_stats: requestResponse Error:-5
11-05 15:32:31.818 E/WifiVendorHal( 484): getWifiLinkLayerStats_1_5_Internal(l.1191) failed {.code = ERROR_INVALID_ARGS, .description = }
11-05 15:32:32.186 W/IorapForwardingService( 484): No service published for: iorapd
11-05 15:32:33.188 W/IorapForwardingService( 484): No service published for: iorapd
11-05 15:32:33.307 D/hdmi-cec( 260): receive invalid cec message!
11-05 15:32:33.307 D/hdmi-cec( 260): receive poll message [04], skip!
11-05 15:32:33.746 I/cedarc ( 360): : stream buffer 0 ring back.
11-05 15:32:34.190 W/IorapForwardingService( 484): No service published for: iorapd
11-05 15:32:34.510 D/UtilLog ( 2450): 日志批量上报 进行正常循环 !!!!!!本次有0次请求,共0条数据
11-05 15:32:34.829 E/WifiHAL ( 664): wifi_get_link_stats: requestResponse Error:-5
11-05 15:32:34.831 E/WifiVendorHal( 484): getWifiLinkLayerStats_1_5_Internal(l.1191) failed {.code = ERROR_INVALID_ARGS, .description = }
11-05 15:32:35.193 W/IorapForwardingService( 484): No service published for: iorapd
11-05 15:32:35.297 I/BLEAudioDrive_HV410( 247): select timeout!
11-05 15:32:35.833 D/aaa ( 1143): LedStatusService onStartCommand begin
11-05 15:32:35.852 D/aaa ( 1143): topPkg is -------------- :com.dangbei.lerad.videoposter
11-05 15:32:35.859 D/bbb ( 1208): onStartCommand begin !!!!!!! data分区剩余 24877MB
11-05 15:32:36.195 W/IorapForwardingService( 484): No service published for: iorapd
11-05 15:32:37.197 W/IorapForwardingService( 484): No service published for: iorapd
11-05 15:32:37.847 E/WifiHAL ( 664): wifi_get_link_stats: requestResponse Error:-5
11-05 15:32:37.850 E/WifiVendorHal( 484): getWifiLinkLayerStats_1_5_Internal(l.1191) failed {.code = ERROR_INVALID_ARGS, .description = }
11-05 15:32:38.199 W/IorapForwardingService( 484): No service published for: iorapd
11-05 15:32:38.468 I/TDLog ( 2450): [APP] New data found, Submitting...
11-05 15:32:38.496 I/TDLog ( 2450): [APP] Failed to submit data!
11-05 15:32:39.200 W/IorapForwardingService( 484): No service published for: iorapd
11-05 15:32:40.101 W/awplayer( 360): : submit ---audio--- stream data , pts is 175007.666 ms
11-05 15:32:40.104 W/awplayer( 360): : submit +++video+++ stream data , pts is 175008.000 ms
11-05 15:32:40.203 W/IorapForwardingService( 484): No service published for: iorapd
11-05 15:32:40.713 I/cedarc ( 360): : stream buffer 0 ring back.
11-05 15:32:40.859 W/ZramWriteback( 484): Writeback device is not set
11-05 15:32:40.859 D/ZramWriteback( 484): wait to flush
11-05 15:32:40.872 E/WifiHAL ( 664): wifi_get_link_stats: requestResponse Error:-5
11-05 15:32:40.874 E/WifiVendorHal( 484): getWifiLinkLayerStats_1_5_Internal(l.1191) failed {.code = ERROR_INVALID_ARGS, .description = }
11-05 15:32:41.177 I/gbei.screencas( 3481): Background concurrent copying GC freed 53722(6358KB) AllocSpace objects, 0(0B) LOS objects, 49% free, 6093KB/11MB, paused 192us total 172.335ms
11-05 15:32:41.205 W/IorapForwardingService( 484): No service published for: iorapd
11-05 15:32:42.208 W/IorapForwardingService( 484): No service published for: iorapd
11-05 15:32:43.209 W/IorapForwardingService( 484): No service published for: iorapd
11-05 15:32:43.869 D/aaa ( 1143): LedStatusService onStartCommand begin
11-05 15:32:43.871 D/bbb ( 1208): onStartCommand begin !!!!!!! data分区剩余 24877MB
11-05 15:32:43.876 D/aaa ( 1143): topPkg is -------------- :com.dangbei.lerad.videoposter
11-05 15:32:43.887 E/WifiHAL ( 664): wifi_get_link_stats: requestResponse Error:-5
11-05 15:32:43.888 E/WifiVendorHal( 484): getWifiLinkLayerStats_1_5_Internal(l.1191) failed {.code = ERROR_INVALID_ARGS, .description = }
11-05 15:32:44.210 W/IorapForwardingService( 484): No service published for: iorapd
11-05 15:32:44.507 D/UtilLog ( 2450): 日志批量上报 进行正常循环 !!!!!!本次有0次请求,共0条数据
11-05 15:32:45.212 W/IorapForwardingService( 484): No service published for: iorapd
11-05 15:32:45.306 I/BLEAudioDrive_HV410( 247): select timeout!
11-05 15:32:46.213 W/IorapForwardingService( 484): No service published for: iorapd
11-05 15:32:46.898 E/WifiHAL ( 664): wifi_get_link_stats: requestResponse Error:-5
11-05 15:32:46.899 E/WifiVendorHal( 484): getWifiLinkLayerStats_1_5_Internal(l.1191) failed {.code = ERROR_INVALID_ARGS, .description = }
11-05 15:32:47.216 W/IorapForwardingService( 484): No service published for: iorapd
11-05 15:32:48.218 W/IorapForwardingService( 484): No service published for: iorapd
11-05 15:32:48.334 D/hdmi-cec( 260): receive invalid cec message!
11-05 15:32:48.335 D/hdmi-cec( 260): receive poll message [04], skip!
11-05 15:32:48.411 I/cedarc ( 360): : stream buffer 0 ring back.
11-05 15:32:48.411 I/cedarc ( 360): : stream buffer 0 ring back.
11-05 15:32:49.221 W/IorapForwardingService( 484): No service published for: iorapd
11-05 15:32:49.911 E/WifiHAL ( 664): wifi_get_link_stats: requestResponse Error:-5
11-05 15:32:49.912 E/WifiVendorHal( 484): getWifiLinkLayerStats_1_5_Internal(l.1191) failed {.code = ERROR_INVALID_ARGS, .description = }
11-05 15:32:50.223 W/IorapForwardingService( 484): No service published for: iorapd
11-05 15:32:50.448 W/awplayer( 360): : submit ---audio--- stream data , pts is 185002.666 ms
11-05 15:32:50.448 W/awplayer( 360): : submit +++video+++ stream data , pts is 185060.000 ms
11-05 15:32:51.226 W/IorapForwardingService( 484): No service published for: iorapd
11-05 15:32:51.534 I/gbei.screencas( 3481): Background young concurrent copying GC freed 37614(5764KB) AllocSpace objects, 0(0B) LOS objects, 47% free, 6345KB/11MB, paused 399us total 104.276ms
11-05 15:32:51.911 D/aaa ( 1143): LedStatusService onStartCommand begin
11-05 15:32:51.913 D/aaa ( 1143): topPkg is -------------- :com.dangbei.lerad.videoposter
11-05 15:32:51.914 D/bbb ( 1208): onStartCommand begin !!!!!!! data分区剩余 24877MB
11-05 15:32:52.228 W/IorapForwardingService( 484): No service published for: iorapd
11-05 15:32:52.920 E/WifiHAL ( 664): wifi_get_link_stats: requestResponse Error:-5
11-05 15:32:52.922 E/WifiVendorHal( 484): getWifiLinkLayerStats_1_5_Internal(l.1191) failed {.code = ERROR_INVALID_ARGS, .description = }
11-05 15:32:53.230 W/IorapForwardingService( 484): No service published for: iorapd
11-05 15:32:54.233 W/IorapForwardingService( 484): No service published for: iorapd
11-05 15:32:54.508 D/UtilLog ( 2450): 日志批量上报 进行正常循环 !!!!!!本次有0次请求,共0条数据
11-05 15:32:55.242 W/IorapForwardingService( 484): No service published for: iorapd
11-05 15:32:55.317 I/BLEAudioDrive_HV410( 247): select timeout!
11-05 15:32:55.939 E/WifiHAL ( 664): wifi_get_link_stats: requestResponse Error:-5
11-05 15:32:55.941 E/WifiVendorHal( 484): getWifiLinkLayerStats_1_5_Internal(l.1191) failed {.code = ERROR_INVALID_ARGS, .description = }
11-05 15:32:56.135 I/cedarc ( 360): : stream buffer 0 ring back.
11-05 15:32:56.244 W/IorapForwardingService( 484): No service published for: iorapd
11-05 15:32:56.336 I/cedarc ( 360): : stream buffer 0 ring back.
11-05 15:32:57.246 W/IorapForwardingService( 484): No service published for: iorapd
11-05 15:32:57.532 I/gbei.screencas( 3481): Background concurrent copying GC freed 48130(6491KB) AllocSpace objects, 0(0B) LOS objects, 49% free, 6141KB/11MB, paused 222us total 172.449ms
11-05 15:32:58.248 W/IorapForwardingService( 484): No service published for: iorapd