11-05 15:32:10.972 W/System.err( 5742): at android.app.Activity.performPause(Activity.java:8234)
11-05 15:32:10.972 W/System.err( 5742): at android.app.Instrumentation.callActivityOnPause(Instrumentation.java:1530)
11-05 15:32:10.972 W/System.err( 5742): at android.app.ActivityThread.performPauseActivityIfNeeded(ActivityThread.java:5031)
11-05 15:32:10.972 W/System.err( 5742): at android.app.ActivityThread.performPauseActivity(ActivityThread.java:4992)
11-05 15:32:10.972 W/System.err( 5742): at android.app.ActivityThread.handlePauseActivity(ActivityThread.java:4944)
11-05 15:32:10.972 W/System.err( 5742): at android.app.servertransaction.PauseActivityItem.execute(PauseActivityItem.java:47)
11-05 15:32:10.972 W/System.err( 5742): at android.app.servertransaction.ActivityTransactionItem.execute(ActivityTransactionItem.java:45)
11-05 15:32:10.972 W/System.err( 5742): at android.app.servertransaction.TransactionExecutor.executeLifecycleState(TransactionExecutor.java:176)
11-05 15:32:10.972 W/System.err( 5742): at android.app.servertransaction.TransactionExecutor.execute(TransactionExecutor.java:97)
11-05 15:32:10.972 W/System.err( 5742): at android.app.ActivityThread$H.handleMessage(ActivityThread.java:2210)
11-05 15:32:10.972 W/System.err( 5742): at android.os.Handler.dispatchMessage(Handler.java:106)
11-05 15:32:10.972 W/System.err( 5742): at android.os.Looper.loopOnce(Looper.java:201)
11-05 15:32:10.972 W/System.err( 5742): at android.os.Looper.loop(Looper.java:288)
11-05 15:32:10.972 W/System.err( 5742): at android.app.ActivityThread.main(ActivityThread.java:7854)
11-05 15:32:10.972 W/System.err( 5742): at java.lang.reflect.Method.invoke(Native Method)
11-05 15:32:10.972 W/System.err( 5742): at com.android.internal.os.RuntimeInit$MethodAndArgsCaller.run(RuntimeInit.java:548)
11-05 15:32:10.972 W/System.err( 5742): at com.android.internal.os.ZygoteInit.main(ZygoteInit.java:1182)
11-05 15:32:10.990 D/AW_CODE ( 484): rotation =0
11-05 15:32:11.018 I/BpBinder( 289): onLastStrongRef automatically unlinking death recipients:
11-05 15:32:11.065 I/gralloc ( 255): alloc buffer:W:1920 H:1080 S:1920 PL[1920 1080] SZ:8294400 fmt:1 if:0 af:1 usg:20000b00 fg:00000004
11-05 15:32:11.068 I/gralloc ( 255): alloc buffer:W:1920 H:1080 S:1920 PL[1920 1080] SZ:8294400 fmt:1 if:0 af:1 usg:20000b00 fg:00000004
11-05 15:32:11.086 I/gralloc ( 255): alloc buffer:W:1920 H:1080 S:1920 PL[1920 1080] SZ:8294400 fmt:1 if:0 af:1 usg:20000b00 fg:00000004
11-05 15:32:11.112 D/TvPipController( 684): onTaskStackChanged()
11-05 15:32:11.124 I/DefaultIMS( 2402): onStartInput attribute=android.view.inputmethod.EditorInfo@5df749e restarting=false inputType: 0
11-05 15:32:11.130 W/IorapForwardingService( 484): No service published for: iorapd
11-05 15:32:11.671 D/TvWindowManager( 484): key event key = KEYCODE_BACK down = true
11-05 15:32:11.673 I/BLEAudioDrive_HV410( 247): data len: 9 1
11-05 15:32:11.677 D/GpioService( 484): mFlickerEnable = true
11-05 15:32:11.685 D/aaa ( 1143): LedStatusService onStartCommand begin
11-05 15:32:11.687 D/aaa ( 1143): topPkg is -------------- :com.tv.filemanager.os
11-05 15:32:11.688 D/bbb ( 1208): onStartCommand begin !!!!!!! data分区剩余 24877MB
11-05 15:32:11.744 I/MediaFocusControl( 484): abandonAudioFocus() from uid/pid 10042/5742 clientId=android.media.AudioManager@a31c104
11-05 15:32:11.756 W/InputManager-JNI( 484): Input channel object 'ace6d03 com.dangbei.lerad.videoposter/com.dangbei.leradplayer.activity.PlayerActivity (client)' was disposed without first being removed with the input manager!
11-05 15:32:11.771 W/ActivityTaskManager( 484): Can't find TaskDisplayArea to determine support for multi window. Task id=172 attached=false
11-05 15:32:11.771 W/ActivityTaskManager( 484): Can't find TaskDisplayArea to determine support for multi window. Task id=172 attached=false
11-05 15:32:11.781 I/BLEAudioDrive_HV410( 247): data len: 9 1
11-05 15:32:11.782 I/BLEAudioDrive_HV410( 247): keyboard stop
11-05 15:32:11.782 D/TvWindowManager( 484): key event key = KEYCODE_BACK down = false
11-05 15:32:11.783 D/AutofillManagerService( 484): onBackKeyPressed()
11-05 15:32:11.820 D/GpioService( 484): mFlickerEnable = true
11-05 15:32:11.823 I/SogouIME( 2402): onKeyDown: keyoCode=4
11-05 15:32:11.823 I/DefaultIMS( 2402): onKeyDown: keyoCode=4
11-05 15:32:11.825 I/SogouIME( 2402): onKeyUp: keyoCode=4
11-05 15:32:11.825 I/DefaultIMS( 2402): onKeyUp: keyoCode=4
11-05 15:32:11.831 I/gralloc ( 255): alloc buffer:W:1920 H:1080 S:1920 PL[1920 1080] SZ:8294400 fmt:1 if:0 af:1 usg:b66 fg:00000004
11-05 15:32:11.870 D/AW_CODE ( 484): rotation =0
11-05 15:32:11.885 I/BpBinder( 289): onLastStrongRef automatically unlinking death recipients:
11-05 15:32:11.931 I/gralloc ( 255): alloc buffer:W:1920 H:1080 S:1920 PL[1920 1080] SZ:8294400 fmt:1 if:0 af:1 usg:20000b00 fg:00000004
11-05 15:32:11.934 I/gralloc ( 255): alloc buffer:W:1920 H:1080 S:1920 PL[1920 1080] SZ:8294400 fmt:1 if:0 af:1 usg:20000b00 fg:00000004
11-05 15:32:11.942 I/gralloc ( 255): alloc buffer:W:1920 H:1080 S:1920 PL[1920 1080] SZ:8294400 fmt:1 if:0 af:1 usg:20000b00 fg:00000004
11-05 15:32:11.981 D/TvPipController( 684): onTaskStackChanged()
11-05 15:32:11.995 I/DefaultIMS( 2402): onStartInput attribute=android.view.inputmethod.EditorInfo@d8fe411 restarting=false inputType: 0
11-05 15:32:12.132 W/IorapForwardingService( 484): No service published for: iorapd
11-05 15:32:12.151 W/InputManager-JNI( 484): Input channel object '2447ac2 Toast (client)' was disposed without first being removed with the input manager!
11-05 15:32:12.166 W/NotificationService( 484): Toast already killed. pkg=com.dangbei.lerad.videoposter token=android.os.BinderProxy@58f60d0
11-05 15:32:12.254 I/BLEAudioDrive_HV410( 247): data len: 9 1
11-05 15:32:12.256 D/TvWindowManager( 484): key event key = KEYCODE_DPAD_RIGHT down = true
11-05 15:32:12.267 D/GpioService( 484): mFlickerEnable = true
11-05 15:32:12.280 I/SogouIME( 2402): onKeyDown: keyoCode=22
11-05 15:32:12.280 I/DefaultIMS( 2402): onKeyDown: keyoCode=22
11-05 15:32:12.310 I/DefaultIMS( 2402): onStartInput attribute=android.view.inputmethod.EditorInfo@3e77976 restarting=false inputType: 0
11-05 15:32:12.456 I/BLEAudioDrive_HV410( 247): data len: 9 1
11-05 15:32:12.456 I/BLEAudioDrive_HV410( 247): keyboard stop
11-05 15:32:12.456 D/TvWindowManager( 484): key event key = KEYCODE_DPAD_RIGHT down = false
11-05 15:32:12.469 W/.filemanager.o( 2664): Accessing hidden field Landroid/view/inputmethod/InputMethodManager;->mCurRootView:Landroid/view/ViewRootImpl; (blocked, reflection, denied)
11-05 15:32:12.470 I/system_server( 484): NativeAlloc concurrent copying GC freed 32435(1757KB) AllocSpace objects, 14(360KB) LOS objects, 49% free, 11MB/23MB, paused 307us total 528.570ms
11-05 15:32:12.475 W/System ( 484): A resource failed to call close.
11-05 15:32:12.476 W/System ( 484): A resource failed to call close.
11-05 15:32:12.477 W/System ( 484): A resource failed to call release.
11-05 15:32:12.477 W/System ( 484): A resource failed to call close.
11-05 15:32:12.658 I/BLEAudioDrive_HV410( 247): data len: 9 1
11-05 15:32:12.659 D/TvWindowManager( 484): key event key = KEYCODE_DPAD_RIGHT down = true
11-05 15:32:12.665 D/GpioService( 484): mFlickerEnable = true
11-05 15:32:12.694 I/.filemanager.o( 2664): Explicit concurrent copying GC freed 4506(272KB) AllocSpace objects, 0(0B) LOS objects, 49% free, 11MB/22MB, paused 142us total 215.252ms
11-05 15:32:12.782 I/BLEAudioDrive_HV410( 247): data len: 9 1
11-05 15:32:12.783 I/BLEAudioDrive_HV410( 247): keyboard stop
11-05 15:32:12.783 D/TvWindowManager( 484): key event key = KEYCODE_DPAD_RIGHT down = false
11-05 15:32:12.897 I/.filemanager.o( 2664): Explicit concurrent copying GC freed 122(36KB) AllocSpace objects, 0(0B) LOS objects, 49% free, 11MB/22MB, paused 112us total 202.201ms
11-05 15:32:12.917 I/BLEAudioDrive_HV410( 247): data len: 9 1
11-05 15:32:12.918 D/TvWindowManager( 484): key event key = KEYCODE_DPAD_CENTER down = true
11-05 15:32:12.930 D/StrictMode( 2664): StrictMode policy violation: android.os.strictmode.InstanceCountViolation: class com.dangbei.lerad.filemanager.ui.info.ManagerFileListActivity; instances=18; limit=3
11-05 15:32:12.930 D/StrictMode( 2664): at android.os.StrictMode.setClassInstanceLimit(StrictMode.java:1)
11-05 15:32:12.931 W/InputManager-JNI( 484): Input channel object '13bdfb8 com.tv.filemanager.os/com.dangbei.lerad.filemanager.ui.info.ManagerFileListActivity (client)' was disposed without first being removed with the input manager!
11-05 15:32:12.937 I/Choreographer( 2664): Skipped 31 frames! The application may be doing too much work on its main thread.
11-05 15:32:12.937 I/SogouIME( 2402): onKeyUp: keyoCode=22
11-05 15:32:12.937 I/DefaultIMS( 2402): onKeyUp: keyoCode=22
11-05 15:32:12.944 I/SogouIME( 2402): onKeyDown: keyoCode=22
11-05 15:32:12.944 I/DefaultIMS( 2402): onKeyDown: keyoCode=22
11-05 15:32:12.950 D/GpioService( 484): mFlickerEnable = true
11-05 15:32:12.953 I/SogouIME( 2402): onKeyUp: keyoCode=22
11-05 15:32:12.953 I/DefaultIMS( 2402): onKeyUp: keyoCode=22
11-05 15:32:12.966 I/DefaultIMS( 2402): onStartInput attribute=android.view.inputmethod.EditorInfo@93bcb7c restarting=false inputType: 0
11-05 15:32:13.063 I/BLEAudioDrive_HV410( 247): data len: 9 1
11-05 15:32:13.064 I/BLEAudioDrive_HV410( 247): keyboard stop
11-05 15:32:13.064 D/TvWindowManager( 484): key event key = KEYCODE_DPAD_CENTER down = false
11-05 15:32:13.069 D/GpioService( 484): mFlickerEnable = true
11-05 15:32:13.075 I/SogouIME( 2402): onKeyDown: keyoCode=23
11-05 15:32:13.075 I/DefaultIMS( 2402): onKeyDown: keyoCode=23
11-05 15:32:13.080 I/SogouIME( 2402): onKeyUp: keyoCode=23
11-05 15:32:13.080 I/DefaultIMS( 2402): onKeyUp: keyoCode=23
11-05 15:32:13.087 I/ActivityStarter( 484): ---START u0 {cmp=com.tv.filemanager.os/com.dangbei.lerad.filemanager.ui.info.ManagerFileListActivity (has extras)} from uid 10054
11-05 15:32:13.091 I/AW_PowerHAL( 259): Power setMode: LAUNCH to: 1
11-05 15:32:13.106 W/ActivityTaskManager( 484): Tried to set launchTime (0) < mLastActivityLaunchTime (1928886)
11-05 15:32:13.107 D/AW_CODE ( 484): rotation =0
11-05 15:32:13.127 D/ActivityTaskManager( 484): homlet: skip orientation settings: 0
11-05 15:32:13.133 I/AW_PowerHAL( 259): cur-mode:LAUNCH
11-05 15:32:13.135 I/BpBinder( 289): onLastStrongRef automatically unlinking death recipients:
11-05 15:32:13.136 W/IorapForwardingService( 484): No service published for: iorapd
11-05 15:32:13.215 D/TvPipController( 684): onTaskStackChanged()
11-05 15:32:13.255 W/WindowManager( 484): Failed looking up window session=Session{ba698fd 2664:u0a10054} callers=com.android.server.wm.WindowManagerService.windowForClientLocked:5702 com.android.server.wm.Session.insetsModified:629 android.view.IWindowSession$Stub.onTransact:1151
11-05 15:32:13.278 I/gralloc ( 255): alloc buffer:W:1920 H:1080 S:1920 PL[1920 1080] SZ:8294400 fmt:1 if:0 af:1 usg:20000b00 fg:00000004
11-05 15:32:13.279 I/gralloc ( 255): alloc buffer:W:1920 H:1080 S:1920 PL[1920 1080] SZ:8294400 fmt:1 if:0 af:1 usg:20000b00 fg:00000004
11-05 15:32:13.280 I/gralloc ( 255): alloc buffer:W:1920 H:1080 S:1920 PL[1920 1080] SZ:8294400 fmt:1 if:0 af:1 usg:20000b00 fg:00000004
11-05 15:32:13.302 I/ActivityTaskManager( 484): +++Displayed com.tv.filemanager.os/com.dangbei.lerad.filemanager.ui.info.ManagerFileListActivity: +214ms
11-05 15:32:13.303 I/BaseRequest( 2664): complete
11-05 15:32:13.304 I/BaseRequest( 2664): success!=nulltrue
11-05 15:32:13.383 W/View ( 2664): requestLayout() improperly called by com.dangbei.lerad.libui.control.layout.FitFrameLayout{91ffcb1 V.E...... ......ID 0,0-255,250 #7f0a02ee app:id/view_file_item_ll} during layout: running second layout pass
11-05 15:32:13.390 I/DefaultIMS( 2402): onStartInput attribute=android.view.inputmethod.EditorInfo@45d9c05 restarting=false inputType: 0
11-05 15:32:13.417 I/AW_PowerHAL( 259): Power setMode: LAUNCH to: 0
11-05 15:32:13.423 I/AW_PowerHAL( 259): cur-mode:SCHEDUTIL
11-05 15:32:13.723 E/WifiHAL ( 664): wifi_get_link_stats: requestResponse Error:-5
11-05 15:32:13.724 E/WifiVendorHal( 484): getWifiLinkLayerStats_1_5_Internal(l.1191) failed {.code = ERROR_INVALID_ARGS, .description = }
11-05 15:32:13.773 D/TvWindowManager( 484): key event key = KEYCODE_DPAD_RIGHT down = true
11-05 15:32:13.775 I/BLEAudioDrive_HV410( 247): data len: 9 1
11-05 15:32:13.783 D/GpioService( 484): mFlickerEnable = true
11-05 15:32:13.785 I/SogouIME( 2402): onKeyDown: keyoCode=22
11-05 15:32:13.785 I/DefaultIMS( 2402): onKeyDown: keyoCode=22
11-05 15:32:13.810 I/DefaultIMS( 2402): onStartInput attribute=android.view.inputmethod.EditorInfo@7569075 restarting=false inputType: 0
11-05 15:32:13.941 I/BLEAudioDrive_HV410( 247): data len: 9 1
11-05 15:32:13.941 I/BLEAudioDrive_HV410( 247): keyboard stop
11-05 15:32:13.942 D/TvWindowManager( 484): key event key = KEYCODE_DPAD_RIGHT down = false
11-05 15:32:13.946 I/SogouIME( 2402): onKeyUp: keyoCode=22
11-05 15:32:13.946 I/DefaultIMS( 2402): onKeyUp: keyoCode=22
11-05 15:32:14.088 I/BLEAudioDrive_HV410( 247): data len: 9 1
11-05 15:32:14.088 D/TvWindowManager( 484): key event key = KEYCODE_DPAD_CENTER down = true
11-05 15:32:14.099 D/GpioService( 484): mFlickerEnable = true
11-05 15:32:14.139 W/IorapForwardingService( 484): No service published for: iorapd
11-05 15:32:14.149 W/WindowManager( 484): Unable to start animation, surface is null or no children.
11-05 15:32:14.222 I/BLEAudioDrive_HV410( 247): data len: 9 1
11-05 15:32:14.223 I/BLEAudioDrive_HV410( 247): keyboard stop
11-05 15:32:14.223 D/TvWindowManager( 484): key event key = KEYCODE_DPAD_CENTER down = false
11-05 15:32:14.238 D/GpioService( 484): mFlickerEnable = true
11-05 15:32:14.241 I/SogouIME( 2402): onKeyDown: keyoCode=23
11-05 15:32:14.241 I/DefaultIMS( 2402): onKeyDown: keyoCode=23
11-05 15:32:14.245 I/SogouIME( 2402): onKeyUp: keyoCode=23
11-05 15:32:14.245 I/DefaultIMS( 2402): onKeyUp: keyoCode=23
11-05 15:32:14.264 I/EventThread( 260): type=1400 audit(0.0:2316): avc: denied { search } for name="extcon" dev="sysfs" ino=18103 scontext=u:r:hal_tv_cec_default:s0 tcontext=u:object_r:sysfs_extcon:s0 tclass=dir permissive=1
11-05 15:32:14.279 D/StrictMode( 2664): StrictMode policy violation: android.os.strictmode.FileUriExposedViolation: file:///storage/02E24445E2443EE3/000%E9%9F%B3%E9%A2%91%E7%BC%96%E7%A0%81%E6%A0%BC%E5%BC%8F%E6%B5%8B%E8%AF%95/DTS-HD%20Master/DTS-HD_MA_SOUND_CHECK_7.1.mkv exposed beyond app through Intent.getData()
11-05 15:32:14.279 D/StrictMode( 2664): at android.os.StrictMode.onFileUriExposed(StrictMode.java:2211)
11-05 15:32:14.279 D/StrictMode( 2664): at android.net.Uri.checkFileUriExposed(Uri.java:2402)
11-05 15:32:14.279 D/StrictMode( 2664): at android.content.Intent.prepareToLeaveProcess(Intent.java:11415)
11-05 15:32:14.279 D/StrictMode( 2664): at android.content.Intent.prepareToLeaveProcess(Intent.java:11367)
11-05 15:32:14.279 D/StrictMode( 2664): at android.app.Instrumentation.execStartActivity(Instrumentation.java:1742)
11-05 15:32:14.279 D/StrictMode( 2664): at android.app.ContextImpl.startActivity(ContextImpl.java:1085)
11-05 15:32:14.279 D/StrictMode( 2664): at android.app.ContextImpl.startActivity(ContextImpl.java:1056)
11-05 15:32:14.279 D/StrictMode( 2664): at android.content.ContextWrapper.startActivity(ContextWrapper.java:411)
11-05 15:32:14.279 D/StrictMode( 2664): at com.dangbei.lerad.filemanager.impl.open.FileTypePlayer.directlyOpen(FileTypePlayer.java:254)
11-05 15:32:14.279 D/StrictMode( 2664): at com.dangbei.lerad.filemanager.impl.open.FileTypePlayer.play(FileTypePlayer.java:116)
11-05 15:32:14.279 D/StrictMode( 2664): at com.dangbei.lerad.filemanager.impl.open.OpenFilterChain.run(OpenFilterChain.java:63)
11-05 15:32:14.279 D/StrictMode( 2664): at com.dangbei.lerad.filemanager.impl.open.OpenFilterChain.execute(OpenFilterChain.java:35)
11-05 15:32:14.279 D/StrictMode( 2664): at com.dangbei.lerad.filemanager.impl.open.OpenManager$1.onNext(OpenManager.java:109)
11-05 15:32:14.279 D/StrictMode( 2664): at com.dangbei.lerad.filemanager.impl.open.OpenManager$1.onNext(OpenManager.java:101)
11-05 15:32:14.279 D/StrictMode( 2664): at io.reactivex.internal.operators.observable.ObservableObserveOn$ObserveOnObserver.drainNormal(ObservableObserveOn.java:201)
11-05 15:32:14.279 D/StrictMode( 2664): at io.reactivex.internal.operators.observable.ObservableObserveOn$ObserveOnObserver.run(ObservableObserveOn.java:255)
11-05 15:32:14.279 D/StrictMode( 2664): at io.reactivex.android.schedulers.HandlerScheduler$ScheduledRunnable.run(HandlerScheduler.java:119)
11-05 15:32:14.279 D/StrictMode( 2664): at android.os.Handler.handleCallback(Handler.java:938)
11-05 15:32:14.279 D/StrictMode( 2664): at android.os.Handler.dispatchMessage(Handler.java:99)
11-05 15:32:14.279 D/StrictMode( 2664): at android.os.Looper.loopOnce(Looper.java:201)
11-05 15:32:14.279 D/StrictMode( 2664): at android.os.Looper.loop(Looper.java:288)
11-05 15:32:14.279 D/StrictMode( 2664): at android.app.ActivityThread.main(ActivityThread.java:7854)
11-05 15:32:14.279 D/StrictMode( 2664): at java.lang.reflect.Method.invoke(Native Method)
11-05 15:32:14.279 D/StrictMode( 2664): at com.android.internal.os.RuntimeInit$MethodAndArgsCaller.run(RuntimeInit.java:548)
11-05 15:32:14.279 D/StrictMode( 2664): at com.android.internal.os.ZygoteInit.main(ZygoteInit.java:1182)
11-05 15:32:14.281 I/ActivityStarter( 484): ---START u0 {act=android.intent.action.VIEW dat=file:///storage/02E24445E2443EE3/000音频编码格式测试/DTS-HD Master/DTS-HD_MA_SOUND_CHECK_7.1.mkv typ=video/* flg=0x10000001 cmp=com.dangbei.lerad.videoposter/com.dangbei.leradplayer.activity.PlayerActivity} from uid 10054
11-05 15:32:14.282 W/ActivityTaskManager( 484): Can't find TaskDisplayArea to determine support for multi window. Task id=173 attached=false
11-05 15:32:14.287 I/AW_PowerHAL( 259): Power setMode: LAUNCH to: 1
11-05 15:32:14.289 V/SplashScreenExceptionList( 484): SplashScreen checking exception for package com.dangbei.lerad.videoposter (target sdk:26) -> false
11-05 15:32:14.290 D/StartingSurfaceDrawer( 684): addSplashScreen com.dangbei.lerad.videoposter theme=7f0d0007 task=173 suggestType=3
11-05 15:32:14.292 D/StartingSurfaceDrawer( 684): addSplashScreen: creating context based on task Configuration {1.0 ?mcc?mnc [zh_CN] ldltr sw720dp w1280dp h696dp 240dpi lrg long land television -touch qwerty/v/v dpad/v winConfig={ mBounds=Rect(0, 0 - 1920, 1080) mAppBounds=Rect(0, 0 - 1920, 1080) mMaxBounds=Rect(0, 0 - 1920, 1080) mWindowingMode=fullscreen mDisplayWindowingMode=fullscreen mActivityType=standard mAlwaysOnTop=undefined mRotation=ROTATION_0} s.1 fontWeightAdjustment=0} for splash screen
11-05 15:32:14.293 D/StartingSurfaceDrawer( 684): addSplashScreen: apply overrideConfig{1.0 ?mcc?mnc [zh_CN] ldltr sw720dp w1280dp h696dp 240dpi lrg long land television -touch qwerty/v/v dpad/v winConfig={ mBounds=Rect(0, 0 - 1920, 1080) mAppBounds=Rect(0, 0 - 1920, 1080) mMaxBounds=Rect(0, 0 - 1920, 1080) mWindowingMode=fullscreen mDisplayWindowingMode=fullscreen mActivityType=standard mAlwaysOnTop=undefined mRotation=ROTATION_0} s.1 fontWeightAdjustment=0} to starting window resId=2131165761
11-05 15:32:14.294 D/StartingSurfaceDrawer( 684): window attributes color: 0 icon null duration 0 brandImage null
11-05 15:32:14.296 D/SplashScreenView( 684): Build android.window.SplashScreenView{7ca7616 V.E...... ......ID 0,0-0,0}
11-05 15:32:14.296 D/SplashScreenView( 684): Icon: view: null drawable: null size: 0
11-05 15:32:14.296 D/SplashScreenView( 684): Branding: view: android.view.View{c332b97 G.ED..... ......I. 0,0-0,0 #10204a6 android:id/splashscreen_branding_view} drawable: null size w: 0 h: 0
11-05 15:32:14.296 D/StartingSurfaceDrawer( 684): fillViewWithIcon surfaceWindowView android.window.SplashScreenView{7ca7616 V.E...... ......ID 0,0-0,0}
11-05 15:32:14.313 W/ActivityTaskManager( 484): Tried to set launchTime (0) < mLastActivityLaunchTime (1930031)
11-05 15:32:14.315 D/AW_CODE ( 484): rotation =0
11-05 15:32:14.323 I/gralloc ( 255): alloc buffer:W:1920 H:1080 S:1920 PL[1920 1080] SZ:8294400 fmt:1 if:0 af:1 usg:20000b00 fg:00000004
11-05 15:32:14.320 I/rainbow_flow( 4927): type=1400 audit(0.0:2317): avc: denied { ioctl } for path="/dev/spidev1.0" dev="tmpfs" ino=1229 ioctlcmd=0x6b00 scontext=u:r:init:s0 tcontext=u:object_r:device:s0 tclass=chr_file permissive=1
11-05 15:32:14.325 I/gralloc ( 255): alloc buffer:W:1920 H:1080 S:1920 PL[1920 1080] SZ:8294400 fmt:1 if:0 af:1 usg:20000b00 fg:00000004
11-05 15:32:14.325 I/AW_PowerHAL( 259): cur-mode:LAUNCH
11-05 15:32:14.332 I/gralloc ( 255): alloc buffer:W:1920 H:1080 S:1920 PL[1920 1080] SZ:8294400 fmt:1 if:0 af:1 usg:20000b00 fg:00000004
11-05 15:32:14.335 I/BpBinder( 289): onLastStrongRef automatically unlinking death recipients:
11-05 15:32:14.423 D/TvPipController( 684): onTaskStackChanged()
11-05 15:32:14.473 W/AudioManager( 5742): Use of stream types is deprecated for operations other than volume control
11-05 15:32:14.473 W/AudioManager( 5742): See the documentation of requestAudioFocus() for what to use instead with android.media.AudioAttributes to qualify your playback use case
11-05 15:32:14.475 I/MediaFocusControl( 484): requestAudioFocus() from uid/pid 10042/5742 AA=USAGE_MEDIA/CONTENT_TYPE_MUSIC clientId=android.media.AudioManager@2d31cea callingPack=com.dangbei.lerad.videoposter req=1 flags=0x0 sdk=26
11-05 15:32:14.476 I/AudioService.FadeOutManager( 484): unfadeOutUid() uid:10042
11-05 15:32:14.478 W/System.err( 5742): java.lang.Exception: you should init first
11-05 15:32:14.478 W/System.err( 5742): at com.dangbei.alps.AlpsManager.check(AlpsManager.java:315)
11-05 15:32:14.478 W/System.err( 5742): at com.dangbei.alps.AlpsManager.onResume(AlpsManager.java:240)
11-05 15:32:14.478 W/System.err( 5742): at com.dangbei.leradplayer.activity.PlayerActivity.onResume(PlayerActivity.java:658)
11-05 15:32:14.478 W/System.err( 5742): at android.app.Instrumentation.callActivityOnResume(Instrumentation.java:1476)
11-05 15:32:14.478 W/System.err( 5742): at android.app.Activity.performResume(Activity.java:8190)
11-05 15:32:14.478 W/System.err( 5742): at android.app.ActivityThread.performResumeActivity(ActivityThread.java:4747)
11-05 15:32:14.478 W/System.err( 5742): at android.app.ActivityThread.handleResumeActivity(ActivityThread.java:4790)
11-05 15:32:14.478 W/System.err( 5742): at android.app.servertransaction.ResumeActivityItem.execute(ResumeActivityItem.java:54)
11-05 15:32:14.478 W/System.err( 5742): at android.app.servertransaction.ActivityTransactionItem.execute(ActivityTransactionItem.java:45)
11-05 15:32:14.478 W/System.err( 5742): at android.app.servertransaction.TransactionExecutor.executeLifecycleState(TransactionExecutor.java:176)
11-05 15:32:14.478 W/System.err( 5742): at android.app.servertransaction.TransactionExecutor.execute(TransactionExecutor.java:97)
11-05 15:32:14.478 W/System.err( 5742): at android.app.ActivityThread$H.handleMessage(ActivityThread.java:2210)
11-05 15:32:14.478 W/System.err( 5742): at android.os.Handler.dispatchMessage(Handler.java:106)
11-05 15:32:14.478 W/System.err( 5742): at android.os.Looper.loopOnce(Looper.java:201)
11-05 15:32:14.478 W/System.err( 5742): at android.os.Looper.loop(Looper.java:288)
11-05 15:32:14.478 W/System.err( 5742): at android.app.ActivityThread.main(ActivityThread.java:7854)
11-05 15:32:14.478 W/System.err( 5742): at java.lang.reflect.Method.invoke(Native Method)
11-05 15:32:14.478 W/System.err( 5742): at com.android.internal.os.RuntimeInit$MethodAndArgsCaller.run(RuntimeInit.java:548)
11-05 15:32:14.478 W/System.err( 5742): at com.android.internal.os.ZygoteInit.main(ZygoteInit.java:1182)
11-05 15:32:14.480 I/ModuleDataForwa( 3481): type=1400 audit(0.0:2318): avc: denied { lock } for path="/data/user/0/com.dangbei.screencast/files/TD__Env_Synchronous_Lock__" dev="mmcblk0p25" ino=2653 scontext=u:r:platform_app:s0:c512,c768 tcontext=u:object_r:app_data_file:s0:c512,c768 tclass=file permissive=1 app=com.dangbei.screencast
11-05 15:32:14.506 D/UtilLog ( 2450): 日志批量上报 进行正常循环 !!!!!!本次有0次请求,共0条数据
11-05 15:32:14.522 I/gralloc ( 255): alloc buffer:W:1920 H:1080 S:1920 PL[1920 1080] SZ:8294400 fmt:1 if:0 af:1 usg:20000b00 fg:00000004
11-05 15:32:14.535 I/gralloc ( 255): alloc buffer:W:1920 H:1080 S:1920 PL[1920 1080] SZ:8294400 fmt:1 if:0 af:1 usg:20000b00 fg:00000004
11-05 15:32:14.542 D/StartingSurfaceDrawer( 684): Task start finish, remove starting surface for task 173
11-05 15:32:14.542 V/StartingSurfaceDrawer( 684): Removing splash screen window for task: 173
11-05 15:32:14.550 I/gralloc ( 255): alloc buffer:W:1920 H:1080 S:1920 PL[1920 1080] SZ:8294400 fmt:1 if:0 af:1 usg:20000b00 fg:00000004
11-05 15:32:14.563 I/AW_PowerHAL( 259): Power setMode: LAUNCH to: 0
11-05 15:32:14.566 I/AW_PowerHAL( 259): cur-mode:SCHEDUTIL
11-05 15:32:14.567 I/ActivityTaskManager( 484): +++Displayed com.dangbei.lerad.videoposter/com.dangbei.leradplayer.activity.PlayerActivity: +261ms
11-05 15:32:14.584 I/DefaultIMS( 2402): onStartInput attribute=android.view.inputmethod.EditorInfo@36d2444 restarting=false inputType: 0
11-05 15:32:14.684 I/gralloc ( 255): alloc buffer:W:860 H:760 S:864 PL[860 760] SZ:2626560 fmt:1 if:0 af:1 usg:20000b00 fg:00000004
11-05 15:32:14.688 I/gralloc ( 255): alloc buffer:W:860 H:760 S:864 PL[860 760] SZ:2626560 fmt:1 if:0 af:1 usg:20000b00 fg:00000004
11-05 15:32:14.691 I/gralloc ( 255): alloc buffer:W:860 H:760 S:864 PL[860 760] SZ:2626560 fmt:1 if:0 af:1 usg:20000b00 fg:00000004
11-05 15:32:14.759 I/DefaultIMS( 2402): onStartInput attribute=android.view.inputmethod.EditorInfo@71d592d restarting=false inputType: 0
11-05 15:32:14.913 W/InputManager-JNI( 484): Input channel object '28551b9 Splash Screen com.dangbei.lerad.videoposter (client)' was disposed without first being removed with the input manager!
11-05 15:32:15.123 I/BLEAudioDrive_HV410( 247): data len: 9 1
11-05 15:32:15.124 D/TvWindowManager( 484): key event key = KEYCODE_DPAD_CENTER down = true
11-05 15:32:15.136 D/GpioService( 484): mFlickerEnable = true
11-05 15:32:15.141 W/IorapForwardingService( 484): No service published for: iorapd
11-05 15:32:15.274 D/GpioService( 484): mFlickerEnable = true
11-05 15:32:15.276 I/SogouIME( 2402): onKeyDown: keyoCode=23
11-05 15:32:15.276 I/DefaultIMS( 2402): onKeyDown: keyoCode=23
11-05 15:32:15.280 I/BLEAudioDrive_HV410( 247): data len: 9 1
11-05 15:32:15.280 I/BLEAudioDrive_HV410( 247): keyboard stop
11-05 15:32:15.281 D/TvWindowManager( 484): key event key = KEYCODE_DPAD_CENTER down = false
11-05 15:32:15.285 I/SogouIME( 2402): onKeyUp: keyoCode=23
11-05 15:32:15.285 I/DefaultIMS( 2402): onKeyUp: keyoCode=23
11-05 15:32:15.290 V/MediaPlayer( 5742): resetDrmState: mDrmInfo=null mDrmProvisioningThread=null mPrepareDrmInProgress=false mActiveDrmScheme=false
11-05 15:32:15.290 V/MediaPlayer( 5742): cleanDrmObj: mDrmObj=null mDrmSessionId=null
11-05 15:32:15.300 W/MediaProvider( 1055): Failed to fetch original file descriptor
11-05 15:32:15.300 W/MediaProvider( 1055): java.io.FileNotFoundException: Input file descriptor is already original
11-05 15:32:15.300 W/MediaProvider( 1055): at com.android.providers.media.MediaProvider.getOriginalMediaFormatFileDescriptor(MediaProvider.java:5774)
11-05 15:32:15.300 W/MediaProvider( 1055): at com.android.providers.media.MediaProvider.openTypedAssetFileCommon(MediaProvider.java:7190)
11-05 15:32:15.300 W/MediaProvider( 1055): at com.android.providers.media.MediaProvider.openTypedAssetFile(MediaProvider.java:7171)
11-05 15:32:15.300 W/MediaProvider( 1055): at android.content.ContentProvider$Transport.openTypedAssetFile(ContentProvider.java:548)
11-05 15:32:15.300 W/MediaProvider( 1055): at android.content.ContentProviderNative.onTransact(ContentProviderNative.java:327)
11-05 15:32:15.300 W/MediaProvider( 1055): at android.os.Binder.execTransactInternal(Binder.java:1179)
11-05 15:32:15.300 W/MediaProvider( 1055): at android.os.Binder.execTransact(Binder.java:1143)
11-05 15:32:15.338 D/MediaPlayerFactory( 360): Initialize getpersist = 0 value=
11-05 15:32:15.342 I/awplayer( 360): : process message XPLAYER_COMMAND_SET_SOURCE.
11-05 15:32:15.381 W/awplayer( 360): : Set log level to 4
11-05 15:32:15.381 E/cedarc ( 360): : now cedarc log level:4
11-05 15:32:15.381 I/cedarc ( 360): : CreateVideoDecoder p:0xf20d8380
11-05 15:32:15.385 I/cedarc ( 360): : *** ic_version = 0x3301000012011,
11-05 15:32:15.391 D/ ( 9430): enable_cedar_hw_clk,516
11-05 15:32:15.392 W/VE ( 9430): VE real_freq=648000000
11-05 15:32:15.390 D/SurfaceUtils( 360): connecting to surface 0xf2203808, reason setVideoSurfaceTexture
11-05 15:32:15.391 I/awplayer( 360): : xxxxxxxxxx video size: width = 1920, height = 1080
11-05 15:32:15.396 W/InputManager-JNI( 484): Input channel object 'c4af5e com.dangbei.lerad.videoposter/com.dangbei.leradplayer.activity.PlayerActivity (client)' was disposed without first being removed with the input manager!
11-05 15:32:15.413 W/InputEventReceiver( 5742): Attempted to finish an input event but the input event receiver has already been disposed.
11-05 15:32:15.414 I/awplayer( 360): : isPlaying
11-05 15:32:15.425 D/Allwinner Audio Middle Layer( 360): ver : 2017-8-4-18-00 Create Decoder!!=====
11-05 15:32:15.425 D/Allwinner Audio Middle Layer( 360): ver : 2017-8-4-18-00 AudioDec_Installaudiolib ok
11-05 15:32:15.425 D/Allwinner Audio Middle Layer( 360): ver : 2017-8-4-18-00 audio decoder init start ...
11-05 15:32:15.425 D/AllwinnerAlibs( 360): ver : 2017-8-4-18-00
11-05 15:32:15.425 D/AllwinnerAlibs( 360): >>>>>>>>>>>>>>>>>>>>>>>>>>>>>>> Audio <<<<<<<<<<<<<<<<<<<<<<<<<<<<<<<
11-05 15:32:15.425 D/AllwinnerAlibs( 360): tag : audiocodec-v1.2
11-05 15:32:15.425 D/AllwinnerAlibs( 360): branch: new
11-05 15:32:15.425 D/AllwinnerAlibs( 360): commit: 3ba65962c01cbf1280ddda19d843009b6ef8ce85
11-05 15:32:15.425 D/AllwinnerAlibs( 360): date : Tue Jan 8 16:25:27 2019 +0800
11-05 15:32:15.425 D/AllwinnerAlibs( 360): ----------------------------------------------------------------------
11-05 15:32:15.426 D/AllwinnerAlibs( 360): ver : 2017-8-4-18-00 ----Loading so success!
11-05 15:32:15.426 D/AllwinnerAlibs( 360): ver : 2017-8-4-18-00 *************pAudioStreamInfo start******************
11-05 15:32:15.426 D/AllwinnerAlibs( 360): ver : 2017-8-4-18-00 eCodecFormat :id(6), name(dts audio)
11-05 15:32:15.426 D/AllwinnerAlibs( 360): ver : 2017-8-4-18-00 eSubCodecFormat :0
11-05 15:32:15.426 D/AllwinnerAlibs( 360): ver : 2017-8-4-18-00 nChannelNum :8
11-05 15:32:15.426 D/AllwinnerAlibs( 360): ver : 2017-8-4-18-00 nBitsPerSample :16
11-05 15:32:15.426 D/AllwinnerAlibs( 360): ver : 2017-8-4-18-00 nSampleRate :48000
11-05 15:32:15.426 D/AllwinnerAlibs( 360): ver : 2017-8-4-18-00 nAvgBitrate :0
11-05 15:32:15.426 D/AllwinnerAlibs( 360): ver : 2017-8-4-18-00 nMaxBitRate :0
11-05 15:32:15.426 D/AllwinnerAlibs( 360): ver : 2017-8-4-18-00 nFileSize :0
11-05 15:32:15.426 D/AllwinnerAlibs( 360): ver : 2017-8-4-18-00 eAudioBitstreamSource:0
11-05 15:32:15.426 D/AllwinnerAlibs( 360): ver : 2017-8-4-18-00 eDataEncodeType :1
11-05 15:32:15.426 D/AllwinnerAlibs( 360): ver : 2017-8-4-18-00 nCodecSpecificDataLen:0
11-05 15:32:15.426 D/AllwinnerAlibs( 360): ver : 2017-8-4-18-00 pCodecSpecificData :0x0
11-05 15:32:15.426 D/AllwinnerAlibs( 360): ver : 2017-8-4-18-00 nFlags :0
11-05 15:32:15.426 D/AllwinnerAlibs( 360): ver : 2017-8-4-18-00 nBlockAlign :0
11-05 15:32:15.426 D/AllwinnerAlibs( 360): ver : 2017-8-4-18-00 *************pAudioStreamInfo end ******************
11-05 15:32:15.427 D/Allwinner Audio Middle Layer( 360): ver : 2017-8-4-18-00 AUDIO DECODE INIT OK...0
11-05 15:32:15.429 I/awplayer( 360): : audio render process start message.
11-05 15:32:15.429 W/awplayer( 360): : message 0x40a not handled.
11-05 15:32:15.429 I/awplayer( 360): : audio render process pause message.
11-05 15:32:15.429 W/awplayer( 360): <__SdPause:622>: Invalid pause operation, sound device not in start status.
11-05 15:32:15.430 D/AllwinnerAlibs( 360): ver : 2017-8-4-18-00 ad_cedar seek sync ......nSeekTime:139012000
11-05 15:32:15.430 I/awplayer( 360): : audio render process reset message.
11-05 15:32:15.447 I/awplayer( 360): : audio render process start message.
11-05 15:32:15.448 I/cling--ap-101( 3481): type=1400 audit(0.0:2319): avc: denied { read } for name="address" dev="sysfs" ino=27658 scontext=u:r:platform_app:s0:c512,c768 tcontext=u:object_r:sysfs:s0 tclass=file permissive=1 app=com.dangbei.screencast
11-05 15:32:15.448 I/cling--ap-101( 3481): type=1400 audit(0.0:2320): avc: denied { open } for path="/sys/devices/platform/unisoc_wifi/net/wlan1/address" dev="sysfs" ino=27658 scontext=u:r:platform_app:s0:c512,c768 tcontext=u:object_r:sysfs:s0 tclass=file permissive=1 app=com.dangbei.screencast
11-05 15:32:15.448 I/cling--ap-101( 3481): type=1400 audit(0.0:2321): avc: denied { getattr } for path="/sys/devices/platform/unisoc_wifi/net/wlan1/address" dev="sysfs" ino=27658 scontext=u:r:platform_app:s0:c512,c768 tcontext=u:object_r:sysfs:s0 tclass=file permissive=1 app=com.dangbei.screencast
11-05 15:32:15.455 D/AudioFlinger( 266): Client defaulted notificationFrames to 2610 for frameCount 5220
11-05 15:32:15.458 D/AF::TrackHandle( 266): OpPlayAudio: track:105 usage:1 not muted
11-05 15:32:15.469 I/awplayer( 360): : isPlaying
11-05 15:32:15.472 I/EffectsFactory( 247): EffectCreate() create_effect
11-05 15:32:15.477 E/EffectHalHidl( 266): Buffer provider callbacks are not supported
11-05 15:32:15.486 I/DefaultIMS( 2402): onStartInput attribute=android.view.inputmethod.EditorInfo@b7ab7dc restarting=false inputType: 0
11-05 15:32:15.496 I/awplayer( 360): : isPlaying
11-05 15:32:15.507 W/awplayer( 360): : submit +++video+++ stream data , pts is 145979.000 ms
11-05 15:32:15.508 W/awplayer( 360): : submit ---audio--- stream data , pts is 145984.000 ms
11-05 15:32:15.517 W/awplayer( 360): <__SdStart:284>: Sound device already started.
11-05 15:32:15.528 I/cedarc ( 360): : Video Stream Information:
11-05 15:32:15.528 I/cedarc ( 360): : codec = H264
11-05 15:32:15.528 I/cedarc ( 360): : width = 1920 pixels
11-05 15:32:15.528 I/cedarc ( 360): : height = 1080 pixels
11-05 15:32:15.528 I/cedarc ( 360): : frame rate = 23976
11-05 15:32:15.529 I/cedarc ( 360): : frame duration = 0 us
11-05 15:32:15.529 I/cedarc ( 360): : aspect ratio = 0
11-05 15:32:15.529 I/cedarc ( 360): : is 3D stream = no
11-05 15:32:15.529 I/cedarc ( 360): : Video Stream Information:
11-05 15:32:15.529 I/cedarc ( 360): : codec = H264
11-05 15:32:15.529 I/cedarc ( 360): : width = 1920 pixels
11-05 15:32:15.529 I/cedarc ( 360): : height = 1080 pixels
11-05 15:32:15.529 I/cedarc ( 360): : frame rate = 23976
11-05 15:32:15.529 I/cedarc ( 360): : frame duration = 0 us
11-05 15:32:15.529 I/cedarc ( 360): : aspect ratio = 0
11-05 15:32:15.529 I/cedarc ( 360): : is 3D stream = no
11-05 15:32:15.531 I/gralloc ( 255): alloc buffer:W:1920 H:1088 S:1920 PL[1920 1088] SZ:3133504 fmt:842094169 if:0 af:842094169 usg:410960 fg:00000004
11-05 15:32:15.534 W/[Gralloc-Warning]( 360): mali_gralloc_lock:288 Buffers with YUV compatible formats should be locked using GRALLOC1_FUNCTION_LOCK_FLEX. Requested format is:0x32315659
11-05 15:32:15.536 I/gralloc ( 255): alloc buffer:W:1920 H:1088 S:1920 PL[1920 1088] SZ:3133504 fmt:842094169 if:0 af:842094169 usg:410960 fg:00000004
11-05 15:32:15.537 W/[Gralloc-Warning]( 360): mali_gralloc_lock:288 Buffers with YUV compatible formats should be locked using GRALLOC1_FUNCTION_LOCK_FLEX. Requested format is:0x32315659
11-05 15:32:15.538 I/gralloc ( 255): alloc buffer:W:1920 H:1088 S:1920 PL[1920 1088] SZ:3133504 fmt:842094169 if:0 af:842094169 usg:410960 fg:00000004
11-05 15:32:15.540 W/[Gralloc-Warning]( 360): mali_gralloc_lock:288 Buffers with YUV compatible formats should be locked using GRALLOC1_FUNCTION_LOCK_FLEX. Requested format is:0x32315659
11-05 15:32:15.541 I/gralloc ( 255): alloc buffer:W:1920 H:1088 S:1920 PL[1920 1088] SZ:3133504 fmt:842094169 if:0 af:842094169 usg:410960 fg:00000004
11-05 15:32:15.544 W/[Gralloc-Warning]( 360): mali_gralloc_lock:288 Buffers with YUV compatible formats should be locked using GRALLOC1_FUNCTION_LOCK_FLEX. Requested format is:0x32315659
11-05 15:32:15.545 I/gralloc ( 255): alloc buffer:W:1920 H:1088 S:1920 PL[1920 1088] SZ:3133504 fmt:842094169 if:0 af:842094169 usg:410960 fg:00000004
11-05 15:32:15.546 W/[Gralloc-Warning]( 360): mali_gralloc_lock:288 Buffers with YUV compatible formats should be locked using GRALLOC1_FUNCTION_LOCK_FLEX. Requested format is:0x32315659
11-05 15:32:15.548 I/gralloc ( 255): alloc buffer:W:1920 H:1088 S:1920 PL[1920 1088] SZ:3133504 fmt:842094169 if:0 af:842094169 usg:410960 fg:00000004
11-05 15:32:15.549 W/[Gralloc-Warning]( 360): mali_gralloc_lock:288 Buffers with YUV compatible formats should be locked using GRALLOC1_FUNCTION_LOCK_FLEX. Requested format is:0x32315659
11-05 15:32:15.557 I/gralloc ( 255): alloc buffer:W:1920 H:1088 S:1920 PL[1920 1088] SZ:3133504 fmt:842094169 if:0 af:842094169 usg:410960 fg:00000004
11-05 15:32:15.558 I/cedarc ( 360): : Video Stream Information:
11-05 15:32:15.558 I/cedarc ( 360): : codec = H264
11-05 15:32:15.558 I/cedarc ( 360): : width = 1920 pixels
11-05 15:32:15.558 I/cedarc ( 360): : height = 1080 pixels
11-05 15:32:15.558 I/cedarc ( 360): : frame rate = 23976
11-05 15:32:15.558 I/cedarc ( 360): : frame duration = 0 us
11-05 15:32:15.558 I/cedarc ( 360): : aspect ratio = 0
11-05 15:32:15.558 I/cedarc ( 360): : is 3D stream = no
11-05 15:32:15.563 W/[Gralloc-Warning]( 360): mali_gralloc_lock:288 Buffers with YUV compatible formats should be locked using GRALLOC1_FUNCTION_LOCK_FLEX. Requested format is:0x32315659
11-05 15:32:15.570 I/gralloc ( 255): alloc buffer:W:1920 H:1088 S:1920 PL[1920 1088] SZ:3133504 fmt:842094169 if:0 af:842094169 usg:410960 fg:00000004
11-05 15:32:15.574 W/[Gralloc-Warning]( 360): mali_gralloc_lock:288 Buffers with YUV compatible formats should be locked using GRALLOC1_FUNCTION_LOCK_FLEX. Requested format is:0x32315659
11-05 15:32:15.581 I/gralloc ( 255): alloc buffer:W:1920 H:1088 S:1920 PL[1920 1088] SZ:3133504 fmt:842094169 if:0 af:842094169 usg:410960 fg:00000004
11-05 15:32:15.584 W/[Gralloc-Warning]( 360): mali_gralloc_lock:288 Buffers with YUV compatible formats should be locked using GRALLOC1_FUNCTION_LOCK_FLEX. Requested format is:0x32315659
11-05 15:32:15.586 I/gralloc ( 255): alloc buffer:W:1920 H:1088 S:1920 PL[1920 1088] SZ:3133504 fmt:842094169 if:0 af:842094169 usg:410960 fg:00000004
11-05 15:32:15.589 W/[Gralloc-Warning]( 360): mali_gralloc_lock:288 Buffers with YUV compatible formats should be locked using GRALLOC1_FUNCTION_LOCK_FLEX. Requested format is:0x32315659
11-05 15:32:15.593 I/gralloc ( 255): alloc buffer:W:1920 H:1088 S:1920 PL[1920 1088] SZ:3133504 fmt:842094169 if:0 af:842094169 usg:410960 fg:00000004
11-05 15:32:15.597 W/[Gralloc-Warning]( 360): mali_gralloc_lock:288 Buffers with YUV compatible formats should be locked using GRALLOC1_FUNCTION_LOCK_FLEX. Requested format is:0x32315659
11-05 15:32:15.599 I/gralloc ( 255): alloc buffer:W:1920 H:1088 S:1920 PL[1920 1088] SZ:3133504 fmt:842094169 if:0 af:842094169 usg:410960 fg:00000004
11-05 15:32:15.604 W/[Gralloc-Warning]( 360): mali_gralloc_lock:288 Buffers with YUV compatible formats should be locked using GRALLOC1_FUNCTION_LOCK_FLEX. Requested format is:0x32315659
11-05 15:32:15.608 I/gralloc ( 255): alloc buffer:W:1920 H:1088 S:1920 PL[1920 1088] SZ:3133504 fmt:842094169 if:0 af:842094169 usg:410960 fg:00000004
11-05 15:32:15.612 W/[Gralloc-Warning]( 360): mali_gralloc_lock:288 Buffers with YUV compatible formats should be locked using GRALLOC1_FUNCTION_LOCK_FLEX. Requested format is:0x32315659
11-05 15:32:15.616 I/gralloc ( 255): alloc buffer:W:1920 H:1088 S:1920 PL[1920 1088] SZ:3133504 fmt:842094169 if:0 af:842094169 usg:410960 fg:00000004
11-05 15:32:15.619 W/[Gralloc-Warning]( 360): mali_gralloc_lock:288 Buffers with YUV compatible formats should be locked using GRALLOC1_FUNCTION_LOCK_FLEX. Requested format is:0x32315659
11-05 15:32:15.622 I/awplayer( 360): : xxxxxxxxxx video size : width = 1920, height = 1080
11-05 15:32:15.624 W/MediaPlayerNative( 5742): info/warning (3, 0)
11-05 15:32:15.625 I/awplayer( 360): : isPlaying
11-05 15:32:15.660 W/awplayer( 360): : message 0x40a not handled.
11-05 15:32:15.664 W/awplayer( 360): : sample rate change from 48000 to 192000.
11-05 15:32:15.665 W/awplayer( 360): : channel num change from 8 to 8.
11-05 15:32:15.665 W/awplayer( 360): : bitPerSample num change from 16 to 16.
11-05 15:32:15.665 W/awplayer( 360): : if need direct out put flag change from 0 to 1.
11-05 15:32:15.665 W/awplayer( 360): : data type change from 1 to 11.
11-05 15:32:15.669 W/awplayer( 360): : start sound devide again because samplaRate or channelNum change
11-05 15:32:15.680 W/ServiceUtilities( 266): doIsAllowed: Playback capture for uid 1013 is denied as no package name could be retrieved from the package manager.
11-05 15:32:15.682 I/AudioFlinger( 266): openOutput() this 0xee3b1000, module 10 Device type:0x2,@:, SamplingRate 192000, Format 0xc000000, Channels 0x63f, flags 0x1
11-05 15:32:15.686 D/audio_hw_primary( 247): adev_open_output_stream
11-05 15:32:15.686 V/audio_hw_primary( 247): adev_open_output_stream, flags: 1
11-05 15:32:15.686 D/audio_hw_primary( 247): config format 0xc000000 raw_flag 11
11-05 15:32:15.686 V/audio_hw_primary( 247): +++++++++++++++ adev_open_output_stream: req_sample_rate: 192000, fmt: c000000, channel_count: 1599
11-05 15:32:15.690 I/AudioFlinger( 266): HAL output buffer size 2048 frames, normal sink buffer size 2048 frames
11-05 15:32:15.697 D/AudioFlinger( 266): Failed to add event callback
11-05 15:32:15.710 I/AudioFlinger( 266): AudioFlinger's thread 0xee00fb40 tid=9439 ready to run
11-05 15:32:15.713 D/AudioFlinger( 266): ro.audio.silent is ignored since no output device is set
11-05 15:32:15.715 D/audio_hw_primary( 247): out_standby
11-05 15:32:15.722 D/AudioFlinger( 266): ro.audio.silent is ignored since no output device is set
11-05 15:32:15.734 I/gbei.screencas( 3481): Background concurrent copying GC freed 70184(5645KB) AllocSpace objects, 11(244KB) LOS objects, 49% free, 6230KB/12MB, paused 606us total 295.132ms
11-05 15:32:15.742 D/AudioFlinger( 266): Client defaulted notificationFrames to 2050 for frameCount 4100
11-05 15:32:15.749 D/AF::TrackHandle( 266): OpPlayAudio: not muting track:106 usage:1 for service UID 1013
11-05 15:32:15.777 D/AudioFlinger( 266): ro.audio.silent is ignored since no output device is set
11-05 15:32:15.781 V/audio_hw_primary( 247): adev_create_audio_patch num_sources: 1, num_sinks: 1
11-05 15:32:15.781 V/audio_hw_primary( 247): playback device: 2
11-05 15:32:15.791 W/awplayer( 360): : reset the timer to 145.994, time difference is -0.160
11-05 15:32:15.809 D/audio_hw_primary( 247): start_output_stream out->format : 0x0c000000
11-05 15:32:15.809 E/audio_hw_primary( 247): adev->active_output(0xeac94000) format : 0 standby
11-05 15:32:15.829 V/audio_hw_primary( 247): start_output_stream, line: 1503
11-05 15:32:15.830 V/audio_hw_primary( 247): use AUDIO_HDMI to playback audio
11-05 15:32:15.830 D/audio_hw_primary( 247): card[HDMI_RAW] use hdmi pcm config, spr : 192000
11-05 15:32:15.830 D/audio_hw_primary( 247): open card=3, port=0
11-05 15:32:15.830 D/audio_hw_primary( 247): config:8 192000 2048 2 0 0 11 0
11-05 15:32:15.830 D/audio_hw_primary( 247): set_raw_flag(card=3, raw_flag=11)
11-05 15:32:15.830 D/audio_hw_primary( 247): set_raw_flag control_name = audio data format control_value DTS_HD)
11-05 15:32:15.830 D/audio_hw_primary( 247): ahub use hdmi pcm config, hdmicard : 3, spr : 192000
11-05 15:32:15.837 I/ ( 9440): HDMI Audio Enable Successfully
11-05 15:32:15.843 V/audio_hw_primary( 247): do not use out resampler
11-05 15:32:16.143 W/IorapForwardingService( 484): No service published for: iorapd
11-05 15:32:16.290 E/TaskPersister( 484): File error accessing recents directory (directory doesn't exist?).
11-05 15:32:16.736 E/WifiHAL ( 664): wifi_get_link_stats: requestResponse Error:-5
11-05 15:32:16.739 E/WifiVendorHal( 484): getWifiLinkLayerStats_1_5_Internal(l.1191) failed {.code = ERROR_INVALID_ARGS, .description = }
11-05 15:32:17.146 W/IorapForwardingService( 484): No service published for: iorapd
11-05 15:32:18.149 W/IorapForwardingService( 484): No service published for: iorapd
11-05 15:32:18.275 D/hdmi-cec( 260): receive invalid cec message!
11-05 15:32:18.275 D/hdmi-cec( 260): receive poll message [04], skip!
11-05 15:32:18.751 I/cedarc ( 360): : stream buffer 0 ring back.
11-05 15:32:19.152 W/IorapForwardingService( 484): No service published for: iorapd
11-05 15:32:19.652 I/Thread-2( 9443): type=1400 audit(0.0:2322): avc: denied { execute } for name="am" dev="dm-1" ino=1164 scontext=u:r:system_app:s0 tcontext=u:object_r:vendor_file:s0 tclass=file permissive=1
11-05 15:32:19.652 I/Thread-2( 9443): type=1400 audit(0.0:2323): avc: denied { read open } for path="/vendor/xbin/am" dev="dm-1" ino=1164 scontext=u:r:system_app:s0 tcontext=u:object_r:vendor_file:s0 tclass=file permissive=1
11-05 15:32:19.652 I/Thread-2( 9443): type=1400 audit(0.0:2324): avc: denied { execute_no_trans } for path="/vendor/xbin/am" dev="dm-1" ino=1164 scontext=u:r:system_app:s0 tcontext=u:object_r:vendor_file:s0 tclass=file permissive=1
11-05 15:32:19.724 D/aaa ( 1143): LedStatusService onStartCommand begin
11-05 15:32:19.727 D/aaa ( 1143): topPkg is -------------- :com.dangbei.lerad.videoposter
11-05 15:32:19.739 D/bbb ( 1208): onStartCommand begin !!!!!!! data分区剩余 24877MB
11-05 15:32:19.755 E/WifiHAL ( 664): wifi_get_link_stats: requestResponse Error:-5
11-05 15:32:19.757 E/WifiVendorHal( 484): getWifiLinkLayerStats_1_5_Internal(l.1191) failed {.code = ERROR_INVALID_ARGS, .description = }
11-05 15:32:20.155 W/IorapForwardingService( 484): No service published for: iorapd
11-05 15:32:21.158 W/IorapForwardingService( 484): No service published for: iorapd
11-05 15:32:21.171 W/awplayer( 360): : submit ---audio--- stream data , pts is 155007.666 ms
11-05 15:32:21.172 W/awplayer( 360): : submit +++video+++ stream data , pts is 155114.000 ms
11-05 15:32:22.160 W/IorapForwardingService( 484): No service published for: iorapd
11-05 15:32:22.767 E/WifiHAL ( 664): wifi_get_link_stats: requestResponse Error:-5
11-05 15:32:22.770 E/WifiVendorHal( 484): getWifiLinkLayerStats_1_5_Internal(l.1191) failed {.code = ERROR_INVALID_ARGS, .description = }
11-05 15:32:23.154 W/WindowManager( 484): removeWindowToken: Attempted to remove non-existing token: android.os.Binder@8ea837
11-05 15:32:23.162 W/IorapForwardingService( 484): No service published for: iorapd
11-05 15:32:24.165 W/IorapForwardingService( 484): No service published for: iorapd
11-05 15:32:24.510 D/UtilLog ( 2450): 日志批量上报 进行正常循环 !!!!!!本次有0次请求,共0条数据
11-05 15:32:25.166 W/IorapForwardingService( 484): No service published for: iorapd
11-05 15:32:25.289 I/BLEAudioDrive_HV410( 247): select timeout!
11-05 15:32:25.288 I/HwBinder:247_2( 247): type=1400 audit(0.0:2325): avc: denied { write } for name="HBG" dev="mmcblk0p25" ino=217 scontext=u:r:hal_audio_default:s0 tcontext=u:object_r:vendor_data_file:s0 tclass=dir permissive=1
11-05 15:32:25.288 I/HwBinder:247_2( 247): type=1400 audit(0.0:2326): avc: denied { remove_name } for name="ble" dev="mmcblk0p25" ino=10909 scontext=u:r:hal_audio_default:s0 tcontext=u:object_r:vendor_data_file:s0 tclass=dir permissive=1
11-05 15:32:25.288 I/HwBinder:247_2( 247): type=1400 audit(0.0:2327): avc: denied { unlink } for name="ble" dev="mmcblk0p25" ino=10909 scontext=u:r:hal_audio_default:s0 tcontext=u:object_r:vendor_data_file:s0 tclass=file permissive=1
11-05 15:32:25.293 D/audio_so_hv_309( 247): HBG remote is powerdown!
11-05 15:32:25.783 E/WifiHAL ( 664): wifi_get_link_stats: requestResponse Error:-5
11-05 15:32:25.784 E/WifiVendorHal( 484): getWifiLinkLayerStats_1_5_Internal(l.1191) failed {.code = ERROR_INVALID_ARGS, .description = }
11-05 15:32:25.843 I/cedarc ( 360): : stream buffer 0 ring back.
11-05 15:32:26.170 W/IorapForwardingService( 484): No service published for: iorapd
11-05 15:32:27.173 W/IorapForwardingService( 484): No service published for: iorapd
11-05 15:32:27.770 D/bbb ( 1208): onStartCommand begin !!!!!!! data分区剩余 24877MB
11-05 15:32:27.781 D/aaa ( 1143): LedStatusService onStartCommand begin
11-05 15:32:27.788 D/aaa ( 1143): topPkg is -------------- :com.dangbei.lerad.videoposter
11-05 15:32:28.176 W/IorapForwardingService( 484): No service published for: iorapd
11-05 15:32:28.799 E/WifiHAL ( 664): wifi_get_link_stats: requestResponse Error:-5
11-05 15:32:28.805 E/WifiVendorHal( 484): getWifiLinkLayerStats_1_5_Internal(l.1191) failed {.code = ERROR_INVALID_ARGS, .description = }
11-05 15:32:29.179 W/IorapForwardingService( 484): No service published for: iorapd
11-05 15:32:30.181 W/IorapForwardingService( 484): No service published for: iorapd
11-05 15:32:30.308 W/awplayer( 360): : submit ---audio--- stream data , pts is 165003.000 ms
11-05 15:32:30.511 W/awplayer( 360): : submit +++video+++ stream data , pts is 165124.000 ms
11-05 15:32:30.577 W/ServiceDescriptorBinder( 3481): UPnP specification violation: Not producing element to be compatible with WMP12: (ActionArgument, OUT) Actions
11-05 15:32:30.731 W/ServiceDescriptorBinder( 3481): UPnP specification violation: Not producing element to be compatible with WMP12: (ActionArgument, OUT) CurrentVolume
11-05 15:32:30.731 W/ServiceDescriptorBinder( 3481): UPnP specification violation: Not producing element to be compatible with WMP12: (ActionArgument, OUT) CurrentMute
11-05 15:32:30.733 W/ServiceDescriptorBinder( 3481): UPnP specification violation: Not producing element to be compatible with WMP12: (ActionArgument, OUT) CurrentPresetNameList
11-05 15:32:30.733 W/ServiceDescriptorBinder( 3481): UPnP specification violation: Not producing element to be compatible with WMP12: (ActionArgument, OUT) CurrentLoudness
