11-05 15:31:57.625 E/ac3_decInternal( 360): 2025-06-20-11-37 EAC3frame_PassThrough end OutBuffLen 24576
11-05 15:31:57.625 E/ac3_decInternal( 360): 2025-06-20-11-37 EAC3frame_PassThrough begin
11-05 15:31:57.625 E/AllwinnerAlibs( 360): 2025-06-20-11-37 MafiaAc3spdif_write_header
11-05 15:31:57.625 E/AllwinnerAlibs( 360): 2025-06-20-11-37 MafiaAc3spdif_write_packet
11-05 15:31:57.625 E/AllwinnerAlibs( 360): 2025-06-20-11-37 spdif_header_eac3
11-05 15:31:57.625 E/AllwinnerAlibs( 360): 2025-06-20-11-37 MafiaAc3spdif_write_packet 352
11-05 15:31:57.625 E/ac3_decInternal( 360): 2025-06-20-11-37 EAC3frame_PassThrough end OutBuffLen 0
11-05 15:31:57.625 E/ac3_decInternal( 360): 2025-06-20-11-37 EAC3frame_PassThrough begin
11-05 15:31:57.625 E/AllwinnerAlibs( 360): 2025-06-20-11-37 MafiaAc3spdif_write_header
11-05 15:31:57.625 E/AllwinnerAlibs( 360): 2025-06-20-11-37 MafiaAc3spdif_write_packet
11-05 15:31:57.625 E/AllwinnerAlibs( 360): 2025-06-20-11-37 spdif_header_eac3
11-05 15:31:57.625 E/AllwinnerAlibs( 360): 2025-06-20-11-37 bill set SYNCWORD MafiaAc3spdif_write_packet 365
11-05 15:31:57.625 E/AllwinnerAlibs( 360): 2025-06-20-11-37 MafiaAc3spdif_write_packet 393 re = 24576
11-05 15:31:57.625 E/ac3_decInternal( 360): 2025-06-20-11-37 EAC3frame_PassThrough end OutBuffLen 24576
11-05 15:31:57.667 E/ac3_decInternal( 360): 2025-06-20-11-37 EAC3frame_PassThrough begin
11-05 15:31:57.667 E/AllwinnerAlibs( 360): 2025-06-20-11-37 MafiaAc3spdif_write_header
11-05 15:31:57.667 E/AllwinnerAlibs( 360): 2025-06-20-11-37 MafiaAc3spdif_write_packet
11-05 15:31:57.667 E/AllwinnerAlibs( 360): 2025-06-20-11-37 spdif_header_eac3
11-05 15:31:57.667 E/AllwinnerAlibs( 360): 2025-06-20-11-37 MafiaAc3spdif_write_packet 352
11-05 15:31:57.667 E/ac3_decInternal( 360): 2025-06-20-11-37 EAC3frame_PassThrough end OutBuffLen 0
11-05 15:31:57.667 E/ac3_decInternal( 360): 2025-06-20-11-37 EAC3frame_PassThrough begin
11-05 15:31:57.667 E/AllwinnerAlibs( 360): 2025-06-20-11-37 MafiaAc3spdif_write_header
11-05 15:31:57.667 E/AllwinnerAlibs( 360): 2025-06-20-11-37 MafiaAc3spdif_write_packet
11-05 15:31:57.668 E/AllwinnerAlibs( 360): 2025-06-20-11-37 spdif_header_eac3
11-05 15:31:57.669 E/AllwinnerAlibs( 360): 2025-06-20-11-37 bill set SYNCWORD MafiaAc3spdif_write_packet 365
11-05 15:31:57.669 E/AllwinnerAlibs( 360): 2025-06-20-11-37 MafiaAc3spdif_write_packet 393 re = 24576
11-05 15:31:57.669 E/ac3_decInternal( 360): 2025-06-20-11-37 EAC3frame_PassThrough end OutBuffLen 24576
11-05 15:31:57.689 E/ac3_decInternal( 360): 2025-06-20-11-37 EAC3frame_PassThrough begin
11-05 15:31:57.690 E/AllwinnerAlibs( 360): 2025-06-20-11-37 MafiaAc3spdif_write_header
11-05 15:31:57.690 E/AllwinnerAlibs( 360): 2025-06-20-11-37 MafiaAc3spdif_write_packet
11-05 15:31:57.690 E/AllwinnerAlibs( 360): 2025-06-20-11-37 spdif_header_eac3
11-05 15:31:57.690 E/AllwinnerAlibs( 360): 2025-06-20-11-37 MafiaAc3spdif_write_packet 352
11-05 15:31:57.690 E/ac3_decInternal( 360): 2025-06-20-11-37 EAC3frame_PassThrough end OutBuffLen 0
11-05 15:31:57.690 E/ac3_decInternal( 360): 2025-06-20-11-37 EAC3frame_PassThrough begin
11-05 15:31:57.690 E/AllwinnerAlibs( 360): 2025-06-20-11-37 MafiaAc3spdif_write_header
11-05 15:31:57.690 E/AllwinnerAlibs( 360): 2025-06-20-11-37 MafiaAc3spdif_write_packet
11-05 15:31:57.690 E/AllwinnerAlibs( 360): 2025-06-20-11-37 spdif_header_eac3
11-05 15:31:57.690 E/AllwinnerAlibs( 360): 2025-06-20-11-37 bill set SYNCWORD MafiaAc3spdif_write_packet 365
11-05 15:31:57.690 E/AllwinnerAlibs( 360): 2025-06-20-11-37 MafiaAc3spdif_write_packet 393 re = 24576
11-05 15:31:57.690 E/ac3_decInternal( 360): 2025-06-20-11-37 EAC3frame_PassThrough end OutBuffLen 24576
11-05 15:31:57.731 E/ac3_decInternal( 360): 2025-06-20-11-37 EAC3frame_PassThrough begin
11-05 15:31:57.731 E/AllwinnerAlibs( 360): 2025-06-20-11-37 MafiaAc3spdif_write_header
11-05 15:31:57.731 E/AllwinnerAlibs( 360): 2025-06-20-11-37 MafiaAc3spdif_write_packet
11-05 15:31:57.731 E/AllwinnerAlibs( 360): 2025-06-20-11-37 spdif_header_eac3
11-05 15:31:57.731 E/AllwinnerAlibs( 360): 2025-06-20-11-37 MafiaAc3spdif_write_packet 352
11-05 15:31:57.731 E/ac3_decInternal( 360): 2025-06-20-11-37 EAC3frame_PassThrough end OutBuffLen 0
11-05 15:31:57.731 E/ac3_decInternal( 360): 2025-06-20-11-37 EAC3frame_PassThrough begin
11-05 15:31:57.731 E/AllwinnerAlibs( 360): 2025-06-20-11-37 MafiaAc3spdif_write_header
11-05 15:31:57.731 E/AllwinnerAlibs( 360): 2025-06-20-11-37 MafiaAc3spdif_write_packet
11-05 15:31:57.731 E/AllwinnerAlibs( 360): 2025-06-20-11-37 spdif_header_eac3
11-05 15:31:57.731 E/AllwinnerAlibs( 360): 2025-06-20-11-37 bill set SYNCWORD MafiaAc3spdif_write_packet 365
11-05 15:31:57.731 E/AllwinnerAlibs( 360): 2025-06-20-11-37 MafiaAc3spdif_write_packet 393 re = 24576
11-05 15:31:57.731 E/ac3_decInternal( 360): 2025-06-20-11-37 EAC3frame_PassThrough end OutBuffLen 24576
11-05 15:31:57.774 E/ac3_decInternal( 360): 2025-06-20-11-37 EAC3frame_PassThrough begin
11-05 15:31:57.774 E/AllwinnerAlibs( 360): 2025-06-20-11-37 MafiaAc3spdif_write_header
11-05 15:31:57.774 E/AllwinnerAlibs( 360): 2025-06-20-11-37 MafiaAc3spdif_write_packet
11-05 15:31:57.774 E/AllwinnerAlibs( 360): 2025-06-20-11-37 spdif_header_eac3
11-05 15:31:57.774 E/AllwinnerAlibs( 360): 2025-06-20-11-37 MafiaAc3spdif_write_packet 352
11-05 15:31:57.774 E/ac3_decInternal( 360): 2025-06-20-11-37 EAC3frame_PassThrough end OutBuffLen 0
11-05 15:31:57.774 E/ac3_decInternal( 360): 2025-06-20-11-37 EAC3frame_PassThrough begin
11-05 15:31:57.774 E/AllwinnerAlibs( 360): 2025-06-20-11-37 MafiaAc3spdif_write_header
11-05 15:31:57.774 E/AllwinnerAlibs( 360): 2025-06-20-11-37 MafiaAc3spdif_write_packet
11-05 15:31:57.774 E/AllwinnerAlibs( 360): 2025-06-20-11-37 spdif_header_eac3
11-05 15:31:57.774 E/AllwinnerAlibs( 360): 2025-06-20-11-37 bill set SYNCWORD MafiaAc3spdif_write_packet 365
11-05 15:31:57.774 E/AllwinnerAlibs( 360): 2025-06-20-11-37 MafiaAc3spdif_write_packet 393 re = 24576
11-05 15:31:57.774 E/ac3_decInternal( 360): 2025-06-20-11-37 EAC3frame_PassThrough end OutBuffLen 24576
11-05 15:31:57.774 E/ac3_decInternal( 360): 2025-06-20-11-37 EAC3frame_PassThrough begin
11-05 15:31:57.774 E/AllwinnerAlibs( 360): 2025-06-20-11-37 MafiaAc3spdif_write_header
11-05 15:31:57.774 E/AllwinnerAlibs( 360): 2025-06-20-11-37 MafiaAc3spdif_write_packet
11-05 15:31:57.774 E/AllwinnerAlibs( 360): 2025-06-20-11-37 spdif_header_eac3
11-05 15:31:57.775 E/AllwinnerAlibs( 360): 2025-06-20-11-37 MafiaAc3spdif_write_packet 352
11-05 15:31:57.775 E/ac3_decInternal( 360): 2025-06-20-11-37 EAC3frame_PassThrough end OutBuffLen 0
11-05 15:31:57.775 E/ac3_decInternal( 360): 2025-06-20-11-37 EAC3frame_PassThrough begin
11-05 15:31:57.775 E/AllwinnerAlibs( 360): 2025-06-20-11-37 MafiaAc3spdif_write_header
11-05 15:31:57.775 E/AllwinnerAlibs( 360): 2025-06-20-11-37 MafiaAc3spdif_write_packet
11-05 15:31:57.775 E/AllwinnerAlibs( 360): 2025-06-20-11-37 spdif_header_eac3
11-05 15:31:57.775 E/AllwinnerAlibs( 360): 2025-06-20-11-37 bill set SYNCWORD MafiaAc3spdif_write_packet 365
11-05 15:31:57.775 E/AllwinnerAlibs( 360): 2025-06-20-11-37 MafiaAc3spdif_write_packet 393 re = 24576
11-05 15:31:57.775 E/ac3_decInternal( 360): 2025-06-20-11-37 EAC3frame_PassThrough end OutBuffLen 24576
11-05 15:31:57.817 E/ac3_decInternal( 360): 2025-06-20-11-37 EAC3frame_PassThrough begin
11-05 15:31:57.817 E/AllwinnerAlibs( 360): 2025-06-20-11-37 MafiaAc3spdif_write_header
11-05 15:31:57.817 E/AllwinnerAlibs( 360): 2025-06-20-11-37 MafiaAc3spdif_write_packet
11-05 15:31:57.820 E/AllwinnerAlibs( 360): 2025-06-20-11-37 spdif_header_eac3
11-05 15:31:57.820 E/AllwinnerAlibs( 360): 2025-06-20-11-37 MafiaAc3spdif_write_packet 352
11-05 15:31:57.821 E/ac3_decInternal( 360): 2025-06-20-11-37 EAC3frame_PassThrough end OutBuffLen 0
11-05 15:31:57.821 E/ac3_decInternal( 360): 2025-06-20-11-37 EAC3frame_PassThrough begin
11-05 15:31:57.821 E/AllwinnerAlibs( 360): 2025-06-20-11-37 MafiaAc3spdif_write_header
11-05 15:31:57.821 E/AllwinnerAlibs( 360): 2025-06-20-11-37 MafiaAc3spdif_write_packet
11-05 15:31:57.821 E/AllwinnerAlibs( 360): 2025-06-20-11-37 spdif_header_eac3
11-05 15:31:57.821 E/AllwinnerAlibs( 360): 2025-06-20-11-37 bill set SYNCWORD MafiaAc3spdif_write_packet 365
11-05 15:31:57.821 E/AllwinnerAlibs( 360): 2025-06-20-11-37 MafiaAc3spdif_write_packet 393 re = 24576
11-05 15:31:57.821 E/ac3_decInternal( 360): 2025-06-20-11-37 EAC3frame_PassThrough end OutBuffLen 24576
11-05 15:31:57.859 E/ac3_decInternal( 360): 2025-06-20-11-37 EAC3frame_PassThrough begin
11-05 15:31:57.859 E/AllwinnerAlibs( 360): 2025-06-20-11-37 MafiaAc3spdif_write_header
11-05 15:31:57.859 E/AllwinnerAlibs( 360): 2025-06-20-11-37 MafiaAc3spdif_write_packet
11-05 15:31:57.859 E/AllwinnerAlibs( 360): 2025-06-20-11-37 spdif_header_eac3
11-05 15:31:57.859 E/AllwinnerAlibs( 360): 2025-06-20-11-37 MafiaAc3spdif_write_packet 352
11-05 15:31:57.859 E/ac3_decInternal( 360): 2025-06-20-11-37 EAC3frame_PassThrough end OutBuffLen 0
11-05 15:31:57.859 E/ac3_decInternal( 360): 2025-06-20-11-37 EAC3frame_PassThrough begin
11-05 15:31:57.859 E/AllwinnerAlibs( 360): 2025-06-20-11-37 MafiaAc3spdif_write_header
11-05 15:31:57.859 E/AllwinnerAlibs( 360): 2025-06-20-11-37 MafiaAc3spdif_write_packet
11-05 15:31:57.859 E/AllwinnerAlibs( 360): 2025-06-20-11-37 spdif_header_eac3
11-05 15:31:57.859 E/AllwinnerAlibs( 360): 2025-06-20-11-37 bill set SYNCWORD MafiaAc3spdif_write_packet 365
11-05 15:31:57.859 E/AllwinnerAlibs( 360): 2025-06-20-11-37 MafiaAc3spdif_write_packet 393 re = 24576
11-05 15:31:57.859 E/ac3_decInternal( 360): 2025-06-20-11-37 EAC3frame_PassThrough end OutBuffLen 24576
11-05 15:31:57.876 I/BLEAudioDrive_HV410( 247): data len: 9 1
11-05 15:31:57.877 D/TvWindowManager( 484): key event key = KEYCODE_BACK down = true
11-05 15:31:57.883 D/GpioService( 484): mFlickerEnable = true
11-05 15:31:57.906 E/ac3_decInternal( 360): 2025-06-20-11-37 EAC3frame_PassThrough begin
11-05 15:31:57.907 E/AllwinnerAlibs( 360): 2025-06-20-11-37 MafiaAc3spdif_write_header
11-05 15:31:57.907 E/AllwinnerAlibs( 360): 2025-06-20-11-37 MafiaAc3spdif_write_packet
11-05 15:31:57.907 E/AllwinnerAlibs( 360): 2025-06-20-11-37 spdif_header_eac3
11-05 15:31:57.907 E/AllwinnerAlibs( 360): 2025-06-20-11-37 MafiaAc3spdif_write_packet 352
11-05 15:31:57.907 E/ac3_decInternal( 360): 2025-06-20-11-37 EAC3frame_PassThrough end OutBuffLen 0
11-05 15:31:57.907 E/ac3_decInternal( 360): 2025-06-20-11-37 EAC3frame_PassThrough begin
11-05 15:31:57.907 E/AllwinnerAlibs( 360): 2025-06-20-11-37 MafiaAc3spdif_write_header
11-05 15:31:57.907 E/AllwinnerAlibs( 360): 2025-06-20-11-37 MafiaAc3spdif_write_packet
11-05 15:31:57.907 E/AllwinnerAlibs( 360): 2025-06-20-11-37 spdif_header_eac3
11-05 15:31:57.907 E/AllwinnerAlibs( 360): 2025-06-20-11-37 bill set SYNCWORD MafiaAc3spdif_write_packet 365
11-05 15:31:57.907 E/AllwinnerAlibs( 360): 2025-06-20-11-37 MafiaAc3spdif_write_packet 393 re = 24576
11-05 15:31:57.907 E/ac3_decInternal( 360): 2025-06-20-11-37 EAC3frame_PassThrough end OutBuffLen 24576
11-05 15:31:57.944 E/ac3_decInternal( 360): 2025-06-20-11-37 EAC3frame_PassThrough begin
11-05 15:31:57.944 E/AllwinnerAlibs( 360): 2025-06-20-11-37 MafiaAc3spdif_write_header
11-05 15:31:57.944 E/AllwinnerAlibs( 360): 2025-06-20-11-37 MafiaAc3spdif_write_packet
11-05 15:31:57.944 E/AllwinnerAlibs( 360): 2025-06-20-11-37 spdif_header_eac3
11-05 15:31:57.944 E/AllwinnerAlibs( 360): 2025-06-20-11-37 MafiaAc3spdif_write_packet 352
11-05 15:31:57.944 E/ac3_decInternal( 360): 2025-06-20-11-37 EAC3frame_PassThrough end OutBuffLen 0
11-05 15:31:57.944 E/ac3_decInternal( 360): 2025-06-20-11-37 EAC3frame_PassThrough begin
11-05 15:31:57.944 E/AllwinnerAlibs( 360): 2025-06-20-11-37 MafiaAc3spdif_write_header
11-05 15:31:57.944 E/AllwinnerAlibs( 360): 2025-06-20-11-37 MafiaAc3spdif_write_packet
11-05 15:31:57.944 E/AllwinnerAlibs( 360): 2025-06-20-11-37 spdif_header_eac3
11-05 15:31:57.944 E/AllwinnerAlibs( 360): 2025-06-20-11-37 bill set SYNCWORD MafiaAc3spdif_write_packet 365
11-05 15:31:57.945 E/AllwinnerAlibs( 360): 2025-06-20-11-37 MafiaAc3spdif_write_packet 393 re = 24576
11-05 15:31:57.945 E/ac3_decInternal( 360): 2025-06-20-11-37 EAC3frame_PassThrough end OutBuffLen 24576
11-05 15:31:57.945 E/ac3_decInternal( 360): 2025-06-20-11-37 EAC3frame_PassThrough begin
11-05 15:31:57.945 E/AllwinnerAlibs( 360): 2025-06-20-11-37 MafiaAc3spdif_write_header
11-05 15:31:57.945 E/AllwinnerAlibs( 360): 2025-06-20-11-37 MafiaAc3spdif_write_packet
11-05 15:31:57.945 E/AllwinnerAlibs( 360): 2025-06-20-11-37 spdif_header_eac3
11-05 15:31:57.945 E/AllwinnerAlibs( 360): 2025-06-20-11-37 MafiaAc3spdif_write_packet 352
11-05 15:31:57.945 E/ac3_decInternal( 360): 2025-06-20-11-37 EAC3frame_PassThrough end OutBuffLen 0
11-05 15:31:57.945 E/ac3_decInternal( 360): 2025-06-20-11-37 EAC3frame_PassThrough begin
11-05 15:31:57.945 E/AllwinnerAlibs( 360): 2025-06-20-11-37 MafiaAc3spdif_write_header
11-05 15:31:57.945 E/AllwinnerAlibs( 360): 2025-06-20-11-37 MafiaAc3spdif_write_packet
11-05 15:31:57.945 E/AllwinnerAlibs( 360): 2025-06-20-11-37 spdif_header_eac3
11-05 15:31:57.945 E/AllwinnerAlibs( 360): 2025-06-20-11-37 bill set SYNCWORD MafiaAc3spdif_write_packet 365
11-05 15:31:57.945 E/AllwinnerAlibs( 360): 2025-06-20-11-37 MafiaAc3spdif_write_packet 393 re = 24576
11-05 15:31:57.945 E/ac3_decInternal( 360): 2025-06-20-11-37 EAC3frame_PassThrough end OutBuffLen 24576
11-05 15:31:57.988 E/ac3_decInternal( 360): 2025-06-20-11-37 EAC3frame_PassThrough begin
11-05 15:31:57.988 E/AllwinnerAlibs( 360): 2025-06-20-11-37 MafiaAc3spdif_write_header
11-05 15:31:57.988 E/AllwinnerAlibs( 360): 2025-06-20-11-37 MafiaAc3spdif_write_packet
11-05 15:31:57.988 E/AllwinnerAlibs( 360): 2025-06-20-11-37 spdif_header_eac3
11-05 15:31:57.988 E/AllwinnerAlibs( 360): 2025-06-20-11-37 MafiaAc3spdif_write_packet 352
11-05 15:31:57.988 E/ac3_decInternal( 360): 2025-06-20-11-37 EAC3frame_PassThrough end OutBuffLen 0
11-05 15:31:57.988 E/ac3_decInternal( 360): 2025-06-20-11-37 EAC3frame_PassThrough begin
11-05 15:31:57.988 E/AllwinnerAlibs( 360): 2025-06-20-11-37 MafiaAc3spdif_write_header
11-05 15:31:57.988 E/AllwinnerAlibs( 360): 2025-06-20-11-37 MafiaAc3spdif_write_packet
11-05 15:31:57.988 E/AllwinnerAlibs( 360): 2025-06-20-11-37 spdif_header_eac3
11-05 15:31:57.988 E/AllwinnerAlibs( 360): 2025-06-20-11-37 bill set SYNCWORD MafiaAc3spdif_write_packet 365
11-05 15:31:57.988 E/AllwinnerAlibs( 360): 2025-06-20-11-37 MafiaAc3spdif_write_packet 393 re = 24576
11-05 15:31:57.988 E/ac3_decInternal( 360): 2025-06-20-11-37 EAC3frame_PassThrough end OutBuffLen 24576
11-05 15:31:57.988 E/ac3_decInternal( 360): 2025-06-20-11-37 EAC3frame_PassThrough begin
11-05 15:31:57.988 E/AllwinnerAlibs( 360): 2025-06-20-11-37 MafiaAc3spdif_write_header
11-05 15:31:57.988 E/AllwinnerAlibs( 360): 2025-06-20-11-37 MafiaAc3spdif_write_packet
11-05 15:31:57.988 E/AllwinnerAlibs( 360): 2025-06-20-11-37 spdif_header_eac3
11-05 15:31:57.988 E/AllwinnerAlibs( 360): 2025-06-20-11-37 MafiaAc3spdif_write_packet 352
11-05 15:31:57.988 E/ac3_decInternal( 360): 2025-06-20-11-37 EAC3frame_PassThrough end OutBuffLen 0
11-05 15:31:57.988 E/ac3_decInternal( 360): 2025-06-20-11-37 EAC3frame_PassThrough begin
11-05 15:31:57.989 E/AllwinnerAlibs( 360): 2025-06-20-11-37 MafiaAc3spdif_write_header
11-05 15:31:57.989 E/AllwinnerAlibs( 360): 2025-06-20-11-37 MafiaAc3spdif_write_packet
11-05 15:31:57.989 E/AllwinnerAlibs( 360): 2025-06-20-11-37 spdif_header_eac3
11-05 15:31:57.989 E/AllwinnerAlibs( 360): 2025-06-20-11-37 bill set SYNCWORD MafiaAc3spdif_write_packet 365
11-05 15:31:57.989 E/AllwinnerAlibs( 360): 2025-06-20-11-37 MafiaAc3spdif_write_packet 393 re = 24576
11-05 15:31:57.989 E/ac3_decInternal( 360): 2025-06-20-11-37 EAC3frame_PassThrough end OutBuffLen 24576
11-05 15:31:57.989 E/ac3_decInternal( 360): 2025-06-20-11-37 EAC3frame_PassThrough begin
11-05 15:31:57.989 E/AllwinnerAlibs( 360): 2025-06-20-11-37 MafiaAc3spdif_write_header
11-05 15:31:57.989 E/AllwinnerAlibs( 360): 2025-06-20-11-37 MafiaAc3spdif_write_packet
11-05 15:31:57.989 E/AllwinnerAlibs( 360): 2025-06-20-11-37 spdif_header_eac3
11-05 15:31:57.989 E/AllwinnerAlibs( 360): 2025-06-20-11-37 MafiaAc3spdif_write_packet 352
11-05 15:31:57.989 E/ac3_decInternal( 360): 2025-06-20-11-37 EAC3frame_PassThrough end OutBuffLen 0
11-05 15:31:57.989 E/ac3_decInternal( 360): 2025-06-20-11-37 EAC3frame_PassThrough begin
11-05 15:31:57.989 E/AllwinnerAlibs( 360): 2025-06-20-11-37 MafiaAc3spdif_write_header
11-05 15:31:57.989 E/AllwinnerAlibs( 360): 2025-06-20-11-37 MafiaAc3spdif_write_packet
11-05 15:31:57.989 E/AllwinnerAlibs( 360): 2025-06-20-11-37 spdif_header_eac3
11-05 15:31:57.989 E/AllwinnerAlibs( 360): 2025-06-20-11-37 bill set SYNCWORD MafiaAc3spdif_write_packet 365
11-05 15:31:57.989 E/AllwinnerAlibs( 360): 2025-06-20-11-37 MafiaAc3spdif_write_packet 393 re = 24576
11-05 15:31:57.989 E/ac3_decInternal( 360): 2025-06-20-11-37 EAC3frame_PassThrough end OutBuffLen 24576
11-05 15:31:57.989 E/ac3_decInternal( 360): 2025-06-20-11-37 EAC3frame_PassThrough begin
11-05 15:31:57.989 E/AllwinnerAlibs( 360): 2025-06-20-11-37 MafiaAc3spdif_write_header
11-05 15:31:57.989 E/AllwinnerAlibs( 360): 2025-06-20-11-37 MafiaAc3spdif_write_packet
11-05 15:31:57.989 E/AllwinnerAlibs( 360): 2025-06-20-11-37 spdif_header_eac3
11-05 15:31:57.989 E/AllwinnerAlibs( 360): 2025-06-20-11-37 MafiaAc3spdif_write_packet 352
11-05 15:31:57.989 E/ac3_decInternal( 360): 2025-06-20-11-37 EAC3frame_PassThrough end OutBuffLen 0
11-05 15:31:57.989 E/ac3_decInternal( 360): 2025-06-20-11-37 EAC3frame_PassThrough begin
11-05 15:31:57.989 E/AllwinnerAlibs( 360): 2025-06-20-11-37 MafiaAc3spdif_write_header
11-05 15:31:57.989 E/AllwinnerAlibs( 360): 2025-06-20-11-37 MafiaAc3spdif_write_packet
11-05 15:31:57.989 E/AllwinnerAlibs( 360): 2025-06-20-11-37 spdif_header_eac3
11-05 15:31:57.989 E/AllwinnerAlibs( 360): 2025-06-20-11-37 bill set SYNCWORD MafiaAc3spdif_write_packet 365
11-05 15:31:57.989 E/AllwinnerAlibs( 360): 2025-06-20-11-37 MafiaAc3spdif_write_packet 393 re = 24576
11-05 15:31:57.989 E/ac3_decInternal( 360): 2025-06-20-11-37 EAC3frame_PassThrough end OutBuffLen 24576
11-05 15:31:58.030 D/GpioService( 484): mFlickerEnable = true
11-05 15:31:58.032 I/SogouIME( 2402): onKeyDown: keyoCode=4
11-05 15:31:58.032 I/DefaultIMS( 2402): onKeyDown: keyoCode=4
11-05 15:31:58.045 I/BLEAudioDrive_HV410( 247): data len: 9 1
11-05 15:31:58.045 I/BLEAudioDrive_HV410( 247): keyboard stop
11-05 15:31:58.046 D/TvWindowManager( 484): key event key = KEYCODE_BACK down = false
11-05 15:31:58.048 D/AutofillManagerService( 484): onBackKeyPressed()
11-05 15:31:58.056 I/awplayer( 360): : audio render process stop message.
11-05 15:31:58.074 D/Ac3 Decoder( 360): 2025-06-20-11-37 exit successs...
11-05 15:31:58.074 D/AllwinnerAlibs( 360): ver : 2017-8-4-18-00 ----dlclose so success!
11-05 15:31:58.091 D/audio_hw_primary( 247): out_standby
11-05 15:31:58.092 D/audio_hw_primary( 247): start_output_stream out->format : 0x00000000
11-05 15:31:58.092 V/audio_hw_primary( 247): start_output_stream, line: 1503
11-05 15:31:58.092 V/audio_hw_primary( 247): use AUDIO_HDMI to playback audio
11-05 15:31:58.092 D/audio_hw_primary( 247): open card=3, port=0
11-05 15:31:58.092 D/audio_hw_primary( 247): config:2 44100 960 2 0 5760 1 0
11-05 15:31:58.092 D/audio_hw_primary( 247): set_raw_flag(card=3, raw_flag=1)
11-05 15:31:58.093 D/audio_hw_primary( 247): set_raw_flag control_name = audio data format control_value PCM)
11-05 15:31:58.094 V/audio_hw_primary( 247): do not use out resampler
11-05 15:31:58.100 I/ ( 2280): HDMI Audio Enable Successfully
11-05 15:31:58.099 W/IorapForwardingService( 484): No service published for: iorapd
11-05 15:31:58.101 E/BufferQueueProducer( 5742): [SurfaceView[com.dangbei.lerad.videoposter/com.dangbei.leradplayer.activity.PlayerActivity]#87(BLAST Consumer)87](id:166e00000057,api:3,p:360,c:5742) connect: already connected (cur=3 req=3)
11-05 15:31:58.104 W/awplayer( 360): : Sound device already stopped.
11-05 15:31:58.115 D/AudioFlinger( 266): mixer(0xee0bfe00) throttle end: throttle time(10)
11-05 15:31:58.121 I/cedarc ( 360): : DestroyVideoDecoder, pDecoder=0xf20d8380
11-05 15:31:58.149 I/cedarc ( 360): : not malloc locks
11-05 15:31:58.155 D/ ( 9230): disable_cedar_hw_clk,546
11-05 15:31:58.153 V/MediaPlayer( 5742): resetDrmState: mDrmInfo=null mDrmProvisioningThread=null mPrepareDrmInProgress=false mActiveDrmScheme=false
11-05 15:31:58.153 V/MediaPlayer( 5742): cleanDrmObj: mDrmObj=null mDrmSessionId=null
11-05 15:31:58.154 W/awplayer( 360): : reset...
11-05 15:31:58.159 D/SurfaceUtils( 360): disconnecting from surface 0xf2203808, reason disconnectNativeWindow
11-05 15:31:58.159 E/BufferQueueProducer( 5742): [SurfaceView[com.dangbei.lerad.videoposter/com.dangbei.leradplayer.activity.PlayerActivity]#87(BLAST Consumer)87](id:166e00000057,api:0,p:-1,c:5742) disconnect: not connected (req=3)
11-05 15:31:58.159 E/SurfaceUtils( 360): Failed to disconnect from surface 0xf2203808, err -19
11-05 15:31:58.160 W/MediaPlayerService( 360): nativeWindowDisconnect returned an error: No such device (-19)
11-05 15:31:58.160 W/awplayer( 360): : XPlayerDestroy
11-05 15:31:58.160 W/awplayer( 360): : reset...
11-05 15:31:58.161 D/RefBase ( 360): RefBase: Explicit destruction, weak count = 0 (in 0xf231a240)
11-05 15:31:58.161 W/RefBase ( 360): CallStack::getCurrentInternal not linked, returning null
11-05 15:31:58.161 W/RefBase ( 360): CallStack::logStackInternal not linked
11-05 15:31:58.166 D/audio_hw_primary( 247): adev_release_audio_patch
11-05 15:31:58.171 V/audio_hw_primary( 247): out_set_parameters: closing=true
11-05 15:31:58.177 V/audio_hw_primary( 247): out_set_parameters: exiting=1
11-05 15:31:58.177 E/AudioFlinger( 266): Error when setting parameters on exit: -61
11-05 15:31:58.179 D/audio_hw_primary( 247): out_standby
11-05 15:31:58.222 I/SogouIME( 2402): onKeyUp: keyoCode=4
11-05 15:31:58.222 I/DefaultIMS( 2402): onKeyUp: keyoCode=4
11-05 15:31:58.229 I/gralloc ( 255): alloc buffer:W:1920 H:1080 S:1920 PL[1920 1080] SZ:8294400 fmt:1 if:0 af:1 usg:b66 fg:00000004
11-05 15:31:58.260 W/System.err( 5742): java.lang.Exception: you should init first
11-05 15:31:58.261 W/System.err( 5742): at com.dangbei.alps.AlpsManager.check(AlpsManager.java:315)
11-05 15:31:58.261 W/System.err( 5742): at com.dangbei.alps.AlpsManager.onPause(AlpsManager.java:247)
11-05 15:31:58.261 W/System.err( 5742): at com.dangbei.leradplayer.activity.PlayerActivity.onPause(PlayerActivity.java:676)
11-05 15:31:58.261 W/System.err( 5742): at android.app.Activity.performPause(Activity.java:8234)
11-05 15:31:58.261 W/System.err( 5742): at android.app.Instrumentation.callActivityOnPause(Instrumentation.java:1530)
11-05 15:31:58.261 W/System.err( 5742): at android.app.ActivityThread.performPauseActivityIfNeeded(ActivityThread.java:5031)
11-05 15:31:58.261 W/System.err( 5742): at android.app.ActivityThread.performPauseActivity(ActivityThread.java:4992)
11-05 15:31:58.261 W/System.err( 5742): at android.app.ActivityThread.handlePauseActivity(ActivityThread.java:4944)
11-05 15:31:58.261 W/System.err( 5742): at android.app.servertransaction.PauseActivityItem.execute(PauseActivityItem.java:47)
11-05 15:31:58.261 W/System.err( 5742): at android.app.servertransaction.ActivityTransactionItem.execute(ActivityTransactionItem.java:45)
11-05 15:31:58.261 W/System.err( 5742): at android.app.servertransaction.TransactionExecutor.executeLifecycleState(TransactionExecutor.java:176)
11-05 15:31:58.261 W/System.err( 5742): at android.app.servertransaction.TransactionExecutor.execute(TransactionExecutor.java:97)
11-05 15:31:58.261 W/System.err( 5742): at android.app.ActivityThread$H.handleMessage(ActivityThread.java:2210)
11-05 15:31:58.261 W/System.err( 5742): at android.os.Handler.dispatchMessage(Handler.java:106)
11-05 15:31:58.261 W/System.err( 5742): at android.os.Looper.loopOnce(Looper.java:201)
11-05 15:31:58.261 W/System.err( 5742): at android.os.Looper.loop(Looper.java:288)
11-05 15:31:58.261 W/System.err( 5742): at android.app.ActivityThread.main(ActivityThread.java:7854)
11-05 15:31:58.261 W/System.err( 5742): at java.lang.reflect.Method.invoke(Native Method)
11-05 15:31:58.261 W/System.err( 5742): at com.android.internal.os.RuntimeInit$MethodAndArgsCaller.run(RuntimeInit.java:548)
11-05 15:31:58.261 W/System.err( 5742): at com.android.internal.os.ZygoteInit.main(ZygoteInit.java:1182)
11-05 15:31:58.271 D/AW_CODE ( 484): rotation =0
11-05 15:31:58.301 I/BpBinder( 289): onLastStrongRef automatically unlinking death recipients:
11-05 15:31:58.364 I/gralloc ( 255): alloc buffer:W:1920 H:1080 S:1920 PL[1920 1080] SZ:8294400 fmt:1 if:0 af:1 usg:20000b00 fg:00000004
11-05 15:31:58.367 I/gralloc ( 255): alloc buffer:W:1920 H:1080 S:1920 PL[1920 1080] SZ:8294400 fmt:1 if:0 af:1 usg:20000b00 fg:00000004
11-05 15:31:58.370 I/gralloc ( 255): alloc buffer:W:1920 H:1080 S:1920 PL[1920 1080] SZ:8294400 fmt:1 if:0 af:1 usg:20000b00 fg:00000004
11-05 15:31:58.412 D/TvPipController( 684): onTaskStackChanged()
11-05 15:31:58.430 I/DefaultIMS( 2402): onStartInput attribute=android.view.inputmethod.EditorInfo@9be3ccf restarting=false inputType: 0
11-05 15:31:58.631 E/WifiHAL ( 664): wifi_get_link_stats: requestResponse Error:-5
11-05 15:31:58.632 E/WifiVendorHal( 484): getWifiLinkLayerStats_1_5_Internal(l.1191) failed {.code = ERROR_INVALID_ARGS, .description = }
11-05 15:31:58.794 I/system_server( 484): NativeAlloc concurrent copying GC freed 78398(3778KB) AllocSpace objects, 43(1004KB) LOS objects, 49% free, 11MB/23MB, paused 324us total 536.493ms
11-05 15:31:58.803 W/System ( 484): A resource failed to call release.
11-05 15:31:58.804 W/System ( 484): A resource failed to call close.
11-05 15:31:58.804 W/System ( 484): A resource failed to call close.
11-05 15:31:58.804 W/System ( 484): A resource failed to call release.
11-05 15:31:58.804 W/System ( 484): A resource failed to call close.
11-05 15:31:59.075 I/MediaFocusControl( 484): abandonAudioFocus() from uid/pid 10042/5742 clientId=android.media.AudioManager@74c56c0
11-05 15:31:59.085 W/InputManager-JNI( 484): Input channel object '240c6aa com.dangbei.lerad.videoposter/com.dangbei.leradplayer.activity.PlayerActivity (client)' was disposed without first being removed with the input manager!
11-05 15:31:59.103 W/ActivityTaskManager( 484): Can't find TaskDisplayArea to determine support for multi window. Task id=171 attached=false
11-05 15:31:59.103 W/ActivityTaskManager( 484): Can't find TaskDisplayArea to determine support for multi window. Task id=171 attached=false
11-05 15:31:59.103 W/IorapForwardingService( 484): No service published for: iorapd
11-05 15:31:59.238 I/BLEAudioDrive_HV410( 247): data len: 9 1
11-05 15:31:59.238 D/TvWindowManager( 484): key event key = KEYCODE_BACK down = true
11-05 15:31:59.251 D/GpioService( 484): mFlickerEnable = true
11-05 15:31:59.316 I/BLEAudioDrive_HV410( 247): data len: 9 1
11-05 15:31:59.316 I/BLEAudioDrive_HV410( 247): keyboard stop
11-05 15:31:59.316 D/TvWindowManager( 484): key event key = KEYCODE_BACK down = false
11-05 15:31:59.317 D/AutofillManagerService( 484): onBackKeyPressed()
11-05 15:31:59.339 I/BLEAudioDrive_HV410( 247): data len: 9 1
11-05 15:31:59.339 D/TvWindowManager( 484): key event key = KEYCODE_BACK down = true
11-05 15:31:59.350 I/BLEAudioDrive_HV410( 247): data len: 9 1
11-05 15:31:59.350 I/BLEAudioDrive_HV410( 247): keyboard stop
11-05 15:31:59.350 D/TvWindowManager( 484): key event key = KEYCODE_BACK down = false
11-05 15:31:59.355 D/AutofillManagerService( 484): onBackKeyPressed()
11-05 15:31:59.389 D/GpioService( 484): mFlickerEnable = true
11-05 15:31:59.393 I/SogouIME( 2402): onKeyDown: keyoCode=4
11-05 15:31:59.393 I/DefaultIMS( 2402): onKeyDown: keyoCode=4
11-05 15:31:59.396 I/SogouIME( 2402): onKeyUp: keyoCode=4
11-05 15:31:59.397 I/DefaultIMS( 2402): onKeyUp: keyoCode=4
11-05 15:31:59.398 D/GpioService( 484): mFlickerEnable = true
11-05 15:31:59.402 I/gralloc ( 255): alloc buffer:W:1920 H:1080 S:1920 PL[1920 1080] SZ:8294400 fmt:1 if:0 af:1 usg:b66 fg:00000004
11-05 15:31:59.424 I/SogouIME( 2402): onKeyDown: keyoCode=4
11-05 15:31:59.424 I/DefaultIMS( 2402): onKeyDown: keyoCode=4
11-05 15:31:59.438 D/AW_CODE ( 484): rotation =0
11-05 15:31:59.450 I/SogouIME( 2402): onKeyUp: keyoCode=4
11-05 15:31:59.450 I/DefaultIMS( 2402): onKeyUp: keyoCode=4
11-05 15:31:59.452 I/BpBinder( 289): onLastStrongRef automatically unlinking death recipients:
11-05 15:31:59.468 W/ActivityTaskManager( 484): Duplicate finish request for r=ActivityRecord{7eab017 u0 com.tv.filemanager.os/com.dangbei.lerad.filemanager.ui.info.ManagerFileListActivity t151 f}}
11-05 15:31:59.475 W/InputManager-JNI( 484): Input channel object '4c172e5 Toast (client)' was disposed without first being removed with the input manager!
11-05 15:31:59.495 W/NotificationService( 484): Toast already killed. pkg=com.dangbei.lerad.videoposter token=android.os.BinderProxy@3547179
11-05 15:31:59.538 I/gralloc ( 255): alloc buffer:W:1920 H:1080 S:1920 PL[1920 1080] SZ:8294400 fmt:1 if:0 af:1 usg:20000b00 fg:00000004
11-05 15:31:59.541 I/gralloc ( 255): alloc buffer:W:1920 H:1080 S:1920 PL[1920 1080] SZ:8294400 fmt:1 if:0 af:1 usg:20000b00 fg:00000004
11-05 15:31:59.544 I/gralloc ( 255): alloc buffer:W:1920 H:1080 S:1920 PL[1920 1080] SZ:8294400 fmt:1 if:0 af:1 usg:20000b00 fg:00000004
11-05 15:31:59.565 D/TvPipController( 684): onTaskStackChanged()
11-05 15:31:59.610 W/WindowManager( 484): removeWindowToken: Attempted to remove non-existing token: android.os.Binder@72c367
11-05 15:31:59.632 I/DefaultIMS( 2402): onStartInput attribute=android.view.inputmethod.EditorInfo@8f6b006 restarting=false inputType: 0
11-05 15:31:59.658 I/ndroid.systemu( 684): NativeAlloc concurrent copying GC freed 6024(348KB) AllocSpace objects, 0(0B) LOS objects, 49% free, 3680KB/7361KB, paused 283us total 233.462ms
11-05 15:31:59.662 W/System ( 684): A resource failed to call close.
11-05 15:31:59.663 W/System ( 684): A resource failed to call close.
11-05 15:31:59.663 W/System ( 684): A resource failed to call release.
11-05 15:32:00.047 I/BLEAudioDrive_HV410( 247): data len: 9 1
11-05 15:32:00.048 D/TvWindowManager( 484): key event key = KEYCODE_DPAD_DOWN down = true
11-05 15:32:00.058 D/GpioService( 484): mFlickerEnable = true
11-05 15:32:00.068 W/.filemanager.o( 2664): Accessing hidden field Landroid/view/inputmethod/InputMethodManager;->mCurRootView:Landroid/view/ViewRootImpl; (blocked, reflection, denied)
11-05 15:32:00.105 W/IorapForwardingService( 484): No service published for: iorapd
11-05 15:32:00.198 D/GpioService( 484): mFlickerEnable = true
11-05 15:32:00.228 I/BLEAudioDrive_HV410( 247): data len: 9 1
11-05 15:32:00.228 I/BLEAudioDrive_HV410( 247): keyboard stop
11-05 15:32:00.228 D/TvWindowManager( 484): key event key = KEYCODE_DPAD_DOWN down = false
11-05 15:32:00.273 I/.filemanager.o( 2664): Explicit concurrent copying GC freed 4927(289KB) AllocSpace objects, 0(0B) LOS objects, 49% free, 10MB/21MB, paused 126us total 196.417ms
11-05 15:32:00.468 I/.filemanager.o( 2664): Explicit concurrent copying GC freed 126(36KB) AllocSpace objects, 0(0B) LOS objects, 49% free, 10MB/21MB, paused 124us total 193.999ms
11-05 15:32:00.500 D/StrictMode( 2664): StrictMode policy violation: android.os.strictmode.InstanceCountViolation: class com.dangbei.lerad.filemanager.ui.info.ManagerFileListActivity; instances=17; limit=3
11-05 15:32:00.500 D/StrictMode( 2664): at android.os.StrictMode.setClassInstanceLimit(StrictMode.java:1)
11-05 15:32:00.502 W/InputManager-JNI( 484): Input channel object '47e8c22 com.tv.filemanager.os/com.dangbei.lerad.filemanager.ui.info.ManagerFileListActivity (client)' was disposed without first being removed with the input manager!
11-05 15:32:00.508 I/SogouIME( 2402): onKeyDown: keyoCode=20
11-05 15:32:00.508 I/DefaultIMS( 2402): onKeyDown: keyoCode=20
11-05 15:32:00.517 I/SogouIME( 2402): onKeyUp: keyoCode=20
11-05 15:32:00.517 I/DefaultIMS( 2402): onKeyUp: keyoCode=20
11-05 15:32:00.550 I/DefaultIMS( 2402): onStartInput attribute=android.view.inputmethod.EditorInfo@c0afe51 restarting=false inputType: 0
11-05 15:32:00.680 W/ServiceDescriptorBinder( 3481): UPnP specification violation: Not producing element to be compatible with WMP12: (ActionArgument, OUT) Actions
11-05 15:32:00.846 W/ServiceDescriptorBinder( 3481): UPnP specification violation: Not producing element to be compatible with WMP12: (ActionArgument, OUT) CurrentVolume
11-05 15:32:00.846 W/ServiceDescriptorBinder( 3481): UPnP specification violation: Not producing element to be compatible with WMP12: (ActionArgument, OUT) CurrentMute
11-05 15:32:00.846 W/ServiceDescriptorBinder( 3481): UPnP specification violation: Not producing element to be compatible with WMP12: (ActionArgument, OUT) CurrentPresetNameList
11-05 15:32:00.846 W/ServiceDescriptorBinder( 3481): UPnP specification violation: Not producing element to be compatible with WMP12: (ActionArgument, OUT) CurrentLoudness
11-05 15:32:00.846 W/ServiceDescriptorBinder( 3481): UPnP specification violation: Not producing element to be compatible with WMP12: (ActionArgument, OUT) CurrentVolume
11-05 15:32:01.048 I/BLEAudioDrive_HV410( 247): data len: 9 1
11-05 15:32:01.049 D/TvWindowManager( 484): key event key = KEYCODE_DPAD_LEFT down = true
11-05 15:32:01.059 D/GpioService( 484): mFlickerEnable = true
11-05 15:32:01.066 I/SogouIME( 2402): onKeyDown: keyoCode=21
11-05 15:32:01.067 I/DefaultIMS( 2402): onKeyDown: keyoCode=21
11-05 15:32:01.090 I/DefaultIMS( 2402): onStartInput attribute=android.view.inputmethod.EditorInfo@d1d9d90 restarting=false inputType: 0
11-05 15:32:01.107 W/IorapForwardingService( 484): No service published for: iorapd
11-05 15:32:01.206 I/BLEAudioDrive_HV410( 247): data len: 9 1
11-05 15:32:01.207 D/TvWindowManager( 484): key event key = KEYCODE_DPAD_LEFT down = false
11-05 15:32:01.207 I/BLEAudioDrive_HV410( 247): keyboard stop
11-05 15:32:01.211 I/SogouIME( 2402): onKeyUp: keyoCode=21
11-05 15:32:01.211 I/DefaultIMS( 2402): onKeyUp: keyoCode=21
11-05 15:32:01.459 W/WindowManager( 484): Unable to start animation, surface is null or no children.
11-05 15:32:01.465 I/BLEAudioDrive_HV410( 247): data len: 9 1
11-05 15:32:01.466 D/TvWindowManager( 484): key event key = KEYCODE_DPAD_LEFT down = true
11-05 15:32:01.474 D/GpioService( 484): mFlickerEnable = true
11-05 15:32:01.475 I/SogouIME( 2402): onKeyDown: keyoCode=21
11-05 15:32:01.475 I/DefaultIMS( 2402): onKeyDown: keyoCode=21
11-05 15:32:01.495 I/DefaultIMS( 2402): onStartInput attribute=android.view.inputmethod.EditorInfo@8fe2689 restarting=false inputType: 0
11-05 15:32:01.589 I/BLEAudioDrive_HV410( 247): data len: 9 1
11-05 15:32:01.589 I/BLEAudioDrive_HV410( 247): keyboard stop
11-05 15:32:01.589 D/TvWindowManager( 484): key event key = KEYCODE_DPAD_LEFT down = false
11-05 15:32:01.592 I/SogouIME( 2402): onKeyUp: keyoCode=21
11-05 15:32:01.592 I/DefaultIMS( 2402): onKeyUp: keyoCode=21
11-05 15:32:01.645 E/WifiHAL ( 664): wifi_get_link_stats: requestResponse Error:-5
11-05 15:32:01.646 E/WifiVendorHal( 484): getWifiLinkLayerStats_1_5_Internal(l.1191) failed {.code = ERROR_INVALID_ARGS, .description = }
11-05 15:32:01.769 D/TvWindowManager( 484): key event key = KEYCODE_DPAD_CENTER down = true
11-05 15:32:01.771 I/BLEAudioDrive_HV410( 247): data len: 9 1
11-05 15:32:01.777 D/GpioService( 484): mFlickerEnable = true
11-05 15:32:01.904 I/BLEAudioDrive_HV410( 247): data len: 9 1
11-05 15:32:01.904 I/BLEAudioDrive_HV410( 247): keyboard stop
11-05 15:32:01.904 D/TvWindowManager( 484): key event key = KEYCODE_DPAD_CENTER down = false
11-05 15:32:01.920 D/GpioService( 484): mFlickerEnable = true
11-05 15:32:01.922 I/SogouIME( 2402): onKeyDown: keyoCode=23
11-05 15:32:01.922 I/DefaultIMS( 2402): onKeyDown: keyoCode=23
11-05 15:32:01.925 I/SogouIME( 2402): onKeyUp: keyoCode=23
11-05 15:32:01.925 I/DefaultIMS( 2402): onKeyUp: keyoCode=23
11-05 15:32:01.930 I/ActivityStarter( 484): ---START u0 {cmp=com.tv.filemanager.os/com.dangbei.lerad.filemanager.ui.info.ManagerFileListActivity (has extras)} from uid 10054
11-05 15:32:01.934 I/AW_PowerHAL( 259): Power setMode: LAUNCH to: 1
11-05 15:32:01.949 W/ActivityTaskManager( 484): Tried to set launchTime (0) < mLastActivityLaunchTime (1916465)
11-05 15:32:01.952 D/AW_CODE ( 484): rotation =0
11-05 15:32:01.957 I/AW_PowerHAL( 259): cur-mode:LAUNCH
11-05 15:32:01.974 D/ActivityTaskManager( 484): homlet: skip orientation settings: 0
11-05 15:32:01.985 I/BpBinder( 289): onLastStrongRef automatically unlinking death recipients:
11-05 15:32:02.060 D/TvPipController( 684): onTaskStackChanged()
11-05 15:32:02.108 W/WindowManager( 484): Failed looking up window session=Session{ba698fd 2664:u0a10054} callers=com.android.server.wm.WindowManagerService.windowForClientLocked:5702 com.android.server.wm.Session.insetsModified:629 android.view.IWindowSession$Stub.onTransact:1151
11-05 15:32:02.109 W/IorapForwardingService( 484): No service published for: iorapd
11-05 15:32:02.131 I/gralloc ( 255): alloc buffer:W:1920 H:1080 S:1920 PL[1920 1080] SZ:8294400 fmt:1 if:0 af:1 usg:20000b00 fg:00000004
11-05 15:32:02.132 I/gralloc ( 255): alloc buffer:W:1920 H:1080 S:1920 PL[1920 1080] SZ:8294400 fmt:1 if:0 af:1 usg:20000b00 fg:00000004
11-05 15:32:02.134 I/gralloc ( 255): alloc buffer:W:1920 H:1080 S:1920 PL[1920 1080] SZ:8294400 fmt:1 if:0 af:1 usg:20000b00 fg:00000004
11-05 15:32:02.157 I/ActivityTaskManager( 484): +++Displayed com.tv.filemanager.os/com.dangbei.lerad.filemanager.ui.info.ManagerFileListActivity: +226ms
11-05 15:32:02.169 I/BaseRequest( 2664): complete
11-05 15:32:02.170 I/BaseRequest( 2664): success!=nulltrue
11-05 15:32:02.201 I/DefaultIMS( 2402): onStartInput attribute=android.view.inputmethod.EditorInfo@f0bf5f2 restarting=false inputType: 0
11-05 15:32:02.248 W/View ( 2664): requestLayout() improperly called by com.dangbei.lerad.libui.control.layout.FitFrameLayout{b93b4f5 V.E...... ......ID 0,0-255,250 #7f0a02ee app:id/view_file_item_ll} during layout: running second layout pass
11-05 15:32:02.259 I/DefaultIMS( 2402): onStartInput attribute=android.view.inputmethod.EditorInfo@833a443 restarting=false inputType: 0
11-05 15:32:02.267 I/AW_PowerHAL( 259): Power setMode: LAUNCH to: 0
11-05 15:32:02.270 I/AW_PowerHAL( 259): cur-mode:SCHEDUTIL
11-05 15:32:02.547 I/BLEAudioDrive_HV410( 247): data len: 9 1
11-05 15:32:02.547 D/TvWindowManager( 484): key event key = KEYCODE_DPAD_RIGHT down = true
11-05 15:32:02.557 D/GpioService( 484): mFlickerEnable = true
11-05 15:32:02.559 I/SogouIME( 2402): onKeyDown: keyoCode=22
11-05 15:32:02.559 I/DefaultIMS( 2402): onKeyDown: keyoCode=22
11-05 15:32:02.577 I/DefaultIMS( 2402): onStartInput attribute=android.view.inputmethod.EditorInfo@8d0514a restarting=false inputType: 0
11-05 15:32:02.725 I/BLEAudioDrive_HV410( 247): data len: 9 1
11-05 15:32:02.725 I/BLEAudioDrive_HV410( 247): keyboard stop
11-05 15:32:02.725 D/TvWindowManager( 484): key event key = KEYCODE_DPAD_RIGHT down = false
11-05 15:32:02.727 I/SogouIME( 2402): onKeyUp: keyoCode=22
11-05 15:32:02.727 I/DefaultIMS( 2402): onKeyUp: keyoCode=22
11-05 15:32:02.862 I/BLEAudioDrive_HV410( 247): data len: 9 1
11-05 15:32:02.862 D/TvWindowManager( 484): key event key = KEYCODE_DPAD_CENTER down = true
11-05 15:32:02.872 D/GpioService( 484): mFlickerEnable = true
11-05 15:32:02.996 I/BLEAudioDrive_HV410( 247): data len: 9 1
11-05 15:32:02.997 I/BLEAudioDrive_HV410( 247): keyboard stop
11-05 15:32:02.997 D/TvWindowManager( 484): key event key = KEYCODE_DPAD_CENTER down = false
11-05 15:32:03.012 D/GpioService( 484): mFlickerEnable = true
11-05 15:32:03.014 I/SogouIME( 2402): onKeyDown: keyoCode=23
11-05 15:32:03.014 I/DefaultIMS( 2402): onKeyDown: keyoCode=23
11-05 15:32:03.019 I/SogouIME( 2402): onKeyUp: keyoCode=23
11-05 15:32:03.019 I/DefaultIMS( 2402): onKeyUp: keyoCode=23
11-05 15:32:03.034 E/TaskPersister( 484): File error accessing recents directory (directory doesn't exist?).
11-05 15:32:03.053 D/StrictMode( 2664): StrictMode policy violation: android.os.strictmode.FileUriExposedViolation: file:///storage/02E24445E2443EE3/000%E9%9F%B3%E9%A2%91%E7%BC%96%E7%A0%81%E6%A0%BC%E5%BC%8F%E6%B5%8B%E8%AF%95/DTS/dts5.1.mkv exposed beyond app through Intent.getData()
11-05 15:32:03.053 D/StrictMode( 2664): at android.os.StrictMode.onFileUriExposed(StrictMode.java:2211)
11-05 15:32:03.053 D/StrictMode( 2664): at android.net.Uri.checkFileUriExposed(Uri.java:2402)
11-05 15:32:03.053 D/StrictMode( 2664): at android.content.Intent.prepareToLeaveProcess(Intent.java:11415)
11-05 15:32:03.053 D/StrictMode( 2664): at android.content.Intent.prepareToLeaveProcess(Intent.java:11367)
11-05 15:32:03.053 D/StrictMode( 2664): at android.app.Instrumentation.execStartActivity(Instrumentation.java:1742)
11-05 15:32:03.053 D/StrictMode( 2664): at android.app.ContextImpl.startActivity(ContextImpl.java:1085)
11-05 15:32:03.053 D/StrictMode( 2664): at android.app.ContextImpl.startActivity(ContextImpl.java:1056)
11-05 15:32:03.053 D/StrictMode( 2664): at android.content.ContextWrapper.startActivity(ContextWrapper.java:411)
11-05 15:32:03.053 D/StrictMode( 2664): at com.dangbei.lerad.filemanager.impl.open.FileTypePlayer.directlyOpen(FileTypePlayer.java:254)
11-05 15:32:03.053 D/StrictMode( 2664): at com.dangbei.lerad.filemanager.impl.open.FileTypePlayer.play(FileTypePlayer.java:116)
11-05 15:32:03.053 D/StrictMode( 2664): at com.dangbei.lerad.filemanager.impl.open.OpenFilterChain.run(OpenFilterChain.java:63)
11-05 15:32:03.053 D/StrictMode( 2664): at com.dangbei.lerad.filemanager.impl.open.OpenFilterChain.execute(OpenFilterChain.java:35)
11-05 15:32:03.053 D/StrictMode( 2664): at com.dangbei.lerad.filemanager.impl.open.OpenManager$1.onNext(OpenManager.java:109)
11-05 15:32:03.053 D/StrictMode( 2664): at com.dangbei.lerad.filemanager.impl.open.OpenManager$1.onNext(OpenManager.java:101)
11-05 15:32:03.053 D/StrictMode( 2664): at io.reactivex.internal.operators.observable.ObservableObserveOn$ObserveOnObserver.drainNormal(ObservableObserveOn.java:201)
11-05 15:32:03.053 D/StrictMode( 2664): at io.reactivex.internal.operators.observable.ObservableObserveOn$ObserveOnObserver.run(ObservableObserveOn.java:255)
11-05 15:32:03.053 D/StrictMode( 2664): at io.reactivex.android.schedulers.HandlerScheduler$ScheduledRunnable.run(HandlerScheduler.java:119)
11-05 15:32:03.053 D/StrictMode( 2664): at android.os.Handler.handleCallback(Handler.java:938)
11-05 15:32:03.053 D/StrictMode( 2664): at android.os.Handler.dispatchMessage(Handler.java:99)
11-05 15:32:03.053 D/StrictMode( 2664): at android.os.Looper.loopOnce(Looper.java:201)
11-05 15:32:03.053 D/StrictMode( 2664): at android.os.Looper.loop(Looper.java:288)
11-05 15:32:03.053 D/StrictMode( 2664): at android.app.ActivityThread.main(ActivityThread.java:7854)
11-05 15:32:03.053 D/StrictMode( 2664): at java.lang.reflect.Method.invoke(Native Method)
11-05 15:32:03.053 D/StrictMode( 2664): at com.android.internal.os.RuntimeInit$MethodAndArgsCaller.run(RuntimeInit.java:548)
11-05 15:32:03.053 D/StrictMode( 2664): at com.android.internal.os.ZygoteInit.main(ZygoteInit.java:1182)
11-05 15:32:03.055 I/ActivityStarter( 484): ---START u0 {act=android.intent.action.VIEW dat=file:///storage/02E24445E2443EE3/000音频编码格式测试/DTS/dts5.1.mkv typ=video/* flg=0x10000001 cmp=com.dangbei.lerad.videoposter/com.dangbei.leradplayer.activity.PlayerActivity} from uid 10054
11-05 15:32:03.056 W/ActivityTaskManager( 484): Can't find TaskDisplayArea to determine support for multi window. Task id=172 attached=false
11-05 15:32:03.064 I/AW_PowerHAL( 259): Power setMode: LAUNCH to: 1
11-05 15:32:03.066 V/SplashScreenExceptionList( 484): SplashScreen checking exception for package com.dangbei.lerad.videoposter (target sdk:26) -> false
11-05 15:32:03.068 D/StartingSurfaceDrawer( 684): addSplashScreen com.dangbei.lerad.videoposter theme=7f0d0007 task=172 suggestType=3
11-05 15:32:03.073 D/StartingSurfaceDrawer( 684): addSplashScreen: creating context based on task Configuration {1.0 ?mcc?mnc [zh_CN] ldltr sw720dp w1280dp h696dp 240dpi lrg long land television -touch qwerty/v/v dpad/v winConfig={ mBounds=Rect(0, 0 - 1920, 1080) mAppBounds=Rect(0, 0 - 1920, 1080) mMaxBounds=Rect(0, 0 - 1920, 1080) mWindowingMode=fullscreen mDisplayWindowingMode=fullscreen mActivityType=standard mAlwaysOnTop=undefined mRotation=ROTATION_0} s.1 fontWeightAdjustment=0} for splash screen
11-05 15:32:03.079 D/StartingSurfaceDrawer( 684): addSplashScreen: apply overrideConfig{1.0 ?mcc?mnc [zh_CN] ldltr sw720dp w1280dp h696dp 240dpi lrg long land television -touch qwerty/v/v dpad/v winConfig={ mBounds=Rect(0, 0 - 1920, 1080) mAppBounds=Rect(0, 0 - 1920, 1080) mMaxBounds=Rect(0, 0 - 1920, 1080) mWindowingMode=fullscreen mDisplayWindowingMode=fullscreen mActivityType=standard mAlwaysOnTop=undefined mRotation=ROTATION_0} s.1 fontWeightAdjustment=0} to starting window resId=2131165761
11-05 15:32:03.084 D/StartingSurfaceDrawer( 684): window attributes color: 0 icon null duration 0 brandImage null
11-05 15:32:03.088 D/SplashScreenView( 684): Build android.window.SplashScreenView{828af4a V.E...... ......ID 0,0-0,0}
11-05 15:32:03.088 D/SplashScreenView( 684): Icon: view: null drawable: null size: 0
11-05 15:32:03.088 D/SplashScreenView( 684): Branding: view: android.view.View{bf75ebb G.ED..... ......I. 0,0-0,0 #10204a6 android:id/splashscreen_branding_view} drawable: null size w: 0 h: 0
11-05 15:32:03.089 D/StartingSurfaceDrawer( 684): fillViewWithIcon surfaceWindowView android.window.SplashScreenView{828af4a V.E...... ......ID 0,0-0,0}
11-05 15:32:03.097 W/ActivityTaskManager( 484): Tried to set launchTime (0) < mLastActivityLaunchTime (1917773)
11-05 15:32:03.098 D/AW_CODE ( 484): rotation =0
11-05 15:32:03.101 I/AW_PowerHAL( 259): cur-mode:LAUNCH
11-05 15:32:03.111 W/IorapForwardingService( 484): No service published for: iorapd
11-05 15:32:03.135 I/BpBinder( 289): onLastStrongRef automatically unlinking death recipients:
11-05 15:32:03.135 I/gralloc ( 255): alloc buffer:W:1920 H:1080 S:1920 PL[1920 1080] SZ:8294400 fmt:1 if:0 af:1 usg:20000b00 fg:00000004
11-05 15:32:03.143 I/gralloc ( 255): alloc buffer:W:1920 H:1080 S:1920 PL[1920 1080] SZ:8294400 fmt:1 if:0 af:1 usg:20000b00 fg:00000004
11-05 15:32:03.146 I/gralloc ( 255): alloc buffer:W:1920 H:1080 S:1920 PL[1920 1080] SZ:8294400 fmt:1 if:0 af:1 usg:20000b00 fg:00000004
11-05 15:32:03.214 D/TvPipController( 684): onTaskStackChanged()
11-05 15:32:03.246 D/hdmi-cec( 260): receive invalid cec message!
11-05 15:32:03.246 D/hdmi-cec( 260): receive poll message [04], skip!
11-05 15:32:03.388 W/AudioManager( 5742): Use of stream types is deprecated for operations other than volume control
11-05 15:32:03.388 W/AudioManager( 5742): See the documentation of requestAudioFocus() for what to use instead with android.media.AudioAttributes to qualify your playback use case
11-05 15:32:03.389 I/MediaFocusControl( 484): requestAudioFocus() from uid/pid 10042/5742 AA=USAGE_MEDIA/CONTENT_TYPE_MUSIC clientId=android.media.AudioManager@a31c104 callingPack=com.dangbei.lerad.videoposter req=1 flags=0x0 sdk=26
11-05 15:32:03.390 I/AudioService.FadeOutManager( 484): unfadeOutUid() uid:10042
11-05 15:32:03.392 W/System.err( 5742): java.lang.Exception: you should init first
11-05 15:32:03.392 W/System.err( 5742): at com.dangbei.alps.AlpsManager.check(AlpsManager.java:315)
11-05 15:32:03.392 W/System.err( 5742): at com.dangbei.alps.AlpsManager.onResume(AlpsManager.java:240)
11-05 15:32:03.392 W/System.err( 5742): at com.dangbei.leradplayer.activity.PlayerActivity.onResume(PlayerActivity.java:658)
11-05 15:32:03.392 W/System.err( 5742): at android.app.Instrumentation.callActivityOnResume(Instrumentation.java:1476)
11-05 15:32:03.392 W/System.err( 5742): at android.app.Activity.performResume(Activity.java:8190)
11-05 15:32:03.392 W/System.err( 5742): at android.app.ActivityThread.performResumeActivity(ActivityThread.java:4747)
11-05 15:32:03.392 W/System.err( 5742): at android.app.ActivityThread.handleResumeActivity(ActivityThread.java:4790)
11-05 15:32:03.392 W/System.err( 5742): at android.app.servertransaction.ResumeActivityItem.execute(ResumeActivityItem.java:54)
11-05 15:32:03.392 W/System.err( 5742): at android.app.servertransaction.ActivityTransactionItem.execute(ActivityTransactionItem.java:45)
11-05 15:32:03.392 W/System.err( 5742): at android.app.servertransaction.TransactionExecutor.executeLifecycleState(TransactionExecutor.java:176)
11-05 15:32:03.392 W/System.err( 5742): at android.app.servertransaction.TransactionExecutor.execute(TransactionExecutor.java:97)
11-05 15:32:03.393 W/System.err( 5742): at android.app.ActivityThread$H.handleMessage(ActivityThread.java:2210)
11-05 15:32:03.393 W/System.err( 5742): at android.os.Handler.dispatchMessage(Handler.java:106)
11-05 15:32:03.393 W/System.err( 5742): at android.os.Looper.loopOnce(Looper.java:201)
11-05 15:32:03.393 W/System.err( 5742): at android.os.Looper.loop(Looper.java:288)
11-05 15:32:03.393 W/System.err( 5742): at android.app.ActivityThread.main(ActivityThread.java:7854)
11-05 15:32:03.393 W/System.err( 5742): at java.lang.reflect.Method.invoke(Native Method)
11-05 15:32:03.393 W/System.err( 5742): at com.android.internal.os.RuntimeInit$MethodAndArgsCaller.run(RuntimeInit.java:548)
11-05 15:32:03.393 W/System.err( 5742): at com.android.internal.os.ZygoteInit.main(ZygoteInit.java:1182)
11-05 15:32:03.399 W/WindowManager( 484): Failed looking up window session=Session{e5193da 5742:u0a10042} callers=com.android.server.wm.WindowManagerService.windowForClientLocked:5702 com.android.server.wm.Session.insetsModified:629 android.view.IWindowSession$Stub.onTransact:1151
11-05 15:32:03.435 I/gralloc ( 255): alloc buffer:W:1920 H:1080 S:1920 PL[1920 1080] SZ:8294400 fmt:1 if:0 af:1 usg:20000b00 fg:00000004
11-05 15:32:03.450 I/gralloc ( 255): alloc buffer:W:1920 H:1080 S:1920 PL[1920 1080] SZ:8294400 fmt:1 if:0 af:1 usg:20000b00 fg:00000004
