11-05 15:32:03.456 D/StartingSurfaceDrawer( 684): Task start finish, remove starting surface for task 172
11-05 15:32:03.456 V/StartingSurfaceDrawer( 684): Removing splash screen window for task: 172
11-05 15:32:03.465 I/gralloc ( 255): alloc buffer:W:1920 H:1080 S:1920 PL[1920 1080] SZ:8294400 fmt:1 if:0 af:1 usg:20000b00 fg:00000004
11-05 15:32:03.466 I/AW_PowerHAL( 259): Power setMode: LAUNCH to: 0
11-05 15:32:03.467 I/AW_PowerHAL( 259): cur-mode:SCHEDUTIL
11-05 15:32:03.474 I/ActivityTaskManager( 484): +++Displayed com.dangbei.lerad.videoposter/com.dangbei.leradplayer.activity.PlayerActivity: +398ms
11-05 15:32:03.477 I/DefaultIMS( 2402): onStartInput attribute=android.view.inputmethod.EditorInfo@76bf76d restarting=false inputType: 0
11-05 15:32:03.544 I/Thread-2( 9324): type=1400 audit(0.0:2304): avc: denied { execute } for name="am" dev="dm-1" ino=1164 scontext=u:r:system_app:s0 tcontext=u:object_r:vendor_file:s0 tclass=file permissive=1
11-05 15:32:03.544 I/Thread-2( 9324): type=1400 audit(0.0:2305): avc: denied { read open } for path="/vendor/xbin/am" dev="dm-1" ino=1164 scontext=u:r:system_app:s0 tcontext=u:object_r:vendor_file:s0 tclass=file permissive=1
11-05 15:32:03.548 I/Thread-2( 9324): type=1400 audit(0.0:2306): avc: denied { execute_no_trans } for path="/vendor/xbin/am" dev="dm-1" ino=1164 scontext=u:r:system_app:s0 tcontext=u:object_r:vendor_file:s0 tclass=file permissive=1
11-05 15:32:03.583 W/nStackXCoAP( 3645): ParseDeviceJsonData:[149] :Can't find hicom version
11-05 15:32:03.583 D/nStackXCoAP( 3645): IsInSameNetwork:[276] :IsInSameNetwork exec
11-05 15:32:03.583 I/nStackXDFinder( 3645): GetLocalInterfaceDetail:[461] :GetLocalInterfaceDetail in
11-05 15:32:03.583 E/nStackXCoAP( 3645): IsInSameNetwork:[281] :IsInSameNetwork: not priority process
11-05 15:32:03.583 D/nStackXCoAP( 3645): ParseServiceDiscover:[330] :new device join
11-05 15:32:03.592 E/nStackXDFinder( 3645): GetLocalIp:[401] :GetLocalIp exec
11-05 15:32:03.599 I/gralloc ( 255): alloc buffer:W:860 H:760 S:864 PL[860 760] SZ:2626560 fmt:1 if:0 af:1 usg:20000b00 fg:00000004
11-05 15:32:03.600 I/gralloc ( 255): alloc buffer:W:860 H:760 S:864 PL[860 760] SZ:2626560 fmt:1 if:0 af:1 usg:20000b00 fg:00000004
11-05 15:32:03.602 I/gralloc ( 255): alloc buffer:W:860 H:760 S:864 PL[860 760] SZ:2626560 fmt:1 if:0 af:1 usg:20000b00 fg:00000004
11-05 15:32:03.651 D/nStackXCoAP( 3645): CoapMessageHandler:[133] :2.01
11-05 15:32:03.697 I/DefaultIMS( 2402): onStartInput attribute=android.view.inputmethod.EditorInfo@d928f1c restarting=false inputType: 0
11-05 15:32:03.732 W/nStackXCoAP( 3645): ParseDeviceJsonData:[149] :Can't find hicom version
11-05 15:32:03.732 D/nStackXCoAP( 3645): IsInSameNetwork:[276] :IsInSameNetwork exec
11-05 15:32:03.732 I/nStackXDFinder( 3645): GetLocalInterfaceDetail:[461] :GetLocalInterfaceDetail in
11-05 15:32:03.732 E/nStackXCoAP( 3645): IsInSameNetwork:[281] :IsInSameNetwork: not priority process
11-05 15:32:03.732 D/nStackXCoAP( 3645): ParseServiceDiscover:[330] :new device join
11-05 15:32:03.732 E/nStackXDFinder( 3645): GetLocalIp:[401] :GetLocalIp exec
11-05 15:32:03.733 D/bbb ( 1208): onStartCommand begin !!!!!!! data分区剩余 24877MB
11-05 15:32:03.799 D/aaa ( 1143): LedStatusService onStartCommand begin
11-05 15:32:03.809 D/nStackXCoAP( 3645): CoapMessageHandler:[133] :2.01
11-05 15:32:03.828 D/aaa ( 1143): topPkg is -------------- :com.dangbei.lerad.videoposter
11-05 15:32:03.871 W/nStackXCoAP( 3645): ParseDeviceJsonData:[149] :Can't find hicom version
11-05 15:32:03.872 D/nStackXCoAP( 3645): IsInSameNetwork:[276] :IsInSameNetwork exec
11-05 15:32:03.872 I/nStackXDFinder( 3645): GetLocalInterfaceDetail:[461] :GetLocalInterfaceDetail in
11-05 15:32:03.872 E/nStackXCoAP( 3645): IsInSameNetwork:[281] :IsInSameNetwork: not priority process
11-05 15:32:03.872 D/nStackXCoAP( 3645): ParseServiceDiscover:[330] :new device join
11-05 15:32:03.872 E/nStackXDFinder( 3645): GetLocalIp:[401] :GetLocalIp exec
11-05 15:32:03.896 D/nStackXCoAP( 3645): CoapMessageHandler:[133] :2.01
11-05 15:32:03.899 W/InputManager-JNI( 484): Input channel object '7288d11 Splash Screen com.dangbei.lerad.videoposter (client)' was disposed without first being removed with the input manager!
11-05 15:32:03.975 I/BLEAudioDrive_HV410( 247): data len: 9 1
11-05 15:32:03.975 D/TvWindowManager( 484): key event key = KEYCODE_DPAD_CENTER down = true
11-05 15:32:03.996 D/GpioService( 484): mFlickerEnable = true
11-05 15:32:04.004 I/adbd ( 3260): type=1400 audit(0.0:2307): avc: denied { use } for path="anon_inode:[eventfd]" dev="anon_inodefs" ino=2124 scontext=u:r:su:s0 tcontext=u:r:adbd:s0 tclass=fd permissive=1
11-05 15:32:04.007 W/nStackXCoAP( 3645): ParseDeviceJsonData:[149] :Can't find hicom version
11-05 15:32:04.007 D/nStackXCoAP( 3645): IsInSameNetwork:[276] :IsInSameNetwork exec
11-05 15:32:04.007 I/nStackXDFinder( 3645): GetLocalInterfaceDetail:[461] :GetLocalInterfaceDetail in
11-05 15:32:04.007 E/nStackXCoAP( 3645): IsInSameNetwork:[281] :IsInSameNetwork: not priority process
11-05 15:32:04.007 D/nStackXCoAP( 3645): ParseServiceDiscover:[330] :new device join
11-05 15:32:04.008 E/nStackXDFinder( 3645): GetLocalIp:[401] :GetLocalIp exec
11-05 15:32:04.026 D/nStackXCoAP( 3645): CoapMessageHandler:[133] :2.01
11-05 15:32:04.113 W/IorapForwardingService( 484): No service published for: iorapd
11-05 15:32:04.126 D/GpioService( 484): mFlickerEnable = true
11-05 15:32:04.130 I/SogouIME( 2402): onKeyDown: keyoCode=23
11-05 15:32:04.130 I/DefaultIMS( 2402): onKeyDown: keyoCode=23
11-05 15:32:04.131 I/BLEAudioDrive_HV410( 247): data len: 9 1
11-05 15:32:04.131 I/BLEAudioDrive_HV410( 247): keyboard stop
11-05 15:32:04.132 D/TvWindowManager( 484): key event key = KEYCODE_DPAD_CENTER down = false
11-05 15:32:04.134 I/SogouIME( 2402): onKeyUp: keyoCode=23
11-05 15:32:04.134 I/DefaultIMS( 2402): onKeyUp: keyoCode=23
11-05 15:32:04.138 V/MediaPlayer( 5742): resetDrmState: mDrmInfo=null mDrmProvisioningThread=null mPrepareDrmInProgress=false mActiveDrmScheme=false
11-05 15:32:04.138 V/MediaPlayer( 5742): cleanDrmObj: mDrmObj=null mDrmSessionId=null
11-05 15:32:04.144 W/nStackXCoAP( 3645): ParseDeviceJsonData:[149] :Can't find hicom version
11-05 15:32:04.144 D/nStackXCoAP( 3645): IsInSameNetwork:[276] :IsInSameNetwork exec
11-05 15:32:04.144 I/nStackXDFinder( 3645): GetLocalInterfaceDetail:[461] :GetLocalInterfaceDetail in
11-05 15:32:04.144 E/nStackXCoAP( 3645): IsInSameNetwork:[281] :IsInSameNetwork: not priority process
11-05 15:32:04.144 D/nStackXCoAP( 3645): ParseServiceDiscover:[330] :new device join
11-05 15:32:04.144 E/nStackXDFinder( 3645): GetLocalIp:[401] :GetLocalIp exec
11-05 15:32:04.151 W/MediaProvider( 1055): Failed to fetch original file descriptor
11-05 15:32:04.151 W/MediaProvider( 1055): java.io.FileNotFoundException: Input file descriptor is already original
11-05 15:32:04.151 W/MediaProvider( 1055): at com.android.providers.media.MediaProvider.getOriginalMediaFormatFileDescriptor(MediaProvider.java:5774)
11-05 15:32:04.151 W/MediaProvider( 1055): at com.android.providers.media.MediaProvider.openTypedAssetFileCommon(MediaProvider.java:7190)
11-05 15:32:04.151 W/MediaProvider( 1055): at com.android.providers.media.MediaProvider.openTypedAssetFile(MediaProvider.java:7171)
11-05 15:32:04.151 W/MediaProvider( 1055): at android.content.ContentProvider$Transport.openTypedAssetFile(ContentProvider.java:548)
11-05 15:32:04.151 W/MediaProvider( 1055): at android.content.ContentProviderNative.onTransact(ContentProviderNative.java:327)
11-05 15:32:04.151 W/MediaProvider( 1055): at android.os.Binder.execTransactInternal(Binder.java:1179)
11-05 15:32:04.151 W/MediaProvider( 1055): at android.os.Binder.execTransact(Binder.java:1143)
11-05 15:32:04.170 D/nStackXCoAP( 3645): CoapMessageHandler:[133] :2.01
11-05 15:32:04.186 D/MediaPlayerFactory( 360): Initialize getpersist = 0 value=
11-05 15:32:04.190 I/awplayer( 360): : process message XPLAYER_COMMAND_SET_SOURCE.
11-05 15:32:04.236 I/cling--ap-101( 3481): type=1400 audit(0.0:2308): avc: denied { search } for name="net" dev="sysfs" ino=10442 scontext=u:r:platform_app:s0:c512,c768 tcontext=u:object_r:sysfs_net:s0 tclass=dir permissive=1 app=com.dangbei.screencast
11-05 15:32:04.252 D/ ( 9343): enable_cedar_hw_clk,516
11-05 15:32:04.252 W/VE ( 9343): VE real_freq=648000000
11-05 15:32:04.246 W/awplayer( 360): : Set log level to 4
11-05 15:32:04.246 E/cedarc ( 360): : now cedarc log level:4
11-05 15:32:04.246 I/cedarc ( 360): : CreateVideoDecoder p:0xf20d8380
11-05 15:32:04.246 I/cedarc ( 360): : *** ic_version = 0x3301000012011,
11-05 15:32:04.252 D/SurfaceUtils( 360): connecting to surface 0xf2203808, reason setVideoSurfaceTexture
11-05 15:32:04.254 I/awplayer( 360): : xxxxxxxxxx video size: width = 1440, height = 1080
11-05 15:32:04.259 W/InputManager-JNI( 484): Input channel object 'eade7f1 com.dangbei.lerad.videoposter/com.dangbei.leradplayer.activity.PlayerActivity (client)' was disposed without first being removed with the input manager!
11-05 15:32:04.274 W/InputEventReceiver( 5742): Attempted to finish an input event but the input event receiver has already been disposed.
11-05 15:32:04.275 I/awplayer( 360): : isPlaying
11-05 15:32:04.284 D/Allwinner Audio Middle Layer( 360): ver : 2017-8-4-18-00 Create Decoder!!=====
11-05 15:32:04.284 D/Allwinner Audio Middle Layer( 360): ver : 2017-8-4-18-00 AudioDec_Installaudiolib ok
11-05 15:32:04.284 D/Allwinner Audio Middle Layer( 360): ver : 2017-8-4-18-00 audio decoder init start ...
11-05 15:32:04.285 D/AllwinnerAlibs( 360): ver : 2017-8-4-18-00
11-05 15:32:04.285 D/AllwinnerAlibs( 360): >>>>>>>>>>>>>>>>>>>>>>>>>>>>>>> Audio <<<<<<<<<<<<<<<<<<<<<<<<<<<<<<<
11-05 15:32:04.285 D/AllwinnerAlibs( 360): tag : audiocodec-v1.2
11-05 15:32:04.285 D/AllwinnerAlibs( 360): branch: new
11-05 15:32:04.285 D/AllwinnerAlibs( 360): commit: 3ba65962c01cbf1280ddda19d843009b6ef8ce85
11-05 15:32:04.285 D/AllwinnerAlibs( 360): date : Tue Jan 8 16:25:27 2019 +0800
11-05 15:32:04.285 D/AllwinnerAlibs( 360): ----------------------------------------------------------------------
11-05 15:32:04.286 D/AllwinnerAlibs( 360): ver : 2017-8-4-18-00 ----Loading so success!
11-05 15:32:04.286 D/AllwinnerAlibs( 360): ver : 2017-8-4-18-00 *************pAudioStreamInfo start******************
11-05 15:32:04.286 D/AllwinnerAlibs( 360): ver : 2017-8-4-18-00 eCodecFormat :id(6), name(dts audio)
11-05 15:32:04.286 D/AllwinnerAlibs( 360): ver : 2017-8-4-18-00 eSubCodecFormat :0
11-05 15:32:04.286 D/AllwinnerAlibs( 360): ver : 2017-8-4-18-00 nChannelNum :6
11-05 15:32:04.286 D/AllwinnerAlibs( 360): ver : 2017-8-4-18-00 nBitsPerSample :24
11-05 15:32:04.286 D/AllwinnerAlibs( 360): ver : 2017-8-4-18-00 nSampleRate :48000
11-05 15:32:04.286 D/AllwinnerAlibs( 360): ver : 2017-8-4-18-00 nAvgBitrate :0
11-05 15:32:04.286 D/AllwinnerAlibs( 360): ver : 2017-8-4-18-00 nMaxBitRate :0
11-05 15:32:04.286 D/AllwinnerAlibs( 360): ver : 2017-8-4-18-00 nFileSize :0
11-05 15:32:04.286 D/AllwinnerAlibs( 360): ver : 2017-8-4-18-00 eAudioBitstreamSource:0
11-05 15:32:04.286 D/AllwinnerAlibs( 360): ver : 2017-8-4-18-00 eDataEncodeType :1
11-05 15:32:04.286 D/AllwinnerAlibs( 360): ver : 2017-8-4-18-00 nCodecSpecificDataLen:0
11-05 15:32:04.286 D/AllwinnerAlibs( 360): ver : 2017-8-4-18-00 pCodecSpecificData :0x0
11-05 15:32:04.286 D/AllwinnerAlibs( 360): ver : 2017-8-4-18-00 nFlags :0
11-05 15:32:04.286 D/AllwinnerAlibs( 360): ver : 2017-8-4-18-00 nBlockAlign :0
11-05 15:32:04.286 D/AllwinnerAlibs( 360): ver : 2017-8-4-18-00 *************pAudioStreamInfo end ******************
11-05 15:32:04.287 D/Allwinner Audio Middle Layer( 360): ver : 2017-8-4-18-00 AUDIO DECODE INIT OK...0
11-05 15:32:04.289 I/awplayer( 360): : audio render process start message.
11-05 15:32:04.289 W/awplayer( 360): : message 0x40a not handled.
11-05 15:32:04.292 W/nStackXCoAP( 3645): ParseDeviceJsonData:[149] :Can't find hicom version
11-05 15:32:04.293 D/nStackXCoAP( 3645): IsInSameNetwork:[276] :IsInSameNetwork exec
11-05 15:32:04.293 I/nStackXDFinder( 3645): GetLocalInterfaceDetail:[461] :GetLocalInterfaceDetail in
11-05 15:32:04.293 E/nStackXCoAP( 3645): IsInSameNetwork:[281] :IsInSameNetwork: not priority process
11-05 15:32:04.293 D/nStackXCoAP( 3645): ParseServiceDiscover:[330] :new device join
11-05 15:32:04.293 E/nStackXDFinder( 3645): GetLocalIp:[401] :GetLocalIp exec
11-05 15:32:04.293 I/awplayer( 360): : audio render process pause message.
11-05 15:32:04.293 W/awplayer( 360): <__SdPause:622>: Invalid pause operation, sound device not in start status.
11-05 15:32:04.302 D/AllwinnerAlibs( 360): ver : 2017-8-4-18-00 ad_cedar seek sync ......nSeekTime:17342000
11-05 15:32:04.305 I/awplayer( 360): : audio render process reset message.
11-05 15:32:04.320 I/awplayer( 360): : audio render process start message.
11-05 15:32:04.328 D/AudioFlinger( 266): Client defaulted notificationFrames to 2610 for frameCount 5220
11-05 15:32:04.331 D/AF::TrackHandle( 266): OpPlayAudio: track:103 usage:1 not muted
11-05 15:32:04.341 I/awplayer( 360): : isPlaying
11-05 15:32:04.350 I/EffectsFactory( 247): EffectCreate() create_effect
11-05 15:32:04.365 E/EffectHalHidl( 266): Buffer provider callbacks are not supported
11-05 15:32:04.364 W/awplayer( 360): : submit +++video+++ stream data , pts is 17618.000 ms
11-05 15:32:04.370 W/awplayer( 360): : submit ---audio--- stream data , pts is 17621.000 ms
11-05 15:32:04.375 I/DefaultIMS( 2402): onStartInput attribute=android.view.inputmethod.EditorInfo@aa9a725 restarting=false inputType: 0
11-05 15:32:04.383 I/cedarc ( 360): : Video Stream Information:
11-05 15:32:04.383 I/cedarc ( 360): : codec = H264
11-05 15:32:04.383 I/cedarc ( 360): : width = 1440 pixels
11-05 15:32:04.383 I/cedarc ( 360): : height = 1080 pixels
11-05 15:32:04.383 I/cedarc ( 360): : frame rate = 59941
11-05 15:32:04.383 I/cedarc ( 360): : frame duration = 0 us
11-05 15:32:04.383 I/cedarc ( 360): : aspect ratio = 0
11-05 15:32:04.383 I/cedarc ( 360): : is 3D stream = no
11-05 15:32:04.383 I/cedarc ( 360): : Video Stream Information:
11-05 15:32:04.383 I/cedarc ( 360): : codec = H264
11-05 15:32:04.383 I/cedarc ( 360): : width = 1440 pixels
11-05 15:32:04.383 I/cedarc ( 360): : height = 1080 pixels
11-05 15:32:04.383 I/cedarc ( 360): : frame rate = 59941
11-05 15:32:04.383 I/cedarc ( 360): : frame duration = 0 us
11-05 15:32:04.383 I/cedarc ( 360): : aspect ratio = 0
11-05 15:32:04.383 I/cedarc ( 360): : is 3D stream = no
11-05 15:32:04.383 W/awplayer( 360): : do not need open deinterlace, video_size-1440x1080 > threshold_size-2048x1088! rate =59941!
11-05 15:32:04.389 I/gralloc ( 255): alloc buffer:W:1440 H:1088 S:1440 PL[1440 1088] SZ:2350144 fmt:842094169 if:0 af:842094169 usg:410960 fg:00000004
11-05 15:32:04.392 I/awplayer( 360): : isPlaying
11-05 15:32:04.393 W/awplayer( 360): <__SdStart:284>: Sound device already started.
11-05 15:32:04.399 W/[Gralloc-Warning]( 360): mali_gralloc_lock:288 Buffers with YUV compatible formats should be locked using GRALLOC1_FUNCTION_LOCK_FLEX. Requested format is:0x32315659
11-05 15:32:04.400 I/gralloc ( 255): alloc buffer:W:1440 H:1088 S:1440 PL[1440 1088] SZ:2350144 fmt:842094169 if:0 af:842094169 usg:410960 fg:00000004
11-05 15:32:04.406 W/[Gralloc-Warning]( 360): mali_gralloc_lock:288 Buffers with YUV compatible formats should be locked using GRALLOC1_FUNCTION_LOCK_FLEX. Requested format is:0x32315659
11-05 15:32:04.408 I/gralloc ( 255): alloc buffer:W:1440 H:1088 S:1440 PL[1440 1088] SZ:2350144 fmt:842094169 if:0 af:842094169 usg:410960 fg:00000004
11-05 15:32:04.409 W/[Gralloc-Warning]( 360): mali_gralloc_lock:288 Buffers with YUV compatible formats should be locked using GRALLOC1_FUNCTION_LOCK_FLEX. Requested format is:0x32315659
11-05 15:32:04.410 I/gralloc ( 255): alloc buffer:W:1440 H:1088 S:1440 PL[1440 1088] SZ:2350144 fmt:842094169 if:0 af:842094169 usg:410960 fg:00000004
11-05 15:32:04.412 W/[Gralloc-Warning]( 360): mali_gralloc_lock:288 Buffers with YUV compatible formats should be locked using GRALLOC1_FUNCTION_LOCK_FLEX. Requested format is:0x32315659
11-05 15:32:04.413 I/gralloc ( 255): alloc buffer:W:1440 H:1088 S:1440 PL[1440 1088] SZ:2350144 fmt:842094169 if:0 af:842094169 usg:410960 fg:00000004
11-05 15:32:04.426 D/nStackXCoAP( 3645): CoapMessageHandler:[133] :2.01
11-05 15:32:04.430 W/[Gralloc-Warning]( 360): mali_gralloc_lock:288 Buffers with YUV compatible formats should be locked using GRALLOC1_FUNCTION_LOCK_FLEX. Requested format is:0x32315659
11-05 15:32:04.432 I/gralloc ( 255): alloc buffer:W:1440 H:1088 S:1440 PL[1440 1088] SZ:2350144 fmt:842094169 if:0 af:842094169 usg:410960 fg:00000004
11-05 15:32:04.438 I/cedarc ( 360): : Video Stream Information:
11-05 15:32:04.438 I/cedarc ( 360): : codec = H264
11-05 15:32:04.438 I/cedarc ( 360): : width = 1440 pixels
11-05 15:32:04.438 I/cedarc ( 360): : height = 1080 pixels
11-05 15:32:04.438 I/cedarc ( 360): : frame rate = 59941
11-05 15:32:04.438 I/cedarc ( 360): : frame duration = 0 us
11-05 15:32:04.440 I/cedarc ( 360): : aspect ratio = 0
11-05 15:32:04.440 I/cedarc ( 360): : is 3D stream = no
11-05 15:32:04.442 W/[Gralloc-Warning]( 360): mali_gralloc_lock:288 Buffers with YUV compatible formats should be locked using GRALLOC1_FUNCTION_LOCK_FLEX. Requested format is:0x32315659
11-05 15:32:04.444 I/gralloc ( 255): alloc buffer:W:1440 H:1088 S:1440 PL[1440 1088] SZ:2350144 fmt:842094169 if:0 af:842094169 usg:410960 fg:00000004
11-05 15:32:04.445 W/nStackXCoAP( 3645): ParseDeviceJsonData:[149] :Can't find hicom version
11-05 15:32:04.445 D/nStackXCoAP( 3645): IsInSameNetwork:[276] :IsInSameNetwork exec
11-05 15:32:04.445 I/nStackXDFinder( 3645): GetLocalInterfaceDetail:[461] :GetLocalInterfaceDetail in
11-05 15:32:04.445 E/nStackXCoAP( 3645): IsInSameNetwork:[281] :IsInSameNetwork: not priority process
11-05 15:32:04.445 D/nStackXCoAP( 3645): ParseServiceDiscover:[330] :new device join
11-05 15:32:04.445 E/nStackXDFinder( 3645): GetLocalIp:[401] :GetLocalIp exec
11-05 15:32:04.448 W/[Gralloc-Warning]( 360): mali_gralloc_lock:288 Buffers with YUV compatible formats should be locked using GRALLOC1_FUNCTION_LOCK_FLEX. Requested format is:0x32315659
11-05 15:32:04.449 I/gralloc ( 255): alloc buffer:W:1440 H:1088 S:1440 PL[1440 1088] SZ:2350144 fmt:842094169 if:0 af:842094169 usg:410960 fg:00000004
11-05 15:32:04.454 W/[Gralloc-Warning]( 360): mali_gralloc_lock:288 Buffers with YUV compatible formats should be locked using GRALLOC1_FUNCTION_LOCK_FLEX. Requested format is:0x32315659
11-05 15:32:04.456 I/gralloc ( 255): alloc buffer:W:1440 H:1088 S:1440 PL[1440 1088] SZ:2350144 fmt:842094169 if:0 af:842094169 usg:410960 fg:00000004
11-05 15:32:04.458 W/[Gralloc-Warning]( 360): mali_gralloc_lock:288 Buffers with YUV compatible formats should be locked using GRALLOC1_FUNCTION_LOCK_FLEX. Requested format is:0x32315659
11-05 15:32:04.459 I/gralloc ( 255): alloc buffer:W:1440 H:1088 S:1440 PL[1440 1088] SZ:2350144 fmt:842094169 if:0 af:842094169 usg:410960 fg:00000004
11-05 15:32:04.462 W/[Gralloc-Warning]( 360): mali_gralloc_lock:288 Buffers with YUV compatible formats should be locked using GRALLOC1_FUNCTION_LOCK_FLEX. Requested format is:0x32315659
11-05 15:32:04.464 I/gralloc ( 255): alloc buffer:W:1440 H:1088 S:1440 PL[1440 1088] SZ:2350144 fmt:842094169 if:0 af:842094169 usg:410960 fg:00000004
11-05 15:32:04.465 D/nStackXCoAP( 3645): CoapMessageHandler:[133] :2.01
11-05 15:32:04.466 W/[Gralloc-Warning]( 360): mali_gralloc_lock:288 Buffers with YUV compatible formats should be locked using GRALLOC1_FUNCTION_LOCK_FLEX. Requested format is:0x32315659
11-05 15:32:04.469 I/gralloc ( 255): alloc buffer:W:1440 H:1088 S:1440 PL[1440 1088] SZ:2350144 fmt:842094169 if:0 af:842094169 usg:410960 fg:00000004
11-05 15:32:04.471 W/[Gralloc-Warning]( 360): mali_gralloc_lock:288 Buffers with YUV compatible formats should be locked using GRALLOC1_FUNCTION_LOCK_FLEX. Requested format is:0x32315659
11-05 15:32:04.473 I/gralloc ( 255): alloc buffer:W:1440 H:1088 S:1440 PL[1440 1088] SZ:2350144 fmt:842094169 if:0 af:842094169 usg:410960 fg:00000004
11-05 15:32:04.474 W/[Gralloc-Warning]( 360): mali_gralloc_lock:288 Buffers with YUV compatible formats should be locked using GRALLOC1_FUNCTION_LOCK_FLEX. Requested format is:0x32315659
11-05 15:32:04.475 I/gralloc ( 255): alloc buffer:W:1440 H:1088 S:1440 PL[1440 1088] SZ:2350144 fmt:842094169 if:0 af:842094169 usg:410960 fg:00000004
11-05 15:32:04.476 W/[Gralloc-Warning]( 360): mali_gralloc_lock:288 Buffers with YUV compatible formats should be locked using GRALLOC1_FUNCTION_LOCK_FLEX. Requested format is:0x32315659
11-05 15:32:04.478 I/awplayer( 360): : xxxxxxxxxx video size : width = 1440, height = 1080
11-05 15:32:04.479 W/MediaPlayerNative( 5742): info/warning (3, 0)
11-05 15:32:04.480 I/awplayer( 360): : isPlaying
11-05 15:32:04.488 W/awplayer( 360): : message 0x40a not handled.
11-05 15:32:04.488 W/awplayer( 360): : sample rate change from 48000 to 48000.
11-05 15:32:04.488 W/awplayer( 360): : channel num change from 6 to 2.
11-05 15:32:04.488 W/awplayer( 360): : bitPerSample num change from 16 to 16.
11-05 15:32:04.488 W/awplayer( 360): : if need direct out put flag change from 0 to 1.
11-05 15:32:04.488 W/awplayer( 360): : data type change from 1 to 7.
11-05 15:32:04.493 W/awplayer( 360): : start sound devide again because samplaRate or channelNum change
11-05 15:32:04.497 W/ServiceUtilities( 266): doIsAllowed: Playback capture for uid 1013 is denied as no package name could be retrieved from the package manager.
11-05 15:32:04.500 I/AudioFlinger( 266): openOutput() this 0xee3b1000, module 10 Device type:0x2,@:, SamplingRate 48000, Format 0xb000000, Channels 0x3, flags 0x1
11-05 15:32:04.500 D/audio_hw_primary( 247): adev_open_output_stream
11-05 15:32:04.500 V/audio_hw_primary( 247): adev_open_output_stream, flags: 1
11-05 15:32:04.500 D/audio_hw_primary( 247): config format 0xb000000 raw_flag 7
11-05 15:32:04.500 V/audio_hw_primary( 247): +++++++++++++++ adev_open_output_stream: req_sample_rate: 48000, fmt: b000000, channel_count: 3
11-05 15:32:04.505 I/AudioFlinger( 266): HAL output buffer size 2048 frames, normal sink buffer size 2048 frames
11-05 15:32:04.506 D/AudioFlinger( 266): Failed to add event callback
11-05 15:32:04.510 D/UtilLog ( 2450): 日志批量上报 进行正常循环 !!!!!!本次有0次请求,共0条数据
11-05 15:32:04.514 I/AudioFlinger( 266): AudioFlinger's thread 0xee00f580 tid=9352 ready to run
11-05 15:32:04.519 D/AudioFlinger( 266): ro.audio.silent is ignored since no output device is set
11-05 15:32:04.521 D/audio_hw_primary( 247): out_standby
11-05 15:32:04.525 D/AudioFlinger( 266): ro.audio.silent is ignored since no output device is set
11-05 15:32:04.546 D/AudioFlinger( 266): Client defaulted notificationFrames to 2050 for frameCount 4100
11-05 15:32:04.550 D/AF::TrackHandle( 266): OpPlayAudio: not muting track:104 usage:1 for service UID 1013
11-05 15:32:04.577 W/nStackXCoAP( 3645): ParseDeviceJsonData:[149] :Can't find hicom version
11-05 15:32:04.577 D/nStackXCoAP( 3645): IsInSameNetwork:[276] :IsInSameNetwork exec
11-05 15:32:04.577 I/nStackXDFinder( 3645): GetLocalInterfaceDetail:[461] :GetLocalInterfaceDetail in
11-05 15:32:04.577 E/nStackXCoAP( 3645): IsInSameNetwork:[281] :IsInSameNetwork: not priority process
11-05 15:32:04.577 D/nStackXCoAP( 3645): ParseServiceDiscover:[330] :new device join
11-05 15:32:04.577 E/nStackXDFinder( 3645): GetLocalIp:[401] :GetLocalIp exec
11-05 15:32:04.600 D/nStackXCoAP( 3645): CoapMessageHandler:[133] :2.01
11-05 15:32:04.619 V/audio_hw_primary( 247): adev_create_audio_patch num_sources: 1, num_sinks: 1
11-05 15:32:04.619 V/audio_hw_primary( 247): playback device: 2
11-05 15:32:04.665 E/WifiHAL ( 664): wifi_get_link_stats: requestResponse Error:-5
11-05 15:32:04.667 E/WifiVendorHal( 484): getWifiLinkLayerStats_1_5_Internal(l.1191) failed {.code = ERROR_INVALID_ARGS, .description = }
11-05 15:32:04.682 D/audio_hw_primary( 247): start_output_stream out->format : 0x0b000000
11-05 15:32:04.683 E/audio_hw_primary( 247): adev->active_output(0xeac94000) format : 0 standby
11-05 15:32:04.728 V/audio_hw_primary( 247): start_output_stream, line: 1503
11-05 15:32:04.728 V/audio_hw_primary( 247): use AUDIO_HDMI to playback audio
11-05 15:32:04.728 D/audio_hw_primary( 247): card[HDMI_RAW] use hdmi pcm config, spr : 48000
11-05 15:32:04.728 D/audio_hw_primary( 247): open card=3, port=0
11-05 15:32:04.728 D/audio_hw_primary( 247): config:2 48000 2048 2 0 0 7 0
11-05 15:32:04.728 D/audio_hw_primary( 247): set_raw_flag(card=3, raw_flag=7)
11-05 15:32:04.729 D/audio_hw_primary( 247): set_raw_flag control_name = audio data format control_value DTS)
11-05 15:32:04.729 D/audio_hw_primary( 247): ahub use hdmi pcm config, hdmicard : 3, spr : 48000
11-05 15:32:04.733 V/audio_hw_primary( 247): do not use out resampler
11-05 15:32:04.736 I/ ( 9354): HDMI Audio Enable Successfully
11-05 15:32:04.743 W/nStackXCoAP( 3645): ParseDeviceJsonData:[149] :Can't find hicom version
11-05 15:32:04.744 D/nStackXCoAP( 3645): IsInSameNetwork:[276] :IsInSameNetwork exec
11-05 15:32:04.746 I/nStackXDFinder( 3645): GetLocalInterfaceDetail:[461] :GetLocalInterfaceDetail in
11-05 15:32:04.746 E/nStackXCoAP( 3645): IsInSameNetwork:[281] :IsInSameNetwork: not priority process
11-05 15:32:04.746 D/nStackXCoAP( 3645): ParseServiceDiscover:[330] :new device join
11-05 15:32:04.746 E/nStackXDFinder( 3645): GetLocalIp:[401] :GetLocalIp exec
11-05 15:32:04.757 D/nStackXCoAP( 3645): CoapMessageHandler:[133] :2.01
11-05 15:32:04.903 W/nStackXCoAP( 3645): ParseDeviceJsonData:[149] :Can't find hicom version
11-05 15:32:04.903 D/nStackXCoAP( 3645): IsInSameNetwork:[276] :IsInSameNetwork exec
11-05 15:32:04.903 I/nStackXDFinder( 3645): GetLocalInterfaceDetail:[461] :GetLocalInterfaceDetail in
11-05 15:32:04.903 E/nStackXCoAP( 3645): IsInSameNetwork:[281] :IsInSameNetwork: not priority process
11-05 15:32:04.903 D/nStackXCoAP( 3645): ParseServiceDiscover:[330] :new device join
11-05 15:32:04.909 E/nStackXDFinder( 3645): GetLocalIp:[401] :GetLocalIp exec
11-05 15:32:04.941 D/nStackXCoAP( 3645): CoapMessageHandler:[133] :2.01
11-05 15:32:05.017 W/nStackXCoAP( 3645): ParseDeviceJsonData:[149] :Can't find hicom version
11-05 15:32:05.017 D/nStackXCoAP( 3645): IsInSameNetwork:[276] :IsInSameNetwork exec
11-05 15:32:05.017 I/nStackXDFinder( 3645): GetLocalInterfaceDetail:[461] :GetLocalInterfaceDetail in
11-05 15:32:05.017 E/nStackXCoAP( 3645): IsInSameNetwork:[281] :IsInSameNetwork: not priority process
11-05 15:32:05.018 D/nStackXCoAP( 3645): ParseServiceDiscover:[330] :new device join
11-05 15:32:05.018 E/nStackXDFinder( 3645): GetLocalIp:[401] :GetLocalIp exec
11-05 15:32:05.031 D/nStackXCoAP( 3645): CoapMessageHandler:[133] :2.01
11-05 15:32:05.115 W/IorapForwardingService( 484): No service published for: iorapd
11-05 15:32:05.158 W/nStackXCoAP( 3645): ParseDeviceJsonData:[149] :Can't find hicom version
11-05 15:32:05.158 D/nStackXCoAP( 3645): IsInSameNetwork:[276] :IsInSameNetwork exec
11-05 15:32:05.158 I/nStackXDFinder( 3645): GetLocalInterfaceDetail:[461] :GetLocalInterfaceDetail in
11-05 15:32:05.158 E/nStackXCoAP( 3645): IsInSameNetwork:[281] :IsInSameNetwork: not priority process
11-05 15:32:05.159 D/nStackXCoAP( 3645): ParseServiceDiscover:[330] :new device join
11-05 15:32:05.159 E/nStackXDFinder( 3645): GetLocalIp:[401] :GetLocalIp exec
11-05 15:32:05.193 D/nStackXCoAP( 3645): CoapMessageHandler:[133] :2.01
11-05 15:32:05.307 W/nStackXCoAP( 3645): ParseDeviceJsonData:[149] :Can't find hicom version
11-05 15:32:05.307 D/nStackXCoAP( 3645): IsInSameNetwork:[276] :IsInSameNetwork exec
11-05 15:32:05.307 I/nStackXDFinder( 3645): GetLocalInterfaceDetail:[461] :GetLocalInterfaceDetail in
11-05 15:32:05.307 E/nStackXCoAP( 3645): IsInSameNetwork:[281] :IsInSameNetwork: not priority process
11-05 15:32:05.307 D/nStackXCoAP( 3645): ParseServiceDiscover:[330] :new device join
11-05 15:32:05.307 E/nStackXDFinder( 3645): GetLocalIp:[401] :GetLocalIp exec
11-05 15:32:05.320 D/nStackXCoAP( 3645): CoapMessageHandler:[133] :2.01
11-05 15:32:05.653 I/cedarc ( 360): : stream buffer 0 ring back.
11-05 15:32:05.654 I/cedarc ( 360): : stream buffer 0 ring back.
11-05 15:32:05.683 W/nStackXCoAP( 3645): ParseDeviceJsonData:[149] :Can't find hicom version
11-05 15:32:05.683 D/nStackXCoAP( 3645): IsInSameNetwork:[276] :IsInSameNetwork exec
11-05 15:32:05.683 I/nStackXDFinder( 3645): GetLocalInterfaceDetail:[461] :GetLocalInterfaceDetail in
11-05 15:32:05.683 E/nStackXCoAP( 3645): IsInSameNetwork:[281] :IsInSameNetwork: not priority process
11-05 15:32:05.683 D/nStackXCoAP( 3645): ParseServiceDiscover:[330] :new device join
11-05 15:32:05.683 E/nStackXDFinder( 3645): GetLocalIp:[401] :GetLocalIp exec
11-05 15:32:05.720 D/nStackXCoAP( 3645): CoapMessageHandler:[133] :2.01
11-05 15:32:05.737 W/nStackXCoAP( 3645): ParseDeviceJsonData:[149] :Can't find hicom version
11-05 15:32:05.737 D/nStackXCoAP( 3645): IsInSameNetwork:[276] :IsInSameNetwork exec
11-05 15:32:05.737 I/nStackXDFinder( 3645): GetLocalInterfaceDetail:[461] :GetLocalInterfaceDetail in
11-05 15:32:05.737 E/nStackXCoAP( 3645): IsInSameNetwork:[281] :IsInSameNetwork: not priority process
11-05 15:32:05.737 D/nStackXCoAP( 3645): ParseServiceDiscover:[330] :new device join
11-05 15:32:05.738 E/nStackXDFinder( 3645): GetLocalIp:[401] :GetLocalIp exec
11-05 15:32:05.756 D/nStackXCoAP( 3645): CoapMessageHandler:[133] :2.01
11-05 15:32:05.873 W/nStackXCoAP( 3645): ParseDeviceJsonData:[149] :Can't find hicom version
11-05 15:32:05.873 D/nStackXCoAP( 3645): IsInSameNetwork:[276] :IsInSameNetwork exec
11-05 15:32:05.873 I/nStackXDFinder( 3645): GetLocalInterfaceDetail:[461] :GetLocalInterfaceDetail in
11-05 15:32:05.873 E/nStackXCoAP( 3645): IsInSameNetwork:[281] :IsInSameNetwork: not priority process
11-05 15:32:05.873 D/nStackXCoAP( 3645): ParseServiceDiscover:[330] :new device join
11-05 15:32:05.873 E/nStackXDFinder( 3645): GetLocalIp:[401] :GetLocalIp exec
11-05 15:32:05.872 I/cling--ap-101( 3481): type=1400 audit(0.0:2309): avc: denied { read } for name="address" dev="sysfs" ino=16906 scontext=u:r:platform_app:s0:c512,c768 tcontext=u:object_r:sysfs_net:s0 tclass=file permissive=1 app=com.dangbei.screencast
11-05 15:32:05.872 I/cling--ap-101( 3481): type=1400 audit(0.0:2310): avc: denied { open } for path="/sys/devices/virtual/net/dummy0/address" dev="sysfs" ino=16906 scontext=u:r:platform_app:s0:c512,c768 tcontext=u:object_r:sysfs_net:s0 tclass=file permissive=1 app=com.dangbei.screencast
11-05 15:32:05.872 I/cling--ap-101( 3481): type=1400 audit(0.0:2311): avc: denied { getattr } for path="/sys/devices/virtual/net/dummy0/address" dev="sysfs" ino=16906 scontext=u:r:platform_app:s0:c512,c768 tcontext=u:object_r:sysfs_net:s0 tclass=file permissive=1 app=com.dangbei.screencast
11-05 15:32:05.895 D/nStackXCoAP( 3645): CoapMessageHandler:[133] :2.01
11-05 15:32:05.953 I/TDLog ( 2450): [APP] New data found, Submitting...
11-05 15:32:05.974 I/TDLog ( 2450): [APP] Failed to submit data!
11-05 15:32:06.011 W/nStackXCoAP( 3645): ParseDeviceJsonData:[149] :Can't find hicom version
11-05 15:32:06.011 D/nStackXCoAP( 3645): IsInSameNetwork:[276] :IsInSameNetwork exec
11-05 15:32:06.011 I/nStackXDFinder( 3645): GetLocalInterfaceDetail:[461] :GetLocalInterfaceDetail in
11-05 15:32:06.011 E/nStackXCoAP( 3645): IsInSameNetwork:[281] :IsInSameNetwork: not priority process
11-05 15:32:06.011 D/nStackXCoAP( 3645): ParseServiceDiscover:[330] :new device join
11-05 15:32:06.011 E/nStackXDFinder( 3645): GetLocalIp:[401] :GetLocalIp exec
11-05 15:32:06.024 D/nStackXCoAP( 3645): CoapMessageHandler:[133] :2.01
11-05 15:32:06.117 W/IorapForwardingService( 484): No service published for: iorapd
11-05 15:32:06.150 W/nStackXCoAP( 3645): ParseDeviceJsonData:[149] :Can't find hicom version
11-05 15:32:06.150 D/nStackXCoAP( 3645): IsInSameNetwork:[276] :IsInSameNetwork exec
11-05 15:32:06.150 I/nStackXDFinder( 3645): GetLocalInterfaceDetail:[461] :GetLocalInterfaceDetail in
11-05 15:32:06.150 E/nStackXCoAP( 3645): IsInSameNetwork:[281] :IsInSameNetwork: not priority process
11-05 15:32:06.150 D/nStackXCoAP( 3645): ParseServiceDiscover:[330] :new device join
11-05 15:32:06.150 E/nStackXDFinder( 3645): GetLocalIp:[401] :GetLocalIp exec
11-05 15:32:06.165 D/nStackXCoAP( 3645): CoapMessageHandler:[133] :2.01
11-05 15:32:06.399 W/nStackXCoAP( 3645): ParseDeviceJsonData:[149] :Can't find hicom version
11-05 15:32:06.399 D/nStackXCoAP( 3645): IsInSameNetwork:[276] :IsInSameNetwork exec
11-05 15:32:06.399 I/nStackXDFinder( 3645): GetLocalInterfaceDetail:[461] :GetLocalInterfaceDetail in
11-05 15:32:06.399 E/nStackXCoAP( 3645): IsInSameNetwork:[281] :IsInSameNetwork: not priority process
11-05 15:32:06.399 D/nStackXCoAP( 3645): ParseServiceDiscover:[330] :new device join
11-05 15:32:06.399 E/nStackXDFinder( 3645): GetLocalIp:[401] :GetLocalIp exec
11-05 15:32:06.434 D/nStackXCoAP( 3645): CoapMessageHandler:[133] :2.01
11-05 15:32:06.816 W/nStackXCoAP( 3645): ParseDeviceJsonData:[149] :Can't find hicom version
11-05 15:32:06.816 D/nStackXCoAP( 3645): IsInSameNetwork:[276] :IsInSameNetwork exec
11-05 15:32:06.816 I/nStackXDFinder( 3645): GetLocalInterfaceDetail:[461] :GetLocalInterfaceDetail in
11-05 15:32:06.816 E/nStackXCoAP( 3645): IsInSameNetwork:[281] :IsInSameNetwork: not priority process
11-05 15:32:06.816 D/nStackXCoAP( 3645): ParseServiceDiscover:[330] :new device join
11-05 15:32:06.816 E/nStackXDFinder( 3645): GetLocalIp:[401] :GetLocalIp exec
11-05 15:32:06.886 D/nStackXCoAP( 3645): CoapMessageHandler:[133] :2.01
11-05 15:32:06.915 W/nStackXCoAP( 3645): ParseDeviceJsonData:[149] :Can't find hicom version
11-05 15:32:06.915 D/nStackXCoAP( 3645): IsInSameNetwork:[276] :IsInSameNetwork exec
11-05 15:32:06.915 I/nStackXDFinder( 3645): GetLocalInterfaceDetail:[461] :GetLocalInterfaceDetail in
11-05 15:32:06.915 E/nStackXCoAP( 3645): IsInSameNetwork:[281] :IsInSameNetwork: not priority process
11-05 15:32:06.915 D/nStackXCoAP( 3645): ParseServiceDiscover:[330] :new device join
11-05 15:32:06.915 E/nStackXDFinder( 3645): GetLocalIp:[401] :GetLocalIp exec
11-05 15:32:06.935 D/nStackXCoAP( 3645): CoapMessageHandler:[133] :2.01
11-05 15:32:07.005 W/nStackXCoAP( 3645): ParseDeviceJsonData:[149] :Can't find hicom version
11-05 15:32:07.005 D/nStackXCoAP( 3645): IsInSameNetwork:[276] :IsInSameNetwork exec
11-05 15:32:07.005 I/nStackXDFinder( 3645): GetLocalInterfaceDetail:[461] :GetLocalInterfaceDetail in
11-05 15:32:07.005 E/nStackXCoAP( 3645): IsInSameNetwork:[281] :IsInSameNetwork: not priority process
11-05 15:32:07.005 D/nStackXCoAP( 3645): ParseServiceDiscover:[330] :new device join
11-05 15:32:07.005 E/nStackXDFinder( 3645): GetLocalIp:[401] :GetLocalIp exec
11-05 15:32:07.028 D/nStackXCoAP( 3645): CoapMessageHandler:[133] :2.01
11-05 15:32:07.122 W/IorapForwardingService( 484): No service published for: iorapd
11-05 15:32:07.220 W/nStackXCoAP( 3645): ParseDeviceJsonData:[149] :Can't find hicom version
11-05 15:32:07.220 D/nStackXCoAP( 3645): IsInSameNetwork:[276] :IsInSameNetwork exec
11-05 15:32:07.220 I/nStackXDFinder( 3645): GetLocalInterfaceDetail:[461] :GetLocalInterfaceDetail in
11-05 15:32:07.220 E/nStackXCoAP( 3645): IsInSameNetwork:[281] :IsInSameNetwork: not priority process
11-05 15:32:07.220 D/nStackXCoAP( 3645): ParseServiceDiscover:[330] :new device join
11-05 15:32:07.220 E/nStackXDFinder( 3645): GetLocalIp:[401] :GetLocalIp exec
11-05 15:32:07.226 E/TaskPersister( 484): File error accessing recents directory (directory doesn't exist?).
11-05 15:32:07.247 D/nStackXCoAP( 3645): CoapMessageHandler:[133] :2.01
11-05 15:32:07.325 W/nStackXCoAP( 3645): ParseDeviceJsonData:[149] :Can't find hicom version
11-05 15:32:07.325 D/nStackXCoAP( 3645): IsInSameNetwork:[276] :IsInSameNetwork exec
11-05 15:32:07.325 I/nStackXDFinder( 3645): GetLocalInterfaceDetail:[461] :GetLocalInterfaceDetail in
11-05 15:32:07.325 E/nStackXCoAP( 3645): IsInSameNetwork:[281] :IsInSameNetwork: not priority process
11-05 15:32:07.325 D/nStackXCoAP( 3645): ParseServiceDiscover:[330] :new device join
11-05 15:32:07.326 E/nStackXDFinder( 3645): GetLocalIp:[401] :GetLocalIp exec
11-05 15:32:07.342 D/nStackXCoAP( 3645): CoapMessageHandler:[133] :2.01
11-05 15:32:07.432 W/nStackXCoAP( 3645): ParseDeviceJsonData:[149] :Can't find hicom version
11-05 15:32:07.432 D/nStackXCoAP( 3645): IsInSameNetwork:[276] :IsInSameNetwork exec
11-05 15:32:07.432 I/nStackXDFinder( 3645): GetLocalInterfaceDetail:[461] :GetLocalInterfaceDetail in
11-05 15:32:07.432 E/nStackXCoAP( 3645): IsInSameNetwork:[281] :IsInSameNetwork: not priority process
11-05 15:32:07.432 D/nStackXCoAP( 3645): ParseServiceDiscover:[330] :new device join
11-05 15:32:07.432 E/nStackXDFinder( 3645): GetLocalIp:[401] :GetLocalIp exec
11-05 15:32:07.454 D/nStackXCoAP( 3645): CoapMessageHandler:[133] :2.01
11-05 15:32:07.628 W/nStackXCoAP( 3645): ParseDeviceJsonData:[149] :Can't find hicom version
11-05 15:32:07.628 D/nStackXCoAP( 3645): IsInSameNetwork:[276] :IsInSameNetwork exec
11-05 15:32:07.628 I/nStackXDFinder( 3645): GetLocalInterfaceDetail:[461] :GetLocalInterfaceDetail in
11-05 15:32:07.628 E/nStackXCoAP( 3645): IsInSameNetwork:[281] :IsInSameNetwork: not priority process
11-05 15:32:07.628 D/nStackXCoAP( 3645): ParseServiceDiscover:[330] :new device join
11-05 15:32:07.628 E/nStackXDFinder( 3645): GetLocalIp:[401] :GetLocalIp exec
11-05 15:32:07.640 D/nStackXCoAP( 3645): CoapMessageHandler:[133] :2.01
11-05 15:32:07.687 E/WifiHAL ( 664): wifi_get_link_stats: requestResponse Error:-5
11-05 15:32:07.689 E/WifiVendorHal( 484): getWifiLinkLayerStats_1_5_Internal(l.1191) failed {.code = ERROR_INVALID_ARGS, .description = }
11-05 15:32:07.723 W/nStackXCoAP( 3645): ParseDeviceJsonData:[149] :Can't find hicom version
11-05 15:32:07.723 D/nStackXCoAP( 3645): IsInSameNetwork:[276] :IsInSameNetwork exec
11-05 15:32:07.724 I/nStackXDFinder( 3645): GetLocalInterfaceDetail:[461] :GetLocalInterfaceDetail in
11-05 15:32:07.724 E/nStackXCoAP( 3645): IsInSameNetwork:[281] :IsInSameNetwork: not priority process
11-05 15:32:07.724 D/nStackXCoAP( 3645): ParseServiceDiscover:[330] :new device join
11-05 15:32:07.724 E/nStackXDFinder( 3645): GetLocalIp:[401] :GetLocalIp exec
11-05 15:32:07.746 D/nStackXCoAP( 3645): CoapMessageHandler:[133] :2.01
11-05 15:32:07.866 W/nStackXCoAP( 3645): ParseDeviceJsonData:[149] :Can't find hicom version
11-05 15:32:07.867 D/nStackXCoAP( 3645): IsInSameNetwork:[276] :IsInSameNetwork exec
11-05 15:32:07.867 I/nStackXDFinder( 3645): GetLocalInterfaceDetail:[461] :GetLocalInterfaceDetail in
11-05 15:32:07.867 E/nStackXCoAP( 3645): IsInSameNetwork:[281] :IsInSameNetwork: not priority process
11-05 15:32:07.867 D/nStackXCoAP( 3645): ParseServiceDiscover:[330] :new device join
11-05 15:32:07.867 E/nStackXDFinder( 3645): GetLocalIp:[401] :GetLocalIp exec
11-05 15:32:07.883 D/nStackXCoAP( 3645): CoapMessageHandler:[133] :2.01
11-05 15:32:08.040 W/nStackXCoAP( 3645): ParseDeviceJsonData:[149] :Can't find hicom version
11-05 15:32:08.040 D/nStackXCoAP( 3645): IsInSameNetwork:[276] :IsInSameNetwork exec
11-05 15:32:08.040 I/nStackXDFinder( 3645): GetLocalInterfaceDetail:[461] :GetLocalInterfaceDetail in
11-05 15:32:08.040 E/nStackXCoAP( 3645): IsInSameNetwork:[281] :IsInSameNetwork: not priority process
11-05 15:32:08.040 D/nStackXCoAP( 3645): ParseServiceDiscover:[330] :new device join
11-05 15:32:08.040 E/nStackXDFinder( 3645): GetLocalIp:[401] :GetLocalIp exec
11-05 15:32:08.056 D/nStackXCoAP( 3645): CoapMessageHandler:[133] :2.01
11-05 15:32:08.124 W/IorapForwardingService( 484): No service published for: iorapd
11-05 15:32:08.146 W/nStackXCoAP( 3645): ParseDeviceJsonData:[149] :Can't find hicom version
11-05 15:32:08.146 D/nStackXCoAP( 3645): IsInSameNetwork:[276] :IsInSameNetwork exec
11-05 15:32:08.146 I/nStackXDFinder( 3645): GetLocalInterfaceDetail:[461] :GetLocalInterfaceDetail in
11-05 15:32:08.146 E/nStackXCoAP( 3645): IsInSameNetwork:[281] :IsInSameNetwork: not priority process
11-05 15:32:08.146 D/nStackXCoAP( 3645): ParseServiceDiscover:[330] :new device join
11-05 15:32:08.146 E/nStackXDFinder( 3645): GetLocalIp:[401] :GetLocalIp exec
11-05 15:32:08.170 D/nStackXCoAP( 3645): CoapMessageHandler:[133] :2.01
11-05 15:32:08.290 W/nStackXCoAP( 3645): ParseDeviceJsonData:[149] :Can't find hicom version
11-05 15:32:08.290 D/nStackXCoAP( 3645): IsInSameNetwork:[276] :IsInSameNetwork exec
11-05 15:32:08.290 I/nStackXDFinder( 3645): GetLocalInterfaceDetail:[461] :GetLocalInterfaceDetail in
11-05 15:32:08.290 E/nStackXCoAP( 3645): IsInSameNetwork:[281] :IsInSameNetwork: not priority process
11-05 15:32:08.290 D/nStackXCoAP( 3645): ParseServiceDiscover:[330] :new device join
11-05 15:32:08.290 E/nStackXDFinder( 3645): GetLocalIp:[401] :GetLocalIp exec
11-05 15:32:08.311 D/nStackXCoAP( 3645): CoapMessageHandler:[133] :2.01
11-05 15:32:08.437 W/nStackXCoAP( 3645): ParseDeviceJsonData:[149] :Can't find hicom version
11-05 15:32:08.437 D/nStackXCoAP( 3645): IsInSameNetwork:[276] :IsInSameNetwork exec
11-05 15:32:08.437 I/nStackXDFinder( 3645): GetLocalInterfaceDetail:[461] :GetLocalInterfaceDetail in
11-05 15:32:08.437 E/nStackXCoAP( 3645): IsInSameNetwork:[281] :IsInSameNetwork: not priority process
11-05 15:32:08.437 D/nStackXCoAP( 3645): ParseServiceDiscover:[330] :new device join
11-05 15:32:08.437 E/nStackXDFinder( 3645): GetLocalIp:[401] :GetLocalIp exec
11-05 15:32:08.462 D/nStackXCoAP( 3645): CoapMessageHandler:[133] :2.01
11-05 15:32:08.652 W/nStackXCoAP( 3645): ParseDeviceJsonData:[149] :Can't find hicom version
11-05 15:32:08.653 D/nStackXCoAP( 3645): IsInSameNetwork:[276] :IsInSameNetwork exec
11-05 15:32:08.653 I/nStackXDFinder( 3645): GetLocalInterfaceDetail:[461] :GetLocalInterfaceDetail in
11-05 15:32:08.653 E/nStackXCoAP( 3645): IsInSameNetwork:[281] :IsInSameNetwork: not priority process
11-05 15:32:08.653 D/nStackXCoAP( 3645): ParseServiceDiscover:[330] :new device join
11-05 15:32:08.653 E/nStackXDFinder( 3645): GetLocalIp:[401] :GetLocalIp exec
11-05 15:32:08.693 D/nStackXCoAP( 3645): CoapMessageHandler:[133] :2.01
11-05 15:32:09.127 W/IorapForwardingService( 484): No service published for: iorapd
11-05 15:32:09.974 I/cedarc ( 360): : stream buffer 0 ring back.
11-05 15:32:09.981 I/BLEAudioDrive_HV410( 247): data len: 9 1
11-05 15:32:09.981 D/TvWindowManager( 484): key event key = KEYCODE_BACK down = true
11-05 15:32:09.990 D/GpioService( 484): mFlickerEnable = true
11-05 15:32:10.116 I/BLEAudioDrive_HV410( 247): data len: 9 1
11-05 15:32:10.116 I/BLEAudioDrive_HV410( 247): keyboard stop
11-05 15:32:10.117 D/TvWindowManager( 484): key event key = KEYCODE_BACK down = false
11-05 15:32:10.119 D/AutofillManagerService( 484): onBackKeyPressed()
11-05 15:32:10.129 W/IorapForwardingService( 484): No service published for: iorapd
11-05 15:32:10.131 D/GpioService( 484): mFlickerEnable = true
11-05 15:32:10.133 I/SogouIME( 2402): onKeyDown: keyoCode=4
11-05 15:32:10.133 I/DefaultIMS( 2402): onKeyDown: keyoCode=4
11-05 15:32:10.143 I/SogouIME( 2402): onKeyUp: keyoCode=4
11-05 15:32:10.144 I/DefaultIMS( 2402): onKeyUp: keyoCode=4
11-05 15:32:10.144 I/NotificationService( 484): cancelToast pkg=com.dangbei.lerad.videoposter token=android.os.BinderProxy@3547179
11-05 15:32:10.144 W/NotificationService( 484): Toast already cancelled. pkg=com.dangbei.lerad.videoposter token=android.os.BinderProxy@3547179
11-05 15:32:10.170 I/gralloc ( 255): alloc buffer:W:240 H:75 S:240 PL[240 75] SZ:72000 fmt:1 if:0 af:1 usg:20000b00 fg:00000004
11-05 15:32:10.171 I/gralloc ( 255): alloc buffer:W:240 H:75 S:240 PL[240 75] SZ:72000 fmt:1 if:0 af:1 usg:20000b00 fg:00000004
11-05 15:32:10.172 I/gralloc ( 255): alloc buffer:W:240 H:75 S:240 PL[240 75] SZ:72000 fmt:1 if:0 af:1 usg:20000b00 fg:00000004
11-05 15:32:10.460 W/WindowManager( 484): removeWindowToken: Attempted to remove non-existing token: android.os.Binder@33c2d29
11-05 15:32:10.590 I/BLEAudioDrive_HV410( 247): data len: 9 1
11-05 15:32:10.590 D/TvWindowManager( 484): key event key = KEYCODE_BACK down = true
11-05 15:32:10.596 D/GpioService( 484): mFlickerEnable = true
11-05 15:32:10.707 E/WifiHAL ( 664): wifi_get_link_stats: requestResponse Error:-5
11-05 15:32:10.710 E/WifiVendorHal( 484): getWifiLinkLayerStats_1_5_Internal(l.1191) failed {.code = ERROR_INVALID_ARGS, .description = }
11-05 15:32:10.740 D/GpioService( 484): mFlickerEnable = true
11-05 15:32:10.742 I/SogouIME( 2402): onKeyDown: keyoCode=4
11-05 15:32:10.742 I/DefaultIMS( 2402): onKeyDown: keyoCode=4
11-05 15:32:10.756 I/awplayer( 360): : audio render process stop message.
11-05 15:32:10.758 I/BLEAudioDrive_HV410( 247): data len: 9 1
11-05 15:32:10.758 I/BLEAudioDrive_HV410( 247): keyboard stop
11-05 15:32:10.758 D/TvWindowManager( 484): key event key = KEYCODE_BACK down = false
11-05 15:32:10.760 D/AutofillManagerService( 484): onBackKeyPressed()
11-05 15:32:10.784 D/AllwinnerAlibs( 360): ver : 2017-8-4-18-00 ----dlclose so success!
11-05 15:32:10.811 E/BufferQueueProducer( 5742): [SurfaceView[com.dangbei.lerad.videoposter/com.dangbei.leradplayer.activity.PlayerActivity]#91(BLAST Consumer)91](id:166e0000005b,api:3,p:360,c:5742) connect: already connected (cur=3 req=3)
11-05 15:32:10.815 W/awplayer( 360): : Sound device already stopped.
11-05 15:32:10.831 I/cedarc ( 360): : DestroyVideoDecoder, pDecoder=0xf20d8380
11-05 15:32:10.840 I/efs-base( 3481): type=1400 audit(0.0:2312): avc: denied { search } for name="com.dangbei.screencast" dev="mmcblk0p25" ino=891 scontext=u:r:platform_app:s0:c512,c768 tcontext=u:object_r:app_data_file:s0:c512,c768 tclass=dir permissive=1 app=com.dangbei.screencast
11-05 15:32:10.840 I/efs-base( 3481): type=1400 audit(0.0:2313): avc: denied { getattr } for path="/data/user/0/com.dangbei.screencast/app_UApm/5fc60c21094d637f3130af19/ready" dev="mmcblk0p25" ino=2110 scontext=u:r:platform_app:s0:c512,c768 tcontext=u:object_r:app_data_file:s0:c512,c768 tclass=dir permissive=1 app=com.dangbei.screencast
11-05 15:32:10.840 I/efs-base( 3481): type=1400 audit(0.0:2314): avc: denied { read } for name="ready" dev="mmcblk0p25" ino=2110 scontext=u:r:platform_app:s0:c512,c768 tcontext=u:object_r:app_data_file:s0:c512,c768 tclass=dir permissive=1 app=com.dangbei.screencast
11-05 15:32:10.840 I/efs-base( 3481): type=1400 audit(0.0:2315): avc: denied { open } for path="/data/user/0/com.dangbei.screencast/app_UApm/5fc60c21094d637f3130af19/ready" dev="mmcblk0p25" ino=2110 scontext=u:r:platform_app:s0:c512,c768 tcontext=u:object_r:app_data_file:s0:c512,c768 tclass=dir permissive=1 app=com.dangbei.screencast
11-05 15:32:10.852 I/cedarc ( 360): : not malloc locks
11-05 15:32:10.859 D/ ( 9344): disable_cedar_hw_clk,546
11-05 15:32:10.856 W/ZramWriteback( 484): Writeback device is not set
11-05 15:32:10.856 D/ZramWriteback( 484): wait to flush
11-05 15:32:10.858 V/MediaPlayer( 5742): resetDrmState: mDrmInfo=null mDrmProvisioningThread=null mPrepareDrmInProgress=false mActiveDrmScheme=false
11-05 15:32:10.859 V/MediaPlayer( 5742): cleanDrmObj: mDrmObj=null mDrmSessionId=null
11-05 15:32:10.860 W/awplayer( 360): : reset...
11-05 15:32:10.870 D/SurfaceUtils( 360): disconnecting from surface 0xf2203808, reason disconnectNativeWindow
11-05 15:32:10.871 E/BufferQueueProducer( 5742): [SurfaceView[com.dangbei.lerad.videoposter/com.dangbei.leradplayer.activity.PlayerActivity]#91(BLAST Consumer)91](id:166e0000005b,api:0,p:-1,c:5742) disconnect: not connected (req=3)
11-05 15:32:10.871 E/SurfaceUtils( 360): Failed to disconnect from surface 0xf2203808, err -19
11-05 15:32:10.871 W/MediaPlayerService( 360): nativeWindowDisconnect returned an error: No such device (-19)
11-05 15:32:10.871 W/awplayer( 360): : XPlayerDestroy
11-05 15:32:10.871 W/awplayer( 360): : reset...
11-05 15:32:10.872 D/RefBase ( 360): RefBase: Explicit destruction, weak count = 0 (in 0xf231a600)
11-05 15:32:10.872 W/RefBase ( 360): CallStack::getCurrentInternal not linked, returning null
11-05 15:32:10.872 W/RefBase ( 360): CallStack::logStackInternal not linked
11-05 15:32:10.891 D/audio_hw_primary( 247): adev_release_audio_patch
11-05 15:32:10.891 D/audio_hw_primary( 247): out_standby
11-05 15:32:10.892 D/audio_hw_primary( 247): start_output_stream out->format : 0x00000000
11-05 15:32:10.892 V/audio_hw_primary( 247): start_output_stream, line: 1503
11-05 15:32:10.892 V/audio_hw_primary( 247): use AUDIO_HDMI to playback audio
11-05 15:32:10.892 D/audio_hw_primary( 247): open card=3, port=0
11-05 15:32:10.892 D/audio_hw_primary( 247): config:2 44100 960 2 0 5760 1 0
11-05 15:32:10.892 D/audio_hw_primary( 247): set_raw_flag(card=3, raw_flag=1)
11-05 15:32:10.892 D/audio_hw_primary( 247): set_raw_flag control_name = audio data format control_value PCM)
11-05 15:32:10.894 D/AudioFlinger( 266): ro.audio.silent is ignored since no output device is set
11-05 15:32:10.894 V/audio_hw_primary( 247): do not use out resampler
11-05 15:32:10.895 V/audio_hw_primary( 247): out_set_parameters: closing=true
11-05 15:32:10.900 I/ ( 2280): HDMI Audio Enable Successfully
11-05 15:32:10.901 V/audio_hw_primary( 247): out_set_parameters: exiting=1
11-05 15:32:10.902 E/AudioFlinger( 266): Error when setting parameters on exit: -61
11-05 15:32:10.906 D/audio_hw_primary( 247): out_standby
11-05 15:32:10.918 D/AudioFlinger( 266): mixer(0xee0bfe00) throttle end: throttle time(9)
11-05 15:32:10.926 I/SogouIME( 2402): onKeyUp: keyoCode=4
11-05 15:32:10.926 I/DefaultIMS( 2402): onKeyUp: keyoCode=4
11-05 15:32:10.936 I/gralloc ( 255): alloc buffer:W:1920 H:1080 S:1920 PL[1920 1080] SZ:8294400 fmt:1 if:0 af:1 usg:b66 fg:00000004
11-05 15:32:10.971 W/System.err( 5742): java.lang.Exception: you should init first
11-05 15:32:10.971 W/System.err( 5742): at com.dangbei.alps.AlpsManager.check(AlpsManager.java:315)
11-05 15:32:10.971 W/System.err( 5742): at com.dangbei.alps.AlpsManager.onPause(AlpsManager.java:247)
11-05 15:32:10.972 W/System.err( 5742): at com.dangbei.leradplayer.activity.PlayerActivity.onPause(PlayerActivity.java:676)
