01-01 09:06:39.967 0 0 W : [1 T948 ..] [SP FRAME TX] arp rsp,vif_idx:0 sender:[1c:79:2d:20:62:97 192.168.3.167]receiver:[c2:07:3d:a6:ee:3e 192.168.3.116]
01-01 09:06:39.976 0 0 W : [3 T224 .s] [SP FRAME TX] arp req,vif_idx:0 sender:[1c:79:2d:20:62:97 192.168.3.167]receiver:[00:00:00:00:00:00 192.168.3.116]
01-01 09:06:39.982 0 0 W : [1 T948 ..] [SP FRAME RX] arp rsp,vif_idx:0 sender:[c2:07:3d:a6:ee:3e 192.168.3.116]receiver:[1c:79:2d:20:62:97 192.168.3.167]
01-01 09:06:40.392 0 0 W : [3 T13435 ..] [SP FRAME TX] arp req,vif_idx:0 sender:[1c:79:2d:20:62:97 192.168.3.167]receiver:[00:00:00:00:00:00 192.168.3.127]
01-01 09:06:40.905 0 0 W : [1 T13435 ..] [SP FRAME TX] arp req,vif_idx:0 sender:[1c:79:2d:20:62:97 192.168.3.167]receiver:[00:00:00:00:00:00 192.168.3.128]
01-01 09:06:40.922 0 0 W : [1 T948 ..] [SP FRAME RX] arp rsp,vif_idx:0 sender:[6c:b7:49:92:e8:7f 192.168.3.128]receiver:[1c:79:2d:20:62:97 192.168.3.167]
01-01 09:06:41.416 0 0 W : [3 T0 .s] [SP FRAME TX] arp req,vif_idx:0 sender:[1c:79:2d:20:62:97 192.168.3.167]receiver:[00:00:00:00:00:00 192.168.3.127]
01-01 09:06:41.417 0 0 W : [3 T13435 ..] [SP FRAME TX] arp req,vif_idx:0 sender:[1c:79:2d:20:62:97 192.168.3.167]receiver:[00:00:00:00:00:00 192.168.3.129]
01-01 09:06:41.928 0 0 W : [3 T13435 ..] [SP FRAME TX] arp req,vif_idx:0 sender:[1c:79:2d:20:62:97 192.168.3.167]receiver:[00:00:00:00:00:00 192.168.3.130]
01-01 09:06:41.937 0 0 W : [1 T948 ..] [SP FRAME RX] arp rsp,vif_idx:0 sender:[f0:18:98:83:27:e9 192.168.3.130]receiver:[1c:79:2d:20:62:97 192.168.3.167]
05-23 17:18:41.558 732 2681 D CoreBackPreview: Window{29a114 u0 com.cibn.tv/com.youku.tv.home.activity.HomeActivity}: Setting back callback null
01-01 09:06:42.216 0 0 W [1 T13887 ..] audit: audit_lost=925 audit_rate_limit=5 audit_backlog_limit=64
01-01 09:06:42.219 0 0 E [1 T13887 ..] audit: rate limit exceeded
05-23 17:18:41.573 732 756 V WindowManager: Unknown focus tokens, dropping reportFocusChanged
05-23 17:18:41.667 732 754 W ContextImpl: Calling a method in the system process without a qualified user: android.app.ContextImpl.startService:1899 com.android.server.wm.DisplayPolicy.lambda$focusChangedLw$5:2126 com.android.server.wm.DisplayPolicy.$r8$lambda$Znxk63oh-WzVnzo_WQefN7uxV48:0 com.android.server.wm.DisplayPolicy$$ExternalSyntheticLambda13.run:0 android.os.Handler.handleCallback:958
05-23 17:18:41.710 732 3324 D CompatibilityChangeReporter: Compat change id reported: 149924527; UID 10078; state: ENABLED
05-23 17:18:41.713 732 3324 D CompatibilityChangeReporter: Compat change id reported: 132649864; UID 10078; state: DISABLED
01-01 09:06:42.440 0 0 W : [3 T1433 .s] [SP FRAME TX] arp req,vif_idx:0 sender:[1c:79:2d:20:62:97 192.168.3.167]receiver:[00:00:00:00:00:00 192.168.3.129]
01-01 09:06:42.441 0 0 W : [3 T1433 .s] [SP FRAME TX] arp req,vif_idx:0 sender:[1c:79:2d:20:62:97 192.168.3.167]receiver:[00:00:00:00:00:00 192.168.3.131]
01-01 09:06:42.442 0 0 W : [3 T1433 .s] [SP FRAME TX] arp req,vif_idx:0 sender:[1c:79:2d:20:62:97 192.168.3.167]receiver:[00:00:00:00:00:00 192.168.3.127]
01-01 09:06:42.449 0 0 W : [0 T948 ..] [SP FRAME RX] arp rsp,vif_idx:0 sender:[1e:8b:c9:90:6f:05 192.168.3.131]receiver:[1c:79:2d:20:62:97 192.168.3.167]
05-23 17:18:42.082 732 3324 D CompatibilityChangeReporter: Compat change id reported: 261072174; UID 10078; state: DISABLED
05-23 17:18:42.106 732 2681 D CompatibilityChangeReporter: Compat change id reported: 266524688; UID 10078; state: DISABLED
05-23 17:18:42.108 13826 13927 E ActivityThread: Failed to find provider info for com.youku.ott.emid.provider
05-23 17:18:42.146 13826 13948 E ActivityThread: Failed to find provider info for com.youku.passport.provider
01-01 09:06:42.952 0 0 W : [3 T13435 ..] [SP FRAME TX] arp req,vif_idx:0 sender:[1c:79:2d:20:62:97 192.168.3.167]receiver:[00:00:00:00:00:00 192.168.3.132]
05-23 17:18:42.440 732 2913 W ActivityManager: Unable to start service Intent { act=com.youku.passport.union pkg=com.bestv.ott (has extras) } U=0: not found
05-23 17:18:42.548 732 3324 W ActivityManager: Unable to start service Intent { act=com.google.android.gms.ads.identifier.service.START pkg=com.google.android.gms (has extras) } U=0: not found
05-23 17:18:42.552 13826 13969 E ActivityThread: Failed to find provider info for com.vivo.vms.IdProvider
01-01 09:06:43.236 0 0 W : [3 T948 ..] [SP FRAME RX] arp req,vif_idx:0 sender:[be:a5:e7:f2:9c:e1 192.168.3.94]receiver:[00:00:00:00:00:00 192.168.3.167]
01-01 09:06:43.237 0 0 W : [3 T948 ..] [SP FRAME TX] arp rsp,vif_idx:0 sender:[1c:79:2d:20:62:97 192.168.3.167]receiver:[be:a5:e7:f2:9c:e1 192.168.3.94]
01-01 09:06:43.464 0 0 W : [3 T14012 .s] [SP FRAME TX] arp req,vif_idx:0 sender:[1c:79:2d:20:62:97 192.168.3.167]receiver:[00:00:00:00:00:00 192.168.3.129]
01-01 09:06:43.468 0 0 W : [3 T13435 ..] [SP FRAME TX] arp req,vif_idx:0 sender:[1c:79:2d:20:62:97 192.168.3.167]receiver:[00:00:00:00:00:00 192.168.3.133]
01-01 09:06:43.473 0 0 W : [3 T948 ..] [SP FRAME RX] arp rsp,vif_idx:0 sender:[10:b2:32:39:59:ba 192.168.3.133]receiver:[1c:79:2d:20:62:97 192.168.3.167]
05-23 17:18:43.267 13826 13872 W PackageParser: Unknown element under : meta-data at /data/user/0/com.cibn.tv/app_agile_plugin/execute/com.cibn.tv.plugin/2131300103/plugin.apk Binary XML file line #6
05-23 17:18:43.267 13826 13872 W PackageParser: Unknown element under : meta-data at /data/user/0/com.cibn.tv/app_agile_plugin/execute/com.cibn.tv.plugin/2131300103/plugin.apk Binary XML file line #7
05-23 17:18:43.267 13826 13872 W PackageParser: Ignoring duplicate uses-permissions/uses-permissions-sdk-m: android.permission.GET_TASKS in package: com.cibn.tv at: Binary XML file line #19
05-23 17:18:43.268 13826 13872 W PackageParser: Ignoring duplicate uses-permissions/uses-permissions-sdk-m: android.permission.boot_tvshop_service in package: com.cibn.tv at: Binary XML file line #56
05-23 17:18:43.268 13826 13872 W PackageParser: Unknown element under : meta-data at /data/user/0/com.cibn.tv/app_agile_plugin/execute/com.cibn.tv.plugin/2131300103/plugin.apk Binary XML file line #96
05-23 17:18:43.276 13826 13872 W PackageParser: No actions in intent filter at /data/user/0/com.cibn.tv/app_agile_plugin/execute/com.cibn.tv.plugin/2131300103/plugin.apk Binary XML file line #649
01-01 09:06:43.976 0 0 W : [3 T3124 .s] [SP FRAME TX] arp req,vif_idx:0 sender:[1c:79:2d:20:62:97 192.168.3.167]receiver:[00:00:00:00:00:00 192.168.3.132]
01-01 09:06:44.488 0 0 W : [0 T13435 ..] [SP FRAME TX] arp req,vif_idx:0 sender:[1c:79:2d:20:62:97 192.168.3.167]receiver:[00:00:00:00:00:00 192.168.3.135]
01-01 09:06:44.509 0 0 W : [3 T948 ..] [SP FRAME RX] arp rsp,vif_idx:0 sender:[de:1c:02:1c:5c:c0 192.168.3.135]receiver:[1c:79:2d:20:62:97 192.168.3.167]
05-23 17:18:43.921 296 13813 I keystore2: system/security/keystore2/src/watchdog.rs:319 - Watchdog thread idle -> terminating. Have a great day.
01-01 09:06:44.729 0 0 W : [1 T948 ..] [SP FRAME RX] arp req,vif_idx:0 sender:[42:87:91:b7:6d:20 192.168.3.226]receiver:[00:00:00:00:00:00 192.168.3.167]
01-01 09:06:44.730 0 0 W : [1 T948 ..] [SP FRAME TX] arp rsp,vif_idx:0 sender:[1c:79:2d:20:62:97 192.168.3.167]receiver:[42:87:91:b7:6d:20 192.168.3.226]
05-23 17:18:44.129 732 829 D ActivityManager: freezing 2031 com.android.providers.tv
05-23 17:18:44.146 732 928 W ProcessStats: Tracking association SourceState{86a7731 system/1000 ImpFg #1471} whose proc state 5 is better than process ProcessState{d0099e0 com.android.permissioncontroller/10065 pkg=com.android.permissioncontroller} proc state 15 (20 skipped)
01-01 09:06:45.000 0 0 W : [3 T13994 .s] [SP FRAME TX] arp req,vif_idx:0 sender:[1c:79:2d:20:62:97 192.168.3.167]receiver:[00:00:00:00:00:00 192.168.3.132]
01-01 09:06:45.001 0 0 W : [3 T13994 .s] [SP FRAME TX] arp req,vif_idx:0 sender:[1c:79:2d:20:62:97 192.168.3.167]receiver:[00:00:00:00:00:00 192.168.3.136]
01-01 09:06:45.144 0 0 W : [1 T948 ..] [SP FRAME RX] arp req,vif_idx:0 sender:[98:f1:12:30:b3:31 192.168.3.126]receiver:[00:00:00:00:00:00 192.168.3.167]
01-01 09:06:45.145 0 0 W : [1 T948 ..] [SP FRAME TX] arp rsp,vif_idx:0 sender:[1c:79:2d:20:62:97 192.168.3.167]receiver:[98:f1:12:30:b3:31 192.168.3.126]
01-01 09:06:45.285 0 0 W : [1 T948 ..] [SP FRAME RX] arp req,vif_idx:0 sender:[26:3b:39:2a:ea:db 192.168.3.69]receiver:[00:00:00:00:00:00 192.168.3.167]
01-01 09:06:45.286 0 0 W : [1 T948 ..] [SP FRAME TX] arp rsp,vif_idx:0 sender:[1c:79:2d:20:62:97 192.168.3.167]receiver:[26:3b:39:2a:ea:db 192.168.3.69]
01-01 09:06:45.555 0 0 W [2 T13969 ..] audit: audit_lost=955 audit_rate_limit=5 audit_backlog_limit=64
01-01 09:06:45.555 0 0 E [2 T13969 ..] audit: rate limit exceeded
05-23 17:18:44.942 732 3324 W ActivityManager: Unable to start service Intent { act=com.google.android.gms.ads.identifier.service.START pkg=com.google.android.gms (has extras) } U=0: not found
05-23 17:18:44.943 13826 13969 E ActivityThread: Failed to find provider info for com.vivo.vms.IdProvider
01-01 09:06:45.613 0 0 W : [1 T13969 ..] [SP FRAME TX] arp req,vif_idx:0 sender:[1c:79:2d:20:62:97 192.168.3.167]receiver:[00:00:00:00:00:00 192.168.2.1]
01-01 09:06:45.614 0 0 W : [1 T13969 ..] [SP FRAME TX] arp req,vif_idx:0 sender:[1c:79:2d:20:62:97 192.168.3.167]receiver:[00:00:00:00:00:00 192.168.2.2]
01-01 09:06:45.616 0 0 W : [1 T13969 ..] [SP FRAME TX] arp req,vif_idx:0 sender:[1c:79:2d:20:62:97 192.168.3.167]receiver:[00:00:00:00:00:00 192.168.2.3]
01-01 09:06:45.618 0 0 W : [1 T13969 ..] [SP FRAME TX] arp req,vif_idx:0 sender:[1c:79:2d:20:62:97 192.168.3.167]receiver:[00:00:00:00:00:00 192.168.2.4]
01-01 09:06:45.619 0 0 W : [1 T13969 ..] [SP FRAME TX] arp req,vif_idx:0 sender:[1c:79:2d:20:62:97 192.168.3.167]receiver:[00:00:00:00:00:00 192.168.2.5]
01-01 09:06:45.621 0 0 W : [1 T13969 ..] [SP FRAME TX] arp req,vif_idx:0 sender:[1c:79:2d:20:62:97 192.168.3.167]receiver:[00:00:00:00:00:00 192.168.2.6]
01-01 09:06:45.622 0 0 W : [1 T13969 ..] [SP FRAME TX] arp req,vif_idx:0 sender:[1c:79:2d:20:62:97 192.168.3.167]receiver:[00:00:00:00:00:00 192.168.2.7]
01-01 09:06:45.624 0 0 W : [1 T13969 ..] [SP FRAME TX] arp req,vif_idx:0 sender:[1c:79:2d:20:62:97 192.168.3.167]receiver:[00:00:00:00:00:00 192.168.2.8]
01-01 09:06:45.625 0 0 W : [1 T13969 ..] [SP FRAME TX] arp req,vif_idx:0 sender:[1c:79:2d:20:62:97 192.168.3.167]receiver:[00:00:00:00:00:00 192.168.2.9]
01-01 09:06:45.627 0 0 W : [1 T13969 ..] [SP FRAME TX] arp req,vif_idx:0 sender:[1c:79:2d:20:62:97 192.168.3.167]receiver:[00:00:00:00:00:00 192.168.2.10]
01-01 09:06:45.628 0 0 W : [1 T13969 ..] [SP FRAME TX] arp req,vif_idx:0 sender:[1c:79:2d:20:62:97 192.168.3.167]receiver:[00:00:00:00:00:00 192.168.2.11]
01-01 09:06:45.630 0 0 W : [1 T13969 ..] [SP FRAME TX] arp req,vif_idx:0 sender:[1c:79:2d:20:62:97 192.168.3.167]receiver:[00:00:00:00:00:00 192.168.2.12]
01-01 09:06:45.631 0 0 W : [1 T13969 ..] [SP FRAME TX] arp req,vif_idx:0 sender:[1c:79:2d:20:62:97 192.168.3.167]receiver:[00:00:00:00:00:00 192.168.2.13]
01-01 09:06:45.633 0 0 W : [1 T13969 ..] [SP FRAME TX] arp req,vif_idx:0 sender:[1c:79:2d:20:62:97 192.168.3.167]receiver:[00:00:00:00:00:00 192.168.2.14]
01-01 09:06:45.634 0 0 W : [1 T13969 ..] [SP FRAME TX] arp req,vif_idx:0 sender:[1c:79:2d:20:62:97 192.168.3.167]receiver:[00:00:00:00:00:00 192.168.2.15]
01-01 09:06:45.636 0 0 W : [1 T13969 ..] [SP FRAME TX] arp req,vif_idx:0 sender:[1c:79:2d:20:62:97 192.168.3.167]receiver:[00:00:00:00:00:00 192.168.2.16]
01-01 09:06:45.638 0 0 W : [1 T13969 ..] [SP FRAME TX] arp req,vif_idx:0 sender:[1c:79:2d:20:62:97 192.168.3.167]receiver:[00:00:00:00:00:00 192.168.2.17]
01-01 09:06:45.639 0 0 W : [1 T13969 ..] [SP FRAME TX] arp req,vif_idx:0 sender:[1c:79:2d:20:62:97 192.168.3.167]receiver:[00:00:00:00:00:00 192.168.2.18]
01-01 09:06:45.641 0 0 W : [1 T13969 ..] [SP FRAME TX] arp req,vif_idx:0 sender:[1c:79:2d:20:62:97 192.168.3.167]receiver:[00:00:00:00:00:00 192.168.2.19]
01-01 09:06:45.642 0 0 W : [1 T13969 ..] [SP FRAME TX] arp req,vif_idx:0 sender:[1c:79:2d:20:62:97 192.168.3.167]receiver:[00:00:00:00:00:00 192.168.2.20]
01-01 09:06:45.644 0 0 W : [1 T13969 ..] [SP FRAME TX] arp req,vif_idx:0 sender:[1c:79:2d:20:62:97 192.168.3.167]receiver:[00:00:00:00:00:00 192.168.2.21]
01-01 09:06:45.645 0 0 W : [1 T13969 ..] [SP FRAME TX] arp req,vif_idx:0 sender:[1c:79:2d:20:62:97 192.168.3.167]receiver:[00:00:00:00:00:00 192.168.2.22]
01-01 09:06:45.647 0 0 W : [1 T13969 ..] [SP FRAME TX] arp req,vif_idx:0 sender:[1c:79:2d:20:62:97 192.168.3.167]receiver:[00:00:00:00:00:00 192.168.2.23]
01-01 09:06:45.649 0 0 W : [1 T13969 ..] [SP FRAME TX] arp req,vif_idx:0 sender:[1c:79:2d:20:62:97 192.168.3.167]receiver:[00:00:00:00:00:00 192.168.2.24]
01-01 09:06:45.650 0 0 W : [1 T13969 ..] [SP FRAME TX] arp req,vif_idx:0 sender:[1c:79:2d:20:62:97 192.168.3.167]receiver:[00:00:00:00:00:00 192.168.2.25]
01-01 09:06:45.651 0 0 W : [1 T13969 ..] [SP FRAME TX] arp req,vif_idx:0 sender:[1c:79:2d:20:62:97 192.168.3.167]receiver:[00:00:00:00:00:00 192.168.2.26]
01-01 09:06:45.653 0 0 W : [1 T13969 ..] [SP FRAME TX] arp req,vif_idx:0 sender:[1c:79:2d:20:62:97 192.168.3.167]receiver:[00:00:00:00:00:00 192.168.2.27]
01-01 09:06:45.655 0 0 W : [1 T13969 ..] [SP FRAME TX] arp req,vif_idx:0 sender:[1c:79:2d:20:62:97 192.168.3.167]receiver:[00:00:00:00:00:00 192.168.2.28]
01-01 09:06:45.656 0 0 W : [1 T13969 ..] [SP FRAME TX] arp req,vif_idx:0 sender:[1c:79:2d:20:62:97 192.168.3.167]receiver:[00:00:00:00:00:00 192.168.2.29]
01-01 09:06:45.658 0 0 W : [0 T13969 ..] [SP FRAME TX] arp req,vif_idx:0 sender:[1c:79:2d:20:62:97 192.168.3.167]receiver:[00:00:00:00:00:00 192.168.2.30]
01-01 09:06:45.659 0 0 W : [0 T13969 ..] [SP FRAME TX] arp req,vif_idx:0 sender:[1c:79:2d:20:62:97 192.168.3.167]receiver:[00:00:00:00:00:00 192.168.2.31]
01-01 09:06:45.661 0 0 W : [0 T13969 ..] [SP FRAME TX] arp req,vif_idx:0 sender:[1c:79:2d:20:62:97 192.168.3.167]receiver:[00:00:00:00:00:00 192.168.2.32]
01-01 09:06:45.663 0 0 W : [0 T13969 ..] [SP FRAME TX] arp req,vif_idx:0 sender:[1c:79:2d:20:62:97 192.168.3.167]receiver:[00:00:00:00:00:00 192.168.2.33]
01-01 09:06:45.664 0 0 W : [0 T13969 ..] [SP FRAME TX] arp req,vif_idx:0 sender:[1c:79:2d:20:62:97 192.168.3.167]receiver:[00:00:00:00:00:00 192.168.2.34]
01-01 09:06:45.666 0 0 W : [0 T13969 ..] [SP FRAME TX] arp req,vif_idx:0 sender:[1c:79:2d:20:62:97 192.168.3.167]receiver:[00:00:00:00:00:00 192.168.2.35]
01-01 09:06:45.667 0 0 W : [0 T13969 ..] [SP FRAME TX] arp req,vif_idx:0 sender:[1c:79:2d:20:62:97 192.168.3.167]receiver:[00:00:00:00:00:00 192.168.2.36]
01-01 09:06:45.669 0 0 W : [0 T13969 ..] [SP FRAME TX] arp req,vif_idx:0 sender:[1c:79:2d:20:62:97 192.168.3.167]receiver:[00:00:00:00:00:00 192.168.2.37]
01-01 09:06:45.670 0 0 W : [0 T13969 ..] [SP FRAME TX] arp req,vif_idx:0 sender:[1c:79:2d:20:62:97 192.168.3.167]receiver:[00:00:00:00:00:00 192.168.2.38]
01-01 09:06:45.672 0 0 W : [0 T13969 ..] [SP FRAME TX] arp req,vif_idx:0 sender:[1c:79:2d:20:62:97 192.168.3.167]receiver:[00:00:00:00:00:00 192.168.2.39]
01-01 09:06:45.673 0 0 W : [0 T13969 ..] [SP FRAME TX] arp req,vif_idx:0 sender:[1c:79:2d:20:62:97 192.168.3.167]receiver:[00:00:00:00:00:00 192.168.2.40]
01-01 09:06:45.676 0 0 W : [0 T13969 ..] [SP FRAME TX] arp req,vif_idx:0 sender:[1c:79:2d:20:62:97 192.168.3.167]receiver:[00:00:00:00:00:00 192.168.2.41]
01-01 09:06:45.677 0 0 W : [0 T13969 ..] [SP FRAME TX] arp req,vif_idx:0 sender:[1c:79:2d:20:62:97 192.168.3.167]receiver:[00:00:00:00:00:00 192.168.2.42]
01-01 09:06:45.678 0 0 W : [0 T13969 ..] [SP FRAME TX] arp req,vif_idx:0 sender:[1c:79:2d:20:62:97 192.168.3.167]receiver:[00:00:00:00:00:00 192.168.2.43]
01-01 09:06:45.680 0 0 W : [0 T13969 ..] [SP FRAME TX] arp req,vif_idx:0 sender:[1c:79:2d:20:62:97 192.168.3.167]receiver:[00:00:00:00:00:00 192.168.2.44]
01-01 09:06:45.681 0 0 W : [3 T948 ..] [SP FRAME TX] arp req,vif_idx:0 sender:[1c:79:2d:20:62:97 192.168.3.167]receiver:[00:00:00:00:00:00 192.168.2.45]
01-01 09:06:45.683 0 0 W : [3 T948 ..] [SP FRAME TX] arp req,vif_idx:0 sender:[1c:79:2d:20:62:97 192.168.3.167]receiver:[00:00:00:00:00:00 192.168.2.46]
01-01 09:06:45.684 0 0 W : [3 T948 ..] [SP FRAME TX] arp req,vif_idx:0 sender:[1c:79:2d:20:62:97 192.168.3.167]receiver:[00:00:00:00:00:00 192.168.2.47]
01-01 09:06:45.686 0 0 W : [3 T948 ..] [SP FRAME TX] arp req,vif_idx:0 sender:[1c:79:2d:20:62:97 192.168.3.167]receiver:[00:00:00:00:00:00 192.168.2.48]
01-01 09:06:45.687 0 0 W : [3 T948 ..] [SP FRAME TX] arp req,vif_idx:0 sender:[1c:79:2d:20:62:97 192.168.3.167]receiver:[00:00:00:00:00:00 192.168.2.49]
01-01 09:06:45.689 0 0 W : [3 T948 ..] [SP FRAME TX] arp req,vif_idx:0 sender:[1c:79:2d:20:62:97 192.168.3.167]receiver:[00:00:00:00:00:00 192.168.2.50]
01-01 09:06:45.690 0 0 W : [3 T948 ..] [SP FRAME TX] arp req,vif_idx:0 sender:[1c:79:2d:20:62:97 192.168.3.167]receiver:[00:00:00:00:00:00 192.168.2.51]
01-01 09:06:45.692 0 0 W : [3 T948 ..] [SP FRAME TX] arp req,vif_idx:0 sender:[1c:79:2d:20:62:97 192.168.3.167]receiver:[00:00:00:00:00:00 192.168.2.52]
01-01 09:06:45.694 0 0 W : [3 T948 ..] [SP FRAME TX] arp req,vif_idx:0 sender:[1c:79:2d:20:62:97 192.168.3.167]receiver:[00:00:00:00:00:00 192.168.2.53]
01-01 09:06:45.695 0 0 W : [3 T948 ..] [SP FRAME TX] arp req,vif_idx:0 sender:[1c:79:2d:20:62:97 192.168.3.167]receiver:[00:00:00:00:00:00 192.168.2.54]
01-01 09:06:45.697 0 0 W : [3 T948 ..] [SP FRAME TX] arp req,vif_idx:0 sender:[1c:79:2d:20:62:97 192.168.3.167]receiver:[00:00:00:00:00:00 192.168.2.55]
01-01 09:06:45.698 0 0 W : [3 T948 ..] [SP FRAME TX] arp req,vif_idx:0 sender:[1c:79:2d:20:62:97 192.168.3.167]receiver:[00:00:00:00:00:00 192.168.2.56]
01-01 09:06:45.700 0 0 W : [3 T948 ..] [SP FRAME TX] arp req,vif_idx:0 sender:[1c:79:2d:20:62:97 192.168.3.167]receiver:[00:00:00:00:00:00 192.168.2.57]
01-01 09:06:45.701 0 0 W : [3 T948 ..] [SP FRAME TX] arp req,vif_idx:0 sender:[1c:79:2d:20:62:97 192.168.3.167]receiver:[00:00:00:00:00:00 192.168.2.58]
01-01 09:06:45.703 0 0 W : [3 T948 ..] [SP FRAME TX] arp req,vif_idx:0 sender:[1c:79:2d:20:62:97 192.168.3.167]receiver:[00:00:00:00:00:00 192.168.2.59]
01-01 09:06:45.704 0 0 W : [3 T948 ..] [SP FRAME TX] arp req,vif_idx:0 sender:[1c:79:2d:20:62:97 192.168.3.167]receiver:[00:00:00:00:00:00 192.168.2.60]
01-01 09:06:45.706 0 0 W : [3 T948 ..] [SP FRAME TX] arp req,vif_idx:0 sender:[1c:79:2d:20:62:97 192.168.3.167]receiver:[00:00:00:00:00:00 192.168.2.61]
01-01 09:06:45.707 0 0 W : [3 T948 ..] [SP FRAME TX] arp req,vif_idx:0 sender:[1c:79:2d:20:62:97 192.168.3.167]receiver:[00:00:00:00:00:00 192.168.2.62]
01-01 09:06:45.709 0 0 W : [3 T948 ..] [SP FRAME TX] arp req,vif_idx:0 sender:[1c:79:2d:20:62:97 192.168.3.167]receiver:[00:00:00:00:00:00 192.168.2.63]
01-01 09:06:45.711 0 0 W : [3 T948 ..] [SP FRAME TX] arp req,vif_idx:0 sender:[1c:79:2d:20:62:97 192.168.3.167]receiver:[00:00:00:00:00:00 192.168.2.64]
01-01 09:06:45.712 0 0 W : [3 T948 ..] [SP FRAME TX] arp req,vif_idx:0 sender:[1c:79:2d:20:62:97 192.168.3.167]receiver:[00:00:00:00:00:00 192.168.2.65]
01-01 09:06:45.714 0 0 W : [3 T948 ..] [SP FRAME TX] arp req,vif_idx:0 sender:[1c:79:2d:20:62:97 192.168.3.167]receiver:[00:00:00:00:00:00 192.168.2.66]
01-01 09:06:45.715 0 0 W : [3 T948 ..] [SP FRAME TX] arp req,vif_idx:0 sender:[1c:79:2d:20:62:97 192.168.3.167]receiver:[00:00:00:00:00:00 192.168.2.67]
01-01 09:06:45.717 0 0 W : [3 T948 ..] [SP FRAME TX] arp req,vif_idx:0 sender:[1c:79:2d:20:62:97 192.168.3.167]receiver:[00:00:00:00:00:00 192.168.2.68]
01-01 09:06:45.718 0 0 W : [3 T948 ..] [SP FRAME TX] arp req,vif_idx:0 sender:[1c:79:2d:20:62:97 192.168.3.167]receiver:[00:00:00:00:00:00 192.168.2.69]
01-01 09:06:45.720 0 0 W : [3 T948 ..] [SP FRAME TX] arp req,vif_idx:0 sender:[1c:79:2d:20:62:97 192.168.3.167]receiver:[00:00:00:00:00:00 192.168.2.70]
01-01 09:06:45.721 0 0 W : [3 T948 ..] [SP FRAME TX] arp req,vif_idx:0 sender:[1c:79:2d:20:62:97 192.168.3.167]receiver:[00:00:00:00:00:00 192.168.2.71]
01-01 09:06:45.723 0 0 W : [3 T948 ..] [SP FRAME TX] arp req,vif_idx:0 sender:[1c:79:2d:20:62:97 192.168.3.167]receiver:[00:00:00:00:00:00 192.168.2.72]
01-01 09:06:45.725 0 0 W : [3 T948 ..] [SP FRAME TX] arp req,vif_idx:0 sender:[1c:79:2d:20:62:97 192.168.3.167]receiver:[00:00:00:00:00:00 192.168.2.73]
01-01 09:06:45.726 0 0 W : [3 T948 ..] [SP FRAME TX] arp req,vif_idx:0 sender:[1c:79:2d:20:62:97 192.168.3.167]receiver:[00:00:00:00:00:00 192.168.2.74]
01-01 09:06:45.728 0 0 W : [3 T948 ..] [SP FRAME TX] arp req,vif_idx:0 sender:[1c:79:2d:20:62:97 192.168.3.167]receiver:[00:00:00:00:00:00 192.168.2.75]
01-01 09:06:45.729 0 0 W : [3 T948 ..] [SP FRAME TX] arp req,vif_idx:0 sender:[1c:79:2d:20:62:97 192.168.3.167]receiver:[00:00:00:00:00:00 192.168.2.76]
01-01 09:06:45.731 0 0 W : [3 T948 ..] [SP FRAME TX] arp req,vif_idx:0 sender:[1c:79:2d:20:62:97 192.168.3.167]receiver:[00:00:00:00:00:00 192.168.2.77]
01-01 09:06:45.732 0 0 W : [3 T948 ..] [SP FRAME TX] arp req,vif_idx:0 sender:[1c:79:2d:20:62:97 192.168.3.167]receiver:[00:00:00:00:00:00 192.168.2.78]
01-01 09:06:45.734 0 0 W : [3 T948 ..] [SP FRAME TX] arp req,vif_idx:0 sender:[1c:79:2d:20:62:97 192.168.3.167]receiver:[00:00:00:00:00:00 192.168.2.79]
01-01 09:06:45.735 0 0 W : [3 T948 ..] [SP FRAME TX] arp req,vif_idx:0 sender:[1c:79:2d:20:62:97 192.168.3.167]receiver:[00:00:00:00:00:00 192.168.2.80]
01-01 09:06:45.737 0 0 W : [3 T948 ..] [SP FRAME TX] arp req,vif_idx:0 sender:[1c:79:2d:20:62:97 192.168.3.167]receiver:[00:00:00:00:00:00 192.168.2.81]
01-01 09:06:45.738 0 0 W : [3 T948 ..] [SP FRAME TX] arp req,vif_idx:0 sender:[1c:79:2d:20:62:97 192.168.3.167]receiver:[00:00:00:00:00:00 192.168.2.82]
01-01 09:06:45.740 0 0 W : [3 T948 ..] [SP FRAME TX] arp req,vif_idx:0 sender:[1c:79:2d:20:62:97 192.168.3.167]receiver:[00:00:00:00:00:00 192.168.2.83]
01-01 09:06:45.742 0 0 W : [3 T948 ..] [SP FRAME TX] arp req,vif_idx:0 sender:[1c:79:2d:20:62:97 192.168.3.167]receiver:[00:00:00:00:00:00 192.168.2.84]
01-01 09:06:45.743 0 0 W : [3 T948 ..] [SP FRAME TX] arp req,vif_idx:0 sender:[1c:79:2d:20:62:97 192.168.3.167]receiver:[00:00:00:00:00:00 192.168.2.85]
01-01 09:06:45.745 0 0 W : [3 T948 ..] [SP FRAME TX] arp req,vif_idx:0 sender:[1c:79:2d:20:62:97 192.168.3.167]receiver:[00:00:00:00:00:00 192.168.2.86]
01-01 09:06:45.746 0 0 W : [3 T948 ..] [SP FRAME TX] arp req,vif_idx:0 sender:[1c:79:2d:20:62:97 192.168.3.167]receiver:[00:00:00:00:00:00 192.168.2.87]
01-01 09:06:45.748 0 0 W : [3 T948 ..] [SP FRAME TX] arp req,vif_idx:0 sender:[1c:79:2d:20:62:97 192.168.3.167]receiver:[00:00:00:00:00:00 192.168.2.88]
01-01 09:06:45.749 0 0 W : [3 T948 ..] [SP FRAME TX] arp req,vif_idx:0 sender:[1c:79:2d:20:62:97 192.168.3.167]receiver:[00:00:00:00:00:00 192.168.2.89]
01-01 09:06:45.751 0 0 W : [3 T948 ..] [SP FRAME TX] arp req,vif_idx:0 sender:[1c:79:2d:20:62:97 192.168.3.167]receiver:[00:00:00:00:00:00 192.168.2.90]
01-01 09:06:45.752 0 0 W : [3 T948 ..] [SP FRAME TX] arp req,vif_idx:0 sender:[1c:79:2d:20:62:97 192.168.3.167]receiver:[00:00:00:00:00:00 192.168.2.91]
01-01 09:06:45.754 0 0 W : [3 T948 ..] [SP FRAME TX] arp req,vif_idx:0 sender:[1c:79:2d:20:62:97 192.168.3.167]receiver:[00:00:00:00:00:00 192.168.2.92]
01-01 09:06:45.756 0 0 W : [3 T948 ..] [SP FRAME TX] arp req,vif_idx:0 sender:[1c:79:2d:20:62:97 192.168.3.167]receiver:[00:00:00:00:00:00 192.168.2.93]
01-01 09:06:45.757 0 0 W : [3 T948 ..] [SP FRAME TX] arp req,vif_idx:0 sender:[1c:79:2d:20:62:97 192.168.3.167]receiver:[00:00:0