01-01 09:06:21.647 0 0 I [2 T688 ..] [snd-soc]: aml_audio_reset, reg 0xa, shift 14, use_vadtop 0
01-01 09:06:21.710 0 0 I [2 T688 ..] [snd-soc]: aml_audio_reset, reg 0xa, shift 9, use_vadtop 0
01-01 09:06:21.711 0 0 I [2 T688 ..] [snd-soc]: aml_audio_reset, reg 0xa, shift 14, use_vadtop 0
01-01 09:06:21.774 0 0 I [2 T688 ..] [snd-soc]: aml_audio_reset, reg 0xa, shift 9, use_vadtop 0
01-01 09:06:21.774 0 0 I [2 T688 ..] [snd-soc]: aml_audio_reset, reg 0xa, shift 14, use_vadtop 0
05-23 17:18:21.151 732 841 W ContextImpl: Calling a method in the system process without a qualified user: android.app.ContextImpl.sendBroadcast:1220 com.android.server.policy.PhoneWindowManager.interceptKeyBeforeQueueing:4960 com.android.server.wm.InputManagerCallback.interceptKeyBeforeQueueing:165 com.android.server.input.InputManagerService.interceptKeyBeforeQueueing:2493
05-23 17:18:21.156 732 754 I ActivityTaskManager: START u0 {act=android.speech.action.WEB_SEARCH} with LAUNCH_MULTIPLE from uid 1000 result code=-91
05-23 17:18:21.157 732 753 D AutofillManagerService: Close system dialogs
05-23 17:18:21.160 957 1021 D WindowManagerShell: TvPipMenuController: closeMenu()
05-23 17:18:21.160 957 1021 I WindowManagerShell: TvPipMenuController: switchToMenuMode: setting mCurrentMenuMode=MODE_NO_MENU, mPrevMenuMode=MODE_NO_MENU
01-01 09:06:21.839 0 0 I [2 T688 ..] [snd-soc]: aml_audio_reset, reg 0xa, shift 9, use_vadtop 0
01-01 09:06:21.839 0 0 I [2 T688 ..] [snd-soc]: aml_audio_reset, reg 0xa, shift 14, use_vadtop 0
01-01 09:06:21.903 0 0 I [3 T688 ..] [snd-soc]: aml_audio_reset, reg 0xa, shift 9, use_vadtop 0
01-01 09:06:21.903 0 0 I [3 T688 ..] [snd-soc]: aml_audio_reset, reg 0xa, shift 14, use_vadtop 0
01-01 09:06:21.960 0 0 W : [2 T13166 .s] [SP FRAME TX] arp req,vif_idx:0 sender:[1c:79:2d:20:62:97 192.168.3.167]receiver:[00:00:00:00:00:00 192.168.3.89]
01-01 09:06:21.961 0 0 W : [2 T13166 .s] [SP FRAME TX] arp req,vif_idx:0 sender:[1c:79:2d:20:62:97 192.168.3.167]receiver:[00:00:00:00:00:00 192.168.3.91]
01-01 09:06:21.965 0 0 W : [1 T948 ..] [SP FRAME RX] arp rsp,vif_idx:0 sender:[dc:46:28:e5:1c:e9 192.168.3.91]receiver:[1c:79:2d:20:62:97 192.168.3.167]
01-01 09:06:21.967 0 0 I [2 T688 ..] [snd-soc]: aml_audio_reset, reg 0xa, shift 9, use_vadtop 0
01-01 09:06:21.967 0 0 I [2 T688 ..] [snd-soc]: aml_audio_reset, reg 0xa, shift 14, use_vadtop 0
01-01 09:06:22.024 0 0 W : [1 T948 ..] [SP FRAME RX] arp req,vif_idx:0 sender:[ee:78:83:8f:63:7e 192.168.3.58]receiver:[00:00:00:00:00:00 192.168.3.167]
01-01 09:06:22.025 0 0 W : [1 T948 ..] [SP FRAME TX] arp rsp,vif_idx:0 sender:[1c:79:2d:20:62:97 192.168.3.167]receiver:[ee:78:83:8f:63:7e 192.168.3.58]
01-01 09:06:22.030 0 0 I [2 T688 ..] [snd-soc]: aml_audio_reset, reg 0xa, shift 9, use_vadtop 0
01-01 09:06:22.031 0 0 I [2 T688 ..] [snd-soc]: aml_audio_reset, reg 0xa, shift 14, use_vadtop 0
01-01 09:06:22.060 0 0 W : [2 T0 .s] [SP FRAME TX] arp req,vif_idx:0 sender:[1c:79:2d:20:62:97 192.168.3.167]receiver:[00:00:00:00:00:00 192.168.3.47]
01-01 09:06:22.061 0 0 W : [2 T0 .s] [SP FRAME TX] arp req,vif_idx:0 sender:[1c:79:2d:20:62:97 192.168.3.167]receiver:[00:00:00:00:00:00 192.168.3.53]
01-01 09:06:22.094 0 0 I [3 T688 ..] [snd-soc]: aml_audio_reset, reg 0xa, shift 9, use_vadtop 0
01-01 09:06:22.095 0 0 I [3 T688 ..] [snd-soc]: aml_audio_reset, reg 0xa, shift 14, use_vadtop 0
01-01 09:06:22.158 0 0 I [2 T688 ..] [snd-soc]: aml_audio_reset, reg 0xa, shift 9, use_vadtop 0
01-01 09:06:22.159 0 0 I [2 T688 ..] [snd-soc]: aml_audio_reset, reg 0xa, shift 14, use_vadtop 0
01-01 09:06:22.222 0 0 I [3 T688 ..] [snd-soc]: aml_audio_reset, reg 0xa, shift 9, use_vadtop 0
01-01 09:06:22.223 0 0 I [2 T688 ..] [snd-soc]: aml_audio_reset, reg 0xa, shift 14, use_vadtop 0
01-01 09:06:22.286 0 0 I [2 T688 ..] [snd-soc]: aml_audio_reset, reg 0xa, shift 9, use_vadtop 0
01-01 09:06:22.287 0 0 I [2 T688 ..] [snd-soc]: aml_audio_reset, reg 0xa, shift 14, use_vadtop 0
01-01 09:06:22.350 0 0 I [2 T688 ..] [snd-soc]: aml_audio_reset, reg 0xa, shift 9, use_vadtop 0
01-01 09:06:22.351 0 0 I [2 T688 ..] [snd-soc]: aml_audio_reset, reg 0xa, shift 14, use_vadtop 0
01-01 09:06:22.374 0 0 W : [3 T948 ..] [SP FRAME RX] arp req,vif_idx:0 sender:[e2:03:00:92:54:eb 192.168.3.45]receiver:[00:00:00:00:00:00 192.168.3.167]
01-01 09:06:22.375 0 0 W : [3 T948 ..] [SP FRAME TX] arp rsp,vif_idx:0 sender:[1c:79:2d:20:62:97 192.168.3.167]receiver:[e2:03:00:92:54:eb 192.168.3.45]
01-01 09:06:22.414 0 0 I [2 T688 ..] [snd-soc]: aml_audio_reset, reg 0xa, shift 9, use_vadtop 0
01-01 09:06:22.415 0 0 I [3 T688 ..] [snd-soc]: aml_audio_reset, reg 0xa, shift 14, use_vadtop 0
01-01 09:06:22.472 0 0 W : [2 T2743 .s] [SP FRAME TX] arp req,vif_idx:0 sender:[1c:79:2d:20:62:97 192.168.3.167]receiver:[00:00:00:00:00:00 192.168.3.90]
01-01 09:06:22.476 0 0 W : [2 T13435 ..] [SP FRAME TX] arp req,vif_idx:0 sender:[1c:79:2d:20:62:97 192.168.3.167]receiver:[00:00:00:00:00:00 192.168.3.92]
01-01 09:06:22.478 0 0 I [3 T688 ..] [snd-soc]: aml_audio_reset, reg 0xa, shift 9, use_vadtop 0
01-01 09:06:22.479 0 0 I [3 T688 ..] [snd-soc]: aml_audio_reset, reg 0xa, shift 14, use_vadtop 0
01-01 09:06:22.542 0 0 I [3 T688 ..] [snd-soc]: aml_audio_reset, reg 0xa, shift 9, use_vadtop 0
01-01 09:06:22.543 0 0 I [3 T688 ..] [snd-soc]: aml_audio_reset, reg 0xa, shift 14, use_vadtop 0
01-01 09:06:22.559 0 0 W : [3 T948 ..] [SP FRAME RX] arp req,vif_idx:0 sender:[16:d0:ac:cd:07:4e 192.168.3.103]receiver:[00:00:00:00:00:00 192.168.3.167]
01-01 09:06:22.560 0 0 W : [3 T948 ..] [SP FRAME TX] arp rsp,vif_idx:0 sender:[1c:79:2d:20:62:97 192.168.3.167]receiver:[16:d0:ac:cd:07:4e 192.168.3.103]
01-01 09:06:22.568 0 0 W : [0 T1659 .s] [SP FRAME TX] arp req,vif_idx:0 sender:[1c:79:2d:20:62:97 192.168.3.167]receiver:[00:00:00:00:00:00 192.168.3.103]
01-01 09:06:22.569 0 0 W : [0 T1659 .s] [SP FRAME TX] arp req,vif_idx:0 sender:[1c:79:2d:20:62:97 192.168.3.167]receiver:[00:00:00:00:00:00 192.168.3.62]
01-01 09:06:22.578 0 0 W : [3 T948 ..] [SP FRAME RX] arp rsp,vif_idx:0 sender:[16:d0:ac:cd:07:4e 192.168.3.103]receiver:[1c:79:2d:20:62:97 192.168.3.167]
01-01 09:06:22.606 0 0 I [3 T688 ..] [snd-soc]: aml_audio_reset, reg 0xa, shift 9, use_vadtop 0
01-01 09:06:22.607 0 0 I [2 T688 ..] [snd-soc]: aml_audio_reset, reg 0xa, shift 14, use_vadtop 0
01-01 09:06:22.670 0 0 I [2 T688 ..] [snd-soc]: aml_audio_reset, reg 0xa, shift 9, use_vadtop 0
01-01 09:06:22.671 0 0 I [3 T688 ..] [snd-soc]: aml_audio_reset, reg 0xa, shift 14, use_vadtop 0
01-01 09:06:22.735 0 0 I [2 T688 ..] [snd-soc]: aml_audio_reset, reg 0xa, shift 9, use_vadtop 0
01-01 09:06:22.735 0 0 I [2 T688 ..] [snd-soc]: aml_audio_reset, reg 0xa, shift 14, use_vadtop 0
05-23 17:18:22.103 1659 1659 W ContextImpl: Calling a method in the system process without a qualified user: android.app.ContextImpl.startActivity:1102 android.content.ContextWrapper.startActivity:436 com.dangbei.util.RockyJumpControlUtil.sendJumpFromRocky:197 com.dangbei.util.RockyJumpControlUtil.startActivityUseUri:102 com.dangbei.component_appcontrol.AppControlComponent.jumpPayApp:178
05-23 17:18:22.104 1659 1659 W ContextImpl: Calling a method in the system process without a qualified user: android.app.ContextImpl.startActivity:1114 android.app.ContextImpl.startActivity:1103 android.content.ContextWrapper.startActivity:436 com.dangbei.util.RockyJumpControlUtil.sendJumpFromRocky:197 com.dangbei.util.RockyJumpControlUtil.startActivityUseUri:102
05-23 17:18:22.120 732 2913 D CompatibilityChangeReporter: Compat change id reported: 197654537; UID 1000; state: DISABLED
05-23 17:18:22.122 732 2913 V SplashScreenExceptionList: SplashScreen checking exception for package com.dangbei.leard.leradlauncher (target sdk:28) -> false
05-23 17:18:22.126 732 2913 I ActivityTaskManager: START u0 {act=android.intent.action.VIEW dat=db://appdetail/... flg=0x10008000 cmp=com.dangbei.leard.leradlauncher/.module.app.AppDetailActivity} with LAUNCH_SINGLE_TASK from uid 1000 (BAL_ALLOW_ALLOWLISTED_UID) result code=0
05-23 17:18:22.128 957 1021 V WindowManagerShell: Transition requested: android.os.BinderProxy@d383dfe TransitionRequestInfo { type = 1, triggerTask = TaskInfo{userId=0 taskId=243 displayId=0 isRunning=true baseIntent=Intent { act=android.intent.action.VIEW dat=db://appdetail/... flg=0x10808000 cmp=com.dangbei.leard.leradlauncher/.module.app.AppDetailActivity } baseActivity=ComponentInfo{com.dangbei.leard.leradlauncher/com.dangbei.leard.leradlauncher.module.app.AppDetailActivity} topActivity=ComponentInfo{com.dangbei.leard.leradlauncher/com.dangbei.leard.leradlauncher.module.app.AppDetailActivity} origActivity=null realActivity=ComponentInfo{com.dangbei.leard.leradlauncher/com.dangbei.leard.leradlauncher.module.app.AppDetailActivity} numActivities=1 lastActiveTime=3998880 supportsMultiWindow=true resizeMode=1 isResizeable=true minWidth=-1 minHeight=-1 defaultMinSize=220 token=WCT{android.window.IWindowContainerToken$Stub$Proxy@449f95f} topActivityType=1 pictureInPictureParams=null shouldDockBigOverlays=true launchIntoPipHostTaskId=-1 lastParentTaskIdBeforePip=-1 displayCutoutSafeInsets=null topActivityInfo=ActivityInfo{bf44fac com.dangbei.leard.leradlauncher.module.app.AppDetailActivity} launchCookies=[] positionInParent=Point(0, 0) parentTaskId=-1 isFocused=false isVisible=false isVisibleRequested=false isSleeping=false topActivityInSizeCompat=false topActivityEligibleForLetterboxEducation= false isLetterboxDoubleTapEnabled= false topActivityEligibleForUserAspectRatioButton= false topActivityBoundsLetterboxed= false isFromLetterboxDoubleTap= false topActivityLetterboxVerticalPosition= -1 topActivityLetterboxHorizontalPosition= -1 topActivityLetterboxWidth=-1 topActivityLetterboxHeight=-1 isUserFullscreenOverrideEnabled=false isTopActivityTransparent=false locusId=null displayAreaFeatureId=1 cameraCompatControlState=hidden}, remoteTransition = null, displayChange = null, flags = 0 }
01-01 09:06:22.798 0 0 I [2 T688 ..] [snd-soc]: aml_audio_reset, reg 0xa, shift 9, use_vadtop 0
01-01 09:06:22.799 0 0 I [2 T688 ..] [snd-soc]: aml_audio_reset, reg 0xa, shift 14, use_vadtop 0
05-23 17:18:22.159 732 11597 V WindowManager: app ------------- force_land :0
01-01 09:06:22.824 0 0 W : [3 T948 ..] [SP FRAME RX] arp req,vif_idx:0 sender:[b6:b0:0e:25:f7:84 192.168.3.82]receiver:[00:00:00:00:00:00 192.168.3.167]
01-01 09:06:22.825 0 0 W : [3 T948 ..] [SP FRAME TX] arp rsp,vif_idx:0 sender:[1c:79:2d:20:62:97 192.168.3.167]receiver:[b6:b0:0e:25:f7:84 192.168.3.82]
01-01 09:06:22.852 0 0 W [2 T2642 ..] audit: audit_lost=915 audit_rate_limit=5 audit_backlog_limit=64
01-01 09:06:22.852 0 0 E [2 T2642 ..] audit: rate limit exceeded
01-01 09:06:22.862 0 0 I [2 T13635 ..] [amlv4l]: [95]: reset mode: 1, es frames buffering: 1
01-01 09:06:22.862 0 0 I [3 T688 ..] [snd-soc]: aml_audio_reset, reg 0xa, shift 9, use_vadtop 0
01-01 09:06:22.863 0 0 I [2 T13635 ..] [amlv4l]: [95]: reset mode: 1, es frames buffering: 0
01-01 09:06:22.863 0 0 I [3 T688 ..] [snd-soc]: aml_audio_reset, reg 0xa, shift 14, use_vadtop 0
01-01 09:06:22.883 0 0 I [2 T13630 ..] [amlv4l]: [95]: reset mode: 1, es frames buffering: 0
01-01 09:06:22.885 0 0 D [2 T13630 ..] [amlcom]: vdec_release instance 00000000b7ea42c4, total 1
01-01 09:06:22.885 0 0 I [2 T13630 ..] [amlcom]: dos_local_config end, id 0, is_on 0
01-01 09:06:22.885 0 0 D [2 T13630 ..] [media_clock]: the clk_vdec_mux clock off, ref cnt: 0
01-01 09:06:22.885 0 0 I : [2 T13630 ..] deinit session
01-01 09:06:22.886 0 0 I : [2 T13630 ..] deinit session producer-2
01-01 09:06:22.886 0 0 I : [2 T13630 ..] deinit has_unusing_fifo [1]
01-01 09:06:22.888 0 0 I : [0 T98 ..] p_fifo[2] name[aml-vcodec-dec] state[0] to MP_FIFO_UNUSED
01-01 09:06:22.926 0 0 I [3 T688 ..] [snd-soc]: aml_audio_reset, reg 0xa, shift 9, use_vadtop 0
01-01 09:06:22.927 0 0 I [3 T688 ..] [snd-soc]: aml_audio_reset, reg 0xa, shift 14, use_vadtop 0
01-01 09:06:22.948 0 0 I [1 T108 ..] dim: unreg:2keep[0], msk:[0x0,0x0]
01-01 09:06:22.948 0 0 I [1 T108 ..] dim: hf:r:ch[2]:cnt[0]
01-01 09:06:22.948 0 0 I [1 T108 ..] dim: di_unreg_setting:
01-01 09:06:22.951 0 0 I [0 T365 ..] dim: unreg:use[18]ms
01-01 09:06:22.951 0 0 I [0 T365 ..] dim: ins:destroy:ch[2]:end
01-01 09:06:22.952 0 0 I : [0 T365 ..] di process release
01-01 09:06:22.956 0 0 I [0 T365 ..] vc: [0]vc: set enable index=0, val=0
01-01 09:06:22.957 0 0 I [0 T365 ..] VID: store VD0 path_id changed 2->-1
01-01 09:06:22.957 0 0 I [0 T365 ..] VID: VD1 off
01-01 09:06:22.958 0 0 I [0 T365 ..] VID: VD1 set global output as 0
01-01 09:06:22.958 0 0 I : [0 T365 ..] common_vf_unreg_provider video_render.0: vd1 used:true, vd2 used:false, vd3 used:false, f_wait:true (0 0), b_out:0, cur_buf:00000000c7342d6c
01-01 09:06:22.984 0 0 W : [2 T1021 .s] [SP FRAME TX] arp req,vif_idx:0 sender:[1c:79:2d:20:62:97 192.168.3.167]receiver:[00:00:00:00:00:00 192.168.3.89]
01-01 09:06:22.985 0 0 I [3 T365 ..] dp_put_file_ext: put_file=ffffff8081172140, file_count=7
01-01 09:06:22.988 0 0 W : [2 T13435 ..] [SP FRAME TX] arp req,vif_idx:0 sender:[1c:79:2d:20:62:97 192.168.3.167]receiver:[00:00:00:00:00:00 192.168.3.93]
01-01 09:06:22.990 0 0 I [3 T688 ..] [snd-soc]: aml_audio_reset, reg 0xa, shift 9, use_vadtop 0
01-01 09:06:22.991 0 0 I [3 T688 ..] [snd-soc]: aml_audio_reset, reg 0xa, shift 14, use_vadtop 0
01-01 09:06:22.996 0 0 I [1 T292 ..] dp_buf: [0:95]di buf_mgr free
05-23 17:18:22.257 732 3324 W WindowManager: [addWindow] title:com.dangbei.leard.leradlauncher/com.dangbei.leard.leradlauncher.module.app.AppDetailActivity
05-23 17:18:22.257 732 11597 W WindowManager: Failed looking up window session=Session{9420002 1483:1000} callers=com.android.server.wm.WindowManagerService.windowForClientLocked:6075 com.android.server.wm.Session.updateRequestedVisibleTypes:695 android.view.IWindowSession$Stub.onTransact:1034
05-23 17:18:22.269 957 1021 D WindowManagerShell: TvPipController: onTaskStackChanged()
05-23 17:18:22.280 732 3324 D CoreBackPreview: Window{3dbd91c u0 com.dangbei.leard.leradlauncher/com.dangbei.leard.leradlauncher.module.app.AppDetailActivity}: Setting back callback OnBackInvokedCallbackInfo{mCallback=android.window.IOnBackInvokedCallback$Stub$Proxy@55afafa, mPriority=0, mIsAnimationCallback=false}
05-23 17:18:22.322 732 753 V WindowManager: Sent Transition #36 createdAt=05-23 17:18:22.110 via request=TransitionRequestInfo { type = 1, triggerTask = TaskInfo{userId=0 taskId=243 displayId=0 isRunning=true baseIntent=Intent { act=android.intent.action.VIEW dat=db://appdetail/... flg=0x10808000 cmp=com.dangbei.leard.leradlauncher/.module.app.AppDetailActivity } baseActivity=ComponentInfo{com.dangbei.leard.leradlauncher/com.dangbei.leard.leradlauncher.module.app.AppDetailActivity} topActivity=ComponentInfo{com.dangbei.leard.leradlauncher/com.dangbei.leard.leradlauncher.module.app.AppDetailActivity} origActivity=null realActivity=ComponentInfo{com.dangbei.leard.leradlauncher/com.dangbei.leard.leradlauncher.module.app.AppDetailActivity} numActivities=1 lastActiveTime=3998880 supportsMultiWindow=true resizeMode=1 isResizeable=true minWidth=-1 minHeight=-1 defaultMinSize=220 token=WCT{RemoteToken{1cdccc6 Task{440b797 #243 type=standard A=1000:search.app.task}}} topActivityType=1 pictureInPictureParams=null shouldDockBigOverlays=true launchIntoPipHostTaskId=-1 lastParentTaskIdBeforePip=-1 displayCutoutSafeInsets=null topActivityInfo=ActivityInfo{28b487 com.dangbei.leard.leradlauncher.module.app.AppDetailActivity} launchCookies=[] positionInParent=Point(0, 0) parentTaskId=-1 isFocused=false isVisible=false isVisibleRequested=false isSleeping=false topActivityInSizeCompat=false topActivityEligibleForLetterboxEducation= false isLetterboxDoubleTapEnabled= false topActivityEligibleForUserAspectRatioButton= false topActivityBoundsLetterboxed= false isFromLetterboxDoubleTap= false topActivityLetterboxVerticalPosition= -1 topActivityLetterboxHorizontalPosition= -1 topActivityLetterboxWidth=-1 topActivityLetterboxHeight=-1 isUserFullscreenOverrideEnabled=false isTopActivityTransparent=false locusId=null displayAreaFeatureId=1 cameraCompatControlState=hidden}, remoteTransition = null, displayChange = null, flags = 0 }
05-23 17:18:22.322 732 753 V WindowManager: startWCT=WindowContainerTransaction { changes = {} hops = [] errorCallbackToken=null taskFragmentOrganizer=null }
05-23 17:18:22.322 732 753 V WindowManager: info={id=36 t=OPEN f=0x0 trk=0 r=[0@Point(0, 0)] c=[{WCT{RemoteToken{1cdccc6 Task{440b797 #243 type=standard A=1000:search.app.task}}} m=OPEN f=NONE leash=Surface(name=Task=243)/@0x79138ab sb=Rect(0, 0 - 1920, 1080) eb=Rect(0, 0 - 1920, 1080) d=0},{WCT{RemoteToken{91bb2f1 Task{acad89e #240 type=standard A=10077:com.ktcp.video}}} m=TO_BACK f=NONE leash=Surface(name=Task=240)/@0x93cfc0a sb=Rect(0, 0 - 1920, 1080) eb=Rect(0, 0 - 1920, 1080) d=0}]}
05-23 17:18:22.324 957 1021 V WindowManagerShell: onTransitionReady android.os.BinderProxy@d383dfe: {id=36 t=OPEN f=0x0 trk=0 r=[0@Point(0, 0)] c=[{WCT{android.window.IWindowContainerToken$Stub$Proxy@b2cba98} m=OPEN f=NONE leash=Surface(name=Task=243)/@0x2548475 sb=Rect(0, 0 - 1920, 1080) eb=Rect(0, 0 - 1920, 1080) d=0},{WCT{android.window.IWindowContainerToken$Stub$Proxy@c75f2f1} m=TO_BACK f=NONE leash=Surface(name=Task=240)/@0x5d63c0a sb=Rect(0, 0 - 1920, 1080) eb=Rect(0, 0 - 1920, 1080) d=0}]}
05-23 17:18:22.324 957 1021 V WindowManagerShell: Playing animation for (#36)android.os.BinderProxy@d383dfe@0
05-23 17:18:22.324 957 1021 V WindowManagerShell: try handler com.android.wm.shell.keyguard.KeyguardTransitionHandler@9798e39
05-23 17:18:22.324 957 1021 V WindowManagerShell: try handler com.android.wm.shell.pip.tv.TvPipTransition@b2d1c7e
05-23 17:18:22.324 957 1021 V WindowManagerShell: try handler com.android.wm.shell.activityembedding.ActivityEmbeddingController@857b5df
05-23 17:18:22.324 957 1021 V WindowManagerShell: try handler com.android.wm.shell.transition.RemoteTransitionHandler@3c922c
05-23 17:18:22.324 957 1021 V WindowManagerShell: Transition doesn't have explicit remote, search filters for match for {id=36 t=OPEN f=0x0 trk=0 r=[0@Point(0, 0)] c=[{WCT{android.window.IWindowContainerToken$Stub$Proxy@b2cba98} m=OPEN f=NONE leash=Surface(name=Task=243)/@0x2548475 sb=Rect(0, 0 - 1920, 1080) eb=Rect(0, 0 - 1920, 1080) d=0},{WCT{android.window.IWindowContainerToken$Stub$Proxy@c75f2f1} m=TO_BACK f=NONE leash=Surface(name=Task=240)/@0x5d63c0a sb=Rect(0, 0 - 1920, 1080) eb=Rect(0, 0 - 1920, 1080) d=0}]}
05-23 17:18:22.324 957 1021 V WindowManagerShell: Delegate animation for #36 to null
05-23 17:18:22.325 957 1021 V WindowManagerShell: try handler com.android.wm.shell.transition.DefaultTransitionHandler@85bd4f5
05-23 17:18:22.325 957 1021 V WindowManagerShell: start default transition animation, info = {id=36 t=OPEN f=0x0 trk=0 r=[0@Point(0, 0)] c=[{WCT{android.window.IWindowContainerToken$Stub$Proxy@b2cba98} m=OPEN f=NONE leash=Surface(name=Task=243)/@0x2548475 sb=Rect(0, 0 - 1920, 1080) eb=Rect(0, 0 - 1920, 1080) d=0},{WCT{android.window.IWindowContainerToken$Stub$Proxy@c75f2f1} m=TO_BACK f=NONE leash=Surface(name=Task=240)/@0x5d63c0a sb=Rect(0, 0 - 1920, 1080) eb=Rect(0, 0 - 1920, 1080) d=0}]}
05-23 17:18:22.326 957 1021 V WindowManagerShell: loadAnimation: anim=android.view.animation.AlphaAnimation@2e3b557 animAttr=0x9 type=OPEN isEntrance=false
05-23 17:18:22.327 957 1021 V WindowManagerShell: loadAnimation: anim=android.view.animation.AlphaAnimation@6aa4262 animAttr=0x8 type=OPEN isEntrance=true
05-23 17:18:22.331 957 1021 V WindowManagerShell: animated by com.android.wm.shell.transition.DefaultTransitionHandler@85bd4f5
01-01 09:06:23.054 0 0 I [2 T688 ..] [snd-soc]: aml_audio_reset, reg 0xa, shift 9, use_vadtop 0
01-01 09:06:23.055 0 0 I [2 T688 ..] [snd-soc]: aml_audio_reset, reg 0xa, shift 14, use_vadtop 0
01-01 09:06:23.080 0 0 W : [1 T0 .s] [SP FRAME TX] arp req,vif_idx:0 sender:[1c:79:2d:20:62:97 192.168.3.167]receiver:[00:00:00:00:00:00 192.168.3.53]
01-01 09:06:23.092 0 0 W : [3 T948 ..] [SP FRAME RX] arp rsp,vif_idx:0 sender:[28:7b:11:70:68:8f 192.168.3.53]receiver:[1c:79:2d:20:62:97 192.168.3.167]
01-01 09:06:23.119 0 0 I [2 T688 ..] [snd-soc]: aml_audio_reset, reg 0xa, shift 9, use_vadtop 0
01-01 09:06:23.119 0 0 I [2 T688 ..] [snd-soc]: aml_audio_reset, reg 0xa, shift 14, use_vadtop 0
01-01 09:06:23.182 0 0 I [2 T688 ..] [snd-soc]: aml_audio_reset, reg 0xa, shift 9, use_vadtop 0
01-01 09:06:23.183 0 0 I [2 T688 ..] [snd-soc]: aml_audio_reset, reg 0xa, shift 14, use_vadtop 0
01-01 09:06:23.246 0 0 I [3 T688 ..] [snd-soc]: aml_audio_reset, reg 0xa, shift 9, use_vadtop 0
01-01 09:06:23.247 0 0 I [2 T688 ..] [snd-soc]: aml_audio_reset, reg 0xa, shift 14, use_vadtop 0
01-01 09:06:23.310 0 0 I [2 T688 ..] [snd-soc]: aml_audio_reset, reg 0xa, shift 9, use_vadtop 0
01-01 09:06:23.311 0 0 I [2 T688 ..] [snd-soc]: aml_audio_reset, reg 0xa, shift 14, use_vadtop 0
01-01 09:06:23.374 0 0 I [2 T688 ..] [snd-soc]: aml_audio_reset, reg 0xa, shift 9, use_vadtop 0
01-01 09:06:23.375 0 0 I [3 T688 ..] [snd-soc]: aml_audio_reset, reg 0xa, shift 14, use_vadtop 0
05-23 17:18:22.754 957 1021 V WindowManagerShell: Transition animation finished (aborted=false), notifying core (#36)android.os.BinderProxy@d383dfe@0
05-23 17:18:22.757 732 753 V WindowManager: Finish Transition #36: created at
05-23 17:18:22.110 collect-started=0.121ms request-sent=15.728ms started=18.96ms ready=54.88ms sent=203.279ms finished=646.144ms
05-23 17:18:22.763 957 1021 V WindowManagerShell: Track 0 became idle
05-23 17:18:22.763 957 1021 V WindowManagerShell: All active transition animations finished
01-01 09:06:23.438 0 0 I [3 T688 ..] [snd-soc]: aml_audio_reset, reg 0xa, shift 9, use_vadtop 0
01-01 09:06:23.439 0 0 I [3 T688 ..] [snd-soc]: aml_audio_reset, reg 0xa, shift 14, use_vadtop 0
01-01 09:06:23.496 0 0 W : [2 T13719 .s] [SP FRAME TX] arp req,vif_idx:0 sender:[1c:79:2d:20:62:97 192.168.3.167]receiver:[00:00:00:00:00:00 192.168.3.92]
01-01 09:06:23.497 0 0 W : [2 T13719 .s] [SP FRAME TX] arp req,vif_idx:0 sender:[1c:79:2d:20:62:97 192.168.3.167]receiver:[00:00:00:00:00:00 192.168.3.90]
01-01 09:06:23.499 0 0 W : [2 T13435 ..] [SP FRAME TX] arp req,vif_idx:0 sender:[1c:79:2d:20:62:97 192.168.3.167]receiver:[00:00:00:00:00:00 192.168.3.94]
01-01 09:06:23.502 0 0 I [3 T688 ..] [snd-soc]: aml_audio_reset, reg 0xa, shift 9, use_vadtop 0
01-01 09:06:23.503 0 0 I [2 T688 ..] [snd-soc]: aml_audio_reset, reg 0xa, shift 14, use_vadtop 0
01-01 09:06:23.519 0 0 W : [1 T948 ..] [SP FRAME RX] arp rsp,vif_idx:0 sender:[be:a5:e7:f2:9c:e1 192.168.3.94]receiver:[1c:79:2d:20:62:97 192.168.3.167]
01-01 09:06:23.566 0 0 I [3 T688 ..] [snd-soc]: aml_audio_reset, reg 0xa, shift 9, use_vadtop 0
01-01 09:06:23.567 0 0 I [3 T688 ..] [snd-soc]: aml_audio_reset, reg 0xa, shift 14, use_vadtop 0
01-01 09:06:23.570 0 0 W : [1 T948 ..] [SP FRAME RX] arp req,vif_idx:0 sender:[54:d6:0d:ac:40:f5 192.168.3.83]receiver:[00:00:00:00:00:00 192.168.3.167]
01-01 09:06:23.571 0 0 W : [1 T948 ..] [SP FRAME TX] arp rsp,vif_idx:0 sender:[1c:79:2d:20:62:97 192.168.3.167]receiver:[54:d6:0d:ac:40:f5 192.168.3.83]
01-01 09:06:23.592 0 0 W : [3 T2131 .s] [SP FRAME TX] arp req,vif_idx:0 sender:[1c:79:2d:20:62:97 192.168.3.167]receiver:[00:00:00:00:00:00 192.168.3.62]
01-01 09:06:23.630 0 0 I [3 T688 ..] [snd-soc]: aml_audio_reset, reg 0xa, shift 9, use_vadtop 0
01-01 09:06:23.631 0 0 I [3 T688 ..] [snd-soc]: aml_audio_reset, reg 0xa, shift 14, use_vadtop 0
01-01 09:06:23.694 0 0 I [2 T688 ..] [snd-soc]: aml_audio_reset, reg 0xa, shift 9, use_vadtop 0
01-01 09:06:23.695 0 0 I [2 T688 ..] [snd-soc]: aml_audio_reset, reg 0xa, shift 14, use_vadtop 0
01-01 09:06:23.758 0 0 I [3 T688 ..] [snd-soc]: aml_audio_reset, reg 0xa, shift 9, use_vadtop 0
01-01 09:06:23.758 0 0 I [3 T688 ..] [snd-soc]: aml_audio_reset, reg 0xa, shift 14, use_vadtop 0
01-01 09:06:23.822 0 0 I [2 T688 ..] [snd-soc]: aml_audio_reset, reg 0xa, shift 9, use_vadtop 0
01-01 09:06:23.822 0 0 I [2 T688 ..] [snd-soc]: aml_audio_reset, reg 0xa, shift 14, use_vadtop 0
01-01 09:06:23.886 0 0 I [2 T688 ..] [snd-soc]: aml_audio_reset, reg 0xa, shift 9, use_vadtop 0
01-01 09:06:23.887 0 0 I [2 T688 ..] [snd-soc]: aml_audio_reset, reg 0xa, shift 14, use_vadtop 0
05-23 17:18:23.283 732 11597 D CoreBackPreview: Window{ec21253 u0 com.dangbei.lerad.rocky}: Setting back callback null
01-01 09:06:23.951 0 0 I [2 T688 ..] [snd-soc]: aml_audio_reset, reg 0xa, shift 9, use_vadtop 0
01-01 09:06:23.951 0 0 I [2 T688 ..] [snd-soc]: aml_audio_reset, reg 0xa, shift 14, use_vadtop 0
01-01 09:06:24.008 0 0 W : [2 T0 .s] [SP FRAME TX] arp req,vif_idx:0 sender:[1c:79:2d:20:62:97 192.168.3.167]receiver:[00:00:00:00:00:00 192.168.3.93]
01-01 09:06:24.009 0 0 W : [2 T13435 ..] [SP FRAME TX] arp req,vif_idx:0 sender:[1c:79:2d:20:62:97 192.168.3.167]receiver:[00:00:00:00:00:00 192.168.3.95]
01-01 09:06:24.015 0 0 I [2 T688 ..] [snd-soc]: aml_audio_reset, reg 0xa, shift 9, use_vadtop 0
01-01 09:06:24.015 0 0 I [2 T688 ..] [snd-soc]: aml_audio_reset, reg 0xa, shift 14, use_vadtop 0
05-23 17:18:23.379 732 754 W ContextImpl: Calling a method in the system process without a qualified user: android.app.ContextImpl.startService:1899 com.android.server.wm.DisplayPolicy.lambda$focusChangedLw$5:2126 com.android.server.wm.DisplayPolicy.$r8$lambda$Znxk63oh-WzVnzo_WQefN7uxV48:0 com.android.server.wm.DisplayPolicy$$ExternalSyntheticLambda13.run:0 android.os.Handler.handleCallback:958
01-01 09:06:24.045 0 0 W : [1 T948 ..] [SP FRAME RX] arp rsp,vif_idx:0 sender:[7e:4e:0f:66:15:58 192.168.3.95]receiver:[1c:79:2d:20:62:97 192.168.3.167]
01-01 09:06:24.078 0 0 I [2 T688 ..] [snd-soc]: aml_audio_reset, reg 0xa, shift 9, use_vadtop 0
01-01 09:06:24.079 0 0 I [2 T688 ..] [snd-soc]: aml_audio_reset, reg 0xa, shift 14, use_vadtop 0
01-01 09:06:24.142 0 0 I [2 T688 ..] [snd-soc]: aml_audio_reset, reg 0xa, shift 9, use_vadtop 0
01-01 09:06:24.142 0 0 I [2 T688 ..] [snd-soc]: aml_audio_reset, reg 0xa, shift 14, use_vadtop 0
01-01 09:06:24.163 0 0 W [1 T13727 ..] audit: audit_lost=923 audit_rate_limit=5 audit_backlog_limit=64
01-01 09:06:24.163 0 0 E [1 T13727 ..] audit: rate limit exceeded
01-01 09:06:24.206 0 0 I [2 T688 ..] [snd-soc]: aml_audio_reset, reg 0xa, shift 9, use_vadtop 0
01-01 09:06:24.207 0 0 I [2 T688 ..] [snd-soc]: aml_audio_reset, reg 0xa, shift 14, use_vadtop 0
01-01 09:06:24.271 0 0 I [2 T688 ..] [snd-soc]: aml_audio_reset, reg 0xa, shift 9, use_vadtop 0
01-01 09:06:24.271 0 0 I [2 T688 ..] [snd-soc]: aml_audio_reset, reg 0xa, shift 14, use_vadtop 0
01-01 09:06:24.334 0 0 I [2 T688 ..] [snd-soc]: aml_audio_reset, reg 0xa, shift 9, use_vadtop 0
01-01 09:06:24.335 0 0 I [2 T688 ..] [snd-soc]: aml_audio_reset, reg 0xa, shift 14, use_vadtop 0
01-01 09:06:24.399 0 0 I [2 T688 ..] [snd-soc]: aml_audio_reset, reg 0xa, shift 9, use_vadtop 0
01-01 09:06:24.399 0 0 I [2 T688 ..] [snd-soc]: aml_audio_reset, reg 0xa, shift 14, use_vadtop 0
01-01 09:06:24.462 0 0 I [2 T688 ..] [snd-soc]: aml_audio_reset, reg 0xa, shift 9, use_vadtop 0
01-01 09:06:24.463 0 0 I [2 T688 ..] [snd-soc]: aml_audio_reset, reg 0xa, shift 14, use_vadtop 0
01-01 09:06:24.465 0 0 W : [1 T948 ..] [SP FRAME RX] arp req,vif_idx:0 sender:[2e:18:a1:71:f0:39 192.168.3.86]receiver:[00:00:00:00:00:00 192.168.3.167]
01-01 09:06:24.466 0 0 W : [1 T948 ..] [SP FRAME TX] arp rsp,vif_idx:0 sender:[1c:79:2d:20:62:97 192.168.3.167]receiver:[2e:18:a1:71:f0:39 192.168.3.86]
01-01 09:06:24.520 0 0 W : [2 T0 .s] [SP FRAME TX] arp req,vif_idx:0 sender:[1c:79:2d:20:62:97 192.168.3.167]receiver:[00:00:00:00:00:00 192.168.3.92]
01-01 09:06:24.521 0 0 W : [2 T13435 ..] [SP FRAME TX] arp req,vif_idx:0 sender:[1c:79:2d:20:62:97 192.168.3.167]receiver:[00:00:00:00:00:00 192.168.3.96]
01-01 09:06:24.526 0 0 I [2 T688 ..] [snd-soc]: aml_audio_reset, reg 0xa, shift 9, use_vadtop 0
01-01 09:06:24.527 0 0 I [2 T688 ..] [snd-soc]: aml_audio_reset, reg 0xa, shift 14, use_vadtop 0
01-01 09:06:24.591 0 0 I [2 T688 ..] [snd-soc]: aml_audio_reset, reg 0xa, shift 9, use_vadtop 0
01-01 09:06:24.591 0 0 I [2 T688 ..] [snd-soc]: aml_audio_reset, reg 0xa, shift 14, use_vadtop 0
01-01 09:06:24.616 0 0 W : [2 T688 .s] [SP FRAME TX] arp req,vif_idx:0 sender:[1c:79:2d:20:62:97 192.168.3.167]receiver:[00:00:00:00:00:00 192.168.3.86]
01-01 09:06:24.617 0 0 W : [2 T688 .s] [SP FRAME TX] arp req,vif_idx:0 sender:[1c:79:2d:20:62:97 192.168.3.167]receiver:[00:00:00:00:00:00 192.168.3.62]
01-01 09:06:24.621 0 0 W : [1 T948 ..] [SP FRAME RX] arp rsp,vif_idx:0 sender:[2e:18:a1:71:f0:39 192.168.3.86]receiver:[1c:79:2d:20:62:97 192.168.3.167]
01-01 09:06:24.654 0 0 I [2 T688 ..] [snd-soc]: aml_audio_reset, reg 0xa, shift 9, use_vadtop 0
01-01 09:06:24.655 0 0 I [2 T688 ..] [snd-soc]: aml_audio_reset, reg 0xa, shift 14, use_vadtop 0
01-01 09:06:24.719 0 0 I [2 T688 ..] [snd-soc]: aml_audio_reset, reg 0xa, shift 9, use_vadtop 0
01-01 09:06:24.719 0 0 I [2 T688 ..] [snd-soc]: aml_audio_reset, reg 0xa, shift 14, use_vadtop 0
01-01 09:06:24.783 0 0 I [2 T688 ..] [snd-soc]: aml_audio_reset, reg 0xa, shift 9, use_vadtop 0
01-01 09:06:24.783 0 0 I [2 T688 ..] [snd-soc]: aml_audio_reset, reg 0xa, shift 14, use_vadtop 0
01-01 09:06:24.847 0 0 I [3 T688 ..] [snd-soc]: aml_audio_reset, reg 0xa, shift 9, use_vadtop 0
01-01 09:06:24.847 0 0 I [3 T688 ..] [snd-soc]: aml_audio_reset, reg 0xa, shift 14, use_vadtop 0
01-01 09:06:24.911 0 0 I [3 T688 ..] [snd-soc]: aml_audio_reset, reg 0xa, shift 9, use_vadtop 0
01-01 09:06:24.911 0 0 I [3 T688 ..] [snd-soc]: aml_audio_reset, reg 0xa, shift 14, use_vadtop 0
01-01 09:06:24.974 0 0 I [3 T688 ..] [snd-soc]: aml_audio_reset, reg 0xa, shift 9, use_vadtop 0
01-01 09:06:24.975 0 0 I [3 T688 ..] [snd-soc]: aml_audio_reset, reg 0xa, shift 14, use_vadtop 0
01-01 09:06:25.032 0 0 W : [2 T0 .s] [SP FRAME TX] arp req,vif_idx:0 sender:[1c:79:2d:20:62:97 192.168.3.167]receiver:[00:00:00:00:00:00 192.168.3.93]
01-01 09:06:25.033 0 0 W : [2 T13435 ..] [SP FRAME TX] arp req,vif_idx:0 sender:[1c:79:2d:20:62:97 192.168.3.167]receiver:[00:00:00:00:00:00 192.168.3.97]
01-01 09:06:25.038 0 0 I [3 T688 ..] [snd-soc]: aml_audio_reset, reg 0xa, shift 9, use_vadtop 0
01-01 09:06:25.039 0 0 I [3 T688 ..] [snd-soc]: aml_audio_reset, reg 0xa, shift 14, use_vadtop 0
01-01 09:06:25.103 0 0 I [3 T688 ..] [snd-soc]: aml_audio_reset, reg 0xa, shift 9, use_vadtop 0
01-01 09:06:25.103 0 0 I [3 T688 ..] [snd-soc]: aml_audio_reset, reg 0xa, shift 14, use_vadtop 0
01-01 09:06:25.167 0 0 I [3 T688 ..] [snd-soc]: aml_audio_reset, reg 0xa, shift 9, use_vadtop 0
01-01 09:06:25.167 0 0 I [3 T688 ..] [snd-soc]: aml_audio_reset, reg 0xa, shift 14, use_vadtop 0
01-01 09:06:25.231 0 0 I [3 T688 ..] [snd-soc]: aml_audio_reset, reg 0xa, shift 9, use_vadtop 0
01-01 09:06:25.231 0 0 I [3 T688 ..] [snd-soc]: aml_audio_reset, reg 0xa, shift 14, use_vadtop 0
05-23 17:18:24.611 732 746 W WindowManager: Failed looking up window session=Session{9420002 1483:1000} callers=com.android.server.wm.WindowManagerService.windowForClientLocked:6075 com.android.server.wm.Session.updateRequestedVisibleTypes:695 android.view.IWindowSession$Stub.onTransact:1034
05-23 17:18:24.612 732 11597 W WindowManager: [addWindow] title:com.dangbei.leard.leradlauncher/com.dangbei.leard.leradlauncher.module.app.AppDetailActivity
05-23 17:18:24.631 732 11597 D CoreBackPreview: Window{136fb4e u0 com.dangbei.leard.leradlauncher/com.dangbei.leard.leradlauncher.module.app.AppDetailActivity}: Setting back callback OnBackInvokedCallbackInfo{mCallback=android.window.IOnBackInvokedCallback$Stub$Proxy@9f2157c, mPriority=0, mIsAnimationCallback=false}
01-01 09:06:25.294 0 0 I [3 T688 ..] [snd-soc]: aml_audio_reset, reg 0xa, shift 9, use_vadtop 0
01-01 09:06:25.295 0 0 I [2 T688 ..] [snd-soc]: aml_audio_reset, reg 0xa, shift 14, use_vadtop 0
01-01 09:06:25.358 0 0 I [3 T688 ..] [snd-soc]: aml_audio_reset, reg 0xa, shift 9, use_vadtop 0
01-01 09:06:25.359 0 0 I [3 T688 ..] [snd-soc]: aml_audio_reset, reg 0xa, shift 14, use_vadtop 0
05-23 17:18:24.716 732 754 W ContextImpl: Calling a method in the system process without a qualified user: android.app.ContextImpl.startService:1899 com.android.server.wm.DisplayPolicy.lambda$focusChangedLw$5:2126 com.android.server.wm.DisplayPolicy.$r8$lambda$Znxk63oh-WzVnzo_WQefN7uxV48:0 com.android.server.wm.DisplayPolicy$$ExternalSyntheticLambda13.run:0 android.os.Handler.handleCallback:958
01-01 09:06:25.422 0 0 I [3 T688 ..] [snd-soc]: aml_audio_reset, reg 0xa, shift 9, use_vadtop 0
01-01 09:06:25.423 0 0 I [3 T688 ..] [snd-soc]: aml_audio_reset, reg 0xa, shift 14, use_vadtop 0
01-01 09:06:25.487 0 0 I [3 T688 ..] [snd-soc]: aml_audio_reset, reg 0xa, shift 9, use_vadtop 0
01-01 09:06:25.487 0 0 I [3 T688 ..] [snd-soc]: aml_audio_reset, reg 0xa, shift 14, use_vadtop 0
01-01 09:06:25.544 0 0 W : [2 T0 .s] [SP FRAME TX] arp req,vif_idx:0 sender:[1c:79:2d:20:62:97 192.168.3.167]receiver:[00:00:00:00:00:00 192.168.3.96]
01-01 09:06:25.545 0 0 W : [0 T13435 ..] [SP FRAME TX] arp req,vif_idx:0 sender:[1c:79:2d:20:62:97 192.168.3.167]receiver:[00:00:00:00:00:00 192.168.3.98]
01-01 09:06:25.551 0 0 I [3 T688 ..] [snd-soc]: aml_audio_reset, reg 0xa, shift 9, use_vadtop 0
01-01 09:06:25.551 0 0 I [3 T688 ..] [snd-soc]: aml_audio_reset, reg 0xa, shift 14, use_vadtop 0
01-01 09:06:25.591 0 0 W : [2 T948 ..] [SP FRAME RX] arp rsp,vif_idx:0 sender:[dc:46:28:8c:43:3f 192.168.3.98]receiver:[1c:79:2d:20:62:97 192.168.3.167]
01-01 09:06:25.615 0 0 I [3 T688 ..] [snd-soc]: aml_audio_reset, reg 0xa, shift 9, use_vadtop 0
01-01 09:06:25.615 0 0 I [3 T688 ..] [snd-soc]: aml_audio_reset, reg 0xa, shift 14, use_vadtop 0
01-01 09:06:25.640 0 0 W : [3 T688 .s] [SP FRAME TX] arp req,vif_idx:0 sender:[1c:79:2d:20:62:97 192.168.3.167]receiver:[00:00:00:00:00:00 192.168.3.62]
01-01 09:06:25.678 0 0 I [3 T688 ..] [snd-soc]: aml_audio_reset, reg 0xa, shift 9, use_vadtop 0
01-01 09:06:25.679 0 0 I [3 T688 ..] [snd-soc]: aml_audio_reset, reg 0xa, shift 14, use_vadtop 0
01-01 09:06:25.742 0 0 I [3 T688 ..] [snd-soc]: aml_audio_reset, reg 0xa, shift 9, use_vadtop 0
01-01 09:06:25.743 0 0 I [3 T688 ..] [snd-soc]: aml_audio_reset, reg 0xa, shift 14, use_vadtop 0
01-01 09:06:25.807 0 0 I [3 T688 ..] [snd-soc]: aml_audio_reset, reg 0xa, shift 9, use_vadtop 0
01-01 09:06:25.807 0 0 I [3 T688 ..] [snd-soc]: aml_audio_reset, reg 0xa, shift 14, use_vadtop 0
01-01 09:06:25.871 0 0 I [3 T688 ..] [snd-soc]: aml_audio_reset, reg 0xa, shift 9, use_vadtop 0
01-01 09:06:25.871 0 0 I [3 T688 ..] [snd-soc]: aml_audio_reset, reg 0xa, shift 14, use_vadtop 0
01-01 09:06:25.934 0 0 I [2 T688 ..] [snd-soc]: aml_audio_reset, reg 0xa, shift 9, use_vadtop 0
01-01 09:06:25.935 0 0 I [2 T688 ..] [snd-soc]: aml_audio_reset, reg 0xa, shift 14, use_vadtop 0
01-01 09:06:25.999 0 0 I [2 T688 ..] [snd-soc]: aml_audio_reset, reg 0xa, shift 9, use_vadtop 0
01-01 09:06:25.999 0 0 I [2 T688 ..] [snd-soc]: aml_audio_reset, reg 0xa, shift 14, use_vadtop 0
01-01 09:06:26.056 0 0 W : [2 T0 .s] [SP FRAME TX] arp req,vif_idx:0 sender:[1c:79:2d:20:62:97 192.168.3.167]receiver:[00:00:00:00:00:00 192.168.3.97]
01-01 09:06:26.057 0 0 W : [2 T0 .s] [SP FRAME TX] arp req,vif_idx:0 sender:[1c:79:2d:20:62:97 192.168.3.167]receiver:[00:00:00:00:00:00 192.168.3.99]
01-01 09:06:26.062 0 0 I [2 T688 ..] [snd-soc]: aml_audio_reset, reg 0xa, shift 9, use_vadtop 0
01-01 09:06:26.063 0 0 I [2 T688 ..] [snd-soc]: aml_audio_reset, reg 0xa, shift 14, use_vadtop 0
01-01 09:06:26.092 0 0 W : [2 T948 ..] [SP FRAME RX] arp req,vif_idx:0 sender:[0c:91:60:12:cd:da 192.168.3.221]receiver:[00:00:00:00:00:00 192.168.3.167]
01-01 09:06:26.093 0 0 W : [2 T948 ..] [SP FRAME TX] arp rsp,vif_idx:0 sender:[1c:79:2d:20:62:97 192.168.3.167]receiver:[0c:91:60:12:cd:da 192.168.3.221]
01-01 09:06:26.095 0 0 W : [2 T948 ..] [SP FRAME RX] arp req,vif_idx:0 sender:[02:18:5d:1c:ad:fa 192.168.3.19]receiver:[00:00:00:00:00:00 192.168.3.167]
01-01 09:06:26.096 0 0 W : [2 T948 ..] [SP FRAME TX] arp rsp,vif_idx:0 sender:[1c:79:2d:20:62:97 192.168.3.167]receiver:[02:18:5d:1c:ad:fa 192.168.3.19]
01-01 09:06:26.125 0 0 W : [2 T948 ..] [SP FRAME RX] arp req,vif_idx:0 sender:[4e:df:ee:48:4b:63 192.168.3.151]receiver:[00:00:00:00:00:00 192.168.3.167]
01-01 09:06:26.126 0 0 W : [2 T948 ..] [SP FRAME TX] arp rsp,vif_idx:0 sender:[1c:79:2d:20:62:97 192.168.3.167]receiver:[4e:df:ee:48:4b:63 192.168.3.151]
01-01 09:06:26.127 0 0 I [3 T688 ..] [snd-soc]: aml_audio_reset, reg 0xa, shift 9, use_vadtop 0
01-01 09:06:26.128 0 0 W : [2 T948 ..] [SP FRAME RX] arp req,vif_idx:0 sender:[a6:8b:d2:cd:fe:9a 192.168.3.162]receiver:[00:00:00:00:00:00 192.168.3.167]
01-01 09:06:26.129 0 0 I [3 T688 ..] [snd-soc]: aml_audio_reset, reg 0xa, shift 14, use_vadtop 0
01-01 09:06:26.130 0 0 W : [2 T948 ..] [SP FRAME TX] arp rsp,vif_idx:0 sender:[1c:79:2d:20:62:97 192.168.3.167]receiver:[a6:8b:d2:cd:fe:9a 192.168.3.162]
01-01 09:06:26.152 0 0 W : [0 T0 .s] [SP FRAME TX] arp req,vif_idx:0 sender:[1c:79:2d:20:62:97 192.168.3.167]receiver:[00:00:00:00:00:00 192.168.3.252]
01-01 09:06:26.153 0 0 W : [0 T0 .s] [SP FRAME TX] arp req,vif_idx:0 sender:[1c:79:2d:20:62:97 192.168.3.167]receiver:[00:00:00:00:00:00 192.168.3.240]
01-01 09:06:26.154 0 0 W : [0 T0 .s] [SP FRAME TX] arp req,vif_idx:0 sender:[1c:79:2d:20:62:97 192.168.3.167]receiver:[00:00:00:00:00:00 192.168.3.225]
01-01 09:06:26.156 0 0 W : [0 T0 .s] [SP FRAME TX] arp req,vif_idx:0 sender:[1c:79:2d:20:62:97 192.168.3.167]receiver:[00:00:00:00:00:00 192.168.3.221]
01-01 09:06:26.157 0 0 W : [0 T0 .s] [SP FRAME TX] arp req,vif_idx:0 sender:[1c:79:2d:20:62:97 192.168.3.167]receiver:[00:00:00:00:00:00 192.168.3.215]
01-01 09:06:26.159 0 0 W : [0 T0 .s] [SP FRAME TX] arp req,vif_idx:0 sender:[1c:79:2d:20:62:97 192.168.3.167]receiver:[00:00:00:00:00:00 192.168.3.176]
01-01 09:06:26.160 0 0 W : [0 T0 .s] [SP FRAME TX] arp req,vif_idx:0 sender:[1c:79:2d:20:62:97 192.168.3.167]receiver:[00:00:00:00:00:00 192.168.3.162]
01-01 09:06:26.162 0 0 W : [0 T0 .s] [SP FRAME TX] arp req,vif_idx:0 sender:[1c:79:2d:20:62:97 192.168.3.167]receiver:[00:00:00:00:00:00 192.168.3.161]
01-01 09:06:26.164 0 0 W : [0 T0 .s] [SP FRAME TX] arp req,vif_idx:0 sender:[1c:79:2d:20:62:97 192.168.3.167]receiver:[00:00:00:00:00:00 192.168.3.157]
01-01 09:06:26.165 0 0 W : [0 T0 .s] [SP FRAME TX] arp req,vif_idx:0 sender:[1c:79:2d:20:62:97 192.168.3.167]receiver:[00:00:00:00:00:00 192.168.3.153]
01-01 09:06:26.167 0 0 W : [0 T0 .s] [SP FRAME TX] arp req,vif_idx:0 sender:[1c:79:2d:20:62:97 192.168.3.167]receiver:[00:00:00:00:00:00 192.168.3.139]
01-01 09:06:26.168 0 0 W : [0 T0 .s] [SP FRAME TX] arp req,vif_idx:0 sender:[1c:79:2d:20:62:97 192.168.3.167]receiver:[00:00:00:00:00:00 192.168.3.118]
01-01 09:06:26.170 0 0 W : [0 T0 .s] [SP FRAME TX] arp req,vif_idx:0 sender:[1c:79:2d:20:62:97 192.168.3.167]receiver:[00:00:00:00:00:00 192.168.3.111]
01-01 09:06:26.171 0 0 W : [0 T0 .s] [SP FRAME TX] arp req,vif_idx:0 sender:[1c:79:2d:20:62:97 192.168.3.167]receiver:[00:00:00:00:00:00 192.168.3.105]
01-01 09:06:26.173 0 0 W : [0 T0 .s] [SP FRAME TX] arp req,vif_idx:0 sender:[1c:79:2d:20:62:97 192.168.3.167]receiver:[00:00:00:00:00:00 192.168.3.43]
01-01 09:06:26.174 0 0 W : [0 T0 .s] [SP FRAME TX] arp req,vif_idx:0 sender:[1c:79:2d:20:62:97 192.168.3.167]receiver:[00:00:00:00:00:00 192.168.3.19]
01-01 09:06:26.176 0 0 W : [3 T948 ..] [SP FRAME RX] arp req,vif_idx:0 sender:[1a:8c:ec:ac:60:cb 192.168.3.43]receiver:[00:00:00:00:00:00 192.168.3.167]
01-01 09:06:26.178 0 0 W : [3 T948 ..] [SP FRAME TX] arp rsp,vif_idx:0 sender:[1c:79:2d:20:62:97 192.168.3.167]receiver:[1a:8c:ec:ac:60:cb 192.168.3.43]
01-01 09:06:26.201 0 0 W : [3 T948 ..] [SP FRAME RX] arp rsp,vif_idx:0 sender:[de:90:cb:50:92:8f 192.168.3.252]receiver:[1c:79:2d:20:62:97 192.168.3.167]
01-01 09:06:26.206 0 0 W : [3 T948 ..] [SP FRAME RX] arp rsp,vif_idx:0 sender:[2e:b8:3b:16:08:4f 192.168.3.157]receiver:[1c:79:2d:20:62:97 192.168.3.167]
01-01 09:06:26.207 0 0 W : [3 T948 ..] [SP FRAME RX] arp rsp,vif_idx:0 sender:[1a:8c:ec:ac:60:cb 192.168.3.43]receiver:[1c:79:2d:20:62:97 192.168.3.167]
01-01 09:06:26.208 0 0 W : [3 T948 ..] [SP FRAME RX] arp req,vif_idx:0 sender:[9a:da:f3:3d:bb:2f 192.168.3.111]receiver:[00:00:00:00:00:00 192.168.3.167]
01-01 09:06:26.210 0 0 W : [3 T948 ..] [SP FRAME TX] arp rsp,vif_idx:0 sender:[1c:79:2d:20:62:97 192.168.3.167]receiver:[9a:da:f3:3d:bb:2f 192.168.3.111]
01-01 09:06:26.212 0 0 W : [3 T948 ..] [SP FRAME RX] arp rsp,vif_idx:0 sender:[22:2b:f8:c2:9b:dc 192.168.3.215]receiver:[1c:79:2d:20:62:97 192.168.3.167]
01-01 09:06:26.213 0 0 W : [3 T948 ..] [SP FRAME RX] arp rsp,vif_idx:0 sender:[0c:91:60:12:cd:da 192.168.3.221]receiver:[1c:79:2d:20:62:97 192.168.3.167]
01-01 09:06:26.215 0 0 W : [3 T948 ..] [SP FRAME RX] arp rsp,vif_idx:0 sender:[9a:da:f3:3d:bb:2f 192.168.3.111]receiver:[1c:79:2d:20:62:97 192.168.3.167]
01-01 09:06:26.216 0 0 W : [3 T948 ..] [SP FRAME RX] arp rsp,vif_idx:0 sender:[a6:8b:d2:cd:fe:9a 192.168.3.162]receiver:[1c:79:2d:20:62:97 192.168.3.167]
01-01 09:06:26.218 0 0 W : [3 T948 ..] [SP FRAME RX] arp req,vif_idx:0 sender:[de:90:cb:50:92:8f 192.168.3.252]receiver:[00:00:00:00:00:00 192.168.3.167]
01-01 09:06:26.219 0 0 W : [3 T948 ..] [SP FRAME TX] arp rsp,vif_idx:0 sender:[1c:79:2d:20:62:97 192.168.3.167]receiver:[de:90:cb:50:92:8f 192.168.3.252]
01-01 09:06:26.221 0 0 W : [3 T948 ..] [SP FRAME RX] arp rsp,vif_idx:0 sender:[16:8e:6e:17:dc:41 192.168.3.176]receiver:[1c:79:2d:20:62:97 192.168.3.167]
01-01 09:06:26.222 0 0 W : [3 T948 ..] [SP FRAME RX] arp rsp,vif_idx:0 sender:[1a:01:08:c1:b7:a5 192.168.3.225]receiver:[1c:79:2d:20:62:97 192.168.3.167]
01-01 09:06:26.224 0 0 W : [3 T948 ..] [SP FRAME RX] arp rsp,vif_idx:0 sender:[02:91:37:fc:9e:f6 192.168.3.105]receiver:[1c:79:2d:20:62:97 192.168.3.167]
01-01 09:06:26.226 0 0 W : [3 T948 ..] [SP FRAME RX] arp req,vif_idx:0 sender:[86:c4:12:e3:5b:28 192.168.3.161]receiver:[00:00:00:00:00:00 192.168.3.167]
01-01 09:06:26.227 0 0 W : [3 T948 ..] [SP FRAME TX] arp rsp,vif_idx:0 sender:[1c:79:2d:20:62:97 192.168.3.167]receiver:[86:c4:12:e3:5b:28 192.168.3.161]
01-01 09:06:26.229 0 0 W : [3 T948 ..] [SP FRAME RX] arp rsp,vif_idx:0 sender:[c2:cc:66:a5:97:10 192.168.3.153]receiver:[1c:79:2d:20:62:97 192.168.3.167]
01-01 09:06:26.230 0 0 W : [3 T948 ..] [SP FRAME RX] arp req,vif_idx:0 sender:[c2:cc:66:a5:97:10 192.168.3.153]receiver:[00:00:00:00:00:00 192.168.3.167]
01-01 09:06:26.232 0 0 W : [3 T948 ..] [SP FRAME TX] arp rsp,vif_idx:0 sender:[1c:79:2d:20:62:97 192.168.3.167]receiver:[c2:cc:66:a5:97:10 192.168.3.153]
05-23 17:18:25.578 732 746 D CoreBackPreview: Window{136fb4e u0 com.dangbei.leard.leradlauncher/com.dangbei.leard.leradlauncher.module.app.AppDetailActivity}: Setting back callback null
01-01 09:06:26.237 0 0 W : [3 T948 ..] [SP FRAME RX] arp req,vif_idx:0 sender:[1a:01:08:c1:b7:a5 192.168.3.225]receiver:[00:00:00:00:00:00 192.168.3.167]
01-01 09:06:26.238 0 0 W : [3 T948 ..] [SP FRAME TX] arp rsp,vif_idx:0 sender:[1c:79:2d:20:62:97 192.168.3.167]receiver:[1a:01:08:c1:b7:a5 192.168.3.225]
01-01 09:06:26.239 0 0 W : [3 T948 ..] [SP FRAME RX] arp rsp,vif_idx:0 sender:[02:18:5d:1c:ad:fa 192.168.3.19]receiver:[1c:79:2d:20:62:97 192.168.3.167]
01-01 09:06:26.241 0 0 W : [3 T948 ..] [SP FRAME RX] arp req,vif_idx:0 sender:[16:8e:6e:17:dc:41 192.168.3.176]receiver:[00:00:00:00:00:00 192.168.3.167]
01-01 09:06:26.243 0 0 W : [3 T948 ..] [SP FRAME TX] arp rsp,vif_idx:0 sender:[1c:79:2d:20:62:97 192.168.3.167]receiver:[16:8e:6e:17:dc:41 192.168.3.176]
01-01 09:06:26.245 0 0 W : [3 T948 ..] [SP FRAME RX] arp rsp,vif_idx:0 sender:[3a:fd:3d:ee:5f:54 192.168.3.118]receiver:[1c:79:2d:20:62:97 192.168.3.167]
01-01 09:06:26.250 0 0 W : [3 T948 ..] [SP FRAME RX] arp rsp,vif_idx:0 sender:[86:c4:12:e3:5b:28 192.168.3.161]receiver:[1c:79:2d:20:62:97 192.168.3.167]
01-01 09:06:26.251 0 0 W : [3 T948 ..] [SP FRAME RX] arp req,vif_idx:0 sender:[28:7b:11:70:64:f1 192.168.3.240]receiver:[00:00:00:00:00:00 192.168.3.167]
01-01 09:06:26.252 0 0 W : [3 T948 ..] [SP FRAME TX] arp rsp,vif_idx:0 sender:[1c:79:2d:20:62:97 192.168.3.167]receiver:[28:7b:11:70:64:f1 192.168.3.240]
01-01 09:06:26.254 0 0 W : [3 T948 ..] [SP FRAME RX] arp rsp,vif_idx:0 sender:[28:7b:11:70:64:f1 192.168.3.240]receiver:[1c:79:2d:20:62:97 192.168.3.167]
01-01 09:06:26.254 0 0 I [2 T688 ..] [snd-soc]: aml_audio_reset, reg 0xa, shift 9, use_vadtop 0
01-01 09:06:26.256 0 0 I [2 T688 ..] [snd-soc]: aml_audio_reset, reg 0xa, shift 14, use_vadtop 0
05-23 17:18:25.606 732 756 V WindowManager: Unknown focus tokens, dropping reportFocusChanged
01-01 09:06:26.308 0 0 W : [3 T948 ..] [SP FRAME RX] arp req,vif_idx:0 sender:[5a:dc:a0:10:e9:a5 192.168.3.139]receiver:[00:00:00:00:00:00 192.168.3.167]
01-01 09:06:26.309 0 0 W : [3 T948 ..] [SP FRAME TX] arp rsp,vif_idx:0 sender:[1c:79:2d:20:62:97 192.168.3.167]receiver:[5a:dc:a0:10:e9:a5 192.168.3.139]
01-01 09:06:26.311 0 0 W : [3 T948 ..] [SP FRAME RX] arp rsp,vif_idx:0 sender:[5a:dc:a0:10:e9:a5 192.168.3.139]receiver:[1c:79:2d:20:62:97 192.168.3.167]
01-01 09:06:26.313 0 0 W : [3 T948 ..] [SP FRAME RX] arp req,vif_idx:0 sender:[22:2b:f8:c2:9b:dc 192.168.3.215]receiver:[00:00:00:00:00:00 192.168.3.167]
01-01 09:06:26.314 0 0 W : [3 T948 ..] [SP FRAME TX] arp rsp,vif_idx:0 sender:[1c:79:2d:20:62:97 192.168.3.167]receiver:[22:2b:f8:c2:9b:dc 192.168.3.215]
01-01 09:06:26.316 0 0 W : [3 T948 ..] [SP FRAME RX] arp req,vif_idx:0 sender:[02:91:37:fc:9e:f6 192.168.3.105]receiver:[00:00:00:00:00:00 192.168.3.167]
01-01 09:06:26.317 0 0 W : [3 T948 ..] [SP FRAME TX] arp rsp,vif_idx:0 sender:[1c:79:2d:20:62:97 192.168.3.167]receiver:[02:91:37:fc:9e:f6 192.168.3.105]
01-01 09:06:26.318 0 0 I [2 T688 ..] [snd-soc]: aml_audio_reset, reg 0xa, shift 9, use_vadtop 0
01-01 09:06:26.319 0 0 W : [3 T948 ..] [SP FRAME RX] arp req,vif_idx:0 sender:[3a:fd:3d:ee:5f:54 192.168.3.118]receiver:[00:00:00:00:00:00 192.168.3.167]
01-01 09:06:26.320 0 0 I [2 T688 ..] [snd-soc]: aml_audio_reset, reg 0xa, shift 14, use_vadtop 0
01-01 09:06:26.321 0 0 W : [3 T948 ..] [SP FRAME TX] arp rsp,vif_idx:0 sender:[1c:79:2d:20:62:97 192.168.3.167]receiver:[3a:fd:3d:ee:5f:54 192.168.3.118]
01-01 09:06:26.340 0 0 W : [3 T948 ..] [SP FRAME RX] arp req,vif_idx:0 sender:[4c:6b:b8:99:cd:e4 192.168.3.205]receiver:[00:00:00:00:00:00 192.168.3.167]
01-01 09:06:26.341 0 0 W : [3 T948 ..] [SP FRAME TX] arp rsp,vif_idx:0 sender:[1c:79:2d:20:62:97 192.168.3.167]receiver:[4c:6b:b8:99:cd:e4 192.168.3.205]
05-23 17:18:25.697 732 754 W ContextImpl: Calling a method in the system process without a qualified user: android.app.ContextImpl.startService:1899 com.android.server.wm.DisplayPolicy.lambda$focusChangedLw$5:2126 com.android.server.wm.DisplayPolicy.$r8$lambda$Znxk63oh-WzVnzo_WQefN7uxV48:0 com.android.server.wm.DisplayPolicy$$ExternalSyntheticLambda13.run:0 android.os.Handler.handleCallback:958
05-23 17:18:25.715 732 11597 W ProcessStats: Tracking association SourceState{77b1b88 com.ktcp.video/10077 Fgs #1425} whose proc state 3 is better than process ProcessState{7d3abfa com.ktcp.video:daemon/10077 pkg=com.ktcp.video} proc state 8 (3 skipped)
01-01 09:06:26.382 0 0 I [2 T688 ..] [snd-soc]: aml_audio_reset, reg 0xa, shift 9, use_vadtop 0
01-01 09:06:26.383 0 0 I [2 T688 ..] [snd-soc]: aml_audio_reset, reg 0xa, shift 14, use_vadtop 0
01-01 09:06:26.447 0 0 I [3 T688 ..] [snd-soc]: aml_audio_reset, reg 0xa, shift 9, use_vadtop 0
01-01 09:06:26.447 0 0 I [3 T688 ..] [snd-soc]: aml_audio_reset, reg 0xa, shift 14, use_vadtop 0
01-01 09:06:26.511 0 0 I [2 T688 ..] [snd-soc]: aml_audio_reset, reg 0xa, shift 9, use_vadtop 0
01-01 09:06:26.511 0 0 I [3 T688 ..] [snd-soc]: aml_audio_reset, reg 0xa, shift 14, use_vadtop 0
01-01 09:06:26.568 0 0 W : [2 T0 .s] [SP FRAME TX] arp req,vif_idx:0 sender:[1c:79:2d:20:62:97 192.168.3.167]receiver:[00:00:00:00:00:00 192.168.3.96]
01-01 09:06:26.569 0 0 W : [2 T0 .s] [SP FRAME TX] arp req,vif_idx:0 sender:[1c:79:2d:20:62:97 192.168.3.167]receiver:[00:00:00:00:00:00 192.168.3.100]
01-01 09:06:26.574 0 0 I [3 T688 ..] [snd-soc]: aml_audio_reset, reg 0xa, shift 9, use_vadtop 0
01-01 09:06:26.575 0 0 I [3 T688 ..] [snd-soc]: aml_audio_reset, reg 0xa, shift 14, use_vadtop 0
01-01 09:06:26.639 0 0 W : [3 T948 ..] [SP FRAME RX] arp rsp,vif_idx:0 sender:[26:7e:a7:05:94:03 192.168.3.100]receiver:[1c:79:2d:20:62:97 192.168.3.167]
01-01 09:06:26.639 0 0 I [2 T688 ..] [snd-soc]: aml_audio_reset, reg 0xa, shift 9, use_vadtop 0
01-01 09:06:26.641 0 0 I [2 T688 ..] [snd-soc]: aml_audio_reset, reg 0xa, shift 14, use_vadtop 0
01-01 09:06:26.664 0 0 W : [3 T254 .s] [SP FRAME TX] arp req,vif_idx:0 sender:[1c:79:2d:20:62:97 192.168.3.167]receiver:[00:00:00:00:00:00 192.168.3.62]
01-01 09:06:26.702 0 0 I [2 T688 ..] [snd-soc]: aml_audio_reset, reg 0xa, shift 9, use_vadtop 0
01-01 09:06:26.703 0 0 I [2 T688 ..] [snd-soc]: aml_audio_reset, reg 0xa, shift 14, use_vadtop 0
01-01 09:06:26.766 0 0 I [2 T688 ..] [snd-soc]: aml_audio_reset, reg 0xa, shift 9, use_vadtop 0
01-01 09:06:26.767 0 0 I [2 T688 ..] [snd-soc]: aml_audio_reset, reg 0xa, shift 14, use_vadtop 0
01-01 09:06:26.830 0 0 I [2 T688 ..] [snd-soc]: aml_audio_reset, reg 0xa, shift 9, use_vadtop 0
01-01 09:06:26.831 0 0 I [2 T688 ..] [snd-soc]: aml_audio_reset, reg 0xa, shift 14, use_vadtop 0
01-01 09:06:26.894 0 0 I [2 T688 ..] [snd-soc]: aml_audio_reset, reg 0xa, shift 9, use_vadtop 0
01-01 09:06:26.894 0 0 I [2 T688 ..] [snd-soc]: aml_audio_reset, reg 0xa, shift 14, use_vadtop 0
01-01 09:06:26.958 0 0 I [2 T688 ..] [snd-soc]: aml_audio_reset, reg 0xa, shift 9, use_vadtop 0
01-01 09:06:26.958 0 0 I [2 T688 ..] [snd-soc]: aml_audio_reset, reg 0xa, shift 14, use_vadtop 0
01-01 09:06:27.022 0 0 I [2 T688 ..] [snd-soc]: aml_audio_reset, reg 0xa, shift 9, use_vadtop 0
01-01 09:06:27.023 0 0 I [3 T688 ..] [snd-soc]: aml_audio_reset, reg 0xa, shift 14, use_vadtop 0
01-01 09:06:27.080 0 0 W : [2 T0 .s] [SP FRAME TX] arp req,vif_idx:0 sender:[1c:79:2d:20:62:97 192.168.3.167]receiver:[00:00:00:00:00:00 192.168.3.97]
