01-01 09:05:13.679 0 0 I [2 T688 ..] [snd-soc]: aml_audio_reset, reg 0xa, shift 14, use_vadtop 0
01-01 09:05:13.742 0 0 I [2 T688 ..] [snd-soc]: aml_audio_reset, reg 0xa, shift 9, use_vadtop 0
01-01 09:05:13.743 0 0 I [2 T688 ..] [snd-soc]: aml_audio_reset, reg 0xa, shift 14, use_vadtop 0
01-01 09:05:13.806 0 0 I [2 T688 ..] [snd-soc]: aml_audio_reset, reg 0xa, shift 9, use_vadtop 0
01-01 09:05:13.806 0 0 I [2 T688 ..] [snd-soc]: aml_audio_reset, reg 0xa, shift 14, use_vadtop 0
01-01 09:05:13.870 0 0 I [2 T688 ..] [snd-soc]: aml_audio_reset, reg 0xa, shift 9, use_vadtop 0
01-01 09:05:13.871 0 0 I [2 T688 ..] [snd-soc]: aml_audio_reset, reg 0xa, shift 14, use_vadtop 0
05-23 17:17:13.273 957 1021 V WindowManagerShell: Transition animation finished (aborted=false), notifying core (#31)android.os.BinderProxy@2f5c8b3@0
01-01 09:05:13.934 0 0 I [3 T688 ..] [snd-soc]: aml_audio_reset, reg 0xa, shift 9, use_vadtop 0
01-01 09:05:13.935 0 0 I [3 T688 ..] [snd-soc]: aml_audio_reset, reg 0xa, shift 14, use_vadtop 0
05-23 17:17:13.277 732 753 V WindowManager: Finish Transition #31: created at
05-23 17:17:12.844 collect-started=0.081ms request-sent=0.245ms started=7.26ms ready=12.498ms sent=18.313ms finished=430.661ms
05-23 17:17:13.289 957 1021 V WindowManagerShell: Track 0 became idle
05-23 17:17:13.289 957 1021 V WindowManagerShell: All active transition animations finished
01-01 09:05:13.998 0 0 I [2 T688 ..] [snd-soc]: aml_audio_reset, reg 0xa, shift 9, use_vadtop 0
01-01 09:05:13.999 0 0 I [2 T688 ..] [snd-soc]: aml_audio_reset, reg 0xa, shift 14, use_vadtop 0
01-01 09:05:14.062 0 0 I [3 T688 ..] [snd-soc]: aml_audio_reset, reg 0xa, shift 9, use_vadtop 0
01-01 09:05:14.063 0 0 I [2 T688 ..] [snd-soc]: aml_audio_reset, reg 0xa, shift 14, use_vadtop 0
01-01 09:05:14.126 0 0 I [2 T688 ..] [snd-soc]: aml_audio_reset, reg 0xa, shift 9, use_vadtop 0
01-01 09:05:14.126 0 0 I [2 T688 ..] [snd-soc]: aml_audio_reset, reg 0xa, shift 14, use_vadtop 0
01-01 09:05:14.190 0 0 I [3 T688 ..] [snd-soc]: aml_audio_reset, reg 0xa, shift 9, use_vadtop 0
01-01 09:05:14.190 0 0 I [3 T688 ..] [snd-soc]: aml_audio_reset, reg 0xa, shift 14, use_vadtop 0
01-01 09:05:14.254 0 0 I [2 T688 ..] [snd-soc]: aml_audio_reset, reg 0xa, shift 9, use_vadtop 0
01-01 09:05:14.255 0 0 I [2 T688 ..] [snd-soc]: aml_audio_reset, reg 0xa, shift 14, use_vadtop 0
01-01 09:05:14.264 0 0 I [3 T108 ..] dim: unreg:2keep[0], msk:[0x0,0x0]
01-01 09:05:14.264 0 0 I [3 T108 ..] dim: hf:r:ch[2]:cnt[0]
01-01 09:05:14.264 0 0 I [3 T108 ..] dim: di_unreg_setting:
01-01 09:05:14.268 0 0 I [0 T365 ..] dim: unreg:use[18]ms
01-01 09:05:14.268 0 0 I [0 T365 ..] dim: ins:destroy:ch[2]:end
01-01 09:05:14.269 0 0 I : [0 T365 ..] di process release
01-01 09:05:14.273 0 0 I [2 T365 ..] vc: [0]vc: set enable index=0, val=0
01-01 09:05:14.273 0 0 I [2 T365 ..] VID: store VD0 path_id changed 2->-1
01-01 09:05:14.274 0 0 I [1 T365 ..] VID: VD1 off
01-01 09:05:14.274 0 0 I [1 T365 ..] VID: VD1 set global output as 0
01-01 09:05:14.275 0 0 I : [1 T365 ..] common_vf_unreg_provider video_render.0: vd1 used:true, vd2 used:false, vd3 used:false, f_wait:true (0 0), b_out:0, cur_buf:00000000c7342d6c
01-01 09:05:14.295 0 0 I [1 T365 ..] dp_put_file_ext: put_file=ffffff80a6c4b900, file_count=7
01-01 09:05:14.316 0 0 I [1 T292 ..] dp_buf: [0:79]di buf_mgr free
01-01 09:05:14.318 0 0 I [2 T688 ..] [snd-soc]: aml_audio_reset, reg 0xa, shift 9, use_vadtop 0
01-01 09:05:14.319 0 0 I [2 T688 ..] [snd-soc]: aml_audio_reset, reg 0xa, shift 14, use_vadtop 0
01-01 09:05:14.382 0 0 I [2 T688 ..] [snd-soc]: aml_audio_reset, reg 0xa, shift 9, use_vadtop 0
01-01 09:05:14.383 0 0 I [2 T688 ..] [snd-soc]: aml_audio_reset, reg 0xa, shift 14, use_vadtop 0
01-01 09:05:14.446 0 0 I [2 T688 ..] [snd-soc]: aml_audio_reset, reg 0xa, shift 9, use_vadtop 0
01-01 09:05:14.447 0 0 I [2 T688 ..] [snd-soc]: aml_audio_reset, reg 0xa, shift 14, use_vadtop 0
01-01 09:05:14.465 0 0 W : [0 T948 ..] [SP FRAME RX] arp req,vif_idx:0 sender:[32:d3:91:86:95:7c 192.168.3.134]receiver:[00:00:00:00:00:00 192.168.3.167]
01-01 09:05:14.466 0 0 W : [0 T948 ..] [SP FRAME TX] arp rsp,vif_idx:0 sender:[1c:79:2d:20:62:97 192.168.3.167]receiver:[32:d3:91:86:95:7c 192.168.3.134]
01-01 09:05:14.472 0 0 W : [2 T12358 .s] [SP FRAME TX] arp req,vif_idx:0 sender:[1c:79:2d:20:62:97 192.168.3.167]receiver:[00:00:00:00:00:00 192.168.3.134]
01-01 09:05:14.484 0 0 W : [0 T948 ..] [SP FRAME RX] arp rsp,vif_idx:0 sender:[32:d3:91:86:95:7c 192.168.3.134]receiver:[1c:79:2d:20:62:97 192.168.3.167]
01-01 09:05:14.510 0 0 I [3 T688 ..] [snd-soc]: aml_audio_reset, reg 0xa, shift 9, use_vadtop 0
01-01 09:05:14.511 0 0 I [3 T688 ..] [snd-soc]: aml_audio_reset, reg 0xa, shift 14, use_vadtop 0
01-01 09:05:14.574 0 0 I [2 T688 ..] [snd-soc]: aml_audio_reset, reg 0xa, shift 9, use_vadtop 0
01-01 09:05:14.574 0 0 I [2 T688 ..] [snd-soc]: aml_audio_reset, reg 0xa, shift 14, use_vadtop 0
05-23 17:17:13.966 1659 1659 W ContextImpl: Calling a method in the system process without a qualified user: android.app.ContextImpl.startActivity:1102 android.content.ContextWrapper.startActivity:436 com.dangbei.util.RockyJumpControlUtil.sendJumpFromRocky:197 com.dangbei.util.RockyJumpControlUtil.startActivityUseComponentName:116 com.dangbei.component_appcontrol.carpo.XCarpoCreator.runApp:119
05-23 17:17:13.967 1659 1659 W ContextImpl: Calling a method in the system process without a qualified user: android.app.ContextImpl.startActivity:1114 android.app.ContextImpl.startActivity:1103 android.content.ContextWrapper.startActivity:436 com.dangbei.util.RockyJumpControlUtil.sendJumpFromRocky:197 com.dangbei.util.RockyJumpControlUtil.startActivityUseComponentName:116
05-23 17:17:13.969 732 11597 D CompatibilityChangeReporter: Compat change id reported: 265464455; UID 10077; state: DISABLED
05-23 17:17:13.969 732 11597 D CompatibilityChangeReporter: Compat change id reported: 265452344; UID 10077; state: DISABLED
05-23 17:17:13.969 732 11597 D CompatibilityChangeReporter: Compat change id reported: 266124927; UID 10077; state: DISABLED
05-23 17:17:13.970 732 11597 D CompatibilityChangeReporter: Compat change id reported: 265451093; UID 10077; state: DISABLED
05-23 17:17:13.970 732 11597 D CompatibilityChangeReporter: Compat change id reported: 265456536; UID 10077; state: DISABLED
05-23 17:17:13.970 732 11597 D CompatibilityChangeReporter: Compat change id reported: 255940284; UID 10077; state: DISABLED
05-23 17:17:13.970 732 11597 D CompatibilityChangeReporter: Compat change id reported: 236283604; UID 10077; state: DISABLED
05-23 17:17:13.971 732 11597 D CompatibilityChangeReporter: Compat change id reported: 263959004; UID 10077; state: DISABLED
05-23 17:17:13.971 732 11597 D CompatibilityChangeReporter: Compat change id reported: 264304459; UID 10077; state: DISABLED
05-23 17:17:13.971 732 11597 D CompatibilityChangeReporter: Compat change id reported: 264301586; UID 10077; state: DISABLED
05-23 17:17:13.971 732 11597 D CompatibilityChangeReporter: Compat change id reported: 254631730; UID 10077; state: DISABLED
05-23 17:17:13.972 732 11597 D CompatibilityChangeReporter: Compat change id reported: 273509367; UID 10077; state: DISABLED
05-23 17:17:13.972 732 11597 D CompatibilityChangeReporter: Compat change id reported: 263259275; UID 10077; state: DISABLED
05-23 17:17:13.972 732 11597 D CompatibilityChangeReporter: Compat change id reported: 174042980; UID 10077; state: DISABLED
05-23 17:17:13.972 732 11597 D CompatibilityChangeReporter: Compat change id reported: 174042936; UID 10077; state: DISABLED
05-23 17:17:13.972 732 11597 D CompatibilityChangeReporter: Compat change id reported: 181136395; UID 10077; state: DISABLED
05-23 17:17:13.976 732 11597 D CompatibilityChangeReporter: Compat change id reported: 194480991; UID 10077; state: ENABLED
01-01 09:05:14.638 0 0 I [2 T688 ..] [snd-soc]: aml_audio_reset, reg 0xa, shift 9, use_vadtop 0
01-01 09:05:14.639 0 0 I [2 T688 ..] [snd-soc]: aml_audio_reset, reg 0xa, shift 14, use_vadtop 0
05-23 17:17:13.989 732 11597 D CompatibilityChangeReporter: Compat change id reported: 184838306; UID 10077; state: DISABLED
05-23 17:17:13.990 732 11597 D CompatibilityChangeReporter: Compat change id reported: 185004937; UID 10077; state: DISABLED
05-23 17:17:13.992 732 11597 D CompatibilityChangeReporter: Compat change id reported: 197654537; UID 10077; state: DISABLED
05-23 17:17:13.994 732 11597 V SplashScreenExceptionList: SplashScreen checking exception for package com.ktcp.video (target sdk:23) -> false
05-23 17:17:13.995 732 11597 D CompatibilityChangeReporter: Compat change id reported: 205907456; UID 10077; state: DISABLED
05-23 17:17:13.998 732 11597 I ActivityTaskManager: START u0 {act=android.intent.action.VIEW flg=0x10000000 pkg=com.ktcp.video cmp=com.ktcp.video/.activity.MainActivity} with LAUNCH_MULTIPLE from uid 1000 (BAL_ALLOW_ALLOWLISTED_UID) result code=0
05-23 17:17:13.999 957 1021 V WindowManagerShell: Transition requested: android.os.BinderProxy@6a89921 TransitionRequestInfo { type = 1, triggerTask = TaskInfo{userId=0 taskId=240 displayId=0 isRunning=true baseIntent=Intent { act=android.intent.action.VIEW flg=0x10000000 pkg=com.ktcp.video cmp=com.ktcp.video/.activity.MainActivity } baseActivity=ComponentInfo{com.ktcp.video/com.ktcp.video.activity.MainActivity} topActivity=ComponentInfo{com.ktcp.video/com.ktcp.video.activity.MainActivity} origActivity=null realActivity=ComponentInfo{com.ktcp.video/com.ktcp.video.activity.MainActivity} numActivities=1 lastActiveTime=3930753 supportsMultiWindow=true resizeMode=0 isResizeable=false minWidth=-1 minHeight=-1 defaultMinSize=220 token=WCT{android.window.IWindowContainerToken$Stub$Proxy@4f77146} topActivityType=1 pictureInPictureParams=null shouldDockBigOverlays=true launchIntoPipHostTaskId=-1 lastParentTaskIdBeforePip=-1 displayCutoutSafeInsets=null topActivityInfo=ActivityInfo{402bf07 com.ktcp.video.activity.MainActivity} launchCookies=[] positionInParent=Point(0, 0) parentTaskId=-1 isFocused=false isVisible=false isVisibleRequested=false isSleeping=false topActivityInSizeCompat=false topActivityEligibleForLetterboxEducation= false isLetterboxDoubleTapEnabled= false topActivityEligibleForUserAspectRatioButton= false topActivityBoundsLetterboxed= false isFromLetterboxDoubleTap= false topActivityLetterboxVerticalPosition= -1 topActivityLetterboxHorizontalPosition= -1 topActivityLetterboxWidth=-1 topActivityLetterboxHeight=-1 isUserFullscreenOverrideEnabled=false isTopActivityTransparent=false locusId=null displayAreaFeatureId=1 cameraCompatControlState=hidden}, remoteTransition = null, displayChange = null, flags = 0 }
05-23 17:17:14.042 732 3324 V WindowManager: app ------------- force_land :0
01-01 09:05:14.702 0 0 I [2 T688 ..] [snd-soc]: aml_audio_reset, reg 0xa, shift 9, use_vadtop 0
01-01 09:05:14.703 0 0 I [2 T688 ..] [snd-soc]: aml_audio_reset, reg 0xa, shift 14, use_vadtop 0
01-01 09:05:14.766 0 0 I [2 T688 ..] [snd-soc]: aml_audio_reset, reg 0xa, shift 9, use_vadtop 0
01-01 09:05:14.767 0 0 I [2 T688 ..] [snd-soc]: aml_audio_reset, reg 0xa, shift 14, use_vadtop 0
05-23 17:17:14.113 732 746 I ActivityTaskManager: START u0 {flg=0x10000000 cmp=com.ktcp.video/.activity.onepage.HomeSingleTaskActivity (has extras)} with LAUNCH_SINGLE_TASK from uid 10077 (BAL_ALLOW_VISIBLE_WINDOW) result code=0
05-23 17:17:14.156 957 1021 D WindowManagerShell: TvPipController: onTaskStackChanged()
05-23 17:17:14.165 732 2913 V WindowManager: app ------------- force_land :0
05-23 17:17:14.270 957 1021 D WindowManagerShell: TvPipController: onTaskStackChanged()
05-23 17:17:14.301 732 807 I PowerManagerService: Allowing device wake-up from app com.dangbei.lerad.rocky
01-01 09:05:14.830 0 0 I [2 T688 ..] [snd-soc]: aml_audio_reset, reg 0xa, shift 9, use_vadtop 0
01-01 09:05:14.831 0 0 I [2 T688 ..] [snd-soc]: aml_audio_reset, reg 0xa, shift 14, use_vadtop 0
01-01 09:05:14.894 0 0 I [2 T688 ..] [snd-soc]: aml_audio_reset, reg 0xa, shift 9, use_vadtop 0
01-01 09:05:14.895 0 0 I [2 T688 ..] [snd-soc]: aml_audio_reset, reg 0xa, shift 14, use_vadtop 0
01-01 09:05:14.958 0 0 I [2 T688 ..] [snd-soc]: aml_audio_reset, reg 0xa, shift 9, use_vadtop 0
01-01 09:05:14.959 0 0 I [2 T688 ..] [snd-soc]: aml_audio_reset, reg 0xa, shift 14, use_vadtop 0
01-01 09:05:15.022 0 0 I [2 T688 ..] [snd-soc]: aml_audio_reset, reg 0xa, shift 9, use_vadtop 0
01-01 09:05:15.023 0 0 I [2 T688 ..] [snd-soc]: aml_audio_reset, reg 0xa, shift 14, use_vadtop 0
05-23 17:17:14.384 732 807 W WindowManager: [addWindow] title:
01-01 09:05:15.050 0 0 W [1 T13054 ..] audit: audit_lost=303 audit_rate_limit=5 audit_backlog_limit=64
01-01 09:05:15.051 0 0 E [1 T13054 ..] audit: rate limit exceeded
01-01 09:05:15.087 0 0 I [3 T688 ..] [snd-soc]: aml_audio_reset, reg 0xa, shift 9, use_vadtop 0
01-01 09:05:15.087 0 0 I [3 T688 ..] [snd-soc]: aml_audio_reset, reg 0xa, shift 14, use_vadtop 0
01-01 09:05:15.150 0 0 I [2 T688 ..] [snd-soc]: aml_audio_reset, reg 0xa, shift 9, use_vadtop 0
01-01 09:05:15.151 0 0 I [2 T688 ..] [snd-soc]: aml_audio_reset, reg 0xa, shift 14, use_vadtop 0
05-23 17:17:14.489 732 3324 D CompatibilityChangeReporter: Compat change id reported: 161145287; UID 1000; state: ENABLED
05-23 17:17:14.489 732 754 W ContextImpl: Calling a method in the system process without a qualified user: android.app.ContextImpl.startService:1899 com.android.server.wm.DisplayPolicy.lambda$focusChangedLw$5:2126 com.android.server.wm.DisplayPolicy.$r8$lambda$Znxk63oh-WzVnzo_WQefN7uxV48:0 com.android.server.wm.DisplayPolicy$$ExternalSyntheticLambda13.run:0 android.os.Handler.handleCallback:958
05-23 17:17:14.490 732 3324 D CompatibilityChangeReporter: Compat change id reported: 161145287; UID 1000; state: DISABLED
05-23 17:17:14.504 732 3324 W WindowManager: Failed looking up window session=Session{24ae781 2131:u0a10077} callers=com.android.server.wm.WindowManagerService.windowForClientLocked:6075 com.android.server.wm.Session.updateRequestedVisibleTypes:695 android.view.IWindowSession$Stub.onTransact:1034
05-23 17:17:14.505 732 3324 W WindowManager: [addWindow] title:com.ktcp.video/com.ktcp.video.activity.onepage.HomeSingleTaskActivity
05-23 17:17:14.506 732 3324 D CompatibilityChangeReporter: Compat change id reported: 168419799; UID 10077; state: DISABLED
05-23 17:17:14.506 732 3324 D CompatibilityChangeReporter: Compat change id reported: 273564678; UID 10077; state: DISABLED
01-01 09:05:15.214 0 0 I [3 T688 ..] [snd-soc]: aml_audio_reset, reg 0xa, shift 9, use_vadtop 0
05-23 17:17:14.568 732 807 D CoreBackPreview: Window{be7bb80 u0 com.ktcp.video/com.ktcp.video.activity.onepage.HomeSingleTaskActivity}: Setting back callback OnBackInvokedCallbackInfo{mCallback=android.window.IOnBackInvokedCallback$Stub$Proxy@bcd0fac, mPriority=0, mIsAnimationCallback=false}
01-01 09:05:15.215 0 0 I [3 T688 ..] [snd-soc]: aml_audio_reset, reg 0xa, shift 14, use_vadtop 0
01-01 09:05:15.278 0 0 I [3 T688 ..] [snd-soc]: aml_audio_reset, reg 0xa, shift 9, use_vadtop 0
01-01 09:05:15.279 0 0 I [3 T688 ..] [snd-soc]: aml_audio_reset, reg 0xa, shift 14, use_vadtop 0
01-01 09:05:15.321 0 0 W : [1 T947 ..] traffic busy!!
05-23 17:17:14.672 732 807 D CoreBackPreview: Window{9317849 u0 com.dangbei.lerad.rocky}: Setting back callback OnBackInvokedCallbackInfo{mCallback=android.window.IOnBackInvokedCallback$Stub$Proxy@c1e4475, mPriority=0, mIsAnimationCallback=false}
01-01 09:05:15.342 0 0 I [3 T688 ..] [snd-soc]: aml_audio_reset, reg 0xa, shift 9, use_vadtop 0
01-01 09:05:15.343 0 0 I [2 T688 ..] [snd-soc]: aml_audio_reset, reg 0xa, shift 14, use_vadtop 0
01-01 09:05:15.354 0 0 I [3 T242 ..] servicemanager: Found android.hardware.graphics.allocator.IAllocator/default in device VINTF manifest.
01-01 09:05:15.356 0 0 I [3 T242 ..] servicemanager: Found android.hardware.graphics.allocator.IAllocator/default in device VINTF manifest.
01-01 09:05:15.407 0 0 I [3 T688 ..] [snd-soc]: aml_audio_reset, reg 0xa, shift 9, use_vadtop 0
01-01 09:05:15.407 0 0 I [3 T688 ..] [snd-soc]: aml_audio_reset, reg 0xa, shift 14, use_vadtop 0
05-23 17:17:14.733 732 807 D CoreBackPreview: Window{de3f19a u0 com.dangbei.lerad.rocky}: Setting back callback null
05-23 17:17:14.755 957 1021 V WindowManagerShell: onTransitionReady android.os.BinderProxy@6a89921: {id=32 t=OPEN f=0x0 trk=0 r=[0@Point(0, 0)] c=[{WCT{android.window.IWindowContainerToken$Stub$Proxy@38244a3} m=OPEN f=NONE leash=Surface(name=Task=240)/@0x1c9a834 sb=Rect(0, 0 - 1920, 1080) eb=Rect(0, 0 - 1920, 1080) d=0},{WCT{android.window.IWindowContainerToken$Stub$Proxy@87313a0} m=TO_BACK f=NONE leash=Surface(name=Task=238)/@0x54a65d sb=Rect(0, 0 - 1920, 1080) eb=Rect(0, 0 - 1920, 1080) d=0}]}
05-23 17:17:14.756 957 1021 V WindowManagerShell: Playing animation for (#32)android.os.BinderProxy@6a89921@0
05-23 17:17:14.760 957 1021 V WindowManagerShell: try handler com.android.wm.shell.keyguard.KeyguardTransitionHandler@9798e39
05-23 17:17:14.761 957 1021 V WindowManagerShell: try handler com.android.wm.shell.pip.tv.TvPipTransition@b2d1c7e
05-23 17:17:14.761 957 1021 V WindowManagerShell: try handler com.android.wm.shell.activityembedding.ActivityEmbeddingController@857b5df
05-23 17:17:14.761 957 1021 V WindowManagerShell: try handler com.android.wm.shell.transition.RemoteTransitionHandler@3c922c
05-23 17:17:14.761 957 1021 V WindowManagerShell: Transition doesn't have explicit remote, search filters for match for {id=32 t=OPEN f=0x0 trk=0 r=[0@Point(0, 0)] c=[{WCT{android.window.IWindowContainerToken$Stub$Proxy@38244a3} m=OPEN f=NONE leash=Surface(name=Task=240)/@0x1c9a834 sb=Rect(0, 0 - 1920, 1080) eb=Rect(0, 0 - 1920, 1080) d=0},{WCT{android.window.IWindowContainerToken$Stub$Proxy@87313a0} m=TO_BACK f=NONE leash=Surface(name=Task=238)/@0x54a65d sb=Rect(0, 0 - 1920, 1080) eb=Rect(0, 0 - 1920, 1080) d=0}]}
05-23 17:17:14.761 957 1021 V WindowManagerShell: Delegate animation for #32 to null
05-23 17:17:14.761 957 1021 V WindowManagerShell: try handler com.android.wm.shell.transition.DefaultTransitionHandler@85bd4f5
05-23 17:17:14.761 957 1021 V WindowManagerShell: start default transition animation, info = {id=32 t=OPEN f=0x0 trk=0 r=[0@Point(0, 0)] c=[{WCT{android.window.IWindowContainerToken$Stub$Proxy@38244a3} m=OPEN f=NONE leash=Surface(name=Task=240)/@0x1c9a834 sb=Rect(0, 0 - 1920, 1080) eb=Rect(0, 0 - 1920, 1080) d=0},{WCT{android.window.IWindowContainerToken$Stub$Proxy@87313a0} m=TO_BACK f=NONE leash=Surface(name=Task=238)/@0x54a65d sb=Rect(0, 0 - 1920, 1080) eb=Rect(0, 0 - 1920, 1080) d=0}]}
05-23 17:17:14.763 957 1021 V WindowManagerShell: loadAnimation: anim=android.view.animation.AlphaAnimation@1d631e animAttr=0x9 type=OPEN isEntrance=false
05-23 17:17:14.765 957 1021 V WindowManagerShell: loadAnimation: anim=android.view.animation.AlphaAnimation@63b4415 animAttr=0x8 type=OPEN isEntrance=true
05-23 17:17:14.768 957 1021 V WindowManagerShell: animated by com.android.wm.shell.transition.DefaultTransitionHandler@85bd4f5
05-23 17:17:14.789 732 753 V WindowManager: Sent Transition #32 createdAt=05-23 17:17:13.976 via request=TransitionRequestInfo { type = 1, triggerTask = TaskInfo{userId=0 taskId=240 displayId=0 isRunning=true baseIntent=Intent { act=android.intent.action.VIEW flg=0x10000000 pkg=com.ktcp.video cmp=com.ktcp.video/.activity.MainActivity } baseActivity=ComponentInfo{com.ktcp.video/com.ktcp.video.activity.MainActivity} topActivity=ComponentInfo{com.ktcp.video/com.ktcp.video.activity.MainActivity} origActivity=null realActivity=ComponentInfo{com.ktcp.video/com.ktcp.video.activity.MainActivity} numActivities=1 lastActiveTime=3930753 supportsMultiWindow=true resizeMode=0 isResizeable=false minWidth=-1 minHeight=-1 defaultMinSize=220 token=WCT{RemoteToken{91bb2f1 Task{acad89e #240 type=standard A=10077:com.ktcp.video}}} topActivityType=1 pictureInPictureParams=null shouldDockBigOverlays=true launchIntoPipHostTaskId=-1 lastParentTaskIdBeforePip=-1 displayCutoutSafeInsets=null topActivityInfo=ActivityInfo{8b6ced6 com.ktcp.video.activity.MainActivity} launchCookies=[] positionInParent=Point(0, 0) parentTaskId=-1 isFocused=false isVisible=false isVisibleRequested=false isSleeping=false topActivityInSizeCompat=false topActivityEligibleForLetterboxEducation= false isLetterboxDoubleTapEnabled= false topActivityEligibleForUserAspectRatioButton= false topActivityBoundsLetterboxed= false isFromLetterboxDoubleTap= false topActivityLetterboxVerticalPosition= -1 topActivityLetterboxHorizontalPosition= -1 topActivityLetterboxWidth=-1 topActivityLetterboxHeight=-1 isUserFullscreenOverrideEnabled=false isTopActivityTransparent=false locusId=null displayAreaFeatureId=1 cameraCompatControlState=hidden}, remoteTransition = null, displayChange = null, flags = 0 }
05-23 17:17:14.789 732 753 V WindowManager: startWCT=WindowContainerTransaction { changes = {} hops = [] errorCallbackToken=null taskFragmentOrganizer=null }
05-23 17:17:14.789 732 753 V WindowManager: info={id=32 t=OPEN f=0x0 trk=0 r=[0@Point(0, 0)] c=[{WCT{RemoteToken{91bb2f1 Task{acad89e #240 type=standard A=10077:com.ktcp.video}}} m=OPEN f=NONE leash=Surface(name=Task=240)/@0x93cfc0a sb=Rect(0, 0 - 1920, 1080) eb=Rect(0, 0 - 1920, 1080) d=0},{WCT{RemoteToken{b092809 Task{eff9b5f #238 type=standard A=10075:com.dangbei.hqmedia}}} m=TO_BACK f=NONE leash=Surface(name=Task=238)/@0x806180d sb=Rect(0, 0 - 1920, 1080) eb=Rect(0, 0 - 1920, 1080) d=0}]}
01-01 09:05:15.470 0 0 I [2 T688 ..] [snd-soc]: aml_audio_reset, reg 0xa, shift 9, use_vadtop 0
01-01 09:05:15.471 0 0 I [2 T688 ..] [snd-soc]: aml_audio_reset, reg 0xa, shift 14, use_vadtop 0
01-01 09:05:15.534 0 0 I [2 T688 ..] [snd-soc]: aml_audio_reset, reg 0xa, shift 9, use_vadtop 0
01-01 09:05:15.535 0 0 I [2 T688 ..] [snd-soc]: aml_audio_reset, reg 0xa, shift 14, use_vadtop 0
01-01 09:05:15.598 0 0 I [2 T688 ..] [snd-soc]: aml_audio_reset, reg 0xa, shift 9, use_vadtop 0
01-01 09:05:15.599 0 0 I [2 T688 ..] [snd-soc]: aml_audio_reset, reg 0xa, shift 14, use_vadtop 0
01-01 09:05:15.662 0 0 I [3 T688 ..] [snd-soc]: aml_audio_reset, reg 0xa, shift 9, use_vadtop 0
01-01 09:05:15.663 0 0 I [3 T688 ..] [snd-soc]: aml_audio_reset, reg 0xa, shift 14, use_vadtop 0
01-01 09:05:15.726 0 0 I [3 T688 ..] [snd-soc]: aml_audio_reset, reg 0xa, shift 9, use_vadtop 0
01-01 09:05:15.727 0 0 I [3 T688 ..] [snd-soc]: aml_audio_reset, reg 0xa, shift 14, use_vadtop 0
01-01 09:05:15.790 0 0 I [2 T688 ..] [snd-soc]: aml_audio_reset, reg 0xa, shift 9, use_vadtop 0
01-01 09:05:15.791 0 0 I [2 T688 ..] [snd-soc]: aml_audio_reset, reg 0xa, shift 14, use_vadtop 0
05-23 17:17:15.175 957 1021 V WindowManagerShell: Transition animation finished (aborted=false), notifying core (#32)android.os.BinderProxy@6a89921@0
05-23 17:17:15.177 732 753 V WindowManager: Finish Transition #32: created at
05-23 17:17:13.976 collect-started=0.099ms request-sent=21.224ms started=25.117ms ready=190.848ms sent=769.089ms finished=1199.485ms
05-23 17:17:15.181 957 1021 V WindowManagerShell: Track 0 became idle
05-23 17:17:15.181 957 1021 V WindowManagerShell: All active transition animations finished
01-01 09:05:15.854 0 0 I [2 T688 ..] [snd-soc]: aml_audio_reset, reg 0xa, shift 9, use_vadtop 0
01-01 09:05:15.855 0 0 I [2 T688 ..] [snd-soc]: aml_audio_reset, reg 0xa, shift 14, use_vadtop 0
01-01 09:05:15.918 0 0 I [2 T688 ..] [snd-soc]: aml_audio_reset, reg 0xa, shift 9, use_vadtop 0
01-01 09:05:15.919 0 0 I [2 T688 ..] [snd-soc]: aml_audio_reset, reg 0xa, shift 14, use_vadtop 0
05-23 17:17:15.278 732 11597 I ActivityManager: PendingStartActivityUids startActivity to updateOomAdj delay:1112ms, uid:10077
05-23 17:17:15.283 732 815 D CompatibilityChangeReporter: Compat change id reported: 265195908; UID 10075; state: ENABLED
01-01 09:05:15.982 0 0 I [2 T688 ..] [snd-soc]: aml_audio_reset, reg 0xa, shift 9, use_vadtop 0
01-01 09:05:15.982 0 0 I [2 T688 ..] [snd-soc]: aml_audio_reset, reg 0xa, shift 14, use_vadtop 0
01-01 09:05:16.046 0 0 I [2 T688 ..] [snd-soc]: aml_audio_reset, reg 0xa, shift 9, use_vadtop 0
01-01 09:05:16.047 0 0 I [2 T688 ..] [snd-soc]: aml_audio_reset, reg 0xa, shift 14, use_vadtop 0
01-01 09:05:16.055 0 0 W [2 T13115 ..] audit: audit_lost=855 audit_rate_limit=5 audit_backlog_limit=64
01-01 09:05:16.055 0 0 E [2 T13115 ..] audit: rate limit exceeded
01-01 09:05:16.110 0 0 I [2 T688 ..] [snd-soc]: aml_audio_reset, reg 0xa, shift 9, use_vadtop 0
01-01 09:05:16.111 0 0 I [2 T688 ..] [snd-soc]: aml_audio_reset, reg 0xa, shift 14, use_vadtop 0
01-01 09:05:16.124 0 0 E : [3 T13142 ..] mediaproxy produce init [aml-vcodec-dec]
01-01 09:05:16.124 0 0 I : [3 T13142 ..] Mediaproxy is opened name[aml-vcodec-dec]\n
01-01 09:05:16.124 0 0 I : [3 T13142 ..] Mediaproxy is opened name[aml-vcodec-dec] end\n
01-01 09:05:16.125 0 0 E : [3 T13142 ..] mediaproxy produce start connect
01-01 09:05:16.127 0 0 I : [3 T13142 ..] find p kfifo size:[32][2]
01-01 09:05:16.127 0 0 I : [3 T13142 ..] mediaproxy_get_fifo get idx[2]
01-01 09:05:16.128 0 0 I : [3 T13142 ..] Session producer-2 is connected fifo idx [2]
01-01 09:05:16.129 0 0 E : [3 T13142 ..] mediaproxy produce connect [2]
01-01 09:05:16.129 0 0 I : [3 T13142 ..] mediaproxy produce msg type :0x40 module_name:aml-vcodec-dec
01-01 09:05:16.133 0 0 I : [2 T13142 ..] deinit session
01-01 09:05:16.133 0 0 I : [2 T13142 ..] deinit session producer-2
01-01 09:05:16.134 0 0 I : [2 T13142 ..] deinit has_unusing_fifo [1]
01-01 09:05:16.134 0 0 I : [3 T98 ..] p_fifo[2] name[aml-vcodec-dec] state[0] to MP_FIFO_UNUSED
01-01 09:05:16.136 0 0 E : [2 T13142 ..] mediaproxy produce init [aml-vcodec-dec]
01-01 09:05:16.136 0 0 I : [2 T13142 ..] Mediaproxy is opened name[aml-vcodec-dec]\n
01-01 09:05:16.136 0 0 I : [2 T13142 ..] Mediaproxy is opened name[aml-vcodec-dec] end\n
01-01 09:05:16.137 0 0 E : [2 T13142 ..] mediaproxy produce start connect
01-01 09:05:16.138 0 0 I : [2 T13142 ..] find p kfifo size:[32][2]
01-01 09:05:16.139 0 0 I : [2 T13142 ..] mediaproxy_get_fifo get idx[2]
01-01 09:05:16.140 0 0 I : [2 T13142 ..] Session producer-2 is connected fifo idx [2]
01-01 09:05:16.141 0 0 E : [2 T13142 ..] mediaproxy produce connect [2]
01-01 09:05:16.141 0 0 I : [2 T13142 ..] mediaproxy produce msg type :0x40 module_name:aml-vcodec-dec
01-01 09:05:16.144 0 0 I : [2 T13142 ..] deinit session
01-01 09:05:16.144 0 0 I : [2 T13142 ..] deinit session producer-2
01-01 09:05:16.144 0 0 I : [2 T13142 ..] deinit has_unusing_fifo [1]
01-01 09:05:16.145 0 0 I : [3 T98 ..] p_fifo[2] name[aml-vcodec-dec] state[0] to MP_FIFO_UNUSED
01-01 09:05:16.149 0 0 I : [2 T13142 ..] codec mem info:
01-01 09:05:16.149 0 0 I : [2 T13142 ..] total codec mem size:364 MB
01-01 09:05:16.150 0 0 I : [2 T13142 ..] alloced size= 0 MB
01-01 09:05:16.150 0 0 I : [2 T13142 ..] max alloced: 119 MB
01-01 09:05:16.151 0 0 I [2 T13142 ..] CMA: 0,RES:0,TVP:0,SYS:0,COHER:0,VMAPED:0 MB
01-01 09:05:16.152 0 0 I [2 T13142 ..] RES_EXT: 0 MB
01-01 09:05:16.152 0 0 I : [2 T13142 ..] [4]CMA size:364 MB:alloced: 0 MB,free:364 MB
01-01 09:05:16.153 0 0 I : [2 T13142 ..] codec mem info:
01-01 09:05:16.153 0 0 I : [2 T13142 ..] total codec mem size:364 MB
01-01 09:05:16.154 0 0 I : [2 T13142 ..] alloced size= 0 MB
01-01 09:05:16.154 0 0 I : [2 T13142 ..] max alloced: 119 MB
01-01 09:05:16.155 0 0 I [2 T13142 ..] CMA: 0,RES:0,TVP:0,SYS:0,COHER:0,VMAPED:0 MB
01-01 09:05:16.156 0 0 I [2 T13142 ..] RES_EXT: 0 MB
01-01 09:05:16.156 0 0 I : [2 T13142 ..] [4]CMA size:364 MB:alloced: 0 MB,free:364 MB
01-01 09:05:16.158 0 0 E : [2 T13151 ..] mediaproxy produce init [aml-vcodec-dec]
01-01 09:05:16.158 0 0 I : [2 T13151 ..] Mediaproxy is opened name[aml-vcodec-dec]\n
01-01 09:05:16.158 0 0 I : [2 T13151 ..] Mediaproxy is opened name[aml-vcodec-dec] end\n
01-01 09:05:16.159 0 0 E : [2 T13151 ..] mediaproxy produce start connect
01-01 09:05:16.160 0 0 I : [2 T13151 ..] find p kfifo size:[32][2]
01-01 09:05:16.161 0 0 I : [2 T13151 ..] mediaproxy_get_fifo get idx[2]
01-01 09:05:16.162 0 0 I : [2 T13151 ..] Session producer-2 is connected fifo idx [2]
01-01 09:05:16.163 0 0 E : [2 T13151 ..] mediaproxy produce connect [2]
01-01 09:05:16.163 0 0 I : [2 T13151 ..] mediaproxy produce msg type :0x40 module_name:aml-vcodec-dec
01-01 09:05:16.171 0 0 I : [1 T13151 ..] deinit session
01-01 09:05:16.171 0 0 I : [1 T13151 ..] deinit session producer-2
01-01 09:05:16.171 0 0 I : [1 T13151 ..] deinit has_unusing_fifo [1]
01-01 09:05:16.172 0 0 I : [1 T98 ..] p_fifo[2] name[aml-vcodec-dec] state[0] to MP_FIFO_UNUSED
01-01 09:05:16.173 0 0 E : [1 T13151 ..] mediaproxy produce init [aml-vcodec-dec]
01-01 09:05:16.174 0 0 I : [1 T13151 ..] Mediaproxy is opened name[aml-vcodec-dec]\n
01-01 09:05:16.174 0 0 I : [1 T13151 ..] Mediaproxy is opened name[aml-vcodec-dec] end\n
01-01 09:05:16.174 0 0 I [2 T688 ..] [snd-soc]: aml_audio_reset, reg 0xa, shift 9, use_vadtop 0
01-01 09:05:16.174 0 0 E : [1 T13151 ..] mediaproxy produce start connect
01-01 09:05:16.174 0 0 I : [1 T13151 ..] find p kfifo size:[32][2]
01-01 09:05:16.175 0 0 I [2 T688 ..] [snd-soc]: aml_audio_reset, reg 0xa, shift 14, use_vadtop 0
01-01 09:05:16.176 0 0 I : [1 T13151 ..] mediaproxy_get_fifo get idx[2]
01-01 09:05:16.180 0 0 I : [1 T13151 ..] Session producer-2 is connected fifo idx [2]
01-01 09:05:16.180 0 0 E : [1 T13151 ..] mediaproxy produce connect [2]
01-01 09:05:16.181 0 0 I : [1 T13151 ..] mediaproxy produce msg type :0x40 module_name:aml-vcodec-dec
01-01 09:05:16.184 0 0 I [1 T13151 ..] [amlv4l]: [83]: DW:10, TW:0, Margin:6
01-01 09:05:16.185 0 0 D [2 T13159 ..] [amlcom]: vdec_create instance 0000000045ad20f3, total 1, PM: power-domain
01-01 09:05:16.185 0 0 D [2 T13159 ..] [media_clock]: vdec mux clock is 799999988 Hz
01-01 09:05:16.185 0 0 I [2 T13159 ..] [amlcom]: dos_local_config end, id 0, is_on 1
01-01 09:05:16.186 0 0 I [2 T13159 ..] [amlcom]: vdec_init, dev_name:ammvdec_h264_v4l, vdec_type=VDEC_TYPE_FRAME_BLOCK, format: 2, total: 1
01-01 09:05:16.189 0 0 D [2 T13159 ..] [h264]: 0: pdata->config=parm_v4l_codec_enable:1;mh264_double_write_mode:16;parm_v4l_buffer_margin:6;parm_v4l_canvas_mem_mode:0;parm_v4l_canvas_mem_endian:0;parm_v4l_low_latency_mode:0;parm_v4l_metadata_config_flag:1050626;parm_v4l_duration:0;parm_v4l_error_handle_info:0;
01-01 09:05:16.189 0 0 D [2 T13159 ..] [h264]: 0: ammvdec_h264_probe error_proc_policy 0x813fcff7 mb_count_threshold 0
01-01 09:05:16.189 0 0 D [2 T13159 ..] [h264]: ammvdec_h264_bmmu_init tvp = 0x0
01-01 09:05:16.196 0 0 D [0 T13159 ..] [media_clock]: vdec mux clock is 799999988 Hz
01-01 09:05:16.196 0 0 D [0 T13159 ..] [h264]: vh264_init, phy_addr=cee29000 vaddr=0000000035f91917
01-01 09:05:16.197 0 0 I [1 T13142 ..] [amlv4l]: [83]: set vf duration: f00
01-01 09:05:16.220 0 0 D [0 T12711 ..] [h264]: 0: vmh264_get_ps_info mmu_enable 0 double_write_mode 0x10
01-01 09:05:16.220 0 0 I [0 T12711 ..] [amlv4l]: [83]: Parse from ucode, visible(1280 x 720), coded(1280 x 768), scan:P, bitdepth(0), dw(10)
01-01 09:05:16.220 0 0 I [1 T13159 ..] [amlv4l]: [83]: Picture buffer count: dec:5, vpp:0, ge2d:0, margin:6, total:11
01-01 09:05:16.225 0 0 D [1 T13159 ..] [amlv4l]: [83]: Post event: res chg
01-01 09:05:16.236 0 0 I [3 T242 ..] servicemanager: Found android.hardware.graphics.allocator.IAllocator/default in device VINTF manifest.
01-01 09:05:16.238 0 0 I [3 T688 ..] [snd-soc]: aml_audio_reset, reg 0xa, shift 9, use_vadtop 0
01-01 09:05:16.239 0 0 I [2 T688 ..] [snd-soc]: aml_audio_reset, reg 0xa, shift 14, use_vadtop 0
01-01 09:05:16.245 0 0 I [0 T242 ..] servicemanager: Found android.hardware.graphics.allocator.IAllocator/default in device VINTF manifest.
01-01 09:05:16.279 0 0 D [0 T7945 ..] [h264]: 0: restriction_flag=0, max_dec_frame_buffering=4, dec_dpb_size=5 num_reorder_frames 2 used_reorder_dpb_size_margin 6
01-01 09:05:16.283 0 0 D [0 T266 ..] [h264]: 0: decoder duration change old: 0 new: 1920
01-01 09:05:16.302 0 0 I [3 T688 ..] [snd-soc]: aml_audio_reset, reg 0xa, shift 9, use_vadtop 0
01-01 09:05:16.303 0 0 I [3 T688 ..] [snd-soc]: aml_audio_reset, reg 0xa, shift 14, use_vadtop 0
01-01 09:05:16.366 0 0 I [2 T688 ..] [snd-soc]: aml_audio_reset, reg 0xa, shift 9, use_vadtop 0
01-01 09:05:16.367 0 0 I [2 T688 ..] [snd-soc]: aml_audio_reset, reg 0xa, shift 14, use_vadtop 0
01-01 09:05:16.431 0 0 I [2 T688 ..] [snd-soc]: aml_audio_reset, reg 0xa, shift 9, use_vadtop 0
01-01 09:05:16.431 0 0 I [3 T688 ..] [snd-soc]: aml_audio_reset, reg 0xa, shift 14, use_vadtop 0
01-01 09:05:16.494 0 0 I [3 T688 ..] [snd-soc]: aml_audio_reset, reg 0xa, shift 9, use_vadtop 0
01-01 09:05:16.495 0 0 I [2 T688 ..] [snd-soc]: aml_audio_reset, reg 0xa, shift 14, use_vadtop 0
01-01 09:05:16.558 0 0 I [3 T688 ..] [snd-soc]: aml_audio_reset, reg 0xa, shift 9, use_vadtop 0
01-01 09:05:16.559 0 0 I [2 T688 ..] [snd-soc]: aml_audio_reset, reg 0xa, shift 14, use_vadtop 0
01-01 09:05:16.622 0 0 I [2 T688 ..] [snd-soc]: aml_audio_reset, reg 0xa, shift 9, use_vadtop 0
01-01 09:05:16.625 0 0 I [2 T688 ..] [snd-soc]: aml_audio_reset, reg 0xa, shift 14, use_vadtop 0
01-01 09:05:16.686 0 0 I [2 T688 ..] [snd-soc]: aml_audio_reset, reg 0xa, shift 9, use_vadtop 0
01-01 09:05:16.687 0 0 I [2 T688 ..] [snd-soc]: aml_audio_reset, reg 0xa, shift 14, use_vadtop 0
01-01 09:05:16.750 0 0 I [3 T688 ..] [snd-soc]: aml_audio_reset, reg 0xa, shift 9, use_vadtop 0
01-01 09:05:16.751 0 0 I [3 T688 ..] [snd-soc]: aml_audio_reset, reg 0xa, shift 14, use_vadtop 0
01-01 09:05:16.765 0 0 I : [2 T365 ..] di_process_open iminor(inode) =0
01-01 09:05:16.766 0 0 I [2 T365 ..] dim: reg:use[0]ms
01-01 09:05:16.766 0 0 I [2 T365 ..] dim: ins:create:ch[2],tmode[3]
01-01 09:05:16.767 0 0 I [2 T365 ..] dim: out:0x80000000
01-01 09:05:16.770 0 0 E [0 T365 ..] dp: [0]no hdr10+ data.
01-01 09:05:16.770 0 0 E [0 T365 ..] dp: [0]no meta_data.
01-01 09:05:16.771 0 0 E [0 T365 ..] dp: [0]invalid ud param.
01-01 09:05:16.771 0 0 I [3 T108 ..] dim: value reg:ch[2]:fix_buf:0;ponly <0,0> post_nub=5
01-01 09:05:16.772 0 0 I [0 T365 ..] VID: VD1 off
01-01 09:05:16.772 0 0 I [3 T108 ..] dim: di_cnt_i_buf1:tvp:0
01-01 09:05:16.773 0 0 I [0 T365 ..] vc: [0]vc: set enable index=0, val=1
01-01 09:05:16.773 0 0 I [3 T108 ..] dim: di_reg_setting:ch[2]:for first ch reg:
01-01 09:05:16.774 0 0 I [1 T365 ..] VID: VD1 off
01-01 09:05:16.775 0 0 I [3 T108 ..] dim: ch[2]:reg:mem cfg[0][0][0]
01-01 09:05:16.775 0 0 I [0 T365 ..] VID: VD1 set global output as 1
01-01 09:05:16.776 0 0 I [3 T108 ..] dim: ch[2]:bypass change:i:0->1:0x60
01-01 09:05:16.777 0 0 I [2 T365 ..] VID: store VD0 path_id changed -1->2
01-01 09:05:16.778 0 0 I [3 T365 ..] vc: [0]sideband_type =-1
01-01 09:05:16.806 0 0 I [1 T341 ..] dim: pq i:rm 0x1000
01-01 09:05:16.807 0 0 I [1 T341 ..] dim: pq i:rm 0x2000
01-01 09:05:16.814 0 0 I [2 T688 ..] [snd-soc]: aml_audio_reset, reg 0xa, shift 9, use_vadtop 0
01-01 09:05:16.815 0 0 I [2 T688 ..] [snd-soc]: aml_audio_reset, reg 0xa, shift 14, use_vadtop 0
01-01 09:05:16.820 0 0 I [1 T341 ..] dim: pq i:rm 0x200
01-01 09:05:16.822 0 0 I [1 T341 ..] dim: pq i:rm 0x800
01-01 09:05:16.878 0 0 I [2 T688 ..] [snd-soc]: aml_audio_reset, reg 0xa, shift 9, use_vadtop 0
01-01 09:05:16.878 0 0 I [2 T688 ..] [snd-soc]: aml_audio_reset, reg 0xa, shift 14, use_vadtop 0
01-01 09:05:16.942 0 0 I [2 T688 ..] [snd-soc]: aml_audio_reset, reg 0xa, shift 9, use_vadtop 0
01-01 09:05:16.942 0 0 I [2 T688 ..] [snd-soc]: aml_audio_reset, reg 0xa, shift 14, use_vadtop 0
01-01 09:05:17.006 0 0 I [3 T688 ..] [snd-soc]: aml_audio_reset, reg 0xa, shift 9, use_vadtop 0
01-01 09:05:17.007 0 0 I [3 T688 ..] [snd-soc]: aml_audio_reset, reg 0xa, shift 14, use_vadtop 0
01-01 09:05:17.070 0 0 I [3 T688 ..] [snd-soc]: aml_audio_reset, reg 0xa, shift 9, use_vadtop 0
01-01 09:05:17.071 0 0 I [3 T688 ..] [snd-soc]: aml_audio_reset, reg 0xa, shift 14, use_vadtop 0
01-01 09:05:17.084 0 0 W : [1 T948 ..] [SP FRAME RX] arp req,vif_idx:0 sender:[2e:6a:3b:b3:ad:e6 192.168.3.15]receiver:[00:00:00:00:00:00 192.168.3.167]
01-01 09:05:17.085 0 0 W : [1 T948 ..] [SP FRAME TX] arp rsp,vif_idx:0 sender:[1c:79:2d:20:62:97 192.168.3.167]receiver:[2e:6a:3b:b3:ad:e6 192.168.3.15]
01-01 09:05:17.134 0 0 I [2 T688 ..] [snd-soc]: aml_audio_reset, reg 0xa, shift 9, use_vadtop 0
01-01 09:05:17.135 0 0 I [3 T688 ..] [snd-soc]: aml_audio_reset, reg 0xa, shift 14, use_vadtop 0
01-01 09:05:17.198 0 0 I [3 T688 ..] [snd-soc]: aml_audio_reset, reg 0xa, shift 9, use_vadtop 0
01-01 09:05:17.199 0 0 I [3 T688 ..] [snd-soc]: aml_audio_reset, reg 0xa, shift 14, use_vadtop 0
01-01 09:05:17.262 0 0 I [3 T688 ..] [snd-soc]: aml_audio_reset, reg 0xa, shift 9, use_vadtop 0
01-01 09:05:17.263 0 0 I [3 T688 ..] [snd-soc]: aml_audio_reset, reg 0xa, shift 14, use_vadtop 0
01-01 09:05:17.288 0 0 W : [1 T0 .s] [SP FRAME TX] arp req,vif_idx:0 sender:[1c:79:2d:20:62:97 192.168.3.167]receiver:[00:00:00:00:00:00 192.168.3.15]
01-01 09:05:17.297 0 0 W : [1 T948 ..] [SP FRAME RX] arp rsp,vif_idx:0 sender:[2e:6a:3b:b3:ad:e6 192.168.3.15]receiver:[1c:79:2d:20:62:97 192.168.3.167]
01-01 09:05:17.326 0 0 I [3 T688 ..] [snd-soc]: aml_audio_reset, reg 0xa, shift 9, use_vadtop 0
01-01 09:05:17.327 0 0 I [3 T688 ..] [snd-soc]: aml_audio_reset, reg 0xa, shift 14, use_vadtop 0
01-01 09:05:17.390 0 0 I [2 T688 ..] [snd-soc]: aml_audio_reset, reg 0xa, shift 9, use_vadtop 0
01-01 09:05:17.391 0 0 I [2 T688 ..] [snd-soc]: aml_audio_reset, reg 0xa, shift 14, use_vadtop 0
01-01 09:05:17.455 0 0 I [3 T688 ..] [snd-soc]: aml_audio_reset, reg 0xa, shift 9, use_vadtop 0
01-01 09:05:17.455 0 0 I [3 T688 ..] [snd-soc]: aml_audio_reset, reg 0xa, shift 14, use_vadtop 0
01-01 09:05:17.519 0 0 I [2 T688 ..] [snd-soc]: aml_audio_reset, reg 0xa, shift 9, use_vadtop 0
01-01 09:05:17.519 0 0 I [2 T688 ..] [snd-soc]: aml_audio_reset, reg 0xa, shift 14, use_vadtop 0
01-01 09:05:17.582 0 0 I [3 T688 ..] [snd-soc]: aml_audio_reset, reg 0xa, shift 9, use_vadtop 0
01-01 09:05:17.583 0 0 I [3 T688 ..] [snd-soc]: aml_audio_reset, reg 0xa, shift 14, use_vadtop 0
01-01 09:05:17.647 0 0 I [3 T688 ..] [snd-soc]: aml_audio_reset, reg 0xa, shift 9, use_vadtop 0
01-01 09:05:17.647 0 0 I [3 T688 ..] [snd-soc]: aml_audio_reset, reg 0xa, shift 14, use_vadtop 0
01-01 09:05:17.711 0 0 I [2 T688 ..] [snd-soc]: aml_audio_reset, reg 0xa, shift 9, use_vadtop 0
01-01 09:05:17.711 0 0 I [2 T688 ..] [snd-soc]: aml_audio_reset, reg 0xa, shift 14, use_vadtop 0
01-01 09:05:17.775 0 0 I [2 T688 ..] [snd-soc]: aml_audio_reset, reg 0xa, shift 9, use_vadtop 0
01-01 09:05:17.775 0 0 I [2 T688 ..] [snd-soc]: aml_audio_reset, reg 0xa, shift 14, use_vadtop 0
01-01 09:05:17.839 0 0 I [2 T688 ..] [snd-soc]: aml_audio_reset, reg 0xa, shift 9, use_vadtop 0
01-01 09:05:17.839 0 0 I [2 T688 ..] [snd-soc]: aml_audio_reset, reg 0xa, shift 14, use_vadtop 0
01-01 09:05:17.903 0 0 I [2 T688 ..] [snd-soc]: aml_audio_reset, reg 0xa, shift 9, use_vadtop 0
01-01 09:05:17.903 0 0 I [2 T688 ..] [snd-soc]: aml_audio_reset, reg 0xa, shift 14, use_vadtop 0
05-23 17:17:17.305 732 1439 E TaskPersister: File error accessing recents directory (directory doesn't exist?).
01-01 09:05:17.967 0 0 I [2 T688 ..] [snd-soc]: aml_audio_reset, reg 0xa, shift 9, use_vadtop 0
01-01 09:05:17.967 0 0 I [2 T688 ..] [snd-soc]: aml_audio_reset, reg 0xa, shift 14, use_vadtop 0
01-01 09:05:18.031 0 0 I [2 T688 ..] [snd-soc]: aml_audio_reset, reg 0xa, shift 9, use_vadtop 0
01-01 09:05:18.031 0 0 I [2 T688 ..] [snd-soc]: aml_audio_reset, reg 0xa, shift 14, use_vadtop 0
01-01 09:05:18.095 0 0 I [2 T688 ..] [snd-soc]: aml_audio_reset, reg 0xa, shift 9, use_vadtop 0
01-01 09:05:18.095 0 0 I [2 T688 ..] [snd-soc]: aml_audio_reset, reg 0xa, shift 14, use_vadtop 0
01-01 09:05:18.159 0 0 I [2 T688 ..] [snd-soc]: aml_audio_reset, reg 0xa, shift 9, use_vadtop 0
01-01 09:05:18.159 0 0 I [2 T688 ..] [snd-soc]: aml_audio_reset, reg 0xa, shift 14, use_vadtop 0
01-01 09:05:18.222 0 0 I [3 T688 ..] [snd-soc]: aml_audio_reset, reg 0xa, shift 9, use_vadtop 0
01-01 09:05:18.223 0 0 I [3 T688 ..] [snd-soc]: aml_audio_reset, reg 0xa, shift 14, use_vadtop 0
01-01 09:05:18.287 0 0 I [2 T688 ..] [snd-soc]: aml_audio_reset, reg 0xa, shift 9, use_vadtop 0
01-01 09:05:18.287 0 0 I [2 T688 ..] [snd-soc]: aml_audio_reset, reg 0xa, shift 14, use_vadtop 0
01-01 09:05:18.350 0 0 I [2 T688 ..] [snd-soc]: aml_audio_reset, reg 0xa, shift 9, use_vadtop 0
01-01 09:05:18.351 0 0 I [2 T688 ..] [snd-soc]: aml_audio_reset, reg 0xa, shift 14, use_vadtop 0
01-01 09:05:18.415 0 0 I [3 T688 ..] [snd-soc]: aml_audio_reset, reg 0xa, shift 9, use_vadtop 0
01-01 09:05:18.415 0 0 I [3 T688 ..] [snd-soc]: aml_audio_reset, reg 0xa, shift 14, use_vadtop 0
01-01 09:05:18.478 0 0 I [2 T688 ..] [snd-soc]: aml_audio_reset, reg 0xa, shift 9, use_vadtop 0
01-01 09:05:18.479 0 0 I [2 T688 ..] [snd-soc]: aml_audio_reset, reg 0xa, shift 14, use_vadtop 0
01-01 09:05:18.543 0 0 I [2 T688 ..] [snd-soc]: aml_audio_reset, reg 0xa, shift 9, use_vadtop 0
01-01 09:05:18.543 0 0 I [2 T688 ..] [snd-soc]: aml_audio_reset, reg 0xa, shift 14, use_vadtop 0
01-01 09:05:18.568 0 0 W : [3 T0 .s] [SP FRAME TX] arp req,vif_idx:0 sender:[1c:79:2d:20:62:97 192.168.3.167]receiver:[00:00:00:00:00:00 192.168.3.103]
05-23 17:17:17.939 732 2913 D CoreBackPreview: Window{9317849 u0 com.dangbei.lerad.rocky}: Setting back callback null
01-01 09:05:18.607 0 0 I [3 T688 ..] [snd-soc]: aml_audio_reset, reg 0xa, shift 9, use_vadtop 0
01-01 09:05:18.607 0 0 I [3 T688 ..] [snd-soc]: aml_audio_reset, reg 0xa, shift 14, use_vadtop 0
05-23 17:17:17.953 732 756 V WindowManager: Unknown focus tokens, dropping reportFocusChanged
05-23 17:17:17.967 732 2913 D CompatibilityChangeReporter: Compat change id reported: 214016041; UID 10077; state: DISABLED
01-01 09:05:18.637 0 0 W : [1 T948 ..] [SP FRAME RX] arp req,vif_idx:0 sender:[16:d0:ac:cd:07:4e 192.168.3.103]receiver:[00:00:00:00:00:00 192.168.3.167]
01-01 09:05:18.638 0 0 W : [1 T948 ..] [SP FRAME TX] arp rsp,vif_idx:0 sender:[1c:79:2d:20:62:97 192.168.3.167]receiver:[16:d0:ac:cd:07:4e 192.168.3.103]
01-01 09:05:18.640 0 0 W : [1 T948 ..] [SP FRAME RX] arp rsp,vif_idx:0 sender:[16:d0:ac:cd:07:4e 192.168.3.103]receiver:[1c:79:2d:20:62:97 192.168.3.167]
01-01 09:05:18.670 0 0 I [2 T688 ..] [snd-soc]: aml_audio_reset, reg 0xa, shift 9, use_vadtop 0
01-01 09:05:18.670 0 0 I [2 T688 ..] [snd-soc]: aml_audio_reset, reg 0xa, shift 14, use_vadtop 0
05-23 17:17:18.035 732 754 W ContextImpl: Calling a method in the system process without a qualified user: android.app.ContextImpl.startService:1899 com.android.server.wm.DisplayPolicy.lambda$focusChangedLw$5:2126 com.android.server.wm.DisplayPolicy.$r8$lambda$Znxk63oh-WzVnzo_WQefN7uxV48:0 com.android.server.wm.DisplayPolicy$$ExternalSyntheticLambda13.run:0 android.os.Handler.handleCallback:958
01-01 09:05:18.735 0 0 I [2 T688 ..] [snd-soc]: aml_audio_reset, reg 0xa, shift 9, use_vadtop 0
01-01 09:05:18.735 0 0 I [3 T688 ..] [snd-soc]: aml_audio_reset, reg 0xa, shift 14, use_vadtop 0
01-01 09:05:18.798 0 0 I [2 T688 ..] [snd-soc]: aml_audio_reset, reg 0xa, shift 9, use_vadtop 0
01-01 09:05:18.799 0 0 I [2 T688 ..] [snd-soc]: aml_audio_reset, reg 0xa, shift 14, use_vadtop 0
01-01 09:05:18.863 0 0 I [2 T688 ..] [snd-soc]: aml_audio_reset, reg 0xa, shift 9, use_vadtop 0
01-01 09:05:18.863 0 0 I [2 T688 ..] [snd-soc]: aml_audio_reset, reg 0xa, shift 14, use_vadtop 0
01-01 09:05:18.927 0 0 I [3 T688 ..] [snd-soc]: aml_audio_reset, reg 0xa, shift 9, use_vadtop 0
01-01 09:05:18.927 0 0 I [3 T688 ..] [snd-soc]: aml_audio_reset, reg 0xa, shift 14, use_vadtop 0
01-01 09:05:18.991 0 0 I [2 T688 ..] [snd-soc]: aml_audio_reset, reg 0xa, shift 9, use_vadtop 0
01-01 09:05:18.991 0 0 I [2 T688 ..] [snd-soc]: aml_audio_reset, reg 0xa, shift 14, use_vadtop 0
01-01 09:05:19.054 0 0 I [2 T688 ..] [snd-soc]: aml_audio_reset, reg 0xa, shift 9, use_vadtop 0
01-01 09:05:19.055 0 0 I [2 T688 ..] [snd-soc]: aml_audio_reset, reg 0xa, shift 14, use_vadtop 0
01-01 09:05:19.118 0 0 I [2 T688 ..] [snd-soc]: aml_audio_reset, reg 0xa, shift 9, use_vadtop 0
01-01 09:05:19.119 0 0 I [2 T688 ..] [snd-soc]: aml_audio_reset, reg 0xa, shift 14, use_vadtop 0
01-01 09:05:19.182 0 0 I [2 T688 ..] [snd-soc]: aml_audio_reset, reg 0xa, shift 9, use_vadtop 0
01-01 09:05:19.183 0 0 I [2 T688 ..] [snd-soc]: aml_audio_reset, reg 0xa, shift 14, use_vadtop 0
01-01 09:05:19.247 0 0 I [3 T688 ..] [snd-soc]: aml_audio_reset, reg 0xa, shift 9, use_vadtop 0
01-01 09:05:19.247 0 0 I [3 T688 ..] [snd-soc]: aml_audio_reset, reg 0xa, shift 14, use_vadtop 0
01-01 09:05:19.310 0 0 I [2 T688 ..] [snd-soc]: aml_audio_reset, reg 0xa, shift 9, use_vadtop 0
01-01 09:05:19.311 0 0 I [2 T688 ..] [snd-soc]: aml_audio_reset, reg 0xa, shift 14, use_vadtop 0
01-01 09:05:19.374 0 0 I [3 T688 ..] [snd-soc]: aml_audio_reset, reg 0xa, shift 9, use_vadtop 0
01-01 09:05:19.375 0 0 I [3 T688 ..] [snd-soc]: aml_audio_reset, reg 0xa, shift 14, use_vadtop 0
01-01 09:05:19.439 0 0 I [3 T688 ..] [snd-soc]: aml_audio_reset, reg 0xa, shift 9, use_vadtop 0
01-01 09:05:19.439 0 0 I [3 T688 ..] [snd-soc]: aml_audio_reset, reg 0xa, shift 14, use_vadtop 0
01-01 09:05:19.503 0 0 I [2 T688 ..] [snd-soc]: aml_audio_reset, reg 0xa, shift 9, use_vadtop 0
01-01 09:05:19.503 0 0 I [2 T688 ..] [snd-soc]: aml_audio_reset, reg 0xa, shift 14, use_vadtop 0
01-01 09:05:19.566 0 0 I [3 T688 ..] [snd-soc]: aml_audio_reset, reg 0xa, shift 9, use_vadtop 0
01-01 09:05:19.567 0 0 I [3 T688 ..] [snd-soc]: aml_audio_reset, reg 0xa, shift 14, use_vadtop 0
01-01 09:05:19.630 0 0 I [3 T688 ..] [snd-soc]: aml_audio_reset, reg 0xa, shift 9, use_vadtop 0
01-01 09:05:19.631 0 0 I [3 T688 ..] [snd-soc]: aml_audio_reset, reg 0xa, shift 14, use_vadtop 0
01-01 09:05:19.694 0 0 I [3 T688 ..] [snd-soc]: aml_audio_reset, reg 0xa, shift 9, use_vadtop 0
01-01 09:05:19.695 0 0 I [3 T688 ..] [snd-soc]: aml_audio_reset, reg 0xa, shift 14, use_vadtop 0
01-01 09:05:19.758 0 0 I [2 T688 ..] [snd-soc]: aml_audio_reset, reg 0xa, shift 9, use_vadtop 0
01-01 09:05:19.759 0 0 I [2 T688 ..] [snd-soc]: aml_audio_reset, reg 0xa, shift 14, use_vadtop 0
01-01 09:05:19.822 0 0 I [3 T688 ..] [snd-soc]: aml_audio_reset, reg 0xa, shift 9, use_vadtop 0
01-01 09:05:19.823 0 0 I [3 T688 ..] [snd-soc]: aml_audio_reset, reg 0xa, shift 14, use_vadtop 0
01-01 09:05:19.886 0 0 I [3 T688 ..] [snd-soc]: aml_audio_reset, reg 0xa, shift 9, use_vadtop 0
01-01 09:05:19.887 0 0 I [3 T688 ..] [snd-soc]: aml_audio_reset, reg 0xa, shift 14, use_vadtop 0
01-01 09:05:19.951 0 0 I [2 T688 ..] [snd-soc]: aml_audio_reset, reg 0xa, shift 9, use_vadtop 0
01-01 09:05:19.951 0 0 I [2 T688 ..] [snd-soc]: aml_audio_reset, reg 0xa, shift 14, use_vadtop 0
01-01 09:05:20.015 0 0 I [3 T688 ..] [snd-soc]: aml_audio_reset, reg 0xa, shift 9, use_vadtop 0
01-01 09:05:20.015 0 0 I [3 T688 ..] [snd-soc]: aml_audio_reset, reg 0xa, shift 14, use_vadtop 0
01-01 09:05:20.079 0 0 I [2 T688 ..] [snd-soc]: aml_audio_reset, reg 0xa, shift 9, use_vadtop 0
01-01 09:05:20.079 0 0 I [2 T688 ..] [snd-soc]: aml_audio_reset, reg 0xa, shift 14, use_vadtop 0
01-01 09:05:20.142 0 0 I [2 T688 ..] [snd-soc]: aml_audio_reset, reg 0xa, shift 9, use_vadtop 0
01-01 09:05:20.143 0 0 I [2 T688 ..] [snd-soc]: aml_audio_reset, reg 0xa, shift 14, use_vadtop 0
01-01 09:05:20.207 0 0 I [2 T688 ..] [snd-soc]: aml_audio_reset, reg 0xa, shift 9, use_vadtop 0
01-01 09:05:20.207 0 0 I [2 T688 ..] [snd-soc]: aml_audio_reset, reg 0xa, shift 14, use_vadtop 0
01-01 09:05:20.271 0 0 I [2 T688 ..] [snd-soc]: aml_audio_reset, reg 0xa, shift 9, use_vadtop 0
01-01 09:05:20.271 0 0 I [2 T688 ..] [snd-soc]: aml_audio_reset, reg 0xa, shift 14, use_vadtop 0
01-01 09:05:20.334 0 0 I [2 T688 ..] [snd-soc]: aml_audio_reset, reg 0xa, shift 9, use_vadtop 0
01-01 09:05:20.335 0 0 I [2 T688 ..] [snd-soc]: aml_audio_reset, reg 0xa, shift 14, use_vadtop 0
01-01 09:05:20.399 0 0 I [2 T688 ..] [snd-soc]: aml_audio_reset, reg 0xa, shift 9, use_vadtop 0
01-01 09:05:20.399 0 0 I [2 T688 ..] [snd-soc]: aml_audio_reset, reg 0xa, shift 14, use_vadtop 0
01-01 09:05:20.463 0 0 I [2 T688 ..] [snd-soc]: aml_audio_reset, reg 0xa, shift 9, use_vadtop 0
01-01 09:05:20.463 0 0 I [2 T688 ..] [snd-soc]: aml_audio_reset, reg 0xa, shift 14, use_vadtop 0
01-01 09:05:20.527 0 0 I [2 T688 ..] [snd-soc]: aml_audio_reset, reg 0xa, shift 9, use_vadtop 0
01-01 09:05:20.527 0 0 I [2 T688 ..] [snd-soc]: aml_audio_reset, reg 0xa, shift 14, use_vadtop 0
01-01 09:05:20.590 0 0 I [2 T688 ..] [snd-soc]: aml_audio_reset, reg 0xa, shift 9, use_vadtop 0
01-01 09:05:20.591 0 0 I [2 T688 ..] [snd-soc]: aml_audio_reset, reg 0xa, shift 14, use_vadtop 0
01-01 09:05:20.655 0 0 I [2 T688 ..] [snd-soc]: aml_audio_reset, reg 0xa, shift 9, use_vadtop 0
01-01 09:05:20.655 0 0 I [2 T688 ..] [snd-soc]: aml_audio_reset, reg 0xa, shift 14, use_vadtop 0
01-01 09:05:20.718 0 0 I [3 T688 ..] [snd-soc]: aml_audio_reset, reg 0xa, shift 9, use_vadtop 0
01-01 09:05:20.719 0 0 I [3 T688 ..] [snd-soc]: aml_audio_reset, reg 0xa, shift 14, use_vadtop 0
01-01 09:05:20.782 0 0 I [2 T688 ..] [snd-soc]: aml_audio_reset, reg 0xa, shift 9, use_vadtop 0
01-01 09:05:20.783 0 0 I [2 T688 ..] [snd-soc]: aml_audio_reset, reg 0xa, shift 14, use_vadtop 0
01-01 09:05:20.847 0 0 I [2 T688 ..] [snd-soc]: aml_audio_reset, reg 0xa, shift 9, use_vadtop 0
01-01 09:05:20.847 0 0 I [2 T688 ..] [snd-soc]: aml_audio_reset, reg 0xa, shift 14, use_vadtop 0
01-01 09:05:20.872 0 0 W : [3 T0 .s] [SP FRAME TX] arp req,vif_idx:0 sender:[1c:79:2d:20:62:97 192.168.3.167]receiver:[00:00:00:00:00:00 192.168.3.157]
01-01 09:05:20.883 0 0 W : [3 T948 ..] [SP FRAME RX] arp rsp,vif_idx:0 sender:[2e:b8:3b:16:08:4f 192.168.3.157]receiver:[1c:79:2d:20:62:97 192.168.3.167]
01-01 09:05:20.911 0 0 I [2 T688 ..] [snd-soc]: aml_audio_reset, reg 0xa, shift 9, use_vadtop 0
01-01 09:05:20.911 0 0 I [2 T688 ..] [snd-soc]: aml_audio_reset, reg 0xa, shift 14, use_vadtop 0
01-01 09:05:20.974 0 0 I [2 T688 ..] [snd-soc]: aml_audio_reset, reg 0xa, shift 9, use_vadtop 0
01-01 09:05:20.975 0 0 I [2 T688 ..] [snd-soc]: aml_audio_reset, reg 0xa, shift 14, use_vadtop 0
01-01 09:05:21.038 0 0 I [2 T688 ..] [snd-soc]: aml_audio_reset, reg 0xa, shift 9, use_vadtop 0
