05-23 17:18:13.383 732 753 V WindowManager: Sent Transition #35 createdAt=05-23 17:18:13.356 via request=TransitionRequestInfo { type = 2, triggerTask = TaskInfo{userId=0 taskId=242 displayId=0 isRunning=false baseIntent=Intent { dat=haqu://setting:8080/... flg=0x10000000 pkg=com.dangbei.haqusetting cmp=com.dangbei.haqusetting/.ui.HomeActivity } baseActivity=null topActivity=null origActivity=null realActivity=ComponentInfo{com.dangbei.haqusetting/com.dangbei.haqusetting.ui.HomeActivity} numActivities=0 lastActiveTime=3956475 supportsMultiWindow=true resizeMode=1 isResizeable=true minWidth=-1 minHeight=-1 defaultMinSize=220 token=WCT{RemoteToken{d7391d2 Task{9178c96 #242 type=standard A=1000:com.dangbei.haqusetting}}} topActivityType=1 pictureInPictureParams=null shouldDockBigOverlays=false launchIntoPipHostTaskId=-1 lastParentTaskIdBeforePip=-1 displayCutoutSafeInsets=null topActivityInfo=null launchCookies=[] positionInParent=Point(0, 0) parentTaskId=-1 isFocused=true isVisible=true isVisibleRequested=true isSleeping=false topActivityInSizeCompat=false topActivityEligibleForLetterboxEducation= false isLetterboxDoubleTapEnabled= false topActivityEligibleForUserAspectRatioButton= false topActivityBoundsLetterboxed= false isFromLetterboxDoubleTap= false topActivityLetterboxVerticalPosition= -1 topActivityLetterboxHorizontalPosition= -1 topActivityLetterboxWidth=-1 topActivityLetterboxHeight=-1 isUserFullscreenOverrideEnabled=false isTopActivityTransparent=false locusId=null displayAreaFeatureId=1 cameraCompatControlState=hidden}, remoteTransition = null, displayChange = null, flags = 0 }
05-23 17:18:13.383 732 753 V WindowManager: startWCT=WindowContainerTransaction { changes = {} hops = [] errorCallbackToken=null taskFragmentOrganizer=null }
05-23 17:18:13.386 732 2913 W ActivityTaskManager: Finishing task with all activities already finished
05-23 17:18:13.387 732 2913 W ActivityTaskManager: Duplicate finish request for r=ActivityRecord{d35cfb1 u0 com.dangbei.haqusetting/.ui.HomeActivity t242 f}}
05-23 17:18:13.387 732 753 V WindowManager: info={id=35 t=CLOSE f=0x0 trk=0 r=[0@Point(0, 0)] c=[{WCT{RemoteToken{d7391d2 Task{9178c96 #242 type=standard A=1000:com.dangbei.haqusetting}}} m=CLOSE f=TRANSLUCENT leash=Surface(name=Task=242)/@0x1bdd07 sb=Rect(0, 0 - 1920, 1080) eb=Rect(0, 0 - 1920, 1080) d=0}]}
05-23 17:18:13.395 957 1021 V WindowManagerShell: onTransitionReady android.os.BinderProxy@f0a2a8b: {id=35 t=CLOSE f=0x0 trk=0 r=[0@Point(0, 0)] c=[{WCT{android.window.IWindowContainerToken$Stub$Proxy@a6ee467} m=CLOSE f=TRANSLUCENT leash=Surface(name=Task=242)/@0xe952781 sb=Rect(0, 0 - 1920, 1080) eb=Rect(0, 0 - 1920, 1080) d=0}]}
05-23 17:18:13.395 957 1021 V WindowManagerShell: Playing animation for (#35)android.os.BinderProxy@f0a2a8b@0
05-23 17:18:13.395 957 1021 V WindowManagerShell: try handler com.android.wm.shell.keyguard.KeyguardTransitionHandler@9798e39
05-23 17:18:13.395 957 1021 V WindowManagerShell: try handler com.android.wm.shell.pip.tv.TvPipTransition@b2d1c7e
05-23 17:18:13.395 957 1021 V WindowManagerShell: try handler com.android.wm.shell.activityembedding.ActivityEmbeddingController@857b5df
05-23 17:18:13.395 957 1021 V WindowManagerShell: try handler com.android.wm.shell.transition.RemoteTransitionHandler@3c922c
05-23 17:18:13.395 957 1021 V WindowManagerShell: Transition doesn't have explicit remote, search filters for match for {id=35 t=CLOSE f=0x0 trk=0 r=[0@Point(0, 0)] c=[{WCT{android.window.IWindowContainerToken$Stub$Proxy@a6ee467} m=CLOSE f=TRANSLUCENT leash=Surface(name=Task=242)/@0xe952781 sb=Rect(0, 0 - 1920, 1080) eb=Rect(0, 0 - 1920, 1080) d=0}]}
05-23 17:18:13.395 957 1021 V WindowManagerShell: Delegate animation for #35 to null
05-23 17:18:13.396 957 1021 V WindowManagerShell: try handler com.android.wm.shell.transition.DefaultTransitionHandler@85bd4f5
05-23 17:18:13.396 957 1021 V WindowManagerShell: start default transition animation, info = {id=35 t=CLOSE f=0x0 trk=0 r=[0@Point(0, 0)] c=[{WCT{android.window.IWindowContainerToken$Stub$Proxy@a6ee467} m=CLOSE f=TRANSLUCENT leash=Surface(name=Task=242)/@0xe952781 sb=Rect(0, 0 - 1920, 1080) eb=Rect(0, 0 - 1920, 1080) d=0}]}
05-23 17:18:13.396 957 1021 V WindowManagerShell: loadAnimation: anim=android.view.animation.AlphaAnimation@d7248b2 animAttr=0x7 type=CLOSE isEntrance=false
05-23 17:18:13.397 957 1021 V WindowManagerShell: animated by com.android.wm.shell.transition.DefaultTransitionHandler@85bd4f5
01-01 09:06:14.097 0 0 I [2 T688 ..] [snd-soc]: aml_audio_reset, reg 0xa, shift 9, use_vadtop 0
01-01 09:06:14.097 0 0 I [2 T688 ..] [snd-soc]: aml_audio_reset, reg 0xa, shift 14, use_vadtop 0
05-23 17:18:13.470 732 754 W ContextImpl: Calling a method in the system process without a qualified user: android.app.ContextImpl.startService:1899 com.android.server.wm.DisplayPolicy.lambda$focusChangedLw$5:2126 com.android.server.wm.DisplayPolicy.$r8$lambda$Znxk63oh-WzVnzo_WQefN7uxV48:0 com.android.server.wm.DisplayPolicy$$ExternalSyntheticLambda13.run:0 android.os.Handler.handleCallback:958
05-23 17:18:13.475 957 1021 D WindowManagerShell: TvPipController: onTaskStackChanged()
01-01 09:06:14.161 0 0 I [2 T688 ..] [snd-soc]: aml_audio_reset, reg 0xa, shift 9, use_vadtop 0
01-01 09:06:14.161 0 0 I [2 T688 ..] [snd-soc]: aml_audio_reset, reg 0xa, shift 14, use_vadtop 0
01-01 09:06:14.225 0 0 I [2 T688 ..] [snd-soc]: aml_audio_reset, reg 0xa, shift 9, use_vadtop 0
01-01 09:06:14.225 0 0 I [2 T688 ..] [snd-soc]: aml_audio_reset, reg 0xa, shift 14, use_vadtop 0
05-23 17:18:13.579 732 756 W ProcessStats: Tracking association SourceState{77b1b88 com.ktcp.video/10077 BTop #1407} whose proc state 2 is better than process ProcessState{7d3abfa com.ktcp.video:daemon/10077 pkg=com.ktcp.video} proc state 8 (3 skipped)
05-23 17:18:13.600 732 3324 D CoreBackPreview: Window{a4bc188 u0 com.dangbei.haqusetting/com.dangbei.haqusetting.ui.HomeActivity}: Setting back callback null
01-01 09:06:14.248 0 0 W : [3 T763 .s] [SP FRAME TX] arp req,vif_idx:0 sender:[1c:79:2d:20:62:97 192.168.3.167]receiver:[00:00:00:00:00:00 192.168.3.72]
01-01 09:06:14.254 0 0 W : [1 T13435 ..] [SP FRAME TX] arp req,vif_idx:0 sender:[1c:79:2d:20:62:97 192.168.3.167]receiver:[00:00:00:00:00:00 192.168.3.76]
01-01 09:06:14.273 0 0 W : [3 T948 ..] [SP FRAME RX] arp req,vif_idx:0 sender:[e0:ba:ad:3a:be:9a 192.168.3.66]receiver:[00:00:00:00:00:00 192.168.3.167]
01-01 09:06:14.274 0 0 W : [3 T948 ..] [SP FRAME TX] arp rsp,vif_idx:0 sender:[1c:79:2d:20:62:97 192.168.3.167]receiver:[e0:ba:ad:3a:be:9a 192.168.3.66]
01-01 09:06:14.289 0 0 I [3 T688 ..] [snd-soc]: aml_audio_reset, reg 0xa, shift 9, use_vadtop 0
01-01 09:06:14.289 0 0 I [3 T688 ..] [snd-soc]: aml_audio_reset, reg 0xa, shift 14, use_vadtop 0
01-01 09:06:14.351 0 0 E : [0 T13625 ..] mediaproxy produce init [aml-vcodec-dec]
01-01 09:06:14.351 0 0 I : [0 T13625 ..] Mediaproxy is opened name[aml-vcodec-dec]\n
01-01 09:06:14.351 0 0 I : [0 T13625 ..] Mediaproxy is opened name[aml-vcodec-dec] end\n
01-01 09:06:14.352 0 0 E : [0 T13625 ..] mediaproxy produce start connect
01-01 09:06:14.353 0 0 I [3 T688 ..] [snd-soc]: aml_audio_reset, reg 0xa, shift 9, use_vadtop 0
01-01 09:06:14.353 0 0 I : [0 T13625 ..] find p kfifo size:[32][2]
01-01 09:06:14.354 0 0 I [2 T688 ..] [snd-soc]: aml_audio_reset, reg 0xa, shift 14, use_vadtop 0
01-01 09:06:14.355 0 0 I : [0 T13625 ..] mediaproxy_get_fifo get idx[2]
01-01 09:06:14.355 0 0 I : [0 T13625 ..] Session producer-2 is connected fifo idx [2]
01-01 09:06:14.357 0 0 E : [0 T13625 ..] mediaproxy produce connect [2]
01-01 09:06:14.358 0 0 I : [0 T13625 ..] mediaproxy produce msg type :0x40 module_name:aml-vcodec-dec
01-01 09:06:14.363 0 0 I : [0 T13625 ..] deinit session
01-01 09:06:14.363 0 0 I : [0 T13625 ..] deinit session producer-2
01-01 09:06:14.364 0 0 I : [0 T13625 ..] deinit has_unusing_fifo [1]
01-01 09:06:14.365 0 0 I : [0 T98 ..] p_fifo[2] name[aml-vcodec-dec] state[0] to MP_FIFO_UNUSED
01-01 09:06:14.366 0 0 E : [3 T13625 ..] mediaproxy produce init [aml-vcodec-dec]
01-01 09:06:14.366 0 0 I : [3 T13625 ..] Mediaproxy is opened name[aml-vcodec-dec]\n
01-01 09:06:14.366 0 0 I : [3 T13625 ..] Mediaproxy is opened name[aml-vcodec-dec] end\n
01-01 09:06:14.367 0 0 E : [3 T13625 ..] mediaproxy produce start connect
01-01 09:06:14.369 0 0 I : [2 T13625 ..] find p kfifo size:[32][2]
01-01 09:06:14.369 0 0 I : [2 T13625 ..] mediaproxy_get_fifo get idx[2]
01-01 09:06:14.370 0 0 I : [2 T13625 ..] Session producer-2 is connected fifo idx [2]
01-01 09:06:14.371 0 0 E : [2 T13625 ..] mediaproxy produce connect [2]
01-01 09:06:14.371 0 0 I : [2 T13625 ..] mediaproxy produce msg type :0x40 module_name:aml-vcodec-dec
01-01 09:06:14.374 0 0 I : [2 T13625 ..] deinit session
01-01 09:06:14.375 0 0 I : [2 T13625 ..] deinit session producer-2
01-01 09:06:14.375 0 0 I : [2 T13625 ..] deinit has_unusing_fifo [1]
01-01 09:06:14.375 0 0 I : [0 T98 ..] p_fifo[2] name[aml-vcodec-dec] state[0] to MP_FIFO_UNUSED
01-01 09:06:14.376 0 0 W : [3 T0 .s] [SP FRAME TX] arp req,vif_idx:0 sender:[1c:79:2d:20:62:97 192.168.3.167]receiver:[00:00:00:00:00:00 192.168.3.62]
01-01 09:06:14.377 0 0 I : [2 T13625 ..] codec mem info:
01-01 09:06:14.378 0 0 I : [2 T13625 ..] total codec mem size:364 MB
01-01 09:06:14.379 0 0 I : [2 T13625 ..] alloced size= 0 MB
01-01 09:06:14.380 0 0 I : [2 T13625 ..] max alloced: 119 MB
01-01 09:06:14.380 0 0 I [2 T13625 ..] CMA: 0,RES:0,TVP:0,SYS:0,COHER:0,VMAPED:0 MB
01-01 09:06:14.381 0 0 I [2 T13625 ..] RES_EXT: 0 MB
01-01 09:06:14.381 0 0 I : [2 T13625 ..] [4]CMA size:364 MB:alloced: 0 MB,free:364 MB
01-01 09:06:14.382 0 0 I : [2 T13625 ..] codec mem info:
01-01 09:06:14.383 0 0 I : [2 T13625 ..] total codec mem size:364 MB
01-01 09:06:14.383 0 0 I : [2 T13625 ..] alloced size= 0 MB
01-01 09:06:14.384 0 0 I : [2 T13625 ..] max alloced: 119 MB
01-01 09:06:14.384 0 0 I [2 T13625 ..] CMA: 0,RES:0,TVP:0,SYS:0,COHER:0,VMAPED:0 MB
01-01 09:06:14.385 0 0 I [2 T13625 ..] RES_EXT: 0 MB
01-01 09:06:14.386 0 0 I : [2 T13625 ..] [4]CMA size:364 MB:alloced: 0 MB,free:364 MB
01-01 09:06:14.387 0 0 E : [1 T13630 ..] mediaproxy produce init [aml-vcodec-dec]
01-01 09:06:14.387 0 0 I : [1 T13630 ..] Mediaproxy is opened name[aml-vcodec-dec]\n
01-01 09:06:14.387 0 0 I : [1 T13630 ..] Mediaproxy is opened name[aml-vcodec-dec] end\n
01-01 09:06:14.388 0 0 E : [1 T13630 ..] mediaproxy produce start connect
01-01 09:06:14.392 0 0 I : [0 T13630 ..] find p kfifo size:[32][2]
01-01 09:06:14.392 0 0 I : [0 T13630 ..] mediaproxy_get_fifo get idx[2]
01-01 09:06:14.394 0 0 I : [0 T13630 ..] Session producer-2 is connected fifo idx [2]
01-01 09:06:14.394 0 0 E : [0 T13630 ..] mediaproxy produce connect [2]
01-01 09:06:14.395 0 0 I : [0 T13630 ..] mediaproxy produce msg type :0x40 module_name:aml-vcodec-dec
01-01 09:06:14.396 0 0 I : [0 T13630 ..] deinit session
01-01 09:06:14.396 0 0 I : [0 T13630 ..] deinit session producer-2
01-01 09:06:14.397 0 0 I : [0 T13630 ..] deinit has_unusing_fifo [1]
01-01 09:06:14.397 0 0 I : [0 T98 ..] p_fifo[2] name[aml-vcodec-dec] state[0] to MP_FIFO_UNUSED
01-01 09:06:14.399 0 0 E : [0 T13630 ..] mediaproxy produce init [aml-vcodec-dec]
01-01 09:06:14.399 0 0 I : [0 T13630 ..] Mediaproxy is opened name[aml-vcodec-dec]\n
01-01 09:06:14.399 0 0 I : [0 T13630 ..] Mediaproxy is opened name[aml-vcodec-dec] end\n
01-01 09:06:14.400 0 0 E : [0 T13630 ..] mediaproxy produce start connect
01-01 09:06:14.402 0 0 I : [0 T13630 ..] find p kfifo size:[32][2]
01-01 09:06:14.402 0 0 I : [0 T13630 ..] mediaproxy_get_fifo get idx[2]
01-01 09:06:14.403 0 0 I : [0 T13630 ..] Session producer-2 is connected fifo idx [2]
01-01 09:06:14.403 0 0 E : [0 T13630 ..] mediaproxy produce connect [2]
01-01 09:06:14.404 0 0 I : [0 T13630 ..] mediaproxy produce msg type :0x40 module_name:aml-vcodec-dec
01-01 09:06:14.406 0 0 I [1 T13630 ..] [amlv4l]: [95]: DW:10, TW:0, Margin:6
01-01 09:06:14.407 0 0 D [3 T13635 ..] [amlcom]: vdec_create instance 00000000b7ea42c4, total 1, PM: power-domain
01-01 09:06:14.407 0 0 D [3 T13635 ..] [media_clock]: vdec mux clock is 799999988 Hz
01-01 09:06:14.408 0 0 I [1 T13635 ..] [amlcom]: dos_local_config end, id 0, is_on 1
01-01 09:06:14.408 0 0 I [1 T13635 ..] [amlcom]: vdec_init, dev_name:ammvdec_h264_v4l, vdec_type=VDEC_TYPE_FRAME_BLOCK, format: 2, total: 1
01-01 09:06:14.410 0 0 D [1 T13635 ..] [h264]: 0: pdata->config=parm_v4l_codec_enable:1;mh264_double_write_mode:16;parm_v4l_buffer_margin:6;parm_v4l_canvas_mem_mode:0;parm_v4l_canvas_mem_endian:0;parm_v4l_low_latency_mode:0;parm_v4l_metadata_config_flag:1050626;parm_v4l_duration:0;parm_v4l_error_handle_info:0;
01-01 09:06:14.410 0 0 D [1 T13635 ..] [h264]: 0: ammvdec_h264_probe error_proc_policy 0x813fcff7 mb_count_threshold 0
01-01 09:06:14.410 0 0 D [1 T13635 ..] [h264]: ammvdec_h264_bmmu_init tvp = 0x0
01-01 09:06:14.417 0 0 D [1 T13635 ..] [media_clock]: vdec mux clock is 799999988 Hz
01-01 09:06:14.417 0 0 I [2 T688 ..] [snd-soc]: aml_audio_reset, reg 0xa, shift 9, use_vadtop 0
01-01 09:06:14.417 0 0 I [2 T688 ..] [snd-soc]: aml_audio_reset, reg 0xa, shift 14, use_vadtop 0
01-01 09:06:14.419 0 0 D [1 T13635 ..] [h264]: vh264_init, phy_addr=cee29000 vaddr=00000000547b99fd
01-01 09:06:14.420 0 0 I [2 T13625 ..] [amlv4l]: [95]: set vf duration: c80
01-01 09:06:14.440 0 0 D [0 T9788 ..] [h264]: 0: vmh264_get_ps_info mmu_enable 0 double_write_mode 0x10
01-01 09:06:14.440 0 0 I [0 T9788 ..] [amlv4l]: [95]: Parse from ucode, visible(1280 x 720), coded(1280 x 768), scan:P, bitdepth(0), dw(10)
01-01 09:06:14.441 0 0 I [0 T13635 ..] [amlv4l]: [95]: Picture buffer count: dec:5, vpp:0, ge2d:0, margin:6, total:11
01-01 09:06:14.442 0 0 D [0 T13635 ..] [amlv4l]: [95]: Post event: res chg
01-01 09:06:14.455 0 0 D [0 T9788 ..] [h264]: 0: restriction_flag=0, max_dec_frame_buffering=4, dec_dpb_size=5 num_reorder_frames 3 used_reorder_dpb_size_margin 6
01-01 09:06:14.459 0 0 D [0 T266 ..] [h264]: 0: decoder duration change old: 0 new: 1920
05-23 17:18:13.810 957 1021 V WindowManagerShell: Transition animation finished (aborted=false), notifying core (#35)android.os.BinderProxy@f0a2a8b@0
05-23 17:18:13.812 732 753 V WindowManager: Finish Transition #35: created at
05-23 17:18:13.356 collect-started=0.318ms request-sent=0.499ms started=6.789ms ready=16.914ms sent=24.686ms finished=455.356ms
05-23 17:18:13.821 957 1021 V WindowManagerShell: Track 0 became idle
05-23 17:18:13.821 957 1021 V WindowManagerShell: All active transition animations finished
01-01 09:06:14.481 0 0 I [2 T688 ..] [snd-soc]: aml_audio_reset, reg 0xa, shift 9, use_vadtop 0
01-01 09:06:14.481 0 0 I [2 T688 ..] [snd-soc]: aml_audio_reset, reg 0xa, shift 14, use_vadtop 0
01-01 09:06:14.545 0 0 I [3 T688 ..] [snd-soc]: aml_audio_reset, reg 0xa, shift 9, use_vadtop 0
01-01 09:06:14.545 0 0 I [3 T688 ..] [snd-soc]: aml_audio_reset, reg 0xa, shift 14, use_vadtop 0
01-01 09:06:14.568 0 0 I : [1 T365 ..] di_process_open iminor(inode) =0
01-01 09:06:14.569 0 0 I [3 T365 ..] dim: reg:use[0]ms
01-01 09:06:14.569 0 0 I [3 T365 ..] dim: ins:create:ch[2],tmode[3]
01-01 09:06:14.570 0 0 I [0 T365 ..] dim: out:0x80000000
01-01 09:06:14.573 0 0 E [1 T365 ..] dp: [0]no hdr10+ data.
01-01 09:06:14.573 0 0 E [1 T365 ..] dp: [0]no meta_data.
01-01 09:06:14.573 0 0 E [1 T365 ..] dp: [0]invalid ud param.
01-01 09:06:14.574 0 0 I [1 T108 ..] dim: value reg:ch[2]:fix_buf:0;ponly <0,0> post_nub=5
01-01 09:06:14.574 0 0 I [2 T365 ..] VID: VD1 off
01-01 09:06:14.575 0 0 I [1 T108 ..] dim: di_cnt_i_buf1:tvp:0
01-01 09:06:14.575 0 0 I [1 T108 ..] dim: di_reg_setting:ch[2]:for first ch reg:
01-01 09:06:14.575 0 0 I [2 T365 ..] vc: [0]vc: set enable index=0, val=1
01-01 09:06:14.576 0 0 I [1 T108 ..] dim: ch[2]:reg:mem cfg[0][0][0]
01-01 09:06:14.576 0 0 I [2 T365 ..] VID: VD1 off
01-01 09:06:14.577 0 0 I [1 T108 ..] dim: ch[2]:bypass change:i:0->1:0x60
01-01 09:06:14.578 0 0 I [2 T365 ..] VID: VD1 set global output as 1
01-01 09:06:14.580 0 0 I [2 T365 ..] VID: store VD0 path_id changed -1->2
01-01 09:06:14.580 0 0 I [2 T365 ..] vc: [0]sideband_type =-1
01-01 09:06:14.606 0 0 I [2 T688 ..] [snd-soc]: aml_audio_reset, reg 0xa, shift 9, use_vadtop 0
01-01 09:06:14.606 0 0 I [2 T688 ..] [snd-soc]: aml_audio_reset, reg 0xa, shift 14, use_vadtop 0
01-01 09:06:14.670 0 0 I [2 T688 ..] [snd-soc]: aml_audio_reset, reg 0xa, shift 9, use_vadtop 0
01-01 09:06:14.671 0 0 I [2 T688 ..] [snd-soc]: aml_audio_reset, reg 0xa, shift 14, use_vadtop 0
01-01 09:06:14.734 0 0 I [3 T688 ..] [snd-soc]: aml_audio_reset, reg 0xa, shift 9, use_vadtop 0
01-01 09:06:14.735 0 0 I [3 T688 ..] [snd-soc]: aml_audio_reset, reg 0xa, shift 14, use_vadtop 0
01-01 09:06:14.792 0 0 W : [3 T13435 ..] [SP FRAME TX] arp req,vif_idx:0 sender:[1c:79:2d:20:62:97 192.168.3.167]receiver:[00:00:00:00:00:00 192.168.3.77]
01-01 09:06:14.798 0 0 I [2 T688 ..] [snd-soc]: aml_audio_reset, reg 0xa, shift 9, use_vadtop 0
01-01 09:06:14.799 0 0 I [2 T688 ..] [snd-soc]: aml_audio_reset, reg 0xa, shift 14, use_vadtop 0
01-01 09:06:14.862 0 0 I [2 T688 ..] [snd-soc]: aml_audio_reset, reg 0xa, shift 9, use_vadtop 0
01-01 09:06:14.863 0 0 I [2 T688 ..] [snd-soc]: aml_audio_reset, reg 0xa, shift 14, use_vadtop 0
01-01 09:06:14.888 0 0 W : [2 T0 .s] [SP FRAME TX] arp req,vif_idx:0 sender:[1c:79:2d:20:62:97 192.168.3.167]receiver:[00:00:00:00:00:00 192.168.3.47]
01-01 09:06:14.892 0 0 W : [1 T275 .s] [SP FRAME TX] arp req,vif_idx:0 sender:[1c:79:2d:20:62:97 192.168.3.167]receiver:[00:00:00:00:00:00 192.168.3.53]
01-01 09:06:14.927 0 0 I [2 T688 ..] [snd-soc]: aml_audio_reset, reg 0xa, shift 9, use_vadtop 0
01-01 09:06:14.927 0 0 I [2 T688 ..] [snd-soc]: aml_audio_reset, reg 0xa, shift 14, use_vadtop 0
01-01 09:06:14.990 0 0 I [2 T688 ..] [snd-soc]: aml_audio_reset, reg 0xa, shift 9, use_vadtop 0
01-01 09:06:14.991 0 0 I [2 T688 ..] [snd-soc]: aml_audio_reset, reg 0xa, shift 14, use_vadtop 0
01-01 09:06:15.055 0 0 I [2 T688 ..] [snd-soc]: aml_audio_reset, reg 0xa, shift 9, use_vadtop 0
01-01 09:06:15.055 0 0 I [2 T688 ..] [snd-soc]: aml_audio_reset, reg 0xa, shift 14, use_vadtop 0
01-01 09:06:15.119 0 0 I [2 T688 ..] [snd-soc]: aml_audio_reset, reg 0xa, shift 9, use_vadtop 0
01-01 09:06:15.119 0 0 I [2 T688 ..] [snd-soc]: aml_audio_reset, reg 0xa, shift 14, use_vadtop 0
01-01 09:06:15.183 0 0 I [2 T688 ..] [snd-soc]: aml_audio_reset, reg 0xa, shift 9, use_vadtop 0
01-01 09:06:15.183 0 0 I [2 T688 ..] [snd-soc]: aml_audio_reset, reg 0xa, shift 14, use_vadtop 0
01-01 09:06:15.247 0 0 I [3 T688 ..] [snd-soc]: aml_audio_reset, reg 0xa, shift 9, use_vadtop 0
01-01 09:06:15.247 0 0 I [3 T688 ..] [snd-soc]: aml_audio_reset, reg 0xa, shift 14, use_vadtop 0
01-01 09:06:15.272 0 0 W : [1 T0 .s] [SP FRAME TX] arp req,vif_idx:0 sender:[1c:79:2d:20:62:97 192.168.3.167]receiver:[00:00:00:00:00:00 192.168.3.76]
01-01 09:06:15.304 0 0 W : [3 T13435 ..] [SP FRAME TX] arp req,vif_idx:0 sender:[1c:79:2d:20:62:97 192.168.3.167]receiver:[00:00:00:00:00:00 192.168.3.78]
01-01 09:06:15.310 0 0 W : [1 T948 ..] [SP FRAME RX] arp rsp,vif_idx:0 sender:[7c:2c:67:8b:02:64 192.168.3.78]receiver:[1c:79:2d:20:62:97 192.168.3.167]
01-01 09:06:15.311 0 0 I [2 T688 ..] [snd-soc]: aml_audio_reset, reg 0xa, shift 9, use_vadtop 0
01-01 09:06:15.312 0 0 I [2 T688 ..] [snd-soc]: aml_audio_reset, reg 0xa, shift 14, use_vadtop 0
01-01 09:06:15.350 0 0 W : [1 T948 ..] [SP FRAME RX] arp req,vif_idx:0 sender:[4c:6b:b8:99:ce:34 192.168.3.68]receiver:[00:00:00:00:00:00 192.168.3.167]
01-01 09:06:15.351 0 0 W : [1 T948 ..] [SP FRAME TX] arp rsp,vif_idx:0 sender:[1c:79:2d:20:62:97 192.168.3.167]receiver:[4c:6b:b8:99:ce:34 192.168.3.68]
01-01 09:06:15.374 0 0 I [2 T688 ..] [snd-soc]: aml_audio_reset, reg 0xa, shift 9, use_vadtop 0
01-01 09:06:15.375 0 0 I [2 T688 ..] [snd-soc]: aml_audio_reset, reg 0xa, shift 14, use_vadtop 0
01-01 09:06:15.400 0 0 W : [3 T688 .s] [SP FRAME TX] arp req,vif_idx:0 sender:[1c:79:2d:20:62:97 192.168.3.167]receiver:[00:00:00:00:00:00 192.168.3.68]
01-01 09:06:15.401 0 0 W : [3 T688 .s] [SP FRAME TX] arp req,vif_idx:0 sender:[1c:79:2d:20:62:97 192.168.3.167]receiver:[00:00:00:00:00:00 192.168.3.33]
01-01 09:06:15.402 0 0 W : [3 T688 .s] [SP FRAME TX] arp req,vif_idx:0 sender:[1c:79:2d:20:62:97 192.168.3.167]receiver:[00:00:00:00:00:00 192.168.3.62]
01-01 09:06:15.406 0 0 W : [2 T948 ..] [SP FRAME RX] arp rsp,vif_idx:0 sender:[4c:6b:b8:99:ce:34 192.168.3.68]receiver:[1c:79:2d:20:62:97 192.168.3.167]
01-01 09:06:15.409 0 0 W : [2 T948 ..] [SP FRAME RX] arp rsp,vif_idx:0 sender:[42:b8:8f:60:49:b1 192.168.3.33]receiver:[1c:79:2d:20:62:97 192.168.3.167]
01-01 09:06:15.439 0 0 I [3 T688 ..] [snd-soc]: aml_audio_reset, reg 0xa, shift 9, use_vadtop 0
01-01 09:06:15.439 0 0 I [3 T688 ..] [snd-soc]: aml_audio_reset, reg 0xa, shift 14, use_vadtop 0
01-01 09:06:15.503 0 0 I [3 T688 ..] [snd-soc]: aml_audio_reset, reg 0xa, shift 9, use_vadtop 0
01-01 09:06:15.503 0 0 I [3 T688 ..] [snd-soc]: aml_audio_reset, reg 0xa, shift 14, use_vadtop 0
01-01 09:06:15.567 0 0 I [3 T688 ..] [snd-soc]: aml_audio_reset, reg 0xa, shift 9, use_vadtop 0
01-01 09:06:15.567 0 0 I [3 T688 ..] [snd-soc]: aml_audio_reset, reg 0xa, shift 14, use_vadtop 0
01-01 09:06:15.630 0 0 I [3 T688 ..] [snd-soc]: aml_audio_reset, reg 0xa, shift 9, use_vadtop 0
01-01 09:06:15.631 0 0 I [3 T688 ..] [snd-soc]: aml_audio_reset, reg 0xa, shift 14, use_vadtop 0
01-01 09:06:15.695 0 0 I [3 T688 ..] [snd-soc]: aml_audio_reset, reg 0xa, shift 9, use_vadtop 0
01-01 09:06:15.695 0 0 I [3 T688 ..] [snd-soc]: aml_audio_reset, reg 0xa, shift 14, use_vadtop 0
01-01 09:06:15.759 0 0 I [3 T688 ..] [snd-soc]: aml_audio_reset, reg 0xa, shift 9, use_vadtop 0
01-01 09:06:15.759 0 0 I [3 T688 ..] [snd-soc]: aml_audio_reset, reg 0xa, shift 14, use_vadtop 0
01-01 09:06:15.816 0 0 W : [3 T0 .s] [SP FRAME TX] arp req,vif_idx:0 sender:[1c:79:2d:20:62:97 192.168.3.167]receiver:[00:00:00:00:00:00 192.168.3.77]
01-01 09:06:15.817 0 0 W : [1 T13435 ..] [SP FRAME TX] arp req,vif_idx:0 sender:[1c:79:2d:20:62:97 192.168.3.167]receiver:[00:00:00:00:00:00 192.168.3.79]
01-01 09:06:15.823 0 0 I [3 T688 ..] [snd-soc]: aml_audio_reset, reg 0xa, shift 9, use_vadtop 0
01-01 09:06:15.823 0 0 I [3 T688 ..] [snd-soc]: aml_audio_reset, reg 0xa, shift 14, use_vadtop 0
01-01 09:06:15.886 0 0 I [2 T688 ..] [snd-soc]: aml_audio_reset, reg 0xa, shift 9, use_vadtop 0
01-01 09:06:15.887 0 0 I [2 T688 ..] [snd-soc]: aml_audio_reset, reg 0xa, shift 14, use_vadtop 0
01-01 09:06:15.912 0 0 W : [2 T0 .s] [SP FRAME TX] arp req,vif_idx:0 sender:[1c:79:2d:20:62:97 192.168.3.167]receiver:[00:00:00:00:00:00 192.168.3.47]
01-01 09:06:15.913 0 0 W : [2 T0 .s] [SP FRAME TX] arp req,vif_idx:0 sender:[1c:79:2d:20:62:97 192.168.3.167]receiver:[00:00:00:00:00:00 192.168.3.53]
01-01 09:06:15.951 0 0 I [3 T688 ..] [snd-soc]: aml_audio_reset, reg 0xa, shift 9, use_vadtop 0
01-01 09:06:15.951 0 0 I [3 T688 ..] [snd-soc]: aml_audio_reset, reg 0xa, shift 14, use_vadtop 0
01-01 09:06:16.014 0 0 I [3 T688 ..] [snd-soc]: aml_audio_reset, reg 0xa, shift 9, use_vadtop 0
01-01 09:06:16.015 0 0 I [3 T688 ..] [snd-soc]: aml_audio_reset, reg 0xa, shift 14, use_vadtop 0
01-01 09:06:16.079 0 0 I [2 T688 ..] [snd-soc]: aml_audio_reset, reg 0xa, shift 9, use_vadtop 0
01-01 09:06:16.079 0 0 I [2 T688 ..] [snd-soc]: aml_audio_reset, reg 0xa, shift 14, use_vadtop 0
01-01 09:06:16.142 0 0 I [3 T688 ..] [snd-soc]: aml_audio_reset, reg 0xa, shift 9, use_vadtop 0
01-01 09:06:16.143 0 0 I [3 T688 ..] [snd-soc]: aml_audio_reset, reg 0xa, shift 14, use_vadtop 0
01-01 09:06:16.168 0 0 W : [0 T0 .s] [SP FRAME TX] arp req,vif_idx:0 sender:[1c:79:2d:20:62:97 192.168.3.167]receiver:[00:00:00:00:00:00 192.168.3.151]
01-01 09:06:16.207 0 0 I [3 T688 ..] [snd-soc]: aml_audio_reset, reg 0xa, shift 9, use_vadtop 0
01-01 09:06:16.207 0 0 I [3 T688 ..] [snd-soc]: aml_audio_reset, reg 0xa, shift 14, use_vadtop 0
01-01 09:06:16.210 0 0 W : [3 T948 ..] [SP FRAME RX] arp rsp,vif_idx:0 sender:[4e:df:ee:48:4b:63 192.168.3.151]receiver:[1c:79:2d:20:62:97 192.168.3.167]
01-01 09:06:16.271 0 0 I [3 T688 ..] [snd-soc]: aml_audio_reset, reg 0xa, shift 9, use_vadtop 0
01-01 09:06:16.271 0 0 I [2 T688 ..] [snd-soc]: aml_audio_reset, reg 0xa, shift 14, use_vadtop 0
01-01 09:06:16.296 0 0 W : [1 T0 .s] [SP FRAME TX] arp req,vif_idx:0 sender:[1c:79:2d:20:62:97 192.168.3.167]receiver:[00:00:00:00:00:00 192.168.3.76]
01-01 09:06:16.328 0 0 W : [3 T13435 ..] [SP FRAME TX] arp req,vif_idx:0 sender:[1c:79:2d:20:62:97 192.168.3.167]receiver:[00:00:00:00:00:00 192.168.3.80]
01-01 09:06:16.335 0 0 I [3 T688 ..] [snd-soc]: aml_audio_reset, reg 0xa, shift 9, use_vadtop 0
01-01 09:06:16.335 0 0 I [3 T688 ..] [snd-soc]: aml_audio_reset, reg 0xa, shift 14, use_vadtop 0
01-01 09:06:16.399 0 0 I [2 T688 ..] [snd-soc]: aml_audio_reset, reg 0xa, shift 9, use_vadtop 0
01-01 09:06:16.399 0 0 I [2 T688 ..] [snd-soc]: aml_audio_reset, reg 0xa, shift 14, use_vadtop 0
01-01 09:06:16.424 0 0 W : [3 T13638 .s] [SP FRAME TX] arp req,vif_idx:0 sender:[1c:79:2d:20:62:97 192.168.3.167]receiver:[00:00:00:00:00:00 192.168.3.62]
01-01 09:06:16.463 0 0 I [2 T688 ..] [snd-soc]: aml_audio_reset, reg 0xa, shift 9, use_vadtop 0
01-01 09:06:16.463 0 0 I [2 T688 ..] [snd-soc]: aml_audio_reset, reg 0xa, shift 14, use_vadtop 0
01-01 09:06:16.526 0 0 I [2 T688 ..] [snd-soc]: aml_audio_reset, reg 0xa, shift 9, use_vadtop 0
01-01 09:06:16.527 0 0 I [2 T688 ..] [snd-soc]: aml_audio_reset, reg 0xa, shift 14, use_vadtop 0
01-01 09:06:16.591 0 0 I [2 T688 ..] [snd-soc]: aml_audio_reset, reg 0xa, shift 9, use_vadtop 0
01-01 09:06:16.591 0 0 I [2 T688 ..] [snd-soc]: aml_audio_reset, reg 0xa, shift 14, use_vadtop 0
01-01 09:06:16.654 0 0 I [2 T688 ..] [snd-soc]: aml_audio_reset, reg 0xa, shift 9, use_vadtop 0
01-01 09:06:16.655 0 0 I [2 T688 ..] [snd-soc]: aml_audio_reset, reg 0xa, shift 14, use_vadtop 0
01-01 09:06:16.719 0 0 I [3 T688 ..] [snd-soc]: aml_audio_reset, reg 0xa, shift 9, use_vadtop 0
01-01 09:06:16.719 0 0 I [3 T688 ..] [snd-soc]: aml_audio_reset, reg 0xa, shift 14, use_vadtop 0
01-01 09:06:16.783 0 0 I [2 T688 ..] [snd-soc]: aml_audio_reset, reg 0xa, shift 9, use_vadtop 0
01-01 09:06:16.783 0 0 I [2 T688 ..] [snd-soc]: aml_audio_reset, reg 0xa, shift 14, use_vadtop 0
01-01 09:06:16.840 0 0 W : [3 T0 .s] [SP FRAME TX] arp req,vif_idx:0 sender:[1c:79:2d:20:62:97 192.168.3.167]receiver:[00:00:00:00:00:00 192.168.3.77]
01-01 09:06:16.841 0 0 W : [3 T0 .s] [SP FRAME TX] arp req,vif_idx:0 sender:[1c:79:2d:20:62:97 192.168.3.167]receiver:[00:00:00:00:00:00 192.168.3.79]
01-01 09:06:16.843 0 0 W : [3 T13435 ..] [SP FRAME TX] arp req,vif_idx:0 sender:[1c:79:2d:20:62:97 192.168.3.167]receiver:[00:00:00:00:00:00 192.168.3.81]
01-01 09:06:16.846 0 0 I [2 T688 ..] [snd-soc]: aml_audio_reset, reg 0xa, shift 9, use_vadtop 0
01-01 09:06:16.847 0 0 I [2 T688 ..] [snd-soc]: aml_audio_reset, reg 0xa, shift 14, use_vadtop 0
01-01 09:06:16.911 0 0 I [3 T688 ..] [snd-soc]: aml_audio_reset, reg 0xa, shift 9, use_vadtop 0
01-01 09:06:16.911 0 0 I [3 T688 ..] [snd-soc]: aml_audio_reset, reg 0xa, shift 14, use_vadtop 0
01-01 09:06:16.936 0 0 W : [1 T0 .s] [SP FRAME TX] arp req,vif_idx:0 sender:[1c:79:2d:20:62:97 192.168.3.167]receiver:[00:00:00:00:00:00 192.168.3.53]
01-01 09:06:16.937 0 0 W : [1 T0 .s] [SP FRAME TX] arp req,vif_idx:0 sender:[1c:79:2d:20:62:97 192.168.3.167]receiver:[00:00:00:00:00:00 192.168.3.47]
01-01 09:06:16.974 0 0 I [3 T688 ..] [snd-soc]: aml_audio_reset, reg 0xa, shift 9, use_vadtop 0
01-01 09:06:16.975 0 0 I [3 T688 ..] [snd-soc]: aml_audio_reset, reg 0xa, shift 14, use_vadtop 0
01-01 09:06:17.039 0 0 I [3 T688 ..] [snd-soc]: aml_audio_reset, reg 0xa, shift 9, use_vadtop 0
01-01 09:06:17.039 0 0 I [3 T688 ..] [snd-soc]: aml_audio_reset, reg 0xa, shift 14, use_vadtop 0
01-01 09:06:17.103 0 0 I [3 T688 ..] [snd-soc]: aml_audio_reset, reg 0xa, shift 9, use_vadtop 0
01-01 09:06:17.103 0 0 I [3 T688 ..] [snd-soc]: aml_audio_reset, reg 0xa, shift 14, use_vadtop 0
01-01 09:06:17.167 0 0 I [3 T688 ..] [snd-soc]: aml_audio_reset, reg 0xa, shift 9, use_vadtop 0
01-01 09:06:17.167 0 0 I [3 T688 ..] [snd-soc]: aml_audio_reset, reg 0xa, shift 14, use_vadtop 0
01-01 09:06:17.230 0 0 I [3 T688 ..] [snd-soc]: aml_audio_reset, reg 0xa, shift 9, use_vadtop 0
01-01 09:06:17.231 0 0 I [3 T688 ..] [snd-soc]: aml_audio_reset, reg 0xa, shift 14, use_vadtop 0
01-01 09:06:17.295 0 0 I [3 T688 ..] [snd-soc]: aml_audio_reset, reg 0xa, shift 9, use_vadtop 0
01-01 09:06:17.295 0 0 I [3 T688 ..] [snd-soc]: aml_audio_reset, reg 0xa, shift 14, use_vadtop 0
01-01 09:06:17.352 0 0 W : [3 T275 .s] [SP FRAME TX] arp req,vif_idx:0 sender:[1c:79:2d:20:62:97 192.168.3.167]receiver:[00:00:00:00:00:00 192.168.3.80]
01-01 09:06:17.353 0 0 W : [3 T275 .s] [SP FRAME TX] arp req,vif_idx:0 sender:[1c:79:2d:20:62:97 192.168.3.167]receiver:[00:00:00:00:00:00 192.168.3.82]
01-01 09:06:17.359 0 0 I [2 T688 ..] [snd-soc]: aml_audio_reset, reg 0xa, shift 9, use_vadtop 0
01-01 09:06:17.359 0 0 I [2 T688 ..] [snd-soc]: aml_audio_reset, reg 0xa, shift 14, use_vadtop 0
01-01 09:06:17.393 0 0 W : [0 T948 ..] [SP FRAME RX] arp req,vif_idx:0 sender:[62:e6:cb:ad:3a:47 192.168.3.25]receiver:[00:00:00:00:00:00 192.168.3.167]
01-01 09:06:17.395 0 0 W : [0 T948 ..] [SP FRAME TX] arp rsp,vif_idx:0 sender:[1c:79:2d:20:62:97 192.168.3.167]receiver:[62:e6:cb:ad:3a:47 192.168.3.25]
01-01 09:06:17.396 0 0 W : [0 T948 ..] [SP FRAME RX] arp rsp,vif_idx:0 sender:[b6:b0:0e:25:f7:84 192.168.3.82]receiver:[1c:79:2d:20:62:97 192.168.3.167]
01-01 09:06:17.423 0 0 I [3 T688 ..] [snd-soc]: aml_audio_reset, reg 0xa, shift 9, use_vadtop 0
01-01 09:06:17.423 0 0 I [3 T688 ..] [snd-soc]: aml_audio_reset, reg 0xa, shift 14, use_vadtop 0
01-01 09:06:17.448 0 0 W : [1 T0 .s] [SP FRAME TX] arp req,vif_idx:0 sender:[1c:79:2d:20:62:97 192.168.3.167]receiver:[00:00:00:00:00:00 192.168.3.25]
01-01 09:06:17.449 0 0 W : [1 T0 .s] [SP FRAME TX] arp req,vif_idx:0 sender:[1c:79:2d:20:62:97 192.168.3.167]receiver:[00:00:00:00:00:00 192.168.3.62]
01-01 09:06:17.473 0 0 W : [0 T948 ..] [SP FRAME RX] arp rsp,vif_idx:0 sender:[62:e6:cb:ad:3a:47 192.168.3.25]receiver:[1c:79:2d:20:62:97 192.168.3.167]
01-01 09:06:17.486 0 0 I [3 T688 ..] [snd-soc]: aml_audio_reset, reg 0xa, shift 9, use_vadtop 0
01-01 09:06:17.487 0 0 I [3 T688 ..] [snd-soc]: aml_audio_reset, reg 0xa, shift 14, use_vadtop 0
05-23 17:18:16.870 732 1439 E TaskPersister: File error accessing recents directory (directory doesn't exist?).
01-01 09:06:17.550 0 0 I [2 T688 ..] [snd-soc]: aml_audio_reset, reg 0xa, shift 9, use_vadtop 0
01-01 09:06:17.551 0 0 I [2 T688 ..] [snd-soc]: aml_audio_reset, reg 0xa, shift 14, use_vadtop 0
01-01 09:06:17.615 0 0 I [3 T688 ..] [snd-soc]: aml_audio_reset, reg 0xa, shift 9, use_vadtop 0
01-01 09:06:17.615 0 0 I [3 T688 ..] [snd-soc]: aml_audio_reset, reg 0xa, shift 14, use_vadtop 0
01-01 09:06:17.679 0 0 I [3 T688 ..] [snd-soc]: aml_audio_reset, reg 0xa, shift 9, use_vadtop 0
01-01 09:06:17.679 0 0 I [3 T688 ..] [snd-soc]: aml_audio_reset, reg 0xa, shift 14, use_vadtop 0
01-01 09:06:17.743 0 0 I [3 T688 ..] [snd-soc]: aml_audio_reset, reg 0xa, shift 9, use_vadtop 0
01-01 09:06:17.743 0 0 I [3 T688 ..] [snd-soc]: aml_audio_reset, reg 0xa, shift 14, use_vadtop 0
01-01 09:06:17.807 0 0 I [3 T688 ..] [snd-soc]: aml_audio_reset, reg 0xa, shift 9, use_vadtop 0
01-01 09:06:17.807 0 0 I [3 T688 ..] [snd-soc]: aml_audio_reset, reg 0xa, shift 14, use_vadtop 0
01-01 09:06:17.864 0 0 W : [1 T0 .s] [SP FRAME TX] arp req,vif_idx:0 sender:[1c:79:2d:20:62:97 192.168.3.167]receiver:[00:00:00:00:00:00 192.168.3.79]
01-01 09:06:17.865 0 0 W : [1 T0 .s] [SP FRAME TX] arp req,vif_idx:0 sender:[1c:79:2d:20:62:97 192.168.3.167]receiver:[00:00:00:00:00:00 192.168.3.81]
01-01 09:06:17.867 0 0 W : [2 T13435 ..] [SP FRAME TX] arp req,vif_idx:0 sender:[1c:79:2d:20:62:97 192.168.3.167]receiver:[00:00:00:00:00:00 192.168.3.83]
01-01 09:06:17.871 0 0 I [3 T688 ..] [snd-soc]: aml_audio_reset, reg 0xa, shift 9, use_vadtop 0
01-01 09:06:17.871 0 0 I [3 T688 ..] [snd-soc]: aml_audio_reset, reg 0xa, shift 14, use_vadtop 0
01-01 09:06:17.871 0 0 W : [0 T948 ..] [SP FRAME RX] arp rsp,vif_idx:0 sender:[54:d6:0d:ac:40:f5 192.168.3.83]receiver:[1c:79:2d:20:62:97 192.168.3.167]
01-01 09:06:17.935 0 0 I [2 T688 ..] [snd-soc]: aml_audio_reset, reg 0xa, shift 9, use_vadtop 0
01-01 09:06:17.935 0 0 I [2 T688 ..] [snd-soc]: aml_audio_reset, reg 0xa, shift 14, use_vadtop 0
01-01 09:06:17.960 0 0 W : [1 T0 .s] [SP FRAME TX] arp req,vif_idx:0 sender:[1c:79:2d:20:62:97 192.168.3.167]receiver:[00:00:00:00:00:00 192.168.3.53]
01-01 09:06:17.961 0 0 W : [1 T0 .s] [SP FRAME TX] arp req,vif_idx:0 sender:[1c:79:2d:20:62:97 192.168.3.167]receiver:[00:00:00:00:00:00 192.168.3.47]
01-01 09:06:17.998 0 0 I [3 T688 ..] [snd-soc]: aml_audio_reset, reg 0xa, shift 9, use_vadtop 0
01-01 09:06:17.999 0 0 I [3 T688 ..] [snd-soc]: aml_audio_reset, reg 0xa, shift 14, use_vadtop 0
01-01 09:06:18.062 0 0 I [3 T688 ..] [snd-soc]: aml_audio_reset, reg 0xa, shift 9, use_vadtop 0
01-01 09:06:18.063 0 0 I [3 T688 ..] [snd-soc]: aml_audio_reset, reg 0xa, shift 14, use_vadtop 0
01-01 09:06:18.126 0 0 I [3 T688 ..] [snd-soc]: aml_audio_reset, reg 0xa, shift 9, use_vadtop 0
01-01 09:06:18.127 0 0 I [3 T688 ..] [snd-soc]: aml_audio_reset, reg 0xa, shift 14, use_vadtop 0
01-01 09:06:18.190 0 0 I [3 T688 ..] [snd-soc]: aml_audio_reset, reg 0xa, shift 9, use_vadtop 0
01-01 09:06:18.191 0 0 I [3 T688 ..] [snd-soc]: aml_audio_reset, reg 0xa, shift 14, use_vadtop 0
01-01 09:06:18.255 0 0 I [3 T688 ..] [snd-soc]: aml_audio_reset, reg 0xa, shift 9, use_vadtop 0
01-01 09:06:18.255 0 0 I [3 T688 ..] [snd-soc]: aml_audio_reset, reg 0xa, shift 14, use_vadtop 0
01-01 09:06:18.319 0 0 I [3 T688 ..] [snd-soc]: aml_audio_reset, reg 0xa, shift 9, use_vadtop 0
01-01 09:06:18.319 0 0 I [3 T688 ..] [snd-soc]: aml_audio_reset, reg 0xa, shift 14, use_vadtop 0
01-01 09:06:18.376 0 0 W : [3 T0 .s] [SP FRAME TX] arp req,vif_idx:0 sender:[1c:79:2d:20:62:97 192.168.3.167]receiver:[00:00:00:00:00:00 192.168.3.80]
01-01 09:06:18.377 0 0 W : [3 T0 .s] [SP FRAME TX] arp req,vif_idx:0 sender:[1c:79:2d:20:62:97 192.168.3.167]receiver:[00:00:00:00:00:00 192.168.3.84]
01-01 09:06:18.380 0 0 W : [1 T948 ..] [SP FRAME RX] arp rsp,vif_idx:0 sender:[a6:b5:32:b5:93:dc 192.168.3.84]receiver:[1c:79:2d:20:62:97 192.168.3.167]
01-01 09:06:18.382 0 0 I [3 T688 ..] [snd-soc]: aml_audio_reset, reg 0xa, shift 9, use_vadtop 0
01-01 09:06:18.383 0 0 I [3 T688 ..] [snd-soc]: aml_audio_reset, reg 0xa, shift 14, use_vadtop 0
01-01 09:06:18.447 0 0 I [3 T688 ..] [snd-soc]: aml_audio_reset, reg 0xa, shift 9, use_vadtop 0
01-01 09:06:18.447 0 0 I [3 T688 ..] [snd-soc]: aml_audio_reset, reg 0xa, shift 14, use_vadtop 0
01-01 09:06:18.464 0 0 W : [1 T948 ..] [SP FRAME RX] arp req,vif_idx:0 sender:[32:d3:91:86:95:7c 192.168.3.134]receiver:[00:00:00:00:00:00 192.168.3.167]
01-01 09:06:18.466 0 0 W : [1 T948 ..] [SP FRAME TX] arp rsp,vif_idx:0 sender:[1c:79:2d:20:62:97 192.168.3.167]receiver:[32:d3:91:86:95:7c 192.168.3.134]
01-01 09:06:18.472 0 0 W : [1 T0 .s] [SP FRAME TX] arp req,vif_idx:0 sender:[1c:79:2d:20:62:97 192.168.3.167]receiver:[00:00:00:00:00:00 192.168.3.74]
01-01 09:06:18.473 0 0 W : [1 T0 .s] [SP FRAME TX] arp req,vif_idx:0 sender:[1c:79:2d:20:62:97 192.168.3.167]receiver:[00:00:00:00:00:00 192.168.3.62]
01-01 09:06:18.474 0 0 W : [1 T0 .s] [SP FRAME TX] arp req,vif_idx:0 sender:[1c:79:2d:20:62:97 192.168.3.167]receiver:[00:00:00:00:00:00 192.168.3.134]
01-01 09:06:18.510 0 0 I [3 T688 ..] [snd-soc]: aml_audio_reset, reg 0xa, shift 9, use_vadtop 0
01-01 09:06:18.511 0 0 I [3 T688 ..] [snd-soc]: aml_audio_reset, reg 0xa, shift 14, use_vadtop 0
01-01 09:06:18.555 0 0 W : [1 T948 ..] [SP FRAME RX] arp rsp,vif_idx:0 sender:[32:d3:91:86:95:7c 192.168.3.134]receiver:[1c:79:2d:20:62:97 192.168.3.167]
01-01 09:06:18.556 0 0 W : [1 T948 ..] [SP FRAME RX] arp rsp,vif_idx:0 sender:[22:37:89:bd:91:59 192.168.3.74]receiver:[1c:79:2d:20:62:97 192.168.3.167]
01-01 09:06:18.575 0 0 I [3 T688 ..] [snd-soc]: aml_audio_reset, reg 0xa, shift 9, use_vadtop 0
01-01 09:06:18.575 0 0 I [3 T688 ..] [snd-soc]: aml_audio_reset, reg 0xa, shift 14, use_vadtop 0
01-01 09:06:18.639 0 0 I [2 T688 ..] [snd-soc]: aml_audio_reset, reg 0xa, shift 9, use_vadtop 0
01-01 09:06:18.639 0 0 I [3 T688 ..] [snd-soc]: aml_audio_reset, reg 0xa, shift 14, use_vadtop 0
01-01 09:06:18.703 0 0 I [2 T688 ..] [snd-soc]: aml_audio_reset, reg 0xa, shift 9, use_vadtop 0
01-01 09:06:18.703 0 0 I [2 T688 ..] [snd-soc]: aml_audio_reset, reg 0xa, shift 14, use_vadtop 0
01-01 09:06:18.766 0 0 I [2 T688 ..] [snd-soc]: aml_audio_reset, reg 0xa, shift 9, use_vadtop 0
01-01 09:06:18.767 0 0 I [2 T688 ..] [snd-soc]: aml_audio_reset, reg 0xa, shift 14, use_vadtop 0
01-01 09:06:18.831 0 0 I [3 T688 ..] [snd-soc]: aml_audio_reset, reg 0xa, shift 9, use_vadtop 0
01-01 09:06:18.831 0 0 I [2 T688 ..] [snd-soc]: aml_audio_reset, reg 0xa, shift 14, use_vadtop 0
01-01 09:06:18.888 0 0 W : [3 T0 .s] [SP FRAME TX] arp req,vif_idx:0 sender:[1c:79:2d:20:62:97 192.168.3.167]receiver:[00:00:00:00:00:00 192.168.3.81]
01-01 09:06:18.889 0 0 W : [3 T0 .s] [SP FRAME TX] arp req,vif_idx:0 sender:[1c:79:2d:20:62:97 192.168.3.167]receiver:[00:00:00:00:00:00 192.168.3.85]
01-01 09:06:18.895 0 0 I [2 T688 ..] [snd-soc]: aml_audio_reset, reg 0xa, shift 9, use_vadtop 0
01-01 09:06:18.895 0 0 I [2 T688 ..] [snd-soc]: aml_audio_reset, reg 0xa, shift 14, use_vadtop 0
01-01 09:06:18.958 0 0 I [2 T688 ..] [snd-soc]: aml_audio_reset, reg 0xa, shift 9, use_vadtop 0
01-01 09:06:18.959 0 0 I [3 T688 ..] [snd-soc]: aml_audio_reset, reg 0xa, shift 14, use_vadtop 0
01-01 09:06:18.984 0 0 W : [2 T688 .s] [SP FRAME TX] arp req,vif_idx:0 sender:[1c:79:2d:20:62:97 192.168.3.167]receiver:[00:00:00:00:00:00 192.168.3.47]
01-01 09:06:18.985 0 0 W : [2 T688 .s] [SP FRAME TX] arp req,vif_idx:0 sender:[1c:79:2d:20:62:97 192.168.3.167]receiver:[00:00:00:00:00:00 192.168.3.53]
01-01 09:06:19.023 0 0 I [3 T688 ..] [snd-soc]: aml_audio_reset, reg 0xa, shift 9, use_vadtop 0
01-01 09:06:19.023 0 0 I [3 T688 ..] [snd-soc]: aml_audio_reset, reg 0xa, shift 14, use_vadtop 0
01-01 09:06:19.086 0 0 I [2 T688 ..] [snd-soc]: aml_audio_reset, reg 0xa, shift 9, use_vadtop 0
01-01 09:06:19.087 0 0 I [2 T688 ..] [snd-soc]: aml_audio_reset, reg 0xa, shift 14, use_vadtop 0
01-01 09:06:19.151 0 0 I [3 T688 ..] [snd-soc]: aml_audio_reset, reg 0xa, shift 9, use_vadtop 0
01-01 09:06:19.151 0 0 I [3 T688 ..] [snd-soc]: aml_audio_reset, reg 0xa, shift 14, use_vadtop 0
01-01 09:06:19.215 0 0 I [3 T688 ..] [snd-soc]: aml_audio_reset, reg 0xa, shift 9, use_vadtop 0
01-01 09:06:19.215 0 0 I [3 T688 ..] [snd-soc]: aml_audio_reset, reg 0xa, shift 14, use_vadtop 0
01-01 09:06:19.238 0 0 W : [1 T948 ..] [SP FRAME RX] arp rsp,vif_idx:0 sender:[08:9d:f4:3f:50:de 192.168.3.85]receiver:[1c:79:2d:20:62:97 192.168.3.167]
01-01 09:06:19.279 0 0 I [3 T688 ..] [snd-soc]: aml_audio_reset, reg 0xa, shift 9, use_vadtop 0
01-01 09:06:19.279 0 0 I [3 T688 ..] [snd-soc]: aml_audio_reset, reg 0xa, shift 14, use_vadtop 0
01-01 09:06:19.343 0 0 I [3 T688 ..] [snd-soc]: aml_audio_reset, reg 0xa, shift 9, use_vadtop 0
01-01 09:06:19.343 0 0 I [3 T688 ..] [snd-soc]: aml_audio_reset, reg 0xa, shift 14, use_vadtop 0
01-01 09:06:19.407 0 0 I [2 T688 ..] [snd-soc]: aml_audio_reset, reg 0xa, shift 9, use_vadtop 0
01-01 09:06:19.407 0 0 I [2 T688 ..] [snd-soc]: aml_audio_reset, reg 0xa, shift 14, use_vadtop 0
05-23 17:18:18.772 732 841 W ContextImpl: Calling a method in the system process without a qualified user: android.app.ContextImpl.sendBroadcast:1220 com.android.server.policy.PhoneWindowManager.interceptKeyBeforeQueueing:4954 com.android.server.wm.InputManagerCallback.interceptKeyBeforeQueueing:165 com.android.server.input.InputManagerService.interceptKeyBeforeQueueing:2493
05-23 17:18:18.791 732 3324 I PowerManagerService: Allowing device wake-up from app com.dangbei.lerad.rocky
01-01 09:06:19.470 0 0 I [3 T688 ..] [snd-soc]: aml_audio_reset, reg 0xa, shift 9, use_vadtop 0
01-01 09:06:19.471 0 0 I [3 T688 ..] [snd-soc]: aml_audio_reset, reg 0xa, shift 14, use_vadtop 0
01-01 09:06:19.496 0 0 W : [3 T688 .s] [SP FRAME TX] arp req,vif_idx:0 sender:[1c:79:2d:20:62:97 192.168.3.167]receiver:[00:00:00:00:00:00 192.168.3.62]
01-01 09:06:19.534 0 0 I [3 T688 ..] [snd-soc]: aml_audio_reset, reg 0xa, shift 9, use_vadtop 0
01-01 09:06:19.535 0 0 I [3 T688 ..] [snd-soc]: aml_audio_reset, reg 0xa, shift 14, use_vadtop 0
01-01 09:06:19.554 0 0 W [2 T13654 ..] audit: audit_lost=906 audit_rate_limit=5 audit_backlog_limit=64
01-01 09:06:19.554 0 0 E [2 T13654 ..] audit: rate limit exceeded
05-23 17:18:18.939 732 807 W WindowManager: [addWindow] title:
01-01 09:06:19.598 0 0 I [3 T688 ..] [snd-soc]: aml_audio_reset, reg 0xa, shift 9, use_vadtop 0
01-01 09:06:19.599 0 0 I [3 T688 ..] [snd-soc]: aml_audio_reset, reg 0xa, shift 14, use_vadtop 0
05-23 17:18:18.966 732 807 D CoreBackPreview: Window{ec21253 u0 com.dangbei.lerad.rocky}: Setting back callback OnBackInvokedCallbackInfo{mCallback=android.window.IOnBackInvokedCallback$Stub$Proxy@f018889, mPriority=0, mIsAnimationCallback=false}
01-01 09:06:19.662 0 0 I [3 T688 ..] [snd-soc]: aml_audio_reset, reg 0xa, shift 9, use_vadtop 0
01-01 09:06:19.663 0 0 I [3 T688 ..] [snd-soc]: aml_audio_reset, reg 0xa, shift 14, use_vadtop 0
05-23 17:18:19.045 732 754 W ContextImpl: Calling a method in the system process without a qualified user: android.app.ContextImpl.startService:1899 com.android.server.wm.DisplayPolicy.lambda$focusChangedLw$5:2126 com.android.server.wm.DisplayPolicy.$r8$lambda$Znxk63oh-WzVnzo_WQefN7uxV48:0 com.android.server.wm.DisplayPolicy$$ExternalSyntheticLambda13.run:0 android.os.Handler.handleCallback:958
01-01 09:06:19.726 0 0 I [3 T688 ..] [snd-soc]: aml_audio_reset, reg 0xa, shift 9, use_vadtop 0
01-01 09:06:19.727 0 0 I [3 T688 ..] [snd-soc]: aml_audio_reset, reg 0xa, shift 14, use_vadtop 0
01-01 09:06:19.790 0 0 I [3 T688 ..] [snd-soc]: aml_audio_reset, reg 0xa, shift 9, use_vadtop 0
01-01 09:06:19.791 0 0 I [3 T688 ..] [snd-soc]: aml_audio_reset, reg 0xa, shift 14, use_vadtop 0
01-01 09:06:19.854 0 0 I [2 T688 ..] [snd-soc]: aml_audio_reset, reg 0xa, shift 9, use_vadtop 0
01-01 09:06:19.854 0 0 I [2 T688 ..] [snd-soc]: aml_audio_reset, reg 0xa, shift 14, use_vadtop 0
01-01 09:06:19.913 0 0 W : [2 T13435 ..] [SP FRAME TX] arp req,vif_idx:0 sender:[1c:79:2d:20:62:97 192.168.3.167]receiver:[00:00:00:00:00:00 192.168.3.87]
01-01 09:06:19.918 0 0 I [3 T688 ..] [snd-soc]: aml_audio_reset, reg 0xa, shift 9, use_vadtop 0
01-01 09:06:19.919 0 0 I [2 T688 ..] [snd-soc]: aml_audio_reset, reg 0xa, shift 14, use_vadtop 0
01-01 09:06:19.919 0 0 W : [3 T948 ..] [SP FRAME RX] arp rsp,vif_idx:0 sender:[12:79:fa:50:96:be 192.168.3.87]receiver:[1c:79:2d:20:62:97 192.168.3.167]
01-01 09:06:19.982 0 0 I [2 T688 ..] [snd-soc]: aml_audio_reset, reg 0xa, shift 9, use_vadtop 0
01-01 09:06:19.983 0 0 I [3 T688 ..] [snd-soc]: aml_audio_reset, reg 0xa, shift 14, use_vadtop 0
01-01 09:06:20.008 0 0 W : [1 T0 .s] [SP FRAME TX] arp req,vif_idx:0 sender:[1c:79:2d:20:62:97 192.168.3.167]receiver:[00:00:00:00:00:00 192.168.3.53]
01-01 09:06:20.009 0 0 W : [1 T0 .s] [SP FRAME TX] arp req,vif_idx:0 sender:[1c:79:2d:20:62:97 192.168.3.167]receiver:[00:00:00:00:00:00 192.168.3.47]
01-01 09:06:20.046 0 0 I [2 T688 ..] [snd-soc]: aml_audio_reset, reg 0xa, shift 9, use_vadtop 0
01-01 09:06:20.047 0 0 I [2 T688 ..] [snd-soc]: aml_audio_reset, reg 0xa, shift 14, use_vadtop 0
01-01 09:06:20.110 0 0 I [3 T688 ..] [snd-soc]: aml_audio_reset, reg 0xa, shift 9, use_vadtop 0
01-01 09:06:20.111 0 0 I [3 T688 ..] [snd-soc]: aml_audio_reset, reg 0xa, shift 14, use_vadtop 0
01-01 09:06:20.174 0 0 I [2 T688 ..] [snd-soc]: aml_audio_reset, reg 0xa, shift 9, use_vadtop 0
01-01 09:06:20.175 0 0 I [2 T688 ..] [snd-soc]: aml_audio_reset, reg 0xa, shift 14, use_vadtop 0
01-01 09:06:20.238 0 0 I [3 T688 ..] [snd-soc]: aml_audio_reset, reg 0xa, shift 9, use_vadtop 0
01-01 09:06:20.239 0 0 I [3 T688 ..] [snd-soc]: aml_audio_reset, reg 0xa, shift 14, use_vadtop 0
01-01 09:06:20.302 0 0 I [3 T688 ..] [snd-soc]: aml_audio_reset, reg 0xa, shift 9, use_vadtop 0
01-01 09:06:20.303 0 0 I [3 T688 ..] [snd-soc]: aml_audio_reset, reg 0xa, shift 14, use_vadtop 0
01-01 09:06:20.367 0 0 I [3 T688 ..] [snd-soc]: aml_audio_reset, reg 0xa, shift 9, use_vadtop 0
01-01 09:06:20.367 0 0 I [3 T688 ..] [snd-soc]: aml_audio_reset, reg 0xa, shift 14, use_vadtop 0
01-01 09:06:20.424 0 0 W : [2 T13435 ..] [SP FRAME TX] arp req,vif_idx:0 sender:[1c:79:2d:20:62:97 192.168.3.167]receiver:[00:00:00:00:00:00 192.168.3.88]
01-01 09:06:20.427 0 0 W : [1 T948 ..] [SP FRAME RX] arp rsp,vif_idx:0 sender:[2a:7f:53:39:7b:19 192.168.3.88]receiver:[1c:79:2d:20:62:97 192.168.3.167]
01-01 09:06:20.431 0 0 I [3 T688 ..] [snd-soc]: aml_audio_reset, reg 0xa, shift 9, use_vadtop 0
01-01 09:06:20.431 0 0 I [3 T688 ..] [snd-soc]: aml_audio_reset, reg 0xa, shift 14, use_vadtop 0
01-01 09:06:20.494 0 0 I [3 T688 ..] [snd-soc]: aml_audio_reset, reg 0xa, shift 9, use_vadtop 0
01-01 09:06:20.495 0 0 I [3 T688 ..] [snd-soc]: aml_audio_reset, reg 0xa, shift 14, use_vadtop 0
01-01 09:06:20.520 0 0 W : [3 T688 .s] [SP FRAME TX] arp req,vif_idx:0 sender:[1c:79:2d:20:62:97 192.168.3.167]receiver:[00:00:00:00:00:00 192.168.3.62]
01-01 09:06:20.559 0 0 I [2 T688 ..] [snd-soc]: aml_audio_reset, reg 0xa, shift 9, use_vadtop 0
01-01 09:06:20.559 0 0 I [3 T688 ..] [snd-soc]: aml_audio_reset, reg 0xa, shift 14, use_vadtop 0
01-01 09:06:20.622 0 0 I [2 T688 ..] [snd-soc]: aml_audio_reset, reg 0xa, shift 9, use_vadtop 0
01-01 09:06:20.623 0 0 I [2 T688 ..] [snd-soc]: aml_audio_reset, reg 0xa, shift 14, use_vadtop 0
01-01 09:06:20.686 0 0 I [2 T688 ..] [snd-soc]: aml_audio_reset, reg 0xa, shift 9, use_vadtop 0
01-01 09:06:20.687 0 0 I [2 T688 ..] [snd-soc]: aml_audio_reset, reg 0xa, shift 14, use_vadtop 0
01-01 09:06:20.750 0 0 I [3 T688 ..] [snd-soc]: aml_audio_reset, reg 0xa, shift 9, use_vadtop 0
01-01 09:06:20.751 0 0 I [3 T688 ..] [snd-soc]: aml_audio_reset, reg 0xa, shift 14, use_vadtop 0
01-01 09:06:20.814 0 0 I [2 T688 ..] [snd-soc]: aml_audio_reset, reg 0xa, shift 9, use_vadtop 0
01-01 09:06:20.815 0 0 I [3 T688 ..] [snd-soc]: aml_audio_reset, reg 0xa, shift 14, use_vadtop 0
01-01 09:06:20.879 0 0 I [3 T688 ..] [snd-soc]: aml_audio_reset, reg 0xa, shift 9, use_vadtop 0
01-01 09:06:20.879 0 0 I [2 T688 ..] [snd-soc]: aml_audio_reset, reg 0xa, shift 14, use_vadtop 0
01-01 09:06:20.936 0 0 W : [2 T13435 ..] [SP FRAME TX] arp req,vif_idx:0 sender:[1c:79:2d:20:62:97 192.168.3.167]receiver:[00:00:00:00:00:00 192.168.3.89]
01-01 09:06:20.942 0 0 I [3 T688 ..] [snd-soc]: aml_audio_reset, reg 0xa, shift 9, use_vadtop 0
01-01 09:06:20.943 0 0 I [3 T688 ..] [snd-soc]: aml_audio_reset, reg 0xa, shift 14, use_vadtop 0
01-01 09:06:21.006 0 0 I [3 T688 ..] [snd-soc]: aml_audio_reset, reg 0xa, shift 9, use_vadtop 0
01-01 09:06:21.007 0 0 I [3 T688 ..] [snd-soc]: aml_audio_reset, reg 0xa, shift 14, use_vadtop 0
01-01 09:06:21.032 0 0 W : [1 T0 .s] [SP FRAME TX] arp req,vif_idx:0 sender:[1c:79:2d:20:62:97 192.168.3.167]receiver:[00:00:00:00:00:00 192.168.3.53]
01-01 09:06:21.033 0 0 W : [1 T0 .s] [SP FRAME TX] arp req,vif_idx:0 sender:[1c:79:2d:20:62:97 192.168.3.167]receiver:[00:00:00:00:00:00 192.168.3.47]
01-01 09:06:21.071 0 0 I [3 T688 ..] [snd-soc]: aml_audio_reset, reg 0xa, shift 9, use_vadtop 0
01-01 09:06:21.071 0 0 I [3 T688 ..] [snd-soc]: aml_audio_reset, reg 0xa, shift 14, use_vadtop 0
01-01 09:06:21.134 0 0 I [2 T688 ..] [snd-soc]: aml_audio_reset, reg 0xa, shift 9, use_vadtop 0
01-01 09:06:21.135 0 0 I [2 T688 ..] [snd-soc]: aml_audio_reset, reg 0xa, shift 14, use_vadtop 0
01-01 09:06:21.198 0 0 I [3 T688 ..] [snd-soc]: aml_audio_reset, reg 0xa, shift 9, use_vadtop 0
01-01 09:06:21.199 0 0 I [3 T688 ..] [snd-soc]: aml_audio_reset, reg 0xa, shift 14, use_vadtop 0
01-01 09:06:21.262 0 0 I [2 T688 ..] [snd-soc]: aml_audio_reset, reg 0xa, shift 9, use_vadtop 0
01-01 09:06:21.263 0 0 I [2 T688 ..] [snd-soc]: aml_audio_reset, reg 0xa, shift 14, use_vadtop 0
01-01 09:06:21.288 0 0 W : [0 T1659 .s] [SP FRAME TX] arp req,vif_idx:0 sender:[1c:79:2d:20:62:97 192.168.3.167]receiver:[00:00:00:00:00:00 192.168.3.15]
01-01 09:06:21.318 0 0 W : [3 T948 ..] [SP FRAME RX] arp req,vif_idx:0 sender:[2e:6a:3b:b3:ad:e6 192.168.3.15]receiver:[00:00:00:00:00:00 192.168.3.167]
01-01 09:06:21.319 0 0 W : [3 T948 ..] [SP FRAME TX] arp rsp,vif_idx:0 sender:[1c:79:2d:20:62:97 192.168.3.167]receiver:[2e:6a:3b:b3:ad:e6 192.168.3.15]
01-01 09:06:21.322 0 0 W : [3 T948 ..] [SP FRAME RX] arp rsp,vif_idx:0 sender:[2e:6a:3b:b3:ad:e6 192.168.3.15]receiver:[1c:79:2d:20:62:97 192.168.3.167]
01-01 09:06:21.326 0 0 I [2 T688 ..] [snd-soc]: aml_audio_reset, reg 0xa, shift 9, use_vadtop 0
01-01 09:06:21.327 0 0 I [2 T688 ..] [snd-soc]: aml_audio_reset, reg 0xa, shift 14, use_vadtop 0
01-01 09:06:21.390 0 0 I [2 T688 ..] [snd-soc]: aml_audio_reset, reg 0xa, shift 9, use_vadtop 0
01-01 09:06:21.391 0 0 I [2 T688 ..] [snd-soc]: aml_audio_reset, reg 0xa, shift 14, use_vadtop 0
01-01 09:06:21.448 0 0 W : [2 T13435 ..] [SP FRAME TX] arp req,vif_idx:0 sender:[1c:79:2d:20:62:97 192.168.3.167]receiver:[00:00:00:00:00:00 192.168.3.90]
01-01 09:06:21.454 0 0 I [2 T688 ..] [snd-soc]: aml_audio_reset, reg 0xa, shift 9, use_vadtop 0
01-01 09:06:21.455 0 0 I [2 T688 ..] [snd-soc]: aml_audio_reset, reg 0xa, shift 14, use_vadtop 0
01-01 09:06:21.518 0 0 I [2 T688 ..] [snd-soc]: aml_audio_reset, reg 0xa, shift 9, use_vadtop 0
01-01 09:06:21.518 0 0 I [2 T688 ..] [snd-soc]: aml_audio_reset, reg 0xa, shift 14, use_vadtop 0
01-01 09:06:21.544 0 0 W : [3 T688 .s] [SP FRAME TX] arp req,vif_idx:0 sender:[1c:79:2d:20:62:97 192.168.3.167]receiver:[00:00:00:00:00:00 192.168.3.62]
01-01 09:06:21.582 0 0 I [2 T688 ..] [snd-soc]: aml_audio_reset, reg 0xa, shift 9, use_vadtop 0
01-01 09:06:21.583 0 0 I [2 T688 ..] [snd-soc]: aml_audio_reset, reg 0xa, shift 14, use_vadtop 0
01-01 09:06:21.646 0 0 I [2 T688 ..] [snd-soc]: aml_audio_reset, reg 0xa, shift 9, use_vadtop 0
