01-01 09:06:27.081 0 0 W : [2 T0 .s] [SP FRAME TX] arp req,vif_idx:0 sender:[1c:79:2d:20:62:97 192.168.3.167]receiver:[00:00:00:00:00:00 192.168.3.99]
01-01 09:06:27.082 0 0 W : [2 T0 .s] [SP FRAME TX] arp req,vif_idx:0 sender:[1c:79:2d:20:62:97 192.168.3.167]receiver:[00:00:00:00:00:00 192.168.3.101]
01-01 09:06:27.086 0 0 I [3 T688 ..] [snd-soc]: aml_audio_reset, reg 0xa, shift 9, use_vadtop 0
01-01 09:06:27.086 0 0 I [3 T688 ..] [snd-soc]: aml_audio_reset, reg 0xa, shift 14, use_vadtop 0
01-01 09:06:27.091 0 0 W : [3 T948 ..] [SP FRAME RX] arp rsp,vif_idx:0 sender:[42:f0:95:73:53:48 192.168.3.101]receiver:[1c:79:2d:20:62:97 192.168.3.167]
01-01 09:06:27.150 0 0 I [2 T688 ..] [snd-soc]: aml_audio_reset, reg 0xa, shift 9, use_vadtop 0
01-01 09:06:27.151 0 0 I [2 T688 ..] [snd-soc]: aml_audio_reset, reg 0xa, shift 14, use_vadtop 0
01-01 09:06:27.214 0 0 I [2 T688 ..] [snd-soc]: aml_audio_reset, reg 0xa, shift 9, use_vadtop 0
01-01 09:06:27.215 0 0 I [2 T688 ..] [snd-soc]: aml_audio_reset, reg 0xa, shift 14, use_vadtop 0
01-01 09:06:27.278 0 0 I [2 T688 ..] [snd-soc]: aml_audio_reset, reg 0xa, shift 9, use_vadtop 0
01-01 09:06:27.278 0 0 I [3 T688 ..] [snd-soc]: aml_audio_reset, reg 0xa, shift 14, use_vadtop 0
01-01 09:06:27.342 0 0 I [3 T688 ..] [snd-soc]: aml_audio_reset, reg 0xa, shift 9, use_vadtop 0
01-01 09:06:27.342 0 0 I [2 T688 ..] [snd-soc]: aml_audio_reset, reg 0xa, shift 14, use_vadtop 0
05-23 17:18:26.689 1440 1654 W ContextImpl: Calling a method in the system process without a qualified user: android.app.ContextImpl.sendBroadcast:1220 android.content.ContextWrapper.sendBroadcast:504 com.dangbei.etna.setting.core.SettingHelper.sendCycleToProjector:247 com.dangbei.etna.setting.core.SettingHelper.sendCycleCheckBroadcast:216 com.dangbei.etna.setting.core.SettingHelper.startLoop$lambda-0:174
05-23 17:18:26.691 1440 1654 W ContextImpl: Calling a method in the system process without a qualified user: android.app.ContextImpl.sendBroadcast:1220 android.content.ContextWrapper.sendBroadcast:504 com.dangbei.etna.setting.core.SettingHelper.sendCycleToVoice:232 com.dangbei.etna.setting.core.SettingHelper.sendCycleCheckBroadcast:217 com.dangbei.etna.setting.core.SettingHelper.startLoop$lambda-0:174
01-01 09:06:27.406 0 0 I [3 T688 ..] [snd-soc]: aml_audio_reset, reg 0xa, shift 9, use_vadtop 0
01-01 09:06:27.406 0 0 I [3 T688 ..] [snd-soc]: aml_audio_reset, reg 0xa, shift 14, use_vadtop 0
01-01 09:06:27.470 0 0 I [3 T688 ..] [snd-soc]: aml_audio_reset, reg 0xa, shift 9, use_vadtop 0
01-01 09:06:27.470 0 0 I [3 T688 ..] [snd-soc]: aml_audio_reset, reg 0xa, shift 14, use_vadtop 0
01-01 09:06:27.534 0 0 I [2 T688 ..] [snd-soc]: aml_audio_reset, reg 0xa, shift 9, use_vadtop 0
01-01 09:06:27.534 0 0 I [2 T688 ..] [snd-soc]: aml_audio_reset, reg 0xa, shift 14, use_vadtop 0
01-01 09:06:27.592 0 0 W : [1 T13435 ..] [SP FRAME TX] arp req,vif_idx:0 sender:[1c:79:2d:20:62:97 192.168.3.167]receiver:[00:00:00:00:00:00 192.168.3.102]
01-01 09:06:27.598 0 0 I [2 T688 ..] [snd-soc]: aml_audio_reset, reg 0xa, shift 9, use_vadtop 0
01-01 09:06:27.598 0 0 I [2 T688 ..] [snd-soc]: aml_audio_reset, reg 0xa, shift 14, use_vadtop 0
05-23 17:18:26.974 732 732 D HDMI : [R]: 04:8F
05-23 17:18:26.974 732 910 D HDMI : [S]: 40:90:00
01-01 09:06:27.662 0 0 I [2 T688 ..] [snd-soc]: aml_audio_reset, reg 0xa, shift 9, use_vadtop 0
01-01 09:06:27.662 0 0 I [2 T688 ..] [snd-soc]: aml_audio_reset, reg 0xa, shift 14, use_vadtop 0
01-01 09:06:27.688 0 0 W : [3 T0 .s] [SP FRAME TX] arp req,vif_idx:0 sender:[1c:79:2d:20:62:97 192.168.3.167]receiver:[00:00:00:00:00:00 192.168.3.62]
01-01 09:06:27.726 0 0 I [2 T688 ..] [snd-soc]: aml_audio_reset, reg 0xa, shift 9, use_vadtop 0
01-01 09:06:27.726 0 0 I [2 T688 ..] [snd-soc]: aml_audio_reset, reg 0xa, shift 14, use_vadtop 0
01-01 09:06:27.790 0 0 I [2 T688 ..] [snd-soc]: aml_audio_reset, reg 0xa, shift 9, use_vadtop 0
01-01 09:06:27.790 0 0 I [3 T688 ..] [snd-soc]: aml_audio_reset, reg 0xa, shift 14, use_vadtop 0
01-01 09:06:27.854 0 0 I [2 T688 ..] [snd-soc]: aml_audio_reset, reg 0xa, shift 9, use_vadtop 0
01-01 09:06:27.855 0 0 I [2 T688 ..] [snd-soc]: aml_audio_reset, reg 0xa, shift 14, use_vadtop 0
01-01 09:06:27.918 0 0 I [2 T688 ..] [snd-soc]: aml_audio_reset, reg 0xa, shift 9, use_vadtop 0
01-01 09:06:27.918 0 0 I [3 T688 ..] [snd-soc]: aml_audio_reset, reg 0xa, shift 14, use_vadtop 0
01-01 09:06:27.982 0 0 I [3 T688 ..] [snd-soc]: aml_audio_reset, reg 0xa, shift 9, use_vadtop 0
01-01 09:06:27.982 0 0 I [3 T688 ..] [snd-soc]: aml_audio_reset, reg 0xa, shift 14, use_vadtop 0
01-01 09:06:28.046 0 0 I [3 T688 ..] [snd-soc]: aml_audio_reset, reg 0xa, shift 9, use_vadtop 0
01-01 09:06:28.047 0 0 I [3 T688 ..] [snd-soc]: aml_audio_reset, reg 0xa, shift 14, use_vadtop 0
01-01 09:06:28.104 0 0 W : [0 T0 .s] [SP FRAME TX] arp req,vif_idx:0 sender:[1c:79:2d:20:62:97 192.168.3.167]receiver:[00:00:00:00:00:00 192.168.3.99]
01-01 09:06:28.110 0 0 I [2 T688 ..] [snd-soc]: aml_audio_reset, reg 0xa, shift 9, use_vadtop 0
01-01 09:06:28.110 0 0 I [2 T688 ..] [snd-soc]: aml_audio_reset, reg 0xa, shift 14, use_vadtop 0
01-01 09:06:28.174 0 0 I [2 T688 ..] [snd-soc]: aml_audio_reset, reg 0xa, shift 9, use_vadtop 0
01-01 09:06:28.174 0 0 I [2 T688 ..] [snd-soc]: aml_audio_reset, reg 0xa, shift 14, use_vadtop 0
01-01 09:06:28.238 0 0 I [2 T688 ..] [snd-soc]: aml_audio_reset, reg 0xa, shift 9, use_vadtop 0
01-01 09:06:28.238 0 0 I [2 T688 ..] [snd-soc]: aml_audio_reset, reg 0xa, shift 14, use_vadtop 0
01-01 09:06:28.302 0 0 I [2 T688 ..] [snd-soc]: aml_audio_reset, reg 0xa, shift 9, use_vadtop 0
01-01 09:06:28.302 0 0 I [2 T688 ..] [snd-soc]: aml_audio_reset, reg 0xa, shift 14, use_vadtop 0
01-01 09:06:28.366 0 0 I [3 T688 ..] [snd-soc]: aml_audio_reset, reg 0xa, shift 9, use_vadtop 0
01-01 09:06:28.366 0 0 I [3 T688 ..] [snd-soc]: aml_audio_reset, reg 0xa, shift 14, use_vadtop 0
01-01 09:06:28.430 0 0 I [3 T688 ..] [snd-soc]: aml_audio_reset, reg 0xa, shift 9, use_vadtop 0
01-01 09:06:28.430 0 0 I [3 T688 ..] [snd-soc]: aml_audio_reset, reg 0xa, shift 14, use_vadtop 0
01-01 09:06:28.494 0 0 I [3 T688 ..] [snd-soc]: aml_audio_reset, reg 0xa, shift 9, use_vadtop 0
01-01 09:06:28.495 0 0 I [3 T688 ..] [snd-soc]: aml_audio_reset, reg 0xa, shift 14, use_vadtop 0
01-01 09:06:28.558 0 0 I [3 T688 ..] [snd-soc]: aml_audio_reset, reg 0xa, shift 9, use_vadtop 0
01-01 09:06:28.558 0 0 I [3 T688 ..] [snd-soc]: aml_audio_reset, reg 0xa, shift 14, use_vadtop 0
01-01 09:06:28.616 0 0 W : [1 T0 .s] [SP FRAME TX] arp req,vif_idx:0 sender:[1c:79:2d:20:62:97 192.168.3.167]receiver:[00:00:00:00:00:00 192.168.3.102]
01-01 09:06:28.617 0 0 W : [1 T0 .s] [SP FRAME TX] arp req,vif_idx:0 sender:[1c:79:2d:20:62:97 192.168.3.167]receiver:[00:00:00:00:00:00 192.168.3.104]
01-01 09:06:28.622 0 0 I [3 T688 ..] [snd-soc]: aml_audio_reset, reg 0xa, shift 9, use_vadtop 0
01-01 09:06:28.622 0 0 I [3 T688 ..] [snd-soc]: aml_audio_reset, reg 0xa, shift 14, use_vadtop 0
01-01 09:06:28.664 0 0 W : [3 T948 ..] [SP FRAME RX] arp rsp,vif_idx:0 sender:[12:2c:8d:45:1c:5f 192.168.3.104]receiver:[1c:79:2d:20:62:97 192.168.3.167]
01-01 09:06:28.686 0 0 I [3 T688 ..] [snd-soc]: aml_audio_reset, reg 0xa, shift 9, use_vadtop 0
01-01 09:06:28.686 0 0 I [3 T688 ..] [snd-soc]: aml_audio_reset, reg 0xa, shift 14, use_vadtop 0
01-01 09:06:28.712 0 0 W : [3 T13747 .s] [SP FRAME TX] arp req,vif_idx:0 sender:[1c:79:2d:20:62:97 192.168.3.167]receiver:[00:00:00:00:00:00 192.168.3.62]
05-23 17:18:28.069 1483 13764 W PackageParser: Unknown element under : meta-data at /storage/emulated/0/Android/data/com.dangbei.leard.leradlauncher/files/launcher/ykos10035407_13.0.1.3_dangbei.apk Binary XML file line #18
05-23 17:18:28.069 1483 13764 W PackageParser: Unknown element under : meta-data at /storage/emulated/0/Android/data/com.dangbei.leard.leradlauncher/files/launcher/ykos10035407_13.0.1.3_dangbei.apk Binary XML file line #19
05-23 17:18:28.070 1483 13764 W PackageParser: Ignoring duplicate uses-permissions/uses-permissions-sdk-m: android.permission.boot_tvshop_service in package: com.cibn.tv at: Binary XML file line #43
05-23 17:18:28.070 1483 13764 W PackageParser: Unknown element under : meta-data at /storage/emulated/0/Android/data/com.dangbei.leard.leradlauncher/files/launcher/ykos10035407_13.0.1.3_dangbei.apk Binary XML file line #67
05-23 17:18:28.078 1483 13764 W PackageParser: No actions in intent filter at /storage/emulated/0/Android/data/com.dangbei.leard.leradlauncher/files/launcher/ykos10035407_13.0.1.3_dangbei.apk Binary XML file line #725
01-01 09:06:28.750 0 0 I [2 T688 ..] [snd-soc]: aml_audio_reset, reg 0xa, shift 9, use_vadtop 0
01-01 09:06:28.750 0 0 I [2 T688 ..] [snd-soc]: aml_audio_reset, reg 0xa, shift 14, use_vadtop 0
05-23 17:18:28.132 1483 13764 W PackageParser: Unknown element under : meta-data at /storage/emulated/0/Android/data/com.dangbei.leard.leradlauncher/files/launcher/ykos10035407_13.0.1.3_dangbei.apk Binary XML file line #18
05-23 17:18:28.132 1483 13764 W PackageParser: Unknown element under : meta-data at /storage/emulated/0/Android/data/com.dangbei.leard.leradlauncher/files/launcher/ykos10035407_13.0.1.3_dangbei.apk Binary XML file line #19
05-23 17:18:28.132 1483 13764 W PackageParser: Ignoring duplicate uses-permissions/uses-permissions-sdk-m: android.permission.boot_tvshop_service in package: com.cibn.tv at: Binary XML file line #43
05-23 17:18:28.133 1483 13764 W PackageParser: Unknown element under : meta-data at /storage/emulated/0/Android/data/com.dangbei.leard.leradlauncher/files/launcher/ykos10035407_13.0.1.3_dangbei.apk Binary XML file line #67
05-23 17:18:28.139 1483 13764 W PackageParser: No actions in intent filter at /storage/emulated/0/Android/data/com.dangbei.leard.leradlauncher/files/launcher/ykos10035407_13.0.1.3_dangbei.apk Binary XML file line #725
01-01 09:06:28.814 0 0 I [2 T688 ..] [snd-soc]: aml_audio_reset, reg 0xa, shift 9, use_vadtop 0
01-01 09:06:28.814 0 0 I [2 T688 ..] [snd-soc]: aml_audio_reset, reg 0xa, shift 14, use_vadtop 0
01-01 09:06:28.878 0 0 I [3 T688 ..] [snd-soc]: aml_audio_reset, reg 0xa, shift 9, use_vadtop 0
01-01 09:06:28.878 0 0 I [3 T688 ..] [snd-soc]: aml_audio_reset, reg 0xa, shift 14, use_vadtop 0
01-01 09:06:28.942 0 0 I [2 T688 ..] [snd-soc]: aml_audio_reset, reg 0xa, shift 9, use_vadtop 0
01-01 09:06:28.942 0 0 I [2 T688 ..] [snd-soc]: aml_audio_reset, reg 0xa, shift 14, use_vadtop 0
01-01 09:06:29.006 0 0 I [2 T688 ..] [snd-soc]: aml_audio_reset, reg 0xa, shift 9, use_vadtop 0
01-01 09:06:29.006 0 0 I [3 T688 ..] [snd-soc]: aml_audio_reset, reg 0xa, shift 14, use_vadtop 0
01-01 09:06:29.070 0 0 I [2 T688 ..] [snd-soc]: aml_audio_reset, reg 0xa, shift 9, use_vadtop 0
01-01 09:06:29.070 0 0 I [2 T688 ..] [snd-soc]: aml_audio_reset, reg 0xa, shift 14, use_vadtop 0
01-01 09:06:29.134 0 0 I [2 T688 ..] [snd-soc]: aml_audio_reset, reg 0xa, shift 9, use_vadtop 0
01-01 09:06:29.134 0 0 I [2 T688 ..] [snd-soc]: aml_audio_reset, reg 0xa, shift 14, use_vadtop 0
01-01 09:06:29.198 0 0 I [2 T688 ..] [snd-soc]: aml_audio_reset, reg 0xa, shift 9, use_vadtop 0
01-01 09:06:29.198 0 0 I [2 T688 ..] [snd-soc]: aml_audio_reset, reg 0xa, shift 14, use_vadtop 0
01-01 09:06:29.262 0 0 I [2 T688 ..] [snd-soc]: aml_audio_reset, reg 0xa, shift 9, use_vadtop 0
01-01 09:06:29.262 0 0 I [2 T688 ..] [snd-soc]: aml_audio_reset, reg 0xa, shift 14, use_vadtop 0
01-01 09:06:29.326 0 0 I [2 T688 ..] [snd-soc]: aml_audio_reset, reg 0xa, shift 9, use_vadtop 0
01-01 09:06:29.326 0 0 I [2 T688 ..] [snd-soc]: aml_audio_reset, reg 0xa, shift 14, use_vadtop 0
01-01 09:06:29.390 0 0 I [3 T688 ..] [snd-soc]: aml_audio_reset, reg 0xa, shift 9, use_vadtop 0
01-01 09:06:29.390 0 0 I [3 T688 ..] [snd-soc]: aml_audio_reset, reg 0xa, shift 14, use_vadtop 0
01-01 09:06:29.454 0 0 I [3 T688 ..] [snd-soc]: aml_audio_reset, reg 0xa, shift 9, use_vadtop 0
01-01 09:06:29.454 0 0 I [3 T688 ..] [snd-soc]: aml_audio_reset, reg 0xa, shift 14, use_vadtop 0
01-01 09:06:29.518 0 0 I [3 T688 ..] [snd-soc]: aml_audio_reset, reg 0xa, shift 9, use_vadtop 0
01-01 09:06:29.518 0 0 I [3 T688 ..] [snd-soc]: aml_audio_reset, reg 0xa, shift 14, use_vadtop 0
01-01 09:06:29.582 0 0 I [2 T688 ..] [snd-soc]: aml_audio_reset, reg 0xa, shift 9, use_vadtop 0
01-01 09:06:29.582 0 0 I [2 T688 ..] [snd-soc]: aml_audio_reset, reg 0xa, shift 14, use_vadtop 0
01-01 09:06:29.640 0 0 W : [1 T0 .s] [SP FRAME TX] arp req,vif_idx:0 sender:[1c:79:2d:20:62:97 192.168.3.167]receiver:[00:00:00:00:00:00 192.168.3.102]
01-01 09:06:29.641 0 0 W : [1 T0 .s] [SP FRAME TX] arp req,vif_idx:0 sender:[1c:79:2d:20:62:97 192.168.3.167]receiver:[00:00:00:00:00:00 192.168.3.106]
01-01 09:06:29.646 0 0 I [3 T688 ..] [snd-soc]: aml_audio_reset, reg 0xa, shift 9, use_vadtop 0
01-01 09:06:29.646 0 0 I [3 T688 ..] [snd-soc]: aml_audio_reset, reg 0xa, shift 14, use_vadtop 0
01-01 09:06:29.681 0 0 W : [3 T948 ..] [SP FRAME RX] arp rsp,vif_idx:0 sender:[c4:3d:1a:ea:21:62 192.168.3.106]receiver:[1c:79:2d:20:62:97 192.168.3.167]
01-01 09:06:29.710 0 0 I [2 T688 ..] [snd-soc]: aml_audio_reset, reg 0xa, shift 9, use_vadtop 0
01-01 09:06:29.710 0 0 I [2 T688 ..] [snd-soc]: aml_audio_reset, reg 0xa, shift 14, use_vadtop 0
01-01 09:06:29.736 0 0 W : [3 T0 .s] [SP FRAME TX] arp req,vif_idx:0 sender:[1c:79:2d:20:62:97 192.168.3.167]receiver:[00:00:00:00:00:00 192.168.3.62]
01-01 09:06:29.774 0 0 I [2 T688 ..] [snd-soc]: aml_audio_reset, reg 0xa, shift 9, use_vadtop 0
01-01 09:06:29.774 0 0 I [3 T688 ..] [snd-soc]: aml_audio_reset, reg 0xa, shift 14, use_vadtop 0
05-23 17:18:29.133 732 844 W PackageParsing: Unknown element under : meta-data at /data/app/vmdl1621008206.tmp/base.apk Binary XML file line #18
05-23 17:18:29.133 732 844 W PackageParsing: Unknown element under : meta-data at /data/app/vmdl1621008206.tmp/base.apk Binary XML file line #19
05-23 17:18:29.133 732 844 W PackageParsing: Ignoring duplicate uses-permissions/uses-permissions-sdk-m: android.permission.boot_tvshop_service in package: com.cibn.tv at: Binary XML file line #43
05-23 17:18:29.133 732 844 W PackageParsing: Unknown element under : meta-data at /data/app/vmdl1621008206.tmp/base.apk Binary XML file line #67
05-23 17:18:29.136 732 844 D CompatibilityChangeReporter: Compat change id reported: 150232615; UID -1; state: DISABLED
05-23 17:18:29.141 732 844 W PackageParsing: No actions in intent-filter at /data/app/vmdl1621008206.tmp/base.apk Binary XML file line #725
05-23 17:18:29.165 732 844 D CompatibilityChangeReporter: Compat change id reported: 132742131; UID -1; state: DISABLED
05-23 17:18:29.171 732 844 W RuleEvaluation: Integrity rule files are not available.
05-23 17:18:29.172 732 787 I PackageManager: Integrity check passed for file:///data/app/vmdl1621008206.tmp
01-01 09:06:29.838 0 0 I [3 T688 ..] [snd-soc]: aml_audio_reset, reg 0xa, shift 9, use_vadtop 0
01-01 09:06:29.838 0 0 I [3 T688 ..] [snd-soc]: aml_audio_reset, reg 0xa, shift 14, use_vadtop 0
05-23 17:18:29.187 732 787 W PackageParsing: Unknown element under : meta-data at /data/app/vmdl1621008206.tmp/base.apk Binary XML file line #18
05-23 17:18:29.187 732 787 W PackageParsing: Unknown element under : meta-data at /data/app/vmdl1621008206.tmp/base.apk Binary XML file line #19
05-23 17:18:29.187 732 787 W PackageParsing: Ignoring duplicate uses-permissions/uses-permissions-sdk-m: android.permission.boot_tvshop_service in package: com.cibn.tv at: Binary XML file line #43
05-23 17:18:29.188 732 787 W PackageParsing: Unknown element under : meta-data at /data/app/vmdl1621008206.tmp/base.apk Binary XML file line #67
05-23 17:18:29.193 732 787 W PackageParsing: No actions in intent-filter at /data/app/vmdl1621008206.tmp/base.apk Binary XML file line #725
05-23 17:18:29.221 732 787 W PackageManager: Package com.cibn.tv attempting to redeclare system permission android.permission.CHANGE_WIFI_STATE; ignoring new declaration
01-01 09:06:29.902 0 0 I [2 T688 ..] [snd-soc]: aml_audio_reset, reg 0xa, shift 9, use_vadtop 0
01-01 09:06:29.902 0 0 I [2 T688 ..] [snd-soc]: aml_audio_reset, reg 0xa, shift 14, use_vadtop 0
05-23 17:18:29.256 732 787 I PermissionManager: Permission ownership changed. Updating all permissions.
05-23 17:18:29.257 732 787 W PermissionManager: Package com.android.adservices.api is an APK in APEX, but has permission allowlist on the system image. Please bundle the allowlist in the com.android.adservices APEX instead.
05-23 17:18:29.298 732 787 W PermissionManager: Package com.android.providers.media.module is an APK in APEX, but has permission allowlist on the system image. Please bundle the allowlist in the com.android.mediaprovider APEX instead.
05-23 17:18:29.298 732 787 W PermissionManager: Package com.android.providers.media.module is an APK in APEX, but has permission allowlist on the system image. Please bundle the allowlist in the com.android.mediaprovider APEX instead.
05-23 17:18:29.298 732 787 W PermissionManager: Package com.android.providers.media.module is an APK in APEX, but has permission allowlist on the system image. Please bundle the allowlist in the com.android.mediaprovider APEX instead.
05-23 17:18:29.299 732 787 W PermissionManager: Package com.android.providers.media.module is an APK in APEX, but has permission allowlist on the system image. Please bundle the allowlist in the com.android.mediaprovider APEX instead.
05-23 17:18:29.299 732 787 W PermissionManager: Package com.android.providers.media.module is an APK in APEX, but has permission allowlist on the system image. Please bundle the allowlist in the com.android.mediaprovider APEX instead.
05-23 17:18:29.299 732 787 W PermissionManager: Package com.android.providers.media.module is an APK in APEX, but has permission allowlist on the system image. Please bundle the allowlist in the com.android.mediaprovider APEX instead.
05-23 17:18:29.299 732 787 W PermissionManager: Package com.android.providers.media.module is an APK in APEX, but has permission allowlist on the system image. Please bundle the allowlist in the com.android.mediaprovider APEX instead.
05-23 17:18:29.299 732 787 W PermissionManager: Package com.android.providers.media.module is an APK in APEX, but has permission allowlist on the system image. Please bundle the allowlist in the com.android.mediaprovider APEX instead.
05-23 17:18:29.299 732 787 W PermissionManager: Package com.android.providers.media.module is an APK in APEX, but has permission allowlist on the system image. Please bundle the allowlist in the com.android.mediaprovider APEX instead.
05-23 17:18:29.299 732 787 W PermissionManager: Package com.android.providers.media.module is an APK in APEX, but has permission allowlist on the system image. Please bundle the allowlist in the com.android.mediaprovider APEX instead.
05-23 17:18:29.299 732 787 W PermissionManager: Package com.android.providers.media.module is an APK in APEX, but has permission allowlist on the system image. Please bundle the allowlist in the com.android.mediaprovider APEX instead.
05-23 17:18:29.299 732 787 W PermissionManager: Package com.android.providers.media.module is an APK in APEX, but has permission allowlist on the system image. Please bundle the allowlist in the com.android.mediaprovider APEX instead.
05-23 17:18:29.299 732 787 W PermissionManager: Package com.android.providers.media.module is an APK in APEX, but has permission allowlist on the system image. Please bundle the allowlist in the com.android.mediaprovider APEX instead.
01-01 09:06:29.966 0 0 I [3 T688 ..] [snd-soc]: aml_audio_reset, reg 0xa, shift 9, use_vadtop 0
01-01 09:06:29.966 0 0 I [3 T688 ..] [snd-soc]: aml_audio_reset, reg 0xa, shift 14, use_vadtop 0
01-01 09:06:30.029 0 0 I [3 T2440 ..] logd: start watching /data/system/packages.list ...
01-01 09:06:30.030 0 0 I [3 T688 ..] [snd-soc]: aml_audio_reset, reg 0xa, shift 9, use_vadtop 0
01-01 09:06:30.030 0 0 I [3 T688 ..] [snd-soc]: aml_audio_reset, reg 0xa, shift 14, use_vadtop 0
05-23 17:18:29.372 732 787 D PackageManager: Instant App installer not found with android.intent.action.INSTALL_INSTANT_APP_PACKAGE
05-23 17:18:29.372 732 787 D PackageManager: Clear ephemeral installer activity
05-23 17:18:29.376 732 753 V StorageManagerService: Package null has legacy storage
01-01 09:06:30.032 0 0 I [1 T2440 ..] logd: ReadPackageList, total packages: 84
01-01 09:06:30.047 0 0 I [1 T242 ..] servicemanager: Since 'artd' could not be found, trying to start it as a lazy AIDL service. (if it's not configured to be a lazy service, it may be stuck starting or still starting).
01-01 09:06:30.091 0 0 I [2 T242 ..] BpBinder: onLastStrongRef automatically unlinking death recipients:
01-01 09:06:30.093 0 0 I [2 T242 ..] servicemanager: Notifying artd they do (previously: don't) have clients when service is guaranteed to be in use
01-01 09:06:30.094 0 0 I [2 T688 ..] [snd-soc]: aml_audio_reset, reg 0xa, shift 9, use_vadtop 0
01-01 09:06:30.095 0 0 I [2 T688 ..] [snd-soc]: aml_audio_reset, reg 0xa, shift 14, use_vadtop 0
01-01 09:06:30.152 0 0 W : [0 T13435 ..] [SP FRAME TX] arp req,vif_idx:0 sender:[1c:79:2d:20:62:97 192.168.3.167]receiver:[00:00:00:00:00:00 192.168.3.107]
01-01 09:06:30.158 0 0 I [2 T688 ..] [snd-soc]: aml_audio_reset, reg 0xa, shift 9, use_vadtop 0
01-01 09:06:30.158 0 0 I [2 T688 ..] [snd-soc]: aml_audio_reset, reg 0xa, shift 14, use_vadtop 0
01-01 09:06:30.222 0 0 I [3 T688 ..] [snd-soc]: aml_audio_reset, reg 0xa, shift 9, use_vadtop 0
01-01 09:06:30.223 0 0 I [3 T688 ..] [snd-soc]: aml_audio_reset, reg 0xa, shift 14, use_vadtop 0
01-01 09:06:30.286 0 0 I [2 T688 ..] [snd-soc]: aml_audio_reset, reg 0xa, shift 9, use_vadtop 0
01-01 09:06:30.286 0 0 I [2 T688 ..] [snd-soc]: aml_audio_reset, reg 0xa, shift 14, use_vadtop 0
01-01 09:06:30.350 0 0 I [2 T688 ..] [snd-soc]: aml_audio_reset, reg 0xa, shift 9, use_vadtop 0
01-01 09:06:30.350 0 0 I [2 T688 ..] [snd-soc]: aml_audio_reset, reg 0xa, shift 14, use_vadtop 0
01-01 09:06:30.414 0 0 I [2 T688 ..] [snd-soc]: aml_audio_reset, reg 0xa, shift 9, use_vadtop 0
01-01 09:06:30.414 0 0 I [2 T688 ..] [snd-soc]: aml_audio_reset, reg 0xa, shift 14, use_vadtop 0
01-01 09:06:30.478 0 0 I [2 T688 ..] [snd-soc]: aml_audio_reset, reg 0xa, shift 9, use_vadtop 0
01-01 09:06:30.478 0 0 I [2 T688 ..] [snd-soc]: aml_audio_reset, reg 0xa, shift 14, use_vadtop 0
01-01 09:06:30.542 0 0 I [3 T688 ..] [snd-soc]: aml_audio_reset, reg 0xa, shift 9, use_vadtop 0
01-01 09:06:30.542 0 0 I [3 T688 ..] [snd-soc]: aml_audio_reset, reg 0xa, shift 14, use_vadtop 0
01-01 09:06:30.604 0 0 I [3 T688 ..] [hdmitx: ] hdmitx_audio_notify_callback[804] type:1 rate:0 size:0 chs:0 i2s_ch_mask:0 aud_src_if:0
01-01 09:06:30.604 0 0 E [3 T688 ..] [hdmitx: ] *HDMITX_ERROR* audio chn setting, must be 2, 4, 6 or 8, Rst as def
01-01 09:06:30.606 0 0 I [3 T688 ..] [hdmitx: ] aout notify format CT_PCM
01-01 09:06:30.606 0 0 I [3 T688 ..] [hdmitx: ] set audio
01-01 09:06:30.607 0 0 I [3 T688 ..] [hdmitx: ] audio_param->chs = -1
01-01 09:06:30.608 0 0 I [3 T688 ..] [hdmitx: ] aud_src_if = 0
01-01 09:06:30.608 0 0 I [3 T688 ..] [hdmitx: ] aud_n_para = 6144
01-01 09:06:30.609 0 0 I [3 T688 ..] [hdmitx: ] set audio param
01-01 09:06:30.609 0 0 I [3 T688 ..] [hdmitx: ] hdmitx_audio_notify_callback[804] type:10 rate:3 size:1 chs:2 i2s_ch_mask:1 aud_src_if:0
01-01 09:06:30.611 0 0 I [3 T688 ..] [hdmitx: ] aout notify format CT_DOLBY_D
01-01 09:06:30.611 0 0 I [3 T688 ..] [hdmitx: ] set audio
01-01 09:06:30.612 0 0 I [3 T688 ..] [hdmitx: ] audio_param->chs = 1
01-01 09:06:30.613 0 0 I [3 T688 ..] [hdmitx: ] aud_src_if = 0
01-01 09:06:30.613 0 0 I [3 T688 ..] [hdmitx: ] aud_n_para = 24576
01-01 09:06:30.614 0 0 I [3 T688 ..] [hdmitx: ] set audio param
01-01 09:06:30.614 0 0 D [3 T688 ..] [snd-soc]: aml_spdif_fifo_ctrl, bit depth:16, frddr type:1, toddr:type:1
01-01 09:06:30.620 0 0 I [3 T688 ..] [snd-soc]: aml_audio_reset, reg 0xa, shift 9, use_vadtop 0
01-01 09:06:30.620 0 0 I [3 T688 ..] [snd-soc]: aml_audio_reset, reg 0xa, shift 14, use_vadtop 0
01-01 09:06:30.664 0 0 W : [0 T13435 ..] [SP FRAME TX] arp req,vif_idx:0 sender:[1c:79:2d:20:62:97 192.168.3.167]receiver:[00:00:00:00:00:00 192.168.3.108]
01-01 09:06:30.686 0 0 W : [3 T948 ..] [SP FRAME RX] arp rsp,vif_idx:0 sender:[fc:e2:6c:07:50:41 192.168.3.108]receiver:[1c:79:2d:20:62:97 192.168.3.167]
01-01 09:06:31.176 0 0 W : [0 T13784 .s] [SP FRAME TX] arp req,vif_idx:0 sender:[1c:79:2d:20:62:97 192.168.3.167]receiver:[00:00:00:00:00:00 192.168.3.107]
01-01 09:06:31.178 0 0 W : [0 T13435 ..] [SP FRAME TX] arp req,vif_idx:0 sender:[1c:79:2d:20:62:97 192.168.3.167]receiver:[00:00:00:00:00:00 192.168.3.109]
01-01 09:06:31.181 0 0 W : [3 T948 ..] [SP FRAME RX] arp rsp,vif_idx:0 sender:[48:5c:2c:1c:7e:8a 192.168.3.109]receiver:[1c:79:2d:20:62:97 192.168.3.167]
01-01 09:06:31.688 0 0 W : [0 T13435 ..] [SP FRAME TX] arp req,vif_idx:0 sender:[1c:79:2d:20:62:97 192.168.3.167]receiver:[00:00:00:00:00:00 192.168.3.110]
01-01 09:06:31.694 0 0 W : [3 T948 ..] [SP FRAME RX] arp rsp,vif_idx:0 sender:[e0:8f:4c:0f:1a:95 192.168.3.110]receiver:[1c:79:2d:20:62:97 192.168.3.167]
01-01 09:06:32.200 0 0 W : [0 T13785 .s] [SP FRAME TX] arp req,vif_idx:0 sender:[1c:79:2d:20:62:97 192.168.3.167]receiver:[00:00:00:00:00:00 192.168.3.107]
01-01 09:06:32.296 0 0 W : [3 T13779 .s] [SP FRAME TX] arp req,vif_idx:0 sender:[1c:79:2d:20:62:97 192.168.3.167]receiver:[00:00:00:00:00:00 192.168.3.137]
01-01 09:06:32.354 0 0 W : [3 T948 ..] [SP FRAME RX] arp rsp,vif_idx:0 sender:[1a:c7:63:a3:06:ca 192.168.3.137]receiver:[1c:79:2d:20:62:97 192.168.3.167]
01-01 09:06:32.712 0 0 W : [3 T13435 ..] [SP FRAME TX] arp req,vif_idx:0 sender:[1c:79:2d:20:62:97 192.168.3.167]receiver:[00:00:00:00:00:00 192.168.3.112]
01-01 09:06:32.715 0 0 W : [3 T948 ..] [SP FRAME RX] arp rsp,vif_idx:0 sender:[98:bd:80:22:18:34 192.168.3.112]receiver:[1c:79:2d:20:62:97 192.168.3.167]
05-23 17:18:32.229 732 829 D ActivityManager: freezing 12289 com.dangbei.hqmedia
01-01 09:06:33.224 0 0 W : [3 T13435 ..] [SP FRAME TX] arp req,vif_idx:0 sender:[1c:79:2d:20:62:97 192.168.3.167]receiver:[00:00:00:00:00:00 192.168.3.113]
01-01 09:06:33.736 0 0 W : [3 T13435 ..] [SP FRAME TX] arp req,vif_idx:0 sender:[1c:79:2d:20:62:97 192.168.3.167]receiver:[00:00:00:00:00:00 192.168.3.114]
01-01 09:06:34.248 0 0 W : [3 T0 .s] [SP FRAME TX] arp req,vif_idx:0 sender:[1c:79:2d:20:62:97 192.168.3.167]receiver:[00:00:00:00:00:00 192.168.3.113]
01-01 09:06:34.249 0 0 W : [3 T13435 ..] [SP FRAME TX] arp req,vif_idx:0 sender:[1c:79:2d:20:62:97 192.168.3.167]receiver:[00:00:00:00:00:00 192.168.3.115]
01-01 09:06:34.301 0 0 W : [3 T948 ..] [SP FRAME RX] arp rsp,vif_idx:0 sender:[6a:97:3d:42:60:a4 192.168.3.115]receiver:[1c:79:2d:20:62:97 192.168.3.167]
05-23 17:18:33.853 732 787 V BackupManagerService: [UserID:0] restoreAtInstall pkg=com.cibn.tv token=1 restoreSet=0
05-23 17:18:33.854 732 787 V BackupManagerService: [UserID:0] Finishing install immediately
05-23 17:18:33.855 732 787 I AppsFilter: interaction: PackageSetting{5e68976 com.dangbei.hqguide/10029} -> PackageSetting{84eab77 com.cibn.tv/10078} BLOCKED
05-23 17:18:33.858 732 928 D ActivityManager: sync unfroze 1942 com.android.permissioncontroller for 6
05-23 17:18:33.859 732 928 D CompatibilityChangeReporter: Compat change id reported: 261072174; UID 1000; state: ENABLED
05-23 17:18:33.862 732 787 D PackageInstallerSession: Marking session 1621008206 as applied
05-23 17:18:33.864 732 806 W BroadcastLoopers: Found previously unknown looper Thread[PackageInstaller,5,main]
05-23 17:18:33.869 732 787 D CompatibilityChangeReporter: Compat change id reported: 168419799; UID 10078; state: DISABLED
05-23 17:18:33.870 732 787 D CompatibilityChangeReporter: Compat change id reported: 273564678; UID 10078; state: DISABLED
05-23 17:18:33.900 1483 1483 W ContextImpl: Calling a method in the system process without a qualified user: android.app.ContextImpl.startActivity:1102 android.content.ContextWrapper.startActivity:436 he.b.f:119 he.a.b:75 fe.a.c:71
05-23 17:18:33.900 1483 1483 W ContextImpl: Calling a method in the system process without a qualified user: android.app.ContextImpl.startActivity:1114 android.app.ContextImpl.startActivity:1103 android.content.ContextWrapper.startActivity:436 he.b.f:119 he.a.b:75
05-23 17:18:33.902 732 1458 D CompatibilityChangeReporter: Compat change id reported: 265464455; UID 10078; state: DISABLED
05-23 17:18:33.903 732 1458 D CompatibilityChangeReporter: Compat change id reported: 265452344; UID 10078; state: DISABLED
05-23 17:18:33.903 732 1458 D CompatibilityChangeReporter: Compat change id reported: 266124927; UID 10078; state: DISABLED
05-23 17:18:33.903 732 1458 D CompatibilityChangeReporter: Compat change id reported: 265451093; UID 10078; state: DISABLED
05-23 17:18:33.903 732 1458 D CompatibilityChangeReporter: Compat change id reported: 265456536; UID 10078; state: DISABLED
05-23 17:18:33.904 732 1458 D CompatibilityChangeReporter: Compat change id reported: 255940284; UID 10078; state: DISABLED
05-23 17:18:33.904 732 1458 D CompatibilityChangeReporter: Compat change id reported: 236283604; UID 10078; state: DISABLED
05-23 17:18:33.904 732 1458 D CompatibilityChangeReporter: Compat change id reported: 263959004; UID 10078; state: DISABLED
05-23 17:18:33.904 732 1458 D CompatibilityChangeReporter: Compat change id reported: 264304459; UID 10078; state: DISABLED
05-23 17:18:33.904 732 1458 D CompatibilityChangeReporter: Compat change id reported: 264301586; UID 10078; state: DISABLED
05-23 17:18:33.905 732 1458 D CompatibilityChangeReporter: Compat change id reported: 254631730; UID 10078; state: DISABLED
05-23 17:18:33.905 732 1458 D CompatibilityChangeReporter: Compat change id reported: 273509367; UID 10078; state: DISABLED
05-23 17:18:33.905 732 1458 D CompatibilityChangeReporter: Compat change id reported: 263259275; UID 10078; state: DISABLED
05-23 17:18:33.905 732 1458 D CompatibilityChangeReporter: Compat change id reported: 174042980; UID 10078; state: DISABLED
05-23 17:18:33.906 732 1458 D CompatibilityChangeReporter: Compat change id reported: 174042936; UID 10078; state: DISABLED
05-23 17:18:33.906 732 1458 D CompatibilityChangeReporter: Compat change id reported: 181136395; UID 10078; state: DISABLED
05-23 17:18:33.906 732 887 I VcnManagementService: new snapshot: TelephonySubscriptionSnapshot{ mActiveDataSubId=-1, mSubIdToInfoMap={}, mSubIdToCarrierConfigMap={}, mPrivilegedPackages={} }
05-23 17:18:33.906 732 763 W TextServicesManagerService: no available spell checker services found
05-23 17:18:33.924 732 1458 D CompatibilityChangeReporter: Compat change id reported: 194480991; UID 10078; state: ENABLED
05-23 17:18:33.929 732 1458 D CompatibilityChangeReporter: Compat change id reported: 184838306; UID 10078; state: DISABLED
05-23 17:18:33.929 732 1458 D CompatibilityChangeReporter: Compat change id reported: 185004937; UID 10078; state: DISABLED
05-23 17:18:33.933 732 1458 D CompatibilityChangeReporter: Compat change id reported: 197654537; UID 10078; state: DISABLED
05-23 17:18:33.935 732 1458 V SplashScreenExceptionList: SplashScreen checking exception for package com.cibn.tv (target sdk:25) -> false
05-23 17:18:33.935 732 1458 D CompatibilityChangeReporter: Compat change id reported: 205907456; UID 10078; state: DISABLED
05-23 17:18:33.957 732 732 D TransparencyService: Not an update. Skipping...
05-23 17:18:33.959 732 1458 D CompatibilityChangeReporter: Compat change id reported: 194833441; UID 10078; state: DISABLED
05-23 17:18:33.959 957 1021 V WindowManagerShell: Transition requested: android.os.BinderProxy@c80fbdc TransitionRequestInfo { type = 1, triggerTask = TaskInfo{userId=0 taskId=244 displayId=0 isRunning=true baseIntent=Intent { act=android.intent.action.MAIN cat=[android.intent.category.LAUNCHER] flg=0x10000000 pkg=com.cibn.tv cmp=com.cibn.tv/com.youku.tv.home.activity.HomeActivity } baseActivity=ComponentInfo{com.cibn.tv/com.youku.tv.home.activity.HomeActivity} topActivity=ComponentInfo{com.cibn.tv/com.youku.tv.home.activity.HomeActivity} origActivity=null realActivity=ComponentInfo{com.cibn.tv/com.youku.tv.home.activity.HomeActivity} numActivities=1 lastActiveTime=4010713 supportsMultiWindow=true resizeMode=1 isResizeable=true minWidth=-1 minHeight=-1 defaultMinSize=220 token=WCT{android.window.IWindowContainerToken$Stub$Proxy@7d074e5} topActivityType=1 pictureInPictureParams=null shouldDockBigOverlays=true launchIntoPipHostTaskId=-1 lastParentTaskIdBeforePip=-1 displayCutoutSafeInsets=null topActivityInfo=ActivityInfo{57dbbba com.youku.tv.home.activity.HomeActivity} launchCookies=[] positionInParent=Point(0, 0) parentTaskId=-1 isFocused=false isVisible=false isVisibleRequested=false isSleeping=false topActivityInSizeCompat=false topActivityEligibleForLetterboxEducation= false isLetterboxDoubleTapEnabled= false topActivityEligibleForUserAspectRatioButton= false topActivityBoundsLetterboxed= false isFromLetterboxDoubleTap= false topActivityLetterboxVerticalPosition= -1 topActivityLetterboxHorizontalPosition= -1 topActivityLetterboxWidth=-1 topActivityLetterboxHeight=-1 isUserFullscreenOverrideEnabled=false isTopActivityTransparent=false locusId=null displayAreaFeatureId=1 cameraCompatControlState=hidden}, remoteTransition = null, displayChange = null, flags = 0 }
05-23 17:18:33.959 732 1458 I ActivityTaskManager: START u0 {act=android.intent.action.MAIN cat=[android.intent.category.LAUNCHER] flg=0x10000000 pkg=com.cibn.tv cmp=com.cibn.tv/com.youku.tv.home.activity.HomeActivity} with LAUNCH_SINGLE_TASK from uid 1000 (BAL_ALLOW_ALLOWLISTED_UID) result code=0
05-23 17:18:33.961 732 732 I AppsFilter: interaction: PackageSetting{f1a44c1 com.dangbei.hqguide/10029} -> PackageSetting{d684466 com.cibn.tv/10078} BLOCKED
05-23 17:18:33.997 732 756 I ActivityManager: com.cibn.tv is exempt from freezer
05-23 17:18:33.997 732 756 D CompatibilityChangeReporter: Compat change id reported: 135634846; UID 10078; state: DISABLED
05-23 17:18:33.999 732 765 D CompatibilityChangeReporter: Compat change id reported: 143937733; UID 10078; state: DISABLED
05-23 17:18:34.035 732 765 W ActivityManager: Slow operation: 59ms so far, now at startProcess: returned from zygote!
05-23 17:18:34.041 732 765 W ActivityManager: Slow operation: 64ms so far, now at startProcess: done updating battery stats
05-23 17:18:34.042 732 765 W ActivityManager: Slow operation: 66ms so far, now at startProcess: building log message
05-23 17:18:34.042 732 765 I ActivityManager: Start proc 13826:com.cibn.tv/u0a78 for next-top-activity {com.cibn.tv/com.youku.tv.home.activity.HomeActivity}
05-23 17:18:34.043 732 765 W ActivityManager: Slow operation: 66ms so far, now at startProcess: starting to update pids map
05-23 17:18:34.043 732 765 W ActivityManager: Slow operation: 66ms so far, now at startProcess: done updating pids map
05-23 17:18:34.047 732 815 D CompatibilityChangeReporter: Compat change id reported: 218533173; UID 10078; state: DISABLED
05-23 17:18:34.048 732 815 D CompatibilityChangeReporter: Compat change id reported: 262645982; UID 10078; state: DISABLED
05-23 17:18:34.057 732 815 D CompatibilityChangeReporter: Compat change id reported: 265195908; UID 10078; state: ENABLED
05-23 17:18:34.058 732 764 D ActivityManager: sync unfroze 2031 com.android.providers.tv for 3
05-23 17:18:34.071 957 1021 D WindowManagerShell: TvPipController: onTaskStackChanged()
05-23 17:18:34.094 732 958 D CompatibilityChangeReporter: Compat change id reported: 170503758; UID 10078; state: DISABLED
05-23 17:18:34.104 732 763 W VoiceInteractionManager: no available voice recognition services found for user 0
05-23 17:18:34.110 732 763 W TextServicesManagerService: no available spell checker services found
05-23 17:18:34.112 732 732 W Looper : Slow dispatch took 105ms main h=android.os.Handler c=null m=1
05-23 17:18:34.115 732 771 W BatteryExternalStatsWorker: error reading modem stats:ERROR_PHONE_NOT_AVAILABLE
05-23 17:18:34.116 732 958 W BatteryExternalStatsWorker: error reading Bluetooth stats: 11
05-23 17:18:34.120 732 763 W VoiceInteractionManager: no available voice recognition services found for user 0
01-01 09:06:34.760 0 0 W : [3 T732 .s] [SP FRAME TX] arp req,vif_idx:0 sender:[1c:79:2d:20:62:97 192.168.3.167]receiver:[00:00:00:00:00:00 192.168.3.114]
05-23 17:18:34.194 732 3324 D CompatibilityChangeReporter: Compat change id reported: 197654537; UID 10075; state: DISABLED
05-23 17:18:34.214 732 2913 D CompatibilityChangeReporter: Compat change id reported: 161145287; UID 10078; state: DISABLED
05-23 17:18:34.252 732 958 V WindowManager: app ------------- force_land :0
05-23 17:18:34.327 732 2913 W WindowManager: [addWindow] title:com.cibn.tv/com.youku.tv.home.activity.HomeActivity
05-23 17:18:34.337 732 2681 W WindowManager: [addWindow] title:com.cibn.tv/com.youku.tv.home.activity.HomeActivity
05-23 17:18:34.343 732 2913 D CoreBackPreview: Window{29a114 u0 com.cibn.tv/com.youku.tv.home.activity.HomeActivity}: Setting back callback OnBackInvokedCallbackInfo{mCallback=android.window.IOnBackInvokedCallback$Stub$Proxy@67798b9, mPriority=0, mIsAnimationCallback=false}
05-23 17:18:34.432 732 754 W ContextImpl: Calling a method in the system process without a qualified user: android.app.ContextImpl.startService:1899 com.android.server.wm.DisplayPolicy.lambda$focusChangedLw$5:2126 com.android.server.wm.DisplayPolicy.$r8$lambda$Znxk63oh-WzVnzo_WQefN7uxV48:0 com.android.server.wm.DisplayPolicy$$ExternalSyntheticLambda13.run:0 android.os.Handler.handleCallback:958
01-01 09:06:35.116 0 0 I [0 T242 ..] servicemanager: Found android.hardware.graphics.allocator.IAllocator/default in device VINTF manifest.
01-01 09:06:35.118 0 0 I [0 T242 ..] servicemanager: Found android.hardware.graphics.allocator.IAllocator/default in device VINTF manifest.
05-23 17:18:34.504 13826 13858 W PackageParser: Unknown element under : meta-data at /data/user/0/com.cibn.tv/app_agile_plugin/execute/com.cibn.tv.plugin/2131300103/plugin.apk Binary XML file line #6
05-23 17:18:34.504 13826 13858 W PackageParser: Unknown element under : meta-data at /data/user/0/com.cibn.tv/app_agile_plugin/execute/com.cibn.tv.plugin/2131300103/plugin.apk Binary XML file line #7
05-23 17:18:34.505 13826 13858 W PackageParser: Ignoring duplicate uses-permissions/uses-permissions-sdk-m: android.permission.GET_TASKS in package: com.cibn.tv at: Binary XML file line #19
05-23 17:18:34.505 13826 13858 W PackageParser: Ignoring duplicate uses-permissions/uses-permissions-sdk-m: android.permission.boot_tvshop_service in package: com.cibn.tv at: Binary XML file line #56
05-23 17:18:34.506 13826 13858 W PackageParser: Unknown element under : meta-data at /data/user/0/com.cibn.tv/app_agile_plugin/execute/com.cibn.tv.plugin/2131300103/plugin.apk Binary XML file line #96
05-23 17:18:34.512 13826 13858 W PackageParser: No actions in intent filter at /data/user/0/com.cibn.tv/app_agile_plugin/execute/com.cibn.tv.plugin/2131300103/plugin.apk Binary XML file line #649
01-01 09:06:35.272 0 0 W : [3 T13858 .s] [SP FRAME TX] arp req,vif_idx:0 sender:[1c:79:2d:20:62:97 192.168.3.167]receiver:[00:00:00:00:00:00 192.168.3.113]
01-01 09:06:35.273 0 0 W : [3 T13858 .s] [SP FRAME TX] arp req,vif_idx:0 sender:[1c:79:2d:20:62:97 192.168.3.167]receiver:[00:00:00:00:00:00 192.168.3.117]
01-01 09:06:35.283 0 0 W : [3 T948 ..] [SP FRAME RX] arp rsp,vif_idx:0 sender:[52:f1:78:5e:2c:3c 192.168.3.117]receiver:[1c:79:2d:20:62:97 192.168.3.167]
05-23 17:18:34.645 732 2681 D CoreBackPreview: Window{d81bb03 u0 com.cibn.tv/com.youku.tv.home.activity.HomeActivity}: Setting back callback OnBackInvokedCallbackInfo{mCallback=android.window.IOnBackInvokedCallback$Stub$Proxy@b55877b, mPriority=0, mIsAnimationCallback=false}
05-23 17:18:34.684 957 1021 V WindowManagerShell: onTransitionReady android.os.BinderProxy@c80fbdc: {id=37 t=OPEN f=0x0 trk=0 r=[0@Point(0, 0)] c=[{WCT{android.window.IWindowContainerToken$Stub$Proxy@63bd986} m=OPEN f=NONE leash=Surface(name=Task=244)/@0x197ca6b sb=Rect(0, 0 - 1920, 1080) eb=Rect(0, 0 - 1920, 1080) d=0},{WCT{android.window.IWindowContainerToken$Stub$Proxy@766a247} m=TO_BACK f=NONE leash=Surface(name=Task=243)/@0x70ff9c8 sb=Rect(0, 0 - 1920, 1080) eb=Rect(0, 0 - 1920, 1080) d=0}]}
05-23 17:18:34.684 957 1021 V WindowManagerShell: Playing animation for (#37)android.os.BinderProxy@c80fbdc@0
05-23 17:18:34.684 957 1021 V WindowManagerShell: try handler com.android.wm.shell.keyguard.KeyguardTransitionHandler@9798e39
05-23 17:18:34.684 957 1021 V WindowManagerShell: try handler com.android.wm.shell.pip.tv.TvPipTransition@b2d1c7e
05-23 17:18:34.684 957 1021 V WindowManagerShell: try handler com.android.wm.shell.activityembedding.ActivityEmbeddingController@857b5df
05-23 17:18:34.684 957 1021 V WindowManagerShell: try handler com.android.wm.shell.transition.RemoteTransitionHandler@3c922c
05-23 17:18:34.684 957 1021 V WindowManagerShell: Transition doesn't have explicit remote, search filters for match for {id=37 t=OPEN f=0x0 trk=0 r=[0@Point(0, 0)] c=[{WCT{android.window.IWindowContainerToken$Stub$Proxy@63bd986} m=OPEN f=NONE leash=Surface(name=Task=244)/@0x197ca6b sb=Rect(0, 0 - 1920, 1080) eb=Rect(0, 0 - 1920, 1080) d=0},{WCT{android.window.IWindowContainerToken$Stub$Proxy@766a247} m=TO_BACK f=NONE leash=Surface(name=Task=243)/@0x70ff9c8 sb=Rect(0, 0 - 1920, 1080) eb=Rect(0, 0 - 1920, 1080) d=0}]}
05-23 17:18:34.684 957 1021 V WindowManagerShell: Delegate animation for #37 to null
05-23 17:18:34.684 957 1021 V WindowManagerShell: try handler com.android.wm.shell.transition.DefaultTransitionHandler@85bd4f5
05-23 17:18:34.684 957 1021 V WindowManagerShell: start default transition animation, info = {id=37 t=OPEN f=0x0 trk=0 r=[0@Point(0, 0)] c=[{WCT{android.window.IWindowContainerToken$Stub$Proxy@63bd986} m=OPEN f=NONE leash=Surface(name=Task=244)/@0x197ca6b sb=Rect(0, 0 - 1920, 1080) eb=Rect(0, 0 - 1920, 1080) d=0},{WCT{android.window.IWindowContainerToken$Stub$Proxy@766a247} m=TO_BACK f=NONE leash=Surface(name=Task=243)/@0x70ff9c8 sb=Rect(0, 0 - 1920, 1080) eb=Rect(0, 0 - 1920, 1080) d=0}]}
05-23 17:18:34.685 957 1021 V WindowManagerShell: loadAnimation: anim=android.view.animation.AlphaAnimation@60eea74 animAttr=0x9 type=OPEN isEntrance=false
05-23 17:18:34.685 957 1021 V WindowManagerShell: loadAnimation: anim=android.view.animation.AlphaAnimation@9815b9d animAttr=0x8 type=OPEN isEntrance=true
05-23 17:18:34.690 957 1021 V WindowManagerShell: animated by com.android.wm.shell.transition.DefaultTransitionHandler@85bd4f5
05-23 17:18:34.690 732 753 V WindowManager: Sent Transition #37 createdAt=05-23 17:18:33.925 via request=TransitionRequestInfo { type = 1, triggerTask = TaskInfo{userId=0 taskId=244 displayId=0 isRunning=true baseIntent=Intent { act=android.intent.action.MAIN cat=[android.intent.category.LAUNCHER] flg=0x10000000 pkg=com.cibn.tv cmp=com.cibn.tv/com.youku.tv.home.activity.HomeActivity } baseActivity=ComponentInfo{com.cibn.tv/com.youku.tv.home.activity.HomeActivity} topActivity=ComponentInfo{com.cibn.tv/com.youku.tv.home.activity.HomeActivity} origActivity=null realActivity=ComponentInfo{com.cibn.tv/com.youku.tv.home.activity.HomeActivity} numActivities=1 lastActiveTime=4010713 supportsMultiWindow=true resizeMode=1 isResizeable=true minWidth=-1 minHeight=-1 defaultMinSize=220 token=WCT{RemoteToken{3f3c34f Task{ae08342 #244 type=standard A=10078:com.cibn.tv}}} topActivityType=1 pictureInPictureParams=null shouldDockBigOverlays=true launchIntoPipHostTaskId=-1 lastParentTaskIdBeforePip=-1 displayCutoutSafeInsets=null topActivityInfo=ActivityInfo{2666adc com.youku.tv.home.activity.HomeActivity} launchCookies=[] positionInParent=Point(0, 0) parentTaskId=-1 isFocused=false isVisible=false isVisibleRequested=false isSleeping=false topActivityInSizeCompat=false topActivityEligibleForLetterboxEducation= false isLetterboxDoubleTapEnabled= false topActivityEligibleForUserAspectRatioButton= false topActivityBoundsLetterboxed= false isFromLetterboxDoubleTap= false topActivityLetterboxVerticalPosition= -1 topActivityLetterboxHorizontalPosition= -1 topActivityLetterboxWidth=-1 topActivityLetterboxHeight=-1 isUserFullscreenOverrideEnabled=false isTopActivityTransparent=false locusId=null displayAreaFeatureId=1 cameraCompatControlState=hidden}, remoteTransition = null, displayChange = null, flags = 0 }
05-23 17:18:34.690 732 753 V WindowManager: startWCT=WindowContainerTransaction { changes = {} hops = [] errorCallbackToken=null taskFragmentOrganizer=null }
05-23 17:18:34.691 732 753 V WindowManager: info={id=37 t=OPEN f=0x0 trk=0 r=[0@Point(0, 0)] c=[{WCT{RemoteToken{3f3c34f Task{ae08342 #244 type=standard A=10078:com.cibn.tv}}} m=OPEN f=NONE leash=Surface(name=Task=244)/@0x8c0c3b0 sb=Rect(0, 0 - 1920, 1080) eb=Rect(0, 0 - 1920, 1080) d=0},{WCT{RemoteToken{1cdccc6 Task{440b797 #243 type=standard A=1000:search.app.task}}} m=TO_BACK f=NONE leash=Surface(name=Task=243)/@0x79138ab sb=Rect(0, 0 - 1920, 1080) eb=Rect(0, 0 - 1920, 1080) d=0}]}
05-23 17:18:34.754 732 2913 D CompatibilityChangeReporter: Compat change id reported: 214016041; UID 10078; state: DISABLED
05-23 17:18:35.111 957 1021 V WindowManagerShell: Transition animation finished (aborted=false), notifying core (#37)android.os.BinderProxy@c80fbdc@0
05-23 17:18:35.113 732 753 V WindowManager: Finish Transition #37: created at
05-23 17:18:33.925 collect-started=0.139ms request-sent=32.914ms started=38.686ms ready=331.699ms sent=757.049ms finished=1187.677ms
05-23 17:18:35.116 957 1021 V WindowManagerShell: Track 0 became idle
05-23 17:18:35.116 957 1021 V WindowManagerShell: All active transition animations finished
01-01 09:06:35.788 0 0 W : [3 T0 .s] [SP FRAME TX] arp req,vif_idx:0 sender:[1c:79:2d:20:62:97 192.168.3.167]receiver:[00:00:00:00:00:00 192.168.3.114]
01-01 09:06:36.296 0 0 W : [0 T13435 ..] [SP FRAME TX] arp req,vif_idx:0 sender:[1c:79:2d:20:62:97 192.168.3.167]receiver:[00:00:00:00:00:00 192.168.3.119]
01-01 09:06:36.416 0 0 W : [1 T948 ..] [SP FRAME RX] arp req,vif_idx:0 sender:[48:5c:2c:1c:7e:8a 192.168.3.109]receiver:[00:00:00:00:00:00 192.168.3.167]
01-01 09:06:36.417 0 0 W : [1 T948 ..] [SP FRAME TX] arp rsp,vif_idx:0 sender:[1c:79:2d:20:62:97 192.168.3.167]receiver:[48:5c:2c:1c:7e:8a 192.168.3.109]
01-01 09:06:36.697 0 0 W : [1 T948 ..] [SP FRAME RX] arp req,vif_idx:0 sender:[2e:b8:3b:16:08:4f 192.168.3.157]receiver:[00:00:00:00:00:00 192.168.3.167]
01-01 09:06:36.698 0 0 W : [1 T948 ..] [SP FRAME TX] arp rsp,vif_idx:0 sender:[1c:79:2d:20:62:97 192.168.3.167]receiver:[2e:b8:3b:16:08:4f 192.168.3.157]
01-01 09:06:36.808 0 0 W : [0 T13435 ..] [SP FRAME TX] arp req,vif_idx:0 sender:[1c:79:2d:20:62:97 192.168.3.167]receiver:[00:00:00:00:00:00 192.168.3.120]
01-01 09:06:36.813 0 0 W : [1 T948 ..] [SP FRAME RX] arp rsp,vif_idx:0 sender:[f0:a6:54:29:d5:2f 192.168.3.120]receiver:[1c:79:2d:20:62:97 192.168.3.167]
01-01 09:06:37.320 0 0 W : [0 T0 .s] [SP FRAME TX] arp req,vif_idx:0 sender:[1c:79:2d:20:62:97 192.168.3.167]receiver:[00:00:00:00:00:00 192.168.3.119]
01-01 09:06:37.321 0 0 W : [0 T13435 ..] [SP FRAME TX] arp req,vif_idx:0 sender:[1c:79:2d:20:62:97 192.168.3.167]receiver:[00:00:00:00:00:00 192.168.3.121]
01-01 09:06:37.344 0 0 W : [1 T948 ..] [SP FRAME RX] arp rsp,vif_idx:0 sender:[c0:b8:83:0f:05:0f 192.168.3.121]receiver:[1c:79:2d:20:62:97 192.168.3.167]
05-23 17:18:36.964 732 1439 E TaskPersister: File error accessing recents directory (directory doesn't exist?).
01-01 09:06:37.832 0 0 W : [0 T13435 ..] [SP FRAME TX] arp req,vif_idx:0 sender:[1c:79:2d:20:62:97 192.168.3.167]receiver:[00:00:00:00:00:00 192.168.3.122]
01-01 09:06:38.344 0 0 W : [0 T0 .s] [SP FRAME TX] arp req,vif_idx:0 sender:[1c:79:2d:20:62:97 192.168.3.167]receiver:[00:00:00:00:00:00 192.168.3.119]
01-01 09:06:38.345 0 0 W : [0 T13435 ..] [SP FRAME TX] arp req,vif_idx:0 sender:[1c:79:2d:20:62:97 192.168.3.167]receiver:[00:00:00:00:00:00 192.168.3.123]
01-01 09:06:38.360 0 0 W : [1 T948 ..] [SP FRAME RX] arp rsp,vif_idx:0 sender:[b0:dc:ef:37:9e:ed 192.168.3.123]receiver:[1c:79:2d:20:62:97 192.168.3.167]
01-01 09:06:38.860 0 0 W : [0 T0 .s] [SP FRAME TX] arp req,vif_idx:0 sender:[1c:79:2d:20:62:97 192.168.3.167]receiver:[00:00:00:00:00:00 192.168.3.122]
01-01 09:06:38.861 0 0 W : [3 T13435 ..] [SP FRAME TX] arp req,vif_idx:0 sender:[1c:79:2d:20:62:97 192.168.3.167]receiver:[00:00:00:00:00:00 192.168.3.124]
01-01 09:06:38.865 0 0 W : [1 T948 ..] [SP FRAME RX] arp rsp,vif_idx:0 sender:[e4:b0:63:93:17:70 192.168.3.124]receiver:[1c:79:2d:20:62:97 192.168.3.167]
01-01 09:06:39.368 0 0 W : [3 T13435 ..] [SP FRAME TX] arp req,vif_idx:0 sender:[1c:79:2d:20:62:97 192.168.3.167]receiver:[00:00:00:00:00:00 192.168.3.125]
01-01 09:06:39.388 0 0 W : [1 T948 ..] [SP FRAME RX] arp rsp,vif_idx:0 sender:[46:6e:34:82:e0:0a 192.168.3.125]receiver:[1c:79:2d:20:62:97 192.168.3.167]
01-01 09:06:39.481 0 0 I [0 T242 ..] servicemanager: Notifying artd they don't (previously: do) have clients when we now have no record of a client
01-01 09:06:39.482 0 0 I [0 T242 ..] servicemanager: Unregistering artd
01-01 09:06:39.482 0 0 I [0 T242 ..] BpBinder: onLastStrongRef automatically unlinking death recipients:
01-01 09:06:39.556 0 0 W : [1 T948 ..] [SP FRAME RX] arp req,vif_idx:0 sender:[6a:97:3d:42:60:a4 192.168.3.115]receiver:[00:00:00:00:00:00 192.168.3.167]
01-01 09:06:39.557 0 0 W : [1 T948 ..] [SP FRAME TX] arp rsp,vif_idx:0 sender:[1c:79:2d:20:62:97 192.168.3.167]receiver:[6a:97:3d:42:60:a4 192.168.3.115]
01-01 09:06:39.880 0 0 W : [0 T0 .s] [SP FRAME TX] arp req,vif_idx:0 sender:[1c:79:2d:20:62:97 192.168.3.167]receiver:[00:00:00:00:00:00 192.168.3.122]
01-01 09:06:39.881 0 0 W : [0 T0 .s] [SP FRAME TX] arp req,vif_idx:0 sender:[1c:79:2d:20:62:97 192.168.3.167]receiver:[00:00:00:00:00:00 192.168.3.126]
01-01 09:06:39.892 0 0 W : [1 T948 ..] [SP FRAME RX] arp rsp,vif_idx:0 sender:[98:f1:12:30:b3:31 192.168.3.126]receiver:[1c:79:2d:20:62:97 192.168.3.167]
01-01 09:06:39.966 0 0 W : [1 T948 ..] [SP FRAME RX] arp req,vif_idx:0 sender:[c2:07:3d:a6:ee:3e 192.168.3.116]receiver:[00:00:00:00:00:00 192.168.3.167]
