01-01 09:05:32.942 0 0 I [2 T688 ..] [snd-soc]: aml_audio_reset, reg 0xa, shift 14, use_vadtop 0
01-01 09:05:33.006 0 0 I [3 T688 ..] [snd-soc]: aml_audio_reset, reg 0xa, shift 9, use_vadtop 0
01-01 09:05:33.006 0 0 I [3 T688 ..] [snd-soc]: aml_audio_reset, reg 0xa, shift 14, use_vadtop 0
01-01 09:05:33.070 0 0 I [2 T688 ..] [snd-soc]: aml_audio_reset, reg 0xa, shift 9, use_vadtop 0
01-01 09:05:33.071 0 0 I [3 T688 ..] [snd-soc]: aml_audio_reset, reg 0xa, shift 14, use_vadtop 0
01-01 09:05:33.134 0 0 I [2 T688 ..] [snd-soc]: aml_audio_reset, reg 0xa, shift 9, use_vadtop 0
01-01 09:05:33.135 0 0 I [2 T688 ..] [snd-soc]: aml_audio_reset, reg 0xa, shift 14, use_vadtop 0
01-01 09:05:33.198 0 0 I [2 T688 ..] [snd-soc]: aml_audio_reset, reg 0xa, shift 9, use_vadtop 0
01-01 09:05:33.199 0 0 I [2 T688 ..] [snd-soc]: aml_audio_reset, reg 0xa, shift 14, use_vadtop 0
01-01 09:05:33.262 0 0 I [2 T688 ..] [snd-soc]: aml_audio_reset, reg 0xa, shift 9, use_vadtop 0
01-01 09:05:33.262 0 0 I [2 T688 ..] [snd-soc]: aml_audio_reset, reg 0xa, shift 14, use_vadtop 0
01-01 09:05:33.326 0 0 I [2 T688 ..] [snd-soc]: aml_audio_reset, reg 0xa, shift 9, use_vadtop 0
01-01 09:05:33.327 0 0 I [2 T688 ..] [snd-soc]: aml_audio_reset, reg 0xa, shift 14, use_vadtop 0
01-01 09:05:33.349 0 0 E : [1 T13375 ..] mediaproxy produce init [aml-vcodec-dec]
01-01 09:05:33.349 0 0 I : [1 T13375 ..] Mediaproxy is opened name[aml-vcodec-dec]\n
01-01 09:05:33.349 0 0 I : [1 T13375 ..] Mediaproxy is opened name[aml-vcodec-dec] end\n
01-01 09:05:33.350 0 0 E : [1 T13375 ..] mediaproxy produce start connect
01-01 09:05:33.351 0 0 I : [1 T13375 ..] find p kfifo size:[32][2]
01-01 09:05:33.352 0 0 I : [1 T13375 ..] mediaproxy_get_fifo get idx[2]
01-01 09:05:33.352 0 0 I : [1 T13375 ..] Session producer-2 is connected fifo idx [2]
01-01 09:05:33.353 0 0 E : [1 T13375 ..] mediaproxy produce connect [2]
01-01 09:05:33.354 0 0 I : [1 T13375 ..] mediaproxy produce msg type :0x40 module_name:aml-vcodec-dec
01-01 09:05:33.368 0 0 I : [0 T13375 ..] deinit session
01-01 09:05:33.368 0 0 I : [0 T13375 ..] deinit session producer-2
01-01 09:05:33.369 0 0 I : [0 T13375 ..] deinit has_unusing_fifo [1]
01-01 09:05:33.369 0 0 I : [2 T98 ..] p_fifo[2] name[aml-vcodec-dec] state[0] to MP_FIFO_UNUSED
01-01 09:05:33.370 0 0 E : [0 T13375 ..] mediaproxy produce init [aml-vcodec-dec]
01-01 09:05:33.371 0 0 I : [0 T13375 ..] Mediaproxy is opened name[aml-vcodec-dec]\n
01-01 09:05:33.371 0 0 I : [0 T13375 ..] Mediaproxy is opened name[aml-vcodec-dec] end\n
01-01 09:05:33.372 0 0 E : [0 T13375 ..] mediaproxy produce start connect
01-01 09:05:33.373 0 0 I : [0 T13375 ..] find p kfifo size:[32][2]
01-01 09:05:33.374 0 0 I : [0 T13375 ..] mediaproxy_get_fifo get idx[2]
01-01 09:05:33.374 0 0 I : [0 T13375 ..] Session producer-2 is connected fifo idx [2]
01-01 09:05:33.375 0 0 E : [0 T13375 ..] mediaproxy produce connect [2]
01-01 09:05:33.376 0 0 I : [0 T13375 ..] mediaproxy produce msg type :0x40 module_name:aml-vcodec-dec
01-01 09:05:33.380 0 0 I : [3 T13375 ..] deinit session
01-01 09:05:33.380 0 0 I : [3 T13375 ..] deinit session producer-2
01-01 09:05:33.380 0 0 I : [3 T13375 ..] deinit has_unusing_fifo [1]
01-01 09:05:33.381 0 0 I : [2 T98 ..] p_fifo[2] name[aml-vcodec-dec] state[0] to MP_FIFO_UNUSED
01-01 09:05:33.383 0 0 I : [3 T13375 ..] codec mem info:
01-01 09:05:33.383 0 0 I : [3 T13375 ..] total codec mem size:364 MB
01-01 09:05:33.383 0 0 I : [3 T13375 ..] alloced size= 0 MB
01-01 09:05:33.384 0 0 I : [3 T13375 ..] max alloced: 119 MB
01-01 09:05:33.384 0 0 I [3 T13375 ..] CMA: 0,RES:0,TVP:0,SYS:0,COHER:0,VMAPED:0 MB
01-01 09:05:33.385 0 0 I [3 T13375 ..] RES_EXT: 0 MB
01-01 09:05:33.386 0 0 I : [3 T13375 ..] [4]CMA size:364 MB:alloced: 0 MB,free:364 MB
01-01 09:05:33.387 0 0 I : [3 T13375 ..] codec mem info:
01-01 09:05:33.387 0 0 I : [3 T13375 ..] total codec mem size:364 MB
01-01 09:05:33.388 0 0 I : [3 T13375 ..] alloced size= 0 MB
01-01 09:05:33.388 0 0 I : [3 T13375 ..] max alloced: 119 MB
01-01 09:05:33.389 0 0 I [3 T13375 ..] CMA: 0,RES:0,TVP:0,SYS:0,COHER:0,VMAPED:0 MB
01-01 09:05:33.390 0 0 I [3 T13375 ..] RES_EXT: 0 MB
01-01 09:05:33.390 0 0 I : [3 T13375 ..] [4]CMA size:364 MB:alloced: 0 MB,free:364 MB
01-01 09:05:33.391 0 0 I [2 T688 ..] [snd-soc]: aml_audio_reset, reg 0xa, shift 9, use_vadtop 0
01-01 09:05:33.392 0 0 I [2 T688 ..] [snd-soc]: aml_audio_reset, reg 0xa, shift 14, use_vadtop 0
01-01 09:05:33.397 0 0 E : [2 T13382 ..] mediaproxy produce init [aml-vcodec-dec]
01-01 09:05:33.397 0 0 I : [2 T13382 ..] Mediaproxy is opened name[aml-vcodec-dec]\n
01-01 09:05:33.397 0 0 I : [2 T13382 ..] Mediaproxy is opened name[aml-vcodec-dec] end\n
01-01 09:05:33.398 0 0 E : [2 T13382 ..] mediaproxy produce start connect
01-01 09:05:33.400 0 0 I : [2 T13382 ..] find p kfifo size:[32][2]
01-01 09:05:33.400 0 0 I : [2 T13382 ..] mediaproxy_get_fifo get idx[2]
01-01 09:05:33.401 0 0 I : [2 T13382 ..] Session producer-2 is connected fifo idx [2]
01-01 09:05:33.402 0 0 E : [2 T13382 ..] mediaproxy produce connect [2]
01-01 09:05:33.402 0 0 I : [2 T13382 ..] mediaproxy produce msg type :0x40 module_name:aml-vcodec-dec
01-01 09:05:33.407 0 0 I : [2 T13382 ..] deinit session
01-01 09:05:33.407 0 0 I : [2 T13382 ..] deinit session producer-2
01-01 09:05:33.407 0 0 I : [2 T13382 ..] deinit has_unusing_fifo [1]
01-01 09:05:33.408 0 0 I : [2 T98 ..] p_fifo[2] name[aml-vcodec-dec] state[0] to MP_FIFO_UNUSED
01-01 09:05:33.410 0 0 E : [2 T13382 ..] mediaproxy produce init [aml-vcodec-dec]
01-01 09:05:33.410 0 0 I : [2 T13382 ..] Mediaproxy is opened name[aml-vcodec-dec]\n
01-01 09:05:33.410 0 0 I : [2 T13382 ..] Mediaproxy is opened name[aml-vcodec-dec] end\n
01-01 09:05:33.411 0 0 E : [2 T13382 ..] mediaproxy produce start connect
01-01 09:05:33.413 0 0 I : [2 T13382 ..] find p kfifo size:[32][2]
01-01 09:05:33.413 0 0 I : [2 T13382 ..] mediaproxy_get_fifo get idx[2]
01-01 09:05:33.413 0 0 I : [2 T13382 ..] Session producer-2 is connected fifo idx [2]
01-01 09:05:33.415 0 0 E : [2 T13382 ..] mediaproxy produce connect [2]
01-01 09:05:33.415 0 0 I : [2 T13382 ..] mediaproxy produce msg type :0x40 module_name:aml-vcodec-dec
01-01 09:05:33.416 0 0 W : [0 T13359 .s] [SP FRAME TX] arp req,vif_idx:0 sender:[1c:79:2d:20:62:97 192.168.3.167]receiver:[00:00:00:00:00:00 192.168.3.53]
01-01 09:05:33.417 0 0 I [2 T13382 ..] [amlv4l]: [87]: DW:10, TW:0, Margin:6
01-01 09:05:33.420 0 0 D [0 T13387 ..] [amlcom]: vdec_create instance 00000000f41ce89f, total 1, PM: power-domain
01-01 09:05:33.420 0 0 D [0 T13387 ..] [media_clock]: vdec mux clock is 799999988 Hz
01-01 09:05:33.420 0 0 I [2 T13387 ..] [amlcom]: dos_local_config end, id 0, is_on 1
01-01 09:05:33.420 0 0 I [2 T13387 ..] [amlcom]: vdec_init, dev_name:ammvdec_h264_v4l, vdec_type=VDEC_TYPE_FRAME_BLOCK, format: 2, total: 1
01-01 09:05:33.423 0 0 D [2 T13387 ..] [h264]: 0: pdata->config=parm_v4l_codec_enable:1;mh264_double_write_mode:16;parm_v4l_buffer_margin:6;parm_v4l_canvas_mem_mode:0;parm_v4l_canvas_mem_endian:0;parm_v4l_low_latency_mode:0;parm_v4l_metadata_config_flag:1050626;parm_v4l_duration:0;parm_v4l_error_handle_info:0;
01-01 09:05:33.423 0 0 D [2 T13387 ..] [h264]: 0: ammvdec_h264_probe error_proc_policy 0x813fcff7 mb_count_threshold 0
01-01 09:05:33.423 0 0 D [2 T13387 ..] [h264]: ammvdec_h264_bmmu_init tvp = 0x0
01-01 09:05:33.426 0 0 D [0 T13387 ..] [media_clock]: vdec mux clock is 799999988 Hz
01-01 09:05:33.428 0 0 D [0 T13387 ..] [h264]: vh264_init, phy_addr=cee29000 vaddr=00000000f9f44416
01-01 09:05:33.429 0 0 I [3 T13375 ..] [amlv4l]: [87]: set vf duration: c80
01-01 09:05:33.451 0 0 D [0 T7209 ..] [h264]: 0: vmh264_get_ps_info mmu_enable 0 double_write_mode 0x10
01-01 09:05:33.451 0 0 I [0 T7209 ..] [amlv4l]: [87]: Parse from ucode, visible(1280 x 720), coded(1280 x 768), scan:P, bitdepth(0), dw(10)
01-01 09:05:33.451 0 0 I [3 T13387 ..] [amlv4l]: [87]: Picture buffer count: dec:5, vpp:0, ge2d:0, margin:6, total:11
01-01 09:05:33.453 0 0 D [3 T13387 ..] [amlv4l]: [87]: Post event: res chg
01-01 09:05:33.455 0 0 I [3 T688 ..] [snd-soc]: aml_audio_reset, reg 0xa, shift 9, use_vadtop 0
01-01 09:05:33.455 0 0 I [2 T688 ..] [snd-soc]: aml_audio_reset, reg 0xa, shift 14, use_vadtop 0
01-01 09:05:33.465 0 0 D [0 T7209 ..] [h264]: 0: restriction_flag=0, max_dec_frame_buffering=4, dec_dpb_size=5 num_reorder_frames 3 used_reorder_dpb_size_margin 6
01-01 09:05:33.470 0 0 D [0 T266 ..] [h264]: 0: decoder duration change old: 0 new: 1920
01-01 09:05:33.518 0 0 I [3 T688 ..] [snd-soc]: aml_audio_reset, reg 0xa, shift 9, use_vadtop 0
01-01 09:05:33.519 0 0 I [3 T688 ..] [snd-soc]: aml_audio_reset, reg 0xa, shift 14, use_vadtop 0
01-01 09:05:33.582 0 0 I : [2 T365 ..] di_process_open iminor(inode) =0
01-01 09:05:33.582 0 0 I [2 T688 ..] [snd-soc]: aml_audio_reset, reg 0xa, shift 9, use_vadtop 0
01-01 09:05:33.583 0 0 I [2 T688 ..] [snd-soc]: aml_audio_reset, reg 0xa, shift 14, use_vadtop 0
01-01 09:05:33.583 0 0 I [1 T365 ..] dim: reg:use[1]ms
01-01 09:05:33.584 0 0 I [3 T365 ..] dim: ins:create:ch[2],tmode[3]
01-01 09:05:33.585 0 0 I [3 T365 ..] dim: out:0x80000000
01-01 09:05:33.588 0 0 E [3 T365 ..] dp: [0]no hdr10+ data.
01-01 09:05:33.588 0 0 E [3 T365 ..] dp: [0]no meta_data.
01-01 09:05:33.588 0 0 E [3 T365 ..] dp: [0]invalid ud param.
01-01 09:05:33.589 0 0 I [3 T108 ..] dim: value reg:ch[2]:fix_buf:0;ponly <0,0> post_nub=5
01-01 09:05:33.589 0 0 I [1 T365 ..] VID: VD1 off
01-01 09:05:33.590 0 0 I [3 T108 ..] dim: di_cnt_i_buf1:tvp:0
01-01 09:05:33.590 0 0 I [1 T365 ..] vc: [0]vc: set enable index=0, val=1
01-01 09:05:33.591 0 0 I [3 T108 ..] dim: di_reg_setting:ch[2]:for first ch reg:
01-01 09:05:33.592 0 0 I [1 T365 ..] VID: VD1 off
01-01 09:05:33.592 0 0 I [3 T108 ..] dim: ch[2]:reg:mem cfg[0][0][0]
01-01 09:05:33.593 0 0 I [1 T365 ..] VID: VD1 set global output as 1
01-01 09:05:33.594 0 0 I [3 T108 ..] dim: ch[2]:bypass change:i:0->1:0x60
01-01 09:05:33.594 0 0 I [1 T365 ..] VID: store VD0 path_id changed -1->2
01-01 09:05:33.596 0 0 I [1 T365 ..] vc: [0]sideband_type =-1
01-01 09:05:33.646 0 0 I [2 T688 ..] [snd-soc]: aml_audio_reset, reg 0xa, shift 9, use_vadtop 0
01-01 09:05:33.646 0 0 I [2 T688 ..] [snd-soc]: aml_audio_reset, reg 0xa, shift 14, use_vadtop 0
01-01 09:05:33.710 0 0 I [3 T688 ..] [snd-soc]: aml_audio_reset, reg 0xa, shift 9, use_vadtop 0
01-01 09:05:33.711 0 0 I [3 T688 ..] [snd-soc]: aml_audio_reset, reg 0xa, shift 14, use_vadtop 0
01-01 09:05:33.774 0 0 I [2 T688 ..] [snd-soc]: aml_audio_reset, reg 0xa, shift 9, use_vadtop 0
01-01 09:05:33.775 0 0 I [3 T688 ..] [snd-soc]: aml_audio_reset, reg 0xa, shift 14, use_vadtop 0
01-01 09:05:33.838 0 0 I [2 T688 ..] [snd-soc]: aml_audio_reset, reg 0xa, shift 9, use_vadtop 0
01-01 09:05:33.838 0 0 I [2 T688 ..] [snd-soc]: aml_audio_reset, reg 0xa, shift 14, use_vadtop 0
01-01 09:05:33.902 0 0 I [2 T688 ..] [snd-soc]: aml_audio_reset, reg 0xa, shift 9, use_vadtop 0
01-01 09:05:33.903 0 0 I [2 T688 ..] [snd-soc]: aml_audio_reset, reg 0xa, shift 14, use_vadtop 0
01-01 09:05:33.966 0 0 I [3 T688 ..] [snd-soc]: aml_audio_reset, reg 0xa, shift 9, use_vadtop 0
01-01 09:05:33.966 0 0 I [3 T688 ..] [snd-soc]: aml_audio_reset, reg 0xa, shift 14, use_vadtop 0
01-01 09:05:34.030 0 0 I [3 T688 ..] [snd-soc]: aml_audio_reset, reg 0xa, shift 9, use_vadtop 0
01-01 09:05:34.031 0 0 I [3 T688 ..] [snd-soc]: aml_audio_reset, reg 0xa, shift 14, use_vadtop 0
01-01 09:05:34.094 0 0 I [3 T688 ..] [snd-soc]: aml_audio_reset, reg 0xa, shift 9, use_vadtop 0
01-01 09:05:34.094 0 0 I [3 T688 ..] [snd-soc]: aml_audio_reset, reg 0xa, shift 14, use_vadtop 0
01-01 09:05:34.158 0 0 I [3 T688 ..] [snd-soc]: aml_audio_reset, reg 0xa, shift 9, use_vadtop 0
01-01 09:05:34.158 0 0 I [3 T688 ..] [snd-soc]: aml_audio_reset, reg 0xa, shift 14, use_vadtop 0
01-01 09:05:34.222 0 0 I [3 T688 ..] [snd-soc]: aml_audio_reset, reg 0xa, shift 9, use_vadtop 0
01-01 09:05:34.223 0 0 I [3 T688 ..] [snd-soc]: aml_audio_reset, reg 0xa, shift 14, use_vadtop 0
01-01 09:05:34.286 0 0 I [2 T688 ..] [snd-soc]: aml_audio_reset, reg 0xa, shift 9, use_vadtop 0
01-01 09:05:34.287 0 0 I [2 T688 ..] [snd-soc]: aml_audio_reset, reg 0xa, shift 14, use_vadtop 0
01-01 09:05:34.351 0 0 I [3 T688 ..] [snd-soc]: aml_audio_reset, reg 0xa, shift 9, use_vadtop 0
01-01 09:05:34.351 0 0 I [3 T688 ..] [snd-soc]: aml_audio_reset, reg 0xa, shift 14, use_vadtop 0
01-01 09:05:34.415 0 0 I [2 T688 ..] [snd-soc]: aml_audio_reset, reg 0xa, shift 9, use_vadtop 0
01-01 09:05:34.415 0 0 I [2 T688 ..] [snd-soc]: aml_audio_reset, reg 0xa, shift 14, use_vadtop 0
01-01 09:05:34.440 0 0 W : [0 T0 .s] [SP FRAME TX] arp req,vif_idx:0 sender:[1c:79:2d:20:62:97 192.168.3.167]receiver:[00:00:00:00:00:00 192.168.3.53]
01-01 09:05:34.479 0 0 I [3 T688 ..] [snd-soc]: aml_audio_reset, reg 0xa, shift 9, use_vadtop 0
01-01 09:05:34.479 0 0 I [3 T688 ..] [snd-soc]: aml_audio_reset, reg 0xa, shift 14, use_vadtop 0
01-01 09:05:34.543 0 0 I [2 T688 ..] [snd-soc]: aml_audio_reset, reg 0xa, shift 9, use_vadtop 0
01-01 09:05:34.543 0 0 I [2 T688 ..] [snd-soc]: aml_audio_reset, reg 0xa, shift 14, use_vadtop 0
01-01 09:05:34.607 0 0 I [3 T688 ..] [snd-soc]: aml_audio_reset, reg 0xa, shift 9, use_vadtop 0
01-01 09:05:34.607 0 0 I [3 T688 ..] [snd-soc]: aml_audio_reset, reg 0xa, shift 14, use_vadtop 0
01-01 09:05:34.671 0 0 I [2 T688 ..] [snd-soc]: aml_audio_reset, reg 0xa, shift 9, use_vadtop 0
01-01 09:05:34.671 0 0 I [2 T688 ..] [snd-soc]: aml_audio_reset, reg 0xa, shift 14, use_vadtop 0
01-01 09:05:34.734 0 0 I [2 T688 ..] [snd-soc]: aml_audio_reset, reg 0xa, shift 9, use_vadtop 0
01-01 09:05:34.735 0 0 I [2 T688 ..] [snd-soc]: aml_audio_reset, reg 0xa, shift 14, use_vadtop 0
01-01 09:05:34.799 0 0 I [2 T688 ..] [snd-soc]: aml_audio_reset, reg 0xa, shift 9, use_vadtop 0
01-01 09:05:34.799 0 0 I [2 T688 ..] [snd-soc]: aml_audio_reset, reg 0xa, shift 14, use_vadtop 0
01-01 09:05:34.862 0 0 I [3 T688 ..] [snd-soc]: aml_audio_reset, reg 0xa, shift 9, use_vadtop 0
01-01 09:05:34.863 0 0 I [2 T688 ..] [snd-soc]: aml_audio_reset, reg 0xa, shift 14, use_vadtop 0
01-01 09:05:34.927 0 0 I [2 T688 ..] [snd-soc]: aml_audio_reset, reg 0xa, shift 9, use_vadtop 0
01-01 09:05:34.927 0 0 I [2 T688 ..] [snd-soc]: aml_audio_reset, reg 0xa, shift 14, use_vadtop 0
01-01 09:05:34.959 0 0 W [2 T2249 ..] audit: audit_lost=896 audit_rate_limit=5 audit_backlog_limit=64
01-01 09:05:34.962 0 0 E [2 T2249 ..] audit: rate limit exceeded
01-01 09:05:34.990 0 0 I [3 T688 ..] [snd-soc]: aml_audio_reset, reg 0xa, shift 9, use_vadtop 0
01-01 09:05:34.991 0 0 I [3 T688 ..] [snd-soc]: aml_audio_reset, reg 0xa, shift 14, use_vadtop 0
01-01 09:05:35.054 0 0 I [2 T688 ..] [snd-soc]: aml_audio_reset, reg 0xa, shift 9, use_vadtop 0
01-01 09:05:35.055 0 0 I [2 T688 ..] [snd-soc]: aml_audio_reset, reg 0xa, shift 14, use_vadtop 0
01-01 09:05:35.118 0 0 I [2 T688 ..] [snd-soc]: aml_audio_reset, reg 0xa, shift 9, use_vadtop 0
01-01 09:05:35.119 0 0 I [2 T688 ..] [snd-soc]: aml_audio_reset, reg 0xa, shift 14, use_vadtop 0
01-01 09:05:35.182 0 0 I [2 T688 ..] [snd-soc]: aml_audio_reset, reg 0xa, shift 9, use_vadtop 0
01-01 09:05:35.183 0 0 I [2 T688 ..] [snd-soc]: aml_audio_reset, reg 0xa, shift 14, use_vadtop 0
05-23 17:17:34.541 732 807 W ProcessStats: Tracking association SourceState{77b1b88 com.ktcp.video/10077 BTop #1372} whose proc state 2 is better than process ProcessState{7d3abfa com.ktcp.video:daemon/10077 pkg=com.ktcp.video} proc state 8 (5 skipped)
01-01 09:05:35.246 0 0 I [3 T688 ..] [snd-soc]: aml_audio_reset, reg 0xa, shift 9, use_vadtop 0
01-01 09:05:35.247 0 0 I [2 T688 ..] [snd-soc]: aml_audio_reset, reg 0xa, shift 14, use_vadtop 0
01-01 09:05:35.310 0 0 I [2 T688 ..] [snd-soc]: aml_audio_reset, reg 0xa, shift 9, use_vadtop 0
01-01 09:05:35.311 0 0 I [2 T688 ..] [snd-soc]: aml_audio_reset, reg 0xa, shift 14, use_vadtop 0
01-01 09:05:35.374 0 0 I [2 T688 ..] [snd-soc]: aml_audio_reset, reg 0xa, shift 9, use_vadtop 0
01-01 09:05:35.375 0 0 I [2 T688 ..] [snd-soc]: aml_audio_reset, reg 0xa, shift 14, use_vadtop 0
01-01 09:05:35.438 0 0 I [3 T688 ..] [snd-soc]: aml_audio_reset, reg 0xa, shift 9, use_vadtop 0
01-01 09:05:35.439 0 0 I [3 T688 ..] [snd-soc]: aml_audio_reset, reg 0xa, shift 14, use_vadtop 0
01-01 09:05:35.464 0 0 W : [0 T13416 .s] [SP FRAME TX] arp req,vif_idx:0 sender:[1c:79:2d:20:62:97 192.168.3.167]receiver:[00:00:00:00:00:00 192.168.3.53]
01-01 09:05:35.502 0 0 I [3 T688 ..] [snd-soc]: aml_audio_reset, reg 0xa, shift 9, use_vadtop 0
01-01 09:05:35.503 0 0 I [3 T688 ..] [snd-soc]: aml_audio_reset, reg 0xa, shift 14, use_vadtop 0
01-01 09:05:35.566 0 0 I [2 T688 ..] [snd-soc]: aml_audio_reset, reg 0xa, shift 9, use_vadtop 0
01-01 09:05:35.567 0 0 I [2 T688 ..] [snd-soc]: aml_audio_reset, reg 0xa, shift 14, use_vadtop 0
01-01 09:05:35.630 0 0 I [3 T688 ..] [snd-soc]: aml_audio_reset, reg 0xa, shift 9, use_vadtop 0
01-01 09:05:35.631 0 0 I [3 T688 ..] [snd-soc]: aml_audio_reset, reg 0xa, shift 14, use_vadtop 0
01-01 09:05:35.694 0 0 I [2 T688 ..] [snd-soc]: aml_audio_reset, reg 0xa, shift 9, use_vadtop 0
01-01 09:05:35.695 0 0 I [2 T688 ..] [snd-soc]: aml_audio_reset, reg 0xa, shift 14, use_vadtop 0
01-01 09:05:35.758 0 0 I [2 T688 ..] [snd-soc]: aml_audio_reset, reg 0xa, shift 9, use_vadtop 0
01-01 09:05:35.759 0 0 I [2 T688 ..] [snd-soc]: aml_audio_reset, reg 0xa, shift 14, use_vadtop 0
01-01 09:05:35.822 0 0 I [2 T688 ..] [snd-soc]: aml_audio_reset, reg 0xa, shift 9, use_vadtop 0
01-01 09:05:35.823 0 0 I [2 T688 ..] [snd-soc]: aml_audio_reset, reg 0xa, shift 14, use_vadtop 0
01-01 09:05:35.836 0 0 I [1 T250 ..] logd: logdr: UID=10077 GID=10077 PID=13436 b tail=0 logMask=99 pid=0 start=0ns deadline=0ns
05-23 17:17:35.194 732 732 V SplashScreenExceptionList: SplashScreen checking exception for package com.android.systemui (target sdk:34) -> false
05-23 17:17:35.195 732 732 D CompatibilityChangeReporter: Compat change id reported: 205907456; UID 10052; state: ENABLED
05-23 17:17:35.197 732 732 I ActivityTaskManager: START u0 {flg=0x10000000 cmp=com.android.systemui/.logcat.LogAccessDialogActivity (has extras)} with LAUNCH_MULTIPLE from uid 1000 (BAL_ALLOW_ALLOWLISTED_UID) result code=0
05-23 17:17:35.197 957 1021 V WindowManagerShell: Transition requested: android.os.BinderProxy@6f377f7 TransitionRequestInfo { type = 1, triggerTask = TaskInfo{userId=0 taskId=241 displayId=0 isRunning=true baseIntent=Intent { flg=0x10800000 cmp=com.android.systemui/.logcat.LogAccessDialogActivity } baseActivity=ComponentInfo{com.android.systemui/com.android.systemui.logcat.LogAccessDialogActivity} topActivity=ComponentInfo{com.android.systemui/com.android.systemui.logcat.LogAccessDialogActivity} origActivity=null realActivity=ComponentInfo{com.android.systemui/com.android.systemui.logcat.LogAccessDialogActivity} numActivities=1 lastActiveTime=3951951 supportsMultiWindow=true resizeMode=1 isResizeable=true minWidth=-1 minHeight=-1 defaultMinSize=220 token=WCT{android.window.IWindowContainerToken$Stub$Proxy@4418664} topActivityType=1 pictureInPictureParams=null shouldDockBigOverlays=true launchIntoPipHostTaskId=-1 lastParentTaskIdBeforePip=-1 displayCutoutSafeInsets=null topActivityInfo=ActivityInfo{c30e0cd com.android.systemui.logcat.LogAccessDialogActivity} launchCookies=[] positionInParent=Point(0, 0) parentTaskId=-1 isFocused=false isVisible=false isVisibleRequested=false isSleeping=false topActivityInSizeCompat=false topActivityEligibleForLetterboxEducation= false isLetterboxDoubleTapEnabled= false topActivityEligibleForUserAspectRatioButton= false topActivityBoundsLetterboxed= false isFromLetterboxDoubleTap= false topActivityLetterboxVerticalPosition= -1 topActivityLetterboxHorizontalPosition= -1 topActivityLetterboxWidth=-1 topActivityLetterboxHeight=-1 isUserFullscreenOverrideEnabled=false isTopActivityTransparent=true locusId=null displayAreaFeatureId=1 cameraCompatControlState=hidden}, remoteTransition = null, displayChange = null, flags = 0 }
05-23 17:17:35.217 732 807 V WindowManager: app ------------- force_land :0
01-01 09:05:35.886 0 0 I [3 T688 ..] [snd-soc]: aml_audio_reset, reg 0xa, shift 9, use_vadtop 0
01-01 09:05:35.887 0 0 I [3 T688 ..] [snd-soc]: aml_audio_reset, reg 0xa, shift 14, use_vadtop 0
01-01 09:05:35.913 0 0 I [1 T13387 ..] [amlv4l]: [87]: reset mode: 1, es frames buffering: 1
01-01 09:05:35.914 0 0 I [1 T13387 ..] [amlv4l]: [87]: reset mode: 1, es frames buffering: 0
01-01 09:05:35.924 0 0 I [2 T13382 ..] [amlv4l]: [87]: reset mode: 1, es frames buffering: 0
01-01 09:05:35.926 0 0 D [2 T13382 ..] [amlcom]: vdec_release instance 00000000f41ce89f, total 1
01-01 09:05:35.929 0 0 I [2 T13382 ..] [amlcom]: dos_local_config end, id 0, is_on 0
01-01 09:05:35.929 0 0 D [2 T13382 ..] [media_clock]: the clk_vdec_mux clock off, ref cnt: 0
01-01 09:05:35.929 0 0 I : [2 T13382 ..] deinit session
01-01 09:05:35.929 0 0 I : [2 T13382 ..] deinit session producer-2
01-01 09:05:35.930 0 0 I : [2 T13382 ..] deinit has_unusing_fifo [1]
01-01 09:05:35.932 0 0 I : [1 T98 ..] p_fifo[2] name[aml-vcodec-dec] state[0] to MP_FIFO_UNUSED
01-01 09:05:35.945 0 0 W [0 T13445 ..] logd: SocketClient: write error (Connection reset by peer)
01-01 09:05:35.950 0 0 I [3 T688 ..] [snd-soc]: aml_audio_reset, reg 0xa, shift 9, use_vadtop 0
01-01 09:05:35.951 0 0 I [3 T688 ..] [snd-soc]: aml_audio_reset, reg 0xa, shift 14, use_vadtop 0
05-23 17:17:35.307 732 3324 W WindowManager: [addWindow] title:com.android.systemui/com.android.systemui.logcat.LogAccessDialogActivity
05-23 17:17:35.321 732 807 V WindowManager: app ------------- force_land :0
05-23 17:17:35.323 957 1021 D WindowManagerShell: TvPipController: onTaskStackChanged()
01-01 09:05:35.984 0 0 I [3 T108 ..] dim: unreg:2keep[0], msk:[0x0,0x0]
01-01 09:05:35.984 0 0 I [3 T108 ..] dim: hf:r:ch[2]:cnt[0]
01-01 09:05:35.984 0 0 I [3 T108 ..] dim: di_unreg_setting:
01-01 09:05:35.987 0 0 I [1 T365 ..] dim: unreg:use[17]ms
01-01 09:05:35.987 0 0 I [1 T365 ..] dim: ins:destroy:ch[2]:end
01-01 09:05:35.989 0 0 I : [3 T365 ..] di process release
01-01 09:05:35.991 0 0 I [3 T365 ..] vc: [0]vc: set enable index=0, val=0
01-01 09:05:35.991 0 0 I [3 T365 ..] VID: store VD0 path_id changed 2->-1
01-01 09:05:35.991 0 0 I [1 T365 ..] VID: VD1 off
01-01 09:05:35.992 0 0 I [1 T365 ..] VID: VD1 set global output as 0
01-01 09:05:35.992 0 0 I : [1 T365 ..] common_vf_unreg_provider video_render.0: vd1 used:true, vd2 used:false, vd3 used:false, f_wait:true (0 0), b_out:0, cur_buf:00000000c7342d6c
05-23 17:17:35.328 732 753 V WindowManager: Sent Transition #33 createdAt=05-23 17:17:35.187 via request=TransitionRequestInfo { type = 1, triggerTask = TaskInfo{userId=0 taskId=241 displayId=0 isRunning=true baseIntent=Intent { flg=0x10800000 cmp=com.android.systemui/.logcat.LogAccessDialogActivity } baseActivity=ComponentInfo{com.android.systemui/com.android.systemui.logcat.LogAccessDialogActivity} topActivity=ComponentInfo{com.android.systemui/com.android.systemui.logcat.LogAccessDialogActivity} origActivity=null realActivity=ComponentInfo{com.android.systemui/com.android.systemui.logcat.LogAccessDialogActivity} numActivities=1 lastActiveTime=3951951 supportsMultiWindow=true resizeMode=1 isResizeable=true minWidth=-1 minHeight=-1 defaultMinSize=220 token=WCT{RemoteToken{fefeef3 Task{3ac49f1 #241 type=standard A=10052:com.android.systemui}}} topActivityType=1 pictureInPictureParams=null shouldDockBigOverlays=true launchIntoPipHostTaskId=-1 lastParentTaskIdBeforePip=-1 displayCutoutSafeInsets=null topActivityInfo=ActivityInfo{6e8f7b0 com.android.systemui.logcat.LogAccessDialogActivity} launchCookies=[] positionInParent=Point(0, 0) parentTaskId=-1 isFocused=false isVisible=false isVisibleRequested=false isSleeping=false topActivityInSizeCompat=false topActivityEligibleForLetterboxEducation= false isLetterboxDoubleTapEnabled= false topActivityEligibleForUserAspectRatioButton= false topActivityBoundsLetterboxed= false isFromLetterboxDoubleTap= false topActivityLetterboxVerticalPosition= -1 topActivityLetterboxHorizontalPosition= -1 topActivityLetterboxWidth=-1 topActivityLetterboxHeight=-1 isUserFullscreenOverrideEnabled=false isTopActivityTransparent=true locusId=null displayAreaFeatureId=1 cameraCompatControlState=hidden}, remoteTransition = null, displayChange = null, flags = 0 }
05-23 17:17:35.328 732 753 V WindowManager: startWCT=WindowContainerTransaction { changes = {} hops = [] errorCallbackToken=null taskFragmentOrganizer=null }
05-23 17:17:35.328 732 753 V WindowManager: info={id=33 t=OPEN f=0x0 trk=0 r=[0@Point(0, 0)] c=[{WCT{RemoteToken{91bb2f1 Task{acad89e #240 type=standard A=10077:com.ktcp.video}}} m=CHANGE f=MOVE_TO_TOP leash=Surface(name=Task=240)/@0x93cfc0a sb=Rect(0, 0 - 1920, 1080) eb=Rect(0, 0 - 1920, 1080) d=0}]}
05-23 17:17:35.330 957 1021 V WindowManagerShell: onTransitionReady android.os.BinderProxy@6f377f7: {id=33 t=OPEN f=0x0 trk=0 r=[0@Point(0, 0)] c=[{WCT{android.window.IWindowContainerToken$Stub$Proxy@4bd84fa} m=CHANGE f=MOVE_TO_TOP leash=Surface(name=Task=240)/@0xb4d31c sb=Rect(0, 0 - 1920, 1080) eb=Rect(0, 0 - 1920, 1080) d=0}]}
05-23 17:17:35.330 957 1021 V WindowManagerShell: Playing animation for (#33)android.os.BinderProxy@6f377f7@0
05-23 17:17:35.330 957 1021 V WindowManagerShell: try handler com.android.wm.shell.keyguard.KeyguardTransitionHandler@9798e39
05-23 17:17:35.330 957 1021 V WindowManagerShell: try handler com.android.wm.shell.pip.tv.TvPipTransition@b2d1c7e
05-23 17:17:35.331 957 1021 V WindowManagerShell: try handler com.android.wm.shell.activityembedding.ActivityEmbeddingController@857b5df
05-23 17:17:35.331 957 1021 V WindowManagerShell: try handler com.android.wm.shell.transition.RemoteTransitionHandler@3c922c
05-23 17:17:35.331 957 1021 V WindowManagerShell: Transition doesn't have explicit remote, search filters for match for {id=33 t=OPEN f=0x0 trk=0 r=[0@Point(0, 0)] c=[{WCT{android.window.IWindowContainerToken$Stub$Proxy@4bd84fa} m=CHANGE f=MOVE_TO_TOP leash=Surface(name=Task=240)/@0xb4d31c sb=Rect(0, 0 - 1920, 1080) eb=Rect(0, 0 - 1920, 1080) d=0}]}
05-23 17:17:35.331 957 1021 V WindowManagerShell: Delegate animation for #33 to null
05-23 17:17:35.331 957 1021 V WindowManagerShell: try handler com.android.wm.shell.transition.DefaultTransitionHandler@85bd4f5
05-23 17:17:35.331 957 1021 V WindowManagerShell: start default transition animation, info = {id=33 t=OPEN f=0x0 trk=0 r=[0@Point(0, 0)] c=[{WCT{android.window.IWindowContainerToken$Stub$Proxy@4bd84fa} m=CHANGE f=MOVE_TO_TOP leash=Surface(name=Task=240)/@0xb4d31c sb=Rect(0, 0 - 1920, 1080) eb=Rect(0, 0 - 1920, 1080) d=0}]}
05-23 17:17:35.333 957 1021 V WindowManagerShell: Transition animation finished (aborted=false), notifying core (#33)android.os.BinderProxy@6f377f7@0
05-23 17:17:35.337 732 753 V WindowManager: Finish Transition #33: created at
05-23 17:17:35.187 collect-started=0.077ms request-sent=8.986ms started=11.624ms ready=134.953ms sent=139.372ms finished=147.364ms
05-23 17:17:35.343 732 3324 D CoreBackPreview: Window{ce6b44 u0 com.android.systemui/com.android.systemui.logcat.LogAccessDialogActivity}: Setting back callback OnBackInvokedCallbackInfo{mCallback=android.window.IOnBackInvokedCallback$Stub$Proxy@ec94629, mPriority=0, mIsAnimationCallback=false}
05-23 17:17:35.344 957 1021 V WindowManagerShell: Track 0 became idle
05-23 17:17:35.344 957 1021 V WindowManagerShell: All active transition animations finished
05-23 17:17:35.344 957 1021 V WindowManagerShell: animated by com.android.wm.shell.transition.DefaultTransitionHandler@85bd4f5
05-23 17:17:35.344 957 1021 V WindowManagerShell: Track 0 became idle
05-23 17:17:35.344 957 1021 V WindowManagerShell: All active transition animations finished
01-01 09:05:36.012 0 0 I [2 T365 ..] dp_put_file_ext: put_file=ffffff808da8af00, file_count=7
01-01 09:05:36.014 0 0 I [3 T688 ..] [snd-soc]: aml_audio_reset, reg 0xa, shift 9, use_vadtop 0
01-01 09:05:36.015 0 0 I [3 T688 ..] [snd-soc]: aml_audio_reset, reg 0xa, shift 14, use_vadtop 0
01-01 09:05:36.078 0 0 I [2 T688 ..] [snd-soc]: aml_audio_reset, reg 0xa, shift 9, use_vadtop 0
01-01 09:05:36.078 0 0 I [2 T688 ..] [snd-soc]: aml_audio_reset, reg 0xa, shift 14, use_vadtop 0
01-01 09:05:36.087 0 0 I [1 T292 ..] dp_buf: [0:87]di buf_mgr free
05-23 17:17:35.420 732 754 W ContextImpl: Calling a method in the system process without a qualified user: android.app.ContextImpl.startService:1899 com.android.server.wm.DisplayPolicy.lambda$focusChangedLw$5:2126 com.android.server.wm.DisplayPolicy.$r8$lambda$Znxk63oh-WzVnzo_WQefN7uxV48:0 com.android.server.wm.DisplayPolicy$$ExternalSyntheticLambda13.run:0 android.os.Handler.handleCallback:958
05-23 17:17:35.426 957 1021 D WindowManagerShell: TvPipController: onTaskStackChanged()
05-23 17:17:35.434 732 3324 D CoreBackPreview: Window{ce6b44 u0 com.android.systemui/com.android.systemui.logcat.LogAccessDialogActivity}: Setting back callback null
01-01 09:05:36.142 0 0 I [3 T688 ..] [snd-soc]: aml_audio_reset, reg 0xa, shift 9, use_vadtop 0
01-01 09:05:36.143 0 0 I [3 T688 ..] [snd-soc]: aml_audio_reset, reg 0xa, shift 14, use_vadtop 0
01-01 09:05:36.206 0 0 I [3 T688 ..] [snd-soc]: aml_audio_reset, reg 0xa, shift 9, use_vadtop 0
01-01 09:05:36.207 0 0 I [3 T688 ..] [snd-soc]: aml_audio_reset, reg 0xa, shift 14, use_vadtop 0
01-01 09:05:36.270 0 0 I [3 T688 ..] [snd-soc]: aml_audio_reset, reg 0xa, shift 9, use_vadtop 0
01-01 09:05:36.271 0 0 I [3 T688 ..] [snd-soc]: aml_audio_reset, reg 0xa, shift 14, use_vadtop 0
01-01 09:05:36.334 0 0 I [2 T688 ..] [snd-soc]: aml_audio_reset, reg 0xa, shift 9, use_vadtop 0
01-01 09:05:36.334 0 0 I [2 T688 ..] [snd-soc]: aml_audio_reset, reg 0xa, shift 14, use_vadtop 0
01-01 09:05:36.348 0 0 W : [2 T13435 ..] [SP FRAME TX] arp req,vif_idx:0 sender:[1c:79:2d:20:62:97 192.168.3.167]receiver:[00:00:00:00:00:00 192.168.3.2]
01-01 09:05:36.349 0 0 E : [1 T13469 ..] mediaproxy produce init [aml-vcodec-dec]
01-01 09:05:36.350 0 0 I : [1 T13469 ..] Mediaproxy is opened name[aml-vcodec-dec]\n
01-01 09:05:36.350 0 0 I : [1 T13469 ..] Mediaproxy is opened name[aml-vcodec-dec] end\n
01-01 09:05:36.351 0 0 E : [1 T13469 ..] mediaproxy produce start connect
01-01 09:05:36.352 0 0 I : [1 T13469 ..] find p kfifo size:[32][2]
01-01 09:05:36.353 0 0 I : [1 T13469 ..] mediaproxy_get_fifo get idx[2]
01-01 09:05:36.353 0 0 I : [1 T13469 ..] Session producer-2 is connected fifo idx [2]
01-01 09:05:36.360 0 0 E : [1 T13469 ..] mediaproxy produce connect [2]
01-01 09:05:36.360 0 0 I : [1 T13469 ..] mediaproxy produce msg type :0x40 module_name:aml-vcodec-dec
01-01 09:05:36.390 0 0 I : [1 T13469 ..] deinit session
01-01 09:05:36.390 0 0 I : [1 T13469 ..] deinit session producer-2
01-01 09:05:36.390 0 0 I : [1 T13469 ..] deinit has_unusing_fifo [1]
01-01 09:05:36.392 0 0 E : [1 T13469 ..] mediaproxy produce init [aml-vcodec-dec]
01-01 09:05:36.392 0 0 I : [1 T13469 ..] Mediaproxy is opened name[aml-vcodec-dec]\n
01-01 09:05:36.392 0 0 I : [1 T13469 ..] Mediaproxy is opened name[aml-vcodec-dec] end\n
01-01 09:05:36.393 0 0 E : [1 T13469 ..] mediaproxy produce start connect
01-01 09:05:36.394 0 0 I : [1 T13469 ..] success to alloc kfifo size:[32] i=[3]
01-01 09:05:36.395 0 0 I : [1 T13469 ..] find p kfifo size:[32][3]
01-01 09:05:36.396 0 0 I : [1 T13469 ..] mediaproxy_get_fifo get idx[3]
01-01 09:05:36.396 0 0 I : [1 T98 ..] p_fifo[2] name[aml-vcodec-dec] state[0] to MP_FIFO_UNUSED
01-01 09:05:36.398 0 0 I : [1 T13469 ..] Session producer-2 is connected fifo idx [3]
01-01 09:05:36.398 0 0 E : [1 T13469 ..] mediaproxy produce connect [3]
01-01 09:05:36.398 0 0 I [2 T688 ..] [snd-soc]: aml_audio_reset, reg 0xa, shift 9, use_vadtop 0
01-01 09:05:36.398 0 0 I : [1 T13469 ..] mediaproxy produce msg type :0x40 module_name:aml-vcodec-dec
01-01 09:05:36.399 0 0 I [2 T688 ..] [snd-soc]: aml_audio_reset, reg 0xa, shift 14, use_vadtop 0
01-01 09:05:36.407 0 0 I : [1 T13469 ..] deinit session
01-01 09:05:36.407 0 0 I : [1 T13469 ..] deinit session producer-2
01-01 09:05:36.408 0 0 I : [1 T13469 ..] deinit has_unusing_fifo [1]
01-01 09:05:36.408 0 0 I : [1 T98 ..] p_fifo[3] name[aml-vcodec-dec] state[0] to MP_FIFO_UNUSED
01-01 09:05:36.410 0 0 I : [1 T13469 ..] codec mem info:
01-01 09:05:36.410 0 0 I : [1 T13469 ..] total codec mem size:364 MB
01-01 09:05:36.411 0 0 I : [1 T13469 ..] alloced size= 0 MB
01-01 09:05:36.411 0 0 I : [1 T13469 ..] max alloced: 119 MB
01-01 09:05:36.412 0 0 I [1 T13469 ..] CMA: 0,RES:0,TVP:0,SYS:0,COHER:0,VMAPED:0 MB
01-01 09:05:36.413 0 0 I [1 T13469 ..] RES_EXT: 0 MB
01-01 09:05:36.413 0 0 I : [1 T13469 ..] [4]CMA size:364 MB:alloced: 0 MB,free:364 MB
01-01 09:05:36.414 0 0 I : [1 T13469 ..] codec mem info:
01-01 09:05:36.414 0 0 I : [1 T13469 ..] total codec mem size:364 MB
01-01 09:05:36.415 0 0 I : [1 T13469 ..] alloced size= 0 MB
01-01 09:05:36.416 0 0 I : [1 T13469 ..] max alloced: 119 MB
01-01 09:05:36.416 0 0 I [1 T13469 ..] CMA: 0,RES:0,TVP:0,SYS:0,COHER:0,VMAPED:0 MB
01-01 09:05:36.417 0 0 I [1 T13469 ..] RES_EXT: 0 MB
01-01 09:05:36.417 0 0 I : [1 T13469 ..] [4]CMA size:364 MB:alloced: 0 MB,free:364 MB
01-01 09:05:36.420 0 0 E : [2 T13476 ..] mediaproxy produce init [aml-vcodec-dec]
01-01 09:05:36.420 0 0 I : [2 T13476 ..] Mediaproxy is opened name[aml-vcodec-dec]\n
01-01 09:05:36.420 0 0 I : [2 T13476 ..] Mediaproxy is opened name[aml-vcodec-dec] end\n
01-01 09:05:36.421 0 0 E : [2 T13476 ..] mediaproxy produce start connect
01-01 09:05:36.422 0 0 I : [2 T13476 ..] find p kfifo size:[32][2]
01-01 09:05:36.423 0 0 I : [2 T13476 ..] mediaproxy_get_fifo get idx[2]
01-01 09:05:36.424 0 0 I : [2 T13476 ..] Session producer-2 is connected fifo idx [2]
01-01 09:05:36.424 0 0 E : [2 T13476 ..] mediaproxy produce connect [2]
01-01 09:05:36.425 0 0 I : [2 T13476 ..] mediaproxy produce msg type :0x40 module_name:aml-vcodec-dec
01-01 09:05:36.433 0 0 I : [2 T13476 ..] deinit session
01-01 09:05:36.433 0 0 I : [2 T13476 ..] deinit session producer-2
01-01 09:05:36.433 0 0 I : [2 T13476 ..] deinit has_unusing_fifo [1]
01-01 09:05:36.434 0 0 I : [1 T98 ..] p_fifo[2] name[aml-vcodec-dec] state[0] to MP_FIFO_UNUSED
01-01 09:05:36.434 0 0 E : [2 T13476 ..] mediaproxy produce init [aml-vcodec-dec]
01-01 09:05:36.435 0 0 I : [2 T13476 ..] Mediaproxy is opened name[aml-vcodec-dec]\n
01-01 09:05:36.435 0 0 I : [2 T13476 ..] Mediaproxy is opened name[aml-vcodec-dec] end\n
01-01 09:05:36.436 0 0 E : [2 T13476 ..] mediaproxy produce start connect
01-01 09:05:36.438 0 0 I : [2 T13476 ..] find p kfifo size:[32][2]
01-01 09:05:36.438 0 0 I : [2 T13476 ..] mediaproxy_get_fifo get idx[2]
01-01 09:05:36.439 0 0 I : [2 T13476 ..] Session producer-2 is connected fifo idx [2]
01-01 09:05:36.440 0 0 E : [2 T13476 ..] mediaproxy produce connect [2]
01-01 09:05:36.441 0 0 I : [2 T13476 ..] mediaproxy produce msg type :0x40 module_name:aml-vcodec-dec
01-01 09:05:36.442 0 0 I [2 T13476 ..] [amlv4l]: [91]: DW:10, TW:0, Margin:6
01-01 09:05:36.443 0 0 D [1 T13481 ..] [amlcom]: vdec_create instance 000000007b8be699, total 1, PM: power-domain
01-01 09:05:36.443 0 0 D [1 T13481 ..] [media_clock]: vdec mux clock is 799999988 Hz
01-01 09:05:36.444 0 0 I [2 T13481 ..] [amlcom]: dos_local_config end, id 0, is_on 1
01-01 09:05:36.444 0 0 I [2 T13481 ..] [amlcom]: vdec_init, dev_name:ammvdec_h264_v4l, vdec_type=VDEC_TYPE_FRAME_BLOCK, format: 2, total: 1
01-01 09:05:36.446 0 0 D [2 T13481 ..] [h264]: 0: pdata->config=parm_v4l_codec_enable:1;mh264_double_write_mode:16;parm_v4l_buffer_margin:6;parm_v4l_canvas_mem_mode:0;parm_v4l_canvas_mem_endian:0;parm_v4l_low_latency_mode:0;parm_v4l_metadata_config_flag:1050626;parm_v4l_duration:0;parm_v4l_error_handle_info:0;
01-01 09:05:36.446 0 0 D [2 T13481 ..] [h264]: 0: ammvdec_h264_probe error_proc_policy 0x813fcff7 mb_count_threshold 0
01-01 09:05:36.446 0 0 D [2 T13481 ..] [h264]: ammvdec_h264_bmmu_init tvp = 0x0
01-01 09:05:36.454 0 0 D [2 T13481 ..] [media_clock]: vdec mux clock is 799999988 Hz
01-01 09:05:36.454 0 0 D [2 T13481 ..] [h264]: vh264_init, phy_addr=cee29000 vaddr=0000000053ad3195
01-01 09:05:36.455 0 0 I [2 T13469 ..] [amlv4l]: [91]: set vf duration: c80
01-01 09:05:36.462 0 0 I [3 T688 ..] [snd-soc]: aml_audio_reset, reg 0xa, shift 9, use_vadtop 0
01-01 09:05:36.463 0 0 I [3 T688 ..] [snd-soc]: aml_audio_reset, reg 0xa, shift 14, use_vadtop 0
01-01 09:05:36.480 0 0 D [3 T7945 ..] [h264]: 0: vmh264_get_ps_info mmu_enable 0 double_write_mode 0x10
01-01 09:05:36.480 0 0 I [3 T7945 ..] [amlv4l]: [91]: Parse from ucode, visible(1280 x 720), coded(1280 x 768), scan:P, bitdepth(0), dw(10)
01-01 09:05:36.485 0 0 I [0 T13481 ..] [amlv4l]: [91]: Picture buffer count: dec:5, vpp:0, ge2d:0, margin:6, total:11
01-01 09:05:36.487 0 0 D [0 T13481 ..] [amlv4l]: [91]: Post event: res chg
01-01 09:05:36.488 0 0 W : [0 T13481 .s] [SP FRAME TX] arp req,vif_idx:0 sender:[1c:79:2d:20:62:97 192.168.3.167]receiver:[00:00:00:00:00:00 192.168.3.53]
01-01 09:05:36.505 0 0 D [3 T7945 ..] [h264]: 0: restriction_flag=0, max_dec_frame_buffering=4, dec_dpb_size=5 num_reorder_frames 3 used_reorder_dpb_size_margin 6
01-01 09:05:36.510 0 0 D [0 T266 ..] [h264]: 0: decoder duration change old: 0 new: 1920
01-01 09:05:36.526 0 0 I [3 T688 ..] [snd-soc]: aml_audio_reset, reg 0xa, shift 9, use_vadtop 0
01-01 09:05:36.526 0 0 I [3 T688 ..] [snd-soc]: aml_audio_reset, reg 0xa, shift 14, use_vadtop 0
01-01 09:05:36.590 0 0 I [3 T688 ..] [snd-soc]: aml_audio_reset, reg 0xa, shift 9, use_vadtop 0
01-01 09:05:36.591 0 0 I [3 T688 ..] [snd-soc]: aml_audio_reset, reg 0xa, shift 14, use_vadtop 0
01-01 09:05:36.632 0 0 I : [0 T365 ..] di_process_open iminor(inode) =0
01-01 09:05:36.633 0 0 I [0 T365 ..] dim: reg:use[1]ms
01-01 09:05:36.633 0 0 I [0 T365 ..] dim: ins:create:ch[2],tmode[3]
01-01 09:05:36.633 0 0 I [0 T365 ..] dim: out:0x80000000
01-01 09:05:36.645 0 0 E [0 T365 ..] dp: [0]no hdr10+ data.
01-01 09:05:36.645 0 0 E [0 T365 ..] dp: [0]no meta_data.
01-01 09:05:36.646 0 0 E [0 T365 ..] dp: [0]invalid ud param.
01-01 09:05:36.646 0 0 I [3 T108 ..] dim: value reg:ch[2]:fix_buf:0;ponly <0,0> post_nub=5
01-01 09:05:36.647 0 0 I [0 T365 ..] VID: VD1 off
01-01 09:05:36.647 0 0 I [3 T108 ..] dim: di_cnt_i_buf1:tvp:0
01-01 09:05:36.648 0 0 I [0 T365 ..] vc: [0]vc: set enable index=0, val=1
01-01 09:05:36.648 0 0 I [3 T108 ..] dim: di_reg_setting:ch[2]:for first ch reg:
01-01 09:05:36.649 0 0 I [2 T365 ..] VID: VD1 off
01-01 09:05:36.650 0 0 I [3 T108 ..] dim: ch[2]:reg:mem cfg[0][0][0]
01-01 09:05:36.650 0 0 I [0 T365 ..] VID: VD1 set global output as 1
01-01 09:05:36.651 0 0 I [3 T108 ..] dim: ch[2]:bypass change:i:0->1:0x60
01-01 09:05:36.652 0 0 I [1 T365 ..] VID: store VD0 path_id changed -1->2
01-01 09:05:36.653 0 0 I [2 T365 ..] vc: [0]sideband_type =-1
01-01 09:05:36.654 0 0 I [3 T688 ..] [snd-soc]: aml_audio_reset, reg 0xa, shift 9, use_vadtop 0
01-01 09:05:36.655 0 0 I [3 T688 ..] [snd-soc]: aml_audio_reset, reg 0xa, shift 14, use_vadtop 0
01-01 09:05:36.718 0 0 I [3 T688 ..] [snd-soc]: aml_audio_reset, reg 0xa, shift 9, use_vadtop 0
01-01 09:05:36.718 0 0 I [3 T688 ..] [snd-soc]: aml_audio_reset, reg 0xa, shift 14, use_vadtop 0
01-01 09:05:36.782 0 0 I [3 T688 ..] [snd-soc]: aml_audio_reset, reg 0xa, shift 9, use_vadtop 0
01-01 09:05:36.782 0 0 I [3 T688 ..] [snd-soc]: aml_audio_reset, reg 0xa, shift 14, use_vadtop 0
01-01 09:05:36.846 0 0 I [3 T688 ..] [snd-soc]: aml_audio_reset, reg 0xa, shift 9, use_vadtop 0
01-01 09:05:36.847 0 0 I [3 T688 ..] [snd-soc]: aml_audio_reset, reg 0xa, shift 14, use_vadtop 0
01-01 09:05:36.872 0 0 W : [0 T13435 ..] [SP FRAME TX] arp req,vif_idx:0 sender:[1c:79:2d:20:62:97 192.168.3.167]receiver:[00:00:00:00:00:00 192.168.3.3]
01-01 09:05:36.911 0 0 I [3 T688 ..] [snd-soc]: aml_audio_reset, reg 0xa, shift 9, use_vadtop 0
01-01 09:05:36.911 0 0 I [3 T688 ..] [snd-soc]: aml_audio_reset, reg 0xa, shift 14, use_vadtop 0
01-01 09:05:36.975 0 0 I [3 T688 ..] [snd-soc]: aml_audio_reset, reg 0xa, shift 9, use_vadtop 0
01-01 09:05:36.975 0 0 I [3 T688 ..] [snd-soc]: aml_audio_reset, reg 0xa, shift 14, use_vadtop 0
01-01 09:05:37.039 0 0 I [3 T688 ..] [snd-soc]: aml_audio_reset, reg 0xa, shift 9, use_vadtop 0
01-01 09:05:37.039 0 0 I [3 T688 ..] [snd-soc]: aml_audio_reset, reg 0xa, shift 14, use_vadtop 0
01-01 09:05:37.103 0 0 I [3 T688 ..] [snd-soc]: aml_audio_reset, reg 0xa, shift 9, use_vadtop 0
01-01 09:05:37.103 0 0 I [3 T688 ..] [snd-soc]: aml_audio_reset, reg 0xa, shift 14, use_vadtop 0
01-01 09:05:37.166 0 0 I [3 T688 ..] [snd-soc]: aml_audio_reset, reg 0xa, shift 9, use_vadtop 0
01-01 09:05:37.166 0 0 I [3 T688 ..] [snd-soc]: aml_audio_reset, reg 0xa, shift 14, use_vadtop 0
01-01 09:05:37.230 0 0 I [2 T688 ..] [snd-soc]: aml_audio_reset, reg 0xa, shift 9, use_vadtop 0
01-01 09:05:37.231 0 0 I [2 T688 ..] [snd-soc]: aml_audio_reset, reg 0xa, shift 14, use_vadtop 0
01-01 09:05:37.294 0 0 I [3 T688 ..] [snd-soc]: aml_audio_reset, reg 0xa, shift 9, use_vadtop 0
01-01 09:05:37.294 0 0 I [3 T688 ..] [snd-soc]: aml_audio_reset, reg 0xa, shift 14, use_vadtop 0
01-01 09:05:37.352 0 0 W : [2 T0 .s] [SP FRAME TX] arp req,vif_idx:0 sender:[1c:79:2d:20:62:97 192.168.3.167]receiver:[00:00:00:00:00:00 192.168.3.2]
01-01 09:05:37.358 0 0 I [2 T688 ..] [snd-soc]: aml_audio_reset, reg 0xa, shift 9, use_vadtop 0
01-01 09:05:37.359 0 0 I [2 T688 ..] [snd-soc]: aml_audio_reset, reg 0xa, shift 14, use_vadtop 0
01-01 09:05:37.385 0 0 W : [3 T13435 ..] [SP FRAME TX] arp req,vif_idx:0 sender:[1c:79:2d:20:62:97 192.168.3.167]receiver:[00:00:00:00:00:00 192.168.3.4]
01-01 09:05:37.422 0 0 I [2 T688 ..] [snd-soc]: aml_audio_reset, reg 0xa, shift 9, use_vadtop 0
01-01 09:05:37.423 0 0 I [2 T688 ..] [snd-soc]: aml_audio_reset, reg 0xa, shift 14, use_vadtop 0
01-01 09:05:37.486 0 0 I [3 T688 ..] [snd-soc]: aml_audio_reset, reg 0xa, shift 9, use_vadtop 0
01-01 09:05:37.487 0 0 I [3 T688 ..] [snd-soc]: aml_audio_reset, reg 0xa, shift 14, use_vadtop 0
01-01 09:05:37.512 0 0 W : [0 T13 .s] [SP FRAME TX] arp req,vif_idx:0 sender:[1c:79:2d:20:62:97 192.168.3.167]receiver:[00:00:00:00:00:00 192.168.3.53]
01-01 09:05:37.550 0 0 I [3 T688 ..] [snd-soc]: aml_audio_reset, reg 0xa, shift 9, use_vadtop 0
01-01 09:05:37.551 0 0 I [3 T688 ..] [snd-soc]: aml_audio_reset, reg 0xa, shift 14, use_vadtop 0
01-01 09:05:37.614 0 0 I [3 T688 ..] [snd-soc]: aml_audio_reset, reg 0xa, shift 9, use_vadtop 0
01-01 09:05:37.614 0 0 I [3 T688 ..] [snd-soc]: aml_audio_reset, reg 0xa, shift 14, use_vadtop 0
01-01 09:05:37.678 0 0 I [2 T688 ..] [snd-soc]: aml_audio_reset, reg 0xa, shift 9, use_vadtop 0
01-01 09:05:37.679 0 0 I [2 T688 ..] [snd-soc]: aml_audio_reset, reg 0xa, shift 14, use_vadtop 0
01-01 09:05:37.742 0 0 I [3 T688 ..] [snd-soc]: aml_audio_reset, reg 0xa, shift 9, use_vadtop 0
01-01 09:05:37.743 0 0 I [3 T688 ..] [snd-soc]: aml_audio_reset, reg 0xa, shift 14, use_vadtop 0
01-01 09:05:37.806 0 0 I [2 T688 ..] [snd-soc]: aml_audio_reset, reg 0xa, shift 9, use_vadtop 0
01-01 09:05:37.807 0 0 I [2 T688 ..] [snd-soc]: aml_audio_reset, reg 0xa, shift 14, use_vadtop 0
01-01 09:05:37.870 0 0 I [3 T688 ..] [snd-soc]: aml_audio_reset, reg 0xa, shift 9, use_vadtop 0
01-01 09:05:37.870 0 0 I [3 T688 ..] [snd-soc]: aml_audio_reset, reg 0xa, shift 14, use_vadtop 0
01-01 09:05:37.896 0 0 W : [0 T13 .s] [SP FRAME TX] arp req,vif_idx:0 sender:[1c:79:2d:20:62:97 192.168.3.167]receiver:[00:00:00:00:00:00 192.168.3.3]
01-01 09:05:37.897 0 0 W : [0 T13 .s] [SP FRAME TX] arp req,vif_idx:0 sender:[1c:79:2d:20:62:97 192.168.3.167]receiver:[00:00:00:00:00:00 192.168.3.5]
01-01 09:05:37.903 0 0 W : [1 T948 ..] [SP FRAME RX] arp rsp,vif_idx:0 sender:[b0:dc:ef:39:56:8e 192.168.3.5]receiver:[1c:79:2d:20:62:97 192.168.3.167]
01-01 09:05:37.934 0 0 I [2 T688 ..] [snd-soc]: aml_audio_reset, reg 0xa, shift 9, use_vadtop 0
01-01 09:05:37.935 0 0 I [2 T688 ..] [snd-soc]: aml_audio_reset, reg 0xa, shift 14, use_vadtop 0
01-01 09:05:37.998 0 0 I [3 T688 ..] [snd-soc]: aml_audio_reset, reg 0xa, shift 9, use_vadtop 0
01-01 09:05:37.998 0 0 I [3 T688 ..] [snd-soc]: aml_audio_reset, reg 0xa, shift 14, use_vadtop 0
01-01 09:05:38.062 0 0 I [3 T688 ..] [snd-soc]: aml_audio_reset, reg 0xa, shift 9, use_vadtop 0
01-01 09:05:38.063 0 0 I [3 T688 ..] [snd-soc]: aml_audio_reset, reg 0xa, shift 14, use_vadtop 0
01-01 09:05:38.126 0 0 I [2 T688 ..] [snd-soc]: aml_audio_reset, reg 0xa, shift 9, use_vadtop 0
01-01 09:05:38.127 0 0 I [2 T688 ..] [snd-soc]: aml_audio_reset, reg 0xa, shift 14, use_vadtop 0
01-01 09:05:38.190 0 0 I [3 T688 ..] [snd-soc]: aml_audio_reset, reg 0xa, shift 9, use_vadtop 0
01-01 09:05:38.190 0 0 I [3 T688 ..] [snd-soc]: aml_audio_reset, reg 0xa, shift 14, use_vadtop 0
01-01 09:05:38.254 0 0 I [2 T688 ..] [snd-soc]: aml_audio_reset, reg 0xa, shift 9, use_vadtop 0
01-01 09:05:38.254 0 0 I [2 T688 ..] [snd-soc]: aml_audio_reset, reg 0xa, shift 14, use_vadtop 0
01-01 09:05:38.280 0 0 W : [1 T13205 .s] [SP FRAME TX] arp req,vif_idx:0 sender:[1c:79:2d:20:62:97 192.168.3.167]receiver:[00:00:00:00:00:00 192.168.3.137]
01-01 09:05:38.318 0 0 I [2 T688 ..] [snd-soc]: aml_audio_reset, reg 0xa, shift 9, use_vadtop 0
01-01 09:05:38.318 0 0 I [2 T688 ..] [snd-soc]: aml_audio_reset, reg 0xa, shift 14, use_vadtop 0
01-01 09:05:38.376 0 0 W : [2 T0 .s] [SP FRAME TX] arp req,vif_idx:0 sender:[1c:79:2d:20:62:97 192.168.3.167]receiver:[00:00:00:00:00:00 192.168.3.2]
01-01 09:05:38.383 0 0 I [2 T688 ..] [snd-soc]: aml_audio_reset, reg 0xa, shift 9, use_vadtop 0
01-01 09:05:38.383 0 0 I [2 T688 ..] [snd-soc]: aml_audio_reset, reg 0xa, shift 14, use_vadtop 0
01-01 09:05:38.384 0 0 W : [1 T948 ..] [SP FRAME RX] arp rsp,vif_idx:0 sender:[1a:c7:63:a3:06:ca 192.168.3.137]receiver:[1c:79:2d:20:62:97 192.168.3.167]
01-01 09:05:38.408 0 0 W : [0 T13435 ..] [SP FRAME TX] arp req,vif_idx:0 sender:[1c:79:2d:20:62:97 192.168.3.167]receiver:[00:00:00:00:00:00 192.168.3.6]
01-01 09:05:38.412 0 0 W : [3 T0 .s] [SP FRAME TX] arp req,vif_idx:0 sender:[1c:79:2d:20:62:97 192.168.3.167]receiver:[00:00:00:00:00:00 192.168.3.4]
01-01 09:05:38.447 0 0 I [2 T688 ..] [snd-soc]: aml_audio_reset, reg 0xa, shift 9, use_vadtop 0
01-01 09:05:38.447 0 0 I [2 T688 ..] [snd-soc]: aml_audio_reset, reg 0xa, shift 14, use_vadtop 0
01-01 09:05:38.510 0 0 I [2 T688 ..] [snd-soc]: aml_audio_reset, reg 0xa, shift 9, use_vadtop 0
01-01 09:05:38.511 0 0 I [2 T688 ..] [snd-soc]: aml_audio_reset, reg 0xa, shift 14, use_vadtop 0
01-01 09:05:38.536 0 0 W : [0 T0 .s] [SP FRAME TX] arp req,vif_idx:0 sender:[1c:79:2d:20:62:97 192.168.3.167]receiver:[00:00:00:00:00:00 192.168.3.53]
01-01 09:05:38.575 0 0 I [2 T688 ..] [snd-soc]: aml_audio_reset, reg 0xa, shift 9, use_vadtop 0
01-01 09:05:38.575 0 0 I [3 T688 ..] [snd-soc]: aml_audio_reset, reg 0xa, shift 14, use_vadtop 0
01-01 09:05:38.638 0 0 I [2 T688 ..] [snd-soc]: aml_audio_reset, reg 0xa, shift 9, use_vadtop 0
01-01 09:05:38.639 0 0 I [2 T688 ..] [snd-soc]: aml_audio_reset, reg 0xa, shift 14, use_vadtop 0
01-01 09:05:38.702 0 0 I [3 T688 ..] [snd-soc]: aml_audio_reset, reg 0xa, shift 9, use_vadtop 0
01-01 09:05:38.703 0 0 I [3 T688 ..] [snd-soc]: aml_audio_reset, reg 0xa, shift 14, use_vadtop 0
01-01 09:05:38.766 0 0 I [2 T688 ..] [snd-soc]: aml_audio_reset, reg 0xa, shift 9, use_vadtop 0
01-01 09:05:38.767 0 0 I [2 T688 ..] [snd-soc]: aml_audio_reset, reg 0xa, shift 14, use_vadtop 0
01-01 09:05:38.831 0 0 I [3 T688 ..] [snd-soc]: aml_audio_reset, reg 0xa, shift 9, use_vadtop 0
01-01 09:05:38.831 0 0 I [3 T688 ..] [snd-soc]: aml_audio_reset, reg 0xa, shift 14, use_vadtop 0
01-01 09:05:38.895 0 0 I [3 T688 ..] [snd-soc]: aml_audio_reset, reg 0xa, shift 9, use_vadtop 0
01-01 09:05:38.895 0 0 I [3 T688 ..] [snd-soc]: aml_audio_reset, reg 0xa, shift 14, use_vadtop 0
01-01 09:05:38.920 0 0 W : [0 T0 .s] [SP FRAME TX] arp req,vif_idx:0 sender:[1c:79:2d:20:62:97 192.168.3.167]receiver:[00:00:00:00:00:00 192.168.3.3]
01-01 09:05:38.921 0 0 W : [0 T13435 ..] [SP FRAME TX] arp req,vif_idx:0 sender:[1c:79:2d:20:62:97 192.168.3.167]receiver:[00:00:00:00:00:00 192.168.3.7]
05-23 17:17:38.274 732 1439 E TaskPersister: File error accessing recents directory (directory doesn't exist?).
01-01 09:05:38.958 0 0 I [2 T688 ..] [snd-soc]: aml_audio_reset, reg 0xa, shift 9, use_vadtop 0
01-01 09:05:38.959 0 0 I [2 T688 ..] [snd-soc]: aml_audio_reset, reg 0xa, shift 14, use_vadtop 0
01-01 09:05:39.022 0 0 I [3 T688 ..] [snd-soc]: aml_audio_reset, reg 0xa, shift 9, use_vadtop 0
01-01 09:05:39.023 0 0 I [3 T688 ..] [snd-soc]: aml_audio_reset, reg 0xa, shift 14, use_vadtop 0
01-01 09:05:39.087 0 0 I [3 T688 ..] [snd-soc]: aml_audio_reset, reg 0xa, shift 9, use_vadtop 0
01-01 09:05:39.087 0 0 I [3 T688 ..] [snd-soc]: aml_audio_reset, reg 0xa, shift 14, use_vadtop 0
01-01 09:05:39.150 0 0 I [2 T688 ..] [snd-soc]: aml_audio_reset, reg 0xa, shift 9, use_vadtop 0
01-01 09:05:39.151 0 0 I [2 T688 ..] [snd-soc]: aml_audio_reset, reg 0xa, shift 14, use_vadtop 0
01-01 09:05:39.214 0 0 I [3 T688 ..] [snd-soc]: aml_audio_reset, reg 0xa, shift 9, use_vadtop 0
01-01 09:05:39.215 0 0 I [3 T688 ..] [snd-soc]: aml_audio_reset, reg 0xa, shift 14, use_vadtop 0
01-01 09:05:39.278 0 0 I [2 T688 ..] [snd-soc]: aml_audio_reset, reg 0xa, shift 9, use_vadtop 0
01-01 09:05:39.279 0 0 I [2 T688 ..] [snd-soc]: aml_audio_reset, reg 0xa, shift 14, use_vadtop 0
01-01 09:05:39.343 0 0 I [2 T688 ..] [snd-soc]: aml_audio_reset, reg 0xa, shift 9, use_vadtop 0
01-01 09:05:39.343 0 0 I [2 T688 ..] [snd-soc]: aml_audio_reset, reg 0xa, shift 14, use_vadtop 0
01-01 09:05:39.407 0 0 I [3 T688 ..] [snd-soc]: aml_audio_reset, reg 0xa, shift 9, use_vadtop 0
01-01 09:05:39.407 0 0 I [3 T688 ..] [snd-soc]: aml_audio_reset, reg 0xa, shift 14, use_vadtop 0
01-01 09:05:39.432 0 0 W : [0 T0 .s] [SP FRAME TX] arp req,vif_idx:0 sender:[1c:79:2d:20:62:97 192.168.3.167]receiver:[00:00:00:00:00:00 192.168.3.6]
01-01 09:05:39.433 0 0 W : [0 T0 .s] [SP FRAME TX] arp req,vif_idx:0 sender:[1c:79:2d:20:62:97 192.168.3.167]receiver:[00:00:00:00:00:00 192.168.3.4]
