05-23 17:15:14.278 732 753 V WindowManager: Sent Transition #27 createdAt=05-23 17:15:14.250 via request=TransitionRequestInfo { type = 2, triggerTask = TaskInfo{userId=0 taskId=237 displayId=0 isRunning=false baseIntent=Intent { dat=haqu://setting:8080/... flg=0x10000000 pkg=com.dangbei.haqusetting cmp=com.dangbei.haqusetting/.ui.HomeActivity } baseActivity=null topActivity=null origActivity=null realActivity=ComponentInfo{com.dangbei.haqusetting/com.dangbei.haqusetting.ui.HomeActivity} numActivities=0 lastActiveTime=3694644 supportsMultiWindow=true resizeMode=1 isResizeable=true minWidth=-1 minHeight=-1 defaultMinSize=220 token=WCT{RemoteToken{efd0c2e Task{5e4b52c #237 type=standard A=1000:com.dangbei.haqusetting}}} topActivityType=1 pictureInPictureParams=null shouldDockBigOverlays=false launchIntoPipHostTaskId=-1 lastParentTaskIdBeforePip=-1 displayCutoutSafeInsets=null topActivityInfo=null launchCookies=[] positionInParent=Point(0, 0) parentTaskId=-1 isFocused=true isVisible=true isVisibleRequested=true isSleeping=false topActivityInSizeCompat=false topActivityEligibleForLetterboxEducation= false isLetterboxDoubleTapEnabled= false topActivityEligibleForUserAspectRatioButton= false topActivityBoundsLetterboxed= false isFromLetterboxDoubleTap= false topActivityLetterboxVerticalPosition= -1 topActivityLetterboxHorizontalPosition= -1 topActivityLetterboxWidth=-1 topActivityLetterboxHeight=-1 isUserFullscreenOverrideEnabled=false isTopActivityTransparent=false locusId=null displayAreaFeatureId=1 cameraCompatControlState=hidden}, remoteTransition = null, displayChange = null, flags = 0 }
05-23 17:15:14.278 732 753 V WindowManager: startWCT=WindowContainerTransaction { changes = {} hops = [] errorCallbackToken=null taskFragmentOrganizer=null }
05-23 17:15:14.278 957 1021 V WindowManagerShell: loadAnimation: anim=android.view.animation.AlphaAnimation@aea10a animAttr=0x7 type=CLOSE isEntrance=false
05-23 17:15:14.278 732 753 V WindowManager: info={id=27 t=CLOSE f=0x0 trk=0 r=[0@Point(0, 0)] c=[{WCT{RemoteToken{efd0c2e Task{5e4b52c #237 type=standard A=1000:com.dangbei.haqusetting}}} m=CLOSE f=TRANSLUCENT leash=Surface(name=Task=237)/@0x8b0373 sb=Rect(0, 0 - 1920, 1080) eb=Rect(0, 0 - 1920, 1080) d=0}]}
05-23 17:15:14.279 732 2913 W ActivityTaskManager: Finishing task with all activities already finished
05-23 17:15:14.279 732 2913 W ActivityTaskManager: Duplicate finish request for r=ActivityRecord{6ce84df u0 com.dangbei.haqusetting/.ui.HomeActivity t237 f}}
05-23 17:15:14.279 957 1021 V WindowManagerShell: animated by com.android.wm.shell.transition.DefaultTransitionHandler@85bd4f5
05-23 17:15:14.291 732 756 W ProcessStats: Tracking association SourceState{1ebb351 com.ktcp.video:daemon/10077 Fgs #1283} whose proc state 3 is better than process ProcessState{3283533 com.ktcp.video/10077 pkg=com.ktcp.video} proc state 10 (2 skipped)
05-23 17:15:14.311 732 11597 D CoreBackPreview: Window{4667dc4 u0 com.dangbei.haqusetting/com.dangbei.haqusetting.ui.HomeActivity}: Setting back callback null
05-23 17:15:14.364 732 754 W ContextImpl: Calling a method in the system process without a qualified user: android.app.ContextImpl.startService:1899 com.android.server.wm.DisplayPolicy.lambda$focusChangedLw$5:2126 com.android.server.wm.DisplayPolicy.$r8$lambda$Znxk63oh-WzVnzo_WQefN7uxV48:0 com.android.server.wm.DisplayPolicy$$ExternalSyntheticLambda13.run:0 android.os.Handler.handleCallback:958
05-23 17:15:14.368 957 1021 D WindowManagerShell: TvPipController: onTaskStackChanged()
05-23 17:15:14.684 957 1021 V WindowManagerShell: Transition animation finished (aborted=false), notifying core (#27)android.os.BinderProxy@c498eb9@0
05-23 17:15:14.686 732 753 V WindowManager: Finish Transition #27: created at
05-23 17:15:14.250 collect-started=0.102ms request-sent=0.251ms started=5.977ms ready=15.454ms sent=22.187ms finished=434.351ms
05-23 17:15:14.695 957 1021 V WindowManagerShell: Track 0 became idle
05-23 17:15:14.695 957 1021 V WindowManagerShell: All active transition animations finished
01-01 09:03:15.432 0 0 W : [1 T0 .s] [SP FRAME TX] arp req,vif_idx:0 sender:[1c:79:2d:20:62:97 192.168.3.167]receiver:[00:00:00:00:00:00 192.168.3.53]
01-01 09:03:16.456 0 0 W : [1 T0 .s] [SP FRAME TX] arp req,vif_idx:0 sender:[1c:79:2d:20:62:97 192.168.3.167]receiver:[00:00:00:00:00:00 192.168.3.53]
01-01 09:03:17.480 0 0 W : [1 T0 .s] [SP FRAME TX] arp req,vif_idx:0 sender:[1c:79:2d:20:62:97 192.168.3.167]receiver:[00:00:00:00:00:00 192.168.3.53]
05-23 17:15:17.699 732 1439 E TaskPersister: File error accessing recents directory (directory doesn't exist?).
01-01 09:03:18.504 0 0 W : [1 T0 .s] [SP FRAME TX] arp req,vif_idx:0 sender:[1c:79:2d:20:62:97 192.168.3.167]receiver:[00:00:00:00:00:00 192.168.3.53]
01-01 09:03:19.528 0 0 W : [1 T0 .s] [SP FRAME TX] arp req,vif_idx:0 sender:[1c:79:2d:20:62:97 192.168.3.167]receiver:[00:00:00:00:00:00 192.168.3.53]
01-01 09:03:20.552 0 0 W : [1 T0 .s] [SP FRAME TX] arp req,vif_idx:0 sender:[1c:79:2d:20:62:97 192.168.3.167]receiver:[00:00:00:00:00:00 192.168.3.53]
01-01 09:03:21.576 0 0 W : [1 T0 .s] [SP FRAME TX] arp req,vif_idx:0 sender:[1c:79:2d:20:62:97 192.168.3.167]receiver:[00:00:00:00:00:00 192.168.3.53]
05-23 17:15:21.403 732 3324 E Transition: Trying to add a ready-group twice: Display{#0 state=ON size=1920x1080 ROTATION_0}
05-23 17:15:21.406 957 1021 V WindowManagerShell: Transition requested: android.os.BinderProxy@2a15bf1 TransitionRequestInfo { type = 1, triggerTask = TaskInfo{userId=0 taskId=226 displayId=0 isRunning=true baseIntent=Intent { act=android.intent.action.MAIN cat=[android.intent.category.HOME] flg=0x10800100 cmp=com.dangbei.leard.leradlauncher/com.dangbei.launcher.home.LauncherActivity } baseActivity=ComponentInfo{com.dangbei.leard.leradlauncher/com.dangbei.launcher.home.LauncherActivity} topActivity=ComponentInfo{com.dangbei.leard.leradlauncher/com.dangbei.launcher.secondary.video.VideoSecondaryActivity} origActivity=null realActivity=ComponentInfo{com.dangbei.leard.leradlauncher/com.dangbei.launcher.home.LauncherActivity} numActivities=2 lastActiveTime=3818155 supportsMultiWindow=true resizeMode=0 isResizeable=false minWidth=-1 minHeight=-1 defaultMinSize=220 token=WCT{android.window.IWindowContainerToken$Stub$Proxy@61dc3d6} topActivityType=2 pictureInPictureParams=null shouldDockBigOverlays=true launchIntoPipHostTaskId=-1 lastParentTaskIdBeforePip=-1 displayCutoutSafeInsets=null topActivityInfo=ActivityInfo{9dbc657 com.dangbei.launcher.secondary.video.VideoSecondaryActivity} launchCookies=[] positionInParent=Point(0, 0) parentTaskId=-1 isFocused=true isVisible=true isVisibleRequested=true isSleeping=false topActivityInSizeCompat=false topActivityEligibleForLetterboxEducation= false isLetterboxDoubleTapEnabled= false topActivityEligibleForUserAspectRatioButton= false topActivityBoundsLetterboxed= false isFromLetterboxDoubleTap= false topActivityLetterboxVerticalPosition= -1 topActivityLetterboxHorizontalPosition= -1 topActivityLetterboxWidth=-1 topActivityLetterboxHeight=-1 isUserFullscreenOverrideEnabled=false isTopActivityTransparent=false locusId=null displayAreaFeatureId=1 cameraCompatControlState=hidden}, remoteTransition = null, displayChange = null, flags = 0 }
05-23 17:15:21.407 732 3324 I ActivityTaskManager: START u0 {cmp=com.dangbei.leard.leradlauncher/com.dangbei.launcher.secondary.video.VideoSecondaryActivity (has extras)} with LAUNCH_SINGLE_TASK from uid 1000 (BAL_ALLOW_ALLOWLISTED_UID) result code=0
05-23 17:15:21.421 732 3324 V WindowManager: app ------------- force_land :0
05-23 17:15:21.482 732 3324 W WindowManager: Failed looking up window session=Session{9420002 1483:1000} callers=com.android.server.wm.WindowManagerService.windowForClientLocked:6075 com.android.server.wm.Session.updateRequestedVisibleTypes:695 android.view.IWindowSession$Stub.onTransact:1034
05-23 17:15:21.482 732 746 W WindowManager: [addWindow] title:com.dangbei.leard.leradlauncher/com.dangbei.launcher.secondary.video.VideoSecondaryActivity
05-23 17:15:21.489 732 746 D CoreBackPreview: Window{66b717f u0 com.dangbei.leard.leradlauncher/com.dangbei.launcher.secondary.video.VideoSecondaryActivity}: Setting back callback OnBackInvokedCallbackInfo{mCallback=android.window.IOnBackInvokedCallback$Stub$Proxy@8920995, mPriority=0, mIsAnimationCallback=false}
05-23 17:15:21.525 957 1021 V WindowManagerShell: onTransitionReady android.os.BinderProxy@2a15bf1: {id=28 t=OPEN f=0x0 trk=0 r=[0@Point(0, 0)] c=[{null m=OPEN f=FILLS_TASK leash=Surface(name=ActivityRecord{863c720 u0 com.dangbei.leard.leradlauncher/com.dangbei.launcher.secondary.video.VideoSecondaryActivity)/@0x74c2544 sb=Rect(0, 0 - 0, 0) eb=Rect(0, 0 - 1920, 1080) d=-1->0 r=-1->0:-1},{null m=TO_BACK f=FILLS_TASK leash=Surface(name=ActivityRecord{600875b u0 com.dangbei.leard.leradlauncher/com.dangbei.launcher.home.LauncherActivity)/@0x55ec62d sb=Rect(0, 0 - 1920, 1080) eb=Rect(0, 0 - 1920, 1080) d=0}]}
05-23 17:15:21.526 957 1021 V WindowManagerShell: Playing animation for (#28)android.os.BinderProxy@2a15bf1@0
05-23 17:15:21.526 957 1021 V WindowManagerShell: try handler com.android.wm.shell.keyguard.KeyguardTransitionHandler@9798e39
05-23 17:15:21.526 957 1021 V WindowManagerShell: try handler com.android.wm.shell.pip.tv.TvPipTransition@b2d1c7e
05-23 17:15:21.526 957 1021 V WindowManagerShell: try handler com.android.wm.shell.activityembedding.ActivityEmbeddingController@857b5df
05-23 17:15:21.526 957 1021 V WindowManagerShell: try handler com.android.wm.shell.transition.RemoteTransitionHandler@3c922c
05-23 17:15:21.526 957 1021 V WindowManagerShell: Transition doesn't have explicit remote, search filters for match for {id=28 t=OPEN f=0x0 trk=0 r=[0@Point(0, 0)] c=[{null m=OPEN f=FILLS_TASK leash=Surface(name=ActivityRecord{863c720 u0 com.dangbei.leard.leradlauncher/com.dangbei.launcher.secondary.video.VideoSecondaryActivity)/@0x74c2544 sb=Rect(0, 0 - 0, 0) eb=Rect(0, 0 - 1920, 1080) d=-1->0 r=-1->0:-1},{null m=TO_BACK f=FILLS_TASK leash=Surface(name=ActivityRecord{600875b u0 com.dangbei.leard.leradlauncher/com.dangbei.launcher.home.LauncherActivity)/@0x55ec62d sb=Rect(0, 0 - 1920, 1080) eb=Rect(0, 0 - 1920, 1080) d=0}]}
05-23 17:15:21.526 957 1021 V WindowManagerShell: Delegate animation for #28 to null
05-23 17:15:21.526 957 1021 V WindowManagerShell: try handler com.android.wm.shell.transition.DefaultTransitionHandler@85bd4f5
05-23 17:15:21.526 957 1021 V WindowManagerShell: start default transition animation, info = {id=28 t=OPEN f=0x0 trk=0 r=[0@Point(0, 0)] c=[{null m=OPEN f=FILLS_TASK leash=Surface(name=ActivityRecord{863c720 u0 com.dangbei.leard.leradlauncher/com.dangbei.launcher.secondary.video.VideoSecondaryActivity)/@0x74c2544 sb=Rect(0, 0 - 0, 0) eb=Rect(0, 0 - 1920, 1080) d=-1->0 r=-1->0:-1},{null m=TO_BACK f=FILLS_TASK leash=Surface(name=ActivityRecord{600875b u0 com.dangbei.leard.leradlauncher/com.dangbei.launcher.home.LauncherActivity)/@0x55ec62d sb=Rect(0, 0 - 1920, 1080) eb=Rect(0, 0 - 1920, 1080) d=0}]}
05-23 17:15:21.528 957 1021 V WindowManagerShell: Transition animation finished (aborted=false), notifying core (#28)android.os.BinderProxy@2a15bf1@0
05-23 17:15:21.529 732 753 V WindowManager: Sent Transition #28 createdAt=05-23 17:15:21.395 via request=TransitionRequestInfo { type = 1, triggerTask = TaskInfo{userId=0 taskId=226 displayId=0 isRunning=true baseIntent=Intent { act=android.intent.action.MAIN cat=[android.intent.category.HOME] flg=0x10800100 cmp=com.dangbei.leard.leradlauncher/com.dangbei.launcher.home.LauncherActivity } baseActivity=ComponentInfo{com.dangbei.leard.leradlauncher/com.dangbei.launcher.home.LauncherActivity} topActivity=ComponentInfo{com.dangbei.leard.leradlauncher/com.dangbei.launcher.secondary.video.VideoSecondaryActivity} origActivity=null realActivity=ComponentInfo{com.dangbei.leard.leradlauncher/com.dangbei.launcher.home.LauncherActivity} numActivities=2 lastActiveTime=3818155 supportsMultiWindow=true resizeMode=0 isResizeable=false minWidth=-1 minHeight=-1 defaultMinSize=220 token=WCT{RemoteToken{cba86d1 Task{91658d1 #226 type=home A=1000:com.dangbei.leard.leradlauncher}}} topActivityType=2 pictureInPictureParams=null shouldDockBigOverlays=true launchIntoPipHostTaskId=-1 lastParentTaskIdBeforePip=-1 displayCutoutSafeInsets=null topActivityInfo=ActivityInfo{30f5a38 com.dangbei.launcher.secondary.video.VideoSecondaryActivity} launchCookies=[] positionInParent=Point(0, 0) parentTaskId=-1 isFocused=true isVisible=true isVisibleRequested=true isSleeping=false topActivityInSizeCompat=false topActivityEligibleForLetterboxEducation= false isLetterboxDoubleTapEnabled= false topActivityEligibleForUserAspectRatioButton= false topActivityBoundsLetterboxed= false isFromLetterboxDoubleTap= false topActivityLetterboxVerticalPosition= -1 topActivityLetterboxHorizontalPosition= -1 topActivityLetterboxWidth=-1 topActivityLetterboxHeight=-1 isUserFullscreenOverrideEnabled=false isTopActivityTransparent=false locusId=null displayAreaFeatureId=1 cameraCompatControlState=hidden}, remoteTransition = null, displayChange = null, flags = 0 }
05-23 17:15:21.529 732 753 V WindowManager: startWCT=WindowContainerTransaction { changes = {} hops = [] errorCallbackToken=null taskFragmentOrganizer=null }
05-23 17:15:21.529 732 753 V WindowManager: info={id=28 t=OPEN f=0x0 trk=0 r=[0@Point(0, 0)] c=[{null m=OPEN f=FILLS_TASK leash=Surface(name=ActivityRecord{863c720 u0 com.dangbei.leard.leradlauncher/com.dangbei.launcher.secondary.video.VideoSecondaryActivity)/@0x357aaaa sb=Rect(0, 0 - 0, 0) eb=Rect(0, 0 - 1920, 1080) d=-1->0 r=-1->0:-1},{null m=TO_BACK f=FILLS_TASK leash=Surface(name=ActivityRecord{600875b u0 com.dangbei.leard.leradlauncher/com.dangbei.launcher.home.LauncherActivity)/@0x3b8c0a9 sb=Rect(0, 0 - 1920, 1080) eb=Rect(0, 0 - 1920, 1080) d=0}]}
05-23 17:15:21.530 732 753 V WindowManager: Finish Transition #28: created at
05-23 17:15:21.395 collect-started=0.07ms request-sent=8.596ms started=13.32ms ready=34.629ms sent=127.387ms finished=134.709ms
05-23 17:15:21.533 957 1021 V WindowManagerShell: Track 0 became idle
05-23 17:15:21.533 957 1021 V WindowManagerShell: All active transition animations finished
05-23 17:15:21.533 957 1021 V WindowManagerShell: animated by com.android.wm.shell.transition.DefaultTransitionHandler@85bd4f5
05-23 17:15:21.533 957 1021 V WindowManagerShell: Track 0 became idle
05-23 17:15:21.533 957 1021 V WindowManagerShell: All active transition animations finished
05-23 17:15:21.537 957 1021 D WindowManagerShell: TvPipController: onTaskStackChanged()
05-23 17:15:21.593 732 754 W ContextImpl: Calling a method in the system process without a qualified user: android.app.ContextImpl.startService:1899 com.android.server.wm.DisplayPolicy.lambda$focusChangedLw$5:2126 com.android.server.wm.DisplayPolicy.$r8$lambda$Znxk63oh-WzVnzo_WQefN7uxV48:0 com.android.server.wm.DisplayPolicy$$ExternalSyntheticLambda13.run:0 android.os.Handler.handleCallback:958
01-01 09:03:22.600 0 0 W : [1 T0 .s] [SP FRAME TX] arp req,vif_idx:0 sender:[1c:79:2d:20:62:97 192.168.3.167]receiver:[00:00:00:00:00:00 192.168.3.53]
01-01 09:03:23.624 0 0 W : [1 T0 .s] [SP FRAME TX] arp req,vif_idx:0 sender:[1c:79:2d:20:62:97 192.168.3.167]receiver:[00:00:00:00:00:00 192.168.3.53]
01-01 09:03:24.648 0 0 W : [1 T948 .s] [SP FRAME TX] arp req,vif_idx:0 sender:[1c:79:2d:20:62:97 192.168.3.167]receiver:[00:00:00:00:00:00 192.168.3.53]
01-01 09:03:25.672 0 0 W : [1 T0 .s] [SP FRAME TX] arp req,vif_idx:0 sender:[1c:79:2d:20:62:97 192.168.3.167]receiver:[00:00:00:00:00:00 192.168.3.53]
01-01 09:03:25.685 0 0 W : [1 T948 ..] [SP FRAME RX] arp rsp,vif_idx:0 sender:[28:7b:11:70:68:8f 192.168.3.53]receiver:[1c:79:2d:20:62:97 192.168.3.167]
05-23 17:15:26.589 1440 1654 W ContextImpl: Calling a method in the system process without a qualified user: android.app.ContextImpl.sendBroadcast:1220 android.content.ContextWrapper.sendBroadcast:504 com.dangbei.etna.setting.core.SettingHelper.sendCycleToProjector:247 com.dangbei.etna.setting.core.SettingHelper.sendCycleCheckBroadcast:216 com.dangbei.etna.setting.core.SettingHelper.startLoop$lambda-0:174
05-23 17:15:26.591 1440 1654 W ContextImpl: Calling a method in the system process without a qualified user: android.app.ContextImpl.sendBroadcast:1220 android.content.ContextWrapper.sendBroadcast:504 com.dangbei.etna.setting.core.SettingHelper.sendCycleToVoice:232 com.dangbei.etna.setting.core.SettingHelper.sendCycleCheckBroadcast:217 com.dangbei.etna.setting.core.SettingHelper.startLoop$lambda-0:174
05-23 17:15:26.964 732 732 D HDMI : [R]: 04:8F
05-23 17:15:26.965 732 910 D HDMI : [S]: 40:90:00
05-23 17:15:27.451 732 815 W ProcessStats: Tracking association SourceState{1ebb351 com.ktcp.video:daemon/10077 Fgs #1303} whose proc state 3 is better than process ProcessState{3283533 com.ktcp.video/10077 pkg=com.ktcp.video} proc state 10 (3 skipped)
05-23 17:15:27.462 732 11597 W JobScheduler: Job didn't exist in JobStore: b59900b #u0a77/1 com.ktcp.video/com.tencent.qqlivetv.keeplive.schedulerjob.DaemonJobService
05-23 17:15:32.620 1483 1483 W ContextImpl: Calling a method in the system process without a qualified user: android.app.ContextImpl.startActivity:1102 android.content.ContextWrapper.startActivity:436 he.b.f:119 he.a.b:75 fe.a.c:71
05-23 17:15:32.621 1483 1483 W ContextImpl: Calling a method in the system process without a qualified user: android.app.ContextImpl.startActivity:1114 android.app.ContextImpl.startActivity:1103 android.content.ContextWrapper.startActivity:436 he.b.f:119 he.a.b:75
05-23 17:15:32.624 732 3324 D CompatibilityChangeReporter: Compat change id reported: 265464455; UID 10075; state: DISABLED
05-23 17:15:32.625 732 3324 D CompatibilityChangeReporter: Compat change id reported: 265452344; UID 10075; state: DISABLED
05-23 17:15:32.625 732 3324 D CompatibilityChangeReporter: Compat change id reported: 266124927; UID 10075; state: DISABLED
05-23 17:15:32.625 732 3324 D CompatibilityChangeReporter: Compat change id reported: 265451093; UID 10075; state: DISABLED
05-23 17:15:32.625 732 3324 D CompatibilityChangeReporter: Compat change id reported: 265456536; UID 10075; state: DISABLED
05-23 17:15:32.626 732 3324 D CompatibilityChangeReporter: Compat change id reported: 255940284; UID 10075; state: DISABLED
05-23 17:15:32.626 732 3324 D CompatibilityChangeReporter: Compat change id reported: 236283604; UID 10075; state: DISABLED
05-23 17:15:32.626 732 3324 D CompatibilityChangeReporter: Compat change id reported: 263959004; UID 10075; state: DISABLED
05-23 17:15:32.626 732 3324 D CompatibilityChangeReporter: Compat change id reported: 264304459; UID 10075; state: DISABLED
05-23 17:15:32.627 732 3324 D CompatibilityChangeReporter: Compat change id reported: 264301586; UID 10075; state: DISABLED
05-23 17:15:32.627 732 3324 D CompatibilityChangeReporter: Compat change id reported: 254631730; UID 10075; state: DISABLED
05-23 17:15:32.627 732 3324 D CompatibilityChangeReporter: Compat change id reported: 273509367; UID 10075; state: DISABLED
05-23 17:15:32.628 732 3324 D CompatibilityChangeReporter: Compat change id reported: 263259275; UID 10075; state: DISABLED
05-23 17:15:32.628 732 3324 D CompatibilityChangeReporter: Compat change id reported: 174042980; UID 10075; state: DISABLED
05-23 17:15:32.628 732 3324 D CompatibilityChangeReporter: Compat change id reported: 174042936; UID 10075; state: DISABLED
05-23 17:15:32.629 732 3324 D CompatibilityChangeReporter: Compat change id reported: 181136395; UID 10075; state: DISABLED
05-23 17:15:32.635 732 3324 D CompatibilityChangeReporter: Compat change id reported: 194480991; UID 10075; state: ENABLED
05-23 17:15:32.641 732 3324 D CompatibilityChangeReporter: Compat change id reported: 184838306; UID 10075; state: DISABLED
05-23 17:15:32.641 732 3324 D CompatibilityChangeReporter: Compat change id reported: 185004937; UID 10075; state: DISABLED
05-23 17:15:32.643 732 3324 D CompatibilityChangeReporter: Compat change id reported: 197654537; UID 10075; state: DISABLED
05-23 17:15:32.645 732 3324 V SplashScreenExceptionList: SplashScreen checking exception for package com.dangbei.hqmedia (target sdk:29) -> false
05-23 17:15:32.646 732 3324 D CompatibilityChangeReporter: Compat change id reported: 205907456; UID 10075; state: DISABLED
05-23 17:15:32.651 732 3324 I ActivityTaskManager: START u0 {act=android.intent.action.VIEW dat=hq://mediadetail/... flg=0x10000000 pkg=com.dangbei.hqmedia cmp=com.dangbei.hqmedia/com.dangbei.launcher.media.ui.media.film.FilmDetailActivity (has extras)} with LAUNCH_SINGLE_TASK from uid 1000 (BAL_ALLOW_ALLOWLISTED_UID) result code=0
05-23 17:15:32.652 957 1021 V WindowManagerShell: Transition requested: android.os.BinderProxy@8851b0 TransitionRequestInfo { type = 1, triggerTask = TaskInfo{userId=0 taskId=238 displayId=0 isRunning=true baseIntent=Intent { act=android.intent.action.VIEW dat=hq://mediadetail/... flg=0x10800000 pkg=com.dangbei.hqmedia cmp=com.dangbei.hqmedia/com.dangbei.launcher.media.ui.media.film.FilmDetailActivity } baseActivity=ComponentInfo{com.dangbei.hqmedia/com.dangbei.launcher.media.ui.media.film.FilmDetailActivity} topActivity=ComponentInfo{com.dangbei.hqmedia/com.dangbei.launcher.media.ui.media.film.FilmDetailActivity} origActivity=null realActivity=ComponentInfo{com.dangbei.hqmedia/com.dangbei.launcher.media.ui.media.film.FilmDetailActivity} numActivities=1 lastActiveTime=3829405 supportsMultiWindow=true resizeMode=1 isResizeable=true minWidth=-1 minHeight=-1 defaultMinSize=220 token=WCT{android.window.IWindowContainerToken$Stub$Proxy@10e9829} topActivityType=1 pictureInPictureParams=null shouldDockBigOverlays=true launchIntoPipHostTaskId=-1 lastParentTaskIdBeforePip=-1 displayCutoutSafeInsets=null topActivityInfo=ActivityInfo{e4977ae com.dangbei.launcher.media.ui.media.film.FilmDetailActivity} launchCookies=[] positionInParent=Point(0, 0) parentTaskId=-1 isFocused=false isVisible=false isVisibleRequested=false isSleeping=false topActivityInSizeCompat=false topActivityEligibleForLetterboxEducation= false isLetterboxDoubleTapEnabled= false topActivityEligibleForUserAspectRatioButton= false topActivityBoundsLetterboxed= false isFromLetterboxDoubleTap= false topActivityLetterboxVerticalPosition= -1 topActivityLetterboxHorizontalPosition= -1 topActivityLetterboxWidth=-1 topActivityLetterboxHeight=-1 isUserFullscreenOverrideEnabled=false isTopActivityTransparent=false locusId=null displayAreaFeatureId=1 cameraCompatControlState=hidden}, remoteTransition = null, displayChange = null, flags = 0 }
05-23 17:15:32.654 732 756 D CompatibilityChangeReporter: Compat change id reported: 135634846; UID 10075; state: DISABLED
05-23 17:15:32.657 732 765 D CompatibilityChangeReporter: Compat change id reported: 143937733; UID 10075; state: DISABLED
05-23 17:15:32.664 732 815 D CompatibilityChangeReporter: Compat change id reported: 265195908; UID 10075; state: ENABLED
05-23 17:15:32.679 732 765 I ActivityManager: Start proc 12289:com.dangbei.hqmedia/u0a75 for next-top-activity {com.dangbei.hqmedia/com.dangbei.launcher.media.ui.media.film.FilmDetailActivity}
05-23 17:15:32.709 732 11597 D CompatibilityChangeReporter: Compat change id reported: 168419799; UID 10075; state: DISABLED
05-23 17:15:32.709 732 11597 D CompatibilityChangeReporter: Compat change id reported: 273564678; UID 10075; state: DISABLED
05-23 17:15:32.729 732 11597 D CompatibilityChangeReporter: Compat change id reported: 170503758; UID 10075; state: DISABLED
05-23 17:15:32.759 957 1021 D WindowManagerShell: TvPipController: onTaskStackChanged()
05-23 17:15:32.836 732 11597 D CompatibilityChangeReporter: Compat change id reported: 161145287; UID 10075; state: DISABLED
05-23 17:15:32.851 732 11597 D CompatibilityChangeReporter: Compat change id reported: 149924527; UID 10075; state: ENABLED
05-23 17:15:32.852 732 3324 D CompatibilityChangeReporter: Compat change id reported: 132649864; UID 10075; state: DISABLED
05-23 17:15:32.858 732 746 V WindowManager: app ------------- force_land :0
01-01 09:03:33.608 0 0 W [2 T12305 ..] audit: audit_lost=251 audit_rate_limit=5 audit_backlog_limit=64
01-01 09:03:33.608 0 0 E [2 T12305 ..] audit: rate limit exceeded
05-23 17:15:32.960 732 3324 W WindowManager: [addWindow] title:com.dangbei.hqmedia/com.dangbei.launcher.media.ui.media.film.FilmDetailActivity
05-23 17:15:32.980 732 3324 W WindowManager: [addWindow] title:com.dangbei.hqmedia/com.dangbei.launcher.media.ui.media.film.FilmDetailActivity
05-23 17:15:32.990 732 3324 D CoreBackPreview: Window{e4593e0 u0 com.dangbei.hqmedia/com.dangbei.launcher.media.ui.media.film.FilmDetailActivity}: Setting back callback OnBackInvokedCallbackInfo{mCallback=android.window.IOnBackInvokedCallback$Stub$Proxy@6d78d37, mPriority=0, mIsAnimationCallback=false}
05-23 17:15:33.063 732 754 W ContextImpl: Calling a method in the system process without a qualified user: android.app.ContextImpl.startService:1899 com.android.server.wm.DisplayPolicy.lambda$focusChangedLw$5:2126 com.android.server.wm.DisplayPolicy.$r8$lambda$Znxk63oh-WzVnzo_WQefN7uxV48:0 com.android.server.wm.DisplayPolicy$$ExternalSyntheticLambda13.run:0 android.os.Handler.handleCallback:958
01-01 09:03:33.726 0 0 I [0 T242 ..] servicemanager: Found android.hardware.graphics.allocator.IAllocator/default in device VINTF manifest.
01-01 09:03:33.729 0 0 I [1 T242 ..] servicemanager: Found android.hardware.graphics.allocator.IAllocator/default in device VINTF manifest.
05-23 17:15:33.094 732 3324 D CoreBackPreview: Window{54d4fd1 u0 com.dangbei.hqmedia/com.dangbei.launcher.media.ui.media.film.FilmDetailActivity}: Setting back callback OnBackInvokedCallbackInfo{mCallback=android.window.IOnBackInvokedCallback$Stub$Proxy@65812a4, mPriority=0, mIsAnimationCallback=false}
01-01 09:03:33.767 0 0 E [3 T274 ..] aml_cma_alloc: heap-gfx: alloc failed, req-size: 2072 pages, ret: -12
05-23 17:15:33.218 957 1021 V WindowManagerShell: onTransitionReady android.os.BinderProxy@8851b0: {id=29 t=OPEN f=0x0 trk=0 r=[0@Point(0, 0)] c=[{WCT{android.window.IWindowContainerToken$Stub$Proxy@db960ba} m=OPEN f=NONE leash=Surface(name=Task=238)/@0x653294f sb=Rect(0, 0 - 1920, 1080) eb=Rect(0, 0 - 1920, 1080) d=0},{WCT{android.window.IWindowContainerToken$Stub$Proxy@d430b6b} m=TO_BACK f=NONE leash=Surface(name=Task=1)/@0xa18d8dc sb=Rect(0, 0 - 1920, 1080) eb=Rect(0, 0 - 1920, 1080) d=0}]}
05-23 17:15:33.218 957 1021 V WindowManagerShell: Playing animation for (#29)android.os.BinderProxy@8851b0@0
05-23 17:15:33.218 957 1021 V WindowManagerShell: try handler com.android.wm.shell.keyguard.KeyguardTransitionHandler@9798e39
05-23 17:15:33.219 957 1021 V WindowManagerShell: try handler com.android.wm.shell.pip.tv.TvPipTransition@b2d1c7e
05-23 17:15:33.219 957 1021 V WindowManagerShell: try handler com.android.wm.shell.activityembedding.ActivityEmbeddingController@857b5df
05-23 17:15:33.219 957 1021 V WindowManagerShell: try handler com.android.wm.shell.transition.RemoteTransitionHandler@3c922c
05-23 17:15:33.219 957 1021 V WindowManagerShell: Transition doesn't have explicit remote, search filters for match for {id=29 t=OPEN f=0x0 trk=0 r=[0@Point(0, 0)] c=[{WCT{android.window.IWindowContainerToken$Stub$Proxy@db960ba} m=OPEN f=NONE leash=Surface(name=Task=238)/@0x653294f sb=Rect(0, 0 - 1920, 1080) eb=Rect(0, 0 - 1920, 1080) d=0},{WCT{android.window.IWindowContainerToken$Stub$Proxy@d430b6b} m=TO_BACK f=NONE leash=Surface(name=Task=1)/@0xa18d8dc sb=Rect(0, 0 - 1920, 1080) eb=Rect(0, 0 - 1920, 1080) d=0}]}
05-23 17:15:33.219 957 1021 V WindowManagerShell: Delegate animation for #29 to null
05-23 17:15:33.219 957 1021 V WindowManagerShell: try handler com.android.wm.shell.transition.DefaultTransitionHandler@85bd4f5
05-23 17:15:33.219 957 1021 V WindowManagerShell: start default transition animation, info = {id=29 t=OPEN f=0x0 trk=0 r=[0@Point(0, 0)] c=[{WCT{android.window.IWindowContainerToken$Stub$Proxy@db960ba} m=OPEN f=NONE leash=Surface(name=Task=238)/@0x653294f sb=Rect(0, 0 - 1920, 1080) eb=Rect(0, 0 - 1920, 1080) d=0},{WCT{android.window.IWindowContainerToken$Stub$Proxy@d430b6b} m=TO_BACK f=NONE leash=Surface(name=Task=1)/@0xa18d8dc sb=Rect(0, 0 - 1920, 1080) eb=Rect(0, 0 - 1920, 1080) d=0}]}
05-23 17:15:33.220 957 1021 V WindowManagerShell: loadAnimation: anim=android.view.animation.AlphaAnimation@70cce86 animAttr=0x9 type=OPEN isEntrance=false
05-23 17:15:33.226 732 753 V WindowManager: Sent Transition #29 createdAt=05-23 17:15:32.636 via request=TransitionRequestInfo { type = 1, triggerTask = TaskInfo{userId=0 taskId=238 displayId=0 isRunning=true baseIntent=Intent { act=android.intent.action.VIEW dat=hq://mediadetail/... flg=0x10800000 pkg=com.dangbei.hqmedia cmp=com.dangbei.hqmedia/com.dangbei.launcher.media.ui.media.film.FilmDetailActivity } baseActivity=ComponentInfo{com.dangbei.hqmedia/com.dangbei.launcher.media.ui.media.film.FilmDetailActivity} topActivity=ComponentInfo{com.dangbei.hqmedia/com.dangbei.launcher.media.ui.media.film.FilmDetailActivity} origActivity=null realActivity=ComponentInfo{com.dangbei.hqmedia/com.dangbei.launcher.media.ui.media.film.FilmDetailActivity} numActivities=1 lastActiveTime=3829405 supportsMultiWindow=true resizeMode=1 isResizeable=true minWidth=-1 minHeight=-1 defaultMinSize=220 token=WCT{RemoteToken{b092809 Task{eff9b5f #238 type=standard A=10075:com.dangbei.hqmedia}}} topActivityType=1 pictureInPictureParams=null shouldDockBigOverlays=true launchIntoPipHostTaskId=-1 lastParentTaskIdBeforePip=-1 displayCutoutSafeInsets=null topActivityInfo=ActivityInfo{d0efa0e com.dangbei.launcher.media.ui.media.film.FilmDetailActivity} launchCookies=[] positionInParent=Point(0, 0) parentTaskId=-1 isFocused=false isVisible=false isVisibleRequested=false isSleeping=false topActivityInSizeCompat=false topActivityEligibleForLetterboxEducation= false isLetterboxDoubleTapEnabled= false topActivityEligibleForUserAspectRatioButton= false topActivityBoundsLetterboxed= false isFromLetterboxDoubleTap= false topActivityLetterboxVerticalPosition= -1 topActivityLetterboxHorizontalPosition= -1 topActivityLetterboxWidth=-1 topActivityLetterboxHeight=-1 isUserFullscreenOverrideEnabled=false isTopActivityTransparent=false locusId=null displayAreaFeatureId=1 cameraCompatControlState=hidden}, remoteTransition = null, displayChange = null, flags = 0 }
05-23 17:15:33.227 732 753 V WindowManager: startWCT=WindowContainerTransaction { changes = {} hops = [] errorCallbackToken=null taskFragmentOrganizer=null }
05-23 17:15:33.228 732 753 V WindowManager: info={id=29 t=OPEN f=0x0 trk=0 r=[0@Point(0, 0)] c=[{WCT{RemoteToken{b092809 Task{eff9b5f #238 type=standard A=10075:com.dangbei.hqmedia}}} m=OPEN f=NONE leash=Surface(name=Task=238)/@0x806180d sb=Rect(0, 0 - 1920, 1080) eb=Rect(0, 0 - 1920, 1080) d=0},{WCT{RemoteToken{de3cd5e Task{75a3c30 #1 type=home}}} m=TO_BACK f=NONE leash=Surface(name=Task=1)/@0xeda3590 sb=Rect(0, 0 - 1920, 1080) eb=Rect(0, 0 - 1920, 1080) d=0}]}
05-23 17:15:33.229 957 1021 V WindowManagerShell: loadAnimation: anim=android.view.animation.AlphaAnimation@a137ce3 animAttr=0x8 type=OPEN isEntrance=true
05-23 17:15:33.231 957 1021 V WindowManagerShell: animated by com.android.wm.shell.transition.DefaultTransitionHandler@85bd4f5
05-23 17:15:33.305 732 11597 D CompatibilityChangeReporter: Compat change id reported: 214016041; UID 10075; state: DISABLED
05-23 17:15:33.647 957 1021 V WindowManagerShell: Transition animation finished (aborted=false), notifying core (#29)android.os.BinderProxy@8851b0@0
05-23 17:15:33.650 732 753 V WindowManager: Finish Transition #29: created at
05-23 17:15:32.636 collect-started=0.126ms request-sent=14.256ms started=17.735ms ready=224.472ms sent=579.302ms finished=1012.655ms
05-23 17:15:33.651 957 1021 V WindowManagerShell: Track 0 became idle
05-23 17:15:33.652 957 1021 V WindowManagerShell: All active transition animations finished
05-23 17:15:34.116 732 3324 D CoreBackPreview: Window{e4593e0 u0 com.dangbei.hqmedia/com.dangbei.launcher.media.ui.media.film.FilmDetailActivity}: Setting back callback null
05-23 17:15:34.229 732 754 W ContextImpl: Calling a method in the system process without a qualified user: android.app.ContextImpl.startService:1899 com.android.server.wm.DisplayPolicy.lambda$focusChangedLw$5:2126 com.android.server.wm.DisplayPolicy.$r8$lambda$Znxk63oh-WzVnzo_WQefN7uxV48:0 com.android.server.wm.DisplayPolicy$$ExternalSyntheticLambda13.run:0 android.os.Handler.handleCallback:958
05-23 17:15:34.320 732 11597 W WindowManager: [addWindow] title:Toast
05-23 17:15:34.341 732 11597 D CoreBackPreview: Window{8ef3f1f u0 Toast}: Setting back callback OnBackInvokedCallbackInfo{mCallback=android.window.IOnBackInvokedCallback$Stub$Proxy@33bab96, mPriority=0, mIsAnimationCallback=false}
01-01 09:03:36.280 0 0 W [3 T12354 ..] audit: audit_lost=273 audit_rate_limit=5 audit_backlog_limit=64
01-01 09:03:36.282 0 0 E [3 T12354 ..] audit: rate limit exceeded
05-23 17:15:36.180 732 3324 D CoreBackPreview: Window{8ef3f1f u0 Toast}: Setting back callback null
05-23 17:15:36.189 732 11597 W NotificationService: Toast already killed. pkg=com.dangbei.hqmedia token=android.os.BinderProxy@c58f4f0
05-23 17:15:36.191 732 11597 W WindowManager: [addWindow] title:Toast
05-23 17:15:36.199 732 11597 D CoreBackPreview: Window{790ecee u0 Toast}: Setting back callback OnBackInvokedCallbackInfo{mCallback=android.window.IOnBackInvokedCallback$Stub$Proxy@eb07425, mPriority=0, mIsAnimationCallback=false}
01-01 09:03:37.015 0 0 W : [1 T947 ..] traffic busy!!
01-01 09:03:37.411 0 0 E : [0 T12588 ..] mediaproxy produce init [aml-vcodec-dec]
01-01 09:03:37.411 0 0 I : [0 T12588 ..] Mediaproxy is opened name[aml-vcodec-dec]\n
01-01 09:03:37.411 0 0 I : [0 T12588 ..] Mediaproxy is opened name[aml-vcodec-dec] end\n
01-01 09:03:37.412 0 0 E : [0 T12588 ..] mediaproxy produce start connect
01-01 09:03:37.413 0 0 I : [0 T12588 ..] find p kfifo size:[32][2]
01-01 09:03:37.414 0 0 I : [0 T12588 ..] mediaproxy_get_fifo get idx[2]
01-01 09:03:37.415 0 0 I : [0 T12588 ..] Session producer-2 is connected fifo idx [2]
01-01 09:03:37.415 0 0 E : [0 T12588 ..] mediaproxy produce connect [2]
01-01 09:03:37.416 0 0 I : [0 T12588 ..] mediaproxy produce msg type :0x40 module_name:aml-vcodec-dec
01-01 09:03:37.418 0 0 I : [0 T12588 ..] deinit session
01-01 09:03:37.418 0 0 I : [0 T12588 ..] deinit session producer-2
01-01 09:03:37.418 0 0 I : [0 T12588 ..] deinit has_unusing_fifo [1]
01-01 09:03:37.419 0 0 I : [0 T98 ..] p_fifo[2] name[aml-vcodec-dec] state[0] to MP_FIFO_UNUSED
01-01 09:03:37.424 0 0 E : [0 T12588 ..] mediaproxy produce init [aml-vcodec-dec]
01-01 09:03:37.424 0 0 I : [0 T12588 ..] Mediaproxy is opened name[aml-vcodec-dec]\n
01-01 09:03:37.424 0 0 I : [0 T12588 ..] Mediaproxy is opened name[aml-vcodec-dec] end\n
01-01 09:03:37.425 0 0 E : [0 T12588 ..] mediaproxy produce start connect
01-01 09:03:37.428 0 0 I : [0 T12588 ..] find p kfifo size:[32][2]
01-01 09:03:37.428 0 0 I : [0 T12588 ..] mediaproxy_get_fifo get idx[2]
01-01 09:03:37.429 0 0 I : [0 T12588 ..] Session producer-2 is connected fifo idx [2]
01-01 09:03:37.430 0 0 E : [0 T12588 ..] mediaproxy produce connect [2]
01-01 09:03:37.430 0 0 I : [0 T12588 ..] mediaproxy produce msg type :0x40 module_name:aml-vcodec-dec
01-01 09:03:37.434 0 0 I : [0 T12588 ..] deinit session
01-01 09:03:37.434 0 0 I : [0 T12588 ..] deinit session producer-2
01-01 09:03:37.434 0 0 I : [0 T12588 ..] deinit has_unusing_fifo [1]
01-01 09:03:37.435 0 0 I : [0 T98 ..] p_fifo[2] name[aml-vcodec-dec] state[0] to MP_FIFO_UNUSED
01-01 09:03:37.437 0 0 I : [0 T12588 ..] codec mem info:
01-01 09:03:37.437 0 0 I : [0 T12588 ..] total codec mem size:364 MB
01-01 09:03:37.438 0 0 I : [0 T12588 ..] alloced size= 0 MB
01-01 09:03:37.438 0 0 I : [0 T12588 ..] max alloced: 119 MB
01-01 09:03:37.439 0 0 I [0 T12588 ..] CMA: 0,RES:0,TVP:0,SYS:0,COHER:0,VMAPED:0 MB
01-01 09:03:37.441 0 0 I [0 T12588 ..] RES_EXT: 0 MB
01-01 09:03:37.441 0 0 I : [0 T12588 ..] [4]CMA size:364 MB:alloced: 0 MB,free:364 MB
01-01 09:03:37.443 0 0 I : [0 T12588 ..] codec mem info:
01-01 09:03:37.443 0 0 I : [0 T12588 ..] total codec mem size:364 MB
01-01 09:03:37.443 0 0 I : [0 T12588 ..] alloced size= 0 MB
01-01 09:03:37.444 0 0 I : [0 T12588 ..] max alloced: 119 MB
01-01 09:03:37.444 0 0 I [0 T12588 ..] CMA: 0,RES:0,TVP:0,SYS:0,COHER:0,VMAPED:0 MB
01-01 09:03:37.446 0 0 I [0 T12588 ..] RES_EXT: 0 MB
01-01 09:03:37.446 0 0 I : [0 T12588 ..] [4]CMA size:364 MB:alloced: 0 MB,free:364 MB
01-01 09:03:37.447 0 0 E : [3 T12598 ..] mediaproxy produce init [aml-vcodec-dec]
01-01 09:03:37.447 0 0 I : [3 T12598 ..] Mediaproxy is opened name[aml-vcodec-dec]\n
01-01 09:03:37.447 0 0 I : [3 T12598 ..] Mediaproxy is opened name[aml-vcodec-dec] end\n
01-01 09:03:37.449 0 0 E : [3 T12598 ..] mediaproxy produce start connect
01-01 09:03:37.450 0 0 I : [3 T12598 ..] find p kfifo size:[32][2]
01-01 09:03:37.450 0 0 I : [3 T12598 ..] mediaproxy_get_fifo get idx[2]
01-01 09:03:37.451 0 0 I : [3 T12598 ..] Session producer-2 is connected fifo idx [2]
01-01 09:03:37.452 0 0 E : [3 T12598 ..] mediaproxy produce connect [2]
01-01 09:03:37.452 0 0 I : [3 T12598 ..] mediaproxy produce msg type :0x40 module_name:aml-vcodec-dec
01-01 09:03:37.454 0 0 I : [3 T12598 ..] deinit session
01-01 09:03:37.454 0 0 I : [3 T12598 ..] deinit session producer-2
01-01 09:03:37.454 0 0 I : [3 T12598 ..] deinit has_unusing_fifo [1]
01-01 09:03:37.455 0 0 I : [0 T98 ..] p_fifo[2] name[aml-vcodec-dec] state[0] to MP_FIFO_UNUSED
01-01 09:03:37.455 0 0 E : [3 T12598 ..] mediaproxy produce init [aml-vcodec-dec]
01-01 09:03:37.457 0 0 I : [3 T12598 ..] Mediaproxy is opened name[aml-vcodec-dec]\n
01-01 09:03:37.457 0 0 I : [3 T12598 ..] Mediaproxy is opened name[aml-vcodec-dec] end\n
01-01 09:03:37.458 0 0 E : [3 T12598 ..] mediaproxy produce start connect
01-01 09:03:37.459 0 0 I : [3 T12598 ..] find p kfifo size:[32][2]
01-01 09:03:37.460 0 0 I : [3 T12598 ..] mediaproxy_get_fifo get idx[2]
01-01 09:03:37.461 0 0 I : [3 T12598 ..] Session producer-2 is connected fifo idx [2]
01-01 09:03:37.463 0 0 E : [3 T12598 ..] mediaproxy produce connect [2]
01-01 09:03:37.463 0 0 I : [3 T12598 ..] mediaproxy produce msg type :0x40 module_name:aml-vcodec-dec
01-01 09:03:37.472 0 0 I [1 T12598 ..] [amlv4l]: [75]: DW:3, TW:0, Margin:6
01-01 09:03:37.472 0 0 D [3 T12603 ..] [amlcom]: vdec_create instance 000000005d67a212, total 1, PM: power-domain
01-01 09:03:37.473 0 0 D [3 T12603 ..] [media_clock]: hevc mux clock is 799999988 Hz
01-01 09:03:37.473 0 0 I [3 T12603 ..] [amlcom]: dos_local_config end, id 3, is_on 1
01-01 09:03:37.473 0 0 I [3 T12603 ..] [amlcom]: vdec_init, dev_name:ammvdec_h265_v4l, vdec_type=VDEC_TYPE_FRAME_BLOCK, format: 11, total: 1
01-01 09:03:37.479 0 0 D [1 T12603 ..] [h265]: [0]pdata->config=parm_v4l_codec_enable:1;parm_v4l_buffer_margin:6;hevc_double_write_mode:3;hevc_triple_write_mode:0;hevc_buf_width:4096;hevc_buf_height:2304;save_buffer_mode:0;parm_v4l_canvas_mem_mode:0;parm_v4l_canvas_mem_endian:0;parm_v4l_low_latency_mode:0;parm_v4l_metadata_config_flag:1050626;parm_v4l_duration:0;dv_profile:0;parm_v4l_error_handle_info:0;
01-01 09:03:37.479 0 0 D [1 T12603 ..] [h265]: [0]discard dv data
01-01 09:03:37.479 0 0 D [1 T12603 ..] [h265]: [0]dv_profile: 0
01-01 09:03:37.479 0 0 D [1 T12603 ..] [h265]: [0]Correction: policy 0x2 mode 2 lcu_percentage_threshold 0
01-01 09:03:37.483 0 0 D [1 T12603 ..] [h265]: [0]dynamic_buf_num_margin=6
01-01 09:03:37.483 0 0 D [1 T12603 ..] [h265]: [0]double_write_mode=3
01-01 09:03:37.483 0 0 D [1 T12603 ..] [h265]: [0]nal_skip_policy=2
01-01 09:03:37.483 0 0 D [1 T12603 ..] [h265]: [0]h265:pts_unstable=0
01-01 09:03:37.483 0 0 D [1 T12603 ..] [h265]: [0]h265: ver (201602101,0) decinfo: 0x0 rate=3600
01-01 09:03:37.488 0 0 D [2 T12603 ..] [h265]: ucode version 4.175, swap enable 1
01-01 09:03:37.488 0 0 D [2 T12603 ..] [media_clock]: hevc mux clock is 799999988 Hz
01-01 09:03:37.488 0 0 D [2 T12603 ..] [amlcom]: hevc video changed to 3840 x 2160 60 fps clk->800MHZ
01-01 09:03:37.489 0 0 I [2 T12588 ..] [amlv4l]: [75]: set vf duration: c80
01-01 09:03:37.526 0 0 D [2 T267 ..] [h265]: [0]vh265 cached=0 need_size=16384 speed= 48 ms
01-01 09:03:37.526 0 0 D [0 T265 ..] [h265]: set ucode parse
01-01 09:03:37.526 0 0 W : [0 T265 ..] hevc get comp info: 64 65536 235
01-01 09:03:37.526 0 0 D [0 T265 ..] [h265]: margin = 6, sps_max_dec_pic_buffering_minus1_0 = 5
01-01 09:03:37.526 0 0 I [0 T265 ..] [amlv4l]: [75]: Parse from ucode, visible(1280 x 464), coded(1280 x 512), scan:P, bitdepth(8), DW/TW(3, 0)
01-01 09:03:37.528 0 0 I [2 T12603 ..] [amlv4l]: [75]: Picture buffer count: dec:7, vpp:0, ge2d:0, margin:6, total:13
01-01 09:03:37.529 0 0 D [0 T265 ..] [h265]: [0]hevc->performance_profile 0
01-01 09:03:37.529 0 0 D [0 T265 ..] [h265]: [0]set pic_list_init_flag 1
01-01 09:03:37.529 0 0 D [2 T12603 ..] [amlv4l]: [75]: Post event: res chg
01-01 09:03:37.529 0 0 D [3 T7945 ..] [h265]: [0]init_buf_spec2 1280 464
01-01 09:03:37.529 0 0 D [3 T7945 ..] [h265]: [0]set pic_list_init_flag to 2
01-01 09:03:37.529 0 0 D [0 T265 ..] [h265]: [0]set pic_list_init_flag to 3
01-01 09:03:37.529 0 0 D [0 T265 ..] [h265]: [vdec_kpi][vh265_isr_thread_fn] First I frame coming.
01-01 09:03:37.552 0 0 D [0 T265 ..] [h265]: [0]VH265: output first frame poc 0
01-01 09:03:37.552 0 0 D [0 T265 ..] [h265]: [0]decoder duration change old: 0 new: 4000
01-01 09:03:37.552 0 0 D [0 T265 ..] [h265]: [vdec_kpi][post_video_frame] First I frame decoded.
01-01 09:03:37.602 0 0 I : [3 T365 ..] di_process_open iminor(inode) =0
01-01 09:03:37.603 0 0 I [1 T365 ..] dim: reg:use[1]ms
01-01 09:03:37.603 0 0 I [1 T365 ..] dim: ins:create:ch[2],tmode[3]
01-01 09:03:37.603 0 0 I [1 T365 ..] dim: out:0x80000000
01-01 09:03:37.608 0 0 E [1 T365 ..] dp: [0]no hdr10+ data.
01-01 09:03:37.608 0 0 E [1 T365 ..] dp: [0]no meta_data.
01-01 09:03:37.609 0 0 E [1 T365 ..] dp: [0]no ud.
01-01 09:03:37.609 0 0 I [3 T108 ..] dim: value reg:ch[2]:fix_buf:0;ponly <0,0> post_nub=5
01-01 09:03:37.610 0 0 I [1 T365 ..] vc: [0]vc: set enable index=0, val=1
01-01 09:03:37.610 0 0 I [3 T108 ..] dim: di_cnt_i_buf1:tvp:0
01-01 09:03:37.610 0 0 I [3 T108 ..] dim: di_reg_setting:ch[2]:for first ch reg:
01-01 09:03:37.611 0 0 I [2 T365 ..] VID: VD1 off
01-01 09:03:37.612 0 0 I [3 T108 ..] dim: ch[2]:reg:mem cfg[0][0][0]
01-01 09:03:37.612 0 0 I [0 T365 ..] VID: VD1 set global output as 1
01-01 09:03:37.613 0 0 I [3 T108 ..] dim: ch[2]:bypass change:i:0->1:0x60
01-01 09:03:37.613 0 0 I [0 T365 ..] VID: store VD0 path_id changed -1->2
01-01 09:03:37.615 0 0 I [0 T365 ..] vc: [0]sideband_type =-1
01-01 09:03:37.633 0 0 I [1 T341 ..] dim: pq i:rm 0x1000
01-01 09:03:37.634 0 0 I [1 T341 ..] dim: pq i:rm 0x2000
01-01 09:03:37.713 0 0 I [1 T341 ..] dim: pq i:rm 0x200
01-01 09:03:37.729 0 0 I [1 T341 ..] dim: pq i:rm 0x800
01-01 09:03:37.917 0 0 I [1 T12603 ..] [amlv4l]: [75]: reset mode: 1, es frames buffering: 0
01-01 09:03:37.918 0 0 D [1 T12603 ..] [h265]: [0]h265:pts_unstable=0
01-01 09:03:37.918 0 0 D [1 T12603 ..] [h265]: [0]h265: ver (201602101,0) decinfo: 0x0 rate=3600
01-01 09:03:37.920 0 0 I [1 T12603 ..] [amlv4l]: [75]: reset mode: 1, es frames buffering: 0
01-01 09:03:37.920 0 0 D [1 T12603 ..] [h265]: [0]h265:pts_unstable=0
01-01 09:03:37.920 0 0 D [1 T12603 ..] [h265]: [0]h265: ver (201602101,0) decinfo: 0x0 rate=3600
01-01 09:03:37.935 0 0 I [0 T12598 ..] [amlv4l]: [75]: reset mode: 1, es frames buffering: 0
01-01 09:03:37.935 0 0 D [0 T12598 ..] [h265]: [0]h265:pts_unstable=0
01-01 09:03:37.935 0 0 D [0 T12598 ..] [h265]: [0]h265: ver (201602101,0) decinfo: 0x0 rate=3600
01-01 09:03:37.937 0 0 D [2 T12598 ..] [amlcom]: vdec_release instance 000000005d67a212, total 1
01-01 09:03:37.938 0 0 I [2 T12598 ..] [amlcom]: dos_local_config end, id 3, is_on 0
01-01 09:03:37.938 0 0 D [2 T12598 ..] [media_clock]: the clk_hevcf_mux clock off, ref cnt: 0
01-01 09:03:37.938 0 0 I : [2 T12598 ..] deinit session
01-01 09:03:37.938 0 0 I : [2 T12598 ..] deinit session producer-2
01-01 09:03:37.939 0 0 I : [2 T12598 ..] deinit has_unusing_fifo [1]
01-01 09:03:37.940 0 0 I : [0 T98 ..] p_fifo[2] name[aml-vcodec-dec] state[0] to MP_FIFO_UNUSED
05-23 17:15:38.182 732 11597 D CoreBackPreview: Window{790ecee u0 Toast}: Setting back callback null
05-23 17:15:38.193 732 11597 W NotificationService: Toast already killed. pkg=com.dangbei.hqmedia token=android.os.BinderProxy@be524e4
05-23 17:15:38.196 732 11597 W WindowManager: [addWindow] title:Toast
05-23 17:15:38.212 732 11597 D CoreBackPreview: Window{d516002 u0 Toast}: Setting back callback OnBackInvokedCallbackInfo{mCallback=android.window.IOnBackInvokedCallback$Stub$Proxy@5088149, mPriority=0, mIsAnimationCallback=false}
05-23 17:15:38.321 732 756 W WindowManager: Unable to start animation, surface is null or no children.
01-01 09:03:39.755 0 0 E : [2 T12651 ..] mediaproxy produce init [aml-vcodec-dec]
01-01 09:03:39.755 0 0 I : [2 T12651 ..] Mediaproxy is opened name[aml-vcodec-dec]\n
01-01 09:03:39.755 0 0 I : [2 T12651 ..] Mediaproxy is opened name[aml-vcodec-dec] end\n
01-01 09:03:39.755 0 0 E : [2 T12651 ..] mediaproxy produce start connect
01-01 09:03:39.757 0 0 I : [2 T12651 ..] find p kfifo size:[32][2]
01-01 09:03:39.758 0 0 I : [2 T12651 ..] mediaproxy_get_fifo get idx[2]
01-01 09:03:39.758 0 0 I : [2 T12651 ..] Session producer-2 is connected fifo idx [2]
01-01 09:03:39.759 0 0 E : [2 T12651 ..] mediaproxy produce connect [2]
01-01 09:03:39.760 0 0 I : [2 T12651 ..] mediaproxy produce msg type :0x40 module_name:aml-vcodec-dec
01-01 09:03:39.762 0 0 I : [1 T12651 ..] deinit session
01-01 09:03:39.762 0 0 I : [1 T12651 ..] deinit session producer-2
01-01 09:03:39.762 0 0 I : [1 T12651 ..] deinit has_unusing_fifo [1]
01-01 09:03:39.763 0 0 I : [0 T98 ..] p_fifo[2] name[aml-vcodec-dec] state[0] to MP_FIFO_UNUSED
01-01 09:03:39.763 0 0 E : [1 T12651 ..] mediaproxy produce init [aml-vcodec-dec]
01-01 09:03:39.765 0 0 I : [1 T12651 ..] Mediaproxy is opened name[aml-vcodec-dec]\n
01-01 09:03:39.765 0 0 I : [1 T12651 ..] Mediaproxy is opened name[aml-vcodec-dec] end\n
01-01 09:03:39.765 0 0 E : [1 T12651 ..] mediaproxy produce start connect
01-01 09:03:39.767 0 0 I : [1 T12651 ..] find p kfifo size:[32][2]
01-01 09:03:39.767 0 0 I : [1 T12651 ..] mediaproxy_get_fifo get idx[2]
01-01 09:03:39.768 0 0 I : [1 T12651 ..] Session producer-2 is connected fifo idx [2]
01-01 09:03:39.769 0 0 E : [1 T12651 ..] mediaproxy produce connect [2]
01-01 09:03:39.770 0 0 I : [1 T12651 ..] mediaproxy produce msg type :0x40 module_name:aml-vcodec-dec
01-01 09:03:39.771 0 0 I : [1 T12651 ..] deinit session
01-01 09:03:39.771 0 0 I : [1 T12651 ..] deinit session producer-2
01-01 09:03:39.772 0 0 I : [1 T12651 ..] deinit has_unusing_fifo [1]
01-01 09:03:39.772 0 0 I : [0 T98 ..] p_fifo[2] name[aml-vcodec-dec] state[0] to MP_FIFO_UNUSED
01-01 09:03:39.773 0 0 I : [1 T12651 ..] codec mem info:
01-01 09:03:39.774 0 0 I : [1 T12651 ..] total codec mem size:364 MB
01-01 09:03:39.774 0 0 I : [1 T12651 ..] alloced size= 32 MB
01-01 09:03:39.775 0 0 I : [1 T12651 ..] max alloced: 119 MB
01-01 09:03:39.775 0 0 I [1 T12651 ..] CMA: 32,RES:0,TVP:0,SYS:0,COHER:0,VMAPED:0 MB
01-01 09:03:39.776 0 0 I [1 T12651 ..] RES_EXT: 0 MB
01-01 09:03:39.777 0 0 I : [1 T12651 ..] [4]CMA size:364 MB:alloced: 32 MB,free:331 MB
01-01 09:03:39.778 0 0 I [1 T12651 d.] [739].0: SCATTER_MEM.0,addr=0xcf2d2000,size=8388608,from=4,cnt=1,flags=268439553,used:2248 ms
01-01 09:03:39.778 0 0 I [1 T12651 d.] [740].0: SCATTER_MEM.0,addr=0xcfad2000,size=8388608,from=4,cnt=1,flags=268439553,used:2244 ms
01-01 09:03:39.779 0 0 I [1 T12651 d.] [742].0: SCATTER_MEM.0,addr=0xd03aa000,size=8388608,from=4,cnt=1,flags=268439553,used:2232 ms
01-01 09:03:39.780 0 0 I [1 T12651 d.] [743].0: SCATTER_MEM.0,addr=0xd0baa000,size=8388608,from=4,cnt=1,flags=268439553,used:2232 ms
01-01 09:03:39.782 0 0 I [1 T12651 d.] [758].0: CODEC_MM_DMA_BUF.0,addr=0xd19a0000,size=884736,from=4,cnt=1,flags=1,used:2216 ms
01-01 09:03:39.783 0 0 I [1 T12651 d.] [759].75: v4ldec-m2m.7,addr=0xd1a80000,size=65536,from=4,cnt=1,flags=69633,used:2212 ms
01-01 09:03:39.785 0 0 I : [1 T12651 ..] codec mem info:
01-01 09:03:39.786 0 0 I : [1 T12651 ..] total codec mem size:364 MB
01-01 09:03:39.787 0 0 I : [1 T12651 ..] alloced size= 32 MB
01-01 09:03:39.787 0 0 I : [1 T12651 ..] max alloced: 119 MB
01-01 09:03:39.788 0 0 I [1 T12651 ..] CMA: 32,RES:0,TVP:0,SYS:0,COHER:0,VMAPED:0 MB
01-01 09:03:39.788 0 0 I [1 T12651 ..] RES_EXT: 0 MB
01-01 09:03:39.789 0 0 I : [1 T12651 ..] [4]CMA size:364 MB:alloced: 32 MB,free:331 MB
01-01 09:03:39.790 0 0 I [1 T12651 d.] [739].0: SCATTER_MEM.0,addr=0xcf2d2000,size=8388608,from=4,cnt=1,flags=268439553,used:2260 ms
01-01 09:03:39.790 0 0 I [1 T12651 d.] [740].0: SCATTER_MEM.0,addr=0xcfad2000,size=8388608,from=4,cnt=1,flags=268439553,used:2256 ms
01-01 09:03:39.791 0 0 I [1 T12651 d.] [742].0: SCATTER_MEM.0,addr=0xd03aa000,size=8388608,from=4,cnt=1,flags=268439553,used:2244 ms
01-01 09:03:39.792 0 0 I [1 T12651 d.] [743].0: SCATTER_MEM.0,addr=0xd0baa000,size=8388608,from=4,cnt=1,flags=268439553,used:2244 ms
01-01 09:03:39.794 0 0 I [1 T12651 d.] [758].0: CODEC_MM_DMA_BUF.0,addr=0xd19a0000,size=884736,from=4,cnt=1,flags=1,used:2228 ms
01-01 09:03:39.795 0 0 I [1 T12651 d.] [759].75: v4ldec-m2m.7,addr=0xd1a80000,size=65536,from=4,cnt=1,flags=69633,used:2224 ms
01-01 09:03:39.797 0 0 E : [0 T12656 ..] mediaproxy produce init [aml-vcodec-dec]
01-01 09:03:39.799 0 0 I : [0 T12656 ..] Mediaproxy is opened name[aml-vcodec-dec]\n
01-01 09:03:39.799 0 0 I : [0 T12656 ..] Mediaproxy is opened name[aml-vcodec-dec] end\n
01-01 09:03:39.800 0 0 E : [0 T12656 ..] mediaproxy produce start connect
01-01 09:03:39.801 0 0 I : [0 T12656 ..] find p kfifo size:[32][2]
01-01 09:03:39.802 0 0 I : [0 T12656 ..] mediaproxy_get_fifo get idx[2]
01-01 09:03:39.802 0 0 I : [0 T12656 ..] Session producer-2 is connected fifo idx [2]
01-01 09:03:39.803 0 0 E : [0 T12656 ..] mediaproxy produce connect [2]
