05-23 09:26:55.855 732 732 D HDMI : [R]: 04:83
05-23 09:26:55.920 732 910 D HDMI : [S]: 4F:84:30:00:04
05-23 09:26:56.197 732 732 D HDMI : [R]: 04:90:00
05-23 09:26:56.199 732 732 D HDMI : addCecDevice new:CEC: logical_address: 0x00 device_type: 0 cec_version: 5 vendor_id: 60426 display_name: MiTV-ANSP0 power_status: 0 physical_address: 0x0000 port_id: -1 old:CEC: logical_address: 0x00 device_type: 0 cec_version: 5 vendor_id: 60426 display_name: MiTV-ANSP0 power_status: 0 physical_address: 0x0000 port_id: -1
05-23 09:26:56.200 732 732 D HdmiControlService: Switching to full volume behavior
05-23 09:26:56.201 732 732 D HDMI : addCecDevice new:CEC: logical_address: 0x04 device_type: 4 cec_version: 5 vendor_id: 1877008 display_name: DBBOX-A3 power_status: 0 physical_address: 0x3000 port_id: 0 old:null
05-23 09:26:56.308 732 732 D HDMI : [R]: 04:46
05-23 09:26:56.309 732 910 D HDMI : [S]: 40:47
05-23 09:26:56.672 732 732 D HDMI : [R]: 04:8C
05-23 09:26:56.674 732 910 D HDMI : [S]: 4F:87:1C:A4:10
05-23 09:26:56.917 732 732 D HDMI : [R]: 04:8F
05-23 09:26:56.918 732 910 D HDMI : [S]: 40:90:00
05-23 09:26:58.810 732 815 D OomAdjuster: Not killing cached processes
05-23 09:26:58.816 732 815 W ProcessStats: Tracking association SourceState{1ebb351 com.ktcp.video:daemon/10077 Fgs #403} whose proc state 3 is better than process ProcessState{3283533 com.ktcp.video/10077 pkg=com.ktcp.video} proc state 10 (17 skipped)
05-23 09:26:59.204 732 764 I ActivityManager: Waited long enough for: ServiceRecord{694114 u0 com.ktcp.video/.service.DaemonLiveService}
05-23 16:12:32.840 732 833 E LazyAlarmStore: Removed TIME_TICK alarm
05-23 16:12:32.846 732 732 I JobScheduler: RTC now valid; recalculating persisted job windows
05-23 16:12:32.907 732 732 W SyncManager: Clock is valid now.
05-23 16:12:32.908 732 732 D ConditionProviders.SCP: onReceive android.intent.action.TIME_SET
05-23 16:12:32.909 732 732 D ConditionProviders.SCP: evaluateSubscriptionLocked cal=ScheduleCalendar[mDays={1, 2, 3, 4, 5, 6, 7}, mSchedule=ScheduleInfo{days=[1, 2, 3, 4, 5, 6, 7], startHour=22, startMinute=0, endHour=7, endMinute=0, exitAtAlarm=true, nextAlarm=Thu Jan 01 08:00:00 GMT+08:00 1970 (0)}], now=Fri May 23 16:12:32 GMT+08:00 2025 (1747987952908), nextUserAlarmTime=Thu Jan 01 08:00:00 GMT+08:00 1970 (0)
05-23 16:12:32.909 732 732 D ConditionProviders.SCP: notifyCondition condition://android/schedule?days=1.2.3.4.5.6.7&start=22.0&end=7.0&exitAtAlarm=true STATE_FALSE reason=!meetsSchedule
05-23 16:12:32.910 732 732 D ConditionProviders.SCP: Scheduling evaluate for Fri May 23 22:00:00 GMT+08:00 2025 (1748008800000), in +5h47m27s92ms, now=Fri May 23 16:12:32 GMT+08:00 2025 (1747987952908)
05-23 16:12:32.910 732 732 D CompatibilityChangeReporter: Compat change id reported: 171306433; UID 1000; state: ENABLED
05-23 16:12:32.911 732 732 D CompatibilityChangeReporter: Compat change id reported: 218533173; UID 1000; state: ENABLED
05-23 16:12:32.927 732 889 D CompatibilityChangeReporter: Compat change id reported: 143231523; UID 1000; state: DISABLED
05-23 16:12:32.947 732 763 I UsageStatsService: User[0] Time changed in by 24329 seconds
05-23 16:12:32.947 732 763 I UsageStatsService: User[0] Flushing usage stats to disk
05-23 16:12:32.962 732 763 I UsageStatsDatabase: Time changed by +6h45m29s810ms. files deleted: 0 files moved: 4
05-23 16:12:32.967 732 763 I UsageStatsService: User[0] Rollover scheduled @ 2025-05-24 16:12:08(1748074328337)
05-23 16:12:32.973 732 815 D CompatibilityChangeReporter: Compat change id reported: 218533173; UID 10019; state: ENABLED
05-23 16:12:32.973 732 815 D CompatibilityChangeReporter: Compat change id reported: 262645982; UID 10019; state: ENABLED
05-23 16:12:32.974 732 815 D CompatibilityChangeReporter: Compat change id reported: 218533173; UID 10026; state: ENABLED
05-23 16:12:32.974 732 815 D CompatibilityChangeReporter: Compat change id reported: 262645982; UID 10026; state: ENABLED
05-23 16:12:32.975 732 815 D CompatibilityChangeReporter: Compat change id reported: 218533173; UID 10077; state: DISABLED
05-23 16:12:32.975 732 815 D CompatibilityChangeReporter: Compat change id reported: 262645982; UID 10077; state: DISABLED
05-23 16:12:32.978 732 815 D CompatibilityChangeReporter: Compat change id reported: 218533173; UID 10028; state: DISABLED
05-23 16:12:32.978 732 815 D CompatibilityChangeReporter: Compat change id reported: 262645982; UID 10028; state: DISABLED
05-23 16:12:32.979 732 815 D CompatibilityChangeReporter: Compat change id reported: 218533173; UID 10043; state: DISABLED
05-23 16:12:32.979 732 815 D CompatibilityChangeReporter: Compat change id reported: 262645982; UID 10043; state: DISABLED
05-23 16:12:32.980 732 815 D CompatibilityChangeReporter: Compat change id reported: 218533173; UID 10061; state: ENABLED
05-23 16:12:32.981 732 815 D CompatibilityChangeReporter: Compat change id reported: 262645982; UID 10061; state: ENABLED
05-23 16:12:32.982 732 815 D CompatibilityChangeReporter: Compat change id reported: 218533173; UID 10025; state: ENABLED
05-23 16:12:32.983 732 815 D CompatibilityChangeReporter: Compat change id reported: 262645982; UID 10025; state: ENABLED
05-23 16:12:32.983 732 815 D CompatibilityChangeReporter: Compat change id reported: 218533173; UID 10021; state: ENABLED
05-23 16:12:32.983 732 815 D CompatibilityChangeReporter: Compat change id reported: 262645982; UID 10021; state: ENABLED
05-23 16:12:32.984 732 815 D CompatibilityChangeReporter: Compat change id reported: 218533173; UID 10041; state: DISABLED
05-23 16:12:32.984 732 815 D CompatibilityChangeReporter: Compat change id reported: 262645982; UID 10041; state: DISABLED
05-23 16:12:32.986 732 815 D CompatibilityChangeReporter: Compat change id reported: 218533173; UID 10065; state: ENABLED
05-23 16:12:32.987 732 815 D CompatibilityChangeReporter: Compat change id reported: 262645982; UID 10065; state: ENABLED
05-23 16:12:37.918 732 764 D OomAdjuster: Not killing cached processes
05-23 16:12:37.926 732 975 D CompatibilityChangeReporter: Compat change id reported: 261072174; UID 1000; state: ENABLED
05-23 16:12:40.989 732 829 D ActivityManager: freezing 2031 com.android.providers.tv
05-23 16:12:46.634 732 839 V WindowManager: app ------------- force_land :0
05-23 16:12:46.654 732 732 D HDMI : Hotplug event:[port:0, connected:false]
05-23 16:12:46.654 732 732 D HDMI : reset tv status for hotplug out
05-23 16:12:46.654 732 732 D AudioService: onStatusChange cecEnabled:true available:false
05-23 16:12:46.655 732 891 D AudioService: setWiredDeviceConnectionState( type:400 state:DEVICE_STATE_UNAVAILABLE addr: name:) from android
05-23 16:12:46.656 732 891 I AS.AudioDeviceInventory: handleDeviceConnection(false dev:400 address: name:)
05-23 16:12:46.656 732 891 I AS.AudioDeviceInventory: deviceKey:0x400:
05-23 16:12:46.656 732 891 I AS.AudioDeviceInventory: deviceInfo:[DeviceInfo: type:0x400 (hdmi) name: addr: codec: 0 sensorUuid: null disabled modes: {}] is(already)Connected:true
05-23 16:12:46.672 732 891 I AS.AudioDeviceInventory: sendDeviceConnectionIntent(dev:0x400 state:0x0 address: name:);
05-23 16:12:46.850 732 756 D LocalDisplayAdapter: The active mode was changed from SurfaceFlinger or the display device to {id=27, width=4096, height=2160, fps=60.000004, alternativeRefreshRates=[], supportedHdrTypes=[]}
05-23 16:12:46.851 732 756 D LocalDisplayAdapter: New display modes are added and the active mode has changed, use active mode as default mode.
05-23 16:12:46.851 732 756 W LocalDisplayAdapter: DisplayModeSpecs base mode no longer available, using currently active mode.
05-23 16:12:46.852 732 756 I DisplayDeviceRepository: Display device changed: DisplayDeviceInfo{"内置屏幕": uniqueId="local:4625716335649126413", 4096 x 2160, modeId 6, renderFrameRate 60.000004, defaultModeId 6, supportedModes [{id=3, width=1920, height=1080, fps=59.94006, alternativeRefreshRates=[], supportedHdrTypes=[2]}, {id=4, width=1920, height=1080, fps=60.000004, alternativeRefreshRates=[], supportedHdrTypes=[2]}, {id=5, width=4096, height=2160, fps=59.94006, alternativeRefreshRates=[], supportedHdrTypes=[2]}, {id=6, width=4096, height=2160, fps=60.000004, alternativeRefreshRates=[], supportedHdrTypes=[2]}, {id=7, width=4096, height=2160, fps=50.0, alternativeRefreshRates=[], supportedHdrTypes=[2]}, {id=8, width=4096, height=2160, fps=29.97003, alternativeRefreshRates=[], supportedHdrTypes=[2]}, {id=9, width=4096, height=2160, fps=30.000002, alternativeRefreshRates=[], supportedHdrTypes=[2]}, {id=10, width=4096, height=2160, fps=23.976025, alternativeRefreshRates=[], supportedHdrTypes=[2]}, {id=11, width=4096, height=2160, fps=24.000002, alternativeRefreshRates=[], supportedHdrTypes=[2]}, {id=12, width=3840, height=2160, fps=59.94006, alternativeRefreshRates=[], supportedHdrTypes=[2]}, {id=13, width=3840, height=2160, fps=60.000004, alternativeRefreshRates=[], supportedHdrTypes=[2]}, {id=14, width=3840, height=2160, fps=50.0, alternativeRefreshRates=[], supportedHdrTypes=[2]}, {id=15, width=3840, height=2160, fps=29.97003, alternativeRefreshRates=[], supportedHdrTypes=[2]}, {id=16, width=3840, height=2160, fps=30.000002, alternativeRefreshRates=[], supportedHdrTypes=[2]}, {id=17, width=3840, height=2160, fps=25.0, alternativeRefreshRates=[], supportedHdrTypes=[2]}, {id=18, width=3840, height=2160, fps=23.976025, alternativeRefreshRates=[], supportedHdrTypes=[2]}, {id=19, width=3840, height=2160, fps=24.000002, alternativeRefreshRates=[], supportedHdrTypes=[2]}, {id=20, width=1920, height=1080, fps=50.0, alternativeRefreshRates=[], supportedHdrTypes=[2]}, {id=21, width=1280, height=720, fps=59.94006, alternativeRefreshRates=[], supportedHdrTypes=[2]}, {id=22, width=1280, height=720, fps=60.000004, alternativeRefreshRates=[], supportedHdrTypes=[2]}, {id=23, width=1280, height=720, fps=50.0, alternativeRefreshRates=[], supportedHdrTypes=[2]}, {id=24, width=720, height=576, fps=50.0, alternativeRefreshRates=[], supportedHdrTypes=[2]}, {id=25, width=720, height=480, fps=59.94006, alternativeRefreshRates=[], supportedHdrTypes=[2]}, {id=26, width=720, height=480, fps=60.000004, alternativeRefreshRates=[], supportedHdrTypes=[2]}], colorMode 0, supportedColorModes [0], hdrCapabilities HdrCapabilities{mSupportedHdrTypes=[2], mMaxLuminance=500.0, mMaxAverageLuminance=500.0, mMinLuminance=0.0}, allmSupported false, gameContentTypeSupported true, density 480, 85.277 x 79.513 dpi, appVsyncOff 2000000, presDeadline 13666666, touch INTERNAL, rotation 0, type INTERNAL, address {port=13, model=0x4031d87fca1678}, deviceProductInfo DeviceProductInfo{name=Mi TV, manufacturerPnpId=XMD, productId=74, modelYear=null, manufactureDate=ManufactureDate{week=13, year=2019}, connectionToSinkType=2}, state ON, committedState ON, frameRateOverride , brightnessMinimum 0.0, brightnessMaximum 1.0, brightnessDefault 0.39763778, hdrSdrRatio NaN, FLAG_ALLOWED_TO_BE_DEFAULT_DISPLAY, FLAG_ROTATES_WITH_CONTENT, FLAG_SECURE, FLAG_SUPPORTS_PROTECTED_BUFFERS, FLAG_TRUSTED, installOrientation 0, displayShape DisplayShape{ spec=215504843 displayWidth=4096 displayHeight=2160 physicalPixelDisplaySizeRatio=1.0 rotation=0 offsetX=0 offsetY=0 scale=1.0}}
05-23 16:12:46.889 732 732 D HDMI : [R]: 0F:80:00:00:30:00
05-23 16:12:46.891 732 732 D HDMI : addCecDevice new:CEC: logical_address: 0x00 device_type: 0 cec_version: 5 vendor_id: 16777215 display_name: TV power_status: -1 physical_address: 0xFFFF port_id: -1 old:null
05-23 16:12:46.891 732 732 D HdmiControlService: Switching to full volume behavior
05-23 16:12:46.891 732 732 D HDMI : TV is available now for receiving its message
05-23 16:12:46.891 732 732 D AudioService: onStatusChange cecEnabled:true available:true
05-23 16:12:46.893 732 732 D HDMI : setActiveSource logical:0xffffffff physical:0x3000 HdmiCecLocalDevicePlayback#handleRoutingChangeAndInformation()
05-23 16:12:46.894 732 732 D HDMI : ActiveSourceHistoryRecord active source=(invalid, 0x3000) isActiveSource=false from=HdmiCecLocalDevicePlayback#handleRoutingChangeAndInformation()
05-23 16:12:46.894 732 732 D HDMI : setActiveSource logical:0x04 physical:0x3000 HdmiCecLocalDevicePlayback#handleRoutingChangeAndInformation()
05-23 16:12:46.895 732 732 D HDMI : ActiveSourceHistoryRecord active source=(0x04, 0x3000) isActiveSource=true from=HdmiCecLocalDevicePlayback#handleRoutingChangeAndInformation()
05-23 16:12:46.896 732 732 D HDMI : setActiveSource logical:0x04 physical:0x3000 ActiveSourceAction
05-23 16:12:46.897 732 732 D HDMI : ActiveSourceHistoryRecord active source=(0x04, 0x3000) isActiveSource=true from=ActiveSourceAction
05-23 16:12:46.898 732 732 D HdmiControlService: Switching to full volume behavior
05-23 16:12:46.898 732 732 D HdmiControlService: Switching to full volume behavior
05-23 16:12:46.898 732 732 D HdmiControlService: Switching to full volume behavior
05-23 16:12:46.899 732 910 D HDMI : [S]: 4F:82:30:00
05-23 16:12:47.031 732 910 D HDMI : [S]: 40:8E:00
05-23 16:12:48.249 732 732 D HDMI : [R]: 04:44
05-23 16:12:48.328 732 732 D HDMI : [R]: 04:45
05-23 16:12:49.146 732 839 V WindowManager: app ------------- force_land :0
05-23 16:12:49.161 732 732 D HDMI : Hotplug event:[port:0, connected:true]
05-23 16:12:49.186 732 732 D HDMI : initPortInfo port info:port_id: 0, type: HDMI_OUT, address: 0x3000, cec: true, arc: true, mhl: false, earc: false
05-23 16:12:49.193 732 891 D AudioService: setWiredDeviceConnectionState( type:400 state:DEVICE_STATE_AVAILABLE addr: name:) from android
05-23 16:12:49.194 732 891 I AS.AudioDeviceInventory: handleDeviceConnection(true dev:400 address: name:)
05-23 16:12:49.194 732 891 I AS.AudioDeviceInventory: deviceKey:0x400:
05-23 16:12:49.194 732 891 I AS.AudioDeviceInventory: deviceInfo:null is(already)Connected:false
05-23 16:12:49.371 732 910 D HDMI : New logical address for device [4]: [preferred:4, assigned:4]
05-23 16:12:49.400 732 732 D HDMI : addCecDevice new:CEC: logical_address: 0x04 device_type: 4 cec_version: 5 vendor_id: 1877008 display_name: DBBOX-A3 power_status: 0 physical_address: 0x3000 port_id: 0 old:null
05-23 16:12:49.416 732 732 D HDMI : onAddressAllocated address:4 reason:4
05-23 16:12:49.419 732 732 D HDMI : DeviceDiscoveryAction start com.android.server.hdmi.DeviceDiscoveryAction@98f425f
05-23 16:12:49.421 732 910 D HDMI : [S]: 4F:84:30:00:04
05-23 16:12:49.512 732 756 D LocalDisplayAdapter: The active mode was changed from SurfaceFlinger or the display device to {id=31, width=4096, height=2160, fps=60.000004, alternativeRefreshRates=[], supportedHdrTypes=[2]}
05-23 16:12:49.512 732 756 D LocalDisplayAdapter: New display modes are added and the active mode has changed, use active mode as default mode.
05-23 16:12:49.512 732 756 W LocalDisplayAdapter: DisplayModeSpecs base mode no longer available, using currently active mode.
05-23 16:12:49.513 732 756 I DisplayDeviceRepository: Display device changed: DisplayDeviceInfo{"内置屏幕": uniqueId="local:4625716335649126413", 4096 x 2160, modeId 27, renderFrameRate 60.000004, defaultModeId 27, supportedModes [{id=27, width=4096, height=2160, fps=60.000004, alternativeRefreshRates=[], supportedHdrTypes=[]}], colorMode 0, supportedColorModes [0], hdrCapabilities HdrCapabilities{mSupportedHdrTypes=[], mMaxLuminance=500.0, mMaxAverageLuminance=500.0, mMinLuminance=0.0}, allmSupported false, gameContentTypeSupported true, density 480, 85.277 x 79.513 dpi, appVsyncOff 2000000, presDeadline 13666666, touch INTERNAL, rotation 0, type INTERNAL, address {port=13, model=0x4031d87fca1678}, deviceProductInfo DeviceProductInfo{name=Linux FHD, manufacturerPnpId=LNX, productId=0, modelYear=null, manufactureDate=ManufactureDate{week=5, year=2012}, connectionToSinkType=0}, state ON, committedState ON, frameRateOverride , brightnessMinimum 0.0, brightnessMaximum 1.0, brightnessDefault 0.39763778, hdrSdrRatio NaN, FLAG_ALLOWED_TO_BE_DEFAULT_DISPLAY, FLAG_ROTATES_WITH_CONTENT, FLAG_SECURE, FLAG_SUPPORTS_PROTECTED_BUFFERS, FLAG_TRUSTED, installOrientation 0, displayShape DisplayShape{ spec=215504843 displayWidth=4096 displayHeight=2160 physicalPixelDisplaySizeRatio=1.0 rotation=0 offsetX=0 offsetY=0 scale=1.0}}
05-23 16:12:49.543 732 891 I AS.AudioDeviceInventory: sendDeviceConnectionIntent(dev:0x400 state:0x1 address: name:);
05-23 16:12:49.579 732 910 D HDMI : [S]: 4F:87:1C:A4:10
05-23 16:12:49.731 732 910 D HDMI : [S]: 40:8C
05-23 16:12:49.814 732 910 D HDMI : [S]: 40:47
05-23 16:12:50.093 732 910 D HDMI : [S]: 45:7D
05-23 16:12:50.210 732 910 E HDMI : [2]:Failed to send 45:7D with errorCode=1
05-23 16:12:50.210 732 732 D HDMI : AVR did not respond to
05-23 16:12:50.211 732 732 D HdmiControlService: Switching to full volume behavior
05-23 16:12:50.607 732 833 D ActivityManager: sync unfroze 2031 com.android.providers.tv for 6
05-23 16:12:50.619 732 732 D HdmiCecController: [P]:AllocatedAddress=[0]
05-23 16:12:50.619 732 910 D HDMI : [S]: 40:83
05-23 16:12:50.639 732 975 D OomAdjuster: Not killing cached processes
05-23 16:12:50.796 732 732 D HDMI : [R]: 04:46
05-23 16:12:50.797 732 732 D HDMI : addCecDevice new:CEC: logical_address: 0x00 device_type: 0 cec_version: 5 vendor_id: 16777215 display_name: TV power_status: -1 physical_address: 0xFFFF port_id: -1 old:null
05-23 16:12:50.798 732 732 D HdmiControlService: Switching to full volume behavior
05-23 16:12:50.799 732 910 D HDMI : [S]: 40:47
05-23 16:12:50.953 732 732 D HDMI : [R]: 0F:87:00:EC:0A
05-23 16:12:51.035 732 732 D HDMI : [R]: 04:8C
05-23 16:12:51.193 732 732 D HDMI : [R]: 0F:84:00:00:00
05-23 16:12:51.195 732 732 D HDMI : addCecDevice new:CEC: logical_address: 0x00 device_type: 0 cec_version: 5 vendor_id: 60426 display_name: TV power_status: -1 physical_address: 0x0000 port_id: -1 old:CEC: logical_address: 0x00 device_type: 0 cec_version: 5 vendor_id: 60426 display_name: TV power_status: -1 physical_address: 0xFFFF port_id: -1
05-23 16:12:51.196 732 732 D HdmiControlService: Switching to full volume behavior
05-23 16:12:51.451 732 910 D HDMI : [S]: 4F:87:1C:A4:10
05-23 16:12:51.604 732 910 D HDMI : [S]: 40:46
05-23 16:12:52.014 732 732 D HDMI : [R]: 04:47
05-23 16:12:52.015 732 732 D HdmiCecNetwork: Updating device OSD name from TV to MiTV-ANSP0
05-23 16:12:52.016 732 910 D HDMI : [S]: 40:8F
05-23 16:12:52.210 732 732 D HDMI : [R]: 04:90:00
05-23 16:12:52.214 732 732 D HDMI : addCecDevice new:CEC: logical_address: 0x00 device_type: 0 cec_version: 5 vendor_id: 60426 display_name: MiTV-ANSP0 power_status: 0 physical_address: 0x0000 port_id: -1 old:CEC: logical_address: 0x00 device_type: 0 cec_version: 5 vendor_id: 60426 display_name: MiTV-ANSP0 power_status: 0 physical_address: 0x0000 port_id: -1
05-23 16:12:52.215 732 732 D HdmiControlService: Switching to full volume behavior
05-23 16:12:52.216 732 732 D HDMI : addCecDevice new:CEC: logical_address: 0x04 device_type: 4 cec_version: 5 vendor_id: 1877008 display_name: DBBOX-A3 power_status: 0 physical_address: 0x3000 port_id: 0 old:null
05-23 16:12:52.906 732 815 W ProcessStats: Tracking association SourceState{1ebb351 com.ktcp.video:daemon/10077 Fgs #444} whose proc state 3 is better than process ProcessState{3283533 com.ktcp.video/10077 pkg=com.ktcp.video} proc state 10 (20 skipped)
05-23 16:13:00.626 732 763 I UsageStatsService: Time changed in by 24329 seconds
05-23 16:13:00.629 732 928 D OomAdjuster: Not killing cached processes
05-23 16:13:00.688 732 829 D ActivityManager: freezing 2031 com.android.providers.tv
05-23 16:13:02.905 732 829 D ActivityManager: freezing 1606 android.process.media
05-23 16:13:02.955 732 829 D ActivityManager: freezing 2108 com.android.statementservice
05-23 16:13:02.956 732 829 D ActivityManager: freezing 2054 com.android.rkpdapp
05-23 16:13:06.312 732 732 V HotPlugDetectionAction: Poll all devices.
05-23 16:13:06.711 732 764 D OomAdjuster: Not killing cached processes
05-23 16:13:06.714 732 764 W ProcessStats: Tracking association SourceState{1ebb351 com.ktcp.video:daemon/10077 Fgs #453} whose proc state 3 is better than process ProcessState{3283533 com.ktcp.video/10077 pkg=com.ktcp.video} proc state 10 (5 skipped)
05-23 16:13:06.714 732 732 D HdmiCecController: [P]:AllocatedAddress=[0]
05-23 16:13:07.426 732 975 W BatteryExternalStatsWorker: error reading Bluetooth stats: 11
05-23 16:13:09.727 732 956 I ActivityManager: Background started FGS: Allowed [callingPackage: com.dangbei.screencast; callingUid: 10043; uidState: FGS ; uidBFSL: [BFSL]; intent: Intent { cmp=com.dangbei.screencast/.startup.GuardService }; code:PROC_STATE_FGS; tempAllowListReason:; targetSdkVersion:28; callerTargetSdkVersion:28; startForegroundCount:0; bindFromPackage:null: isBindService:false]
05-23 16:13:09.729 732 956 D CompatibilityChangeReporter: Compat change id reported: 135634846; UID 10043; state: DISABLED
05-23 16:13:09.731 732 765 D CompatibilityChangeReporter: Compat change id reported: 143937733; UID 10043; state: DISABLED
05-23 16:13:09.747 732 765 I ActivityManager: Start proc 2839:com.dangbei.screencast:bg_guard/u0a43 for service {com.dangbei.screencast/com.dangbei.screencast.startup.GuardService}
05-23 16:13:09.776 732 956 D CompatibilityChangeReporter: Compat change id reported: 168419799; UID 10043; state: DISABLED
05-23 16:13:09.777 732 956 D CompatibilityChangeReporter: Compat change id reported: 273564678; UID 10043; state: DISABLED
05-23 16:13:09.813 732 956 D CompatibilityChangeReporter: Compat change id reported: 170503758; UID 10043; state: DISABLED
05-23 16:13:09.862 732 956 D CompatibilityChangeReporter: Compat change id reported: 161145287; UID 10043; state: DISABLED
05-23 16:13:09.952 732 956 D CompatibilityChangeReporter: Compat change id reported: 170668199; UID 10043; state: DISABLED
05-23 16:13:09.952 732 956 W ActivityManager: Foreground service started from background can not have location/camera/microphone access: service com.dangbei.screencast/.startup.GuardService
05-23 16:13:09.952 732 956 D CompatibilityChangeReporter: Compat change id reported: 255038118; UID 10043; state: DISABLED
05-23 16:13:09.953 732 956 D CompatibilityChangeReporter: Compat change id reported: 255042465; UID 10043; state: DISABLED
05-23 16:13:09.953 732 956 W ForegroundServiceTypeLoggerModule: Foreground service start for UID: 10043 does not have any types
05-23 16:13:10.162 732 771 W BatteryExternalStatsWorker: error reading modem stats:ERROR_PHONE_NOT_AVAILABLE
05-23 16:13:10.163 732 808 W BatteryExternalStatsWorker: error reading Bluetooth stats: 11
05-23 16:13:11.797 732 808 I ActivityManager: Process com.dangbei.screencast (pid 1679) has died: prcp FGS
05-23 16:13:11.799 732 808 D CompatibilityChangeReporter: Compat change id reported: 261072174; UID 10043; state: DISABLED
05-23 16:13:11.800 732 808 W ActivityManager: Scheduling restart of crashed service com.dangbei.screencast/.huaweicast.service.HuaweiCastService in 1000ms for start-requested
05-23 16:13:11.800 732 808 W ActivityManager: Scheduling restart of crashed service com.dangbei.screencast/.startup.StartupService in 10999ms for start-requested
05-23 16:13:11.801 732 808 D OomAdjuster: Not killing cached processes
05-23 16:13:11.836 732 2913 I ActivityManager: Process com.huawei.connection (pid 2442) has died: fg SVC
05-23 16:13:12.802 732 764 D CompatibilityChangeReporter: Compat change id reported: 135634846; UID 10043; state: DISABLED
05-23 16:13:12.803 732 765 D CompatibilityChangeReporter: Compat change id reported: 143937733; UID 10043; state: DISABLED
05-23 16:13:12.821 732 765 I ActivityManager: Start proc 2915:com.dangbei.screencast/u0a43 for service {com.dangbei.screencast/com.dangbei.screencast.huaweicast.service.HuaweiCastService}
05-23 16:13:13.033 732 1458 W ActivityManager: Foreground service started from background can not have location/camera/microphone access: service com.dangbei.screencast/.huaweicast.service.HuaweiCastService
05-23 16:13:13.041 732 2913 W ActivityManager: Foreground service started from background can not have location/camera/microphone access: service com.dangbei.screencast/.startup.StartupService
05-23 16:13:13.041 732 2913 I ActivityManager: Background started FGS: Allowed [callingPackage: com.dangbei.screencast; callingUid: 10043; uidState: FGS ; uidBFSL: [BFSL]; intent: Intent { act=com.dangbei.screencast.STARTUP pkg=com.dangbei.screencast }; code:PROC_STATE_FGS; tempAllowListReason:; targetSdkVersion:28; callerTargetSdkVersion:28; startForegroundCount:1; bindFromPackage:null: isBindService:true]
05-23 16:13:16.718 732 815 W ProcessStats: Tracking association SourceState{1ebb351 com.ktcp.video:daemon/10077 Fgs #485} whose proc state 3 is better than process ProcessState{3283533 com.ktcp.video/10077 pkg=com.ktcp.video} proc state 10 (3 skipped)
05-23 16:13:16.761 732 829 D ActivityManager: freezing 1984 com.android.providers.calendar
05-23 16:13:16.971 732 2913 D OomAdjuster: Not killing cached processes
05-23 16:13:18.100 732 1458 D CompatibilityChangeReporter: Compat change id reported: 135634846; UID 10043; state: DISABLED
05-23 16:13:18.101 732 765 D CompatibilityChangeReporter: Compat change id reported: 143937733; UID 10043; state: DISABLED
05-23 16:13:18.116 732 765 I ActivityManager: Start proc 3039:com.huawei.connection/u0a43 for service {com.dangbei.screencast/com.huawei.connection.service.NearFieldManagerService}
05-23 16:13:20.005 732 2913 I ActivityManager: Process com.dangbei.screencast:bg_guard (pid 2839) has died: prcp FGS
05-23 16:13:20.007 732 2913 W ForegroundServiceTypeLoggerModule: FGS stop call for: 10043 has no types!
05-23 16:13:20.852 732 829 D ActivityManager: freezing 1942 com.android.permissioncontroller
05-23 16:13:26.734 732 732 D HDMI : [R]: 04:8F
05-23 16:13:26.735 732 910 D HDMI : [S]: 40:90:00
05-23 16:13:28.842 296 3094 I keystore2: system/security/keystore2/src/watchdog.rs:319 - Watchdog thread idle -> terminating. Have a great day.
05-23 16:13:32.912 732 833 D OomAdjuster: Not killing cached processes
05-23 16:13:39.737 732 815 D OomAdjuster: Not killing cached processes
05-23 16:13:39.738 732 815 W ProcessStats: Tracking association SourceState{1ebb351 com.ktcp.video:daemon/10077 Fgs #499} whose proc state 3 is better than process ProcessState{3283533 com.ktcp.video/10077 pkg=com.ktcp.video} proc state 10 (1 skipped)
05-23 16:13:46.646 732 764 D OomAdjuster: Not killing cached processes
05-23 16:14:06.313 732 732 V HotPlugDetectionAction: Poll all devices.
05-23 16:14:06.651 732 815 D OomAdjuster: Not killing cached processes
05-23 16:14:06.651 732 815 W ProcessStats: Tracking association SourceState{1ebb351 com.ktcp.video:daemon/10077 Fgs #502} whose proc state 3 is better than process ProcessState{3283533 com.ktcp.video/10077 pkg=com.ktcp.video} proc state 10 (2 skipped)
05-23 16:14:06.710 732 732 D HdmiCecController: [P]:AllocatedAddress=[0]
05-23 16:14:09.773 732 807 W WindowManager: [addWindow] title:
05-23 16:14:09.775 732 807 D CompatibilityChangeReporter: Compat change id reported: 168419799; UID 1000; state: DISABLED
05-23 16:14:09.775 732 807 D CompatibilityChangeReporter: Compat change id reported: 273564678; UID 1000; state: DISABLED
05-23 16:14:09.784 732 807 D CoreBackPreview: Window{a5d70ca u0 com.dangbei.leard.leradlauncher}: Setting back callback OnBackInvokedCallbackInfo{mCallback=android.window.IOnBackInvokedCallback$Stub$Proxy@c8b3eb1, mPriority=0, mIsAnimationCallback=false}
05-23 16:14:09.840 732 807 D CompatibilityChangeReporter: Compat change id reported: 214016041; UID 1000; state: ENABLED
05-23 16:14:09.840 732 807 D CompatibilityChangeReporter: Compat change id reported: 214016041; UID 1000; state: DISABLED
05-23 16:14:09.879 732 754 W ContextImpl: Calling a method in the system process without a qualified user: android.app.ContextImpl.startService:1899 com.android.server.wm.DisplayPolicy.lambda$focusChangedLw$5:2126 com.android.server.wm.DisplayPolicy.$r8$lambda$Znxk63oh-WzVnzo_WQefN7uxV48:0 com.android.server.wm.DisplayPolicy$$ExternalSyntheticLambda13.run:0 android.os.Handler.handleCallback:958
05-23 16:14:10.843 732 1458 W BatteryExternalStatsWorker: error reading Bluetooth stats: 11
05-23 16:14:12.881 732 754 D HdmiControlService: Process pid: 732 is calling oneTouchPlay.
05-23 16:14:12.881 732 732 D HDMI : oneTouchPlay com.android.server.hdmi.OneTouchPlayAction@66e4c88
05-23 16:14:12.882 732 910 D HDMI : [S]: 40:0D
05-23 16:14:12.882 732 732 D HDMI : setActiveSource logical:0x04 physical:0x3000 OneTouchPlayAction#broadcastActiveSource()
05-23 16:14:12.885 732 732 D HDMI : ActiveSourceHistoryRecord active source=(0x04, 0x3000) isActiveSource=true from=OneTouchPlayAction#broadcastActiveSource()
05-23 16:14:12.885 732 732 D HDMI : setActiveSource logical:0x04 physical:0x3000 ActiveSourceAction
05-23 16:14:12.885 957 1021 D WindowManagerShell: TvPipMenuController: closeMenu()
05-23 16:14:12.886 957 1021 I WindowManagerShell: TvPipMenuController: switchToMenuMode: setting mCurrentMenuMode=MODE_NO_MENU, mPrevMenuMode=MODE_NO_MENU
05-23 16:14:12.886 732 753 D AutofillManagerService: Close system dialogs
05-23 16:14:12.888 732 732 D HDMI : ActiveSourceHistoryRecord active source=(0x04, 0x3000) isActiveSource=true from=ActiveSourceAction
05-23 16:14:12.889 732 732 D HdmiControlService: Switching to full volume behavior
05-23 16:14:12.891 732 754 D CompatibilityChangeReporter: Compat change id reported: 265464455; UID 1000; state: DISABLED
05-23 16:14:12.892 732 754 D CompatibilityChangeReporter: Compat change id reported: 265452344; UID 1000; state: DISABLED
05-23 16:14:12.892 732 754 D CompatibilityChangeReporter: Compat change id reported: 266124927; UID 1000; state: DISABLED
05-23 16:14:12.892 732 754 D CompatibilityChangeReporter: Compat change id reported: 265451093; UID 1000; state: DISABLED
05-23 16:14:12.893 732 754 D CompatibilityChangeReporter: Compat change id reported: 265456536; UID 1000; state: DISABLED
05-23 16:14:12.893 732 754 D CompatibilityChangeReporter: Compat change id reported: 255940284; UID 1000; state: DISABLED
05-23 16:14:12.893 732 754 D CompatibilityChangeReporter: Compat change id reported: 236283604; UID 1000; state: DISABLED
05-23 16:14:12.894 732 754 D CompatibilityChangeReporter: Compat change id reported: 263959004; UID 1000; state: DISABLED
05-23 16:14:12.894 732 732 D HdmiControlService: Switching to full volume behavior
05-23 16:14:12.894 732 754 D CompatibilityChangeReporter: Compat change id reported: 264304459; UID 1000; state: DISABLED
05-23 16:14:12.894 732 754 D CompatibilityChangeReporter: Compat change id reported: 264301586; UID 1000; state: DISABLED
05-23 16:14:12.894 732 754 D CompatibilityChangeReporter: Compat change id reported: 254631730; UID 1000; state: DISABLED
05-23 16:14:12.895 732 754 D CompatibilityChangeReporter: Compat change id reported: 273509367; UID 1000; state: DISABLED
05-23 16:14:12.895 732 754 D CompatibilityChangeReporter: Compat change id reported: 263259275; UID 1000; state: DISABLED
05-23 16:14:12.895 732 754 D CompatibilityChangeReporter: Compat change id reported: 174042980; UID 1000; state: DISABLED
05-23 16:14:12.895 732 754 D CompatibilityChangeReporter: Compat change id reported: 174042936; UID 1000; state: DISABLED
05-23 16:14:12.896 732 754 D CompatibilityChangeReporter: Compat change id reported: 181136395; UID 1000; state: DISABLED
05-23 16:14:12.897 732 754 D CompatibilityChangeReporter: Compat change id reported: 194480991; UID 1000; state: ENABLED
05-23 16:14:12.901 732 754 D CompatibilityChangeReporter: Compat change id reported: 197654537; UID 1000; state: DISABLED
05-23 16:14:12.905 732 754 I ActivityTaskManager: START u0 {act=android.intent.action.MAIN cat=[android.intent.category.HOME] flg=0x10000100 cmp=com.dangbei.leard.leradlauncher/com.dangbei.launcher.home.LauncherActivity (has extras)} with LAUNCH_SINGLE_TASK from uid 0 (BAL_ALLOW_ALLOWLISTED_UID) result code=3
05-23 16:14:12.920 732 756 D OomAdjuster: Not killing cached processes
05-23 16:14:12.963 732 910 D HDMI : [S]: 4F:82:30:00
05-23 16:14:13.091 732 910 D HDMI : [S]: 40:8E:00
05-23 16:14:13.195 732 910 D HDMI : [S]: 45:70:30:00
05-23 16:14:13.306 732 910 E HDMI : [1]:Failed to send 45:70:30:00 with errorCode=1
05-23 16:14:13.306 732 910 D HDMI : [S]: 40:8F
05-23 16:14:13.494 732 732 D HDMI : [R]: 04:90:00
05-23 16:14:13.494 732 732 D HDMI : One touch play is done for TV's power is ready
05-23 16:14:13.495 732 732 D HDMI : setActiveSource logical:0x04 physical:0x3000 ActiveSourceAction
05-23 16:14:13.496 732 910 D HDMI : [S]: 4F:82:30:00
05-23 16:14:13.497 732 732 D HDMI : ActiveSourceHistoryRecord active source=(0x04, 0x3000) isActiveSource=true from=ActiveSourceAction
05-23 16:14:13.498 732 732 D HdmiControlService: Switching to full volume behavior
05-23 16:14:13.627 732 910 D HDMI : [S]: 40:8E:00
05-23 16:14:16.009 1093 1093 W ContextImpl: Calling a method in the system process without a qualified user: android.app.ContextImpl.startActivity:1102 android.content.ContextWrapper.startActivity:436 com.droidlogic.btpair.DialogBluetoothService$1.onReceive:248 android.app.LoadedApk$ReceiverDispatcher$Args.lambda$getRunnable$0:1811 android.app.LoadedApk$ReceiverDispatcher$Args.$r8$lambda$gDuJqgxY6Zb-ifyeubKeivTLAwk:0
05-23 16:14:16.009 1093 1093 W ContextImpl: Calling a method in the system process without a qualified user: android.app.ContextImpl.startActivity:1114 android.app.ContextImpl.startActivity:1103 android.content.ContextWrapper.startActivity:436 com.droidlogic.btpair.DialogBluetoothService$1.onReceive:248 android.app.LoadedApk$ReceiverDispatcher$Args.lambda$getRunnable$0:1811
05-23 16:14:16.011 732 956 I ActivityTaskManager: START u0 {flg=0x10000000 cmp=com.android.tv.settings/.accessories.AddAccessoryActivity (has extras)} with LAUNCH_MULTIPLE from uid 1000 result code=-92 --------- beginning of crash
05-23 16:14:16.012 1093 1093 E AndroidRuntime: FATAL EXCEPTION: main
05-23 16:14:16.012 1093 1093 E AndroidRuntime: Process: com.droidlogic, PID: 1093
05-23 16:14:16.012 1093 1093 E AndroidRuntime: java.lang.RuntimeException: Error receiving broadcast Intent { act=android.bluetooth.device.action.BOND_STATE_CHANGED flg=0x10 (has extras) } in com.droidlogic.btpair.DialogBluetoothService$1@9705d4a
05-23 16:14:16.012 1093 1093 E AndroidRuntime: at android.app.LoadedApk$ReceiverDispatcher$Args.lambda$getRunnable$0(LoadedApk.java:1819)
05-23 16:14:16.012 1093 1093 E AndroidRuntime: at android.app.LoadedApk$ReceiverDispatcher$Args.$r8$lambda$gDuJqgxY6Zb-ifyeubKeivTLAwk(Unknown Source:0)
05-23 16:14:16.012 1093 1093 E AndroidRuntime: at android.app.LoadedApk$ReceiverDispatcher$Args$$ExternalSyntheticLambda0.run(Unknown Source:2)
05-23 16:14:16.012 1093 1093 E AndroidRuntime: at android.os.Handler.handleCallback(Handler.java:958)
05-23 16:14:16.012 1093 1093 E AndroidRuntime: at android.os.Handler.dispatchMessage(Handler.java:99)
05-23 16:14:16.012 1093 1093 E AndroidRuntime: at android.os.Looper.loopOnce(Looper.java:205)
05-23 16:14:16.012 1093 1093 E AndroidRuntime: at android.os.Looper.loop(Looper.java:294)
05-23 16:14:16.012 1093 1093 E AndroidRuntime: at android.app.ActivityThread.main(ActivityThread.java:8255)
05-23 16:14:16.012 1093 1093 E AndroidRuntime: at java.lang.reflect.Method.invoke(Native Method)
05-23 16:14:16.012 1093 1093 E AndroidRuntime: at com.android.internal.os.RuntimeInit$MethodAndArgsCaller.run(RuntimeInit.java:552)
05-23 16:14:16.012 1093 1093 E AndroidRuntime: at com.android.internal.os.ZygoteInit.main(ZygoteInit.java:978)
05-23 16:14:16.012 1093 1093 E AndroidRuntime: Caused by: android.content.ActivityNotFoundException: Unable to find explicit activity class {com.android.tv.settings/com.android.tv.settings.accessories.AddAccessoryActivity}; have you declared this activity in your AndroidManifest.xml, or does your intent not match its declared ?
05-23 16:14:16.012 1093 1093 E AndroidRuntime: at android.app.Instrumentation.checkStartActivityResult(Instrumentation.java:2236)
05-23 16:14:16.012 1093 1093 E AndroidRuntime: at android.app.Instrumentation.execStartActivity(Instrumentation.java:1878)
05-23 16:14:16.012 1093 1093 E AndroidRuntime: at android.app.ContextImpl.startActivity(ContextImpl.java:1132)
05-23 16:14:16.012 1093 1093 E AndroidRuntime: at android.app.ContextImpl.startActivity(ContextImpl.java:1103)
05-23 16:14:16.012 1093 1093 E AndroidRuntime: at android.content.ContextWrapper.startActivity(ContextWrapper.java:436)
05-23 16:14:16.012 1093 1093 E AndroidRuntime: at com.droidlogic.btpair.DialogBluetoothService$1.onReceive(DialogBluetoothService.java:248)
05-23 16:14:16.012 1093 1093 E AndroidRuntime: at android.app.LoadedApk$ReceiverDispatcher$Args.lambda$getRunnable$0(LoadedApk.java:1811)
05-23 16:14:16.012 1093 1093 E AndroidRuntime: ... 10 more
05-23 16:14:16.018 732 3323 I DropBoxManagerService: add tag=system_app_crash isTagEnabled=true flags=0x2
05-23 16:14:16.045 732 808 I ActivityManager: Process com.droidlogic (pid 1093) has died: pers PER
05-23 16:14:16.045 732 808 W ActivityManager: Scheduling restart of crashed service com.droidlogic/.btpair.AudioVideoDevReconnectService in 0ms for persistent
05-23 16:14:16.045 732 808 W ActivityManager: Scheduling restart of crashed service com.droidlogic/.AiPqService in 0ms for persistent
05-23 16:14:16.045 732 808 W ActivityManager: Scheduling restart of crashed service com.droidlogic/.btpair.DialogBluetoothService in 0ms for persistent
05-23 16:14:16.045 732 808 W ActivityManager: Scheduling restart of crashed service com.droidlogic/.hdmi.HdmiCecService in 0ms for persistent
05-23 16:14:16.045 732 808 W ActivityManager: Scheduling restart of crashed service com.droidlogic/.FrameRateService in 0ms for persistent
05-23 16:14:16.045 732 808 W ActivityManager: Scheduling restart of crashed service com.droidlogic/.audioservice.services.AudioEffectsService in 0ms for persistent
05-23 16:14:16.045 732 808 W ActivityManager: Scheduling restart of crashed service com.droidlogic/.ShutdownService in 0ms for persistent
05-23 16:14:16.046 732 808 W ActivityManager: Scheduling restart of crashed service com.droidlogic/.NtpService in 0ms for persistent
05-23 16:14:16.046 732 808 W ActivityManager: Re-adding persistent process ProcessRecord{e2be2ab 1093:com.droidlogic/1000}
05-23 16:14:16.046 732 808 I ActivityManager: com.droidlogic is exempt from freezer
05-23 16:14:16.047 732 808 D CompatibilityChangeReporter: Compat change id reported: 135634846; UID 1000; state: DISABLED
05-23 16:14:16.049 732 764 E ActivityManager: Restarting service that is not needed: ServiceRecord{a70cf92 u0 com.droidlogic/.AiPqService}
05-23 16:14:16.050 732 764 E ActivityManager: Restarting service that is not needed: ServiceRecord{61dc244 u0 com.droidlogic/.FrameRateService}
05-23 16:14:16.059 732 765 I ActivityManager: Start proc 3326:com.droidlogic/1000 for restart com.droidlogic
05-23 16:14:16.148 732 808 D HDMI : Process pid:3326 is calling addHotplugEventListener
05-23 16:14:17.304 732 764 E ActivityManager: Restarting service that is not needed: ServiceRecord{a70cf92 u0 com.droidlogic/.AiPqService}
05-23 16:14:17.305 732 764 E ActivityManager: Restarting service that is not needed: ServiceRecord{61dc244 u0 com.droidlogic/.FrameRateService}
05-23 16:14:17.308 3326 3326 W ContextImpl: Calling a method in the system process without a qualified user: android.app.ContextImpl.startService:1899 android.content.ContextWrapper.startService:825 com.droidlogic.DroidlogicApplication$1.handleMessage:93 android.os.Handler.dispatchMessage:106 android.os.Looper.loopOnce:205
05-23 16:14:17.322 732 808 D CompatibilityChangeReporter: Compat change id reported: 161145287; UID 1000; state: ENABLED
05-23 16:14:17.323 732 808 D CompatibilityChangeReporter: Compat change id reported: 161145287; UID 1000; state: DISABLED
05-23 16:14:17.359 732 808 D HDMI : addVendorCommandListener 1877008
05-23 16:14:17.400 732 894 D CompatibilityChangeReporter: Compat change id reported: 171306433; UID 1000; state: ENABLED
05-23 16:14:17.400 732 894 D CompatibilityChangeReporter: Compat change id reported: 218533173; UID 1000; state: ENABLED
05-23 16:14:22.249 732 956 D CoreBackPreview: Window{a5d70ca u0 com.dangbei.leard.leradlauncher}: Setting back callback null
05-23 16:14:22.258 732 756 V WindowManager: Unknown focus tokens, dropping reportFocusChanged
05-23 16:14:22.304 732 956 D CompatibilityChangeReporter: Compat change id reported: 214016041; UID 1000; state: ENABLED
05-23 16:14:22.305 732 956 D CompatibilityChangeReporter: Compat change id reported: 214016041; UID 1000; state: DISABLED
05-23 16:14:22.357 732 754 W ContextImpl: Calling a method in the system process without a qualified user: android.app.ContextImpl.startService:1899 com.android.server.wm.DisplayPolicy.lambda$focusChangedLw$5:2126 com.android.server.wm.DisplayPolicy.$r8$lambda$Znxk63oh-WzVnzo_WQefN7uxV48:0 com.android.server.wm.DisplayPolicy$$ExternalSyntheticLambda13.run:0 android.os.Handler.handleCallback:958
05-23 16:14:22.358 732 754 D OomAdjuster: Not killing cached processes
05-23 16:14:22.382 732 754 D AutofillManagerService: onBackKeyPressed()
05-23 16:14:22.383 732 754 D AutofillManagerServiceImpl: Reset component for user 0:null
05-23 16:14:22.385 732 754 D AutofillUI: destroySaveUiUiThread(): already destroyed
05-23 16:14:25.126 732 840 W ContextImpl: Calling a method in the system process without a qualified user: android.app.ContextImpl.sendBroadcast:1220 com.android.server.policy.PhoneWindowManager.interceptSystemKeysAndShortcuts:3687 com.android.server.policy.PhoneWindowManager.interceptKeyBeforeDispatching:3212 com.android.server.wm.InputManagerCallback.interceptKeyBeforeDispatching:183 com.android.server.input.InputManagerService.interceptKeyBeforeDispatching:2507
05-23 16:14:25.173 732 2913 W WindowManager: [addWindow] title:
05-23 16:14:25.175 732 2913 D CompatibilityChangeReporter: Compat change id reported: 168419799; UID 1000; state: DISABLED
05-23 16:14:25.176 732 2913 D CompatibilityChangeReporter: Compat change id reported: 273564678; UID 1000; state: DISABLED
05-23 16:14:25.188 732 2913 D CoreBackPreview: Window{d21707c u0 com.dangbei.lerad.etna.haqu}: Setting back callback OnBackInvokedCallbackInfo{mCallback=android.window.IOnBackInvokedCallback$Stub$Proxy@ab5d15a, mPriority=0, mIsAnimationCallback=false}
05-23 16:14:25.280 732 754 W ContextImpl: Calling a method in the system process without a qualified user: android.app.ContextImpl.startService:1899 com.android.server.wm.DisplayPolicy.lambda$focusChangedLw$5:2126 com.android.server.wm.DisplayPolicy.$r8$lambda$Znxk63oh-WzVnzo_WQefN7uxV48:0 com.android.server.wm.DisplayPolicy$$ExternalSyntheticLambda13.run:0 android.os.Handler.handleCallback:958
05-23 16:14:26.255 1440 1626 W ContextImpl: Calling a method in the system process without a qualified user: android.app.ContextImpl.startActivity:1102 android.content.ContextWrapper.startActivity:436 com.dangbei.etna.setting.function.side.SideHelper.doSetting:165 com.dangbei.etna.setting.function.side.SideHelper.onMessage:45 com.dangbei.etna.setting.ui.side.view.SideItemView$onClick$1$1.invokeSuspend:82
05-23 16:14:26.255 1440 1626 W ContextImpl: Calling a method in the system process without a qualified user: android.app.ContextImpl.startActivity:1114 android.app.ContextImpl.startActivity:1103 android.content.ContextWrapper.startActivity:436 com.dangbei.etna.setting.function.side.SideHelper.doSetting:165 com.dangbei.etna.setting.function.side.SideHelper.onMessage:45
05-23 16:14:26.259 732 808 D CompatibilityChangeReporter: Compat change id reported: 265464455; UID 1000; state: DISABLED
05-23 16:14:26.260 732 808 D CompatibilityChangeReporter: Compat change id reported: 265452344; UID 1000; state: DISABLED
05-23 16:14:26.260 732 808 D CompatibilityChangeReporter: Compat change id reported: 266124927; UID 1000; state: DISABLED
05-23 16:14:26.260 732 808 D CompatibilityChangeReporter: Compat change id reported: 265451093; UID 1000; state: DISABLED
05-23 16:14:26.261 732 808 D CompatibilityChangeReporter: Compat change id reported: 265456536; UID 1000; state: DISABLED
05-23 16:14:26.261 732 808 D CompatibilityChangeReporter: Compat change id reported: 255940284; UID 1000; state: DISABLED
05-23 16:14:26.261 732 808 D CompatibilityChangeReporter: Compat change id reported: 236283604; UID 1000; state: DISABLED
05-23 16:14:26.262 732 808 D CompatibilityChangeReporter: Compat change id reported: 263959004; UID 1000; state: DISABLED
05-23 16:14:26.262 732 808 D CompatibilityChangeReporter: Compat change id reported: 264304459; UID 1000; state: DISABLED
05-23 16:14:26.263 732 808 D CompatibilityChangeReporter: Compat change id reported: 264301586; UID 1000; state: DISABLED
05-23 16:14:26.263 732 808 D CompatibilityChangeReporter: Compat change id reported: 254631730; UID 1000; state: DISABLED
05-23 16:14:26.263 732 808 D CompatibilityChangeReporter: Compat change id reported: 273509367; UID 1000; state: DISABLED
05-23 16:14:26.263 732 808 D CompatibilityChangeReporter: Compat change id reported: 263259275; UID 1000; state: DISABLED
05-23 16:14:26.264 732 808 D CompatibilityChangeReporter: Compat change id reported: 174042980; UID 1000; state: DISABLED
05-23 16:14:26.264 732 808 D CompatibilityChangeReporter: Compat change id reported: 174042936; UID 1000; state: DISABLED
05-23 16:14:26.264 732 808 D CompatibilityChangeReporter: Compat change id reported: 181136395; UID 1000; state: DISABLED
05-23 16:14:26.277 732 808 D CompatibilityChangeReporter: Compat change id reported: 197654537; UID 1000; state: ENABLED
05-23 16:14:26.279 732 808 V SplashScreenExceptionList: SplashScreen checking exception for package com.dangbei.haqusetting (target sdk:31) -> false
05-23 16:14:26.280 732 808 D CompatibilityChangeReporter: Compat change id reported: 205907456; UID 1000; state: DISABLED
05-23 16:14:26.284 957 1021 V WindowManagerShell: Transition requested: android.os.BinderProxy@afaa166 TransitionRequestInfo { type = 1, triggerTask = TaskInfo{userId=0 taskId=227 displayId=0 isRunning=true baseIntent=Intent { dat=haqu://setting:8080/... flg=0x10000000 pkg=com.dangbei.haqusetting cmp=com.dangbei.haqusetting/.ui.HomeActivity } baseActivity=ComponentInfo{com.dangbei.haqusetting/com.dangbei.haqusetting.ui.HomeActivity} topActivity=ComponentInfo{com.dangbei.haqusetting/com.dangbei.haqusetting.ui.HomeActivity} origActivity=null realActivity=ComponentInfo{com.dangbei.haqusetting/com.dangbei.haqusetting.ui.HomeActivity} numActivities=1 lastActiveTime=163037 supportsMultiWindow=true resizeMode=1 isResizeable=true minWidth=-1 minHeight=-1 defaultMinSize=220 token=WCT{android.window.IWindowContainerToken$Stub$Proxy@4c7fca7} topActivityType=1 pictureInPictureParams=null shouldDockBigOverlays=true launchIntoPipHostTaskId=-1 lastParentTaskIdBeforePip=-1 displayCutoutSafeInsets=null topActivityInfo=ActivityInfo{84ba554 com.dangbei.haqusetting.ui.HomeActivity} launchCookies=[] positionInParent=Point(0, 0) parentTaskId=-1 isFocused=false isVisible=false isVisibleRequested=false isSleeping=false topActivityInSizeCompat=false topActivityEligibleForLetterboxEducation= false isLetterboxDoubleTapEnabled= false topActivityEligibleForUserAspectRatioButton= false topActivityBoundsLetterboxed= false isFromLetterboxDoubleTap= false topActivityLetterboxVerticalPosition= -1 topActivityLetterboxHorizontalPosition= -1 topActivityLetterboxWidth=-1 topActivityLetterboxHeight=-1 isUserFullscreenOverrideEnabled=false isTopActivityTransparent=true locusId=null displayAreaFeatureId=1 cameraCompatControlState=hidden}, remoteTransition = null, displayChange = null, flags = 0 }
05-23 16:14:26.285 732 808 I ActivityTaskManager: START u0 {dat=haqu://setting:8080/... flg=0x10000000 pkg=com.dangbei.haqusetting cmp=com.dangbei.haqusetting/.ui.HomeActivity} with LAUNCH_MULTIPLE from uid 1000 (BAL_ALLOW_ALLOWLISTED_UID) result code=0
05-23 16:14:26.288 732 808 D CoreBackPreview: Window{d21707c u0 com.dangbei.lerad.etna.haqu}: Setting back callback null
05-23 16:14:26.289 732 756 I ActivityManager: com.dangbei.haqusetting is exempt from freezer
05-23 16:14:26.289 732 756 D CompatibilityChangeReporter: Compat change id reported: 135634846; UID 1000; state: DISABLED
05-23 16:14:26.308 732 756 V WindowManager: Unknown focus tokens, dropping reportFocusChanged
05-23 16:14:26.316 732 765 I ActivityManager: Start proc 3411:com.dangbei.haqusetting/1000 for next-top-activity {com.dangbei.haqusetting/com.dangbei.haqusetting.ui.HomeActivity}
05-23 16:14:26.357 732 2913 D CompatibilityChangeReporter: Compat change id reported: 214016041; UID 1000; state: ENABLED
05-23 16:14:26.357 732 2913 D CompatibilityChangeReporter: Compat change id reported: 214016041; UID 1000; state: DISABLED
05-23 16:14:26.404 732 754 W ContextImpl: Calling a method in the system process without a qualified user: android.app.ContextImpl.startService:1899 com.android.server.wm.DisplayPolicy.lambda$focusChangedLw$5:2126 com.android.server.wm.DisplayPolicy.$r8$lambda$Znxk63oh-WzVnzo_WQefN7uxV48:0 com.android.server.wm.DisplayPolicy$$ExternalSyntheticLambda13.run:0 android.os.Handler.handleCallback:958
05-23 16:14:26.405 957 1021 D WindowManagerShell: TvPipController: onTaskStackChanged()
05-23 16:14:26.515 732 808 V WindowManager: app ------------- force_land :0
05-23 16:14:26.528 3411 3433 W ContextImpl: Calling a method in the system process without a qualified user: android.app.ContextImpl.bindService:1988 android.content.ContextWrapper.bindService:861 com.dangbei.lerad.etna.lib.client.EtnaClient.bindServer:138 com.dangbei.lerad.etna.lib.client.EtnaClient.access$600:29 com.dangbei.lerad.etna.lib.client.EtnaClient$3.call:205
05-23 16:14:26.530 732 2913 D CompatibilityChangeReporter: Compat change id reported: 261072174; UID 1000; state: DISABLED
05-23 16:14:26.584 732 808 W WindowManager: [addWindow] title:com.dangbei.haqusetting/com.dangbei.haqusetting.ui.HomeActivity
