05-23 09:26:42.651 732 2195 V SystemServerTimingAsync: ssm.onCompletedEventUser-0_{|Unlocked|}_com.android.server.lights.LightsService took to complete: 0ms
05-23 09:26:42.651 732 2195 D SystemServerTimingAsync: ssm.onCompletedEventUser-0_{|Unlocked|}_com.android.server.display.DisplayManagerService
05-23 09:26:42.651 732 2195 V SystemServerTimingAsync: ssm.onCompletedEventUser-0_{|Unlocked|}_com.android.server.display.DisplayManagerService took to complete: 0ms
05-23 09:26:42.651 732 2195 D SystemServerTimingAsync: ssm.onCompletedEventUser-0_{|Unlocked|}_com.android.server.pm.verify.domain.DomainVerificationService
05-23 09:26:42.651 732 2195 V SystemServerTimingAsync: ssm.onCompletedEventUser-0_{|Unlocked|}_com.android.server.pm.verify.domain.DomainVerificationService took to complete: 0ms
05-23 09:26:42.651 732 2195 D SystemServerTimingAsync: ssm.onCompletedEventUser-0_{|Unlocked|}_com.android.server.pm.PackageInstallerService$Lifecycle
05-23 09:26:42.651 732 2195 V SystemServerTimingAsync: ssm.onCompletedEventUser-0_{|Unlocked|}_com.android.server.pm.PackageInstallerService$Lifecycle took to complete: 0ms
05-23 09:26:42.651 732 2195 D SystemServerTimingAsync: ssm.onCompletedEventUser-0_{|Unlocked|}_com.android.server.pm.UserManagerService$LifeCycle
05-23 09:26:42.651 732 2195 V SystemServerTimingAsync: ssm.onCompletedEventUser-0_{|Unlocked|}_com.android.server.pm.UserManagerService$LifeCycle took to complete: 0ms
05-23 09:26:42.651 732 2195 D SystemServerTimingAsync: ssm.onCompletedEventUser-0_{|Unlocked|}_com.android.server.om.OverlayManagerService
05-23 09:26:42.651 732 2195 V SystemServerTimingAsync: ssm.onCompletedEventUser-0_{|Unlocked|}_com.android.server.om.OverlayManagerService took to complete: 0ms
05-23 09:26:42.652 732 2195 D SystemServerTimingAsync: ssm.onCompletedEventUser-0_{|Unlocked|}_com.android.server.resources.ResourcesManagerService
05-23 09:26:42.652 732 2195 V SystemServerTimingAsync: ssm.onCompletedEventUser-0_{|Unlocked|}_com.android.server.resources.ResourcesManagerService took to complete: 0ms
05-23 09:26:42.652 732 2195 D SystemServerTimingAsync: ssm.onCompletedEventUser-0_{|Unlocked|}_com.android.server.sensorprivacy.SensorPrivacyService
05-23 09:26:42.652 732 2195 V SystemServerTimingAsync: ssm.onCompletedEventUser-0_{|Unlocked|}_com.android.server.sensorprivacy.SensorPrivacyService took to complete: 0ms
05-23 09:26:42.652 732 2195 D SystemServerTimingAsync: ssm.onCompletedEventUser-0_{|Unlocked|}_com.android.server.sensors.SensorService
05-23 09:26:42.652 732 2195 V SystemServerTimingAsync: ssm.onCompletedEventUser-0_{|Unlocked|}_com.android.server.sensors.SensorService took to complete: 0ms
05-23 09:26:42.652 732 2195 D SystemServerTimingAsync: ssm.onCompletedEventUser-0_{|Unlocked|}_com.android.server.SystemConfigService
05-23 09:26:42.652 732 2195 V SystemServerTimingAsync: ssm.onCompletedEventUser-0_{|Unlocked|}_com.android.server.SystemConfigService took to complete: 0ms
05-23 09:26:42.652 732 2195 D SystemServerTimingAsync: ssm.onCompletedEventUser-0_{|Unlocked|}_com.android.server.BatteryService
05-23 09:26:42.652 732 2195 V SystemServerTimingAsync: ssm.onCompletedEventUser-0_{|Unlocked|}_com.android.server.BatteryService took to complete: 0ms
05-23 09:26:42.652 732 2195 D SystemServerTimingAsync: ssm.onCompletedEventUser-0_{|Unlocked|}_com.android.server.usage.UsageStatsService
05-23 09:26:42.652 732 2195 V SystemServerTimingAsync: ssm.onCompletedEventUser-0_{|Unlocked|}_com.android.server.usage.UsageStatsService took to complete: 0ms
05-23 09:26:42.652 732 2195 D SystemServerTimingAsync: ssm.onCompletedEventUser-0_{|Unlocked|}_com.android.server.webkit.WebViewUpdateService
05-23 09:26:42.652 732 2195 V SystemServerTimingAsync: ssm.onCompletedEventUser-0_{|Unlocked|}_com.android.server.webkit.WebViewUpdateService took to complete: 0ms
05-23 09:26:42.652 732 2195 D SystemServerTimingAsync: ssm.onCompletedEventUser-0_{|Unlocked|}_com.android.server.CachedDeviceStateService
05-23 09:26:42.652 732 2195 V SystemServerTimingAsync: ssm.onCompletedEventUser-0_{|Unlocked|}_com.android.server.CachedDeviceStateService took to complete: 0ms
05-23 09:26:42.652 732 2195 D SystemServerTimingAsync: ssm.onCompletedEventUser-0_{|Unlocked|}_com.android.server.BinderCallsStatsService$LifeCycle
05-23 09:26:42.652 732 2195 V SystemServerTimingAsync: ssm.onCompletedEventUser-0_{|Unlocked|}_com.android.server.BinderCallsStatsService$LifeCycle took to complete: 0ms
05-23 09:26:42.652 732 2195 D SystemServerTimingAsync: ssm.onCompletedEventUser-0_{|Unlocked|}_com.android.server.LooperStatsService$Lifecycle
05-23 09:26:42.652 732 2195 V SystemServerTimingAsync: ssm.onCompletedEventUser-0_{|Unlocked|}_com.android.server.LooperStatsService$Lifecycle took to complete: 0ms
05-23 09:26:42.652 732 2195 D SystemServerTimingAsync: ssm.onCompletedEventUser-0_{|Unlocked|}_com.android.server.rollback.RollbackManagerService
05-23 09:26:42.652 732 2195 V SystemServerTimingAsync: ssm.onCompletedEventUser-0_{|Unlocked|}_com.android.server.rollback.RollbackManagerService took to complete: 0ms
05-23 09:26:42.652 732 2195 D SystemServerTimingAsync: ssm.onCompletedEventUser-0_{|Unlocked|}_com.android.server.os.NativeTombstoneManagerService
05-23 09:26:42.652 732 2195 V SystemServerTimingAsync: ssm.onCompletedEventUser-0_{|Unlocked|}_com.android.server.os.NativeTombstoneManagerService took to complete: 0ms
05-23 09:26:42.652 732 2195 D SystemServerTimingAsync: ssm.onCompletedEventUser-0_{|Unlocked|}_com.android.server.os.BugreportManagerService
05-23 09:26:42.652 732 2195 V SystemServerTimingAsync: ssm.onCompletedEventUser-0_{|Unlocked|}_com.android.server.os.BugreportManagerService took to complete: 0ms
05-23 09:26:42.652 732 2195 D SystemServerTimingAsync: ssm.onCompletedEventUser-0_{|Unlocked|}_com.android.server.gpu.GpuService
05-23 09:26:42.652 732 2195 V SystemServerTimingAsync: ssm.onCompletedEventUser-0_{|Unlocked|}_com.android.server.gpu.GpuService took to complete: 0ms
05-23 09:26:42.652 732 2195 D SystemServerTimingAsync: ssm.onCompletedEventUser-0_{|Unlocked|}_com.android.server.security.rkp.RemoteProvisioningService
05-23 09:26:42.652 732 2195 V SystemServerTimingAsync: ssm.onCompletedEventUser-0_{|Unlocked|}_com.android.server.security.rkp.RemoteProvisioningService took to complete: 0ms
05-23 09:26:42.652 732 2195 D SystemServerTimingAsync: ssm.onCompletedEventUser-0_{|Unlocked|}_com.android.server.cpu.CpuMonitorService
05-23 09:26:42.652 732 2195 V SystemServerTimingAsync: ssm.onCompletedEventUser-0_{|Unlocked|}_com.android.server.cpu.CpuMonitorService took to complete: 0ms
05-23 09:26:42.652 732 2195 D SystemServerTimingAsync: ssm.onCompletedEventUser-0_{|Unlocked|}_com.android.server.security.KeyChainSystemService
05-23 09:26:42.652 732 2195 V SystemServerTimingAsync: ssm.onCompletedEventUser-0_{|Unlocked|}_com.android.server.security.KeyChainSystemService took to complete: 0ms
05-23 09:26:42.652 732 2195 D SystemServerTimingAsync: ssm.onCompletedEventUser-0_{|Unlocked|}_com.android.server.BinaryTransparencyService
05-23 09:26:42.652 732 2195 V SystemServerTimingAsync: ssm.onCompletedEventUser-0_{|Unlocked|}_com.android.server.BinaryTransparencyService took to complete: 0ms
05-23 09:26:42.652 732 2195 D SystemServerTimingAsync: ssm.onCompletedEventUser-0_{|Unlocked|}_com.android.server.accounts.AccountManagerService$Lifecycle
05-23 09:26:42.652 732 2195 V SystemServerTimingAsync: ssm.onCompletedEventUser-0_{|Unlocked|}_com.android.server.accounts.AccountManagerService$Lifecycle took to complete: 0ms
05-23 09:26:42.652 732 2195 D SystemServerTimingAsync: ssm.onCompletedEventUser-0_{|Unlocked|}_com.android.server.content.ContentService$Lifecycle
05-23 09:26:42.652 732 2195 V SystemServerTimingAsync: ssm.onCompletedEventUser-0_{|Unlocked|}_com.android.server.content.ContentService$Lifecycle took to complete: 0ms
05-23 09:26:42.652 732 2195 D SystemServerTimingAsync: ssm.onCompletedEventUser-0_{|Unlocked|}_com.android.server.deviceconfig.DeviceConfigInit$Lifecycle
05-23 09:26:42.652 732 2195 V SystemServerTimingAsync: ssm.onCompletedEventUser-0_{|Unlocked|}_com.android.server.deviceconfig.DeviceConfigInit$Lifecycle took to complete: 0ms
05-23 09:26:42.652 732 2195 D SystemServerTimingAsync: ssm.onCompletedEventUser-0_{|Unlocked|}_com.android.server.DropBoxManagerService
05-23 09:26:42.652 732 2195 V SystemServerTimingAsync: ssm.onCompletedEventUser-0_{|Unlocked|}_com.android.server.DropBoxManagerService took to complete: 0ms
05-23 09:26:42.653 732 2195 D SystemServerTimingAsync: ssm.onCompletedEventUser-0_{|Unlocked|}_com.android.role.RoleService
05-23 09:26:42.653 732 2195 V SystemServerTimingAsync: ssm.onCompletedEventUser-0_{|Unlocked|}_com.android.role.RoleService took to complete: 0ms
05-23 09:26:42.653 732 2195 D SystemServerTimingAsync: ssm.onCompletedEventUser-0_{|Unlocked|}_com.android.server.vibrator.VibratorManagerService$Lifecycle
05-23 09:26:42.653 732 2195 V SystemServerTimingAsync: ssm.onCompletedEventUser-0_{|Unlocked|}_com.android.server.vibrator.VibratorManagerService$Lifecycle took to complete: 0ms
05-23 09:26:42.653 732 2195 D SystemServerTimingAsync: ssm.onCompletedEventUser-0_{|Unlocked|}_com.android.server.tare.InternalResourceService
05-23 09:26:42.653 732 2195 V SystemServerTimingAsync: ssm.onCompletedEventUser-0_{|Unlocked|}_com.android.server.tare.InternalResourceService took to complete: 0ms
05-23 09:26:42.653 732 2195 D SystemServerTimingAsync: ssm.onCompletedEventUser-0_{|Unlocked|}_com.android.server.alarm.AlarmManagerService
05-23 09:26:42.653 732 2195 V SystemServerTimingAsync: ssm.onCompletedEventUser-0_{|Unlocked|}_com.android.server.alarm.AlarmManagerService took to complete: 0ms
05-23 09:26:42.653 732 2195 D SystemServerTimingAsync: ssm.onCompletedEventUser-0_{|Unlocked|}_com.android.server.devicestate.DeviceStateManagerService
05-23 09:26:42.653 732 2195 V SystemServerTimingAsync: ssm.onCompletedEventUser-0_{|Unlocked|}_com.android.server.devicestate.DeviceStateManagerService took to complete: 0ms
05-23 09:26:42.653 732 2195 D SystemServerTimingAsync: ssm.onCompletedEventUser-0_{|Unlocked|}_com.android.server.camera.CameraServiceProxy
05-23 09:26:42.653 732 2195 V SystemServerTimingAsync: ssm.onCompletedEventUser-0_{|Unlocked|}_com.android.server.camera.CameraServiceProxy took to complete: 0ms
05-23 09:26:42.653 732 2195 D SystemServerTimingAsync: ssm.onCompletedEventUser-0_{|Unlocked|}_com.android.server.bluetooth.BluetoothService
05-23 09:26:42.653 732 2195 V SystemServerTimingAsync: ssm.onCompletedEventUser-0_{|Unlocked|}_com.android.server.bluetooth.BluetoothService took to complete: 0ms
05-23 09:26:42.653 732 2195 D SystemServerTimingAsync: ssm.onCompletedEventUser-0_{|Unlocked|}_com.android.server.connectivity.IpConnectivityMetrics
05-23 09:26:42.653 732 2195 V SystemServerTimingAsync: ssm.onCompletedEventUser-0_{|Unlocked|}_com.android.server.connectivity.IpConnectivityMetrics took to complete: 0ms
05-23 09:26:42.653 732 2195 D SystemServerTimingAsync: ssm.onCompletedEventUser-0_{|Unlocked|}_com.android.server.net.watchlist.NetworkWatchlistService$Lifecycle
05-23 09:26:42.653 732 2195 V SystemServerTimingAsync: ssm.onCompletedEventUser-0_{|Unlocked|}_com.android.server.net.watchlist.NetworkWatchlistService$Lifecycle took to complete: 0ms
05-23 09:26:42.653 732 2195 D SystemServerTimingAsync: ssm.onCompletedEventUser-0_{|Unlocked|}_com.android.server.PinnerService
05-23 09:26:42.653 732 2195 V SystemServerTimingAsync: ssm.onCompletedEventUser-0_{|Unlocked|}_com.android.server.PinnerService took to complete: 0ms
05-23 09:26:42.653 732 2195 D SystemServerTimingAsync: ssm.onCompletedEventUser-0_{|Unlocked|}_com.android.server.integrity.AppIntegrityManagerService
05-23 09:26:42.653 732 2195 V SystemServerTimingAsync: ssm.onCompletedEventUser-0_{|Unlocked|}_com.android.server.integrity.AppIntegrityManagerService took to complete: 0ms
05-23 09:26:42.653 732 2195 D SystemServerTimingAsync: ssm.onCompletedEventUser-0_{|Unlocked|}_com.android.server.logcat.LogcatManagerService
05-23 09:26:42.653 732 2195 V SystemServerTimingAsync: ssm.onCompletedEventUser-0_{|Unlocked|}_com.android.server.logcat.LogcatManagerService took to complete: 0ms
05-23 09:26:42.653 732 2195 D SystemServerTimingAsync: ssm.onCompletedEventUser-0_{|Unlocked|}_com.android.server.inputmethod.InputMethodManagerService$Lifecycle
05-23 09:26:42.653 732 2195 V SystemServerTimingAsync: ssm.onCompletedEventUser-0_{|Unlocked|}_com.android.server.inputmethod.InputMethodManagerService$Lifecycle took to complete: 0ms
05-23 09:26:42.653 732 2195 D SystemServerTimingAsync: ssm.onCompletedEventUser-0_{|Unlocked|}_com.android.server.accessibility.AccessibilityManagerService$Lifecycle
05-23 09:26:42.653 732 2195 V SystemServerTimingAsync: ssm.onCompletedEventUser-0_{|Unlocked|}_com.android.server.accessibility.AccessibilityManagerService$Lifecycle took to complete: 0ms
05-23 09:26:42.653 732 2195 D SystemServerTimingAsync: ssm.onCompletedEventUser-0_{|Unlocked|}_com.android.server.StorageManagerService$Lifecycle
05-23 09:26:42.653 732 2195 V SystemServerTimingAsync: ssm.onCompletedEventUser-0_{|Unlocked|}_com.android.server.StorageManagerService$Lifecycle took to complete: 0ms
05-23 09:26:42.653 732 2195 D SystemServerTimingAsync: ssm.onCompletedEventUser-0_{|Unlocked|}_com.android.server.usage.StorageStatsService$Lifecycle
05-23 09:26:42.653 732 2195 V SystemServerTimingAsync: ssm.onCompletedEventUser-0_{|Unlocked|}_com.android.server.usage.StorageStatsService$Lifecycle took to complete: 0ms
05-23 09:26:42.653 732 2195 D SystemServerTimingAsync: ssm.onCompletedEventUser-0_{|Unlocked|}_com.android.server.UiModeManagerService
05-23 09:26:42.653 732 2195 V SystemServerTimingAsync: ssm.onCompletedEventUser-0_{|Unlocked|}_com.android.server.UiModeManagerService took to complete: 0ms
05-23 09:26:42.653 732 2195 D SystemServerTimingAsync: ssm.onCompletedEventUser-0_{|Unlocked|}_com.android.server.locales.LocaleManagerService
05-23 09:26:42.653 732 2195 V SystemServerTimingAsync: ssm.onCompletedEventUser-0_{|Unlocked|}_com.android.server.locales.LocaleManagerService took to complete: 0ms
05-23 09:26:42.653 732 2195 D SystemServerTimingAsync: ssm.onCompletedEventUser-0_{|Unlocked|}_com.android.server.grammaticalinflection.GrammaticalInflectionService
05-23 09:26:42.653 732 2195 V SystemServerTimingAsync: ssm.onCompletedEventUser-0_{|Unlocked|}_com.android.server.grammaticalinflection.GrammaticalInflectionService took to complete: 0ms
05-23 09:26:42.653 732 2195 D SystemServerTimingAsync: ssm.onCompletedEventUser-0_{|Unlocked|}_com.android.server.apphibernation.AppHibernationService
05-23 09:26:42.653 732 2195 V SystemServerTimingAsync: ssm.onCompletedEventUser-0_{|Unlocked|}_com.android.server.apphibernation.AppHibernationService took to complete: 0ms
05-23 09:26:42.653 732 2195 D SystemServerTimingAsync: ssm.onCompletedEventUser-0_{|Unlocked|}_com.android.server.locksettings.LockSettingsService$Lifecycle
05-23 09:26:42.654 732 2195 V SystemServerTimingAsync: ssm.onCompletedEventUser-0_{|Unlocked|}_com.android.server.locksettings.LockSettingsService$Lifecycle took to complete: 0ms
05-23 09:26:42.654 732 2195 D SystemServerTimingAsync: ssm.onCompletedEventUser-0_{|Unlocked|}_com.android.server.PersistentDataBlockService
05-23 09:26:42.654 732 2195 V SystemServerTimingAsync: ssm.onCompletedEventUser-0_{|Unlocked|}_com.android.server.PersistentDataBlockService took to complete: 0ms
05-23 09:26:42.654 732 2195 D SystemServerTimingAsync: ssm.onCompletedEventUser-0_{|Unlocked|}_com.android.server.testharness.TestHarnessModeService
05-23 09:26:42.654 732 2195 V SystemServerTimingAsync: ssm.onCompletedEventUser-0_{|Unlocked|}_com.android.server.testharness.TestHarnessModeService took to complete: 0ms
05-23 09:26:42.654 732 2195 D SystemServerTimingAsync: ssm.onCompletedEventUser-0_{|Unlocked|}_com.android.server.oemlock.OemLockService
05-23 09:26:42.654 732 2195 V SystemServerTimingAsync: ssm.onCompletedEventUser-0_{|Unlocked|}_com.android.server.oemlock.OemLockService took to complete: 0ms
05-23 09:26:42.654 732 2195 D SystemServerTimingAsync: ssm.onCompletedEventUser-0_{|Unlocked|}_com.android.server.DeviceIdleController
05-23 09:26:42.654 732 2195 V SystemServerTimingAsync: ssm.onCompletedEventUser-0_{|Unlocked|}_com.android.server.DeviceIdleController took to complete: 0ms
05-23 09:26:42.654 732 2195 D SystemServerTimingAsync: ssm.onCompletedEventUser-0_{|Unlocked|}_com.android.server.devicepolicy.DevicePolicyManagerService$Lifecycle
05-23 09:26:42.654 732 2195 V SystemServerTimingAsync: ssm.onCompletedEventUser-0_{|Unlocked|}_com.android.server.devicepolicy.DevicePolicyManagerService$Lifecycle took to complete: 0ms
05-23 09:26:42.654 732 2195 D SystemServerTimingAsync: ssm.onCompletedEventUser-0_{|Unlocked|}_com.android.server.texttospeech.TextToSpeechManagerService
05-23 09:26:42.654 732 2195 V SystemServerTimingAsync: ssm.onCompletedEventUser-0_{|Unlocked|}_com.android.server.texttospeech.TextToSpeechManagerService took to complete: 0ms
05-23 09:26:42.654 732 2195 D SystemServerTimingAsync: ssm.onCompletedEventUser-0_{|Unlocked|}_com.android.server.ambientcontext.AmbientContextManagerService
05-23 09:26:42.654 732 2195 V SystemServerTimingAsync: ssm.onCompletedEventUser-0_{|Unlocked|}_com.android.server.ambientcontext.AmbientContextManagerService took to complete: 0ms
05-23 09:26:42.654 732 2195 D SystemServerTimingAsync: ssm.onCompletedEventUser-0_{|Unlocked|}_com.android.server.wearable.WearableSensingManagerService
05-23 09:26:42.654 732 2195 V SystemServerTimingAsync: ssm.onCompletedEventUser-0_{|Unlocked|}_com.android.server.wearable.WearableSensingManagerService took to complete: 0ms
05-23 09:26:42.654 732 2195 D SystemServerTimingAsync: ssm.onCompletedEventUser-0_{|Unlocked|}_com.android.server.speech.SpeechRecognitionManagerService
05-23 09:26:42.654 732 2195 V SystemServerTimingAsync: ssm.onCompletedEventUser-0_{|Unlocked|}_com.android.server.speech.SpeechRecognitionManagerService took to complete: 0ms
05-23 09:26:42.654 732 2195 D SystemServerTimingAsync: ssm.onCompletedEventUser-0_{|Unlocked|}_com.android.server.searchui.SearchUiManagerService
05-23 09:26:42.654 732 2195 V SystemServerTimingAsync: ssm.onCompletedEventUser-0_{|Unlocked|}_com.android.server.searchui.SearchUiManagerService took to complete: 0ms
05-23 09:26:42.654 732 2195 D SystemServerTimingAsync: ssm.onCompletedEventUser-0_{|Unlocked|}_com.android.server.smartspace.SmartspaceManagerService
05-23 09:26:42.654 732 2195 V SystemServerTimingAsync: ssm.onCompletedEventUser-0_{|Unlocked|}_com.android.server.smartspace.SmartspaceManagerService took to complete: 0ms
05-23 09:26:42.654 732 2195 D SystemServerTimingAsync: ssm.onCompletedEventUser-0_{|Unlocked|}_com.android.server.graphics.fonts.FontManagerService$Lifecycle
05-23 09:26:42.654 732 2195 V SystemServerTimingAsync: ssm.onCompletedEventUser-0_{|Unlocked|}_com.android.server.graphics.fonts.FontManagerService$Lifecycle took to complete: 0ms
05-23 09:26:42.654 732 2195 D SystemServerTimingAsync: ssm.onCompletedEventUser-0_{|Unlocked|}_com.android.server.textservices.TextServicesManagerService$Lifecycle
05-23 09:26:42.654 732 2195 V SystemServerTimingAsync: ssm.onCompletedEventUser-0_{|Unlocked|}_com.android.server.textservices.TextServicesManagerService$Lifecycle took to complete: 0ms
05-23 09:26:42.654 732 2195 D SystemServerTimingAsync: ssm.onCompletedEventUser-0_{|Unlocked|}_com.android.server.textclassifier.TextClassificationManagerService$Lifecycle
05-23 09:26:42.654 732 2195 V SystemServerTimingAsync: ssm.onCompletedEventUser-0_{|Unlocked|}_com.android.server.textclassifier.TextClassificationManagerService$Lifecycle took to complete: 0ms
05-23 09:26:42.654 732 2195 D SystemServerTimingAsync: ssm.onCompletedEventUser-0_{|Unlocked|}_com.android.server.NetworkScoreService$Lifecycle
05-23 09:26:42.654 732 2195 V SystemServerTimingAsync: ssm.onCompletedEventUser-0_{|Unlocked|}_com.android.server.NetworkScoreService$Lifecycle took to complete: 0ms
05-23 09:26:42.654 732 2195 D SystemServerTimingAsync: ssm.onCompletedEventUser-0_{|Unlocked|}_com.android.server.NetworkStatsServiceInitializer
05-23 09:26:42.654 732 2195 V SystemServerTimingAsync: ssm.onCompletedEventUser-0_{|Unlocked|}_com.android.server.NetworkStatsServiceInitializer took to complete: 0ms
05-23 09:26:42.654 732 2195 D SystemServerTimingAsync: ssm.onCompletedEventUser-0_{|Unlocked|}_com.android.server.wifi.WifiService
05-23 09:26:42.654 732 2195 V SystemServerTimingAsync: ssm.onCompletedEventUser-0_{|Unlocked|}_com.android.server.wifi.WifiService took to complete: 0ms
05-23 09:26:42.654 732 2195 D SystemServerTimingAsync: ssm.onCompletedEventUser-0_{|Unlocked|}_com.android.server.wifi.scanner.WifiScanningService
05-23 09:26:42.654 732 2195 V SystemServerTimingAsync: ssm.onCompletedEventUser-0_{|Unlocked|}_com.android.server.wifi.scanner.WifiScanningService took to complete: 0ms
05-23 09:26:42.654 732 2195 D SystemServerTimingAsync: ssm.onCompletedEventUser-0_{|Unlocked|}_com.android.server.wifi.p2p.WifiP2pService
05-23 09:26:42.654 732 2195 V SystemServerTimingAsync: ssm.onCompletedEventUser-0_{|Unlocked|}_com.android.server.wifi.p2p.WifiP2pService took to complete: 0ms
05-23 09:26:42.654 732 2195 D SystemServerTimingAsync: ssm.onCompletedEventUser-0_{|Unlocked|}_com.android.server.ConnectivityServiceInitializer
05-23 09:26:42.654 732 2195 V SystemServerTimingAsync: ssm.onCompletedEventUser-0_{|Unlocked|}_com.android.server.ConnectivityServiceInitializer took to complete: 0ms
05-23 09:26:42.654 732 2195 D SystemServerTimingAsync: ssm.onCompletedEventUser-0_{|Unlocked|}_com.android.server.notification.NotificationManagerService
05-23 09:26:42.654 732 2195 V SystemServerTimingAsync: ssm.onCompletedEventUser-0_{|Unlocked|}_com.android.server.notification.NotificationManagerService took to complete: 0ms
05-23 09:26:42.655 732 2195 D SystemServerTimingAsync: ssm.onCompletedEventUser-0_{|Unlocked|}_com.android.server.storage.DeviceStorageMonitorService
05-23 09:26:42.655 732 2195 V SystemServerTimingAsync: ssm.onCompletedEventUser-0_{|Unlocked|}_com.android.server.storage.DeviceStorageMonitorService took to complete: 0ms
05-23 09:26:42.655 732 2195 D SystemServerTimingAsync: ssm.onCompletedEventUser-0_{|Unlocked|}_com.android.server.timedetector.TimeDetectorService$Lifecycle
05-23 09:26:42.655 732 2195 V SystemServerTimingAsync: ssm.onCompletedEventUser-0_{|Unlocked|}_com.android.server.timedetector.TimeDetectorService$Lifecycle took to complete: 0ms
05-23 09:26:42.655 732 2195 D SystemServerTimingAsync: ssm.onCompletedEventUser-0_{|Unlocked|}_com.android.server.location.LocationManagerService$Lifecycle
05-23 09:26:42.655 732 2195 V SystemServerTimingAsync: ssm.onCompletedEventUser-0_{|Unlocked|}_com.android.server.location.LocationManagerService$Lifecycle took to complete: 0ms
05-23 09:26:42.655 732 2195 D SystemServerTimingAsync: ssm.onCompletedEventUser-0_{|Unlocked|}_com.android.server.timezonedetector.TimeZoneDetectorService$Lifecycle
05-23 09:26:42.655 732 2195 V SystemServerTimingAsync: ssm.onCompletedEventUser-0_{|Unlocked|}_com.android.server.timezonedetector.TimeZoneDetectorService$Lifecycle took to complete: 0ms
05-23 09:26:42.655 732 2195 D SystemServerTimingAsync: ssm.onCompletedEventUser-0_{|Unlocked|}_com.android.server.location.altitude.AltitudeService$Lifecycle
05-23 09:26:42.655 732 2195 V SystemServerTimingAsync: ssm.onCompletedEventUser-0_{|Unlocked|}_com.android.server.location.altitude.AltitudeService$Lifecycle took to complete: 0ms
05-23 09:26:42.655 732 2195 D SystemServerTimingAsync: ssm.onCompletedEventUser-0_{|Unlocked|}_com.android.server.timezonedetector.location.LocationTimeZoneManagerService$Lifecycle
05-23 09:26:42.655 732 2195 V SystemServerTimingAsync: ssm.onCompletedEventUser-0_{|Unlocked|}_com.android.server.timezonedetector.location.LocationTimeZoneManagerService$Lifecycle took to complete: 0ms
05-23 09:26:42.655 732 2195 D SystemServerTimingAsync: ssm.onCompletedEventUser-0_{|Unlocked|}_com.android.server.search.SearchManagerService$Lifecycle
05-23 09:26:42.655 732 2195 V SystemServerTimingAsync: ssm.onCompletedEventUser-0_{|Unlocked|}_com.android.server.search.SearchManagerService$Lifecycle took to complete: 0ms
05-23 09:26:42.655 732 2195 D SystemServerTimingAsync: ssm.onCompletedEventUser-0_{|Unlocked|}_com.android.server.wallpaper.WallpaperManagerService$Lifecycle
05-23 09:26:42.655 732 2195 V SystemServerTimingAsync: ssm.onCompletedEventUser-0_{|Unlocked|}_com.android.server.wallpaper.WallpaperManagerService$Lifecycle took to complete: 0ms
05-23 09:26:42.655 732 2195 D SystemServerTimingAsync: ssm.onCompletedEventUser-0_{|Unlocked|}_com.android.server.wallpapereffectsgeneration.WallpaperEffectsGenerationManagerService
05-23 09:26:42.655 732 2195 V SystemServerTimingAsync: ssm.onCompletedEventUser-0_{|Unlocked|}_com.android.server.wallpapereffectsgeneration.WallpaperEffectsGenerationManagerService took to complete: 0ms
05-23 09:26:42.655 732 2195 D SystemServerTimingAsync: ssm.onCompletedEventUser-0_{|Unlocked|}_com.android.server.audio.AudioService$Lifecycle
05-23 09:26:42.655 732 2195 V SystemServerTimingAsync: ssm.onCompletedEventUser-0_{|Unlocked|}_com.android.server.audio.AudioService$Lifecycle took to complete: 0ms
05-23 09:26:42.655 732 2195 D SystemServerTimingAsync: ssm.onCompletedEventUser-0_{|Unlocked|}_com.android.server.soundtrigger_middleware.SoundTriggerMiddlewareService$Lifecycle
05-23 09:26:42.655 732 2195 V SystemServerTimingAsync: ssm.onCompletedEventUser-0_{|Unlocked|}_com.android.server.soundtrigger_middleware.SoundTriggerMiddlewareService$Lifecycle took to complete: 0ms
05-23 09:26:42.655 732 2195 D SystemServerTimingAsync: ssm.onCompletedEventUser-0_{|Unlocked|}_com.android.server.adb.AdbService$Lifecycle
05-23 09:26:42.655 732 2195 V SystemServerTimingAsync: ssm.onCompletedEventUser-0_{|Unlocked|}_com.android.server.adb.AdbService$Lifecycle took to complete: 0ms
05-23 09:26:42.655 732 2195 D SystemServerTimingAsync: ssm.onCompletedEventUser-0_{|Unlocked|}_com.android.server.usb.UsbService$Lifecycle
05-23 09:26:42.655 732 2195 V SystemServerTimingAsync: ssm.onCompletedEventUser-0_{|Unlocked|}_com.android.server.usb.UsbService$Lifecycle took to complete: 0ms
05-23 09:26:42.655 732 2195 D SystemServerTimingAsync: ssm.onCompletedEventUser-0_{|Unlocked|}_com.android.server.twilight.TwilightService
05-23 09:26:42.655 732 2195 V SystemServerTimingAsync: ssm.onCompletedEventUser-0_{|Unlocked|}_com.android.server.twilight.TwilightService took to complete: 0ms
05-23 09:26:42.655 732 2195 D SystemServerTimingAsync: ssm.onCompletedEventUser-0_{|Unlocked|}_com.android.server.display.color.ColorDisplayService
05-23 09:26:42.655 732 2195 V SystemServerTimingAsync: ssm.onCompletedEventUser-0_{|Unlocked|}_com.android.server.display.color.ColorDisplayService took to complete: 0ms
05-23 09:26:42.655 732 2195 D SystemServerTimingAsync: ssm.onCompletedEventUser-0_{|Unlocked|}_com.android.server.job.JobSchedulerService
05-23 09:26:42.655 732 2195 V SystemServerTimingAsync: ssm.onCompletedEventUser-0_{|Unlocked|}_com.android.server.job.JobSchedulerService took to complete: 0ms
05-23 09:26:42.655 732 2195 D SystemServerTimingAsync: ssm.onCompletedEventUser-0_{|Unlocked|}_com.android.server.soundtrigger.SoundTriggerService
05-23 09:26:42.655 732 2195 V SystemServerTimingAsync: ssm.onCompletedEventUser-0_{|Unlocked|}_com.android.server.soundtrigger.SoundTriggerService took to complete: 0ms
05-23 09:26:42.656 732 2196 D SystemServerTimingAsync: ssm.onCompletedEventUser-0_{|Unlocked|}_com.android.server.os.DeviceIdentifiersPolicyService
05-23 09:26:42.656 732 2196 V SystemServerTimingAsync: ssm.onCompletedEventUser-0_{|Unlocked|}_com.android.server.os.DeviceIdentifiersPolicyService took to complete: 0ms
05-23 09:26:42.656 732 2196 D SystemServerTimingAsync: ssm.onCompletedEventUser-0_{|Unlocked|}_com.android.server.backup.BackupManagerService$Lifecycle
05-23 09:26:42.668 1371 1681 D DeviceCheckInClient: Creating instance for com.android.devicelockcontroller.debug.DeviceCheckInClientDebug
05-23 09:26:42.830 1371 2201 I CheckInWorker: perform check-in request
05-23 09:26:42.844 1371 2201 W CheckInWorker: CheckIn failed. No device identifier available!
05-23 09:26:42.882 2131 2131 E ActivityThread: Failed to find provider info for com.tcl.xian.StartandroidService.MyContentProvider
05-23 09:26:42.911 732 958 D PackageManager: Instant App installer not found with android.intent.action.INSTALL_INSTANT_APP_PACKAGE
05-23 09:26:42.911 732 958 D PackageManager: Clear ephemeral installer activity
05-23 09:26:43.517 732 975 D CompatibilityChangeReporter: Compat change id reported: 261072174; UID 10077; state: DISABLED
05-23 09:26:43.523 732 764 D CompatibilityChangeReporter: Compat change id reported: 135634846; UID 10019; state: DISABLED
05-23 09:26:43.523 732 764 D CompatibilityChangeReporter: Compat change id reported: 177438394; UID 10019; state: DISABLED
05-23 09:26:43.524 732 764 D CompatibilityChangeReporter: Compat change id reported: 135772972; UID 10019; state: DISABLED
05-23 09:26:43.524 732 764 D CompatibilityChangeReporter: Compat change id reported: 135754954; UID 10019; state: ENABLED
05-23 09:26:43.524 732 765 D CompatibilityChangeReporter: Compat change id reported: 143937733; UID 10019; state: ENABLED
05-23 09:26:43.549 732 765 I ActivityManager: Start proc 2327:com.android.externalstorage/u0a19 for broadcast {com.android.externalstorage/com.android.externalstorage.MountReceiver}
05-23 09:26:43.588 732 807 D CompatibilityChangeReporter: Compat change id reported: 168419799; UID 10019; state: DISABLED
05-23 09:26:43.588 732 807 D CompatibilityChangeReporter: Compat change id reported: 273564678; UID 10019; state: DISABLED
05-23 09:26:43.593 732 815 D CompatibilityChangeReporter: Compat change id reported: 265195908; UID 10019; state: ENABLED
05-23 09:26:43.665 732 975 D CompatibilityChangeReporter: Compat change id reported: 135634846; UID 10077; state: DISABLED
05-23 09:26:43.666 732 765 D CompatibilityChangeReporter: Compat change id reported: 143937733; UID 10077; state: DISABLED
05-23 09:26:43.674 732 975 I BroadcastQueue: BOOT_COMPLETED_BROADCAST_COMPLETION_LATENCY_REPORTED action:android.intent.action.BOOT_COMPLETED dispatchLatency:-24204 completeLatency:6036 dispatchRealLatency:-24204 completeRealLatency:6036 receiversSize:43 userId:0 userType:android.os.usertype.full.SYSTEM
05-23 09:26:43.674 732 753 I ActivityManager: Finished processing BOOT_COMPLETED for u0
05-23 09:26:43.705 732 765 I ActivityManager: Start proc 2347:com.ktcp.video:daemon/u0a77 for service {com.ktcp.video/com.tencent.qqlivetv.keeplive.proc.DaemonService}
05-23 09:26:43.766 732 808 D CompatibilityChangeReporter: Compat change id reported: 170503758; UID 10019; state: ENABLED
05-23 09:26:43.903 732 764 I ActivityManager: com.tv.filemanager.os is exempt from freezer
05-23 09:26:43.904 732 764 D CompatibilityChangeReporter: Compat change id reported: 135634846; UID 10041; state: DISABLED
05-23 09:26:43.904 732 764 D CompatibilityChangeReporter: Compat change id reported: 177438394; UID 10041; state: DISABLED
05-23 09:26:43.904 732 764 D CompatibilityChangeReporter: Compat change id reported: 135772972; UID 10041; state: DISABLED
05-23 09:26:43.904 732 764 D CompatibilityChangeReporter: Compat change id reported: 135754954; UID 10041; state: DISABLED
05-23 09:26:43.907 732 765 D CompatibilityChangeReporter: Compat change id reported: 143937733; UID 10041; state: DISABLED
05-23 09:26:43.955 732 765 W ActivityManager: Slow operation: 53ms so far, now at startProcess: returned from zygote!
05-23 09:26:43.956 732 765 W ActivityManager: Slow operation: 53ms so far, now at startProcess: done updating battery stats
05-23 09:26:43.956 732 765 W ActivityManager: Slow operation: 53ms so far, now at startProcess: building log message
05-23 09:26:43.956 732 765 I ActivityManager: Start proc 2378:com.tv.filemanager.os/u0a41 for broadcast {com.tv.filemanager.os/com.dangbei.lerad.filemanager.receives.USBReceiver}
05-23 09:26:43.956 732 765 W ActivityManager: Slow operation: 53ms so far, now at startProcess: starting to update pids map
05-23 09:26:43.956 732 765 W ActivityManager: Slow operation: 53ms so far, now at startProcess: done updating pids map
05-23 09:26:44.024 732 975 D CompatibilityChangeReporter: Compat change id reported: 168419799; UID 10041; state: DISABLED
05-23 09:26:44.024 732 975 D CompatibilityChangeReporter: Compat change id reported: 273564678; UID 10041; state: DISABLED
05-23 09:26:44.030 732 815 D CompatibilityChangeReporter: Compat change id reported: 265195908; UID 10041; state: ENABLED
05-23 09:26:44.054 732 975 D CompatibilityChangeReporter: Compat change id reported: 170503758; UID 10041; state: DISABLED
05-23 09:26:44.167 732 975 W ProcessStats: Tracking association SourceState{8ae7305 com.ktcp.video:daemon/10077 Service #353} whose proc state 8 is better than process ProcessState{3283533 com.ktcp.video/10077 pkg=com.ktcp.video} proc state 10 (0 skipped)
05-23 09:26:44.188 732 975 D CompatibilityChangeReporter: Compat change id reported: 271850009; UID 10077; state: DISABLED
05-23 09:26:44.189 732 975 D CompatibilityChangeReporter: Compat change id reported: 253665015; UID 10077; state: DISABLED
05-23 09:26:44.189 732 975 D CompatibilityChangeReporter: Compat change id reported: 194532703; UID 10077; state: DISABLED
05-23 09:26:44.221 732 746 W ActivityManager: Permission Denial: get/set setting for user asks to run as user -2 but is calling from uid u0a77; this requires android.permission.INTERACT_ACROSS_USERS_FULL
05-23 09:26:44.225 732 746 D CompatibilityChangeReporter: Compat change id reported: 170668199; UID 10077; state: DISABLED
05-23 09:26:44.225 732 746 W ActivityManager: Foreground service started from background can not have location/camera/microphone access: service com.ktcp.video/com.tencent.qqlivetv.keeplive.proc.DaemonService
05-23 09:26:44.225 732 746 I ActivityManager: Background started FGS: Allowed [callingPackage: com.ktcp.video; callingUid: 10077; uidState: SVC ; uidBFSL: n/a; intent: Intent { act= pkg=com.ktcp.video cmp=com.ktcp.video/com.tencent.qqlivetv.keeplive.proc.DaemonService }; code:SYSTEM_ALERT_WINDOW_PERMISSION; tempAllowListReason:; targetSdkVersion:23; callerTargetSdkVersion:23; startForegroundCount:0; bindFromPackage:null: isBindService:true]
05-23 09:26:44.226 732 746 D CompatibilityChangeReporter: Compat change id reported: 255038118; UID 10077; state: DISABLED
05-23 09:26:44.226 732 746 D CompatibilityChangeReporter: Compat change id reported: 255042465; UID 10077; state: DISABLED
05-23 09:26:44.227 732 746 W ForegroundServiceTypeLoggerModule: Foreground service start for UID: 10077 does not have any types
05-23 09:26:44.230 732 764 I ActivityManager: Deferring FGS notification in legacy app com.ktcp.video/u0a77 : Notification(channel=recommendation_channel shortcut=null contentView=com.ktcp.video/0x10900b9 vibrate=null sound=null defaults=0x0 flags=0x40 color=0x00000000 vis=PRIVATE)
05-23 09:26:44.233 732 746 W ActivityManager: Foreground service started from background can not have location/camera/microphone access: service com.ktcp.video/com.tencent.qqlivetv.keeplive.proc.DaemonService$SubService
05-23 09:26:44.233 732 746 I ActivityManager: Background started FGS: Allowed [callingPackage: com.ktcp.video; callingUid: 10077; uidState: SVC ; uidBFSL: n/a; intent: Intent { cmp=com.ktcp.video/com.tencent.qqlivetv.keeplive.proc.DaemonService$SubService }; code:SYSTEM_ALERT_WINDOW_PERMISSION; tempAllowListReason:; targetSdkVersion:23; callerTargetSdkVersion:23; startForegroundCount:0; bindFromPackage:null: isBindService:false]
05-23 09:26:44.234 732 746 W ForegroundServiceTypeLoggerModule: Foreground service start for UID: 10077 does not have any types
05-23 09:26:44.237 732 746 W ForegroundServiceTypeLoggerModule: FGS stop call for: 10077 has no types!
05-23 09:26:44.277 732 975 D CompatibilityChangeReporter: Compat change id reported: 161145287; UID 10041; state: DISABLED
05-23 09:26:44.310 732 746 W OverlayManager: service 'idmap' died
05-23 09:26:44.340 2378 2378 E ActivityThread: Failed to find provider info for lerad.provider.etna
05-23 09:26:44.374 732 764 I ActivityManager: com.oranth.usbopenft is exempt from freezer
05-23 09:26:44.374 732 764 D CompatibilityChangeReporter: Compat change id reported: 135634846; UID 1000; state: DISABLED
05-23 09:26:44.399 732 765 I ActivityManager: Start proc 2419:com.oranth.usbopenft/1000 for broadcast {com.oranth.usbopenft/com.oranth.usbopenft.UsbReceiver}
05-23 09:26:44.454 732 732 W NotificationHistory: Attempted to add notif for locked/gone/disabled user 0
05-23 09:26:44.460 732 746 D CompatibilityChangeReporter: Compat change id reported: 168419799; UID 1000; state: DISABLED
05-23 09:26:44.461 732 746 D CompatibilityChangeReporter: Compat change id reported: 273564678; UID 1000; state: DISABLED
05-23 09:26:44.504 732 746 D OomAdjuster: Not killing cached processes
05-23 09:26:44.617 732 746 D CompatibilityChangeReporter: Compat change id reported: 135634846; UID 10043; state: DISABLED
05-23 09:26:44.618 732 765 D CompatibilityChangeReporter: Compat change id reported: 143937733; UID 10043; state: DISABLED
05-23 09:26:44.633 732 765 I ActivityManager: Start proc 2442:com.huawei.connection/u0a43 for service {com.dangbei.screencast/com.huawei.connection.service.NearFieldManagerService}
05-23 09:26:44.663 732 808 D CompatibilityChangeReporter: Compat change id reported: 168419799; UID 10043; state: DISABLED
05-23 09:26:44.663 732 808 D CompatibilityChangeReporter: Compat change id reported: 273564678; UID 10043; state: DISABLED
05-23 09:26:44.691 732 808 D CompatibilityChangeReporter: Compat change id reported: 170503758; UID 10043; state: DISABLED
05-23 09:26:44.827 732 1018 D CompatibilityChangeReporter: Compat change id reported: 261072174; UID 10043; state: DISABLED
05-23 09:26:46.085 732 808 D CompatibilityChangeReporter: Compat change id reported: 253665015; UID 10016; state: ENABLED
05-23 09:26:46.085 732 808 D CompatibilityChangeReporter: Compat change id reported: 194532703; UID 10016; state: ENABLED
05-23 09:26:46.734 732 815 W BroadcastLoopers: Found previously unknown looper Thread[appscheduling.default,5,main]
05-23 09:26:48.105 732 829 D ActivityManager: freezing 1465 com.android.music
05-23 09:26:49.246 732 787 W BroadcastLoopers: Found previously unknown looper Thread[PackageManager,5,main]
05-23 09:26:49.270 732 763 W BroadcastLoopers: Found previously unknown looper Thread[android.bg,5,main]
05-23 09:26:49.275 732 763 W VoiceInteractionManager: no available voice recognition services found for user 0
05-23 09:26:49.383 732 808 D CompatibilityChangeReporter: Compat change id reported: 161145287; UID 10065; state: ENABLED
05-23 09:26:49.652 732 732 W NotificationHistory: Attempted to add notif for locked/gone/disabled user 0
05-23 09:26:50.123 732 1018 D CompatibilityChangeReporter: Compat change id reported: 161145287; UID 10043; state: DISABLED
05-23 09:26:50.134 732 763 D OomAdjuster: Not killing cached processes
05-23 09:26:53.030 732 839 V WindowManager: app ------------- force_land :0
05-23 09:26:53.039 732 732 D HDMI : Hotplug event:[port:0, connected:true]
05-23 09:26:53.057 732 732 D HDMI : initPortInfo port info:port_id: 0, type: HDMI_OUT, address: 0x3000, cec: true, arc: true, mhl: false, earc: false
05-23 09:26:53.063 732 891 D AudioService: setWiredDeviceConnectionState( type:400 state:DEVICE_STATE_AVAILABLE addr: name:) from android
05-23 09:26:53.064 732 891 I AS.AudioDeviceInventory: handleDeviceConnection(true dev:400 address: name:)
05-23 09:26:53.064 732 891 I AS.AudioDeviceInventory: deviceKey:0x400:
05-23 09:26:53.064 732 891 I AS.AudioDeviceInventory: deviceInfo:null is(already)Connected:false
05-23 09:26:53.154 732 764 I ActivityManager: Skip zero pid ANR, process=WebViewLoader-armeabi-v7a
05-23 09:26:53.231 732 910 D HDMI : New logical address for device [4]: [preferred:4, assigned:4]
05-23 09:26:53.262 732 732 D HDMI : addCecDevice new:CEC: logical_address: 0x04 device_type: 4 cec_version: 5 vendor_id: 1877008 display_name: DBBOX-A3 power_status: 0 physical_address: 0x3000 port_id: 0 old:CEC: logical_address: 0x04 device_type: 4 cec_version: 5 vendor_id: 1877008 display_name: DBBOX-A3 power_status: 0 physical_address: 0xFFFF port_id: 0
05-23 09:26:53.275 732 732 D HDMI : onAddressAllocated address:4 reason:4
05-23 09:26:53.276 732 910 D HDMI : [S]: 4F:84:30:00:04
05-23 09:26:53.277 732 732 D HDMI : DeviceDiscoveryAction start com.android.server.hdmi.DeviceDiscoveryAction@5878b8a
05-23 09:26:53.328 732 891 I AS.AudioDeviceInventory: sendDeviceConnectionIntent(dev:0x400 state:0x1 address: name:);
05-23 09:26:53.373 732 756 D LocalDisplayAdapter: The active mode was changed from SurfaceFlinger or the display device to {id=6, width=4096, height=2160, fps=60.000004, alternativeRefreshRates=[], supportedHdrTypes=[2]}
05-23 09:26:53.373 732 756 D LocalDisplayAdapter: The render frame rate was changed from SurfaceFlinger or the display device to 60.000004
05-23 09:26:53.374 732 756 D LocalDisplayAdapter: New display modes are added and the active mode has changed, use active mode as default mode.
05-23 09:26:53.374 732 756 W LocalDisplayAdapter: DisplayModeSpecs base mode no longer available, using currently active mode.
05-23 09:26:53.375 732 756 I DisplayDeviceRepository: Display device changed: DisplayDeviceInfo{"内置屏幕": uniqueId="local:4625716335649126413", 1280 x 720, modeId 1, renderFrameRate 50.0, defaultModeId 1, supportedModes [{id=1, width=1280, height=720, fps=50.0, alternativeRefreshRates=[], supportedHdrTypes=[]}, {id=2, width=1280, height=720, fps=60.000004, alternativeRefreshRates=[], supportedHdrTypes=[]}], colorMode 0, supportedColorModes [0], hdrCapabilities HdrCapabilities{mSupportedHdrTypes=[], mMaxLuminance=500.0, mMaxAverageLuminance=500.0, mMinLuminance=0.0}, allmSupported false, gameContentTypeSupported false, density 160, 0.0 x 0.0 dpi, appVsyncOff 2000000, presDeadline 17000000, touch INTERNAL, rotation 0, type INTERNAL, address {port=13, model=0x4031d87fca1678}, deviceProductInfo DeviceProductInfo{name=Linux FHD, manufacturerPnpId=LNX, productId=0, modelYear=null, manufactureDate=ManufactureDate{week=5, year=2012}, connectionToSinkType=0}, state ON, committedState ON, frameRateOverride , brightnessMinimum 0.0, brightnessMaximum 1.0, brightnessDefault 0.39763778, hdrSdrRatio NaN, FLAG_ALLOWED_TO_BE_DEFAULT_DISPLAY, FLAG_ROTATES_WITH_CONTENT, FLAG_SECURE, FLAG_SUPPORTS_PROTECTED_BUFFERS, FLAG_TRUSTED, installOrientation 0, displayShape DisplayShape{ spec=-1507169495 displayWidth=1280 displayHeight=720 physicalPixelDisplaySizeRatio=1.0 rotation=0 offsetX=0 offsetY=0 scale=1.0}}
05-23 09:26:53.378 732 757 W LocalDisplayAdapter: Ignoring request for invalid base mode id 1
05-23 09:26:53.380 732 756 I DisplayDeviceRepository: Display device changed: DisplayDeviceInfo{"内置屏幕": uniqueId="local:4625716335649126413", 4096 x 2160, modeId 6, renderFrameRate 60.000004, defaultModeId 6, supportedModes [{id=3, width=1920, height=1080, fps=59.94006, alternativeRefreshRates=[], supportedHdrTypes=[2]}, {id=4, width=1920, height=1080, fps=60.000004, alternativeRefreshRates=[], supportedHdrTypes=[2]}, {id=5, width=4096, height=2160, fps=59.94006, alternativeRefreshRates=[], supportedHdrTypes=[2]}, {id=6, width=4096, height=2160, fps=60.000004, alternativeRefreshRates=[], supportedHdrTypes=[2]}, {id=7, width=4096, height=2160, fps=50.0, alternativeRefreshRates=[], supportedHdrTypes=[2]}, {id=8, width=4096, height=2160, fps=29.97003, alternativeRefreshRates=[], supportedHdrTypes=[2]}, {id=9, width=4096, height=2160, fps=30.000002, alternativeRefreshRates=[], supportedHdrTypes=[2]}, {id=10, width=4096, height=2160, fps=23.976025, alternativeRefreshRates=[], supportedHdrTypes=[2]}, {id=11, width=4096, height=2160, fps=24.000002, alternativeRefreshRates=[], supportedHdrTypes=[2]}, {id=12, width=3840, height=2160, fps=59.94006, alternativeRefreshRates=[], supportedHdrTypes=[2]}, {id=13, width=3840, height=2160, fps=60.000004, alternativeRefreshRates=[], supportedHdrTypes=[2]}, {id=14, width=3840, height=2160, fps=50.0, alternativeRefreshRates=[], supportedHdrTypes=[2]}, {id=15, width=3840, height=2160, fps=29.97003, alternativeRefreshRates=[], supportedHdrTypes=[2]}, {id=16, width=3840, height=2160, fps=30.000002, alternativeRefreshRates=[], supportedHdrTypes=[2]}, {id=17, width=3840, height=2160, fps=25.0, alternativeRefreshRates=[], supportedHdrTypes=[2]}, {id=18, width=3840, height=2160, fps=23.976025, alternativeRefreshRates=[], supportedHdrTypes=[2]}, {id=19, width=3840, height=2160, fps=24.000002, alternativeRefreshRates=[], supportedHdrTypes=[2]}, {id=20, width=1920, height=1080, fps=50.0, alternativeRefreshRates=[], supportedHdrTypes=[2]}, {id=21, width=1280, height=720, fps=59.94006, alternativeRefreshRates=[], supportedHdrTypes=[2]}, {id=22, width=1280, height=720, fps=60.000004, alternativeRefreshRates=[], supportedHdrTypes=[2]}, {id=23, width=1280, height=720, fps=50.0, alternativeRefreshRates=[], supportedHdrTypes=[2]}, {id=24, width=720, height=576, fps=50.0, alternativeRefreshRates=[], supportedHdrTypes=[2]}, {id=25, width=720, height=480, fps=59.94006, alternativeRefreshRates=[], supportedHdrTypes=[2]}, {id=26, width=720, height=480, fps=60.000004, alternativeRefreshRates=[], supportedHdrTypes=[2]}], colorMode 0, supportedColorModes [0], hdrCapabilities HdrCapabilities{mSupportedHdrTypes=[2], mMaxLuminance=500.0, mMaxAverageLuminance=500.0, mMinLuminance=0.0}, allmSupported false, gameContentTypeSupported true, density 480, 85.277 x 79.513 dpi, appVsyncOff 2000000, presDeadline 13666666, touch INTERNAL, rotation 0, type INTERNAL, address {port=13, model=0x4031d87fca1678}, deviceProductInfo DeviceProductInfo{name=Mi TV, manufacturerPnpId=XMD, productId=74, modelYear=null, manufactureDate=ManufactureDate{week=13, year=2019}, connectionToSinkType=2}, state ON, committedState ON, frameRateOverride , brightnessMinimum 0.0, brightnessMaximum 1.0, brightnessDefault 0.39763778, hdrSdrRatio NaN, FLAG_ALLOWED_TO_BE_DEFAULT_DISPLAY, FLAG_ROTATES_WITH_CONTENT, FLAG_SECURE, FLAG_SUPPORTS_PROTECTED_BUFFERS, FLAG_TRUSTED, installOrientation 0, displayShape DisplayShape{ spec=215504843 displayWidth=4096 displayHeight=2160 physicalPixelDisplaySizeRatio=1.0 rotation=0 offsetX=0 offsetY=0 scale=1.0}}
05-23 09:26:53.433 732 910 D HDMI : [S]: 4F:87:1C:A4:10
05-23 09:26:53.445 732 764 I ActivityManager: Waited long enough for: ServiceRecord{a9b297c u0 com.oranth.storage/.MainService}
05-23 09:26:53.585 732 910 D HDMI : [S]: 40:8C
05-23 09:26:53.703 732 910 D HDMI : [S]: 40:47
05-23 09:26:53.772 732 764 I ActivityManager: Waited long enough for: ServiceRecord{4ed57e1 u0 com.droidlogic.mictoggle/.AssistantMicMuteService}
05-23 09:26:53.823 732 910 D HDMI : [S]: 45:7D
05-23 09:26:53.823 732 732 D HDMI : Failed to send cec command 40:47
05-23 09:26:53.935 732 732 D HDMI : AVR did not respond to
05-23 09:26:53.936 732 732 D HdmiControlService: Switching to full volume behavior
05-23 09:26:54.030 732 829 D ActivityManager: freezing 2327 com.android.externalstorage
05-23 09:26:54.156 732 764 I ActivityManager: Waited long enough for: ServiceRecord{7fcc4e4 u0 com.dangbei.lerad.rocky/com.dangbei.phrike.core.PhrikeDownloadService}
05-23 09:26:54.331 732 732 D HdmiCecController: [P]:AllocatedAddress=[0]
05-23 09:26:54.332 732 910 D HDMI : [S]: 40:83
05-23 09:26:54.519 732 746 D CompatibilityChangeReporter: Compat change id reported: 161145287; UID 10077; state: DISABLED
05-23 09:26:54.532 732 746 D CompatibilityChangeReporter: Compat change id reported: 170503758; UID 10077; state: DISABLED
05-23 09:26:54.585 732 732 D HDMI : [R]: 0F:84:00:00:00
05-23 09:26:54.589 732 732 D HDMI : addCecDevice new:CEC: logical_address: 0x00 device_type: 0 cec_version: 5 vendor_id: 16777215 display_name: TV power_status: -1 physical_address: 0xFFFF port_id: -1 old:null
05-23 09:26:54.589 732 732 D HdmiControlService: Switching to full volume behavior
05-23 09:26:54.591 732 732 D HDMI : addCecDevice new:CEC: logical_address: 0x00 device_type: 0 cec_version: 5 vendor_id: 16777215 display_name: TV power_status: -1 physical_address: 0x0000 port_id: -1 old:CEC: logical_address: 0x00 device_type: 0 cec_version: 5 vendor_id: 16777215 display_name: TV power_status: -1 physical_address: 0xFFFF port_id: -1
05-23 09:26:54.591 732 732 D HdmiControlService: Switching to full volume behavior
05-23 09:26:54.591 732 732 D HDMI : TV is available now for receiving its message
05-23 09:26:54.592 732 732 D AudioService: onStatusChange cecEnabled:true available:true
05-23 09:26:54.594 732 910 D HDMI : [S]: 40:46
05-23 09:26:54.746 732 732 D HDMI : [R]: 0F:87:00:EC:0A
05-23 09:26:54.822 732 732 D HDMI : [R]: 0F:85
05-23 09:26:55.118 732 732 D HDMI : [R]: 0F:84:00:00:00
05-23 09:26:55.120 732 732 D HDMI : addCecDevice new:CEC: logical_address: 0x00 device_type: 0 cec_version: 5 vendor_id: 60426 display_name: TV power_status: -1 physical_address: 0x0000 port_id: -1 old:CEC: logical_address: 0x00 device_type: 0 cec_version: 5 vendor_id: 60426 display_name: TV power_status: -1 physical_address: 0x0000 port_id: -1
05-23 09:26:55.120 732 732 D HdmiControlService: Switching to full volume behavior
05-23 09:26:55.120 732 732 I HdmiCecLocalDevice: Ignored while Device Discovery Action is in progress: 0F:84:00:00:00
05-23 09:26:55.437 296 1009 I keystore2: system/security/keystore2/src/watchdog.rs:319 - Watchdog thread idle -> terminating. Have a great day.
05-23 09:26:55.449 732 732 D HDMI : [R]: 04:47
05-23 09:26:55.450 732 732 D HdmiCecNetwork: Updating device OSD name from TV to MiTV-ANSP0
05-23 09:26:55.451 732 910 D HDMI : [S]: 40:8F
05-23 09:26:55.526 732 1018 D CompatibilityChangeReporter: Compat change id reported: 171306433; UID 10077; state: DISABLED
