05-23 16:41:07.031 732 891 I AS.AudioDeviceInventory: handleDeviceConnection(true dev:400 address: name:)
05-23 16:41:07.031 732 891 I AS.AudioDeviceInventory: deviceKey:0x400:
05-23 16:41:07.031 732 891 I AS.AudioDeviceInventory: deviceInfo:null is(already)Connected:false
05-23 16:41:07.032 732 732 D HDMI : Hotplug event:[port:0, connected:true]
05-23 16:41:07.052 732 732 D HDMI : initPortInfo port info:port_id: 0, type: HDMI_OUT, address: 0x3000, cec: true, arc: true, mhl: false, earc: false
05-23 16:41:07.230 732 910 D HDMI : New logical address for device [4]: [preferred:4, assigned:4]
05-23 16:41:07.241 732 891 I AS.AudioDeviceInventory: sendDeviceConnectionIntent(dev:0x400 state:0x1 address: name:);
05-23 16:41:07.252 732 732 D HDMI : addCecDevice new:CEC: logical_address: 0x04 device_type: 4 cec_version: 5 vendor_id: 1877008 display_name: DBBOX-A3 power_status: 0 physical_address: 0x3000 port_id: 0 old:null
05-23 16:41:07.264 732 732 D HDMI : onAddressAllocated address:4 reason:4
05-23 16:41:07.266 732 732 D HDMI : DeviceDiscoveryAction start com.android.server.hdmi.DeviceDiscoveryAction@9216543
05-23 16:41:07.277 732 910 D HDMI : [S]: 4F:84:30:00:04
05-23 16:41:07.362 732 756 D LocalDisplayAdapter: The active mode was changed from SurfaceFlinger or the display device to {id=156, width=4096, height=2160, fps=60.000004, alternativeRefreshRates=[], supportedHdrTypes=[2]}
05-23 16:41:07.362 732 756 D LocalDisplayAdapter: New display modes are added and the active mode has changed, use active mode as default mode.
05-23 16:41:07.362 732 756 W LocalDisplayAdapter: DisplayModeSpecs base mode no longer available, using currently active mode.
05-23 16:41:07.362 732 756 I DisplayDeviceRepository: Display device changed: DisplayDeviceInfo{"内置屏幕": uniqueId="local:4625716335649126413", 4096 x 2160, modeId 152, renderFrameRate 60.000004, defaultModeId 152, supportedModes [{id=152, width=4096, height=2160, fps=60.000004, alternativeRefreshRates=[], supportedHdrTypes=[]}], colorMode 0, supportedColorModes [0], hdrCapabilities HdrCapabilities{mSupportedHdrTypes=[], mMaxLuminance=500.0, mMaxAverageLuminance=500.0, mMinLuminance=0.0}, allmSupported false, gameContentTypeSupported true, density 480, 85.277 x 79.513 dpi, appVsyncOff 2000000, presDeadline 13666666, touch INTERNAL, rotation 0, type INTERNAL, address {port=13, model=0x4031d87fca1678}, deviceProductInfo DeviceProductInfo{name=Linux FHD, manufacturerPnpId=LNX, productId=0, modelYear=null, manufactureDate=ManufactureDate{week=5, year=2012}, connectionToSinkType=0}, state ON, committedState ON, frameRateOverride , brightnessMinimum 0.0, brightnessMaximum 1.0, brightnessDefault 0.39763778, hdrSdrRatio NaN, FLAG_ALLOWED_TO_BE_DEFAULT_DISPLAY, FLAG_ROTATES_WITH_CONTENT, FLAG_SECURE, FLAG_SUPPORTS_PROTECTED_BUFFERS, FLAG_TRUSTED, installOrientation 0, displayShape DisplayShape{ spec=215504843 displayWidth=4096 displayHeight=2160 physicalPixelDisplaySizeRatio=1.0 rotation=0 offsetX=0 offsetY=0 scale=1.0}}
05-23 16:41:07.432 732 910 D HDMI : [S]: 4F:87:1C:A4:10
05-23 16:41:07.588 732 910 D HDMI : [S]: 40:8C
05-23 16:41:07.667 732 910 D HDMI : [S]: 40:47
05-23 16:41:07.942 732 910 D HDMI : [S]: 45:7D
05-23 16:41:08.063 732 732 D HDMI : AVR did not respond to
05-23 16:41:08.064 732 732 D HdmiControlService: Switching to full volume behavior
05-23 16:41:08.455 732 732 D HdmiCecController: [P]:AllocatedAddress=[0]
05-23 16:41:08.455 732 910 D HDMI : [S]: 40:83
05-23 16:41:08.628 732 732 D HDMI : [R]: 04:46
05-23 16:41:08.630 732 732 D HDMI : addCecDevice new:CEC: logical_address: 0x00 device_type: 0 cec_version: 5 vendor_id: 16777215 display_name: TV power_status: -1 physical_address: 0xFFFF port_id: -1 old:null
05-23 16:41:08.630 732 732 D HdmiControlService: Switching to full volume behavior
05-23 16:41:08.631 732 732 D HDMI : TV is available now for receiving its message
05-23 16:41:08.631 732 732 D AudioService: onStatusChange cecEnabled:true available:true
05-23 16:41:08.633 732 910 D HDMI : [S]: 40:47
05-23 16:41:08.838 732 732 D HDMI : [R]: 0F:87:00:EC:0A
05-23 16:41:09.180 732 732 D HDMI : [R]: 04:8C
05-23 16:41:09.182 732 910 D HDMI : [S]: 4F:87:1C:A4:10
05-23 16:41:09.339 732 732 D HDMI : [R]: 0F:84:00:00:00
05-23 16:41:09.340 732 732 D HDMI : addCecDevice new:CEC: logical_address: 0x00 device_type: 0 cec_version: 5 vendor_id: 60426 display_name: TV power_status: -1 physical_address: 0x0000 port_id: -1 old:CEC: logical_address: 0x00 device_type: 0 cec_version: 5 vendor_id: 60426 display_name: TV power_status: -1 physical_address: 0xFFFF port_id: -1
05-23 16:41:09.341 732 732 D HdmiControlService: Switching to full volume behavior
05-23 16:41:09.756 732 910 D HDMI : [S]: 40:46
05-23 16:41:10.164 732 732 D HDMI : [R]: 04:47
05-23 16:41:10.164 732 732 D HdmiCecNetwork: Updating device OSD name from TV to MiTV-ANSP0
05-23 16:41:10.166 732 910 D HDMI : [S]: 40:8F
05-23 16:41:10.360 732 732 D HDMI : [R]: 04:90:00
05-23 16:41:10.362 732 732 D HDMI : addCecDevice new:CEC: logical_address: 0x00 device_type: 0 cec_version: 5 vendor_id: 60426 display_name: MiTV-ANSP0 power_status: 0 physical_address: 0x0000 port_id: -1 old:CEC: logical_address: 0x00 device_type: 0 cec_version: 5 vendor_id: 60426 display_name: MiTV-ANSP0 power_status: 0 physical_address: 0x0000 port_id: -1
05-23 16:41:10.362 732 732 D HdmiControlService: Switching to full volume behavior
05-23 16:41:10.363 732 732 D HDMI : addCecDevice new:CEC: logical_address: 0x04 device_type: 4 cec_version: 5 vendor_id: 1877008 display_name: DBBOX-A3 power_status: 0 physical_address: 0x3000 port_id: 0 old:null
05-23 16:41:26.852 732 732 D HDMI : [R]: 04:8F
05-23 16:41:26.853 732 910 D HDMI : [S]: 40:90:00
05-23 16:41:33.051 732 732 D HDMI : [R]: 04:44
05-23 16:41:33.245 732 732 D HDMI : [R]: 04:45
05-23 16:41:33.765 732 732 D HDMI : [R]: 04:44
05-23 16:41:33.940 732 732 D HDMI : [R]: 04:45
05-23 16:41:34.552 732 732 D HDMI : [R]: 04:44
05-23 16:41:34.952 732 732 D HDMI : [R]: 04:44
05-23 16:41:35.032 732 732 D HDMI : [R]: 04:45
05-23 16:41:35.136 732 732 D HDMI : [R]: 04:44
05-23 16:41:35.264 732 732 D HDMI : [R]: 04:45
05-23 16:41:35.408 732 732 D HDMI : [R]: 04:44
05-23 16:41:35.544 732 732 D HDMI : [R]: 04:45
05-23 16:41:36.170 732 732 D HDMI : [R]: 04:44
05-23 16:41:36.385 732 732 D HDMI : [R]: 04:45
05-23 16:41:44.465 732 732 D HDMI : [R]: 04:44
05-23 16:41:44.644 732 732 D HDMI : [R]: 04:45
05-23 16:41:44.769 732 732 D HDMI : [R]: 04:44
05-23 16:41:44.907 732 732 D HDMI : [R]: 04:45
05-23 16:41:57.366 732 732 V HotPlugDetectionAction: Poll all devices.
05-23 16:41:57.767 732 732 D HdmiCecController: [P]:AllocatedAddress=[0]
05-23 16:41:59.386 732 771 W BatteryExternalStatsWorker: error reading modem stats:ERROR_PHONE_NOT_AVAILABLE
05-23 16:41:59.386 732 6258 W BatteryExternalStatsWorker: error reading Bluetooth stats: 11
05-23 16:42:12.173 732 873 W ContextImpl: Calling a method in the system process without a qualified user: android.app.ContextImpl.sendStickyBroadcast:1626 com.android.server.wifi.ClientModeImpl.sendNetworkChangeBroadcast:3008 com.android.server.wifi.ClientModeImpl.lambda$sendNetworkChangeBroadcastWithCurrentState$14:2985 com.android.server.wifi.ClientModeImpl.$r8$lambda$q-j88Pjw4gROgoJFr8wBlBVbuJI:0 com.android.server.wifi.ClientModeImpl$$ExternalSyntheticLambda4.send:0
05-23 16:42:23.264 732 764 W ProcessCpuTracker: Failed to stat(/proc/7224): android.system.ErrnoException: stat failed: ENOENT (No such file or directory)
05-23 16:42:23.265 732 764 W ProcessCpuTracker: Skipping unknown process pid 7224
05-23 16:42:23.265 732 764 W ProcessCpuTracker: Failed to stat(/proc/7225): android.system.ErrnoException: stat failed: ENOENT (No such file or directory)
05-23 16:42:23.266 732 764 W ProcessCpuTracker: Skipping unknown process pid 7225
05-23 16:42:25.565 1440 1654 W ContextImpl: Calling a method in the system process without a qualified user: android.app.ContextImpl.sendBroadcast:1220 android.content.ContextWrapper.sendBroadcast:504 com.dangbei.etna.setting.core.SettingHelper.sendCycleToProjector:247 com.dangbei.etna.setting.core.SettingHelper.sendCycleCheckBroadcast:216 com.dangbei.etna.setting.core.SettingHelper.startLoop$lambda-0:174
05-23 16:42:25.568 1440 1654 W ContextImpl: Calling a method in the system process without a qualified user: android.app.ContextImpl.sendBroadcast:1220 android.content.ContextWrapper.sendBroadcast:504 com.dangbei.etna.setting.core.SettingHelper.sendCycleToVoice:232 com.dangbei.etna.setting.core.SettingHelper.sendCycleCheckBroadcast:217 com.dangbei.etna.setting.core.SettingHelper.startLoop$lambda-0:174
05-23 16:42:25.602 732 763 I ProcessStatsService: Pruning old procstats: /data/system/procstats/state-v2-2025-05-23-15-28-24.bin
05-23 16:42:26.858 732 732 D HDMI : [R]: 04:8F
05-23 16:42:26.859 732 910 D HDMI : [S]: 40:90:00
05-23 16:42:39.334 732 959 D UsbHostManager: USB device attached: vidpid 046d:c092 mfg/product/ver/serial Logitech/G102 LIGHTSYNC Gaming Mouse/52.00/205B36775633 hasAudio/HID/Storage: false/true/false
05-23 16:42:39.340 732 959 D UsbHostManager: Added device UsbDevice[mName=/dev/bus/usb/003/002,mVendorId=1133,mProductId=49298,mClass=0,mSubclass=0,mProtocol=0,mManufacturerName=Logitech,mProductName=G102 LIGHTSYNC Gaming Mouse,mVersion=52.00,mSerialNumberReader=com.android.server.usb.UsbSerialReader@d27674b, mHasAudioPlayback=false, mHasAudioCapture=false, mHasMidi=false, mHasVideoCapture=false, mHasVideoPlayback=false, mConfigurations=[
05-23 16:42:39.340 732 959 D UsbHostManager: UsbConfiguration[mId=1,mName=U152.00_B0010 ,mAttributes=160,mMaxPower=150,mInterfaces=[
05-23 16:42:39.340 732 959 D UsbHostManager: UsbInterface[mId=0,mAlternateSetting=0,mName=null,mClass=3,mSubclass=1,mProtocol=2,mEndpoints=[
05-23 16:42:39.340 732 959 D UsbHostManager: UsbEndpoint[mAddress=129,mAttributes=3,mMaxPacketSize=8,mInterval=1]]
05-23 16:42:39.340 732 959 D UsbHostManager: UsbInterface[mId=1,mAlternateSetting=0,mName=null,mClass=3,mSubclass=0,mProtocol=0,mEndpoints=[
05-23 16:42:39.340 732 959 D UsbHostManager: UsbEndpoint[mAddress=130,mAttributes=3,mMaxPacketSize=20,mInterval=1]]]]
05-23 16:42:39.344 732 764 D ActivityManager: sync unfroze 1606 android.process.media for 3
05-23 16:42:39.352 1606 1606 W Looper : Slow delivery took 517948ms main h=android.database.sqlite.SQLiteConnectionPool$IdleConnectionHandler c=null m=1
05-23 16:42:39.352 1606 1606 W Looper : Drained
05-23 16:42:39.363 732 959 E UsbAlsaManager: usbDeviceAdded(): cannot find sound card for /dev/bus/usb/003/002
05-23 16:42:39.542 732 840 I ActivityTaskManager: Config changes=30 {1.0 ?mcc0mnc [zh_CN] ldltr sw720dp w1280dp h720dp 240dpi xlrg long land television -touch qwerty/v/v dpad/v winConfig={ mBounds=Rect(0, 0 - 1920, 1080) mAppBounds=Rect(0, 0 - 1920, 1080) mMaxBounds=Rect(0, 0 - 1920, 1080) mDisplayRotation=ROTATION_0 mWindowingMode=fullscreen mDisplayWindowingMode=fullscreen mActivityType=undefined mAlwaysOnTop=undefined mRotation=ROTATION_0} s.8 fontWeightAdjustment=0}
05-23 16:42:39.548 732 840 W ActivityTaskManager: Current config: {1.0 ?mcc0mnc [zh_CN] ldltr sw720dp w1280dp h720dp 240dpi xlrg long land television -touch -keyb/v/h dpad/v winConfig={ mBounds=Rect(0, 0 - 1920, 1080) mAppBounds=Rect(0, 0 - 1920, 1080) mMaxBounds=Rect(0, 0 - 1920, 1080) mDisplayRotation=ROTATION_0 mWindowingMode=fullscreen mDisplayWindowingMode=fullscreen mActivityType=undefined mAlwaysOnTop=undefined mRotation=ROTATION_0} s.8 fontWeightAdjustment=0} unchanged for IME proc com.sohu.inputmethod.sogou.tv
05-23 16:42:39.551 732 840 I WindowManager: Override config changes=30 {1.0 ?mcc0mnc [zh_CN] ldltr sw720dp w1280dp h720dp 240dpi xlrg long land television -touch qwerty/v/v dpad/v winConfig={ mBounds=Rect(0, 0 - 1920, 1080) mAppBounds=Rect(0, 0 - 1920, 1080) mMaxBounds=Rect(0, 0 - 1920, 1080) mDisplayRotation=ROTATION_0 mWindowingMode=fullscreen mDisplayWindowingMode=fullscreen mActivityType=undefined mAlwaysOnTop=undefined mRotation=ROTATION_0} s.8 fontWeightAdjustment=0} for displayId=0
05-23 16:42:39.552 957 1021 V WindowManagerShell: Transition requested: android.os.BinderProxy@ffe5628 TransitionRequestInfo { type = 6, triggerTask = null, remoteTransition = null, displayChange = null, flags = 0 }
05-23 16:42:39.553 732 6258 D CompatibilityChangeReporter: Compat change id reported: 170503758; UID 10043; state: DISABLED
05-23 16:42:39.583 732 840 V ActivityTaskManager: Sending to IME proc com.sohu.inputmethod.sogou.tv new config {1.0 ?mcc0mnc [zh_CN] ldltr sw720dp w1280dp h720dp 240dpi xlrg long land television -touch qwerty/v/v dpad/v winConfig={ mBounds=Rect(0, 0 - 1920, 1080) mAppBounds=Rect(0, 0 - 1920, 1080) mMaxBounds=Rect(0, 0 - 1920, 1080) mDisplayRotation=ROTATION_0 mWindowingMode=fullscreen mDisplayWindowingMode=fullscreen mActivityType=undefined mAlwaysOnTop=undefined mRotation=ROTATION_0} s.44 fontWeightAdjustment=0}
05-23 16:42:39.596 732 6258 W ActivityManager: Receiver with filter android.content.IntentFilter@57e5204 already registered for pid 1344, callerPackage is com.sohu.inputmethod.sogou.tv
05-23 16:42:39.625 957 1021 W Looper : Slow dispatch took 73ms wmshell.main h=android.os.Handler c=com.android.wm.shell.transition.Transitions$TransitionPlayerImpl$$ExternalSyntheticLambda1@87b0f41 m=0
05-23 16:42:39.625 957 1021 D WindowManagerShell: TvPipController: onConfigurationChanged(), state=NO_PIP
05-23 16:42:39.626 957 1021 W Looper : Slow delivery took 72ms wmshell.main h=android.os.Handler c=com.android.wm.shell.sysui.ShellController$ShellInterfaceImpl$$ExternalSyntheticLambda0@8517ce6 m=0
05-23 16:42:39.627 957 1021 V ShellDragAndDrop: Display changed: 0
05-23 16:42:39.631 957 1021 W Looper : Drained
05-23 16:42:39.642 732 732 D HDMI : receive android.intent.action.CONFIGURATION_CHANGED
05-23 16:42:39.695 957 1021 V WindowManagerShell: onTransitionReady android.os.BinderProxy@ffe5628: {id=14 t=CHANGE f=0x0 trk=0 r=[0@Point(0, 0)] c=[{WCT{android.window.IWindowContainerToken$Stub$Proxy@e09e035} m=CHANGE f=IS_DISPLAY leash=Surface(name=WindowedMagnification:0:31)/@0x7f942be sb=Rect(0, 0 - 1920, 1080) eb=Rect(0, 0 - 1920, 1080) d=0 snapshot=Surface(name=transition snapshot: Display{#0 state=ON size=1920x1080 ROTATION_0})/@0x46b7f1f}]}
05-23 16:42:39.695 957 1021 V WindowManagerShell: Playing animation for (#14)android.os.BinderProxy@ffe5628@0
05-23 16:42:39.696 957 1021 V WindowManagerShell: try handler com.android.wm.shell.keyguard.KeyguardTransitionHandler@9798e39
05-23 16:42:39.696 957 1021 V WindowManagerShell: try handler com.android.wm.shell.pip.tv.TvPipTransition@b2d1c7e
05-23 16:42:39.696 957 1021 V WindowManagerShell: try handler com.android.wm.shell.activityembedding.ActivityEmbeddingController@857b5df
05-23 16:42:39.696 957 1021 V WindowManagerShell: try handler com.android.wm.shell.transition.RemoteTransitionHandler@3c922c
05-23 16:42:39.696 957 1021 V WindowManagerShell: try handler com.android.wm.shell.transition.DefaultTransitionHandler@85bd4f5
05-23 16:42:39.696 957 1021 V WindowManagerShell: start default transition animation, info = {id=14 t=CHANGE f=0x0 trk=0 r=[0@Point(0, 0)] c=[{WCT{android.window.IWindowContainerToken$Stub$Proxy@e09e035} m=CHANGE f=IS_DISPLAY leash=Surface(name=WindowedMagnification:0:31)/@0x7f942be sb=Rect(0, 0 - 1920, 1080) eb=Rect(0, 0 - 1920, 1080) d=0 snapshot=Surface(name=transition snapshot: Display{#0 state=ON size=1920x1080 ROTATION_0})/@0x46b7f1f}]}
05-23 16:42:39.696 957 1021 V WindowManagerShell: Display is changing, resolve the animation hint.
05-23 16:42:39.696 732 753 V WindowManager: Sent Transition #14 createdAt=05-23 16:42:39.551 via request=TransitionRequestInfo { type = 6, triggerTask = null, remoteTransition = null, displayChange = null, flags = 0 }
05-23 16:42:39.696 732 753 V WindowManager: startWCT=WindowContainerTransaction { changes = {} hops = [] errorCallbackToken=null taskFragmentOrganizer=null }
05-23 16:42:39.696 732 753 V WindowManager: info={id=14 t=CHANGE f=0x0 trk=0 r=[0@Point(0, 0)] c=[{WCT{RemoteToken{f4c3e6e Display{#0 state=ON size=1920x1080 ROTATION_0}}} m=CHANGE f=IS_DISPLAY leash=Surface(name=WindowedMagnification:0:31)/@0x8b37115 sb=Rect(0, 0 - 1920, 1080) eb=Rect(0, 0 - 1920, 1080) d=0}]}
05-23 16:42:39.701 957 1021 V WindowManagerShell: animated by com.android.wm.shell.transition.DefaultTransitionHandler@85bd4f5
05-23 16:42:39.775 732 732 W NotificationHistory: Attempted to add notif for locked/gone/disabled user 0
05-23 16:42:39.831 957 1021 V WindowManagerShell: Transition animation finished (aborted=false), notifying core (#14)android.os.BinderProxy@ffe5628@0
05-23 16:42:39.834 732 753 V WindowManager: Finish Transition #14: created at
05-23 16:42:39.551 collect-started=0.079ms request-sent=0.2ms started=70.957ms ready=71.833ms sent=142.25ms finished=282.269ms
05-23 16:42:39.834 732 1018 V WindowManager: app ------------- force_land :0
05-23 16:42:39.836 957 1021 V WindowManagerShell: Track 0 became idle
05-23 16:42:39.836 957 1021 V WindowManagerShell: All active transition animations finished
05-23 16:42:49.405 732 829 D ActivityManager: freezing 1606 android.process.media
05-23 16:42:57.367 732 732 V HotPlugDetectionAction: Poll all devices.
05-23 16:42:57.759 732 732 D HdmiCecController: [P]:AllocatedAddress=[0]
05-23 16:43:03.081 732 754 D AutofillManagerService: onBackKeyPressed()
05-23 16:43:26.859 732 732 D HDMI : [R]: 04:8F
05-23 16:43:26.860 732 910 D HDMI : [S]: 40:90:00
05-23 16:43:39.351 732 745 W BatteryExternalStatsWorker: error reading Bluetooth stats: 11
05-23 16:43:57.368 732 732 V HotPlugDetectionAction: Poll all devices.
05-23 16:43:57.762 732 732 D HdmiCecController: [P]:AllocatedAddress=[0]
05-23 16:44:26.863 732 732 D HDMI : [R]: 04:8F
05-23 16:44:26.864 732 910 D HDMI : [S]: 40:90:00
05-23 16:44:57.369 732 732 V HotPlugDetectionAction: Poll all devices.
05-23 16:44:57.767 732 732 D HdmiCecController: [P]:AllocatedAddress=[0]
05-23 16:45:25.641 1440 1654 W ContextImpl: Calling a method in the system process without a qualified user: android.app.ContextImpl.sendBroadcast:1220 android.content.ContextWrapper.sendBroadcast:504 com.dangbei.etna.setting.core.SettingHelper.sendCycleToProjector:247 com.dangbei.etna.setting.core.SettingHelper.sendCycleCheckBroadcast:216 com.dangbei.etna.setting.core.SettingHelper.startLoop$lambda-0:174
05-23 16:45:25.643 1440 1654 W ContextImpl: Calling a method in the system process without a qualified user: android.app.ContextImpl.sendBroadcast:1220 android.content.ContextWrapper.sendBroadcast:504 com.dangbei.etna.setting.core.SettingHelper.sendCycleToVoice:232 com.dangbei.etna.setting.core.SettingHelper.sendCycleCheckBroadcast:217 com.dangbei.etna.setting.core.SettingHelper.startLoop$lambda-0:174
05-23 16:45:26.870 732 732 D HDMI : [R]: 04:8F
05-23 16:45:26.871 732 910 D HDMI : [S]: 40:90:00
05-23 16:45:57.370 732 732 V HotPlugDetectionAction: Poll all devices.
05-23 16:45:57.763 732 732 D HdmiCecController: [P]:AllocatedAddress=[0]
05-23 16:46:26.870 732 732 D HDMI : [R]: 04:8F
05-23 16:46:26.871 732 910 D HDMI : [S]: 40:90:00
05-23 16:46:57.371 732 732 V HotPlugDetectionAction: Poll all devices.
05-23 16:46:57.771 732 732 D HdmiCecController: [P]:AllocatedAddress=[0]
05-23 16:47:26.871 732 732 D HDMI : [R]: 04:8F
05-23 16:47:26.872 732 910 D HDMI : [S]: 40:90:00
05-23 16:47:57.371 732 732 V HotPlugDetectionAction: Poll all devices.
05-23 16:47:57.775 732 732 D HdmiCecController: [P]:AllocatedAddress=[0]
05-23 16:48:12.536 732 781 V DisplayPowerController2[0]: Brightness [0.05] reason changing to: 'manual [ dim ]', previous reason: 'manual'.
05-23 16:48:12.536 732 781 I DisplayPowerController2[0]: BrightnessEvent: disp=0, physDisp=local:4625716335649126413, brt=0.05, initBrt=0.39763778, rcmdBrt=NaN, preBrt=NaN, lux=0.0, preLux=0.0, hbmMax=1.0, hbmMode=off, rbcStrength=0, thrmMax=1.0, powerFactor=1.0, wasShortTermModelActive=false, flags=, reason=manual [ dim ], autoBrightness=false, strategy=InvalidBrightnessStrategy
05-23 16:48:19.533 732 781 I PowerGroup: Napping power group (groupId=0, uid=1000)...
05-23 16:48:19.533 732 781 I PowerManagerService: Nap time (uid 1000)...
05-23 16:48:19.535 732 781 W DreamManagerService: Falling back to default dream ComponentInfo{com.dangbei.lerad.screensaver/com.dangbei.lerad.screensaver.service.ScreenSaverService}
05-23 16:48:19.535 732 781 I DreamManagerService: Entering dreamland.
05-23 16:48:19.537 732 732 W ProcessStats: Tracking association SourceState{1ebb351 com.ktcp.video:daemon/10077 Fgs #904} whose proc state 3 is better than process ProcessState{3283533 com.ktcp.video/10077 pkg=com.ktcp.video} proc state 10 (9 skipped)
05-23 16:48:19.537 732 781 I PowerManagerService: Dreaming...
05-23 16:48:19.540 732 753 I DreamController: Starting dream: name=ComponentInfo{com.dangbei.lerad.screensaver/com.dangbei.lerad.screensaver.service.ScreenSaverService}, isPreviewMode=false, canDoze=false, userId=0, reason='power manager request'
05-23 16:48:19.543 732 753 D CompatibilityChangeReporter: Compat change id reported: 135634846; UID 10044; state: DISABLED
05-23 16:48:19.545 732 765 D CompatibilityChangeReporter: Compat change id reported: 143937733; UID 10044; state: ENABLED
05-23 16:48:19.546 732 753 D AutofillManagerService: Close system dialogs
05-23 16:48:19.548 957 1021 D WindowManagerShell: TvPipMenuController: closeMenu()
05-23 16:48:19.548 957 1021 I WindowManagerShell: TvPipMenuController: switchToMenuMode: setting mCurrentMenuMode=MODE_NO_MENU, mPrevMenuMode=MODE_NO_MENU
05-23 16:48:19.554 957 1021 V WindowManagerShell: Transition requested: android.os.BinderProxy@6299ee9 TransitionRequestInfo { type = 2, triggerTask = TaskInfo{userId=0 taskId=230 displayId=0 isRunning=false baseIntent=Intent { dat=haqu://setting:8080/... flg=0x10000000 pkg=com.dangbei.haqusetting cmp=com.dangbei.haqusetting/.ui.HomeActivity } baseActivity=null topActivity=null origActivity=null realActivity=ComponentInfo{com.dangbei.haqusetting/com.dangbei.haqusetting.ui.HomeActivity} numActivities=0 lastActiveTime=1753560 supportsMultiWindow=true resizeMode=1 isResizeable=true minWidth=-1 minHeight=-1 defaultMinSize=220 token=WCT{android.window.IWindowContainerToken$Stub$Proxy@f59d76e} topActivityType=1 pictureInPictureParams=null shouldDockBigOverlays=false launchIntoPipHostTaskId=-1 lastParentTaskIdBeforePip=-1 displayCutoutSafeInsets=null topActivityInfo=null launchCookies=[] positionInParent=Point(0, 0) parentTaskId=-1 isFocused=true isVisible=true isVisibleRequested=true isSleeping=false topActivityInSizeCompat=false topActivityEligibleForLetterboxEducation= false isLetterboxDoubleTapEnabled= false topActivityEligibleForUserAspectRatioButton= false topActivityBoundsLetterboxed= false isFromLetterboxDoubleTap= false topActivityLetterboxVerticalPosition= -1 topActivityLetterboxHorizontalPosition= -1 topActivityLetterboxWidth=-1 topActivityLetterboxHeight=-1 isUserFullscreenOverrideEnabled=false isTopActivityTransparent=false locusId=null displayAreaFeatureId=1 cameraCompatControlState=hidden}, remoteTransition = null, displayChange = null, flags = 0 }
05-23 16:48:19.566 732 1018 V WindowManager: app ------------- force_land :0
05-23 16:48:19.580 957 1021 V WindowManagerShell: onTransitionReady android.os.BinderProxy@6299ee9: {id=15 t=CLOSE f=0x0 trk=0 r=[0@Point(0, 0)] c=[{WCT{android.window.IWindowContainerToken$Stub$Proxy@c7440a5} m=CLOSE f=TRANSLUCENT leash=Surface(name=Task=230)/@0x5f86e0f sb=Rect(0, 0 - 1920, 1080) eb=Rect(0, 0 - 1920, 1080) d=0}]}
05-23 16:48:19.580 957 1021 V WindowManagerShell: Playing animation for (#15)android.os.BinderProxy@6299ee9@0
05-23 16:48:19.580 957 1021 V WindowManagerShell: try handler com.android.wm.shell.keyguard.KeyguardTransitionHandler@9798e39
05-23 16:48:19.581 957 1021 V WindowManagerShell: try handler com.android.wm.shell.pip.tv.TvPipTransition@b2d1c7e
05-23 16:48:19.581 957 1021 V WindowManagerShell: try handler com.android.wm.shell.activityembedding.ActivityEmbeddingController@857b5df
05-23 16:48:19.581 957 1021 V WindowManagerShell: try handler com.android.wm.shell.transition.RemoteTransitionHandler@3c922c
05-23 16:48:19.581 957 1021 V WindowManagerShell: Transition doesn't have explicit remote, search filters for match for {id=15 t=CLOSE f=0x0 trk=0 r=[0@Point(0, 0)] c=[{WCT{android.window.IWindowContainerToken$Stub$Proxy@c7440a5} m=CLOSE f=TRANSLUCENT leash=Surface(name=Task=230)/@0x5f86e0f sb=Rect(0, 0 - 1920, 1080) eb=Rect(0, 0 - 1920, 1080) d=0}]}
05-23 16:48:19.581 957 1021 V WindowManagerShell: Delegate animation for #15 to null
05-23 16:48:19.581 957 1021 V WindowManagerShell: try handler com.android.wm.shell.transition.DefaultTransitionHandler@85bd4f5
05-23 16:48:19.582 957 1021 V WindowManagerShell: start default transition animation, info = {id=15 t=CLOSE f=0x0 trk=0 r=[0@Point(0, 0)] c=[{WCT{android.window.IWindowContainerToken$Stub$Proxy@c7440a5} m=CLOSE f=TRANSLUCENT leash=Surface(name=Task=230)/@0x5f86e0f sb=Rect(0, 0 - 1920, 1080) eb=Rect(0, 0 - 1920, 1080) d=0}]}
05-23 16:48:19.583 957 1021 V WindowManagerShell: loadAnimation: anim=android.view.animation.AlphaAnimation@5400888 animAttr=0x7 type=CLOSE isEntrance=false
05-23 16:48:19.584 957 1021 V WindowManagerShell: animated by com.android.wm.shell.transition.DefaultTransitionHandler@85bd4f5
05-23 16:48:19.585 732 753 V WindowManager: Sent Transition #15 createdAt=05-23 16:48:19.552 via request=TransitionRequestInfo { type = 2, triggerTask = TaskInfo{userId=0 taskId=230 displayId=0 isRunning=false baseIntent=Intent { dat=haqu://setting:8080/... flg=0x10000000 pkg=com.dangbei.haqusetting cmp=com.dangbei.haqusetting/.ui.HomeActivity } baseActivity=null topActivity=null origActivity=null realActivity=ComponentInfo{com.dangbei.haqusetting/com.dangbei.haqusetting.ui.HomeActivity} numActivities=0 lastActiveTime=1753560 supportsMultiWindow=true resizeMode=1 isResizeable=true minWidth=-1 minHeight=-1 defaultMinSize=220 token=WCT{RemoteToken{721eb40 Task{68ecb0e #230 type=standard A=1000:com.dangbei.haqusetting}}} topActivityType=1 pictureInPictureParams=null shouldDockBigOverlays=false launchIntoPipHostTaskId=-1 lastParentTaskIdBeforePip=-1 displayCutoutSafeInsets=null topActivityInfo=null launchCookies=[] positionInParent=Point(0, 0) parentTaskId=-1 isFocused=true isVisible=true isVisibleRequested=true isSleeping=false topActivityInSizeCompat=false topActivityEligibleForLetterboxEducation= false isLetterboxDoubleTapEnabled= false topActivityEligibleForUserAspectRatioButton= false topActivityBoundsLetterboxed= false isFromLetterboxDoubleTap= false topActivityLetterboxVerticalPosition= -1 topActivityLetterboxHorizontalPosition= -1 topActivityLetterboxWidth=-1 topActivityLetterboxHeight=-1 isUserFullscreenOverrideEnabled=false isTopActivityTransparent=false locusId=null displayAreaFeatureId=1 cameraCompatControlState=hidden}, remoteTransition = null, displayChange = null, flags = 0 }
05-23 16:48:19.586 732 753 V WindowManager: startWCT=WindowContainerTransaction { changes = {} hops = [] errorCallbackToken=null taskFragmentOrganizer=null }
05-23 16:48:19.586 732 753 V WindowManager: info={id=15 t=CLOSE f=0x0 trk=0 r=[0@Point(0, 0)] c=[{WCT{RemoteToken{721eb40 Task{68ecb0e #230 type=standard A=1000:com.dangbei.haqusetting}}} m=CLOSE f=TRANSLUCENT leash=Surface(name=Task=230)/@0xf88837d sb=Rect(0, 0 - 1920, 1080) eb=Rect(0, 0 - 1920, 1080) d=0}]}
05-23 16:48:19.591 732 815 D CompatibilityChangeReporter: Compat change id reported: 265195908; UID 10044; state: ENABLED
05-23 16:48:19.600 732 765 W ActivityManager: Slow operation: 58ms so far, now at startProcess: returned from zygote!
05-23 16:48:19.600 732 765 W ActivityManager: Slow operation: 58ms so far, now at startProcess: done updating battery stats
05-23 16:48:19.600 732 765 W ActivityManager: Slow operation: 58ms so far, now at startProcess: building log message
05-23 16:48:19.601 732 765 I ActivityManager: Start proc 8011:com.dangbei.lerad.screensaver/u0a44 for service {com.dangbei.lerad.screensaver/com.dangbei.lerad.screensaver.service.ScreenSaverService}
05-23 16:48:19.601 732 765 W ActivityManager: Slow operation: 58ms so far, now at startProcess: starting to update pids map
05-23 16:48:19.601 732 765 W ActivityManager: Slow operation: 59ms so far, now at startProcess: done updating pids map
05-23 16:48:19.665 732 754 W ContextImpl: Calling a method in the system process without a qualified user: android.app.ContextImpl.startService:1899 com.android.server.wm.DisplayPolicy.lambda$focusChangedLw$5:2126 com.android.server.wm.DisplayPolicy.$r8$lambda$Znxk63oh-WzVnzo_WQefN7uxV48:0 com.android.server.wm.DisplayPolicy$$ExternalSyntheticLambda13.run:0 android.os.Handler.handleCallback:958
05-23 16:48:19.673 957 1021 D WindowManagerShell: TvPipController: onTaskStackChanged()
05-23 16:48:19.711 732 975 D CompatibilityChangeReporter: Compat change id reported: 170503758; UID 10044; state: ENABLED
05-23 16:48:19.756 732 975 D CoreBackPreview: Window{57d2de6 u0 com.dangbei.haqusetting/com.dangbei.haqusetting.ui.HomeActivity EXITING}: Setting back callback null
05-23 16:48:19.827 732 745 D CompatibilityChangeReporter: Compat change id reported: 161145287; UID 10044; state: ENABLED
05-23 16:48:19.937 732 753 W ActivityTaskManager: callingPackage for (uid=1000, pid=0) has no WPC
05-23 16:48:19.938 732 753 D CompatibilityChangeReporter: Compat change id reported: 265464455; UID 10044; state: DISABLED
05-23 16:48:19.939 732 753 D CompatibilityChangeReporter: Compat change id reported: 265452344; UID 10044; state: DISABLED
05-23 16:48:19.939 732 753 D CompatibilityChangeReporter: Compat change id reported: 266124927; UID 10044; state: DISABLED
05-23 16:48:19.939 732 753 D CompatibilityChangeReporter: Compat change id reported: 265451093; UID 10044; state: DISABLED
05-23 16:48:19.939 732 753 D CompatibilityChangeReporter: Compat change id reported: 265456536; UID 10044; state: DISABLED
05-23 16:48:19.940 732 753 D CompatibilityChangeReporter: Compat change id reported: 255940284; UID 10044; state: DISABLED
05-23 16:48:19.940 732 753 D CompatibilityChangeReporter: Compat change id reported: 236283604; UID 10044; state: DISABLED
05-23 16:48:19.940 732 753 D CompatibilityChangeReporter: Compat change id reported: 263959004; UID 10044; state: DISABLED
05-23 16:48:19.940 732 753 D CompatibilityChangeReporter: Compat change id reported: 264304459; UID 10044; state: DISABLED
05-23 16:48:19.940 732 753 D CompatibilityChangeReporter: Compat change id reported: 264301586; UID 10044; state: DISABLED
05-23 16:48:19.940 732 753 D CompatibilityChangeReporter: Compat change id reported: 254631730; UID 10044; state: DISABLED
05-23 16:48:19.940 732 753 D CompatibilityChangeReporter: Compat change id reported: 273509367; UID 10044; state: DISABLED
05-23 16:48:19.941 732 753 D CompatibilityChangeReporter: Compat change id reported: 263259275; UID 10044; state: DISABLED
05-23 16:48:19.941 732 753 D CompatibilityChangeReporter: Compat change id reported: 174042980; UID 10044; state: DISABLED
05-23 16:48:19.941 732 753 D CompatibilityChangeReporter: Compat change id reported: 174042936; UID 10044; state: DISABLED
05-23 16:48:19.941 732 753 D CompatibilityChangeReporter: Compat change id reported: 181136395; UID 10044; state: DISABLED
05-23 16:48:19.945 732 753 D CompatibilityChangeReporter: Compat change id reported: 184838306; UID 10044; state: DISABLED
05-23 16:48:19.945 732 753 D CompatibilityChangeReporter: Compat change id reported: 185004937; UID 10044; state: DISABLED
05-23 16:48:19.945 732 753 D CompatibilityChangeReporter: Compat change id reported: 194480991; UID 10044; state: ENABLED
05-23 16:48:19.963 732 753 D CompatibilityChangeReporter: Compat change id reported: 197654537; UID 10044; state: ENABLED
05-23 16:48:19.965 732 753 V SplashScreenExceptionList: SplashScreen checking exception for package com.dangbei.lerad.screensaver (target sdk:34) -> false
05-23 16:48:19.966 732 753 D CompatibilityChangeReporter: Compat change id reported: 205907456; UID 10044; state: ENABLED
05-23 16:48:19.971 957 1021 V WindowManagerShell: Transition requested: android.os.BinderProxy@df61007 TransitionRequestInfo { type = 1, triggerTask = TaskInfo{userId=0 taskId=232 displayId=0 isRunning=true baseIntent=Intent { flg=0x10840000 pkg=com.dangbei.lerad.screensaver cmp=com.dangbei.lerad.screensaver/android.service.dreams.DreamActivity } baseActivity=ComponentInfo{com.dangbei.lerad.screensaver/android.service.dreams.DreamActivity} topActivity=ComponentInfo{com.dangbei.lerad.screensaver/android.service.dreams.DreamActivity} origActivity=null realActivity=ComponentInfo{com.dangbei.lerad.screensaver/android.service.dreams.DreamActivity} numActivities=1 lastActiveTime=2196724 supportsMultiWindow=true resizeMode=0 isResizeable=false minWidth=-1 minHeight=-1 defaultMinSize=220 token=WCT{android.window.IWindowContainerToken$Stub$Proxy@7112534} topActivityType=5 pictureInPictureParams=null shouldDockBigOverlays=true launchIntoPipHostTaskId=-1 lastParentTaskIdBeforePip=-1 displayCutoutSafeInsets=null topActivityInfo=ActivityInfo{5dadf5d android.service.dreams.DreamActivity} launchCookies=[] positionInParent=Point(0, 0) parentTaskId=-1 isFocused=false isVisible=false isVisibleRequested=false isSleeping=false topActivityInSizeCompat=false topActivityEligibleForLetterboxEducation= false isLetterboxDoubleTapEnabled= false topActivityEligibleForUserAspectRatioButton= false topActivityBoundsLetterboxed= false isFromLetterboxDoubleTap= false topActivityLetterboxVerticalPosition= -1 topActivityLetterboxHorizontalPosition= -1 topActivityLetterboxWidth=-1 topActivityLetterboxHeight=-1 isUserFullscreenOverrideEnabled=false isTopActivityTransparent=false locusId=null displayAreaFeatureId=1 cameraCompatControlState=hidden}, remoteTransition = null, displayChange = null, flags = 0 }
05-23 16:48:19.972 732 753 I ActivityTaskManager: START u0 {flg=0x10040000 pkg=com.dangbei.lerad.screensaver cmp=com.dangbei.lerad.screensaver/android.service.dreams.DreamActivity (has extras)} with LAUNCH_SINGLE_INSTANCE from uid 10044 (realCallingUid=1000) (BAL_ALLOW_PENDING_INTENT) result code=0
05-23 16:48:19.977 732 975 V WindowManager: app ------------- force_land :0
05-23 16:48:19.978 732 975 V WindowManager: app ------------- force_land :0
05-23 16:48:19.978 732 975 V WindowManager: app ------------- force_land :0
05-23 16:48:19.997 957 1021 V WindowManagerShell: Transition animation finished (aborted=false), notifying core (#15)android.os.BinderProxy@6299ee9@0
05-23 16:48:20.002 732 753 V WindowManager: Finish Transition #15: created at
05-23 16:48:19.552 collect-started=0.101ms request-sent=0.305ms started=6.162ms ready=15.652ms sent=21.997ms finished=446.744ms
05-23 16:48:20.007 957 1021 V WindowManagerShell: Track 0 became idle
05-23 16:48:20.057 732 3324 W WindowManager: Failed looking up window session=Session{d9b0974 8011:u0a10044} callers=com.android.server.wm.WindowManagerService.windowForClientLocked:6075 com.android.server.wm.Session.updateRequestedVisibleTypes:695 android.view.IWindowSession$Stub.onTransact:1034
05-23 16:48:20.057 732 745 W WindowManager: [addWindow] title:com.dangbei.lerad.screensaver/android.service.dreams.DreamActivity
05-23 16:48:20.070 732 745 D CoreBackPreview: Window{81948e0 u0 com.dangbei.lerad.screensaver/android.service.dreams.DreamActivity}: Setting back callback OnBackInvokedCallbackInfo{mCallback=android.window.IOnBackInvokedCallback$Stub$Proxy@7c92e3f, mPriority=0, mIsAnimationCallback=false}
05-23 16:48:20.083 957 1021 D WindowManagerShell: TvPipController: onTaskStackChanged()
05-23 16:48:20.170 732 781 V DisplayPowerController2[0]: Brightness [0.39763778] reason changing to: 'manual', previous reason: 'manual [ dim ]'.
05-23 16:48:20.170 732 781 I DisplayPowerController2[0]: BrightnessEvent: disp=0, physDisp=local:4625716335649126413, brt=0.39763778, initBrt=0.05, rcmdBrt=NaN, preBrt=NaN, lux=0.0, preLux=0.0, hbmMax=1.0, hbmMode=off, rbcStrength=0, thrmMax=1.0, powerFactor=1.0, wasShortTermModelActive=false, flags=, reason=manual, autoBrightness=false, strategy=InvalidBrightnessStrategy
05-23 16:48:20.175 732 754 W ContextImpl: Calling a method in the system process without a qualified user: android.app.ContextImpl.startService:1899 com.android.server.wm.DisplayPolicy.lambda$focusChangedLw$5:2126 com.android.server.wm.DisplayPolicy.$r8$lambda$Znxk63oh-WzVnzo_WQefN7uxV48:0 com.android.server.wm.DisplayPolicy$$ExternalSyntheticLambda13.run:0 android.os.Handler.handleCallback:958
05-23 16:48:20.176 957 1021 V WindowManagerShell: onTransitionReady android.os.BinderProxy@df61007: {id=16 t=OPEN f=0x0 trk=1 r=[0@Point(0, 0)] c=[{WCT{android.window.IWindowContainerToken$Stub$Proxy@eb1459} m=TO_FRONT f=NONE leash=Surface(name=Task=231)/@0xd2da0d2 sb=Rect(0, 0 - 1920, 1080) eb=Rect(0, 0 - 1920, 1080) d=0},{WCT{android.window.IWindowContainerToken$Stub$Proxy@a20f81e} m=TO_BACK f=NONE leash=Surface(name=Task=1)/@0x7d9a5a3 sb=Rect(0, 0 - 1920, 1080) eb=Rect(0, 0 - 1920, 1080) d=0}]}
05-23 16:48:20.176 957 1021 V WindowManagerShell: Playing animation for (#16)android.os.BinderProxy@df61007@1
05-23 16:48:20.176 957 1021 V WindowManagerShell: try handler com.android.wm.shell.keyguard.KeyguardTransitionHandler@9798e39
05-23 16:48:20.176 957 1021 V WindowManagerShell: try handler com.android.wm.shell.pip.tv.TvPipTransition@b2d1c7e
05-23 16:48:20.176 957 1021 V WindowManagerShell: try handler com.android.wm.shell.activityembedding.ActivityEmbeddingController@857b5df
05-23 16:48:20.176 957 1021 V WindowManagerShell: try handler com.android.wm.shell.transition.RemoteTransitionHandler@3c922c
05-23 16:48:20.177 957 1021 V WindowManagerShell: Transition doesn't have explicit remote, search filters for match for {id=16 t=OPEN f=0x0 trk=1 r=[0@Point(0, 0)] c=[{WCT{android.window.IWindowContainerToken$Stub$Proxy@eb1459} m=TO_FRONT f=NONE leash=Surface(name=Task=231)/@0xd2da0d2 sb=Rect(0, 0 - 1920, 1080) eb=Rect(0, 0 - 1920, 1080) d=0},{WCT{android.window.IWindowContainerToken$Stub$Proxy@a20f81e} m=TO_BACK f=NONE leash=Surface(name=Task=1)/@0x7d9a5a3 sb=Rect(0, 0 - 1920, 1080) eb=Rect(0, 0 - 1920, 1080) d=0}]}
05-23 16:48:20.177 957 1021 V WindowManagerShell: Delegate animation for #16 to null
05-23 16:48:20.177 957 1021 V WindowManagerShell: try handler com.android.wm.shell.transition.DefaultTransitionHandler@85bd4f5
05-23 16:48:20.177 957 1021 V WindowManagerShell: start default transition animation, info = {id=16 t=OPEN f=0x0 trk=1 r=[0@Point(0, 0)] c=[{WCT{android.window.IWindowContainerToken$Stub$Proxy@eb1459} m=TO_FRONT f=NONE leash=Surface(name=Task=231)/@0xd2da0d2 sb=Rect(0, 0 - 1920, 1080) eb=Rect(0, 0 - 1920, 1080) d=0},{WCT{android.window.IWindowContainerToken$Stub$Proxy@a20f81e} m=TO_BACK f=NONE leash=Surface(name=Task=1)/@0x7d9a5a3 sb=Rect(0, 0 - 1920, 1080) eb=Rect(0, 0 - 1920, 1080) d=0}]}
05-23 16:48:20.178 957 1021 V WindowManagerShell: loadAnimation: anim=null animAttr=0x1d type=OPEN isEntrance=false
05-23 16:48:20.178 957 1021 V WindowManagerShell: loadAnimation: anim=null animAttr=0x1c type=OPEN isEntrance=true
05-23 16:48:20.179 957 1021 V WindowManagerShell: Transition animation finished (aborted=false), notifying core (#16)android.os.BinderProxy@df61007@1
05-23 16:48:20.180 732 753 V WindowManager: Sent Transition #16 createdAt=05-23 16:48:19.948 via request=TransitionRequestInfo { type = 1, triggerTask = TaskInfo{userId=0 taskId=232 displayId=0 isRunning=true baseIntent=Intent { flg=0x10840000 pkg=com.dangbei.lerad.screensaver cmp=com.dangbei.lerad.screensaver/android.service.dreams.DreamActivity } baseActivity=ComponentInfo{com.dangbei.lerad.screensaver/android.service.dreams.DreamActivity} topActivity=ComponentInfo{com.dangbei.lerad.screensaver/android.service.dreams.DreamActivity} origActivity=null realActivity=ComponentInfo{com.dangbei.lerad.screensaver/android.service.dreams.DreamActivity} numActivities=1 lastActiveTime=2196724 supportsMultiWindow=true resizeMode=0 isResizeable=false minWidth=-1 minHeight=-1 defaultMinSize=220 token=WCT{RemoteToken{ea880d1 Task{28595d6 #232 type=dream A=10044:android:com.dangbei.lerad.screensaver/dream}}} topActivityType=5 pictureInPictureParams=null shouldDockBigOverlays=true launchIntoPipHostTaskId=-1 lastParentTaskIdBeforePip=-1 displayCutoutSafeInsets=null topActivityInfo=ActivityInfo{7a4b736 android.service.dreams.DreamActivity} launchCookies=[] positionInParent=Point(0, 0) parentTaskId=-1 isFocused=false isVisible=false isVisibleRequested=false isSleeping=false topActivityInSizeCompat=false topActivityEligibleForLetterboxEducation= false isLetterboxDoubleTapEnabled= false topActivityEligibleForUserAspectRatioButton= false topActivityBoundsLetterboxed= false isFromLetterboxDoubleTap= false topActivityLetterboxVerticalPosition= -1 topActivityLetterboxHorizontalPosition= -1 topActivityLetterboxWidth=-1 topActivityLetterboxHeight=-1 isUserFullscreenOverrideEnabled=false isTopActivityTransparent=false locusId=null displayAreaFeatureId=1 cameraCompatControlState=hidden}, remoteTransition = null, displayChange = null, flags = 0 }
05-23 16:48:20.180 732 753 V WindowManager: startWCT=WindowContainerTransaction { changes = {} hops = [] errorCallbackToken=null taskFragmentOrganizer=null }
05-23 16:48:20.180 732 753 V WindowManager: info={id=16 t=OPEN f=0x0 trk=1 r=[0@Point(0, 0)] c=[{WCT{RemoteToken{ab8a637 Task{75d35f1 #231 type=dream}}} m=TO_FRONT f=NONE leash=Surface(name=Task=231)/@0xafb1e6a sb=Rect(0, 0 - 1920, 1080) eb=Rect(0, 0 - 1920, 1080) d=0},{WCT{RemoteToken{de3cd5e Task{75a3c30 #1 type=home}}} m=TO_BACK f=NONE leash=Surface(name=Task=1)/@0xeda3590 sb=Rect(0, 0 - 1920, 1080) eb=Rect(0, 0 - 1920, 1080) d=0}]}
05-23 16:48:20.188 732 753 V WindowManager: Finish Transition #16: created at
05-23 16:48:19.948 collect-started=0.081ms request-sent=20.999ms started=25.794ms ready=33.226ms sent=213.695ms finished=239.085ms
05-23 16:48:20.191 957 1021 V WindowManagerShell: Track 1 became idle
05-23 16:48:20.191 957 1021 V WindowManagerShell: All active transition animations finished
05-23 16:48:20.191 957 1021 V WindowManagerShell: animated by com.android.wm.shell.transition.DefaultTransitionHandler@85bd4f5
05-23 16:48:20.191 957 1021 V WindowManagerShell: Track 1 became idle
05-23 16:48:20.192 957 1021 V WindowManagerShell: All active transition animations finished
05-23 16:48:20.196 732 1018 D CompatibilityChangeReporter: Compat change id reported: 214016041; UID 10044; state: ENABLED
05-23 16:48:23.013 732 1439 E TaskPersister: File error accessing recents directory (directory doesn't exist?).
05-23 16:48:25.747 1440 1654 W ContextImpl: Calling a method in the system process without a qualified user: android.app.ContextImpl.sendBroadcast:1220 android.content.ContextWrapper.sendBroadcast:504 com.dangbei.etna.setting.core.SettingHelper.sendCycleToProjector:247 com.dangbei.etna.setting.core.SettingHelper.sendCycleCheckBroadcast:216 com.dangbei.etna.setting.core.SettingHelper.startLoop$lambda-0:174
05-23 16:48:25.749 1440 1654 W ContextImpl: Calling a method in the system process without a qualified user: android.app.ContextImpl.sendBroadcast:1220 android.content.ContextWrapper.sendBroadcast:504 com.dangbei.etna.setting.core.SettingHelper.sendCycleToVoice:232 com.dangbei.etna.setting.core.SettingHelper.sendCycleCheckBroadcast:217 com.dangbei.etna.setting.core.SettingHelper.startLoop$lambda-0:174
05-23 16:48:26.878 732 732 D HDMI : [R]: 04:8F
05-23 16:48:26.879 732 910 D HDMI : [S]: 40:90:00
05-23 16:48:57.372 732 732 V HotPlugDetectionAction: Poll all devices.
05-23 16:48:57.763 732 732 D HdmiCecController: [P]:AllocatedAddress=[0]
05-23 16:49:26.886 732 732 D HDMI : [R]: 04:8F
05-23 16:49:26.887 732 910 D HDMI : [S]: 40:90:00
05-23 16:49:57.373 732 732 V HotPlugDetectionAction: Poll all devices.
05-23 16:49:57.767 732 732 D HdmiCecController: [P]:AllocatedAddress=[0]
05-23 16:50:26.883 732 732 D HDMI : [R]: 04:8F
05-23 16:50:26.885 732 910 D HDMI : [S]: 40:90:00
05-23 16:50:57.374 732 732 V HotPlugDetectionAction: Poll all devices.
05-23 16:50:57.775 732 732 D HdmiCecController: [P]:AllocatedAddress=[0]
05-23 16:51:25.855 1440 1654 W ContextImpl: Calling a method in the system process without a qualified user: android.app.ContextImpl.sendBroadcast:1220 android.content.ContextWrapper.sendBroadcast:504 com.dangbei.etna.setting.core.SettingHelper.sendCycleToProjector:247 com.dangbei.etna.setting.core.SettingHelper.sendCycleCheckBroadcast:216 com.dangbei.etna.setting.core.SettingHelper.startLoop$lambda-0:174
05-23 16:51:25.861 1440 1654 W ContextImpl: Calling a method in the system process without a qualified user: android.app.ContextImpl.sendBroadcast:1220 android.content.ContextWrapper.sendBroadcast:504 com.dangbei.etna.setting.core.SettingHelper.sendCycleToVoice:232 com.dangbei.etna.setting.core.SettingHelper.sendCycleCheckBroadcast:217 com.dangbei.etna.setting.core.SettingHelper.startLoop$lambda-0:174
05-23 16:51:26.885 732 732 D HDMI : [R]: 04:8F
05-23 16:51:26.886 732 910 D HDMI : [S]: 40:90:00
05-23 16:51:57.374 732 732 V HotPlugDetectionAction: Poll all devices.
05-23 16:51:57.767 732 732 D HdmiCecController: [P]:AllocatedAddress=[0]
05-23 16:52:15.409 732 763 I UsageStatsService: User[0] Flushing usage stats to disk
05-23 16:52:26.891 732 732 D HDMI : [R]: 04:8F
05-23 16:52:26.894 732 910 D HDMI : [S]: 40:90:00
05-23 16:52:57.375 732 732 V HotPlugDetectionAction: Poll all devices.
05-23 16:52:57.767 732 732 D HdmiCecController: [P]:AllocatedAddress=[0]
05-23 16:53:26.891 732 732 D HDMI : [R]: 04:8F
05-23 16:53:26.892 732 910 D HDMI : [S]: 40:90:00
05-23 16:53:57.376 732 732 V HotPlugDetectionAction: Poll all devices.
05-23 16:53:57.771 732 732 D HdmiCecController: [P]:AllocatedAddress=[0]
05-23 16:54:25.963 1440 1654 W ContextImpl: Calling a method in the system process without a qualified user: android.app.ContextImpl.sendBroadcast:1220 android.content.ContextWrapper.sendBroadcast:504 com.dangbei.etna.setting.core.SettingHelper.sendCycleToProjector:247 com.dangbei.etna.setting.core.SettingHelper.sendCycleCheckBroadcast:216 com.dangbei.etna.setting.core.SettingHelper.startLoop$lambda-0:174
05-23 16:54:25.964 1440 1654 W ContextImpl: Calling a method in the system process without a qualified user: android.app.ContextImpl.sendBroadcast:1220 android.content.ContextWrapper.sendBroadcast:504 com.dangbei.etna.setting.core.SettingHelper.sendCycleToVoice:232 com.dangbei.etna.setting.core.SettingHelper.sendCycleCheckBroadcast:217 com.dangbei.etna.setting.core.SettingHelper.startLoop$lambda-0:174
05-23 16:54:26.897 732 732 D HDMI : [R]: 04:8F
05-23 16:54:26.898 732 910 D HDMI : [S]: 40:90:00
05-23 16:54:57.231 732 815 W ProcessStats: Tracking association SourceState{1ebb351 com.ktcp.video:daemon/10077 Fgs #960} whose proc state 3 is better than process ProcessState{3283533 com.ktcp.video/10077 pkg=com.ktcp.video} proc state 10 (5 skipped)
05-23 16:54:57.248 732 6258 W JobScheduler: Job didn't exist in JobStore: dc1f7eb #u0a77/1 com.ktcp.video/com.tencent.qqlivetv.keeplive.schedulerjob.DaemonJobService
05-23 16:54:57.377 732 732 V HotPlugDetectionAction: Poll all devices.
05-23 16:54:57.775 732 732 D HdmiCecController: [P]:AllocatedAddress=[0]
05-23 16:54:58.700 957 1021 V WindowManagerShell: Transition requested: android.os.BinderProxy@472f585 TransitionRequestInfo { type = 3, triggerTask = null, remoteTransition = null, displayChange = null, flags = 0 }
05-23 16:54:58.708 732 745 I DreamManagerService: Gently waking up from dream.
05-23 16:54:58.718 732 1018 V WindowManager: app ------------- force_land :0
05-23 16:54:58.750 8011 8011 D VRI[DreamActivity]: updatePointerIcon called with position out of bounds
05-23 16:54:58.820 957 1021 D WindowManagerShell: TvPipController: onTaskStackChanged()
05-23 16:54:58.833 957 1021 V WindowManagerShell: onTransitionReady android.os.BinderProxy@472f585: {id=17 t=TO_FRONT f=0x0 trk=0 r=[0@Point(0, 0)] c=[{WCT{android.window.IWindowContainerToken$Stub$Proxy@f26501} m=TO_BACK f=TRANSLUCENT leash=Surface(name=Task=231)/@0x59f3fda sb=Rect(0, 0 - 1920, 1080) eb=Rect(0, 0 - 1920, 1080) d=0},{WCT{android.window.IWindowContainerToken$Stub$Proxy@1c17fa6} m=TO_FRONT f=NONE leash=Surface(name=Task=1)/@0x6decc0b sb=Rect(0, 0 - 1920, 1080) eb=Rect(0, 0 - 1920, 1080) d=0}]}
05-23 16:54:58.833 957 1021 V WindowManagerShell: Playing animation for (#17)android.os.BinderProxy@472f585@0
05-23 16:54:58.834 957 1021 V WindowManagerShell: try handler com.android.wm.shell.keyguard.KeyguardTransitionHandler@9798e39
05-23 16:54:58.834 957 1021 V WindowManagerShell: try handler com.android.wm.shell.pip.tv.TvPipTransition@b2d1c7e
05-23 16:54:58.834 957 1021 V WindowManagerShell: try handler com.android.wm.shell.activityembedding.ActivityEmbeddingController@857b5df
05-23 16:54:58.834 957 1021 V WindowManagerShell: try handler com.android.wm.shell.transition.RemoteTransitionHandler@3c922c
05-23 16:54:58.837 732 781 I PowerGroup: Waking up power group from Dreaming (groupId=0, uid=1000, reason=WAKE_REASON_DREAM_FINISHED, details=android.server.power:DREAM_FINISHED)...
05-23 16:54:58.837 957 1021 V WindowManagerShell: Transition doesn't have explicit remote, search filters for match for {id=17 t=TO_FRONT f=0x0 trk=0 r=[0@Point(0, 0)] c=[{WCT{android.window.IWindowContainerToken$Stub$Proxy@f26501} m=TO_BACK f=TRANSLUCENT leash=Surface(name=Task=231)/@0x59f3fda sb=Rect(0, 0 - 1920, 1080) eb=Rect(0, 0 - 1920, 1080) d=0},{WCT{android.window.IWindowContainerToken$Stub$Proxy@1c17fa6} m=TO_FRONT f=NONE leash=Surface(name=Task=1)/@0x6decc0b sb=Rect(0, 0 - 1920, 1080) eb=Rect(0, 0 - 1920, 1080) d=0}]}
05-23 16:54:58.837 957 1021 V WindowManagerShell: Delegate animation for #17 to null
05-23 16:54:58.837 957 1021 V WindowManagerShell: try handler com.android.wm.shell.transition.DefaultTransitionHandler@85bd4f5
05-23 16:54:58.838 732 781 I PowerManagerService: Waking up from Dreaming (uid=1000, reason=WAKE_REASON_DREAM_FINISHED, details=android.server.power:DREAM_FINISHED)...
