05-23 16:54:58.838 957 1021 V WindowManagerShell: start default transition animation, info = {id=17 t=TO_FRONT f=0x0 trk=0 r=[0@Point(0, 0)] c=[{WCT{android.window.IWindowContainerToken$Stub$Proxy@f26501} m=TO_BACK f=TRANSLUCENT leash=Surface(name=Task=231)/@0x59f3fda sb=Rect(0, 0 - 1920, 1080) eb=Rect(0, 0 - 1920, 1080) d=0},{WCT{android.window.IWindowContainerToken$Stub$Proxy@1c17fa6} m=TO_FRONT f=NONE leash=Surface(name=Task=1)/@0x6decc0b sb=Rect(0, 0 - 1920, 1080) eb=Rect(0, 0 - 1920, 1080) d=0}]}
05-23 16:54:58.838 957 1021 V WindowManagerShell: loadAnimation: anim=null animAttr=0x0 type=TO_FRONT isEntrance=true
05-23 16:54:58.838 957 1021 V WindowManagerShell: loadAnimation: anim=null animAttr=0x0 type=TO_FRONT isEntrance=false
05-23 16:54:58.839 957 1021 V WindowManagerShell: Transition animation finished (aborted=false), notifying core (#17)android.os.BinderProxy@472f585@0
05-23 16:54:58.842 732 732 E ActivityManager: Cancel pending or running compactions as system is awake
05-23 16:54:58.845 732 753 V WindowManager: Sent Transition #17 createdAt=05-23 16:54:58.692 via request=TransitionRequestInfo { type = 3, triggerTask = null, remoteTransition = null, displayChange = null, flags = 0 }
05-23 16:54:58.845 732 753 V WindowManager: startWCT=WindowContainerTransaction { changes = {} hops = [] errorCallbackToken=null taskFragmentOrganizer=null }
05-23 16:54:58.846 732 753 V WindowManager: info={id=17 t=TO_FRONT f=0x0 trk=0 r=[0@Point(0, 0)] c=[{WCT{RemoteToken{ab8a637 Task{75d35f1 #231 type=dream}}} m=TO_BACK f=TRANSLUCENT leash=Surface(name=Task=231)/@0xafb1e6a sb=Rect(0, 0 - 1920, 1080) eb=Rect(0, 0 - 1920, 1080) d=0},{WCT{RemoteToken{de3cd5e Task{75a3c30 #1 type=home}}} m=TO_FRONT f=NONE leash=Surface(name=Task=1)/@0xeda3590 sb=Rect(0, 0 - 1920, 1080) eb=Rect(0, 0 - 1920, 1080) d=0}]}
05-23 16:54:58.851 732 754 W ContextImpl: Calling a method in the system process without a qualified user: android.app.ContextImpl.startService:1899 com.android.server.wm.DisplayPolicy.lambda$focusChangedLw$5:2126 com.android.server.wm.DisplayPolicy.$r8$lambda$Znxk63oh-WzVnzo_WQefN7uxV48:0 com.android.server.wm.DisplayPolicy$$ExternalSyntheticLambda13.run:0 android.os.Handler.handleCallback:958
05-23 16:54:58.852 957 1021 V WindowManagerShell: Track 0 became idle
05-23 16:54:58.852 957 1021 V WindowManagerShell: All active transition animations finished
05-23 16:54:58.852 957 1021 V WindowManagerShell: animated by com.android.wm.shell.transition.DefaultTransitionHandler@85bd4f5
05-23 16:54:58.852 957 1021 V WindowManagerShell: Track 0 became idle
05-23 16:54:58.852 957 1021 V WindowManagerShell: All active transition animations finished
05-23 16:54:58.875 732 753 V WindowManager: Finish Transition #17: created at
05-23 16:54:58.692 collect-started=0.143ms request-sent=4.126ms started=15.854ms ready=26.781ms sent=138.087ms finished=153.685ms
05-23 16:54:58.886 732 745 I DreamManagerService: Leaving dreamland.
05-23 16:54:58.887 732 753 I DreamController: Stopping dream: name=ComponentInfo{com.dangbei.lerad.screensaver/com.dangbei.lerad.screensaver.service.ScreenSaverService}, isPreviewMode=false, canDoze=false, userId=0, reason='finished self'(from 'finished self')
05-23 16:54:58.896 732 956 D CoreBackPreview: Window{81948e0 u0 com.dangbei.lerad.screensaver/android.service.dreams.DreamActivity}: Setting back callback null
05-23 16:54:59.032 732 745 I ActivityManager: Process com.dangbei.lerad.screensaver (pid 8011) has died: fg SVC
05-23 16:54:59.036 732 754 D DisplayManagerService: Drop pending events for gone uid 10044
05-23 16:54:59.039 732 756 W ActivityManager: setHasOverlayUi called on unknown pid: 8011
05-23 16:55:18.145 732 754 D AutofillManagerService: onBackKeyPressed()
05-23 16:55:26.897 732 732 D HDMI : [R]: 04:8F
05-23 16:55:26.898 732 910 D HDMI : [S]: 40:90:00
05-23 16:55:56.414 732 745 D CompatibilityChangeReporter: Compat change id reported: 265464455; UID 1000; state: DISABLED
05-23 16:55:56.415 732 745 D CompatibilityChangeReporter: Compat change id reported: 265452344; UID 1000; state: DISABLED
05-23 16:55:56.415 732 745 D CompatibilityChangeReporter: Compat change id reported: 266124927; UID 1000; state: DISABLED
05-23 16:55:56.415 732 745 D CompatibilityChangeReporter: Compat change id reported: 265451093; UID 1000; state: DISABLED
05-23 16:55:56.416 732 745 D CompatibilityChangeReporter: Compat change id reported: 265456536; UID 1000; state: DISABLED
05-23 16:55:56.416 732 745 D CompatibilityChangeReporter: Compat change id reported: 255940284; UID 1000; state: DISABLED
05-23 16:55:56.416 732 745 D CompatibilityChangeReporter: Compat change id reported: 236283604; UID 1000; state: DISABLED
05-23 16:55:56.417 732 745 D CompatibilityChangeReporter: Compat change id reported: 263959004; UID 1000; state: DISABLED
05-23 16:55:56.417 732 745 D CompatibilityChangeReporter: Compat change id reported: 264304459; UID 1000; state: DISABLED
05-23 16:55:56.417 732 745 D CompatibilityChangeReporter: Compat change id reported: 264301586; UID 1000; state: DISABLED
05-23 16:55:56.418 732 745 D CompatibilityChangeReporter: Compat change id reported: 254631730; UID 1000; state: DISABLED
05-23 16:55:56.418 732 745 D CompatibilityChangeReporter: Compat change id reported: 273509367; UID 1000; state: DISABLED
05-23 16:55:56.418 732 745 D CompatibilityChangeReporter: Compat change id reported: 263259275; UID 1000; state: DISABLED
05-23 16:55:56.419 732 745 D CompatibilityChangeReporter: Compat change id reported: 174042980; UID 1000; state: DISABLED
05-23 16:55:56.419 732 745 D CompatibilityChangeReporter: Compat change id reported: 174042936; UID 1000; state: DISABLED
05-23 16:55:56.419 732 745 D CompatibilityChangeReporter: Compat change id reported: 181136395; UID 1000; state: DISABLED
05-23 16:55:56.424 732 745 D CompatibilityChangeReporter: Compat change id reported: 194480991; UID 1000; state: ENABLED
05-23 16:55:56.433 732 745 V SplashScreenExceptionList: SplashScreen checking exception for package com.dangbei.haqusetting (target sdk:31) -> false
05-23 16:55:56.434 732 745 D CompatibilityChangeReporter: Compat change id reported: 205907456; UID 1000; state: DISABLED
05-23 16:55:56.438 732 745 I ActivityTaskManager: START u0 {dat=haqu://setting:8080/... flg=0x10000000 pkg=com.dangbei.haqusetting cmp=com.dangbei.haqusetting/.ui.HomeActivity} with LAUNCH_MULTIPLE from uid 1000 (BAL_ALLOW_ALLOWLISTED_UID) result code=0
05-23 16:55:56.439 957 1021 V WindowManagerShell: Transition requested: android.os.BinderProxy@60f4d94 TransitionRequestInfo { type = 1, triggerTask = TaskInfo{userId=0 taskId=233 displayId=0 isRunning=true baseIntent=Intent { dat=haqu://setting:8080/... flg=0x10000000 pkg=com.dangbei.haqusetting cmp=com.dangbei.haqusetting/.ui.HomeActivity } baseActivity=ComponentInfo{com.dangbei.haqusetting/com.dangbei.haqusetting.ui.HomeActivity} topActivity=ComponentInfo{com.dangbei.haqusetting/com.dangbei.haqusetting.ui.HomeActivity} origActivity=null realActivity=ComponentInfo{com.dangbei.haqusetting/com.dangbei.haqusetting.ui.HomeActivity} numActivities=1 lastActiveTime=2653192 supportsMultiWindow=true resizeMode=1 isResizeable=true minWidth=-1 minHeight=-1 defaultMinSize=220 token=WCT{android.window.IWindowContainerToken$Stub$Proxy@29f503d} topActivityType=1 pictureInPictureParams=null shouldDockBigOverlays=true launchIntoPipHostTaskId=-1 lastParentTaskIdBeforePip=-1 displayCutoutSafeInsets=null topActivityInfo=ActivityInfo{475f032 com.dangbei.haqusetting.ui.HomeActivity} launchCookies=[] positionInParent=Point(0, 0) parentTaskId=-1 isFocused=false isVisible=false isVisibleRequested=false isSleeping=false topActivityInSizeCompat=false topActivityEligibleForLetterboxEducation= false isLetterboxDoubleTapEnabled= false topActivityEligibleForUserAspectRatioButton= false topActivityBoundsLetterboxed= false isFromLetterboxDoubleTap= false topActivityLetterboxVerticalPosition= -1 topActivityLetterboxHorizontalPosition= -1 topActivityLetterboxWidth=-1 topActivityLetterboxHeight=-1 isUserFullscreenOverrideEnabled=false isTopActivityTransparent=true locusId=null displayAreaFeatureId=1 cameraCompatControlState=hidden}, remoteTransition = null, displayChange = null, flags = 0 }
05-23 16:55:56.444 732 958 V WindowManager: app ------------- force_land :0
05-23 16:55:56.473 732 745 W WindowManager: [addWindow] title:com.dangbei.haqusetting/com.dangbei.haqusetting.ui.HomeActivity
05-23 16:55:56.474 732 745 D CompatibilityChangeReporter: Compat change id reported: 168419799; UID 1000; state: DISABLED
05-23 16:55:56.474 732 745 D CompatibilityChangeReporter: Compat change id reported: 273564678; UID 1000; state: DISABLED
05-23 16:55:56.483 732 1018 D CoreBackPreview: Window{bc1a133 u0 com.dangbei.haqusetting/com.dangbei.haqusetting.ui.HomeActivity}: Setting back callback OnBackInvokedCallbackInfo{mCallback=android.window.IOnBackInvokedCallback$Stub$Proxy@985e269, mPriority=0, mIsAnimationCallback=false}
05-23 16:55:56.516 957 1021 V WindowManagerShell: onTransitionReady android.os.BinderProxy@60f4d94: {id=18 t=OPEN f=0x0 trk=0 r=[0@Point(0, 0)] c=[{WCT{android.window.IWindowContainerToken$Stub$Proxy@335b339} m=OPEN f=TRANSLUCENT leash=Surface(name=Task=233)/@0xe12b183 sb=Rect(0, 0 - 1920, 1080) eb=Rect(0, 0 - 1920, 1080) d=0}]}
05-23 16:55:56.516 957 1021 V WindowManagerShell: Playing animation for (#18)android.os.BinderProxy@60f4d94@0
05-23 16:55:56.516 957 1021 V WindowManagerShell: try handler com.android.wm.shell.keyguard.KeyguardTransitionHandler@9798e39
05-23 16:55:56.516 957 1021 V WindowManagerShell: try handler com.android.wm.shell.pip.tv.TvPipTransition@b2d1c7e
05-23 16:55:56.516 957 1021 V WindowManagerShell: try handler com.android.wm.shell.activityembedding.ActivityEmbeddingController@857b5df
05-23 16:55:56.516 957 1021 V WindowManagerShell: try handler com.android.wm.shell.transition.RemoteTransitionHandler@3c922c
05-23 16:55:56.516 957 1021 V WindowManagerShell: Transition doesn't have explicit remote, search filters for match for {id=18 t=OPEN f=0x0 trk=0 r=[0@Point(0, 0)] c=[{WCT{android.window.IWindowContainerToken$Stub$Proxy@335b339} m=OPEN f=TRANSLUCENT leash=Surface(name=Task=233)/@0xe12b183 sb=Rect(0, 0 - 1920, 1080) eb=Rect(0, 0 - 1920, 1080) d=0}]}
05-23 16:55:56.516 957 1021 V WindowManagerShell: Delegate animation for #18 to null
05-23 16:55:56.516 957 1021 V WindowManagerShell: try handler com.android.wm.shell.transition.DefaultTransitionHandler@85bd4f5
05-23 16:55:56.516 957 1021 V WindowManagerShell: start default transition animation, info = {id=18 t=OPEN f=0x0 trk=0 r=[0@Point(0, 0)] c=[{WCT{android.window.IWindowContainerToken$Stub$Proxy@335b339} m=OPEN f=TRANSLUCENT leash=Surface(name=Task=233)/@0xe12b183 sb=Rect(0, 0 - 1920, 1080) eb=Rect(0, 0 - 1920, 1080) d=0}]}
05-23 16:55:56.517 957 1021 V WindowManagerShell: loadAnimation: anim=android.view.animation.AlphaAnimation@ec4e2df animAttr=0x4 type=OPEN isEntrance=true
05-23 16:55:56.519 957 1021 V WindowManagerShell: animated by com.android.wm.shell.transition.DefaultTransitionHandler@85bd4f5
05-23 16:55:56.521 732 756 W ProcessStats: Tracking association SourceState{1ebb351 com.ktcp.video:daemon/10077 Fgs #985} whose proc state 3 is better than process ProcessState{3283533 com.ktcp.video/10077 pkg=com.ktcp.video} proc state 10 (12 skipped)
05-23 16:55:56.524 732 753 V WindowManager: Sent Transition #18 createdAt=05-23 16:55:56.426 via request=TransitionRequestInfo { type = 1, triggerTask = TaskInfo{userId=0 taskId=233 displayId=0 isRunning=true baseIntent=Intent { dat=haqu://setting:8080/... flg=0x10000000 pkg=com.dangbei.haqusetting cmp=com.dangbei.haqusetting/.ui.HomeActivity } baseActivity=ComponentInfo{com.dangbei.haqusetting/com.dangbei.haqusetting.ui.HomeActivity} topActivity=ComponentInfo{com.dangbei.haqusetting/com.dangbei.haqusetting.ui.HomeActivity} origActivity=null realActivity=ComponentInfo{com.dangbei.haqusetting/com.dangbei.haqusetting.ui.HomeActivity} numActivities=1 lastActiveTime=2653192 supportsMultiWindow=true resizeMode=1 isResizeable=true minWidth=-1 minHeight=-1 defaultMinSize=220 token=WCT{RemoteToken{113c25 Task{34efc84 #233 type=standard A=1000:com.dangbei.haqusetting}}} topActivityType=1 pictureInPictureParams=null shouldDockBigOverlays=true launchIntoPipHostTaskId=-1 lastParentTaskIdBeforePip=-1 displayCutoutSafeInsets=null topActivityInfo=ActivityInfo{14811fa com.dangbei.haqusetting.ui.HomeActivity} launchCookies=[] positionInParent=Point(0, 0) parentTaskId=-1 isFocused=false isVisible=false isVisibleRequested=false isSleeping=false topActivityInSizeCompat=false topActivityEligibleForLetterboxEducation= false isLetterboxDoubleTapEnabled= false topActivityEligibleForUserAspectRatioButton= false topActivityBoundsLetterboxed= false isFromLetterboxDoubleTap= false topActivityLetterboxVerticalPosition= -1 topActivityLetterboxHorizontalPosition= -1 topActivityLetterboxWidth=-1 topActivityLetterboxHeight=-1 isUserFullscreenOverrideEnabled=false isTopActivityTransparent=true locusId=null displayAreaFeatureId=1 cameraCompatControlState=hidden}, remoteTransition = null, displayChange = null, flags = 0 }
05-23 16:55:56.524 732 753 V WindowManager: startWCT=WindowContainerTransaction { changes = {} hops = [] errorCallbackToken=null taskFragmentOrganizer=null }
05-23 16:55:56.524 732 753 V WindowManager: info={id=18 t=OPEN f=0x0 trk=0 r=[0@Point(0, 0)] c=[{WCT{RemoteToken{113c25 Task{34efc84 #233 type=standard A=1000:com.dangbei.haqusetting}}} m=OPEN f=TRANSLUCENT leash=Surface(name=Task=233)/@0xf3394ee sb=Rect(0, 0 - 1920, 1080) eb=Rect(0, 0 - 1920, 1080) d=0}]}
05-23 16:55:56.549 957 1021 D WindowManagerShell: TvPipController: onTaskStackChanged()
05-23 16:55:56.589 732 754 W ContextImpl: Calling a method in the system process without a qualified user: android.app.ContextImpl.startService:1899 com.android.server.wm.DisplayPolicy.lambda$focusChangedLw$5:2126 com.android.server.wm.DisplayPolicy.$r8$lambda$Znxk63oh-WzVnzo_WQefN7uxV48:0 com.android.server.wm.DisplayPolicy$$ExternalSyntheticLambda13.run:0 android.os.Handler.handleCallback:958
05-23 16:55:56.931 957 1021 V WindowManagerShell: Transition animation finished (aborted=false), notifying core (#18)android.os.BinderProxy@60f4d94@0
05-23 16:55:56.935 732 753 V WindowManager: Finish Transition #18: created at
05-23 16:55:56.426 collect-started=0.116ms request-sent=11.045ms started=13.516ms ready=22.021ms sent=85.31ms finished=508.599ms
05-23 16:55:56.939 957 1021 V WindowManagerShell: Track 0 became idle
05-23 16:55:56.939 957 1021 V WindowManagerShell: All active transition animations finished
05-23 16:55:57.378 732 732 V HotPlugDetectionAction: Poll all devices.
05-23 16:55:57.779 732 732 D HdmiCecController: [P]:AllocatedAddress=[0]
05-23 16:56:00.447 732 1439 E TaskPersister: File error accessing recents directory (directory doesn't exist?).
05-23 16:56:26.500 732 764 W ProcessStats: Tracking association SourceState{1ebb351 com.ktcp.video:daemon/10077 Fgs #991} whose proc state 3 is better than process ProcessState{3283533 com.ktcp.video/10077 pkg=com.ktcp.video} proc state 10 (0 skipped)
05-23 16:56:26.904 732 732 D HDMI : [R]: 04:8F
05-23 16:56:26.905 732 910 D HDMI : [S]: 40:90:00
05-23 16:56:33.496 1067 1200 F libc : Fatal signal 6 (SIGABRT), code -1 (SI_QUEUE) in tid 1200 (bt_stack_manage), pid 1067 (droid.bluetooth)
05-23 16:56:34.371 9235 9235 F DEBUG : *** *** *** *** *** *** *** *** *** *** *** *** *** *** *** ***
05-23 16:56:34.371 9235 9235 F DEBUG : Build fingerprint: 'Amlogic/ross/Dangbei:14/UD2A.240505.001.W1/eng.server.20250523.093142:userdebug/test-keys'
05-23 16:56:34.371 9235 9235 F DEBUG : Revision: '0'
05-23 16:56:34.371 9235 9235 F DEBUG : ABI: 'arm'
05-23 16:56:34.371 9235 9235 F DEBUG : Timestamp: 2025-05-23 16:56:33.648183882+0800
05-23 16:56:34.371 9235 9235 F DEBUG : Process uptime: 0s
05-23 16:56:34.371 9235 9235 F DEBUG : Cmdline: com.android.bluetooth
05-23 16:56:34.371 9235 9235 F DEBUG : pid: 1067, tid: 1200, name: bt_stack_manage >>> com.android.bluetooth <<<
05-23 16:56:34.371 9235 9235 F DEBUG : uid: 1002
05-23 16:56:34.371 9235 9235 F DEBUG : signal 6 (SIGABRT), code -1 (SI_QUEUE), fault addr --------
05-23 16:56:34.371 9235 9235 F DEBUG : Abort message: 'assertion 'false' failed - Done waiting for debug information after HCI timeout (DISCONNECT)'
05-23 16:56:34.372 9235 9235 F DEBUG : r0 00000000 r1 000004b0 r2 00000006 r3 c3d927a8
05-23 16:56:34.372 9235 9235 F DEBUG : r4 c3d927b8 r5 c3d927a0 r6 0000042b r7 0000016b
05-23 16:56:34.372 9235 9235 F DEBUG : r8 00000000 r9 ffffffff r10 c3d927a8 r11 00000000
05-23 16:56:34.372 9235 9235 F DEBUG : ip 000004b0 sp c3d92788 lr f2558603 pc f2558616
05-23 16:56:34.372 9235 9235 F DEBUG : 11 total frames
05-23 16:56:34.372 9235 9235 F DEBUG : backtrace:
05-23 16:56:34.372 9235 9235 F DEBUG : #00 pc 0004a616 /apex/com.android.runtime/lib/bionic/libc.so (abort+138) (BuildId: 8e93a972dad1c40fabed7c4c768acf47)
05-23 16:56:34.372 9235 9235 F DEBUG : #01 pc 0040ea21 /apex/com.android.art/lib/libart.so (art::Runtime::Abort(char const*)+980) (BuildId: 0fd2607c7ac03dcf8c16f24317775f7c)
05-23 16:56:34.372 9235 9235 F DEBUG : #02 pc 000328d3 /apex/com.android.art/lib/libbase.so (android::base::SetAborter(std::__1::function&&)::$_0::__invoke(char const*)+46) (BuildId: 23a0e855011591eb7971e416736e2c69)
05-23 16:56:34.372 9235 9235 F DEBUG : #03 pc 000141a9 /system/lib/liblog.so (__android_log_assert+168) (BuildId: a850141b22f25b8f12256b0c7982ea67)
05-23 16:56:34.372 9235 9235 F DEBUG : #04 pc 00745eb3 /apex/com.android.btservices/lib/libbluetooth_jni.so (bluetooth::hci::abort_after_time_out(bluetooth::hci::OpCode)+46) (BuildId: 74669df6f64f9e437a5dacef5200f0bd)
05-23 16:56:34.372 9235 9235 F DEBUG : #05 pc 0083c085 /apex/com.android.btservices/lib/libbluetooth_jni.so (bluetooth::os::Alarm::on_fire()+64) (BuildId: 74669df6f64f9e437a5dacef5200f0bd)
05-23 16:56:34.372 9235 9235 F DEBUG : #06 pc 0083d2fd /apex/com.android.btservices/lib/libbluetooth_jni.so (bluetooth::os::Reactor::Run()+456) (BuildId: 74669df6f64f9e437a5dacef5200f0bd)
05-23 16:56:34.372 9235 9235 F DEBUG : #07 pc 0083daf5 /apex/com.android.btservices/lib/libbluetooth_jni.so (bluetooth::os::Thread::run(bluetooth::os::Thread::Priority)+104) (BuildId: 74669df6f64f9e437a5dacef5200f0bd)
05-23 16:56:34.373 9235 9235 F DEBUG : #08 pc 0083dbe7 /apex/com.android.btservices/lib/libbluetooth_jni.so (void* std::__1::__thread_proxy >, void (bluetooth::os::Thread::*)(bluetooth::os::Thread::Priority), bluetooth::os::Thread*, bluetooth::os::Thread::Priority> >(void*)+40) (BuildId: 74669df6f64f9e437a5dacef5200f0bd)
05-23 16:56:34.373 9235 9235 F DEBUG : #09 pc 00094b4f /apex/com.android.runtime/lib/bionic/libc.so (__pthread_start(void*)+40) (BuildId: 8e93a972dad1c40fabed7c4c768acf47)
05-23 16:56:34.373 9235 9235 F DEBUG : #10 pc 0004b613 /apex/com.android.runtime/lib/bionic/libc.so (__start_thread+30) (BuildId: 8e93a972dad1c40fabed7c4c768acf47)
05-23 16:56:34.463 732 820 W NativeTombstoneManager: failed to open /data/tombstones/tombstone_00.pb
05-23 16:56:34.463 732 820 W NativeTombstoneManager: java.io.FileNotFoundException: open failed: ENOENT (No such file or directory)
05-23 16:56:34.463 732 820 W NativeTombstoneManager: at android.os.ParcelFileDescriptor.openInternal(ParcelFileDescriptor.java:351)
05-23 16:56:34.463 732 820 W NativeTombstoneManager: at android.os.ParcelFileDescriptor.open(ParcelFileDescriptor.java:230)
05-23 16:56:34.463 732 820 W NativeTombstoneManager: at com.android.server.os.NativeTombstoneManager.handleProtoTombstone(NativeTombstoneManager.java:158)
05-23 16:56:34.463 732 820 W NativeTombstoneManager: at com.android.server.os.NativeTombstoneManager.handleTombstone(NativeTombstoneManager.java:127)
05-23 16:56:34.463 732 820 W NativeTombstoneManager: at com.android.server.os.NativeTombstoneManager.-$$Nest$mhandleTombstone(NativeTombstoneManager.java:0)
05-23 16:56:34.463 732 820 W NativeTombstoneManager: at com.android.server.os.NativeTombstoneManager$TombstoneWatcher.lambda$onEvent$0(NativeTombstoneManager.java:575)
05-23 16:56:34.463 732 820 W NativeTombstoneManager: at com.android.server.os.NativeTombstoneManager$TombstoneWatcher.$r8$lambda$tfJ_q07NaI9c6UYttszi4EdMJ7Y(NativeTombstoneManager.java:0)
05-23 16:56:34.463 732 820 W NativeTombstoneManager: at com.android.server.os.NativeTombstoneManager$TombstoneWatcher$$ExternalSyntheticLambda0.run(R8$$SyntheticClass:0)
05-23 16:56:34.463 732 820 W NativeTombstoneManager: at android.os.Handler.handleCallback(Handler.java:958)
05-23 16:56:34.463 732 820 W NativeTombstoneManager: at android.os.Handler.dispatchMessage(Handler.java:99)
05-23 16:56:34.463 732 820 W NativeTombstoneManager: at android.os.Looper.loopOnce(Looper.java:205)
05-23 16:56:34.463 732 820 W NativeTombstoneManager: at android.os.Looper.loop(Looper.java:294)
05-23 16:56:34.463 732 820 W NativeTombstoneManager: at android.os.HandlerThread.run(HandlerThread.java:67)
05-23 16:56:34.463 732 820 W NativeTombstoneManager: at com.android.server.ServiceThread.run(ServiceThread.java:46)
05-23 16:56:34.466 732 9244 I DropBoxManagerService: add tag=system_app_native_crash isTagEnabled=true flags=0x2
05-23 16:56:34.478 732 820 I BootReceiver: Copying /data/tombstones/tombstone_00 to DropBox (SYSTEM_TOMBSTONE)
05-23 16:56:34.479 732 820 I DropBoxManagerService: add tag=SYSTEM_TOMBSTONE isTagEnabled=true flags=0x6
05-23 16:56:34.502 732 820 E NativeTombstoneManager: Tombstone's UID (1002) not an app, ignoring
05-23 16:56:34.509 732 820 I DropBoxManagerService: add tag=SYSTEM_TOMBSTONE_PROTO_WITH_HEADERS isTagEnabled=true flags=0x4
05-23 16:56:34.511 732 958 I MediaSessionStack: removeSession | record: com.android.bluetooth/BluetoothMediaBrowserService (userId=0)
05-23 16:56:34.512 732 807 I ActivityManager: Process com.android.bluetooth (pid 1067) has died: psvc PER
05-23 16:56:34.512 732 1019 I MediaSessionStack: removeSession | record: com.android.bluetooth/BluetoothMediaBrowserService (userId=0)
05-23 16:56:34.513 732 807 W ActivityManager: Scheduling restart of crashed service com.android.bluetooth/.gatt.GattService in 1000ms for connection
05-23 16:56:34.513 732 807 W ActivityManager: Scheduling restart of crashed service com.android.bluetooth/.btservice.AdapterService in 10999ms for connection
05-23 16:56:34.515 732 754 D DisplayManagerService: Drop pending events for gone uid 1002
05-23 16:56:34.922 732 842 D CompatibilityChangeReporter: Compat change id reported: 135634846; UID 1002; state: DISABLED
05-23 16:56:34.940 732 765 I ActivityManager: Start proc 9258:com.android.bluetooth/1002 for service {com.android.bluetooth/com.android.bluetooth.btservice.AdapterService}
05-23 16:56:34.970 732 9246 D CompatibilityChangeReporter: Compat change id reported: 168419799; UID 1002; state: DISABLED
05-23 16:56:34.970 732 9246 D CompatibilityChangeReporter: Compat change id reported: 273564678; UID 1002; state: DISABLED
05-23 16:56:34.972 732 815 D CompatibilityChangeReporter: Compat change id reported: 265195908; UID 1002; state: ENABLED
05-23 16:56:35.073 9258 9258 E ActivityThread: Failed to find provider info for bluetooth_legacy.provider
05-23 16:56:35.099 732 9246 D CompatibilityChangeReporter: Compat change id reported: 161145287; UID 1002; state: ENABLED
05-23 16:56:35.627 9258 9289 F libc : Fatal signal 6 (SIGABRT), code -1 (SI_QUEUE) in tid 9289 (bt_stack_manage), pid 9258 (droid.bluetooth)
05-23 16:56:36.324 9295 9295 F DEBUG : *** *** *** *** *** *** *** *** *** *** *** *** *** *** *** ***
05-23 16:56:36.324 9295 9295 F DEBUG : Build fingerprint: 'Amlogic/ross/Dangbei:14/UD2A.240505.001.W1/eng.server.20250523.093142:userdebug/test-keys'
05-23 16:56:36.324 9295 9295 F DEBUG : Revision: '0'
05-23 16:56:36.324 9295 9295 F DEBUG : ABI: 'arm'
05-23 16:56:36.324 9295 9295 F DEBUG : Timestamp: 2025-05-23 16:56:35.738079549+0800
05-23 16:56:36.324 9295 9295 F DEBUG : Process uptime: 0s
05-23 16:56:36.324 9295 9295 F DEBUG : Cmdline: com.android.bluetooth
05-23 16:56:36.324 9295 9295 F DEBUG : pid: 9258, tid: 9289, name: bt_stack_manage >>> com.android.bluetooth <<<
05-23 16:56:36.324 9295 9295 F DEBUG : uid: 1002
05-23 16:56:36.324 9295 9295 F DEBUG : signal 6 (SIGABRT), code -1 (SI_QUEUE), fault addr --------
05-23 16:56:36.324 9295 9295 F DEBUG : Abort message: 'Unable to get a Bluetooth service after 500ms, start the HAL before starting Bluetooth'
05-23 16:56:36.324 9295 9295 F DEBUG : r0 00000000 r1 00002449 r2 00000006 r3 c3ea2770
05-23 16:56:36.324 9295 9295 F DEBUG : r4 c3ea2780 r5 c3ea2768 r6 0000242a r7 0000016b
05-23 16:56:36.324 9295 9295 F DEBUG : r8 00000000 r9 ffffffff r10 c3ea2770 r11 00000000
05-23 16:56:36.324 9295 9295 F DEBUG : ip 00002449 sp c3ea2750 lr f2558603 pc f2558616
05-23 16:56:36.324 9295 9295 F DEBUG : 11 total frames
05-23 16:56:36.324 9295 9295 F DEBUG : backtrace:
05-23 16:56:36.324 9295 9295 F DEBUG : #00 pc 0004a616 /apex/com.android.runtime/lib/bionic/libc.so (abort+138) (BuildId: 8e93a972dad1c40fabed7c4c768acf47)
05-23 16:56:36.324 9295 9295 F DEBUG : #01 pc 0040ea21 /apex/com.android.art/lib/libart.so (art::Runtime::Abort(char const*)+980) (BuildId: 0fd2607c7ac03dcf8c16f24317775f7c)
05-23 16:56:36.324 9295 9295 F DEBUG : #02 pc 000328d3 /apex/com.android.art/lib/libbase.so (android::base::SetAborter(std::__1::function&&)::$_0::__invoke(char const*)+46) (BuildId: 23a0e855011591eb7971e416736e2c69)
05-23 16:56:36.324 9295 9295 F DEBUG : #03 pc 000141a9 /system/lib/liblog.so (__android_log_assert+168) (BuildId: a850141b22f25b8f12256b0c7982ea67)
05-23 16:56:36.324 9295 9295 F DEBUG : #04 pc 0084a863 /apex/com.android.btservices/lib/libbluetooth_jni.so (bluetooth::hal::HciHalHidl::start_hidl()::'lambda'()::operator()() const+454) (BuildId: 74669df6f64f9e437a5dacef5200f0bd)
05-23 16:56:36.324 9295 9295 F DEBUG : #05 pc 0083c085 /apex/com.android.btservices/lib/libbluetooth_jni.so (bluetooth::os::Alarm::on_fire()+64) (BuildId: 74669df6f64f9e437a5dacef5200f0bd)
05-23 16:56:36.324 9295 9295 F DEBUG : #06 pc 0083d2fd /apex/com.android.btservices/lib/libbluetooth_jni.so (bluetooth::os::Reactor::Run()+456) (BuildId: 74669df6f64f9e437a5dacef5200f0bd)
05-23 16:56:36.324 9295 9295 F DEBUG : #07 pc 0083daf5 /apex/com.android.btservices/lib/libbluetooth_jni.so (bluetooth::os::Thread::run(bluetooth::os::Thread::Priority)+104) (BuildId: 74669df6f64f9e437a5dacef5200f0bd)
05-23 16:56:36.324 9295 9295 F DEBUG : #08 pc 0083dbe7 /apex/com.android.btservices/lib/libbluetooth_jni.so (void* std::__1::__thread_proxy >, void (bluetooth::os::Thread::*)(bluetooth::os::Thread::Priority), bluetooth::os::Thread*, bluetooth::os::Thread::Priority> >(void*)+40) (BuildId: 74669df6f64f9e437a5dacef5200f0bd)
05-23 16:56:36.324 9295 9295 F DEBUG : #09 pc 00094b4f /apex/com.android.runtime/lib/bionic/libc.so (__pthread_start(void*)+40) (BuildId: 8e93a972dad1c40fabed7c4c768acf47)
05-23 16:56:36.324 9295 9295 F DEBUG : #10 pc 0004b613 /apex/com.android.runtime/lib/bionic/libc.so (__start_thread+30) (BuildId: 8e93a972dad1c40fabed7c4c768acf47)
05-23 16:56:36.406 732 9302 I DropBoxManagerService: add tag=system_app_native_crash isTagEnabled=true flags=0x2
05-23 16:56:36.409 732 820 E NativeTombstoneManager: Tombstone's UID (1002) not an app, ignoring
05-23 16:56:36.417 732 820 I BootReceiver: Copying /data/tombstones/tombstone_01 to DropBox (SYSTEM_TOMBSTONE)
05-23 16:56:36.418 732 820 I DropBoxManagerService: add tag=SYSTEM_TOMBSTONE isTagEnabled=true flags=0x6
05-23 16:56:36.438 732 820 E NativeTombstoneManager: Tombstone's UID (1002) not an app, ignoring
05-23 16:56:36.444 732 820 I DropBoxManagerService: add tag=SYSTEM_TOMBSTONE_PROTO_WITH_HEADERS isTagEnabled=true flags=0x4
05-23 16:56:36.446 732 9246 I ActivityManager: Process com.android.bluetooth (pid 9258) has died: psvc PER
05-23 16:56:36.446 732 9246 W ActivityManager: Scheduling restart of crashed service com.android.bluetooth/.gatt.GattService in 1800000ms for connection
05-23 16:56:36.447 732 9246 W ActivityManager: Scheduling restart of crashed service com.android.bluetooth/.btservice.AdapterService in 1000ms for connection
05-23 16:56:36.448 732 754 D DisplayManagerService: Drop pending events for gone uid 1002
05-23 16:56:37.450 732 764 D CompatibilityChangeReporter: Compat change id reported: 135634846; UID 1002; state: DISABLED
05-23 16:56:37.466 732 765 I ActivityManager: Start proc 9304:com.android.bluetooth/1002 for service {com.android.bluetooth/com.android.bluetooth.btservice.AdapterService}
05-23 16:56:37.586 9304 9304 E ActivityThread: Failed to find provider info for bluetooth_legacy.provider
05-23 16:56:38.129 9304 9334 F libc : Fatal signal 6 (SIGABRT), code -1 (SI_QUEUE) in tid 9334 (bt_stack_manage), pid 9304 (droid.bluetooth)
05-23 16:56:38.796 9339 9339 F DEBUG : *** *** *** *** *** *** *** *** *** *** *** *** *** *** *** ***
05-23 16:56:38.796 9339 9339 F DEBUG : Build fingerprint: 'Amlogic/ross/Dangbei:14/UD2A.240505.001.W1/eng.server.20250523.093142:userdebug/test-keys'
05-23 16:56:38.796 9339 9339 F DEBUG : Revision: '0'
05-23 16:56:38.796 9339 9339 F DEBUG : ABI: 'arm'
05-23 16:56:38.796 9339 9339 F DEBUG : Timestamp: 2025-05-23 16:56:38.244079801+0800
05-23 16:56:38.796 9339 9339 F DEBUG : Process uptime: 0s
05-23 16:56:38.796 9339 9339 F DEBUG : Cmdline: com.android.bluetooth
05-23 16:56:38.796 9339 9339 F DEBUG : pid: 9304, tid: 9334, name: bt_stack_manage >>> com.android.bluetooth <<<
05-23 16:56:38.796 9339 9339 F DEBUG : uid: 1002
05-23 16:56:38.796 9339 9339 F DEBUG : signal 6 (SIGABRT), code -1 (SI_QUEUE), fault addr --------
05-23 16:56:38.796 9339 9339 F DEBUG : Abort message: 'Unable to get a Bluetooth service after 500ms, start the HAL before starting Bluetooth'
05-23 16:56:38.796 9339 9339 F DEBUG : r0 00000000 r1 00002476 r2 00000006 r3 c3e56770
05-23 16:56:38.796 9339 9339 F DEBUG : r4 c3e56780 r5 c3e56768 r6 00002458 r7 0000016b
05-23 16:56:38.796 9339 9339 F DEBUG : r8 00000000 r9 ffffffff r10 c3e56770 r11 00000000
05-23 16:56:38.797 9339 9339 F DEBUG : ip 00002476 sp c3e56750 lr f2558603 pc f2558616
05-23 16:56:38.797 9339 9339 F DEBUG : 11 total frames
05-23 16:56:38.797 9339 9339 F DEBUG : backtrace:
05-23 16:56:38.797 9339 9339 F DEBUG : #00 pc 0004a616 /apex/com.android.runtime/lib/bionic/libc.so (abort+138) (BuildId: 8e93a972dad1c40fabed7c4c768acf47)
05-23 16:56:38.797 9339 9339 F DEBUG : #01 pc 0040ea21 /apex/com.android.art/lib/libart.so (art::Runtime::Abort(char const*)+980) (BuildId: 0fd2607c7ac03dcf8c16f24317775f7c)
05-23 16:56:38.797 9339 9339 F DEBUG : #02 pc 000328d3 /apex/com.android.art/lib/libbase.so (android::base::SetAborter(std::__1::function&&)::$_0::__invoke(char const*)+46) (BuildId: 23a0e855011591eb7971e416736e2c69)
05-23 16:56:38.797 9339 9339 F DEBUG : #03 pc 000141a9 /system/lib/liblog.so (__android_log_assert+168) (BuildId: a850141b22f25b8f12256b0c7982ea67)
05-23 16:56:38.797 9339 9339 F DEBUG : #04 pc 0084a863 /apex/com.android.btservices/lib/libbluetooth_jni.so (bluetooth::hal::HciHalHidl::start_hidl()::'lambda'()::operator()() const+454) (BuildId: 74669df6f64f9e437a5dacef5200f0bd)
05-23 16:56:38.797 9339 9339 F DEBUG : #05 pc 0083c085 /apex/com.android.btservices/lib/libbluetooth_jni.so (bluetooth::os::Alarm::on_fire()+64) (BuildId: 74669df6f64f9e437a5dacef5200f0bd)
05-23 16:56:38.797 9339 9339 F DEBUG : #06 pc 0083d2fd /apex/com.android.btservices/lib/libbluetooth_jni.so (bluetooth::os::Reactor::Run()+456) (BuildId: 74669df6f64f9e437a5dacef5200f0bd)
05-23 16:56:38.797 9339 9339 F DEBUG : #07 pc 0083daf5 /apex/com.android.btservices/lib/libbluetooth_jni.so (bluetooth::os::Thread::run(bluetooth::os::Thread::Priority)+104) (BuildId: 74669df6f64f9e437a5dacef5200f0bd)
05-23 16:56:38.797 9339 9339 F DEBUG : #08 pc 0083dbe7 /apex/com.android.btservices/lib/libbluetooth_jni.so (void* std::__1::__thread_proxy >, void (bluetooth::os::Thread::*)(bluetooth::os::Thread::Priority), bluetooth::os::Thread*, bluetooth::os::Thread::Priority> >(void*)+40) (BuildId: 74669df6f64f9e437a5dacef5200f0bd)
05-23 16:56:38.797 9339 9339 F DEBUG : #09 pc 00094b4f /apex/com.android.runtime/lib/bionic/libc.so (__pthread_start(void*)+40) (BuildId: 8e93a972dad1c40fabed7c4c768acf47)
05-23 16:56:38.797 9339 9339 F DEBUG : #10 pc 0004b613 /apex/com.android.runtime/lib/bionic/libc.so (__start_thread+30) (BuildId: 8e93a972dad1c40fabed7c4c768acf47)
05-23 16:56:38.884 732 9346 I DropBoxManagerService: add tag=system_app_native_crash isTagEnabled=true flags=0x2
05-23 16:56:38.887 732 820 E NativeTombstoneManager: Tombstone's UID (1002) not an app, ignoring
05-23 16:56:38.900 732 820 I BootReceiver: Copying /data/tombstones/tombstone_02 to DropBox (SYSTEM_TOMBSTONE)
05-23 16:56:38.901 732 820 I DropBoxManagerService: add tag=SYSTEM_TOMBSTONE isTagEnabled=true flags=0x6
05-23 16:56:38.914 732 975 I ActivityManager: Process com.android.bluetooth (pid 9304) has died: psvc PER
05-23 16:56:38.915 732 975 W ActivityManager: Scheduling restart of crashed service com.android.bluetooth/.gatt.GattService in 3600000ms for connection
05-23 16:56:38.915 732 975 W ActivityManager: Scheduling restart of crashed service com.android.bluetooth/.btservice.AdapterService in 3610000ms for connection
05-23 16:56:38.916 732 975 W ProcessStats: Tracking association SourceState{1ebb351 com.ktcp.video:daemon/10077 Fgs #1006} whose proc state 3 is better than process ProcessState{3283533 com.ktcp.video/10077 pkg=com.ktcp.video} proc state 10 (4 skipped)
05-23 16:56:38.916 732 754 D DisplayManagerService: Drop pending events for gone uid 1002
05-23 16:56:38.920 732 820 E NativeTombstoneManager: Tombstone's UID (1002) not an app, ignoring
05-23 16:56:38.925 732 820 I DropBoxManagerService: add tag=SYSTEM_TOMBSTONE_PROTO_WITH_HEADERS isTagEnabled=true flags=0x4
05-23 16:56:48.115 296 9281 I keystore2: system/security/keystore2/src/watchdog.rs:319 - Watchdog thread idle -> terminating. Have a great day.
05-23 16:56:57.379 732 732 V HotPlugDetectionAction: Poll all devices.
05-23 16:56:57.779 732 732 D HdmiCecController: [P]:AllocatedAddress=[0]
05-23 16:57:25.553 732 975 D CompatibilityChangeReporter: Compat change id reported: 218493289; UID 1000; state: ENABLED
05-23 16:57:25.553 732 975 D CompatibilityChangeReporter: Compat change id reported: 218493289; UID 1000; state: DISABLED
05-23 16:57:25.557 732 842 D CompatibilityChangeReporter: Compat change id reported: 135634846; UID 1002; state: DISABLED
05-23 16:57:25.575 732 765 I ActivityManager: Start proc 9449:com.android.bluetooth/1002 for service {com.android.bluetooth/com.android.bluetooth.btservice.AdapterService}
05-23 16:57:25.681 9449 9449 E ActivityThread: Failed to find provider info for bluetooth_legacy.provider
05-23 16:57:26.066 1440 1654 W ContextImpl: Calling a method in the system process without a qualified user: android.app.ContextImpl.sendBroadcast:1220 android.content.ContextWrapper.sendBroadcast:504 com.dangbei.etna.setting.core.SettingHelper.sendCycleToProjector:247 com.dangbei.etna.setting.core.SettingHelper.sendCycleCheckBroadcast:216 com.dangbei.etna.setting.core.SettingHelper.startLoop$lambda-0:174
05-23 16:57:26.068 1440 1654 W ContextImpl: Calling a method in the system process without a qualified user: android.app.ContextImpl.sendBroadcast:1220 android.content.ContextWrapper.sendBroadcast:504 com.dangbei.etna.setting.core.SettingHelper.sendCycleToVoice:232 com.dangbei.etna.setting.core.SettingHelper.sendCycleCheckBroadcast:217 com.dangbei.etna.setting.core.SettingHelper.startLoop$lambda-0:174
05-23 16:57:26.463 732 764 W ProcessStats: Tracking association SourceState{1ebb351 com.ktcp.video:daemon/10077 Fgs #1022} whose proc state 3 is better than process ProcessState{3283533 com.ktcp.video/10077 pkg=com.ktcp.video} proc state 10 (2 skipped)
05-23 16:57:26.670 732 808 D CompatibilityChangeReporter: Compat change id reported: 261072174; UID 1002; state: ENABLED
05-23 16:57:26.673 732 808 D CompatibilityChangeReporter: Compat change id reported: 161252188; UID 10049; state: DISABLED
05-23 16:57:26.675 732 808 D CompatibilityChangeReporter: Compat change id reported: 135634846; UID 10049; state: DISABLED
05-23 16:57:26.676 732 808 D CompatibilityChangeReporter: Compat change id reported: 177438394; UID 10049; state: DISABLED
05-23 16:57:26.676 732 808 D CompatibilityChangeReporter: Compat change id reported: 135772972; UID 10049; state: DISABLED
05-23 16:57:26.676 732 808 D CompatibilityChangeReporter: Compat change id reported: 135754954; UID 10049; state: ENABLED
05-23 16:57:26.678 732 765 D CompatibilityChangeReporter: Compat change id reported: 143937733; UID 10049; state: ENABLED
05-23 16:57:26.696 732 765 I ActivityManager: Start proc 9509:com.android.music/u0a49 for service {com.android.music/com.android.music.MediaPlaybackService}
05-23 16:57:26.698 732 807 I MediaSessionStack: addSession to bottom of stack | record: com.android.bluetooth/BluetoothMediaBrowserService (userId=0)
05-23 16:57:26.736 732 807 W ActivityManager: Receiver with filter android.content.IntentFilter@fcdf80e already registered for pid 3326, callerPackage is com.droidlogic
05-23 16:57:26.738 732 807 W ActivityManager: Receiver with filter android.content.IntentFilter@51b122f already registered for pid 957, callerPackage is com.android.systemui
05-23 16:57:26.744 732 807 D CompatibilityChangeReporter: Compat change id reported: 168419799; UID 10049; state: DISABLED
05-23 16:57:26.745 732 807 D CompatibilityChangeReporter: Compat change id reported: 273564678; UID 10049; state: DISABLED
05-23 16:57:26.748 732 815 D CompatibilityChangeReporter: Compat change id reported: 265195908; UID 10049; state: ENABLED
05-23 16:57:26.764 732 807 I MediaSessionStack: addSession to bottom of stack | record: com.android.bluetooth/BluetoothMediaBrowserService (userId=0)
05-23 16:57:26.772 732 807 D CompatibilityChangeReporter: Compat change id reported: 170503758; UID 10049; state: DISABLED
05-23 16:57:26.800 732 807 I MediaSessionStack: addSession to bottom of stack | record: com.android.music/MediaPlaybackService (userId=0)
05-23 16:57:26.908 732 732 D HDMI : [R]: 04:8F
05-23 16:57:26.909 732 910 D HDMI : [S]: 40:90:00
05-23 16:57:36.212 296 9473 I keystore2: system/security/keystore2/src/watchdog.rs:319 - Watchdog thread idle -> terminating. Have a great day.
05-23 16:57:36.736 732 815 I ActivityManager: Killing 1772:com.android.dynsystem/1000 (adj 985): empty #17
05-23 16:57:36.737 732 815 W ProcessStats: Tracking association SourceState{1ebb351 com.ktcp.video:daemon/10077 Fgs #1068} whose proc state 3 is better than process ProcessState{3283533 com.ktcp.video/10077 pkg=com.ktcp.video} proc state 10 (2 skipped)
05-23 16:57:36.857 732 829 D ActivityManager: freezing 9509 com.android.music
05-23 16:57:46.737 732 815 W ProcessStats: Tracking association SourceState{1ebb351 com.ktcp.video:daemon/10077 Fgs #1071} whose proc state 3 is better than process ProcessState{3283533 com.ktcp.video/10077 pkg=com.ktcp.video} proc state 10 (2 skipped)
05-23 16:57:57.379 732 732 V HotPlugDetectionAction: Poll all devices.
05-23 16:57:57.771 732 732 D HdmiCecController: [P]:AllocatedAddress=[0]
05-23 16:58:26.913 732 732 D HDMI : [R]: 04:8F
05-23 16:58:26.915 732 910 D HDMI : [S]: 40:90:00
05-23 16:58:57.380 732 732 V HotPlugDetectionAction: Poll all devices.
05-23 16:58:57.787 732 732 D HdmiCecController: [P]:AllocatedAddress=[0]
05-23 16:59:26.915 732 732 D HDMI : [R]: 04:8F
05-23 16:59:26.916 732 910 D HDMI : [S]: 40:90:00
05-23 16:59:57.381 732 732 V HotPlugDetectionAction: Poll all devices.
05-23 16:59:57.783 732 732 D HdmiCecController: [P]:AllocatedAddress=[0]
05-23 17:00:25.995 732 764 W ProcessStats: Tracking association SourceState{1ebb351 com.ktcp.video:daemon/10077 Fgs #1078} whose proc state 3 is better than process ProcessState{3283533 com.ktcp.video/10077 pkg=com.ktcp.video} proc state 10 (0 skipped)
05-23 17:00:26.170 1440 1654 W ContextImpl: Calling a method in the system process without a qualified user: android.app.ContextImpl.sendBroadcast:1220 android.content.ContextWrapper.sendBroadcast:504 com.dangbei.etna.setting.core.SettingHelper.sendCycleToProjector:247 com.dangbei.etna.setting.core.SettingHelper.sendCycleCheckBroadcast:216 com.dangbei.etna.setting.core.SettingHelper.startLoop$lambda-0:174
05-23 17:00:26.172 1440 1654 W ContextImpl: Calling a method in the system process without a qualified user: android.app.ContextImpl.sendBroadcast:1220 android.content.ContextWrapper.sendBroadcast:504 com.dangbei.etna.setting.core.SettingHelper.sendCycleToVoice:232 com.dangbei.etna.setting.core.SettingHelper.sendCycleCheckBroadcast:217 com.dangbei.etna.setting.core.SettingHelper.startLoop$lambda-0:174
05-23 17:00:26.924 732 732 D HDMI : [R]: 04:8F
05-23 17:00:26.925 732 910 D HDMI : [S]: 40:90:00
05-23 17:00:47.119 732 815 W ProcessStats: Tracking association SourceState{1ebb351 com.ktcp.video:daemon/10077 Fgs #1086} whose proc state 3 is better than process ProcessState{3283533 com.ktcp.video/10077 pkg=com.ktcp.video} proc state 10 (1 skipped)
05-23 17:00:57.381 732 732 V HotPlugDetectionAction: Poll all devices.
05-23 17:00:57.791 732 732 D HdmiCecController: [P]:AllocatedAddress=[0]
05-23 17:00:59.775 732 781 V DisplayPowerController2[0]: Brightness [0.05] reason changing to: 'manual [ dim ]', previous reason: 'manual'.
05-23 17:00:59.775 732 781 I DisplayPowerController2[0]: BrightnessEvent: disp=0, physDisp=local:4625716335649126413, brt=0.05, initBrt=0.39763778, rcmdBrt=NaN, preBrt=NaN, lux=0.0, preLux=0.0, hbmMax=1.0, hbmMode=off, rbcStrength=0, thrmMax=1.0, powerFactor=1.0, wasShortTermModelActive=false, flags=, reason=manual [ dim ], autoBrightness=false, strategy=InvalidBrightnessStrategy
05-23 17:00:59.777 732 781 W PowerManagerService: Screen on took 360939 ms
05-23 17:01:06.777 732 781 I PowerGroup: Napping power group (groupId=0, uid=1000)...
05-23 17:01:06.777 732 781 I PowerManagerService: Nap time (uid 1000)...
05-23 17:01:06.779 732 781 W DreamManagerService: Falling back to default dream ComponentInfo{com.dangbei.lerad.screensaver/com.dangbei.lerad.screensaver.service.ScreenSaverService}
05-23 17:01:06.779 732 781 I DreamManagerService: Entering dreamland.
05-23 17:01:06.781 732 732 W ProcessStats: Tracking association SourceState{1ebb351 com.ktcp.video:daemon/10077 Fgs #1092} whose proc state 3 is better than process ProcessState{3283533 com.ktcp.video/10077 pkg=com.ktcp.video} proc state 10 (3 skipped)
05-23 17:01:06.781 732 781 I PowerManagerService: Dreaming...
05-23 17:01:06.782 732 753 I DreamController: Starting dream: name=ComponentInfo{com.dangbei.lerad.screensaver/com.dangbei.lerad.screensaver.service.ScreenSaverService}, isPreviewMode=false, canDoze=false, userId=0, reason='power manager request'
05-23 17:01:06.785 732 753 D CompatibilityChangeReporter: Compat change id reported: 135634846; UID 10044; state: DISABLED
05-23 17:01:06.786 732 765 D CompatibilityChangeReporter: Compat change id reported: 143937733; UID 10044; state: ENABLED
05-23 17:01:06.787 732 753 D AutofillManagerService: Close system dialogs
05-23 17:01:06.787 957 1021 D WindowManagerShell: TvPipMenuController: closeMenu()
05-23 17:01:06.788 957 1021 I WindowManagerShell: TvPipMenuController: switchToMenuMode: setting mCurrentMenuMode=MODE_NO_MENU, mPrevMenuMode=MODE_NO_MENU
05-23 17:01:06.798 957 1021 V WindowManagerShell: Transition requested: android.os.BinderProxy@1f57d48 TransitionRequestInfo { type = 2, triggerTask = TaskInfo{userId=0 taskId=233 displayId=0 isRunning=false baseIntent=Intent { dat=haqu://setting:8080/... flg=0x10000000 pkg=com.dangbei.haqusetting cmp=com.dangbei.haqusetting/.ui.HomeActivity } baseActivity=null topActivity=null origActivity=null realActivity=ComponentInfo{com.dangbei.haqusetting/com.dangbei.haqusetting.ui.HomeActivity} numActivities=0 lastActiveTime=2653202 supportsMultiWindow=true resizeMode=1 isResizeable=true minWidth=-1 minHeight=-1 defaultMinSize=220 token=WCT{android.window.IWindowContainerToken$Stub$Proxy@f6277e1} topActivityType=1 pictureInPictureParams=null shouldDockBigOverlays=false launchIntoPipHostTaskId=-1 lastParentTaskIdBeforePip=-1 displayCutoutSafeInsets=null topActivityInfo=null launchCookies=[] positionInParent=Point(0, 0) parentTaskId=-1 isFocused=true isVisible=true isVisibleRequested=true isSleeping=false topActivityInSizeCompat=false topActivityEligibleForLetterboxEducation= false isLetterboxDoubleTapEnabled= false topActivityEligibleForUserAspectRatioButton= false topActivityBoundsLetterboxed= false isFromLetterboxDoubleTap= false topActivityLetterboxVerticalPosition= -1 topActivityLetterboxHorizontalPosition= -1 topActivityLetterboxWidth=-1 topActivityLetterboxHeight=-1 isUserFullscreenOverrideEnabled=false isTopActivityTransparent=false locusId=null displayAreaFeatureId=1 cameraCompatControlState=hidden}, remoteTransition = null, displayChange = null, flags = 0 }
05-23 17:01:06.810 732 807 V WindowManager: app ------------- force_land :0
05-23 17:01:06.825 732 753 V WindowManager: Sent Transition #19 createdAt=05-23 17:01:06.795 via request=TransitionRequestInfo { type = 2, triggerTask = TaskInfo{userId=0 taskId=233 displayId=0 isRunning=false baseIntent=Intent { dat=haqu://setting:8080/... flg=0x10000000 pkg=com.dangbei.haqusetting cmp=com.dangbei.haqusetting/.ui.HomeActivity } baseActivity=null topActivity=null origActivity=null realActivity=ComponentInfo{com.dangbei.haqusetting/com.dangbei.haqusetting.ui.HomeActivity} numActivities=0 lastActiveTime=2653202 supportsMultiWindow=true resizeMode=1 isResizeable=true minWidth=-1 minHeight=-1 defaultMinSize=220 token=WCT{RemoteToken{113c25 Task{34efc84 #233 type=standard A=1000:com.dangbei.haqusetting}}} topActivityType=1 pictureInPictureParams=null shouldDockBigOverlays=false launchIntoPipHostTaskId=-1 lastParentTaskIdBeforePip=-1 displayCutoutSafeInsets=null topActivityInfo=null launchCookies=[] positionInParent=Point(0, 0) parentTaskId=-1 isFocused=true isVisible=true isVisibleRequested=true isSleeping=false topActivityInSizeCompat=false topActivityEligibleForLetterboxEducation= false isLetterboxDoubleTapEnabled= false topActivityEligibleForUserAspectRatioButton= false topActivityBoundsLetterboxed= false isFromLetterboxDoubleTap= false topActivityLetterboxVerticalPosition= -1 topActivityLetterboxHorizontalPosition= -1 topActivityLetterboxWidth=-1 topActivityLetterboxHeight=-1 isUserFullscreenOverrideEnabled=false isTopActivityTransparent=false locusId=null displayAreaFeatureId=1 cameraCompatControlState=hidden}, remoteTransition = null, displayChange = null, flags = 0 }
05-23 17:01:06.826 732 753 V WindowManager: startWCT=WindowContainerTransaction { changes = {} hops = [] errorCallbackToken=null taskFragmentOrganizer=null }
05-23 17:01:06.827 732 753 V WindowManager: info={id=19 t=CLOSE f=0x0 trk=0 r=[0@Point(0, 0)] c=[{WCT{RemoteToken{113c25 Task{34efc84 #233 type=standard A=1000:com.dangbei.haqusetting}}} m=CLOSE f=TRANSLUCENT leash=Surface(name=Task=233)/@0xf3394ee sb=Rect(0, 0 - 1920, 1080) eb=Rect(0, 0 - 1920, 1080) d=0}]}
05-23 17:01:06.828 957 1021 V WindowManagerShell: onTransitionReady android.os.BinderProxy@1f57d48: {id=19 t=CLOSE f=0x0 trk=0 r=[0@Point(0, 0)] c=[{WCT{android.window.IWindowContainerToken$Stub$Proxy@8925f4} m=CLOSE f=TRANSLUCENT leash=Surface(name=Task=233)/@0x679c906 sb=Rect(0, 0 - 1920, 1080) eb=Rect(0, 0 - 1920, 1080) d=0}]}
05-23 17:01:06.828 957 1021 V WindowManagerShell: Playing animation for (#19)android.os.BinderProxy@1f57d48@0
05-23 17:01:06.828 957 1021 V WindowManagerShell: try handler com.android.wm.shell.keyguard.KeyguardTransitionHandler@9798e39
05-23 17:01:06.828 957 1021 V WindowManagerShell: try handler com.android.wm.shell.pip.tv.TvPipTransition@b2d1c7e
05-23 17:01:06.828 957 1021 V WindowManagerShell: try handler com.android.wm.shell.activityembedding.ActivityEmbeddingController@857b5df
05-23 17:01:06.828 957 1021 V WindowManagerShell: try handler com.android.wm.shell.transition.RemoteTransitionHandler@3c922c
05-23 17:01:06.829 957 1021 V WindowManagerShell: Transition doesn't have explicit remote, search filters for match for {id=19 t=CLOSE f=0x0 trk=0 r=[0@Point(0, 0)] c=[{WCT{android.window.IWindowContainerToken$Stub$Proxy@8925f4} m=CLOSE f=TRANSLUCENT leash=Surface(name=Task=233)/@0x679c906 sb=Rect(0, 0 - 1920, 1080) eb=Rect(0, 0 - 1920, 1080) d=0}]}
05-23 17:01:06.829 957 1021 V WindowManagerShell: Delegate animation for #19 to null
05-23 17:01:06.829 957 1021 V WindowManagerShell: try handler com.android.wm.shell.transition.DefaultTransitionHandler@85bd4f5
05-23 17:01:06.829 957 1021 V WindowManagerShell: start default transition animation, info = {id=19 t=CLOSE f=0x0 trk=0 r=[0@Point(0, 0)] c=[{WCT{android.window.IWindowContainerToken$Stub$Proxy@8925f4} m=CLOSE f=TRANSLUCENT leash=Surface(name=Task=233)/@0x679c906 sb=Rect(0, 0 - 1920, 1080) eb=Rect(0, 0 - 1920, 1080) d=0}]}
05-23 17:01:06.830 957 1021 V WindowManagerShell: loadAnimation: anim=android.view.animation.AlphaAnimation@2adb11d animAttr=0x7 type=CLOSE isEntrance=false
05-23 17:01:06.832 957 1021 V WindowManagerShell: animated by com.android.wm.shell.transition.DefaultTransitionHandler@85bd4f5
05-23 17:01:06.846 732 815 D CompatibilityChangeReporter: Compat change id reported: 265195908; UID 10044; state: ENABLED
05-23 17:01:06.847 732 765 W ActivityManager: Slow operation: 62ms so far, now at startProcess: returned from zygote!
05-23 17:01:06.847 732 765 W ActivityManager: Slow operation: 63ms so far, now at startProcess: done updating battery stats
05-23 17:01:06.847 732 765 W ActivityManager: Slow operation: 63ms so far, now at startProcess: building log message
05-23 17:01:06.847 732 765 I ActivityManager: Start proc 10014:com.dangbei.lerad.screensaver/u0a44 for service {com.dangbei.lerad.screensaver/com.dangbei.lerad.screensaver.service.ScreenSaverService}
05-23 17:01:06.847 732 765 W ActivityManager: Slow operation: 63ms so far, now at startProcess: starting to update pids map
