05-23 16:14:26.599 732 808 D CoreBackPreview: Window{f96130d u0 com.dangbei.haqusetting/com.dangbei.haqusetting.ui.HomeActivity}: Setting back callback OnBackInvokedCallbackInfo{mCallback=android.window.IOnBackInvokedCallback$Stub$Proxy@819b8d3, mPriority=0, mIsAnimationCallback=false}
05-23 16:14:26.687 957 1021 V WindowManagerShell: onTransitionReady android.os.BinderProxy@afaa166: {id=3 t=OPEN f=0x0 trk=0 r=[0@Point(0, 0)] c=[{WCT{android.window.IWindowContainerToken$Stub$Proxy@bedbc43} m=OPEN f=TRANSLUCENT leash=Surface(name=Task=227)/@0x78d2cfd sb=Rect(0, 0 - 1920, 1080) eb=Rect(0, 0 - 1920, 1080) d=0}]}
05-23 16:14:26.688 957 1021 V WindowManagerShell: Playing animation for (#3)android.os.BinderProxy@afaa166@0
05-23 16:14:26.688 957 1021 V WindowManagerShell: try handler com.android.wm.shell.keyguard.KeyguardTransitionHandler@9798e39
05-23 16:14:26.688 957 1021 V WindowManagerShell: try handler com.android.wm.shell.pip.tv.TvPipTransition@b2d1c7e
05-23 16:14:26.688 957 1021 V WindowManagerShell: try handler com.android.wm.shell.activityembedding.ActivityEmbeddingController@857b5df
05-23 16:14:26.688 957 1021 V WindowManagerShell: try handler com.android.wm.shell.transition.RemoteTransitionHandler@3c922c
05-23 16:14:26.688 957 1021 V WindowManagerShell: Transition doesn't have explicit remote, search filters for match for {id=3 t=OPEN f=0x0 trk=0 r=[0@Point(0, 0)] c=[{WCT{android.window.IWindowContainerToken$Stub$Proxy@bedbc43} m=OPEN f=TRANSLUCENT leash=Surface(name=Task=227)/@0x78d2cfd sb=Rect(0, 0 - 1920, 1080) eb=Rect(0, 0 - 1920, 1080) d=0}]}
05-23 16:14:26.688 957 1021 V WindowManagerShell: Delegate animation for #3 to null
05-23 16:14:26.688 957 1021 V WindowManagerShell: try handler com.android.wm.shell.transition.DefaultTransitionHandler@85bd4f5
05-23 16:14:26.688 957 1021 V WindowManagerShell: start default transition animation, info = {id=3 t=OPEN f=0x0 trk=0 r=[0@Point(0, 0)] c=[{WCT{android.window.IWindowContainerToken$Stub$Proxy@bedbc43} m=OPEN f=TRANSLUCENT leash=Surface(name=Task=227)/@0x78d2cfd sb=Rect(0, 0 - 1920, 1080) eb=Rect(0, 0 - 1920, 1080) d=0}]}
05-23 16:14:26.689 957 1021 V WindowManagerShell: loadAnimation: anim=android.view.animation.AlphaAnimation@267c2c0 animAttr=0x4 type=OPEN isEntrance=true
05-23 16:14:26.692 957 1021 V WindowManagerShell: animated by com.android.wm.shell.transition.DefaultTransitionHandler@85bd4f5
05-23 16:14:26.695 732 753 V WindowManager: Sent Transition #3 createdAt=05-23 16:14:26.269 via request=TransitionRequestInfo { type = 1, triggerTask = TaskInfo{userId=0 taskId=227 displayId=0 isRunning=true baseIntent=Intent { dat=haqu://setting:8080/... flg=0x10000000 pkg=com.dangbei.haqusetting cmp=com.dangbei.haqusetting/.ui.HomeActivity } baseActivity=ComponentInfo{com.dangbei.haqusetting/com.dangbei.haqusetting.ui.HomeActivity} topActivity=ComponentInfo{com.dangbei.haqusetting/com.dangbei.haqusetting.ui.HomeActivity} origActivity=null realActivity=ComponentInfo{com.dangbei.haqusetting/com.dangbei.haqusetting.ui.HomeActivity} numActivities=1 lastActiveTime=163037 supportsMultiWindow=true resizeMode=1 isResizeable=true minWidth=-1 minHeight=-1 defaultMinSize=220 token=WCT{RemoteToken{1bd0f2f Task{ab0da57 #227 type=standard A=1000:com.dangbei.haqusetting}}} topActivityType=1 pictureInPictureParams=null shouldDockBigOverlays=true launchIntoPipHostTaskId=-1 lastParentTaskIdBeforePip=-1 displayCutoutSafeInsets=null topActivityInfo=ActivityInfo{579f93c com.dangbei.haqusetting.ui.HomeActivity} launchCookies=[] positionInParent=Point(0, 0) parentTaskId=-1 isFocused=false isVisible=false isVisibleRequested=false isSleeping=false topActivityInSizeCompat=false topActivityEligibleForLetterboxEducation= false isLetterboxDoubleTapEnabled= false topActivityEligibleForUserAspectRatioButton= false topActivityBoundsLetterboxed= false isFromLetterboxDoubleTap= false topActivityLetterboxVerticalPosition= -1 topActivityLetterboxHorizontalPosition= -1 topActivityLetterboxWidth=-1 topActivityLetterboxHeight=-1 isUserFullscreenOverrideEnabled=false isTopActivityTransparent=true locusId=null displayAreaFeatureId=1 cameraCompatControlState=hidden}, remoteTransition = null, displayChange = null, flags = 0 }
05-23 16:14:26.696 732 753 V WindowManager: startWCT=WindowContainerTransaction { changes = {} hops = [] errorCallbackToken=null taskFragmentOrganizer=null }
05-23 16:14:26.696 732 753 V WindowManager: info={id=3 t=OPEN f=0x0 trk=0 r=[0@Point(0, 0)] c=[{WCT{RemoteToken{1bd0f2f Task{ab0da57 #227 type=standard A=1000:com.dangbei.haqusetting}}} m=OPEN f=TRANSLUCENT leash=Surface(name=Task=227)/@0xf762c10 sb=Rect(0, 0 - 1920, 1080) eb=Rect(0, 0 - 1920, 1080) d=0}]}
05-23 16:14:26.700 732 756 W ProcessStats: Tracking association SourceState{1ebb351 com.ktcp.video:daemon/10077 Fgs #546} whose proc state 3 is better than process ProcessState{3283533 com.ktcp.video/10077 pkg=com.ktcp.video} proc state 10 (6 skipped)
05-23 16:14:26.706 732 754 W ContextImpl: Calling a method in the system process without a qualified user: android.app.ContextImpl.startService:1899 com.android.server.wm.DisplayPolicy.lambda$focusChangedLw$5:2126 com.android.server.wm.DisplayPolicy.$r8$lambda$Znxk63oh-WzVnzo_WQefN7uxV48:0 com.android.server.wm.DisplayPolicy$$ExternalSyntheticLambda13.run:0 android.os.Handler.handleCallback:958
05-23 16:14:26.733 732 732 D HDMI : [R]: 04:8F
05-23 16:14:26.734 732 910 D HDMI : [S]: 40:90:00
05-23 16:14:27.102 957 1021 V WindowManagerShell: Transition animation finished (aborted=false), notifying core (#3)android.os.BinderProxy@afaa166@0
05-23 16:14:27.106 732 753 V WindowManager: Finish Transition #3: created at
05-23 16:14:26.269 collect-started=0.124ms request-sent=12.843ms started=18.874ms ready=252.352ms sent=415.258ms finished=834.142ms
05-23 16:14:27.108 957 1021 V WindowManagerShell: Track 0 became idle
05-23 16:14:27.108 957 1021 V WindowManagerShell: All active transition animations finished
05-23 16:14:30.287 732 1439 E TaskPersister: File error accessing recents directory (directory doesn't exist?).
05-23 16:14:32.921 732 833 D OomAdjuster: Not killing cached processes
05-23 16:14:39.566 732 815 D OomAdjuster: Not killing cached processes
05-23 16:14:39.567 732 815 W ProcessStats: Tracking association SourceState{1ebb351 com.ktcp.video:daemon/10077 Fgs #552} whose proc state 3 is better than process ProcessState{3283533 com.ktcp.video/10077 pkg=com.ktcp.video} proc state 10 (0 skipped)
05-23 16:14:46.805 732 754 D AutofillManagerService: onBackKeyPressed()
05-23 16:14:50.925 732 754 D AutofillManagerService: onBackKeyPressed()
05-23 16:14:54.125 732 754 D AutofillManagerService: onBackKeyPressed()
05-23 16:14:55.085 732 754 D AutofillManagerService: onBackKeyPressed()
05-23 16:15:06.314 732 732 V HotPlugDetectionAction: Poll all devices.
05-23 16:15:06.714 732 732 D HdmiCecController: [P]:AllocatedAddress=[0]
05-23 16:15:08.617 1440 1654 W ContextImpl: Calling a method in the system process without a qualified user: android.app.ContextImpl.sendBroadcast:1220 android.content.ContextWrapper.sendBroadcast:504 com.dangbei.etna.setting.core.SettingHelper.sendCycleToProjector:247 com.dangbei.etna.setting.core.SettingHelper.sendCycleCheckBroadcast:216 com.dangbei.etna.setting.core.SettingHelper.startLoop$lambda-0:174
05-23 16:15:08.619 1440 1654 W ContextImpl: Calling a method in the system process without a qualified user: android.app.ContextImpl.sendBroadcast:1220 android.content.ContextWrapper.sendBroadcast:504 com.dangbei.etna.setting.core.SettingHelper.sendCycleToVoice:232 com.dangbei.etna.setting.core.SettingHelper.sendCycleCheckBroadcast:217 com.dangbei.etna.setting.core.SettingHelper.startLoop$lambda-0:174
05-23 16:15:08.620 732 764 D OomAdjuster: Not killing cached processes
05-23 16:15:17.401 732 764 D OomAdjuster: Not killing cached processes
05-23 16:15:17.402 732 764 W ProcessStats: Tracking association SourceState{1ebb351 com.ktcp.video:daemon/10077 Fgs #561} whose proc state 3 is better than process ProcessState{3283533 com.ktcp.video/10077 pkg=com.ktcp.video} proc state 10 (2 skipped)
05-23 16:15:26.738 732 732 D HDMI : [R]: 04:8F
05-23 16:15:26.739 732 910 D HDMI : [S]: 40:90:00
05-23 16:15:27.413 732 815 D OomAdjuster: Not killing cached processes
05-23 16:15:27.413 732 815 W ProcessStats: Tracking association SourceState{1ebb351 com.ktcp.video:daemon/10077 Fgs #562} whose proc state 3 is better than process ProcessState{3283533 com.ktcp.video/10077 pkg=com.ktcp.video} proc state 10 (0 skipped)
05-23 16:15:32.928 732 833 D OomAdjuster: Not killing cached processes
05-23 16:16:06.315 732 732 V HotPlugDetectionAction: Poll all devices.
05-23 16:16:06.722 732 732 D HdmiCecController: [P]:AllocatedAddress=[0]
05-23 16:16:26.743 732 732 D HDMI : [R]: 04:8F
05-23 16:16:26.744 732 910 D HDMI : [S]: 40:90:00
05-23 16:16:32.932 732 833 D OomAdjuster: Not killing cached processes
05-23 16:17:06.315 732 732 V HotPlugDetectionAction: Poll all devices.
05-23 16:17:06.706 732 732 D HdmiCecController: [P]:AllocatedAddress=[0]
05-23 16:17:26.749 732 732 D HDMI : [R]: 04:8F
05-23 16:17:26.750 732 910 D HDMI : [S]: 40:90:00
05-23 16:17:32.939 732 833 D OomAdjuster: Not killing cached processes
05-23 16:17:56.370 732 754 D AutofillManagerService: onBackKeyPressed()
05-23 16:18:01.330 732 754 D AutofillManagerService: onBackKeyPressed()
05-23 16:18:06.316 732 732 V HotPlugDetectionAction: Poll all devices.
05-23 16:18:06.714 732 732 D HdmiCecController: [P]:AllocatedAddress=[0]
05-23 16:18:08.717 1440 1654 W ContextImpl: Calling a method in the system process without a qualified user: android.app.ContextImpl.sendBroadcast:1220 android.content.ContextWrapper.sendBroadcast:504 com.dangbei.etna.setting.core.SettingHelper.sendCycleToProjector:247 com.dangbei.etna.setting.core.SettingHelper.sendCycleCheckBroadcast:216 com.dangbei.etna.setting.core.SettingHelper.startLoop$lambda-0:174
05-23 16:18:08.718 1440 1654 W ContextImpl: Calling a method in the system process without a qualified user: android.app.ContextImpl.sendBroadcast:1220 android.content.ContextWrapper.sendBroadcast:504 com.dangbei.etna.setting.core.SettingHelper.sendCycleToVoice:232 com.dangbei.etna.setting.core.SettingHelper.sendCycleCheckBroadcast:217 com.dangbei.etna.setting.core.SettingHelper.startLoop$lambda-0:174
05-23 16:18:08.719 732 764 D OomAdjuster: Not killing cached processes
05-23 16:18:10.411 732 754 D AutofillManagerService: onBackKeyPressed()
05-23 16:18:10.991 732 754 D AutofillManagerService: onBackKeyPressed()
05-23 16:18:26.753 732 732 D HDMI : [R]: 04:8F
05-23 16:18:26.754 732 910 D HDMI : [S]: 40:90:00
05-23 16:18:32.946 732 833 D OomAdjuster: Not killing cached processes
05-23 16:19:06.317 732 732 V HotPlugDetectionAction: Poll all devices.
05-23 16:19:06.718 732 732 D HdmiCecController: [P]:AllocatedAddress=[0]
05-23 16:19:26.758 732 732 D HDMI : [R]: 04:8F
05-23 16:19:26.759 732 910 D HDMI : [S]: 40:90:00
05-23 16:19:32.952 732 833 D OomAdjuster: Not killing cached processes
05-23 16:20:06.318 732 732 V HotPlugDetectionAction: Poll all devices.
05-23 16:20:06.714 732 732 D HdmiCecController: [P]:AllocatedAddress=[0]
05-23 16:20:26.760 732 732 D HDMI : [R]: 04:8F
05-23 16:20:26.761 732 910 D HDMI : [S]: 40:90:00
05-23 16:20:32.958 732 833 D OomAdjuster: Not killing cached processes
05-23 16:21:06.319 732 732 V HotPlugDetectionAction: Poll all devices.
05-23 16:21:06.718 732 732 D HdmiCecController: [P]:AllocatedAddress=[0]
05-23 16:21:08.822 1440 1654 W ContextImpl: Calling a method in the system process without a qualified user: android.app.ContextImpl.sendBroadcast:1220 android.content.ContextWrapper.sendBroadcast:504 com.dangbei.etna.setting.core.SettingHelper.sendCycleToProjector:247 com.dangbei.etna.setting.core.SettingHelper.sendCycleCheckBroadcast:216 com.dangbei.etna.setting.core.SettingHelper.startLoop$lambda-0:174
05-23 16:21:08.824 1440 1654 W ContextImpl: Calling a method in the system process without a qualified user: android.app.ContextImpl.sendBroadcast:1220 android.content.ContextWrapper.sendBroadcast:504 com.dangbei.etna.setting.core.SettingHelper.sendCycleToVoice:232 com.dangbei.etna.setting.core.SettingHelper.sendCycleCheckBroadcast:217 com.dangbei.etna.setting.core.SettingHelper.startLoop$lambda-0:174
05-23 16:21:08.825 732 764 D OomAdjuster: Not killing cached processes
05-23 16:21:26.765 732 732 D HDMI : [R]: 04:8F
05-23 16:21:26.767 732 910 D HDMI : [S]: 40:90:00
05-23 16:21:32.964 732 833 D OomAdjuster: Not killing cached processes
05-23 16:22:06.320 732 732 V HotPlugDetectionAction: Poll all devices.
05-23 16:22:06.722 732 732 D HdmiCecController: [P]:AllocatedAddress=[0]
05-23 16:22:14.265 732 815 D CompatibilityChangeReporter: Compat change id reported: 218533173; UID 10043; state: DISABLED
05-23 16:22:14.266 732 815 D CompatibilityChangeReporter: Compat change id reported: 262645982; UID 10043; state: DISABLED
05-23 16:22:26.770 732 732 D HDMI : [R]: 04:8F
05-23 16:22:26.771 732 910 D HDMI : [S]: 40:90:00
05-23 16:22:32.973 732 833 I ActivityManager: Killing 1278:com.android.tv.settings/1000 (adj 985): empty #17
05-23 16:22:32.974 732 833 I ActivityManager: Killing 1463:com.android.keychain/1000 (adj 985): empty #18
05-23 16:22:32.974 732 833 I ActivityManager: Killing 1465:com.android.music/u0a49 (adj 995): empty #19
05-23 16:22:33.017 732 1019 W ProcessStats: Tracking association SourceState{1ebb351 com.ktcp.video:daemon/10077 Fgs #591} whose proc state 3 is better than process ProcessState{3283533 com.ktcp.video/10077 pkg=com.ktcp.video} proc state 10 (0 skipped)
05-23 16:22:33.069 732 975 I MediaSessionStack: removeSession | record: com.android.music/MediaPlaybackService (userId=0)
05-23 16:22:33.073 732 754 D DisplayManagerService: Drop pending events for gone uid 10049
05-23 16:23:03.594 732 815 W DeviceIdleController: motion timeout went off and device isn't stationary
05-23 16:23:03.603 732 815 D CompatibilityChangeReporter: Compat change id reported: 261072174; UID 10077; state: DISABLED
05-23 16:23:03.603 732 815 W ProcessStats: Tracking association SourceState{fd44f31 system/1000 ImpBg #594} whose proc state 6 is better than process ProcessState{7d3abfa com.ktcp.video:daemon/10077 pkg=com.ktcp.video} proc state 8 (2 skipped)
05-23 16:23:03.617 732 3325 W JobScheduler: Job didn't exist in JobStore: 7c4458b #u0a77/1 com.ktcp.video/com.tencent.qqlivetv.keeplive.schedulerjob.DaemonJobService
05-23 16:23:06.319 732 732 V HotPlugDetectionAction: Poll all devices.
05-23 16:23:06.718 732 732 D HdmiCecController: [P]:AllocatedAddress=[0]
05-23 16:23:06.995 732 781 V DisplayPowerController2[0]: Brightness [0.05] reason changing to: 'manual [ dim ]', previous reason: 'manual'.
05-23 16:23:06.995 732 781 I DisplayPowerController2[0]: BrightnessEvent: disp=0, physDisp=local:4625716335649126413, brt=0.05, initBrt=0.39763778, rcmdBrt=NaN, preBrt=NaN, lux=0.0, preLux=0.0, hbmMax=1.0, hbmMode=off, rbcStrength=0, thrmMax=1.0, powerFactor=1.0, wasShortTermModelActive=false, flags=, reason=manual [ dim ], autoBrightness=false, strategy=InvalidBrightnessStrategy
05-23 16:23:13.991 732 781 I PowerGroup: Napping power group (groupId=0, uid=1000)...
05-23 16:23:13.992 732 781 I PowerManagerService: Nap time (uid 1000)...
05-23 16:23:13.992 732 732 D WindowManager: updateCecScreenStatus 0
05-23 16:23:13.993 732 732 D HDMI : setCecSettingIntValue name:cec_screen_state, value:0
05-23 16:23:13.993 732 732 I HDMI : screen state is changing to 0
05-23 16:23:13.994 732 781 W DreamManagerService: Falling back to default dream ComponentInfo{com.dangbei.lerad.screensaver/com.dangbei.lerad.screensaver.service.ScreenSaverService}
05-23 16:23:13.994 732 781 I DreamManagerService: Entering dreamland.
05-23 16:23:13.996 732 732 W ProcessStats: Tracking association SourceState{1ebb351 com.ktcp.video:daemon/10077 Fgs #599} whose proc state 3 is better than process ProcessState{3283533 com.ktcp.video/10077 pkg=com.ktcp.video} proc state 10 (7 skipped)
05-23 16:23:13.996 732 781 I PowerManagerService: Dreaming...
05-23 16:23:13.998 732 753 I DreamController: Starting dream: name=ComponentInfo{com.dangbei.lerad.screensaver/com.dangbei.lerad.screensaver.service.ScreenSaverService}, isPreviewMode=false, canDoze=false, userId=0, reason='power manager request'
05-23 16:23:14.000 957 1021 D WindowManagerShell: TvPipMenuController: closeMenu()
05-23 16:23:14.001 957 1021 I WindowManagerShell: TvPipMenuController: switchToMenuMode: setting mCurrentMenuMode=MODE_NO_MENU, mPrevMenuMode=MODE_NO_MENU
05-23 16:23:14.010 957 1021 V WindowManagerShell: Transition requested: android.os.BinderProxy@2493b97 TransitionRequestInfo { type = 2, triggerTask = TaskInfo{userId=0 taskId=227 displayId=0 isRunning=false baseIntent=Intent { dat=haqu://setting:8080/... flg=0x10000000 pkg=com.dangbei.haqusetting cmp=com.dangbei.haqusetting/.ui.HomeActivity } baseActivity=null topActivity=null origActivity=null realActivity=ComponentInfo{com.dangbei.haqusetting/com.dangbei.haqusetting.ui.HomeActivity} numActivities=0 lastActiveTime=163272 supportsMultiWindow=true resizeMode=1 isResizeable=true minWidth=-1 minHeight=-1 defaultMinSize=220 token=WCT{android.window.IWindowContainerToken$Stub$Proxy@7209184} topActivityType=1 pictureInPictureParams=null shouldDockBigOverlays=false launchIntoPipHostTaskId=-1 lastParentTaskIdBeforePip=-1 displayCutoutSafeInsets=null topActivityInfo=null launchCookies=[] positionInParent=Point(0, 0) parentTaskId=-1 isFocused=true isVisible=true isVisibleRequested=true isSleeping=false topActivityInSizeCompat=false topActivityEligibleForLetterboxEducation= false isLetterboxDoubleTapEnabled= false topActivityEligibleForUserAspectRatioButton= false topActivityBoundsLetterboxed= false isFromLetterboxDoubleTap= false topActivityLetterboxVerticalPosition= -1 topActivityLetterboxHorizontalPosition= -1 topActivityLetterboxWidth=-1 topActivityLetterboxHeight=-1 isUserFullscreenOverrideEnabled=false isTopActivityTransparent=false locusId=null displayAreaFeatureId=1 cameraCompatControlState=hidden}, remoteTransition = null, displayChange = null, flags = 0 }
05-23 16:23:14.017 732 753 D CompatibilityChangeReporter: Compat change id reported: 135634846; UID 10044; state: DISABLED
05-23 16:23:14.020 732 765 D CompatibilityChangeReporter: Compat change id reported: 143937733; UID 10044; state: ENABLED
05-23 16:23:14.021 732 753 D AutofillManagerService: Close system dialogs
05-23 16:23:14.025 732 1019 V WindowManager: app ------------- force_land :0
05-23 16:23:14.044 957 1021 V WindowManagerShell: onTransitionReady android.os.BinderProxy@2493b97: {id=4 t=CLOSE f=0x0 trk=0 r=[0@Point(0, 0)] c=[{WCT{android.window.IWindowContainerToken$Stub$Proxy@95bfa33} m=CLOSE f=TRANSLUCENT leash=Surface(name=Task=227)/@0x54c5d6d sb=Rect(0, 0 - 1920, 1080) eb=Rect(0, 0 - 1920, 1080) d=0}]}
05-23 16:23:14.045 957 1021 V WindowManagerShell: Playing animation for (#4)android.os.BinderProxy@2493b97@0
05-23 16:23:14.045 957 1021 V WindowManagerShell: try handler com.android.wm.shell.keyguard.KeyguardTransitionHandler@9798e39
05-23 16:23:14.046 957 1021 V WindowManagerShell: try handler com.android.wm.shell.pip.tv.TvPipTransition@b2d1c7e
05-23 16:23:14.046 957 1021 V WindowManagerShell: try handler com.android.wm.shell.activityembedding.ActivityEmbeddingController@857b5df
05-23 16:23:14.046 957 1021 V WindowManagerShell: try handler com.android.wm.shell.transition.RemoteTransitionHandler@3c922c
05-23 16:23:14.046 957 1021 V WindowManagerShell: Transition doesn't have explicit remote, search filters for match for {id=4 t=CLOSE f=0x0 trk=0 r=[0@Point(0, 0)] c=[{WCT{android.window.IWindowContainerToken$Stub$Proxy@95bfa33} m=CLOSE f=TRANSLUCENT leash=Surface(name=Task=227)/@0x54c5d6d sb=Rect(0, 0 - 1920, 1080) eb=Rect(0, 0 - 1920, 1080) d=0}]}
05-23 16:23:14.046 957 1021 V WindowManagerShell: Delegate animation for #4 to null
05-23 16:23:14.046 957 1021 V WindowManagerShell: try handler com.android.wm.shell.transition.DefaultTransitionHandler@85bd4f5
05-23 16:23:14.046 957 1021 V WindowManagerShell: start default transition animation, info = {id=4 t=CLOSE f=0x0 trk=0 r=[0@Point(0, 0)] c=[{WCT{android.window.IWindowContainerToken$Stub$Proxy@95bfa33} m=CLOSE f=TRANSLUCENT leash=Surface(name=Task=227)/@0x54c5d6d sb=Rect(0, 0 - 1920, 1080) eb=Rect(0, 0 - 1920, 1080) d=0}]}
05-23 16:23:14.047 957 1021 V WindowManagerShell: loadAnimation: anim=android.view.animation.AlphaAnimation@bb081ee animAttr=0x7 type=CLOSE isEntrance=false
05-23 16:23:14.049 732 753 V WindowManager: Sent Transition #4 createdAt=05-23 16:23:14.009 via request=TransitionRequestInfo { type = 2, triggerTask = TaskInfo{userId=0 taskId=227 displayId=0 isRunning=false baseIntent=Intent { dat=haqu://setting:8080/... flg=0x10000000 pkg=com.dangbei.haqusetting cmp=com.dangbei.haqusetting/.ui.HomeActivity } baseActivity=null topActivity=null origActivity=null realActivity=ComponentInfo{com.dangbei.haqusetting/com.dangbei.haqusetting.ui.HomeActivity} numActivities=0 lastActiveTime=163272 supportsMultiWindow=true resizeMode=1 isResizeable=true minWidth=-1 minHeight=-1 defaultMinSize=220 token=WCT{RemoteToken{1bd0f2f Task{ab0da57 #227 type=standard A=1000:com.dangbei.haqusetting}}} topActivityType=1 pictureInPictureParams=null shouldDockBigOverlays=false launchIntoPipHostTaskId=-1 lastParentTaskIdBeforePip=-1 displayCutoutSafeInsets=null topActivityInfo=null launchCookies=[] positionInParent=Point(0, 0) parentTaskId=-1 isFocused=true isVisible=true isVisibleRequested=true isSleeping=false topActivityInSizeCompat=false topActivityEligibleForLetterboxEducation= false isLetterboxDoubleTapEnabled= false topActivityEligibleForUserAspectRatioButton= false topActivityBoundsLetterboxed= false isFromLetterboxDoubleTap= false topActivityLetterboxVerticalPosition= -1 topActivityLetterboxHorizontalPosition= -1 topActivityLetterboxWidth=-1 topActivityLetterboxHeight=-1 isUserFullscreenOverrideEnabled=false isTopActivityTransparent=false locusId=null displayAreaFeatureId=1 cameraCompatControlState=hidden}, remoteTransition = null, displayChange = null, flags = 0 }
05-23 16:23:14.049 957 1021 V WindowManagerShell: animated by com.android.wm.shell.transition.DefaultTransitionHandler@85bd4f5
05-23 16:23:14.049 732 753 V WindowManager: startWCT=WindowContainerTransaction { changes = {} hops = [] errorCallbackToken=null taskFragmentOrganizer=null }
05-23 16:23:14.049 732 753 V WindowManager: info={id=4 t=CLOSE f=0x0 trk=0 r=[0@Point(0, 0)] c=[{WCT{RemoteToken{1bd0f2f Task{ab0da57 #227 type=standard A=1000:com.dangbei.haqusetting}}} m=CLOSE f=TRANSLUCENT leash=Surface(name=Task=227)/@0xf762c10 sb=Rect(0, 0 - 1920, 1080) eb=Rect(0, 0 - 1920, 1080) d=0}]}
05-23 16:23:14.059 732 815 D CompatibilityChangeReporter: Compat change id reported: 265195908; UID 10044; state: ENABLED
05-23 16:23:14.079 732 765 W ActivityManager: Slow operation: 64ms so far, now at startProcess: returned from zygote!
05-23 16:23:14.079 732 765 W ActivityManager: Slow operation: 65ms so far, now at startProcess: done updating battery stats
05-23 16:23:14.080 732 765 W ActivityManager: Slow operation: 65ms so far, now at startProcess: building log message
05-23 16:23:14.080 732 765 I ActivityManager: Start proc 4471:com.dangbei.lerad.screensaver/u0a44 for service {com.dangbei.lerad.screensaver/com.dangbei.lerad.screensaver.service.ScreenSaverService}
05-23 16:23:14.080 732 765 W ActivityManager: Slow operation: 65ms so far, now at startProcess: starting to update pids map
05-23 16:23:14.080 732 765 W ActivityManager: Slow operation: 65ms so far, now at startProcess: done updating pids map
05-23 16:23:14.116 732 3325 D CompatibilityChangeReporter: Compat change id reported: 168419799; UID 10044; state: DISABLED
05-23 16:23:14.117 732 3325 D CompatibilityChangeReporter: Compat change id reported: 273564678; UID 10044; state: DISABLED
05-23 16:23:14.124 732 754 W ContextImpl: Calling a method in the system process without a qualified user: android.app.ContextImpl.startService:1899 com.android.server.wm.DisplayPolicy.lambda$focusChangedLw$5:2126 com.android.server.wm.DisplayPolicy.$r8$lambda$Znxk63oh-WzVnzo_WQefN7uxV48:0 com.android.server.wm.DisplayPolicy$$ExternalSyntheticLambda13.run:0 android.os.Handler.handleCallback:958
05-23 16:23:14.128 957 1021 D WindowManagerShell: TvPipController: onTaskStackChanged()
05-23 16:23:14.144 732 746 D CoreBackPreview: Window{f96130d u0 com.dangbei.haqusetting/com.dangbei.haqusetting.ui.HomeActivity}: Setting back callback null
05-23 16:23:14.149 732 956 D CompatibilityChangeReporter: Compat change id reported: 170503758; UID 10044; state: ENABLED
05-23 16:23:14.283 732 956 D CompatibilityChangeReporter: Compat change id reported: 149924527; UID 10044; state: ENABLED
05-23 16:23:14.284 732 956 D CompatibilityChangeReporter: Compat change id reported: 132649864; UID 10044; state: DISABLED
05-23 16:23:14.452 957 1021 V WindowManagerShell: Transition animation finished (aborted=false), notifying core (#4)android.os.BinderProxy@2493b97@0
05-23 16:23:14.455 732 753 V WindowManager: Finish Transition #4: created at
05-23 16:23:14.009 collect-started=0.1ms request-sent=0.363ms started=6.01ms ready=18.374ms sent=24.392ms finished=444.356ms
05-23 16:23:14.457 732 956 D CompatibilityChangeReporter: Compat change id reported: 161145287; UID 10044; state: ENABLED
05-23 16:23:14.462 957 1021 V WindowManagerShell: Track 0 became idle
05-23 16:23:14.462 957 1021 V WindowManagerShell: All active transition animations finished
05-23 16:23:14.634 732 753 W ActivityTaskManager: callingPackage for (uid=1000, pid=0) has no WPC
05-23 16:23:14.637 732 753 D CompatibilityChangeReporter: Compat change id reported: 265464455; UID 10044; state: DISABLED
05-23 16:23:14.638 732 753 D CompatibilityChangeReporter: Compat change id reported: 265452344; UID 10044; state: DISABLED
05-23 16:23:14.638 732 753 D CompatibilityChangeReporter: Compat change id reported: 266124927; UID 10044; state: DISABLED
05-23 16:23:14.639 732 753 D CompatibilityChangeReporter: Compat change id reported: 265451093; UID 10044; state: DISABLED
05-23 16:23:14.639 732 753 D CompatibilityChangeReporter: Compat change id reported: 265456536; UID 10044; state: DISABLED
05-23 16:23:14.639 732 753 D CompatibilityChangeReporter: Compat change id reported: 255940284; UID 10044; state: DISABLED
05-23 16:23:14.640 732 753 D CompatibilityChangeReporter: Compat change id reported: 236283604; UID 10044; state: DISABLED
05-23 16:23:14.643 732 753 D CompatibilityChangeReporter: Compat change id reported: 263959004; UID 10044; state: DISABLED
05-23 16:23:14.643 732 753 D CompatibilityChangeReporter: Compat change id reported: 264304459; UID 10044; state: DISABLED
05-23 16:23:14.643 732 753 D CompatibilityChangeReporter: Compat change id reported: 264301586; UID 10044; state: DISABLED
05-23 16:23:14.644 732 753 D CompatibilityChangeReporter: Compat change id reported: 254631730; UID 10044; state: DISABLED
05-23 16:23:14.644 732 753 D CompatibilityChangeReporter: Compat change id reported: 273509367; UID 10044; state: DISABLED
05-23 16:23:14.644 732 753 D CompatibilityChangeReporter: Compat change id reported: 263259275; UID 10044; state: DISABLED
05-23 16:23:14.645 732 753 D CompatibilityChangeReporter: Compat change id reported: 174042980; UID 10044; state: DISABLED
05-23 16:23:14.646 732 753 D CompatibilityChangeReporter: Compat change id reported: 174042936; UID 10044; state: DISABLED
05-23 16:23:14.646 732 753 D CompatibilityChangeReporter: Compat change id reported: 181136395; UID 10044; state: DISABLED
05-23 16:23:14.653 732 753 D CompatibilityChangeReporter: Compat change id reported: 184838306; UID 10044; state: DISABLED
05-23 16:23:14.654 732 753 D CompatibilityChangeReporter: Compat change id reported: 185004937; UID 10044; state: DISABLED
05-23 16:23:14.656 732 753 D CompatibilityChangeReporter: Compat change id reported: 194480991; UID 10044; state: ENABLED
05-23 16:23:14.677 732 753 D CompatibilityChangeReporter: Compat change id reported: 197654537; UID 10044; state: ENABLED
05-23 16:23:14.679 732 753 V SplashScreenExceptionList: SplashScreen checking exception for package com.dangbei.lerad.screensaver (target sdk:34) -> false
05-23 16:23:14.680 732 753 D CompatibilityChangeReporter: Compat change id reported: 205907456; UID 10044; state: ENABLED
05-23 16:23:14.683 957 1021 V WindowManagerShell: Transition requested: android.os.BinderProxy@b70cd25 TransitionRequestInfo { type = 1, triggerTask = TaskInfo{userId=0 taskId=229 displayId=0 isRunning=true baseIntent=Intent { flg=0x10840000 pkg=com.dangbei.lerad.screensaver cmp=com.dangbei.lerad.screensaver/android.service.dreams.DreamActivity } baseActivity=ComponentInfo{com.dangbei.lerad.screensaver/android.service.dreams.DreamActivity} topActivity=ComponentInfo{com.dangbei.lerad.screensaver/android.service.dreams.DreamActivity} origActivity=null realActivity=ComponentInfo{com.dangbei.lerad.screensaver/android.service.dreams.DreamActivity} numActivities=1 lastActiveTime=691437 supportsMultiWindow=true resizeMode=0 isResizeable=false minWidth=-1 minHeight=-1 defaultMinSize=220 token=WCT{android.window.IWindowContainerToken$Stub$Proxy@d26cefa} topActivityType=5 pictureInPictureParams=null shouldDockBigOverlays=true launchIntoPipHostTaskId=-1 lastParentTaskIdBeforePip=-1 displayCutoutSafeInsets=null topActivityInfo=ActivityInfo{bf27cab android.service.dreams.DreamActivity} launchCookies=[] positionInParent=Point(0, 0) parentTaskId=-1 isFocused=false isVisible=false isVisibleRequested=false isSleeping=false topActivityInSizeCompat=false topActivityEligibleForLetterboxEducation= false isLetterboxDoubleTapEnabled= false topActivityEligibleForUserAspectRatioButton= false topActivityBoundsLetterboxed= false isFromLetterboxDoubleTap= false topActivityLetterboxVerticalPosition= -1 topActivityLetterboxHorizontalPosition= -1 topActivityLetterboxWidth=-1 topActivityLetterboxHeight=-1 isUserFullscreenOverrideEnabled=false isTopActivityTransparent=false locusId=null displayAreaFeatureId=1 cameraCompatControlState=hidden}, remoteTransition = null, displayChange = null, flags = 0 }
05-23 16:23:14.684 732 753 I ActivityTaskManager: START u0 {flg=0x10040000 pkg=com.dangbei.lerad.screensaver cmp=com.dangbei.lerad.screensaver/android.service.dreams.DreamActivity (has extras)} with LAUNCH_SINGLE_INSTANCE from uid 10044 (realCallingUid=1000) (BAL_ALLOW_PENDING_INTENT) result code=0
05-23 16:23:14.691 732 975 V WindowManager: app ------------- force_land :0
05-23 16:23:14.691 732 975 V WindowManager: app ------------- force_land :0
05-23 16:23:14.691 732 975 V WindowManager: app ------------- force_land :0
05-23 16:23:14.750 732 1019 W WindowManager: [addWindow] title:com.dangbei.lerad.screensaver/android.service.dreams.DreamActivity
05-23 16:23:14.774 732 746 D CoreBackPreview: Window{bace3c8 u0 com.dangbei.lerad.screensaver/android.service.dreams.DreamActivity}: Setting back callback OnBackInvokedCallbackInfo{mCallback=android.window.IOnBackInvokedCallback$Stub$Proxy@35bd386, mPriority=0, mIsAnimationCallback=false}
05-23 16:23:14.796 957 1021 D WindowManagerShell: TvPipController: onTaskStackChanged()
05-23 16:23:14.875 732 754 W ContextImpl: Calling a method in the system process without a qualified user: android.app.ContextImpl.startService:1899 com.android.server.wm.DisplayPolicy.lambda$focusChangedLw$5:2126 com.android.server.wm.DisplayPolicy.$r8$lambda$Znxk63oh-WzVnzo_WQefN7uxV48:0 com.android.server.wm.DisplayPolicy$$ExternalSyntheticLambda13.run:0 android.os.Handler.handleCallback:958
05-23 16:23:14.894 732 781 V DisplayPowerController2[0]: Brightness [0.39763778] reason changing to: 'manual', previous reason: 'manual [ dim ]'.
05-23 16:23:14.894 732 781 I DisplayPowerController2[0]: BrightnessEvent: disp=0, physDisp=local:4625716335649126413, brt=0.39763778, initBrt=0.05, rcmdBrt=NaN, preBrt=NaN, lux=0.0, preLux=0.0, hbmMax=1.0, hbmMode=off, rbcStrength=0, thrmMax=1.0, powerFactor=1.0, wasShortTermModelActive=false, flags=, reason=manual, autoBrightness=false, strategy=InvalidBrightnessStrategy
05-23 16:23:14.895 957 1021 V WindowManagerShell: onTransitionReady android.os.BinderProxy@b70cd25: {id=5 t=OPEN f=0x0 trk=0 r=[0@Point(0, 0)] c=[{WCT{android.window.IWindowContainerToken$Stub$Proxy@35a3887} m=TO_FRONT f=NONE leash=Surface(name=Task=228)/@0xf7d5f08 sb=Rect(0, 0 - 1920, 1080) eb=Rect(0, 0 - 1920, 1080) d=0},{WCT{android.window.IWindowContainerToken$Stub$Proxy@a0d63b4} m=TO_BACK f=NONE leash=Surface(name=Task=1)/@0x38616a1 sb=Rect(0, 0 - 1920, 1080) eb=Rect(0, 0 - 1920, 1080) d=0}]}
05-23 16:23:14.895 957 1021 V WindowManagerShell: Playing animation for (#5)android.os.BinderProxy@b70cd25@0
05-23 16:23:14.896 957 1021 V WindowManagerShell: try handler com.android.wm.shell.keyguard.KeyguardTransitionHandler@9798e39
05-23 16:23:14.896 957 1021 V WindowManagerShell: try handler com.android.wm.shell.pip.tv.TvPipTransition@b2d1c7e
05-23 16:23:14.896 957 1021 V WindowManagerShell: try handler com.android.wm.shell.activityembedding.ActivityEmbeddingController@857b5df
05-23 16:23:14.896 957 1021 V WindowManagerShell: try handler com.android.wm.shell.transition.RemoteTransitionHandler@3c922c
05-23 16:23:14.896 957 1021 V WindowManagerShell: Transition doesn't have explicit remote, search filters for match for {id=5 t=OPEN f=0x0 trk=0 r=[0@Point(0, 0)] c=[{WCT{android.window.IWindowContainerToken$Stub$Proxy@35a3887} m=TO_FRONT f=NONE leash=Surface(name=Task=228)/@0xf7d5f08 sb=Rect(0, 0 - 1920, 1080) eb=Rect(0, 0 - 1920, 1080) d=0},{WCT{android.window.IWindowContainerToken$Stub$Proxy@a0d63b4} m=TO_BACK f=NONE leash=Surface(name=Task=1)/@0x38616a1 sb=Rect(0, 0 - 1920, 1080) eb=Rect(0, 0 - 1920, 1080) d=0}]}
05-23 16:23:14.896 957 1021 V WindowManagerShell: Delegate animation for #5 to null
05-23 16:23:14.896 957 1021 V WindowManagerShell: try handler com.android.wm.shell.transition.DefaultTransitionHandler@85bd4f5
05-23 16:23:14.896 957 1021 V WindowManagerShell: start default transition animation, info = {id=5 t=OPEN f=0x0 trk=0 r=[0@Point(0, 0)] c=[{WCT{android.window.IWindowContainerToken$Stub$Proxy@35a3887} m=TO_FRONT f=NONE leash=Surface(name=Task=228)/@0xf7d5f08 sb=Rect(0, 0 - 1920, 1080) eb=Rect(0, 0 - 1920, 1080) d=0},{WCT{android.window.IWindowContainerToken$Stub$Proxy@a0d63b4} m=TO_BACK f=NONE leash=Surface(name=Task=1)/@0x38616a1 sb=Rect(0, 0 - 1920, 1080) eb=Rect(0, 0 - 1920, 1080) d=0}]}
05-23 16:23:14.896 957 1021 V WindowManagerShell: loadAnimation: anim=null animAttr=0x1d type=OPEN isEntrance=false
05-23 16:23:14.896 957 1021 V WindowManagerShell: loadAnimation: anim=null animAttr=0x1c type=OPEN isEntrance=true
05-23 16:23:14.898 957 1021 V WindowManagerShell: Transition animation finished (aborted=false), notifying core (#5)android.os.BinderProxy@b70cd25@0
05-23 16:23:14.903 957 1021 V WindowManagerShell: Track 0 became idle
05-23 16:23:14.903 957 1021 V WindowManagerShell: All active transition animations finished
05-23 16:23:14.903 957 1021 V WindowManagerShell: animated by com.android.wm.shell.transition.DefaultTransitionHandler@85bd4f5
05-23 16:23:14.903 957 1021 V WindowManagerShell: Track 0 became idle
05-23 16:23:14.903 957 1021 V WindowManagerShell: All active transition animations finished
05-23 16:23:14.905 732 753 V WindowManager: Sent Transition #5 createdAt=05-23 16:23:14.656 via request=TransitionRequestInfo { type = 1, triggerTask = TaskInfo{userId=0 taskId=229 displayId=0 isRunning=true baseIntent=Intent { flg=0x10840000 pkg=com.dangbei.lerad.screensaver cmp=com.dangbei.lerad.screensaver/android.service.dreams.DreamActivity } baseActivity=ComponentInfo{com.dangbei.lerad.screensaver/android.service.dreams.DreamActivity} topActivity=ComponentInfo{com.dangbei.lerad.screensaver/android.service.dreams.DreamActivity} origActivity=null realActivity=ComponentInfo{com.dangbei.lerad.screensaver/android.service.dreams.DreamActivity} numActivities=1 lastActiveTime=691437 supportsMultiWindow=true resizeMode=0 isResizeable=false minWidth=-1 minHeight=-1 defaultMinSize=220 token=WCT{RemoteToken{691a212 Task{d558675 #229 type=dream A=10044:android:com.dangbei.lerad.screensaver/dream}}} topActivityType=5 pictureInPictureParams=null shouldDockBigOverlays=true launchIntoPipHostTaskId=-1 lastParentTaskIdBeforePip=-1 displayCutoutSafeInsets=null topActivityInfo=ActivityInfo{47a63e0 android.service.dreams.DreamActivity} launchCookies=[] positionInParent=Point(0, 0) parentTaskId=-1 isFocused=false isVisible=false isVisibleRequested=false isSleeping=false topActivityInSizeCompat=false topActivityEligibleForLetterboxEducation= false isLetterboxDoubleTapEnabled= false topActivityEligibleForUserAspectRatioButton= false topActivityBoundsLetterboxed= false isFromLetterboxDoubleTap= false topActivityLetterboxVerticalPosition= -1 topActivityLetterboxHorizontalPosition= -1 topActivityLetterboxWidth=-1 topActivityLetterboxHeight=-1 isUserFullscreenOverrideEnabled=false isTopActivityTransparent=false locusId=null displayAreaFeatureId=1 cameraCompatControlState=hidden}, remoteTransition = null, displayChange = null, flags = 0 }
05-23 16:23:14.905 732 753 V WindowManager: startWCT=WindowContainerTransaction { changes = {} hops = [] errorCallbackToken=null taskFragmentOrganizer=null }
05-23 16:23:14.906 732 753 V WindowManager: info={id=5 t=OPEN f=0x0 trk=0 r=[0@Point(0, 0)] c=[{WCT{RemoteToken{1caf699 Task{23019ac #228 type=dream}}} m=TO_FRONT f=NONE leash=Surface(name=Task=228)/@0x8301447 sb=Rect(0, 0 - 1920, 1080) eb=Rect(0, 0 - 1920, 1080) d=0},{WCT{RemoteToken{de3cd5e Task{75a3c30 #1 type=home}}} m=TO_BACK f=NONE leash=Surface(name=Task=1)/@0xeda3590 sb=Rect(0, 0 - 1920, 1080) eb=Rect(0, 0 - 1920, 1080) d=0}]}
05-23 16:23:14.907 732 753 V WindowManager: Finish Transition #5: created at
05-23 16:23:14.656 collect-started=0.091ms request-sent=25.827ms started=31.7ms ready=37.903ms sent=232.116ms finished=242.843ms
05-23 16:23:14.952 732 975 D CompatibilityChangeReporter: Compat change id reported: 214016041; UID 10044; state: ENABLED
05-23 16:23:17.468 732 1439 E TaskPersister: File error accessing recents directory (directory doesn't exist?).
05-23 16:23:26.775 732 732 D HDMI : [R]: 04:8F
05-23 16:23:26.777 732 910 D HDMI : [S]: 40:90:00
05-23 16:24:06.319 732 732 V HotPlugDetectionAction: Poll all devices.
05-23 16:24:06.718 732 732 D HdmiCecController: [P]:AllocatedAddress=[0]
05-23 16:24:08.920 1440 1654 W ContextImpl: Calling a method in the system process without a qualified user: android.app.ContextImpl.sendBroadcast:1220 android.content.ContextWrapper.sendBroadcast:504 com.dangbei.etna.setting.core.SettingHelper.sendCycleToProjector:247 com.dangbei.etna.setting.core.SettingHelper.sendCycleCheckBroadcast:216 com.dangbei.etna.setting.core.SettingHelper.startLoop$lambda-0:174
05-23 16:24:08.922 1440 1654 W ContextImpl: Calling a method in the system process without a qualified user: android.app.ContextImpl.sendBroadcast:1220 android.content.ContextWrapper.sendBroadcast:504 com.dangbei.etna.setting.core.SettingHelper.sendCycleToVoice:232 com.dangbei.etna.setting.core.SettingHelper.sendCycleCheckBroadcast:217 com.dangbei.etna.setting.core.SettingHelper.startLoop$lambda-0:174
05-23 16:24:26.780 732 732 D HDMI : [R]: 04:8F
05-23 16:24:26.781 732 910 D HDMI : [S]: 40:90:00
05-23 16:25:06.319 732 732 V HotPlugDetectionAction: Poll all devices.
05-23 16:25:06.714 732 732 D HdmiCecController: [P]:AllocatedAddress=[0]
05-23 16:25:26.786 732 732 D HDMI : [R]: 04:8F
05-23 16:25:26.788 732 910 D HDMI : [S]: 40:90:00
05-23 16:26:06.321 732 732 V HotPlugDetectionAction: Poll all devices.
05-23 16:26:06.718 732 732 D HdmiCecController: [P]:AllocatedAddress=[0]
05-23 16:26:26.790 732 732 D HDMI : [R]: 04:8F
05-23 16:26:26.791 732 910 D HDMI : [S]: 40:90:00
05-23 16:27:06.322 732 732 V HotPlugDetectionAction: Poll all devices.
05-23 16:27:06.718 732 732 D HdmiCecController: [P]:AllocatedAddress=[0]
05-23 16:27:09.009 1440 1654 W ContextImpl: Calling a method in the system process without a qualified user: android.app.ContextImpl.sendBroadcast:1220 android.content.ContextWrapper.sendBroadcast:504 com.dangbei.etna.setting.core.SettingHelper.sendCycleToProjector:247 com.dangbei.etna.setting.core.SettingHelper.sendCycleCheckBroadcast:216 com.dangbei.etna.setting.core.SettingHelper.startLoop$lambda-0:174
05-23 16:27:09.011 1440 1654 W ContextImpl: Calling a method in the system process without a qualified user: android.app.ContextImpl.sendBroadcast:1220 android.content.ContextWrapper.sendBroadcast:504 com.dangbei.etna.setting.core.SettingHelper.sendCycleToVoice:232 com.dangbei.etna.setting.core.SettingHelper.sendCycleCheckBroadcast:217 com.dangbei.etna.setting.core.SettingHelper.startLoop$lambda-0:174
05-23 16:27:26.798 732 732 D HDMI : [R]: 04:8F
05-23 16:27:26.799 732 910 D HDMI : [S]: 40:90:00
05-23 16:28:06.322 732 732 V HotPlugDetectionAction: Poll all devices.
05-23 16:28:06.722 732 732 D HdmiCecController: [P]:AllocatedAddress=[0]
05-23 16:28:26.797 732 732 D HDMI : [R]: 04:8F
05-23 16:28:26.798 732 910 D HDMI : [S]: 40:90:00
05-23 16:29:06.322 732 732 V HotPlugDetectionAction: Poll all devices.
05-23 16:29:06.718 732 732 D HdmiCecController: [P]:AllocatedAddress=[0]
05-23 16:29:26.802 732 732 D HDMI : [R]: 04:8F
05-23 16:29:26.803 732 910 D HDMI : [S]: 40:90:00
05-23 16:30:06.323 732 732 V HotPlugDetectionAction: Poll all devices.
05-23 16:30:06.718 732 732 D HdmiCecController: [P]:AllocatedAddress=[0]
05-23 16:30:09.111 1440 1654 W ContextImpl: Calling a method in the system process without a qualified user: android.app.ContextImpl.sendBroadcast:1220 android.content.ContextWrapper.sendBroadcast:504 com.dangbei.etna.setting.core.SettingHelper.sendCycleToProjector:247 com.dangbei.etna.setting.core.SettingHelper.sendCycleCheckBroadcast:216 com.dangbei.etna.setting.core.SettingHelper.startLoop$lambda-0:174
05-23 16:30:09.113 1440 1654 W ContextImpl: Calling a method in the system process without a qualified user: android.app.ContextImpl.sendBroadcast:1220 android.content.ContextWrapper.sendBroadcast:504 com.dangbei.etna.setting.core.SettingHelper.sendCycleToVoice:232 com.dangbei.etna.setting.core.SettingHelper.sendCycleCheckBroadcast:217 com.dangbei.etna.setting.core.SettingHelper.startLoop$lambda-0:174
05-23 16:30:26.807 732 732 D HDMI : [R]: 04:8F
05-23 16:30:26.808 732 910 D HDMI : [S]: 40:90:00
05-23 16:31:06.324 732 732 V HotPlugDetectionAction: Poll all devices.
05-23 16:31:06.722 732 732 D HdmiCecController: [P]:AllocatedAddress=[0]
05-23 16:31:26.812 732 732 D HDMI : [R]: 04:8F
05-23 16:31:26.814 732 910 D HDMI : [S]: 40:90:00
05-23 16:31:59.164 732 763 I UsageStatsService: User[0] Flushing usage stats to disk
05-23 16:32:06.329 732 732 V HotPlugDetectionAction: Poll all devices.
05-23 16:32:06.722 732 732 D HdmiCecController: [P]:AllocatedAddress=[0]
05-23 16:32:26.818 732 732 D HDMI : [R]: 04:8F
05-23 16:32:26.819 732 910 D HDMI : [S]: 40:90:00
05-23 16:33:06.333 732 732 V HotPlugDetectionAction: Poll all devices.
05-23 16:33:06.734 732 732 D HdmiCecController: [P]:AllocatedAddress=[0]
05-23 16:33:09.215 1440 1654 W ContextImpl: Calling a method in the system process without a qualified user: android.app.ContextImpl.sendBroadcast:1220 android.content.ContextWrapper.sendBroadcast:504 com.dangbei.etna.setting.core.SettingHelper.sendCycleToProjector:247 com.dangbei.etna.setting.core.SettingHelper.sendCycleCheckBroadcast:216 com.dangbei.etna.setting.core.SettingHelper.startLoop$lambda-0:174
05-23 16:33:09.217 1440 1654 W ContextImpl: Calling a method in the system process without a qualified user: android.app.ContextImpl.sendBroadcast:1220 android.content.ContextWrapper.sendBroadcast:504 com.dangbei.etna.setting.core.SettingHelper.sendCycleToVoice:232 com.dangbei.etna.setting.core.SettingHelper.sendCycleCheckBroadcast:217 com.dangbei.etna.setting.core.SettingHelper.startLoop$lambda-0:174
05-23 16:33:14.685 732 815 W ProcessStats: Tracking association SourceState{1ebb351 com.ktcp.video:daemon/10077 Fgs #682} whose proc state 3 is better than process ProcessState{3283533 com.ktcp.video/10077 pkg=com.ktcp.video} proc state 10 (5 skipped)
05-23 16:33:14.706 732 1019 W JobScheduler: Job didn't exist in JobStore: e6cd616 #u0a77/1 com.ktcp.video/com.tencent.qqlivetv.keeplive.schedulerjob.DaemonJobService
05-23 16:33:14.717 732 732 D TransparencyService: Job to update binary measurements started.
05-23 16:33:14.717 732 843 I WatchlistLoggingHandler: No need to aggregate record yet.
05-23 16:33:14.717 732 843 I WatchlistLoggingHandler: Milliseconds spent on tryAggregateRecords(): 0
05-23 16:33:14.720 732 5826 D TransparencyService: Measurement was last taken at 0 and is now updated to: 1747989194720
05-23 16:33:15.141 732 815 D ActivityManager: sync unfroze 1606 android.process.media for 6
05-23 16:33:15.270 732 985 D BlobStore: Completed idle maintenance; deleted []
05-23 16:33:15.288 1606 1708 D DownloadManager: Removed 0 stale downloads
05-23 16:33:15.295 1606 1708 D DownloadManager: Found 0 files in database
05-23 16:33:15.295 1606 1708 D DownloadManager: Found 2 files on disk
05-23 16:33:15.295 1606 1708 D DownloadManager: Missing db entry, deleting /data/user/0/com.android.providers.downloads/cache/oat_primary/arm/MediaProviderLegacy.art
05-23 16:33:15.295 1606 1708 D DownloadManager: Missing db entry, deleting /data/user/0/com.android.providers.downloads/cache/oat_primary/arm/DownloadProvider.art
05-23 16:33:25.361 732 829 D ActivityManager: freezing 1606 android.process.media
05-23 16:33:26.824 732 732 D HDMI : [R]: 04:8F
05-23 16:33:26.825 732 910 D HDMI : [S]: 40:90:00
05-23 16:34:06.338 732 732 V HotPlugDetectionAction: Poll all devices.
05-23 16:34:06.730 732 732 D HdmiCecController: [P]:AllocatedAddress=[0]
05-23 16:34:26.828 732 732 D HDMI : [R]: 04:8F
05-23 16:34:26.829 732 910 D HDMI : [S]: 40:90:00
05-23 16:35:06.342 732 732 V HotPlugDetectionAction: Poll all devices.
05-23 16:35:06.738 732 732 D HdmiCecController: [P]:AllocatedAddress=[0]
05-23 16:35:26.833 732 732 D HDMI : [R]: 04:8F
05-23 16:35:26.834 732 910 D HDMI : [S]: 40:90:00
05-23 16:36:06.346 732 732 V HotPlugDetectionAction: Poll all devices.
05-23 16:36:06.746 732 732 D HdmiCecController: [P]:AllocatedAddress=[0]
05-23 16:36:09.325 1440 1654 W ContextImpl: Calling a method in the system process without a qualified user: android.app.ContextImpl.sendBroadcast:1220 android.content.ContextWrapper.sendBroadcast:504 com.dangbei.etna.setting.core.SettingHelper.sendCycleToProjector:247 com.dangbei.etna.setting.core.SettingHelper.sendCycleCheckBroadcast:216 com.dangbei.etna.setting.core.SettingHelper.startLoop$lambda-0:174
05-23 16:36:09.327 1440 1654 W ContextImpl: Calling a method in the system process without a qualified user: android.app.ContextImpl.sendBroadcast:1220 android.content.ContextWrapper.sendBroadcast:504 com.dangbei.etna.setting.core.SettingHelper.sendCycleToVoice:232 com.dangbei.etna.setting.core.SettingHelper.sendCycleCheckBroadcast:217 com.dangbei.etna.setting.core.SettingHelper.startLoop$lambda-0:174
05-23 16:36:15.790 957 1021 V WindowManagerShell: Transition requested: android.os.BinderProxy@13a8e13 TransitionRequestInfo { type = 3, triggerTask = null, remoteTransition = null, displayChange = null, flags = 0 }
05-23 16:36:15.803 732 808 I DreamManagerService: Gently waking up from dream.
05-23 16:36:15.812 732 975 V WindowManager: app ------------- force_land :0
05-23 16:36:15.821 732 1019 V WindowManager: app ------------- force_land :0
05-23 16:36:15.828 732 756 W ProcessStats: Tracking association SourceState{1ebb351 com.ktcp.video:daemon/10077 Fgs #731} whose proc state 3 is better than process ProcessState{3283533 com.ktcp.video/10077 pkg=com.ktcp.video} proc state 10 (7 skipped)
05-23 16:36:15.879 732 753 V WindowManager: Sent Transition #6 createdAt=05-23 16:36:15.782 via request=TransitionRequestInfo { type = 3, triggerTask = null, remoteTransition = null, displayChange = null, flags = 0 }
05-23 16:36:15.880 732 753 V WindowManager: startWCT=WindowContainerTransaction { changes = {} hops = [] errorCallbackToken=null taskFragmentOrganizer=null }
05-23 16:36:15.881 732 753 V WindowManager: info={id=6 t=TO_FRONT f=0x0 trk=0 r=[0@Point(0, 0)] c=[{WCT{RemoteToken{1caf699 Task{23019ac #228 type=dream}}} m=TO_BACK f=TRANSLUCENT leash=Surface(name=Task=228)/@0x8301447 sb=Rect(0, 0 - 1920, 1080) eb=Rect(0, 0 - 1920, 1080) d=0},{WCT{RemoteToken{de3cd5e Task{75a3c30 #1 type=home}}} m=TO_FRONT f=NONE leash=Surface(name=Task=1)/@0xeda3590 sb=Rect(0, 0 - 1920, 1080) eb=Rect(0, 0 - 1920, 1080) d=0}]}
05-23 16:36:15.885 957 1021 V WindowManagerShell: onTransitionReady android.os.BinderProxy@13a8e13: {id=6 t=TO_FRONT f=0x0 trk=0 r=[0@Point(0, 0)] c=[{WCT{android.window.IWindowContainerToken$Stub$Proxy@635f86f} m=TO_BACK f=TRANSLUCENT leash=Surface(name=Task=228)/@0x2ea7850 sb=Rect(0, 0 - 1920, 1080) eb=Rect(0, 0 - 1920, 1080) d=0},{WCT{android.window.IWindowContainerToken$Stub$Proxy@b86c97c} m=TO_FRONT f=NONE leash=Surface(name=Task=1)/@0xc5dca49 sb=Rect(0, 0 - 1920, 1080) eb=Rect(0, 0 - 1920, 1080) d=0}]}
05-23 16:36:15.886 957 1021 V WindowManagerShell: Playing animation for (#6)android.os.BinderProxy@13a8e13@0
05-23 16:36:15.886 957 1021 V WindowManagerShell: try handler com.android.wm.shell.keyguard.KeyguardTransitionHandler@9798e39
05-23 16:36:15.886 957 1021 V WindowManagerShell: try handler com.android.wm.shell.pip.tv.TvPipTransition@b2d1c7e
05-23 16:36:15.886 957 1021 V WindowManagerShell: try handler com.android.wm.shell.activityembedding.ActivityEmbeddingController@857b5df
05-23 16:36:15.886 957 1021 V WindowManagerShell: try handler com.android.wm.shell.transition.RemoteTransitionHandler@3c922c
