11-05 17:58:03.896 D/BluetoothManagerService( 520): MESSAGE_ENABLE(0): mBluetooth = null
11-05 17:58:03.896 D/BluetoothManagerService( 520): binding Bluetooth service
11-05 17:58:03.897 D/BluetoothA2dp( 520): Binding service...
11-05 17:58:03.900 D/CompatibilityChangeReporter( 520): Compat change id reported: 135634846; UID 1002; state: DISABLED
11-05 17:58:03.901 I/BluetoothAirplaneModeListener( 520): start
11-05 17:58:03.909 I/sunxi-rfkill soc@3000000( 720): rfkill: wlan power on success
11-05 17:58:03.909 I/WCN ( 720): marlin chip en pull up
11-05 17:58:03.912 W/InputMethodUtils( 520): Found no fallback locale. imis=[InputMethodInfo{com.sohu.inputmethod.sogou.tv/.SogouIME, settings: com.sohu.inputmethod.sogou.SogouIMESettingsLauncher}]
11-05 17:58:03.913 W/InputMethodUtils( 520): No software keyboard is found. imis=[InputMethodInfo{com.sohu.inputmethod.sogou.tv/.SogouIME, settings: com.sohu.inputmethod.sogou.SogouIMESettingsLauncher}] systemLocale=zh_CN fallbackLocale=null
11-05 17:58:03.923 D/Zygote ( 242): Forked child process 731
11-05 17:58:03.927 I/ActivityManager( 520): app.processName = com.android.bluetooth
11-05 17:58:03.927 I/ActivityManager( 520): Start proc 731:com.android.bluetooth/1002 for service {com.android.bluetooth/com.android.bluetooth.btservice.AdapterService}
11-05 17:58:03.931 I/Zygote ( 731): seccomp disabled by setenforce 0
11-05 17:58:03.935 I/sdiohal ( 720): sdiohal_scan_card
11-05 17:58:03.935 I/sunxi-rfkill soc@3000000( 720): rfkill: bus_index: 1
11-05 17:58:03.935 E/ ( 0): [ C0] sunxi-mmc 4021000.sdmmc: smc 2 p1 err, cmd 52, RTO !!
11-05 17:58:03.943 W/sdiohal ( 720): probe of mmc2:8800:1 failed with error -110
11-05 17:58:03.943 E/ ( 0): [ C0] sunxi-mmc 4021000.sdmmc: smc 2 p1 err, cmd 7, RTO !!
11-05 17:58:03.937 D/XM_HIDREAD( 316): add@ add@/bus/sdio/drivers/sdiohal
11-05 17:58:03.945 I/adbd ( 384): jdwp connection from 731
11-05 17:58:03.950 E/ ( 0): [ C0] sunxi-mmc 4021000.sdmmc: smc 2 p1 err, cmd 7, RTO !!
11-05 17:58:03.944 I/rainbow_flow( 334): type=1400 audit(0.0:328): avc: denied { ioctl } for path="/dev/spidev1.0" dev="tmpfs" ino=3604 ioctlcmd=0x6b00 scontext=u:r:init:s0 tcontext=u:object_r:device:s0 tclass=chr_file permissive=1
11-05 17:58:03.958 E/ ( 0): [ C0] sunxi-mmc 4021000.sdmmc: smc 2 p1 err, cmd 7, RTO !!
11-05 17:58:03.957 D/CompatibilityChangeReporter( 520): Compat change id reported: 168419799; UID 1002; state: DISABLED
11-05 17:58:03.966 E/ ( 0): [ C0] sunxi-mmc 4021000.sdmmc: smc 2 p1 err, cmd 7, RTO !!
11-05 17:58:03.944 I/xiriservice_All( 323): type=1400 audit(0.0:329): avc: denied { read } for scontext=u:r:init:s0 tcontext=u:r:init:s0 tclass=netlink_kobject_uevent_socket permissive=1
11-05 17:58:03.968 D/XM_HIDREAD( 316): remove@ remove@/devices/platform/soc@3000000/4021000.sdmmc/mmc_host/mmc2/mmc2:8800/mmc2:8800:1
11-05 17:58:03.969 I/LockSettingsService( 520): Migrated migrated_frp.
11-05 17:58:03.970 D/XM_HIDREAD( 316): remove@ remove@/devices/platform/soc@3000000/4021000.sdmmc/mmc_host/mmc2/mmc2:8800
11-05 17:58:03.970 I/RebootEscrowManager( 520): No reboot escrow data found for users, skipping loading escrow data
11-05 17:58:03.972 W/SystemServiceManager( 520): Service com.android.server.locksettings.LockSettingsService$Lifecycle took 58 ms in onBootPhase
11-05 17:58:03.972 D/CompatibilityChangeReporter( 731): Compat change id reported: 171979766; UID 1002; state: ENABLED
11-05 17:58:03.974 I/mmc2 ( 130): card 8800 removed
11-05 17:58:03.976 I/sunxi-mmc 4021000.sdmmc( 130): sdc set ios:clk 0Hz bm PP pm OFF vdd 0 width 1 timing LEGACY(SDR12) dt B
11-05 17:58:03.978 I/sunxi-mmc 4021000.sdmmc( 130): sdc set ios:clk 0Hz bm PP pm UP vdd 23 width 1 timing LEGACY(SDR12) dt B
11-05 17:58:03.974 I/WallpaperManagerService( 520): No static wallpaper imagery; defaults will be shown
11-05 17:58:03.974 V/WallpaperManagerService( 520): bindWallpaperComponentLocked: componentName=ComponentInfo{com.android.systemui/com.android.systemui.ImageWallpaper}
11-05 17:58:03.979 D/CompatibilityChangeReporter( 520): Compat change id reported: 135634846; UID 10066; state: DISABLED
11-05 17:58:03.979 D/CompatibilityChangeReporter( 520): Compat change id reported: 177438394; UID 10066; state: DISABLED
11-05 17:58:03.979 D/CompatibilityChangeReporter( 520): Compat change id reported: 135772972; UID 10066; state: DISABLED
11-05 17:58:03.980 D/CompatibilityChangeReporter( 520): Compat change id reported: 135754954; UID 10066; state: ENABLED
11-05 17:58:03.980 D/CompatibilityChangeReporter( 520): Compat change id reported: 143937733; UID 10066; state: ENABLED
11-05 17:58:03.981 W/WallpaperManagerService( 520): no current wallpaper -- first boot?
11-05 17:58:03.981 D/AdbService( 520): systemReady
11-05 17:58:03.982 I/SystemServerTimingAsync( 520): InitThreadPoolExec:UsbService$Lifecycle#onBootPhase
11-05 17:58:03.982 D/SystemServerInitThreadPool( 520): Started executing UsbService$Lifecycle#onBootPhase
11-05 17:58:03.982 V/audio_hw_primary( 247): adev_set_parameters, A2dpSuspended=false
11-05 17:58:03.983 D/SoundTriggerService( 520): onBootPhase: 550 : false
11-05 17:58:03.985 D/BluetoothManagerService( 520): Trying to bind to profile: 1, while Bluetooth was disabled
11-05 17:58:03.986 D/SystemServerInitThreadPool( 520): Finished executing UsbService$Lifecycle#onBootPhase
11-05 17:58:03.987 D/BluetoothA2dp( 520): Binding service...
11-05 17:58:03.987 E/android.hardware.usb@1.0-service( 262): Failed to open /sys/class/typec
11-05 17:58:03.987 E/UsbPortManager( 520): port status enquiry failed
11-05 17:58:03.991 I/sunxi-mmc 4021000.sdmmc( 130): sdc set ios:clk 400000Hz bm PP pm ON vdd 23 width 1 timing LEGACY(SDR12) dt B
11-05 17:58:03.995 V/audio_hw_primary( 247): adev_set_parameters, BT_SCO=off
11-05 17:58:03.996 I/AppBindingService( 520): Updating constants with: null
11-05 17:58:03.996 D/Zygote ( 242): Forked child process 749
11-05 17:58:03.997 I/AS.AudioDeviceInventory( 520): removePreferredDevicesForStrategySync, strategy: 14
11-05 17:58:03.997 I/ActivityManager( 520): app.processName = com.android.systemui
11-05 17:58:03.997 I/ActivityManager( 520): Start proc 749:com.android.systemui/u0a66 for service {com.android.systemui/com.android.systemui.ImageWallpaper}
11-05 17:58:04.002 I/AudioFlinger( 268): systemReady
11-05 17:58:04.007 D/AS.AudioService( 520): No vibrator found
11-05 17:58:04.006 E/ ( 0): [ C0] sunxi-mmc 4021000.sdmmc: smc 2 p1 err, cmd 52, RTO !!
11-05 17:58:04.009 I/Zygote ( 749): seccomp disabled by setenforce 0
11-05 17:58:04.013 D/CompatibilityChangeReporter( 520): Compat change id reported: 135634846; UID 10073; state: DISABLED
11-05 17:58:04.013 D/CompatibilityChangeReporter( 520): Compat change id reported: 177438394; UID 10073; state: DISABLED
11-05 17:58:04.013 D/CompatibilityChangeReporter( 520): Compat change id reported: 135772972; UID 10073; state: DISABLED
11-05 17:58:04.014 D/CompatibilityChangeReporter( 520): Compat change id reported: 135754954; UID 10073; state: DISABLED
11-05 17:58:04.014 D/CompatibilityChangeReporter( 520): Compat change id reported: 143937733; UID 10073; state: DISABLED
11-05 17:58:04.014 E/ ( 0): [ C0] sunxi-mmc 4021000.sdmmc: smc 2 p1 err, cmd 52, RTO !!
11-05 17:58:04.026 I/sunxi-mmc 4021000.sdmmc( 130): sdc set ios:clk 400000Hz bm PP pm ON vdd 23 width 1 timing LEGACY(SDR12) dt B
11-05 17:58:04.030 I/sunxi-mmc 4021000.sdmmc( 130): sdc set ios:clk 400000Hz bm PP pm ON vdd 23 width 1 timing LEGACY(SDR12) dt B
11-05 17:58:04.030 D/Zygote ( 242): Forked child process 758
11-05 17:58:04.033 I/ActivityManager( 520): app.processName = com.android.permissioncontroller
11-05 17:58:04.033 I/ActivityManager( 520): Start proc 758:com.android.permissioncontroller/u0a73 for service {com.android.permissioncontroller/com.android.permissioncontroller.permission.service.PermissionControllerServiceImpl}
11-05 17:58:04.042 I/sunxi-mmc 4021000.sdmmc( 130): sdc set ios:clk 400000Hz bm PP pm ON vdd 23 width 4 timing LEGACY(SDR12) dt B
11-05 17:58:04.037 I/adbd ( 384): jdwp connection from 749
11-05 17:58:04.041 I/Zygote ( 758): seccomp disabled by setenforce 0
11-05 17:58:04.043 I/sunxi-mmc 4021000.sdmmc( 130): sdc set ios:clk 400000Hz bm PP pm ON vdd 23 width 4 timing UHS-SDR104 dt B
11-05 17:58:04.043 I/sunxi-mmc 4021000.sdmmc( 130): sdc set ios:clk 150000000Hz bm PP pm ON vdd 23 width 4 timing UHS-SDR104 dt B
11-05 17:58:04.047 I/mmc2 ( 130): new ultra high speed SDR104 SDIO card at address 8800
11-05 17:58:04.042 D/XM_HIDREAD( 316): add@ add@/devices/platform/soc@3000000/4021000.sdmmc/mmc_host/mmc2/mmc2:8800
11-05 17:58:04.042 D/XM_HIDREAD( 316): add@ add@/devices/platform/soc@3000000/4021000.sdmmc/mmc_host/mmc2/mmc2:8800/mmc2:8800:1
11-05 17:58:04.053 I/sdiohal ( 130): sdiohal_probe: func->class=0, vendor=0x0000, device=0x0000, func_num=0x0001, clock=150000000, SDIOHAL_RX_RECVBUF_LEN:200,SDIOHAL_32_BIT_RX_RECVBUF_LEN:32.
11-05 17:58:04.054 I/WCN ( 130): marlin_get_wcn_chipid: chipid: 0x56630001
11-05 17:58:04.054 I/WCN ( 130): marlin_scan_finish!
11-05 17:58:04.054 I/sdiohal ( 130): sdiohal_probe: sdio_dev_host, max_req_size=0x2000000, max_blk_count=0x2000, max_blk_size=0x1000
11-05 17:58:04.054 I/sdiohal ( 130): probe ok
11-05 17:58:04.054 I/sdiohal ( 720): scan end!
11-05 17:58:04.054 I/WCN ( 720): then marlin start to download
11-05 17:58:04.054 I/WCN ( 277): marlin_request_firmware from /vendor/etc/firmware/wcnmodem.bin start!
11-05 17:58:04.048 I/rainbow_flow( 334): type=1400 audit(0.0:330): avc: denied { ioctl } for path="/dev/spidev1.0" dev="tmpfs" ino=3604 ioctlcmd=0x6b00 scontext=u:r:init:s0 tcontext=u:object_r:device:s0 tclass=chr_file permissive=1
11-05 17:58:04.061 I/WCN ( 277): marlin_firmware_parse_image imagepack is WCNE type,need parse it
11-05 17:58:04.061 I/WCN ( 277): marlin marlin_firmware_write imagepack is WCNE type,need parse it
11-05 17:58:04.062 E/ ( 0): [ C0] sunxi-mmc 4021000.sdmmc: smc 2 p1 err, cmd 53, WR DCE !!
11-05 17:58:04.062 I/adbd ( 384): jdwp connection from 758
11-05 17:58:04.068 D/CompatibilityChangeReporter( 520): Compat change id reported: 168419799; UID 10066; state: DISABLED
11-05 17:58:04.070 I/sunxi-mmc 4021000.sdmmc( 132): *****retry:start*****
11-05 17:58:04.070 I/sunxi-mmc 4021000.sdmmc( 132): REG_DRV_DL: 0x00010000
11-05 17:58:04.070 I/sunxi-mmc 4021000.sdmmc( 132): REG_SD_NTSR: 0x81710000
11-05 17:58:04.070 I/sunxi-mmc 4021000.sdmmc( 132): *****retry:re-send cmd*****
11-05 17:58:04.070 E/ ( 0): [ C0] sunxi-mmc 4021000.sdmmc: smc 2 p1 err, cmd 53, WR DCE !!
11-05 17:58:04.078 I/sunxi-mmc 4021000.sdmmc( 132): *****retry:start*****
11-05 17:58:04.078 I/sunxi-mmc 4021000.sdmmc( 132): REG_DRV_DL: 0x00010000
11-05 17:58:04.078 I/sunxi-mmc 4021000.sdmmc( 132): REG_SD_NTSR: 0x81710000
11-05 17:58:04.078 I/sunxi-mmc 4021000.sdmmc( 132): *****retry:re-send cmd*****
11-05 17:58:04.078 E/ ( 0): [ C0] sunxi-mmc 4021000.sdmmc: smc 2 p1 err, cmd 53, WR DCE !!
11-05 17:58:04.079 D/CompatibilityChangeReporter( 749): Compat change id reported: 171979766; UID 10066; state: ENABLED
11-05 17:58:04.080 V/GraphicsEnvironment( 731): ANGLE Developer option for 'com.android.bluetooth' set to: 'default'
11-05 17:58:04.080 V/GraphicsEnvironment( 731): Neither updatable production driver nor prerelease driver is supported.
11-05 17:58:04.082 D/NetworkSecurityConfig( 731): No Network Security Config specified, using platform default
11-05 17:58:04.083 D/NetworkSecurityConfig( 731): No Network Security Config specified, using platform default
11-05 17:58:04.086 D/MediaCodecList( 356): Allowing all OMX codecs
11-05 17:58:04.086 D/CompatibilityChangeReporter( 520): Compat change id reported: 168419799; UID 10073; state: DISABLED
11-05 17:58:04.086 I/sunxi-mmc 4021000.sdmmc( 132): *****retry:start*****
11-05 17:58:04.087 I/sunxi-mmc 4021000.sdmmc( 132): REG_DRV_DL: 0x00010000
11-05 17:58:04.087 I/sunxi-mmc 4021000.sdmmc( 132): REG_SD_NTSR: 0x81710000
11-05 17:58:04.087 I/sunxi-mmc 4021000.sdmmc( 132): *****retry:re-send cmd*****
11-05 17:58:04.087 E/ ( 0): [ C0] sunxi-mmc 4021000.sdmmc: smc 2 p1 err, cmd 53, WR DCE !!
11-05 17:58:04.095 I/sunxi-mmc 4021000.sdmmc( 132): *****retry:start*****
11-05 17:58:04.095 I/sunxi-mmc 4021000.sdmmc( 132): REG_DRV_DL: 0x00030000
11-05 17:58:04.095 I/sunxi-mmc 4021000.sdmmc( 132): REG_SD_NTSR: 0x81710110
11-05 17:58:04.095 I/sunxi-mmc 4021000.sdmmc( 132): *****retry:re-send cmd*****
11-05 17:58:04.095 D/ ( 0): [ C0] 4,end
11-05 17:58:04.092 E/cutils-trace( 356): Error opening trace file: No such file or directory (2)
11-05 17:58:04.098 D/CompatibilityChangeReporter( 758): Compat change id reported: 171979766; UID 10073; state: DISABLED
11-05 17:58:04.102 I/OMXClient( 356): IOmx service obtained
11-05 17:58:04.103 I/OMXStore( 362): makeComponentInstance(OMX.allwinner.video.decoder.avc) in android.hardwar process
11-05 17:58:04.111 I/omx_vdec_aw( 362): : OmxDecoderCreate.
11-05 17:58:04.113 W/omx_vdec( 362): <__AwOmxVdecSetParameter:1561>: Set Parameter called in valid state
11-05 17:58:04.113 D/ApplicationLoaders( 758): Returning zygote-cached class loader: /system/framework/android.test.base.jar
11-05 17:58:04.114 W/omx_vdec( 362): : pParamProfileLevel->nProfileIndex[0x3] error!
11-05 17:58:04.114 E/OMXNodeInstance( 362): getParameter(0xed20a000:allwinner.decoder.avc, ParamVideoProfileLevelQuerySupported(0x600000f)) ERROR: BadParameter(0x80001005)
11-05 17:58:04.114 W/omx_vdec( 362): <__AwOmxVdecGetExtensionIndex:1737>: GetExtensionIndex OMX.google.android.index.describeColorFormat, err [0x80001001].
11-05 17:58:04.114 W/omx_vdec( 362): <__AwOmxVdecGetExtensionIndex:1737>: GetExtensionIndex OMX.google.android.index.describeColorFormat2, err [0x80001001].
11-05 17:58:04.114 E/omx_vdec( 362): : erro: pParamData->nIndex > m_sPortFormatType.nIndex
11-05 17:58:04.114 W/omx_vdec( 362): <__AwOmxVdecGetExtensionIndex:1737>: GetExtensionIndex OMX.google.android.index.describeColorFormat, err [0x80001001].
11-05 17:58:04.115 W/omx_vdec( 362): <__AwOmxVdecGetExtensionIndex:1737>: GetExtensionIndex OMX.google.android.index.describeColorFormat2, err [0x80001001].
11-05 17:58:04.115 E/omx_vdec( 362): : erro: pParamData->nIndex > m_sPortFormatType.nIndex
11-05 17:58:04.115 W/omx_vdec( 362): <__AwOmxVdecGetExtensionIndex:1737>: GetExtensionIndex OMX.google.android.index.describeColorFormat, err [0x80001001].
11-05 17:58:04.115 W/omx_vdec( 362): <__AwOmxVdecGetExtensionIndex:1737>: GetExtensionIndex OMX.google.android.index.describeColorFormat2, err [0x80001001].
11-05 17:58:04.115 E/omx_vdec( 362): : erro: pParamData->nIndex > m_sPortFormatType.nIndex
11-05 17:58:04.115 W/omx_vdec( 362): <__AwOmxVdecGetExtensionIndex:1737>: GetExtensionIndex OMX.google.android.index.describeColorFormat, err [0x80001001].
11-05 17:58:04.115 W/omx_vdec( 362): <__AwOmxVdecGetExtensionIndex:1737>: GetExtensionIndex OMX.google.android.index.describeColorFormat2, err [0x80001001].
11-05 17:58:04.115 E/omx_vdec( 362): : erro: pParamData->nIndex > m_sPortFormatType.nIndex
11-05 17:58:04.115 W/omx_vdec( 362): <__AwOmxVdecGetExtensionIndex:1737>: GetExtensionIndex OMX.google.android.index.describeColorFormat, err [0x80001001].
11-05 17:58:04.116 W/omx_vdec( 362): <__AwOmxVdecGetExtensionIndex:1737>: GetExtensionIndex OMX.google.android.index.describeColorFormat2, err [0x80001001].
11-05 17:58:04.116 E/omx_vdec( 362): : erro: pParamData->nIndex > m_sPortFormatType.nIndex
11-05 17:58:04.116 W/omx_vdec( 362): <__AwOmxVdecGetExtensionIndex:1737>: GetExtensionIndex OMX.google.android.index.describeColorFormat, err [0x80001001].
11-05 17:58:04.116 W/omx_vdec( 362): <__AwOmxVdecGetExtensionIndex:1737>: GetExtensionIndex OMX.google.android.index.describeColorFormat2, err [0x80001001].
11-05 17:58:04.116 E/omx_vdec( 362): : erro: pParamData->nIndex > m_sPortFormatType.nIndex
11-05 17:58:04.116 W/omx_vdec( 362): <__AwOmxVdecGetExtensionIndex:1737>: GetExtensionIndex OMX.google.android.index.describeColorFormat, err [0x80001001].
11-05 17:58:04.116 W/omx_vdec( 362): <__AwOmxVdecGetExtensionIndex:1737>: GetExtensionIndex OMX.google.android.index.describeColorFormat2, err [0x80001001].
11-05 17:58:04.116 E/omx_vdec( 362): : erro: pParamData->nIndex > m_sPortFormatType.nIndex
11-05 17:58:04.117 W/omx_vdec( 362): <__AwOmxVdecGetExtensionIndex:1737>: GetExtensionIndex OMX.google.android.index.describeColorFormat, err [0x80001001].
11-05 17:58:04.117 W/omx_vdec( 362): <__AwOmxVdecGetExtensionIndex:1737>: GetExtensionIndex OMX.google.android.index.describeColorFormat2, err [0x80001001].
11-05 17:58:04.117 E/omx_vdec( 362): : erro: pParamData->nIndex > m_sPortFormatType.nIndex
11-05 17:58:04.118 W/omx_vdec( 362): <__AwOmxVdecGetExtensionIndex:1737>: GetExtensionIndex OMX.google.android.index.describeColorFormat, err [0x80001001].
11-05 17:58:04.118 W/omx_vdec( 362): <__AwOmxVdecGetExtensionIndex:1737>: GetExtensionIndex OMX.google.android.index.describeColorFormat2, err [0x80001001].
11-05 17:58:04.118 E/omx_vdec( 362): : erro: pParamData->nIndex > m_sPortFormatType.nIndex
11-05 17:58:04.118 W/omx_vdec( 362): <__AwOmxVdecGetExtensionIndex:1737>: GetExtensionIndex OMX.google.android.index.describeColorFormat, err [0x80001001].
11-05 17:58:04.118 W/omx_vdec( 362): <__AwOmxVdecGetExtensionIndex:1737>: GetExtensionIndex OMX.google.android.index.describeColorFormat2, err [0x80001001].
11-05 17:58:04.118 E/omx_vdec( 362): : erro: pParamData->nIndex > m_sPortFormatType.nIndex
11-05 17:58:04.119 W/omx_vdec( 362): <__AwOmxVdecGetExtensionIndex:1737>: GetExtensionIndex OMX.google.android.index.describeColorFormat, err [0x80001001].
11-05 17:58:04.119 W/omx_vdec( 362): <__AwOmxVdecGetExtensionIndex:1737>: GetExtensionIndex OMX.google.android.index.describeColorFormat2, err [0x80001001].
11-05 17:58:04.119 E/omx_vdec( 362): : erro: pParamData->nIndex > m_sPortFormatType.nIndex
11-05 17:58:04.119 W/omx_vdec( 362): <__AwOmxVdecGetExtensionIndex:1737>: GetExtensionIndex OMX.google.android.index.describeColorFormat, err [0x80001001].
11-05 17:58:04.119 W/omx_vdec( 362): <__AwOmxVdecGetExtensionIndex:1737>: GetExtensionIndex OMX.google.android.index.describeColorFormat2, err [0x80001001].
11-05 17:58:04.119 E/omx_vdec( 362): : erro: pParamData->nIndex > m_sPortFormatType.nIndex
11-05 17:58:04.119 W/omx_vdec( 362): <__AwOmxVdecGetExtensionIndex:1737>: GetExtensionIndex OMX.google.android.index.describeColorFormat, err [0x80001001].
11-05 17:58:04.120 W/omx_vdec( 362): <__AwOmxVdecGetExtensionIndex:1737>: GetExtensionIndex OMX.google.android.index.describeColorFormat2, err [0x80001001].
11-05 17:58:04.120 E/omx_vdec( 362): : erro: pParamData->nIndex > m_sPortFormatType.nIndex
11-05 17:58:04.120 W/omx_vdec( 362): <__AwOmxVdecGetExtensionIndex:1737>: GetExtensionIndex OMX.google.android.index.describeColorFormat, err [0x80001001].
11-05 17:58:04.120 W/omx_vdec( 362): <__AwOmxVdecGetExtensionIndex:1737>: GetExtensionIndex OMX.google.android.index.describeColorFormat2, err [0x80001001].
11-05 17:58:04.120 E/omx_vdec( 362): : erro: pParamData->nIndex > m_sPortFormatType.nIndex
11-05 17:58:04.120 W/omx_vdec( 362): <__AwOmxVdecGetExtensionIndex:1737>: GetExtensionIndex OMX.google.android.index.describeColorFormat, err [0x80001001].
11-05 17:58:04.120 W/omx_vdec( 362): <__AwOmxVdecGetExtensionIndex:1737>: GetExtensionIndex OMX.google.android.index.describeColorFormat2, err [0x80001001].
11-05 17:58:04.120 E/omx_vdec( 362): : erro: pParamData->nIndex > m_sPortFormatType.nIndex
11-05 17:58:04.120 W/omx_vdec( 362): <__AwOmxVdecGetExtensionIndex:1737>: GetExtensionIndex OMX.google.android.index.describeColorFormat, err [0x80001001].
11-05 17:58:04.121 W/omx_vdec( 362): <__AwOmxVdecGetExtensionIndex:1737>: GetExtensionIndex OMX.google.android.index.describeColorFormat2, err [0x80001001].
11-05 17:58:04.121 E/omx_vdec( 362): : erro: pParamData->nIndex > m_sPortFormatType.nIndex
11-05 17:58:04.121 W/omx_vdec( 362): <__AwOmxVdecGetExtensionIndex:1737>: GetExtensionIndex OMX.google.android.index.describeColorFormat, err [0x80001001].
11-05 17:58:04.121 W/omx_vdec( 362): <__AwOmxVdecGetExtensionIndex:1737>: GetExtensionIndex OMX.google.android.index.describeColorFormat2, err [0x80001001].
11-05 17:58:04.121 E/omx_vdec( 362): : erro: pParamData->nIndex > m_sPortFormatType.nIndex
11-05 17:58:04.121 W/omx_vdec( 362): <__AwOmxVdecGetExtensionIndex:1737>: GetExtensionIndex OMX.google.android.index.describeColorFormat, err [0x80001001].
11-05 17:58:04.121 W/omx_vdec( 362): <__AwOmxVdecGetExtensionIndex:1737>: GetExtensionIndex OMX.google.android.index.describeColorFormat2, err [0x80001001].
11-05 17:58:04.121 E/omx_vdec( 362): : erro: pParamData->nIndex > m_sPortFormatType.nIndex
11-05 17:58:04.121 W/omx_vdec( 362): <__AwOmxVdecGetExtensionIndex:1737>: GetExtensionIndex OMX.google.android.index.describeColorFormat, err [0x80001001].
11-05 17:58:04.122 W/omx_vdec( 362): <__AwOmxVdecGetExtensionIndex:1737>: GetExtensionIndex OMX.google.android.index.describeColorFormat2, err [0x80001001].
11-05 17:58:04.122 E/omx_vdec( 362): : erro: pParamData->nIndex > m_sPortFormatType.nIndex
11-05 17:58:04.122 W/omx_vdec( 362): <__AwOmxVdecGetExtensionIndex:1737>: GetExtensionIndex OMX.google.android.index.describeColorFormat, err [0x80001001].
11-05 17:58:04.122 W/omx_vdec( 362): <__AwOmxVdecGetExtensionIndex:1737>: GetExtensionIndex OMX.google.android.index.describeColorFormat2, err [0x80001001].
11-05 17:58:04.122 E/omx_vdec( 362): : erro: pParamData->nIndex > m_sPortFormatType.nIndex
11-05 17:58:04.122 W/omx_vdec( 362): <__AwOmxVdecGetExtensionIndex:1737>: GetExtensionIndex OMX.google.android.index.describeColorFormat, err [0x80001001].
11-05 17:58:04.122 W/omx_vdec( 362): <__AwOmxVdecGetExtensionIndex:1737>: GetExtensionIndex OMX.google.android.index.describeColorFormat2, err [0x80001001].
11-05 17:58:04.122 E/omx_vdec( 362): : erro: pParamData->nIndex > m_sPortFormatType.nIndex
11-05 17:58:04.123 W/omx_vdec( 362): <__AwOmxVdecGetExtensionIndex:1737>: GetExtensionIndex OMX.google.android.index.describeColorFormat, err [0x80001001].
11-05 17:58:04.123 W/omx_vdec( 362): <__AwOmxVdecGetExtensionIndex:1737>: GetExtensionIndex OMX.google.android.index.describeColorFormat2, err [0x80001001].
11-05 17:58:04.123 E/omx_vdec( 362): : erro: pParamData->nIndex > m_sPortFormatType.nIndex
11-05 17:58:04.123 W/omx_vdec( 362): <__AwOmxVdecGetExtensionIndex:1737>: GetExtensionIndex OMX.google.android.index.describeColorFormat, err [0x80001001].
11-05 17:58:04.123 W/omx_vdec( 362): <__AwOmxVdecGetExtensionIndex:1737>: GetExtensionIndex OMX.google.android.index.describeColorFormat2, err [0x80001001].
11-05 17:58:04.124 E/omx_vdec( 362): : erro: pParamData->nIndex > m_sPortFormatType.nIndex
11-05 17:58:04.124 W/omx_vdec( 362): <__AwOmxVdecGetExtensionIndex:1737>: GetExtensionIndex OMX.google.android.index.describeColorFormat, err [0x80001001].
11-05 17:58:04.124 W/omx_vdec( 362): <__AwOmxVdecGetExtensionIndex:1737>: GetExtensionIndex OMX.google.android.index.describeColorFormat2, err [0x80001001].
11-05 17:58:04.124 E/omx_vdec( 362): : erro: pParamData->nIndex > m_sPortFormatType.nIndex
11-05 17:58:04.124 W/omx_vdec( 362): <__AwOmxVdecGetExtensionIndex:1737>: GetExtensionIndex OMX.google.android.index.describeColorFormat, err [0x80001001].
11-05 17:58:04.124 W/omx_vdec( 362): <__AwOmxVdecGetExtensionIndex:1737>: GetExtensionIndex OMX.google.android.index.describeColorFormat2, err [0x80001001].
11-05 17:58:04.125 E/omx_vdec( 362): : erro: pParamData->nIndex > m_sPortFormatType.nIndex
11-05 17:58:04.125 W/omx_vdec( 362): <__AwOmxVdecGetExtensionIndex:1737>: GetExtensionIndex OMX.google.android.index.describeColorFormat, err [0x80001001].
11-05 17:58:04.125 W/omx_vdec( 362): <__AwOmxVdecGetExtensionIndex:1737>: GetExtensionIndex OMX.google.android.index.describeColorFormat2, err [0x80001001].
11-05 17:58:04.125 E/omx_vdec( 362): : erro: pParamData->nIndex > m_sPortFormatType.nIndex
11-05 17:58:04.125 W/omx_vdec( 362): <__AwOmxVdecGetExtensionIndex:1737>: GetExtensionIndex OMX.google.android.index.describeColorFormat, err [0x80001001].
11-05 17:58:04.126 W/omx_vdec( 362): <__AwOmxVdecGetExtensionIndex:1737>: GetExtensionIndex OMX.google.android.index.describeColorFormat2, err [0x80001001].
11-05 17:58:04.126 E/omx_vdec( 362): : erro: pParamData->nIndex > m_sPortFormatType.nIndex
11-05 17:58:04.126 W/omx_vdec( 362): <__AwOmxVdecGetExtensionIndex:1737>: GetExtensionIndex OMX.google.android.index.describeColorFormat, err [0x80001001].
11-05 17:58:04.126 W/omx_vdec( 362): <__AwOmxVdecGetExtensionIndex:1737>: GetExtensionIndex OMX.google.android.index.describeColorFormat2, err [0x80001001].
11-05 17:58:04.126 E/omx_vdec( 362): : erro: pParamData->nIndex > m_sPortFormatType.nIndex
11-05 17:58:04.126 W/omx_vdec( 362): <__AwOmxVdecGetExtensionIndex:1737>: GetExtensionIndex OMX.google.android.index.describeColorFormat, err [0x80001001].
11-05 17:58:04.126 W/omx_vdec( 362): <__AwOmxVdecGetExtensionIndex:1737>: GetExtensionIndex OMX.google.android.index.describeColorFormat2, err [0x80001001].
11-05 17:58:04.126 E/omx_vdec( 362): : erro: pParamData->nIndex > m_sPortFormatType.nIndex
11-05 17:58:04.127 W/omx_vdec( 362): <__AwOmxVdecGetExtensionIndex:1737>: GetExtensionIndex OMX.google.android.index.describeColorFormat, err [0x80001001].
11-05 17:58:04.127 W/omx_vdec( 362): <__AwOmxVdecGetExtensionIndex:1737>: GetExtensionIndex OMX.google.android.index.describeColorFormat2, err [0x80001001].
11-05 17:58:04.127 E/omx_vdec( 362): : erro: pParamData->nIndex > m_sPortFormatType.nIndex
11-05 17:58:04.127 W/omx_vdec( 362): <__AwOmxVdecGetExtensionIndex:1737>: GetExtensionIndex OMX.google.android.index.describeColorFormat, err [0x80001001].
11-05 17:58:04.127 W/omx_vdec( 362): <__AwOmxVdecGetExtensionIndex:1737>: GetExtensionIndex OMX.google.android.index.describeColorFormat2, err [0x80001001].
11-05 17:58:04.127 E/omx_vdec( 362): : erro: pParamData->nIndex > m_sPortFormatType.nIndex
11-05 17:58:04.128 W/omx_vdec( 362): <__AwOmxVdecGetExtensionIndex:1737>: GetExtensionIndex OMX.google.android.index.describeColorFormat, err [0x80001001].
11-05 17:58:04.128 W/omx_vdec( 362): <__AwOmxVdecGetExtensionIndex:1737>: GetExtensionIndex OMX.google.android.index.describeColorFormat2, err [0x80001001].
11-05 17:58:04.128 E/omx_vdec( 362): : erro: pParamData->nIndex > m_sPortFormatType.nIndex
11-05 17:58:04.128 W/omx_vdec( 362): <__AwOmxVdecGetExtensionIndex:1737>: GetExtensionIndex OMX.google.android.index.describeColorFormat, err [0x80001001].
11-05 17:58:04.128 W/omx_vdec( 362): <__AwOmxVdecGetExtensionIndex:1737>: GetExtensionIndex OMX.google.android.index.describeColorFormat2, err [0x80001001].
11-05 17:58:04.128 W/ACodec ( 356): [OMX.allwinner.video.decoder.avc] stopping checking formats after 32: COLOR_FormatYUV420Planar(13)
11-05 17:58:04.128 W/omx_vdec( 362): <__AwOmxVdecGetExtensionIndex:1737>: GetExtensionIndex OMX.google.android.index.configureVideoTunnelMode, err [0x80001001].
11-05 17:58:04.128 E/OMXNodeInstance( 362): getExtensionIndex(0xed20a000:allwinner.decoder.avc, OMX.google.android.index.configureVideoTunnelMode) ERROR: Undefined(0x80001001)
11-05 17:58:04.129 D/MediaCodecInfo( 356): detail feature-tunneled-playback wasn't present to remove
11-05 17:58:04.129 W/omx_vdec( 362): <__AwOmxVdecGetExtensionIndex:1737>: GetExtensionIndex OMX.google.android.index.storeANWBufferInMetadata, err [0x80001001].
11-05 17:58:04.129 W/omx_vdec_aw( 362): <__anSetExtPara:3011>: Setparameter: unknown param 2131755011
11-05 17:58:04.129 W/OMXNodeInstance( 362): [0xed20a000:allwinner.decoder.avc] component does not support metadata mode; using fallback
11-05 17:58:04.129 W/libc ( 362): invalid pthread_t (0) passed to pthread_join
11-05 17:58:04.129 W/libc ( 362): invalid pthread_t (0) passed to pthread_join
11-05 17:58:04.129 W/libc ( 362): invalid pthread_t (0) passed to pthread_join
11-05 17:58:04.133 I/OMXClient( 356): IOmx service obtained
11-05 17:58:04.134 I/OMXStore( 362): makeComponentInstance(OMX.allwinner.video.decoder.avc.secure) in android.hardwar process
11-05 17:58:04.140 E/omx_vdec( 362): : This platform does not support secure video playback
11-05 17:58:04.140 E/omx_sem ( 362): : handle is null
11-05 17:58:04.140 E/omx_sem ( 362): : handle is null
11-05 17:58:04.140 E/omx_sem ( 362): : handle is null
11-05 17:58:04.140 E/omx_sem ( 362): : handle is null
11-05 17:58:04.140 E/omx_sem ( 362): : handle is null
11-05 17:58:04.140 W/omx_vdec_aw( 362): : pdec is null
11-05 17:58:04.140 E/android.hardware.media.omx@1.0-service( 362): Failed to allocate omx component 'OMX.allwinner.video.decoder.avc.secure' err=InvalidComponentName(0x80001002)
11-05 17:58:04.140 W/OmxInfoBuilder( 356): Fail to add media type video/avc to codec OMX.allwinner.video.decoder.avc.secure
11-05 17:58:04.142 I/OMXClient( 356): IOmx service obtained
11-05 17:58:04.142 I/OMXStore( 362): makeComponentInstance(OMX.allwinner.video.decoder.hevc) in android.hardwar process
11-05 17:58:04.136 I/ndroid.systemui( 749): type=1400 audit(0.0:331): avc: denied { getattr } for path="/data/user_de/0/com.android.systemui" dev="mmcblk0p25" ino=486 scontext=u:r:platform_app:s0:c512,c768 tcontext=u:object_r:app_data_file:s0:c512,c768 tclass=dir permissive=1 app=com.softwinner.screenshot
11-05 17:58:04.143 I/omx_vdec_aw( 362): : OmxDecoderCreate.
11-05 17:58:04.149 I/logd ( 793): start watching /data/system/packages.list ...
11-05 17:58:04.151 I/logd ( 793): ReadPackageList, total packages: 82
11-05 17:58:04.146 W/omx_vdec( 362): <__AwOmxVdecSetParameter:1561>: Set Parameter called in valid state
11-05 17:58:04.146 W/omx_vdec( 362): : pParamProfileLevel->nProfileIndex[0x1] error!
11-05 17:58:04.146 E/OMXNodeInstance( 362): getParameter(0xed20a000:allwinner.decoder.hevc, ParamVideoProfileLevelQuerySupported(0x600000f)) ERROR: BadParameter(0x80001005)
11-05 17:58:04.146 W/omx_vdec( 362): <__AwOmxVdecGetExtensionIndex:1737>: GetExtensionIndex OMX.google.android.index.describeColorFormat, err [0x80001001].
11-05 17:58:04.146 W/omx_vdec( 362): <__AwOmxVdecGetExtensionIndex:1737>: GetExtensionIndex OMX.google.android.index.describeColorFormat2, err [0x80001001].
11-05 17:58:04.147 E/omx_vdec( 362): : erro: pParamData->nIndex > m_sPortFormatType.nIndex
11-05 17:58:04.147 W/omx_vdec( 362): <__AwOmxVdecGetExtensionIndex:1737>: GetExtensionIndex OMX.google.android.index.describeColorFormat, err [0x80001001].
11-05 17:58:04.147 W/omx_vdec( 362): <__AwOmxVdecGetExtensionIndex:1737>: GetExtensionIndex OMX.google.android.index.describeColorFormat2, err [0x80001001].
11-05 17:58:04.147 E/omx_vdec( 362): : erro: pParamData->nIndex > m_sPortFormatType.nIndex
11-05 17:58:04.147 V/GraphicsEnvironment( 758): ANGLE Developer option for 'com.android.permissioncontroller' set to: 'default'
11-05 17:58:04.147 W/omx_vdec( 362): <__AwOmxVdecGetExtensionIndex:1737>: GetExtensionIndex OMX.google.android.index.describeColorFormat, err [0x80001001].
11-05 17:58:04.147 V/GraphicsEnvironment( 758): Neither updatable production driver nor prerelease driver is supported.
11-05 17:58:04.147 W/omx_vdec( 362): <__AwOmxVdecGetExtensionIndex:1737>: GetExtensionIndex OMX.google.android.index.describeColorFormat2, err [0x80001001].
11-05 17:58:04.147 E/omx_vdec( 362): : erro: pParamData->nIndex > m_sPortFormatType.nIndex
11-05 17:58:04.147 W/omx_vdec( 362): <__AwOmxVdecGetExtensionIndex:1737>: GetExtensionIndex OMX.google.android.index.describeColorFormat, err [0x80001001].
11-05 17:58:04.148 W/omx_vdec( 362): <__AwOmxVdecGetExtensionIndex:1737>: GetExtensionIndex OMX.google.android.index.describeColorFormat2, err [0x80001001].
11-05 17:58:04.148 E/omx_vdec( 362): : erro: pParamData->nIndex > m_sPortFormatType.nIndex
11-05 17:58:04.148 W/omx_vdec( 362): <__AwOmxVdecGetExtensionIndex:1737>: GetExtensionIndex OMX.google.android.index.describeColorFormat, err [0x80001001].
11-05 17:58:04.148 W/omx_vdec( 362): <__AwOmxVdecGetExtensionIndex:1737>: GetExtensionIndex OMX.google.android.index.describeColorFormat2, err [0x80001001].
11-05 17:58:04.148 E/omx_vdec( 362): : erro: pParamData->nIndex > m_sPortFormatType.nIndex
11-05 17:58:04.148 W/omx_vdec( 362): <__AwOmxVdecGetExtensionIndex:1737>: GetExtensionIndex OMX.google.android.index.describeColorFormat, err [0x80001001].
11-05 17:58:04.148 W/omx_vdec( 362): <__AwOmxVdecGetExtensionIndex:1737>: GetExtensionIndex OMX.google.android.index.describeColorFormat2, err [0x80001001].
11-05 17:58:04.148 E/omx_vdec( 362): : erro: pParamData->nIndex > m_sPortFormatType.nIndex
11-05 17:58:04.152 I/WCN ( 277): combin_img 4 marlin_firmware_write finish and successful
11-05 17:58:04.152 I/WCN ( 277): marlin_start_run read reset reg val:0x180008
11-05 17:58:04.152 I/WCN ( 277): after do marlin_start_run reset reg val:0x80008
11-05 17:58:04.148 W/omx_vdec( 362): <__AwOmxVdecGetExtensionIndex:1737>: GetExtensionIndex OMX.google.android.index.describeColorFormat, err [0x80001001].
11-05 17:58:04.149 W/omx_vdec( 362): <__AwOmxVdecGetExtensionIndex:1737>: GetExtensionIndex OMX.google.android.index.describeColorFormat2, err [0x80001001].
11-05 17:58:04.149 D/NetworkSecurityConfig( 758): No Network Security Config specified, using platform default
11-05 17:58:04.149 E/omx_vdec( 362): : erro: pParamData->nIndex > m_sPortFormatType.nIndex
11-05 17:58:04.149 W/omx_vdec( 362): <__AwOmxVdecGetExtensionIndex:1737>: GetExtensionIndex OMX.google.android.index.describeColorFormat, err [0x80001001].
11-05 17:58:04.149 W/omx_vdec( 362): <__AwOmxVdecGetExtensionIndex:1737>: GetExtensionIndex OMX.google.android.index.describeColorFormat2, err [0x80001001].
11-05 17:58:04.149 E/omx_vdec( 362): : erro: pParamData->nIndex > m_sPortFormatType.nIndex
11-05 17:58:04.149 D/NetworkSecurityConfig( 758): No Network Security Config specified, using platform default
11-05 17:58:04.150 W/omx_vdec( 362): <__AwOmxVdecGetExtensionIndex:1737>: GetExtensionIndex OMX.google.android.index.describeColorFormat, err [0x80001001].
11-05 17:58:04.150 W/omx_vdec( 362): <__AwOmxVdecGetExtensionIndex:1737>: GetExtensionIndex OMX.google.android.index.describeColorFormat2, err [0x80001001].
11-05 17:58:04.150 E/omx_vdec( 362): : erro: pParamData->nIndex > m_sPortFormatType.nIndex
11-05 17:58:04.150 W/omx_vdec( 362): <__AwOmxVdecGetExtensionIndex:1737>: GetExtensionIndex OMX.google.android.index.describeColorFormat, err [0x80001001].
11-05 17:58:04.150 W/omx_vdec( 362): <__AwOmxVdecGetExtensionIndex:1737>: GetExtensionIndex OMX.google.android.index.describeColorFormat2, err [0x80001001].
11-05 17:58:04.150 E/omx_vdec( 362): : erro: pParamData->nIndex > m_sPortFormatType.nIndex
11-05 17:58:04.150 W/omx_vdec( 362): <__AwOmxVdecGetExtensionIndex:1737>: GetExtensionIndex OMX.google.android.index.describeColorFormat, err [0x80001001].
11-05 17:58:04.150 W/omx_vdec( 362): <__AwOmxVdecGetExtensionIndex:1737>: GetExtensionIndex OMX.google.android.index.describeColorFormat2, err [0x80001001].
11-05 17:58:04.150 E/omx_vdec( 362): : erro: pParamData->nIndex > m_sPortFormatType.nIndex
11-05 17:58:04.150 W/omx_vdec( 362): <__AwOmxVdecGetExtensionIndex:1737>: GetExtensionIndex OMX.google.android.index.describeColorFormat, err [0x80001001].
11-05 17:58:04.151 W/omx_vdec( 362): <__AwOmxVdecGetExtensionIndex:1737>: GetExtensionIndex OMX.google.android.index.describeColorFormat2, err [0x80001001].
11-05 17:58:04.151 E/omx_vdec( 362): : erro: pParamData->nIndex > m_sPortFormatType.nIndex
11-05 17:58:04.151 W/omx_vdec( 362): <__AwOmxVdecGetExtensionIndex:1737>: GetExtensionIndex OMX.google.android.index.describeColorFormat, err [0x80001001].
11-05 17:58:04.151 W/omx_vdec( 362): <__AwOmxVdecGetExtensionIndex:1737>: GetExtensionIndex OMX.google.android.index.describeColorFormat2, err [0x80001001].
11-05 17:58:04.151 E/omx_vdec( 362): : erro: pParamData->nIndex > m_sPortFormatType.nIndex
11-05 17:58:04.151 W/omx_vdec( 362): <__AwOmxVdecGetExtensionIndex:1737>: GetExtensionIndex OMX.google.android.index.describeColorFormat, err [0x80001001].
11-05 17:58:04.151 W/omx_vdec( 362): <__AwOmxVdecGetExtensionIndex:1737>: GetExtensionIndex OMX.google.android.index.describeColorFormat2, err [0x80001001].
11-05 17:58:04.152 E/omx_vdec( 362): : erro: pParamData->nIndex > m_sPortFormatType.nIndex
11-05 17:58:04.152 W/omx_vdec( 362): <__AwOmxVdecGetExtensionIndex:1737>: GetExtensionIndex OMX.google.android.index.describeColorFormat, err [0x80001001].
11-05 17:58:04.152 W/omx_vdec( 362): <__AwOmxVdecGetExtensionIndex:1737>: GetExtensionIndex OMX.google.android.index.describeColorFormat2, err [0x80001001].
11-05 17:58:04.152 E/omx_vdec( 362): : erro: pParamData->nIndex > m_sPortFormatType.nIndex
11-05 17:58:04.152 W/omx_vdec( 362): <__AwOmxVdecGetExtensionIndex:1737>: GetExtensionIndex OMX.google.android.index.describeColorFormat, err [0x80001001].
11-05 17:58:04.152 W/omx_vdec( 362): <__AwOmxVdecGetExtensionIndex:1737>: GetExtensionIndex OMX.google.android.index.describeColorFormat2, err [0x80001001].
11-05 17:58:04.152 E/omx_vdec( 362): : erro: pParamData->nIndex > m_sPortFormatType.nIndex
11-05 17:58:04.152 I/WCN ( 277): s_marlin_bootup_time=26083560524
11-05 17:58:04.158 I/WCN ( 277): clock mode: TCXO, outside clock
11-05 17:58:04.158 I/WCN ( 277): marlin_write_cali_data sync init_state:0x0
11-05 17:58:04.153 W/omx_vdec( 362): <__AwOmxVdecGetExtensionIndex:1737>: GetExtensionIndex OMX.google.android.index.describeColorFormat, err [0x80001001].
11-05 17:58:04.153 W/omx_vdec( 362): <__AwOmxVdecGetExtensionIndex:1737>: GetExtensionIndex OMX.google.android.index.describeColorFormat2, err [0x80001001].
11-05 17:58:04.154 E/omx_vdec( 362): : erro: pParamData->nIndex > m_sPortFormatType.nIndex
11-05 17:58:04.154 W/omx_vdec( 362): <__AwOmxVdecGetExtensionIndex:1737>: GetExtensionIndex OMX.google.android.index.describeColorFormat, err [0x80001001].
11-05 17:58:04.154 W/omx_vdec( 362): <__AwOmxVdecGetExtensionIndex:1737>: GetExtensionIndex OMX.google.android.index.describeColorFormat2, err [0x80001001].
11-05 17:58:04.154 E/omx_vdec( 362): : erro: pParamData->nIndex > m_sPortFormatType.nIndex
11-05 17:58:04.154 W/omx_vdec( 362): <__AwOmxVdecGetExtensionIndex:1737>: GetExtensionIndex OMX.google.android.index.describeColorFormat, err [0x80001001].
11-05 17:58:04.154 W/omx_vdec( 362): <__AwOmxVdecGetExtensionIndex:1737>: GetExtensionIndex OMX.google.android.index.describeColorFormat2, err [0x80001001].
11-05 17:58:04.154 E/omx_vdec( 362): : erro: pParamData->nIndex > m_sPortFormatType.nIndex
11-05 17:58:04.154 W/omx_vdec( 362): <__AwOmxVdecGetExtensionIndex:1737>: GetExtensionIndex OMX.google.android.index.describeColorFormat, err [0x80001001].
11-05 17:58:04.154 W/omx_vdec( 362): <__AwOmxVdecGetExtensionIndex:1737>: GetExtensionIndex OMX.google.android.index.describeColorFormat2, err [0x80001001].
11-05 17:58:04.155 E/omx_vdec( 362): : erro: pParamData->nIndex > m_sPortFormatType.nIndex
11-05 17:58:04.155 W/omx_vdec( 362): <__AwOmxVdecGetExtensionIndex:1737>: GetExtensionIndex OMX.google.android.index.describeColorFormat, err [0x80001001].
11-05 17:58:04.155 W/omx_vdec( 362): <__AwOmxVdecGetExtensionIndex:1737>: GetExtensionIndex OMX.google.android.index.describeColorFormat2, err [0x80001001].
11-05 17:58:04.155 E/omx_vdec( 362): : erro: pParamData->nIndex > m_sPortFormatType.nIndex
11-05 17:58:04.155 W/omx_vdec( 362): <__AwOmxVdecGetExtensionIndex:1737>: GetExtensionIndex OMX.google.android.index.describeColorFormat, err [0x80001001].
11-05 17:58:04.155 W/omx_vdec( 362): <__AwOmxVdecGetExtensionIndex:1737>: GetExtensionIndex OMX.google.android.index.describeColorFormat2, err [0x80001001].
11-05 17:58:04.155 E/omx_vdec( 362): : erro: pParamData->nIndex > m_sPortFormatType.nIndex
11-05 17:58:04.155 W/omx_vdec( 362): <__AwOmxVdecGetExtensionIndex:1737>: GetExtensionIndex OMX.google.android.index.describeColorFormat, err [0x80001001].
11-05 17:58:04.156 W/omx_vdec( 362): <__AwOmxVdecGetExtensionIndex:1737>: GetExtensionIndex OMX.google.android.index.describeColorFormat2, err [0x80001001].
11-05 17:58:04.156 E/omx_vdec( 362): : erro: pParamData->nIndex > m_sPortFormatType.nIndex
11-05 17:58:04.156 W/omx_vdec( 362): <__AwOmxVdecGetExtensionIndex:1737>: GetExtensionIndex OMX.google.android.index.describeColorFormat, err [0x80001001].
11-05 17:58:04.156 W/omx_vdec( 362): <__AwOmxVdecGetExtensionIndex:1737>: GetExtensionIndex OMX.google.android.index.describeColorFormat2, err [0x80001001].
11-05 17:58:04.156 E/omx_vdec( 362): : erro: pParamData->nIndex > m_sPortFormatType.nIndex
11-05 17:58:04.156 W/omx_vdec( 362): <__AwOmxVdecGetExtensionIndex:1737>: GetExtensionIndex OMX.google.android.index.describeColorFormat, err [0x80001001].
11-05 17:58:04.156 W/omx_vdec( 362): <__AwOmxVdecGetExtensionIndex:1737>: GetExtensionIndex OMX.google.android.index.describeColorFormat2, err [0x80001001].
11-05 17:58:04.156 E/omx_vdec( 362): : erro: pParamData->nIndex > m_sPortFormatType.nIndex
11-05 17:58:04.157 W/omx_vdec( 362): <__AwOmxVdecGetExtensionIndex:1737>: GetExtensionIndex OMX.google.android.index.describeColorFormat, err [0x80001001].
11-05 17:58:04.157 W/omx_vdec( 362): <__AwOmxVdecGetExtensionIndex:1737>: GetExtensionIndex OMX.google.android.index.describeColorFormat2, err [0x80001001].
11-05 17:58:04.157 E/omx_vdec( 362): : erro: pParamData->nIndex > m_sPortFormatType.nIndex
11-05 17:58:04.157 W/omx_vdec( 362): <__AwOmxVdecGetExtensionIndex:1737>: GetExtensionIndex OMX.google.android.index.describeColorFormat, err [0x80001001].
11-05 17:58:04.157 W/omx_vdec( 362): <__AwOmxVdecGetExtensionIndex:1737>: GetExtensionIndex OMX.google.android.index.describeColorFormat2, err [0x80001001].
11-05 17:58:04.157 E/omx_vdec( 362): : erro: pParamData->nIndex > m_sPortFormatType.nIndex
11-05 17:58:04.157 W/omx_vdec( 362): <__AwOmxVdecGetExtensionIndex:1737>: GetExtensionIndex OMX.google.android.index.describeColorFormat, err [0x80001001].
11-05 17:58:04.157 W/omx_vdec( 362): <__AwOmxVdecGetExtensionIndex:1737>: GetExtensionIndex OMX.google.android.index.describeColorFormat2, err [0x80001001].
11-05 17:58:04.158 E/omx_vdec( 362): : erro: pParamData->nIndex > m_sPortFormatType.nIndex
11-05 17:58:04.158 W/omx_vdec( 362): <__AwOmxVdecGetExtensionIndex:1737>: GetExtensionIndex OMX.google.android.index.describeColorFormat, err [0x80001001].
11-05 17:58:04.158 W/omx_vdec( 362): <__AwOmxVdecGetExtensionIndex:1737>: GetExtensionIndex OMX.google.android.index.describeColorFormat2, err [0x80001001].
11-05 17:58:04.158 E/omx_vdec( 362): : erro: pParamData->nIndex > m_sPortFormatType.nIndex
11-05 17:58:04.158 W/omx_vdec( 362): <__AwOmxVdecGetExtensionIndex:1737>: GetExtensionIndex OMX.google.android.index.describeColorFormat, err [0x80001001].
11-05 17:58:04.158 W/omx_vdec( 362): <__AwOmxVdecGetExtensionIndex:1737>: GetExtensionIndex OMX.google.android.index.describeColorFormat2, err [0x80001001].
11-05 17:58:04.158 E/omx_vdec( 362): : erro: pParamData->nIndex > m_sPortFormatType.nIndex
11-05 17:58:04.158 W/omx_vdec( 362): <__AwOmxVdecGetExtensionIndex:1737>: GetExtensionIndex OMX.google.android.index.describeColorFormat, err [0x80001001].
11-05 17:58:04.158 W/omx_vdec( 362): <__AwOmxVdecGetExtensionIndex:1737>: GetExtensionIndex OMX.google.android.index.describeColorFormat2, err [0x80001001].
11-05 17:58:04.159 E/omx_vdec( 362): : erro: pParamData->nIndex > m_sPortFormatType.nIndex
11-05 17:58:04.159 W/omx_vdec( 362): <__AwOmxVdecGetExtensionIndex:1737>: GetExtensionIndex OMX.google.android.index.describeColorFormat, err [0x80001001].
11-05 17:58:04.159 W/omx_vdec( 362): <__AwOmxVdecGetExtensionIndex:1737>: GetExtensionIndex OMX.google.android.index.describeColorFormat2, err [0x80001001].
11-05 17:58:04.159 E/omx_vdec( 362): : erro: pParamData->nIndex > m_sPortFormatType.nIndex
11-05 17:58:04.159 W/omx_vdec( 362): <__AwOmxVdecGetExtensionIndex:1737>: GetExtensionIndex OMX.google.android.index.describeColorFormat, err [0x80001001].
11-05 17:58:04.159 W/omx_vdec( 362): <__AwOmxVdecGetExtensionIndex:1737>: GetExtensionIndex OMX.google.android.index.describeColorFormat2, err [0x80001001].
11-05 17:58:04.159 W/ACodec ( 356): [OMX.allwinner.video.decoder.hevc] stopping checking formats after 32: COLOR_FormatYUV420Planar(13)
11-05 17:58:04.159 W/omx_vdec( 362): <__AwOmxVdecGetExtensionIndex:1737>: GetExtensionIndex OMX.google.android.index.configureVideoTunnelMode, err [0x80001001].
11-05 17:58:04.159 E/OMXNodeInstance( 362): getExtensionIndex(0xed20a000:allwinner.decoder.hevc, OMX.google.android.index.configureVideoTunnelMode) ERROR: Undefined(0x80001001)
11-05 17:58:04.159 D/MediaCodecInfo( 356): detail feature-tunneled-playback wasn't present to remove
11-05 17:58:04.160 W/omx_vdec( 362): <__AwOmxVdecGetExtensionIndex:1737>: GetExtensionIndex OMX.google.android.index.storeANWBufferInMetadata, err [0x80001001].
11-05 17:58:04.160 W/omx_vdec_aw( 362): <__anSetExtPara:3011>: Setparameter: unknown param 2131755011
11-05 17:58:04.160 W/OMXNodeInstance( 362): [0xed20a000:allwinner.decoder.hevc] component does not support metadata mode; using fallback
11-05 17:58:04.160 W/libc ( 362): invalid pthread_t (0) passed to pthread_join
11-05 17:58:04.160 W/libc ( 362): invalid pthread_t (0) passed to pthread_join
11-05 17:58:04.160 W/libc ( 362): invalid pthread_t (0) passed to pthread_join
11-05 17:58:04.162 I/OMXClient( 356): IOmx service obtained
11-05 17:58:04.163 I/OMXStore( 362): makeComponentInstance(OMX.allwinner.video.decoder.hevc.secure) in android.hardwar process
11-05 17:58:04.163 I/CarUiInstaller( 758): CarUiInstaller started for com.android.permissioncontroller
11-05 17:58:04.164 E/omx_vdec( 362): : This platform does not support secure video playback
11-05 17:58:04.164 E/omx_sem ( 362): : handle is null
11-05 17:58:04.164 E/omx_sem ( 362): : handle is null
11-05 17:58:04.164 E/omx_sem ( 362): : handle is null
11-05 17:58:04.164 E/omx_sem ( 362): : handle is null
11-05 17:58:04.164 E/omx_sem ( 362): : handle is null
11-05 17:58:04.164 W/omx_vdec_aw( 362): : pdec is null
11-05 17:58:04.164 E/android.hardware.media.omx@1.0-service( 362): Failed to allocate omx component 'OMX.allwinner.video.decoder.hevc.secure' err=InvalidComponentName(0x80001002)
11-05 17:58:04.164 W/OmxInfoBuilder( 356): Fail to add media type video/hevc to codec OMX.allwinner.video.decoder.hevc.secure
11-05 17:58:04.165 I/OMXClient( 356): IOmx service obtained
11-05 17:58:04.166 I/OMXStore( 362): makeComponentInstance(OMX.allwinner.video.decoder.mpeg2) in android.hardwar process
11-05 17:58:04.167 I/omx_vdec_aw( 362): : OmxDecoderCreate.
11-05 17:58:04.168 W/omx_vdec( 362): <__AwOmxVdecSetParameter:1561>: Set Parameter called in valid state
11-05 17:58:04.172 W/omx_vdec( 362): : pParamProfileLevel->nProfileIndex[0x2] error!
11-05 17:58:04.172 E/OMXNodeInstance( 362): getParameter(0xed20a000:allwinner.decoder.mpeg2, ParamVideoProfileLevelQuerySupported(0x600000f)) ERROR: BadParameter(0x80001005)
11-05 17:58:04.172 W/omx_vdec( 362): <__AwOmxVdecGetExtensionIndex:1737>: GetExtensionIndex OMX.google.android.index.describeColorFormat, err [0x80001001].
11-05 17:58:04.172 W/omx_vdec( 362): <__AwOmxVdecGetExtensionIndex:1737>: GetExtensionIndex OMX.google.android.index.describeColorFormat2, err [0x80001001].
11-05 17:58:04.173 E/omx_vdec( 362): : erro: pParamData->nIndex > m_sPortFormatType.nIndex
11-05 17:58:04.173 W/omx_vdec( 362): <__AwOmxVdecGetExtensionIndex:1737>: GetExtensionIndex OMX.google.android.index.describeColorFormat, err [0x80001001].
11-05 17:58:04.173 W/omx_vdec( 362): <__AwOmxVdecGetExtensionIndex:1737>: GetExtensionIndex OMX.google.android.index.describeColorFormat2, err [0x80001001].
11-05 17:58:04.173 E/omx_vdec( 362): : erro: pParamData->nIndex > m_sPortFormatType.nIndex
11-05 17:58:04.173 W/omx_vdec( 362): <__AwOmxVdecGetExtensionIndex:1737>: GetExtensionIndex OMX.google.android.index.describeColorFormat, err [0x80001001].
11-05 17:58:04.173 W/omx_vdec( 362): <__AwOmxVdecGetExtensionIndex:1737>: GetExtensionIndex OMX.google.android.index.describeColorFormat2, err [0x80001001].
11-05 17:58:04.173 E/omx_vdec( 362): : erro: pParamData->nIndex > m_sPortFormatType.nIndex
11-05 17:58:04.173 W/omx_vdec( 362): <__AwOmxVdecGetExtensionIndex:1737>: GetExtensionIndex OMX.google.android.index.describeColorFormat, err [0x80001001].
11-05 17:58:04.174 W/omx_vdec( 362): <__AwOmxVdecGetExtensionIndex:1737>: GetExtensionIndex OMX.google.android.index.describeColorFormat2, err [0x80001001].
11-05 17:58:04.174 E/omx_vdec( 362): : erro: pParamData->nIndex > m_sPortFormatType.nIndex
11-05 17:58:04.174 W/omx_vdec( 362): <__AwOmxVdecGetExtensionIndex:1737>: GetExtensionIndex OMX.google.android.index.describeColorFormat, err [0x80001001].
11-05 17:58:04.174 W/omx_vdec( 362): <__AwOmxVdecGetExtensionIndex:1737>: GetExtensionIndex OMX.google.android.index.describeColorFormat2, err [0x80001001].
11-05 17:58:04.174 E/omx_vdec( 362): : erro: pParamData->nIndex > m_sPortFormatType.nIndex
11-05 17:58:04.174 W/omx_vdec( 362): <__AwOmxVdecGetExtensionIndex:1737>: GetExtensionIndex OMX.google.android.index.describeColorFormat, err [0x80001001].
11-05 17:58:04.174 W/omx_vdec( 362): <__AwOmxVdecGetExtensionIndex:1737>: GetExtensionIndex OMX.google.android.index.describeColorFormat2, err [0x80001001].
11-05 17:58:04.174 E/omx_vdec( 362): : erro: pParamData->nIndex > m_sPortFormatType.nIndex
11-05 17:58:04.175 W/omx_vdec( 362): <__AwOmxVdecGetExtensionIndex:1737>: GetExtensionIndex OMX.google.android.index.describeColorFormat, err [0x80001001].
11-05 17:58:04.175 W/omx_vdec( 362): <__AwOmxVdecGetExtensionIndex:1737>: GetExtensionIndex OMX.google.android.index.describeColorFormat2, err [0x80001001].
11-05 17:58:04.175 E/omx_vdec( 362): : erro: pParamData->nIndex > m_sPortFormatType.nIndex
11-05 17:58:04.175 W/omx_vdec( 362): <__AwOmxVdecGetExtensionIndex:1737>: GetExtensionIndex OMX.google.android.index.describeColorFormat, err [0x80001001].
11-05 17:58:04.175 W/omx_vdec( 362): <__AwOmxVdecGetExtensionIndex:1737>: GetExtensionIndex OMX.google.android.index.describeColorFormat2, err [0x80001001].
11-05 17:58:04.175 V/AdapterServiceConfig( 731): Adding HeadsetService
