11-05 17:58:03.303 I/UsbDeviceManager( 520): Usb gadget hal service started android.hardware.usb.gadget@1.0::IUsbGadget default
11-05 17:58:03.304 I/android_os_HwBinder( 520): HwBinder: Starting thread pool for getting: android.hardware.usb.gadget@1.0::IUsbGadget/default
11-05 17:58:03.304 D/ConnectivityService( 520): NetReassign [no changes]
11-05 17:58:03.308 I/android_os_HwBinder( 520): HwBinder: Starting thread pool for getting: android.hardware.usb.gadget@1.0::IUsbGadget/default
11-05 17:58:03.309 E/UsbDeviceManager( 520): prcessing MSG_GET_CURRENT_USB_FUNCTIONS
11-05 17:58:03.310 V/HistoricalRegistry( 520): Interaction before persistence initialized
11-05 17:58:03.310 E/UsbDeviceManager( 520): updating mCurrentFunctions
11-05 17:58:03.310 V/HistoricalRegistry( 520): Interaction before persistence initialized
11-05 17:58:03.310 E/UsbDeviceManager( 520): mCurrentFunctions:0applied:1
11-05 17:58:03.310 I/android_os_HwBinder( 520): HwBinder: Starting thread pool for getting: android.hidl.manager@1.0::IServiceManager/default
11-05 17:58:03.312 I/SystemServerTiming( 520): StartSoundTrigger
11-05 17:58:03.312 I/SystemServiceManager( 520): Starting com.android.server.soundtrigger.SoundTriggerService
11-05 17:58:03.312 I/UsbPortManager( 520): Usb hal service started android.hardware.usb@1.0::IUsb default
11-05 17:58:03.313 I/SystemServerTiming( 520): StartTrustManager
11-05 17:58:03.313 I/SystemServiceManager( 520): Starting com.android.server.trust.TrustManagerService
11-05 17:58:03.314 I/android_os_HwBinder( 520): HwBinder: Starting thread pool for getting: android.hardware.usb@1.0::IUsb/default
11-05 17:58:03.315 I/android.hardware.usb@1.0-service( 262): registering callback
11-05 17:58:03.315 E/android.hardware.usb@1.0-service( 262): creating thread
11-05 17:58:03.315 I/SystemServerTiming( 520): StartBackupManager
11-05 17:58:03.316 E/android.hardware.usb@1.0-service( 262): Failed to open /sys/class/typec
11-05 17:58:03.316 I/SystemServiceManager( 520): Starting com.android.server.backup.BackupManagerService$Lifecycle
11-05 17:58:03.317 I/UsbPortManager( 520): USB HAL version: 10
11-05 17:58:03.320 D/SystemServerInitThreadPool( 520): Finished executing UsbService$Lifecycle#onStart
11-05 17:58:03.321 I/SystemServerTiming( 520): StartAppWidgetService
11-05 17:58:03.321 I/SystemServiceManager( 520): Starting com.android.server.appwidget.AppWidgetService
11-05 17:58:03.325 I/SystemServerTiming( 520): StartVoiceRecognitionManager
11-05 17:58:03.325 I/SystemServiceManager( 520): Starting com.android.server.voiceinteraction.VoiceInteractionManagerService
11-05 17:58:03.331 I/RolesPersistenceImpl( 520): roles.xml not found
11-05 17:58:03.332 I/RoleServicePlatformHelperImpl( 520): Legacy roles.xml not found
11-05 17:58:03.333 I/SystemServerTiming( 520): StartAppHibernationService
11-05 17:58:03.333 I/SystemServiceManager( 520): Starting com.android.server.apphibernation.AppHibernationService
11-05 17:58:03.336 I/SystemServerTiming( 520): StartGestureLauncher
11-05 17:58:03.337 I/SystemServiceManager( 520): Starting com.android.server.GestureLauncherService
11-05 17:58:03.337 I/SystemServerTiming( 520): StartSensorNotification
11-05 17:58:03.337 I/SystemServiceManager( 520): Starting com.android.server.SensorNotificationService
11-05 17:58:03.337 I/SystemServerTiming( 520): StartDiskStatsService
11-05 17:58:03.344 I/SystemServerTiming( 520): RuntimeService
11-05 17:58:03.344 I/SystemServerTiming( 520): StartNetworkTimeUpdateService
11-05 17:58:03.346 I/SystemServerTiming( 520): CertBlacklister
11-05 17:58:03.347 I/SystemServerTiming( 520): StartEmergencyAffordanceService
11-05 17:58:03.347 I/SystemServiceManager( 520): Starting com.android.server.emergency.EmergencyAffordanceService
11-05 17:58:03.348 I/SystemServerTiming( 520): StartDreamManager
11-05 17:58:03.348 I/SystemServiceManager( 520): Starting com.android.server.dreams.DreamManagerService
11-05 17:58:03.348 I/SystemServerTimingAsync( 520): InitThreadPoolExec:startBlobStoreManagerService
11-05 17:58:03.348 D/SystemServerInitThreadPool( 520): Started executing startBlobStoreManagerService
11-05 17:58:03.348 I/SystemServerTimingAsync( 520): startBlobStoreManagerService
11-05 17:58:03.349 I/SystemServiceManager( 520): Starting com.android.server.blob.BlobStoreManagerService
11-05 17:58:03.350 I/SystemServerTiming( 520): AddGraphicsStatsService
11-05 17:58:03.353 D/SystemServerInitThreadPool( 520): Finished executing startBlobStoreManagerService
11-05 17:58:03.353 I/SystemServerTiming( 520): StartRestrictionManager
11-05 17:58:03.353 I/SystemServiceManager( 520): Starting com.android.server.restrictions.RestrictionsManagerService
11-05 17:58:03.354 I/ServiceManager( 240): Waiting for service 'statscompanion' on '/dev/binder'...
11-05 17:58:03.355 I/SystemServerTiming( 520): StartMediaSessionService
11-05 17:58:03.355 I/SystemServiceManager( 520): Starting com.android.server.media.MediaSessionService
11-05 17:58:03.359 I/SystemServerTiming( 520): StartHdmiControlService
11-05 17:58:03.360 I/SystemServiceManager( 520): Starting com.android.server.hdmi.HdmiControlService
11-05 17:58:03.368 I/hwservicemanager( 180): getTransport: Cannot find entry android.hardware.tv.cec@1.1::IHdmiCec/default in either framework or device VINTF manifest.
11-05 17:58:03.369 E/HDMI ( 520): [1]:Couldn't connect to cec@1.1java.util.NoSuchElementException
11-05 17:58:03.369 W/HDMI ( 520): [1]:Couldn't get tv.cec service.
11-05 17:58:03.369 W/HDMI ( 520): [1]:Unable to use cec@1.1
11-05 17:58:03.370 I/android_os_HwBinder( 520): HwBinder: Starting thread pool for getting: android.hardware.tv.cec@1.0::IHdmiCec/default
11-05 17:58:03.373 I/HdmiControlService( 520): Device does not support MHL-control.
11-05 17:58:03.374 D/hdmi-cec( 261): setOption, flag=0x0002, value=0x00000000
11-05 17:58:03.383 I/SystemServerTiming( 520): StartTvInputManager
11-05 17:58:03.383 I/SystemServiceManager( 520): Starting com.android.server.tv.TvInputManagerService
11-05 17:58:03.386 I/hwservicemanager( 180): getTransport: Cannot find entry android.hardware.tv.input@1.0::ITvInput/default in either framework or device VINTF manifest.
11-05 17:58:03.386 E/TvInputHal( 520): Couldn't get tv.input service.
11-05 17:58:03.389 I/SystemServerTiming( 520): StartMediaResourceMonitor
11-05 17:58:03.389 I/SystemServiceManager( 520): Starting com.android.server.media.MediaResourceMonitorService
11-05 17:58:03.390 I/SystemServerTiming( 520): StartTvRemoteService
11-05 17:58:03.390 I/SystemServiceManager( 520): Starting com.android.server.tv.TvRemoteService
11-05 17:58:03.390 I/SystemServerTiming( 520): StartMediaRouterService
11-05 17:58:03.391 V/HistoricalRegistry( 520): Interaction before persistence initialized
11-05 17:58:03.392 I/SystemServerTiming( 520): StartBiometricService
11-05 17:58:03.392 I/SystemServiceManager( 520): Starting com.android.server.biometrics.BiometricService
11-05 17:58:03.396 I/SystemServerTiming( 520): StartAuthService
11-05 17:58:03.396 I/SystemServiceManager( 520): Starting com.android.server.biometrics.AuthService
11-05 17:58:03.398 I/SystemServerTiming( 520): StartBackgroundDexOptService
11-05 17:58:03.398 W/BackgroundDexOptService( 520): SysProp pm.dexopt.downgrade_after_inactive_days not set
11-05 17:58:03.399 I/SystemServerTiming( 520): StartDynamicCodeLoggingService
11-05 17:58:03.400 I/SystemServerTiming( 520): StartPruneInstantAppsJobService
11-05 17:58:03.401 I/SystemServerTiming( 520): StartShortcutServiceLifecycle
11-05 17:58:03.401 I/SystemServiceManager( 520): Starting com.android.server.pm.ShortcutService$Lifecycle
11-05 17:58:03.403 V/HistoricalRegistry( 520): Interaction before persistence initialized
11-05 17:58:03.404 I/SystemServerTiming( 520): StartLauncherAppsService
11-05 17:58:03.404 I/SystemServiceManager( 520): Starting com.android.server.pm.LauncherAppsService
11-05 17:58:03.407 I/SystemServerTiming( 520): StartCrossProfileAppsService
11-05 17:58:03.407 I/SystemServiceManager( 520): Starting com.android.server.pm.CrossProfileAppsService
11-05 17:58:03.407 I/SystemServerTiming( 520): StartPeopleService
11-05 17:58:03.407 I/SystemServiceManager( 520): Starting com.android.server.people.PeopleService
11-05 17:58:03.408 I/SystemServerTiming( 520): StartMediaMetricsManager
11-05 17:58:03.409 I/SystemServiceManager( 520): Starting com.android.server.media.metrics.MediaMetricsManagerService
11-05 17:58:03.411 I/SystemServerTiming( 520): StartMediaProjectionManager
11-05 17:58:03.411 I/SystemServiceManager( 520): Starting com.android.server.media.projection.MediaProjectionManagerService
11-05 17:58:03.413 V/MediaRouter( 520): Selecting route: RouteInfo{ name=手机, description=null, status=null, category=RouteCategory{ name=系统 types=ROUTE_TYPE_LIVE_AUDIO ROUTE_TYPE_LIVE_VIDEO groupable=false }, supportedTypes=ROUTE_TYPE_LIVE_AUDIO ROUTE_TYPE_LIVE_VIDEO , presentationDisplay=null }
11-05 17:58:03.413 I/MediaRouter( 520): Skip setBluetoothA2dpOn(): types=8388615, isPlaybackActive()=false, BT route=null
11-05 17:58:03.414 I/SystemServerTiming( 520): StartSliceManagerService
11-05 17:58:03.414 I/SystemServiceManager( 520): Starting com.android.server.slice.SliceManagerService$Lifecycle
11-05 17:58:03.417 I/SystemServerTiming( 520): StartStatsCompanion
11-05 17:58:03.422 I/SystemServiceManager( 520): Starting com.android.server.stats.StatsCompanion$Lifecycle
11-05 17:58:03.423 E/system_server( 520): Could not write anonymous vdex /apex/com.android.os.statsd/javalib/oat/arm/service-statsd.vdex: Could not create directory /apex/com.android.os.statsd/javalib/oat
11-05 17:58:03.426 I/SystemServerTiming( 520): StartRebootReadinessManagerService
11-05 17:58:03.432 I/SystemServiceManager( 520): Starting com.android.server.scheduling.RebootReadinessManagerService$Lifecycle
11-05 17:58:03.432 E/system_server( 520): Could not write anonymous vdex /apex/com.android.scheduling/javalib/oat/arm/service-scheduling.vdex: Could not create directory /apex/com.android.scheduling/javalib/oat
11-05 17:58:03.436 I/TetheringManager( 520): registerTetheringEventCallback:android
11-05 17:58:03.437 I/TetheringManager( 520): registerTetheringEventCallback caller:android
11-05 17:58:03.438 I/SystemServerTiming( 520): StartStatsPullAtomService
11-05 17:58:03.438 I/SystemServiceManager( 520): Starting com.android.server.stats.pull.StatsPullAtomService
11-05 17:58:03.438 I/SystemServerTiming( 520): StartIncidentCompanionService
11-05 17:58:03.438 I/SystemServiceManager( 520): Starting com.android.server.incident.IncidentCompanionService
11-05 17:58:03.439 I/SystemServerTiming( 520): StartMmsService
11-05 17:58:03.439 I/SystemServiceManager( 520): Starting com.android.server.MmsServiceBroker
11-05 17:58:03.441 I/SystemServerTiming( 520): StartAutoFillService
11-05 17:58:03.441 I/SystemServiceManager( 520): Starting com.android.server.autofill.AutofillManagerService
11-05 17:58:03.442 D/AutofillManagerService( 520): setLogLevelFromSettings(): level=2, debug=true, verbose=false
11-05 17:58:03.442 D/AutofillManagerService( 520): setMaxPartitionsFromSettings(): 10
11-05 17:58:03.442 D/AutofillManagerService( 520): setMaxVisibleDatasetsFromSettings(): 0
11-05 17:58:03.443 D/AutofillManagerServiceImpl( 520): Reset component for user 0:
11-05 17:58:03.443 D/AutofillUI( 520): destroySaveUiUiThread(): already destroyed
11-05 17:58:03.446 D/SystemServer( 520): TranslationService not defined by OEM
11-05 17:58:03.446 I/SystemServerTiming( 520): StartClipboardService
11-05 17:58:03.446 I/SystemServiceManager( 520): Starting com.android.server.clipboard.ClipboardService
11-05 17:58:03.449 I/SystemServerTiming( 520): AppServiceManager
11-05 17:58:03.449 I/SystemServiceManager( 520): Starting com.android.server.appbinding.AppBindingService$Lifecycle
11-05 17:58:03.450 I/SystemServerTiming( 520): startTracingServiceProxy
11-05 17:58:03.450 I/SystemServiceManager( 520): Starting com.android.server.tracing.TracingServiceProxy
11-05 17:58:03.452 I/SystemServerTiming( 520): startOranthService
11-05 17:58:03.452 I/SystemServiceManager( 520): Starting com.android.server.oranth.OranthManagerService$Lifecycle
11-05 17:58:03.454 I/OranthManagerService( 520): -------------- OranthManagerService --------------
11-05 17:58:03.454 I/ServiceManager( 240): Waiting for service 'statscompanion' on '/dev/binder' successful after waiting 100ms
11-05 17:58:03.455 E/SELinux ( 179): avc: denied { add } for pid=520 uid=1000 name=oranth_manager scontext=u:r:system_server:s0 tcontext=u:object_r:default_android_service:s0 tclass=service_manager permissive=1
11-05 17:58:03.455 I/SystemServerTiming( 520): MakeLockSettingsServiceReady
11-05 17:58:03.468 I/LockSettingsService( 520): Migrated lock settings to new location
11-05 17:58:03.470 I/LockSettingsService( 520): Migrated per-user lock settings to new location
11-05 17:58:03.473 I/LockSettingsService( 520): Migrated biometric weak to use the fallback instead
11-05 17:58:03.474 I/LockSettingsService( 520): Migrated lockscreen disabled flag
11-05 17:58:03.475 I/LockSettingsService( 520): Migrated keys to LSS namespace
11-05 17:58:03.477 I/hwservicemanager( 180): getTransport: Cannot find entry android.hardware.weaver@1.0::IWeaver/default in either framework or device VINTF manifest.
11-05 17:58:03.477 I/SyntheticPasswordManager( 520): Device does not support weaver
11-05 17:58:03.478 I/hwservicemanager( 180): getTransport: Cannot find entry android.hardware.authsecret@1.0::IAuthSecret/default in either framework or device VINTF manifest.
11-05 17:58:03.478 I/LockSettingsService( 520): Device doesn't implement AuthSecret HAL
11-05 17:58:03.481 I/SystemServerTiming( 520): StartBootPhaseLockSettingsReady
11-05 17:58:03.481 I/SystemServiceManager( 520): Starting phase 480
11-05 17:58:03.481 I/SystemServerTiming( 520): OnBootPhase_480
11-05 17:58:03.481 D/SoundTriggerService( 520): onBootPhase: 480 : false
11-05 17:58:03.483 I/SystemServerTiming( 520): StartBootPhaseSystemServicesReady
11-05 17:58:03.483 I/SystemServiceManager( 520): Starting phase 500
11-05 17:58:03.483 I/SystemServerTiming( 520): OnBootPhase_500
11-05 17:58:03.483 E/StatsPullAtomCallbackImpl( 520): Failed to start PowerStatsService statsd pullers
11-05 17:58:03.488 D/ConnectivityService( 520): requestNetwork for uid/pid:1000/520 activeRequest: null callbackRequest: 9 [NetworkRequest [ REQUEST id=10, [ Capabilities: INTERNET&NOT_RESTRICTED&TRUSTED&NOT_VCN_MANAGED Uid: 1000 RequestorUid: 1000 RequestorPkg: android] ]] callback flags: 0 priority: 2147483647
11-05 17:58:03.488 E/BatteryStatsService( 520): Could not register PowerStatsInternal
11-05 17:58:03.489 D/ConnectivityService( 520): NetReassign [no changes]
11-05 17:58:03.491 V/HintManagerService( 520): Initializing HintManager service...
11-05 17:58:03.491 V/HistoricalRegistry( 520): Interaction before persistence initialized
11-05 17:58:03.494 D/AppStandbyController( 520): Setting app idle enabled state
11-05 17:58:03.496 D/AppStandbyController( 520): Initializing defaults for system apps on user 0, appIdleEnabled=false
11-05 17:58:03.500 E/AppIdleHistory( 520): Unable to read app idle file for user 0
11-05 17:58:03.500 E/AppIdleHistory( 520): java.io.FileNotFoundException: /data/system/users/0/app_idle_stats.xml: open failed: ENOENT (No such file or directory)
11-05 17:58:03.500 E/AppIdleHistory( 520): at libcore.io.IoBridge.open(IoBridge.java:575)
11-05 17:58:03.500 E/AppIdleHistory( 520): at java.io.FileInputStream.(FileInputStream.java:160)
11-05 17:58:03.500 E/AppIdleHistory( 520): at android.util.AtomicFile.openRead(AtomicFile.java:260)
11-05 17:58:03.500 E/AppIdleHistory( 520): at com.android.server.usage.AppIdleHistory.readAppIdleTimes(AppIdleHistory.java:597)
11-05 17:58:03.500 E/AppIdleHistory( 520): at com.android.server.usage.AppIdleHistory.getUserHistory(AppIdleHistory.java:332)
11-05 17:58:03.500 E/AppIdleHistory( 520): at com.android.server.usage.AppIdleHistory.reportUsage(AppIdleHistory.java:321)
11-05 17:58:03.500 E/AppIdleHistory( 520): at com.android.server.usage.AppStandbyController.initializeDefaultsForSystemApps(AppStandbyController.java:1860)
11-05 17:58:03.500 E/AppIdleHistory( 520): at com.android.server.usage.AppStandbyController.onBootPhase(AppStandbyController.java:531)
11-05 17:58:03.500 E/AppIdleHistory( 520): at com.android.server.usage.UsageStatsService.onBootPhase(UsageStatsService.java:315)
11-05 17:58:03.500 E/AppIdleHistory( 520): at com.android.server.SystemServiceManager.startBootPhase(SystemServiceManager.java:237)
11-05 17:58:03.500 E/AppIdleHistory( 520): at com.android.server.SystemServer.startOtherServices(SystemServer.java:2670)
11-05 17:58:03.500 E/AppIdleHistory( 520): at com.android.server.SystemServer.run(SystemServer.java:928)
11-05 17:58:03.500 E/AppIdleHistory( 520): at com.android.server.SystemServer.main(SystemServer.java:628)
11-05 17:58:03.500 E/AppIdleHistory( 520): at java.lang.reflect.Method.invoke(Native Method)
11-05 17:58:03.500 E/AppIdleHistory( 520): at com.android.internal.os.RuntimeInit$MethodAndArgsCaller.run(RuntimeInit.java:548)
11-05 17:58:03.500 E/AppIdleHistory( 520): at com.android.internal.os.ZygoteInit.main(ZygoteInit.java:1160)
11-05 17:58:03.500 E/AppIdleHistory( 520): Caused by: android.system.ErrnoException: open failed: ENOENT (No such file or directory)
11-05 17:58:03.500 E/AppIdleHistory( 520): at libcore.io.Linux.open(Native Method)
11-05 17:58:03.500 E/AppIdleHistory( 520): at libcore.io.ForwardingOs.open(ForwardingOs.java:567)
11-05 17:58:03.500 E/AppIdleHistory( 520): at libcore.io.BlockGuardOs.open(BlockGuardOs.java:273)
11-05 17:58:03.500 E/AppIdleHistory( 520): at libcore.io.IoBridge.open(IoBridge.java:561)
11-05 17:58:03.500 E/AppIdleHistory( 520): ... 15 more
11-05 17:58:03.513 V/HistoricalRegistry( 520): Interaction before persistence initialized
11-05 17:58:03.518 V/VibratorManagerService( 520): Initializing VibratorManager service...
11-05 17:58:03.518 V/HistoricalRegistry( 520): Interaction before persistence initialized
11-05 17:58:03.519 V/VibratorManagerService( 520): VibratorManager service initialized
11-05 17:58:03.524 D/ConnectivityService( 520): NetReassign [no changes]
11-05 17:58:03.528 I/ActivityTaskManager( 520): Config changes=200 {1.0 ?mcc?mnc [zh_CN] ldltr sw720dp w1280dp h696dp 240dpi xlrg long land television -touch qwerty/v/v dpad/v winConfig={ mBounds=Rect(0, 0 - 1920, 1080) mAppBounds=Rect(0, 0 - 1920, 1080) mMaxBounds=Rect(0, 0 - 1920, 1080) mWindowingMode=fullscreen mDisplayWindowingMode=fullscreen mActivityType=undefined mAlwaysOnTop=undefined mRotation=ROTATION_0} s.4 ?fontWeightAdjustment}
11-05 17:58:03.531 I/WindowManager( 520): Override config changes=200 {1.0 ?mcc?mnc [zh_CN] ldltr sw720dp w1280dp h696dp 240dpi xlrg long land television -touch qwerty/v/v dpad/v winConfig={ mBounds=Rect(0, 0 - 1920, 1080) mAppBounds=Rect(0, 0 - 1920, 1080) mMaxBounds=Rect(0, 0 - 1920, 1080) mWindowingMode=fullscreen mDisplayWindowingMode=fullscreen mActivityType=undefined mAlwaysOnTop=undefined mRotation=ROTATION_0} s.4 ?fontWeightAdjustment} for displayId=0
11-05 17:58:03.534 D/TestHarnessModeService( 520): Setting up test harness mode
11-05 17:58:03.535 D/TestHarnessModeService( 520): Getting PersistentDataBlockManagerInternal from LocalServices
11-05 17:58:03.563 I/update_engine( 379): [INFO:cleanup_previous_update_action.cc(112)] Executing task 9
11-05 17:58:03.568 I/update_engine( 379): [INFO:cleanup_previous_update_action.cc(124)] CleanupPreviousUpdateAction scheduled task ID 10 for WaitBootCompleted
11-05 17:58:03.574 V/HistoricalRegistry( 520): Interaction before persistence initialized
11-05 17:58:03.576 W/NetworkPolicy( 520): setRestrictBackgroundUL: already false
11-05 17:58:03.577 I/WifiScanningService( 520): Starting wifiscanner
11-05 17:58:03.579 I/EthernetServiceImpl( 520): Starting Ethernet service
11-05 17:58:03.581 I/WifiSettingsConfigStore( 520): Migrating data out of settings to shared preferences
11-05 17:58:03.582 D/EthernetTracker( 520): Interface match regexp set to 'eth\d'
11-05 17:58:03.583 D/WifiConfigStore( 520): Reading from all stores completed in 5 ms.
11-05 17:58:03.583 W/WifiConfigManager( 520): No stored networks found.
11-05 17:58:03.584 D/Ethernet( 520): Registering NetworkFactory
11-05 17:58:03.584 D/ConnectivityService( 520): Got NetworkProvider Messenger for Ethernet
11-05 17:58:03.585 E/IpConfigStore( 520): Error opening configuration file: java.io.FileNotFoundException: /data/misc/ethernet/ipconfig.txt: open failed: ENOENT (No such file or directory)
11-05 17:58:03.586 I/PppoeServiceImpl( 520): Starting PPPOE service
11-05 17:58:03.587 I/WifiInjector( 520): enableVerboseLogging(0): false
11-05 17:58:03.588 I/EthernetTracker( 520): maybeTrackInterface: eth0
11-05 17:58:03.588 E/SupplicantStaIfaceHal( 520): Can't call setDebugParams, ISupplicant is null
11-05 17:58:03.588 E/HostapdHal( 520): Can't call setDebugParams, IHostapd is null
11-05 17:58:03.588 I/WifiService( 520): WifiService starting up with Wi-Fi enabled
11-05 17:58:03.588 I/xiriservice_All( 323): type=1400 audit(0.0:327): avc: denied { read } for scontext=u:r:init:s0 tcontext=u:r:init:s0 tclass=netlink_kobject_uevent_socket permissive=1
11-05 17:58:03.591 D/XM_HIDREAD( 316): add@ add@/devices/platform/soc@3000000/5030000.eth/mdio_bus/5030000.eth-0
11-05 17:58:03.592 D/PPPOE ( 520): Registering NetworkFactory
11-05 17:58:03.593 D/ConnectivityService( 520): Got NetworkProvider Messenger for PPPOE
11-05 17:58:03.593 D/WifiController( 520): isAirplaneModeOn = false, isWifiEnabled = true, isScanningAvailable = false, isLocationModeActive = true
11-05 17:58:03.593 W/PppoeServiceImpl( 520): pppoe interface file not exist!
11-05 17:58:03.594 D/WifiActiveModeWarden( 520): Starting primary ClientModeManager in connect mode
11-05 17:58:03.595 D/XM_HIDREAD( 316): add@ add@/devices/platform/soc@3000000/5030000.eth/mdio_bus/5030000.eth-0/5030000.eth-0:00
11-05 17:58:03.596 D/PPPOE ( 520): got request NetworkRequest [ REQUEST id=1, [ Capabilities: INTERNET&NOT_RESTRICTED&TRUSTED&NOT_VPN&NOT_VCN_MANAGED RequestorUid: 1000 RequestorPkg: android] ]
11-05 17:58:03.596 D/PppoeNetworkFactory( 520): onRequestNetwork
11-05 17:58:03.597 I/android_os_HwBinder( 520): HwBinder: Starting thread pool for getting: android.hidl.manager@1.2::IServiceManager/default
11-05 17:58:03.597 D/PPPOE ( 520): got request NetworkRequest [ REQUEST id=5, [ Transports: PPPOE Capabilities: INTERNET&NOT_RESTRICTED&TRUSTED&NOT_VPN&NOT_VCN_MANAGED RequestorUid: 1000 RequestorPkg: android] ]
11-05 17:58:03.597 D/PPPOE ( 520): got request NetworkRequest [ REQUEST id=10, [ Capabilities: INTERNET&NOT_RESTRICTED&TRUSTED&NOT_VCN_MANAGED Uid: 1000 RequestorUid: 1000 RequestorPkg: android] ]
11-05 17:58:03.599 I/hwservicemanager( 180): Since android.hardware.wifi@1.0::IWifi/default is not registered, trying to start it as a lazy HAL.
11-05 17:58:03.601 V/HistoricalRegistry( 520): Interaction before persistence initialized
11-05 17:58:03.603 D/XM_HIDREAD( 316): add@ add@/devices/platform/soc@3000000/5030000.eth/mdio_bus/5030000.eth-0/5030000.eth-0:10
11-05 17:58:03.608 I/init ( 1): starting service 'vendor.wifi_hal_legacy'...
11-05 17:58:03.600 I/hwservicemanager( 180): Since android.hardware.wifi@1.0::IWifi/default is not registered, trying to start it as a lazy HAL.
11-05 17:58:03.609 I/HidlServiceManagement( 520): getService: Trying again for android.hardware.wifi@1.0::IWifi/default...
11-05 17:58:03.616 I/init ( 1): Control message: Processed ctl.interface_start for 'android.hardware.wifi@1.0::IWifi/default' from pid: 180 (/system/bin/hwservicemanager)
11-05 17:58:03.617 I/init ( 1): Control message: Processed ctl.interface_start for 'android.hardware.wifi@1.0::IWifi/default' from pid: 180 (/system/bin/hwservicemanager)
11-05 17:58:03.614 V/HistoricalRegistry( 520): Interaction before persistence initialized
11-05 17:58:03.615 D/SoundTriggerService( 520): onBootPhase: 500 : false
11-05 17:58:03.624 I/SystemServerTiming( 520): MakeWindowManagerServiceReady
11-05 17:58:03.628 I/hwservicemanager( 180): getTransport: Cannot find entry android.hardware.configstore@1.1::ISurfaceFlingerConfigs/default in either framework or device VINTF manifest.
11-05 17:58:03.628 E/KernelCpuThreadReader( 520): Failed to initialize KernelCpuThreadReader
11-05 17:58:03.628 E/KernelCpuThreadReader( 520): java.nio.file.NoSuchFileException: /proc/self/time_in_state
11-05 17:58:03.628 E/KernelCpuThreadReader( 520): at sun.nio.fs.UnixFileSystemProvider.newByteChannel(UnixFileSystemProvider.java:214)
11-05 17:58:03.628 E/KernelCpuThreadReader( 520): at java.nio.file.Files.newByteChannel(Files.java:361)
11-05 17:58:03.628 E/KernelCpuThreadReader( 520): at java.nio.file.Files.newByteChannel(Files.java:407)
11-05 17:58:03.628 E/KernelCpuThreadReader( 520): at java.nio.file.Files.readAllBytes(Files.java:3152)
11-05 17:58:03.628 E/KernelCpuThreadReader( 520): at com.android.internal.os.ProcTimeInStateReader.initializeTimeInStateFormat(ProcTimeInStateReader.java:159)
11-05 17:58:03.628 E/KernelCpuThreadReader( 520): at com.android.internal.os.ProcTimeInStateReader.(ProcTimeInStateReader.java:106)
11-05 17:58:03.628 E/KernelCpuThreadReader( 520): at com.android.internal.os.KernelCpuThreadReader.(KernelCpuThreadReader.java:138)
11-05 17:58:03.628 E/KernelCpuThreadReader( 520): at com.android.internal.os.KernelCpuThreadReader.create(KernelCpuThreadReader.java:151)
11-05 17:58:03.628 E/KernelCpuThreadReader( 520): at com.android.internal.os.KernelCpuThreadReaderSettingsObserver.(KernelCpuThreadReaderSettingsObserver.java:95)
11-05 17:58:03.628 E/KernelCpuThreadReader( 520): at com.android.internal.os.KernelCpuThreadReaderSettingsObserver.getSettingsModifiedReader(KernelCpuThreadReaderSettingsObserver.java:80)
11-05 17:58:03.628 E/KernelCpuThreadReader( 520): at com.android.server.stats.pull.StatsPullAtomService.initializePullersState(StatsPullAtomService.java:798)
11-05 17:58:03.628 E/KernelCpuThreadReader( 520): at com.android.server.stats.pull.StatsPullAtomService.lambda$onBootPhase$0$StatsPullAtomService(StatsPullAtomService.java:757)
11-05 17:58:03.628 E/KernelCpuThreadReader( 520): at com.android.server.stats.pull.StatsPullAtomService$$ExternalSyntheticLambda14.run(Unknown Source:2)
11-05 17:58:03.628 E/KernelCpuThreadReader( 520): at android.os.Handler.handleCallback(Handler.java:938)
11-05 17:58:03.628 E/KernelCpuThreadReader( 520): at android.os.Handler.dispatchMessage(Handler.java:99)
11-05 17:58:03.628 E/KernelCpuThreadReader( 520): at android.os.Looper.loopOnce(Looper.java:201)
11-05 17:58:03.628 E/KernelCpuThreadReader( 520): at android.os.Looper.loop(Looper.java:288)
11-05 17:58:03.628 E/KernelCpuThreadReader( 520): at android.os.HandlerThread.run(HandlerThread.java:67)
11-05 17:58:03.629 I/hwservicemanager( 180): getTransport: Cannot find entry android.hardware.configstore@1.1::ISurfaceFlingerConfigs/default in either framework or device VINTF manifest.
11-05 17:58:03.630 I/hwservicemanager( 180): getTransport: Cannot find entry android.hardware.configstore@1.1::ISurfaceFlingerConfigs/default in either framework or device VINTF manifest.
11-05 17:58:03.631 I/android_os_HwBinder( 520): HwBinder: Starting thread pool for getting: android.hardware.health@2.0::IHealth/default
11-05 17:58:03.633 I/SystemServerTiming( 520): MakePowerManagerServiceReady
11-05 17:58:03.634 I/android_os_HwBinder( 520): HwBinder: Starting thread pool for getting: android.hidl.manager@1.0::IServiceManager/default
11-05 17:58:03.634 I/AttentionDetector( 520): readValuesFromDeviceConfig():
11-05 17:58:03.634 I/AttentionDetector( 520): mMaximumExtensionMillis=900000
11-05 17:58:03.634 I/AttentionDetector( 520): mPreDimCheckDurationMillis=2000
11-05 17:58:03.634 I/AttentionDetector( 520): mRequestedPostDimTimeoutMillis=0
11-05 17:58:03.635 I/HealthServiceWrapper( 520): health: HealthServiceWrapper listening to instance default
11-05 17:58:03.637 I/android_os_HwBinder( 520): HwBinder: Starting thread pool for getting: android.hardware.health@2.0::IHealth/default
11-05 17:58:03.639 D/StatsPullAtomService( 520): Registering pullers with statsd
11-05 17:58:03.641 E/DisplayPowerController[0]( 520): failed to set up display white-balance: java.lang.IllegalStateException: cannot find light sensor
11-05 17:58:03.643 I/AW_PowerHAL( 260): isBoostSupported: 0
11-05 17:58:03.644 I/StatsPullAtomService( 520): register thermal listener successfully
11-05 17:58:03.645 D/ConnectivityService( 520): NetReassign [no changes]
11-05 17:58:03.647 I/AW_PowerHAL( 260): Power setMode: DISPLAY_INACTIVE to: 0
11-05 17:58:03.648 I/AW_PowerHAL( 260): not completed yet, ignore mode request other
11-05 17:58:03.648 I/DisplayDeviceRepository( 520): Display device changed state: "内置屏幕", ON
11-05 17:58:03.651 I/InputManager-JNI( 520): Viewport [0] to add: local:0, isActive: true
11-05 17:58:03.652 I/FaceDownDetector( 520): readValuesFromDeviceConfig():
11-05 17:58:03.652 I/FaceDownDetector( 520): mAccelerationThreshold=0.2
11-05 17:58:03.652 I/FaceDownDetector( 520): mZAccelerationThreshold=-9.5
11-05 17:58:03.652 I/FaceDownDetector( 520): mTimeThreshold=PT1S
11-05 17:58:03.652 I/FaceDownDetector( 520): mIsEnabled=false
11-05 17:58:03.653 I/InputReader( 520): Reconfiguring input devices, changes=DISPLAY_INFO |
11-05 17:58:03.655 D/SurfaceFlinger( 278): Setting power mode 2 on display 0
11-05 17:58:03.657 I/android.hardware.lights-service( 258): Lights setting state for id=0 to color ffffffff
11-05 17:58:03.659 W/KernelCpuProcStringReader( 520): File not found. It's normal if not implemented: /proc/uid_time_in_state
11-05 17:58:03.659 W/KernelCpuProcStringReader( 520): File not found. It's normal if not implemented: /proc/uid_concurrent_active_time
11-05 17:58:03.660 W/KernelCpuProcStringReader( 520): File not found. It's normal if not implemented: /proc/uid_concurrent_policy_time
11-05 17:58:03.660 W/KeyguardServiceDelegate( 520): onScreenTurningOn(): no keyguard service!
11-05 17:58:03.660 E/KernelCpuSpeedReader( 520): Failed to read cpu-freq: /sys/devices/system/cpu/cpu0/cpufreq/stats/time_in_state: open failed: ENOENT (No such file or directory)
11-05 17:58:03.661 E/system_server( 520): Cannot read thread CPU times for PID 520
11-05 17:58:03.662 V/DisplayPowerController[0]( 520): Brightness [0.39763778] reason changing to: 'override', previous reason: '0'.
11-05 17:58:03.662 I/SystemServerTiming( 520): StartPermissionPolicyService
11-05 17:58:03.662 I/SystemServiceManager( 520): Starting com.android.server.policy.PermissionPolicyService
11-05 17:58:03.664 I/android.hardware.lights-service( 258): Lights setting state for id=0 to color ff6a6a6a
11-05 17:58:03.666 I/SystemServerTiming( 520): MakePackageManagerServiceReady
11-05 17:58:03.676 V/UserDataPreparer( 520): Found /data/user_de/0 with serial number -1
11-05 17:58:03.676 D/UserDataPreparer( 520): Serial number missing on /data/user_de/0; assuming current is valid
11-05 17:58:03.676 V/UserDataPreparer( 520): Found /data/user/0 with serial number -1
11-05 17:58:03.676 D/UserDataPreparer( 520): Serial number missing on /data/user/0; assuming current is valid
11-05 17:58:03.676 V/UserDataPreparer( 520): Found /data/system_de/0 with serial number -1
11-05 17:58:03.676 D/UserDataPreparer( 520): Serial number missing on /data/system_de/0; assuming current is valid
11-05 17:58:03.678 I/PackageManager( 520): Permission ownership changed. Updating all permissions.
11-05 17:58:03.693 I/android.hardware.wifi@1.0-service-lazy( 720): Wifi Hal is booting up...
11-05 17:58:03.694 I/HidlLazyUtils( 720): Registering HAL: android.hardware.wifi@1.5::IWifi with name: default
11-05 17:58:03.694 E/cutils-trace( 720): Error opening trace file: No such file or directory (2)
11-05 17:58:03.697 I/HidlServiceManagement( 720): Registered android.hardware.wifi@1.5::IWifi/default
11-05 17:58:03.697 D/HalDevMgr( 520): IWifi registration notification: fqName=android.hardware.wifi@1.0::IWifi, name=default, preexisting=false
11-05 17:58:03.697 I/HidlServiceManagement( 720): Removing namespace from process name android.hardware.wifi@1.0-service-lazy to wifi@1.0-service-lazy.
11-05 17:58:03.698 I/hw-BpHwBinder( 180): onLastStrongRef automatically unlinking death recipients
11-05 17:58:03.698 I/android_os_HwBinder( 520): HwBinder: Starting thread pool for getting: android.hardware.wifi@1.0::IWifi/default
11-05 17:58:03.700 D/WifiNl80211Manager( 520): tearing down interfaces in wificond
11-05 17:58:03.730 I/DefaultPermGrantPolicy( 520): Granting permissions to platform components for user 0
11-05 17:58:03.731 D/WifiAdaptConnObserver( 520): Adaptive connectivity status initialized to: true
11-05 17:58:03.731 D/WifiController( 520): EnabledState.enter()
11-05 17:58:03.731 D/WifiClientModeManager[unknown]( 520): entering IdleState
11-05 17:58:03.734 W/FileUtils( 520): Failed to chmod(/data/misc/apexdata/com.android.wifi/WifiConfigStore.xml, 384):
11-05 17:58:03.734 W/FileUtils( 520): android.system.ErrnoException: chmod failed: ENOENT (No such file or directory)
11-05 17:58:03.734 W/FileUtils( 520): at libcore.io.Linux.chmod(Native Method)
11-05 17:58:03.734 W/FileUtils( 520): at libcore.io.ForwardingOs.chmod(ForwardingOs.java:168)
11-05 17:58:03.734 W/FileUtils( 520): at libcore.io.BlockGuardOs.chmod(BlockGuardOs.java:83)
11-05 17:58:03.734 W/FileUtils( 520): at android.system.Os.chmod(Os.java:121)
11-05 17:58:03.734 W/FileUtils( 520): at com.android.server.wifi.util.FileUtils.chmod(FileUtils.java:44)
11-05 17:58:03.734 W/FileUtils( 520): at com.android.server.wifi.WifiConfigStore$StoreFile.writeBufferedRawData(WifiConfigStore.java:941)
11-05 17:58:03.734 W/FileUtils( 520): at com.android.server.wifi.WifiConfigStore.writeBufferedData(WifiConfigStore.java:506)
11-05 17:58:03.734 W/FileUtils( 520): at com.android.server.wifi.WifiConfigStore.write(WifiConfigStore.java:430)
11-05 17:58:03.734 W/FileUtils( 520): at com.android.server.wifi.WifiConfigManager.saveToStore(WifiConfigManager.java:3386)
11-05 17:58:03.734 W/FileUtils( 520): at com.android.server.wifi.WifiSettingsConfigStore.lambda$triggerSaveToStoreAndInvokeAllListeners$1(WifiSettingsConfigStore.java:176)
11-05 17:58:03.734 W/FileUtils( 520): at com.android.server.wifi.WifiSettingsConfigStore.$r8$lambda$WnnFUIWIh9IlN-FFHL0orNEdHVI(Unknown Source:0)
11-05 17:58:03.734 W/FileUtils( 520): at com.android.server.wifi.WifiSettingsConfigStore$$ExternalSyntheticLambda0.run(Unknown Source:2)
11-05 17:58:03.734 W/FileUtils( 520): at android.os.Handler.handleCallback(Handler.java:938)
11-05 17:58:03.734 W/FileUtils( 520): at android.os.Handler.dispatchMessage(Handler.java:99)
11-05 17:58:03.734 W/FileUtils( 520): at android.os.Looper.loopOnce(Looper.java:201)
11-05 17:58:03.734 W/FileUtils( 520): at android.os.Looper.loop(Looper.java:288)
11-05 17:58:03.734 W/FileUtils( 520): at android.os.HandlerThread.run(HandlerThread.java:67)
11-05 17:58:03.739 D/WifiConfigStore( 520): Writing to stores completed in 6 ms.
11-05 17:58:03.740 D/WifiHWInfo( 720): Start to load wireless module hardware info table...
11-05 17:58:03.740 D/WifiHWInfo( 720): Entry [01], BUS: SDIO, ID: 0x024C8179, Name: rtl8189es.
11-05 17:58:03.740 D/WifiHWInfo( 720): Entry [02], BUS: SDIO, ID: 0x024CB723, Name: rtl8723bs_vq0.
11-05 17:58:03.740 D/WifiHWInfo( 720): Entry [03], BUS: SDIO, ID: 0x024CB703, Name: rtl8723cs.
11-05 17:58:03.740 D/WifiHWInfo( 720): Entry [04], BUS: SDIO, ID: 0x024CD723, Name: rtl8723ds.
11-05 17:58:03.740 D/WifiHWInfo( 720): Entry [05], BUS: SDIO, ID: 0x024CF179, Name: rtl8189fs.
11-05 17:58:03.740 D/WifiHWInfo( 720): Entry [06], BUS: SDIO, ID: 0x024CB822, Name: rtl88x2bs.
11-05 17:58:03.740 D/WifiHWInfo( 720): Entry [07], BUS: USB, ID: 0x0BDAD723, Name: rtl8723du.
11-05 17:58:03.740 D/WifiHWInfo( 720): Entry [08], BUS: USB, ID: 0x0BDA8179, Name: rtl8188etv.
11-05 17:58:03.740 D/WifiHWInfo( 720): Entry [09], BUS: USB, ID: 0x0BDA0179, Name: rtl8188eu.
11-05 17:58:03.740 D/WifiHWInfo( 720): Entry [10], BUS: USB, ID: 0x0BDA818B, Name: rtl8192eu.
11-05 17:58:03.740 D/WifiHWInfo( 720): Entry [11], BUS: USB, ID: 0x0BDAB720, Name: rtl8723bu.
11-05 17:58:03.740 D/WifiHWInfo( 720): Entry [12], BUS: USB, ID: 0x0BDAC82C, Name: rtl8822cu.
11-05 17:58:03.740 D/WifiHWInfo( 720): Entry [13], BUS: USB, ID: 0x0BDAF179, Name: rtl8188fu.
11-05 17:58:03.740 D/WifiHWInfo( 720): Entry [14], BUS: SDIO, ID: 0x02D0A9A6, Name: ap6212.
11-05 17:58:03.740 D/WifiHWInfo( 720): Entry [15], BUS: SDIO, ID: 0x02D04330, Name: ap6330.
11-05 17:58:03.740 D/WifiHWInfo( 720): Entry [16], BUS: SDIO, ID: 0x02D04356, Name: ap6356s.
11-05 17:58:03.740 D/WifiHWInfo( 720): Entry [17], BUS: SDIO, ID: 0x02D0A9BF, Name: ap6255.
11-05 17:58:03.741 D/WifiHWInfo( 720): Entry [18], BUS: SDIO, ID: 0x02D04334, Name: bcm43342.
11-05 17:58:03.741 D/WifiHWInfo( 720): Entry [19], BUS: SDIO, ID: 0x00202281, Name: xr819.
11-05 17:58:03.741 D/WifiHWInfo( 720): Entry [20], BUS: SDIO, ID: 0x0A9E2282, Name: xr829.
11-05 17:58:03.741 D/WifiHWInfo( 720): Entry [21], BUS: SDIO, ID: 0x0271050A, Name: qca6174a.
11-05 17:58:03.741 D/WifiHWInfo( 720): Entry [22], BUS: SDIO, ID: 0x30303030, Name: ssv6x5x.
11-05 17:58:03.741 D/WifiHWInfo( 720): Entry [23], BUS: SDIO, ID: 0x00000000, Name: uwe5621.
11-05 17:58:03.741 D/WifiHWInfo( 720): Entry [24], BUS: SDIO, ID: 0x54490145, Name: aic8800.
11-05 17:58:03.741 D/WifiHWInfo( 720): Entry [25], BUS: SDIO, ID: 0xC8A1C08D, Name: aic8800.
11-05 17:58:03.741 D/WifiHWInfo( 720): Entry [26], BUS: USB, ID: 0xA69C8800, Name: aic8800.
11-05 17:58:03.741 D/WifiHWInfo( 720): Entry [27], BUS: USB, ID: 0x007A8888, Name: atbm6023is.
11-05 17:58:03.741 D/WifiHWInfo( 720): Entry [28], BUS: SDIO, ID: 0x02E79086, Name: 9012p.
11-05 17:58:03.741 D/WifiHWInfo( 720): Entry [29], BUS: SDIO, ID: 0x007A6011, Name: atbm613x_wifi_sdio.
11-05 17:58:03.741 D/WifiHWInfo( 720): Entry [30], BUS: SDIO, ID: 0x024CC822, Name: 88x2cs.
11-05 17:58:03.741 D/WifiHWInfo( 720): Entry [31], BUS: SDIO, ID: 0x000018F0, Name: dummy.
11-05 17:58:03.741 W/android.hardware.wifi@1.0-service-lazy( 720): DRIVER_MODULE_TAG: sprdwl_ng : Success
11-05 17:58:03.741 I/android.hardware.wifi@1.0-service-lazy( 720): driver_module_path: /vendor/lib/modules/sprdwl_ng.ko
11-05 17:58:03.741 I/android.hardware.wifi@1.0-service-lazy( 720): driver_module_arg:
11-05 17:58:03.745 W/DefaultPermGrantPolicy( 520): Permission not found: android.permission.MEDIA_SESSION
11-05 17:58:03.746 W/DefaultPermGrantPolicy( 520): Permission not found: com.google.android.assistant.READ_HOTWORD_STATE
11-05 17:58:03.747 W/DefaultPermGrantPolicy( 520): Permission not found: com.google.android.assistant.WRITE_HOTWORD_STATE
11-05 17:58:03.747 W/DefaultPermGrantPolicy( 520): Permission not found: android.permission.READ_MEDIA_STORAGE
11-05 17:58:03.749 W/DefaultPermGrantPolicy( 520): Permission not found: mimir.permission.service.update
11-05 17:58:03.749 W/DefaultPermGrantPolicy( 520): Permission not found: android.permission.HI_SYSTEM_MANAGER_SERVICE
11-05 17:58:03.749 W/DefaultPermGrantPolicy( 520): Permission not found: android.permission_ACCESS_WIFI_STATE
11-05 17:58:03.749 W/DefaultPermGrantPolicy( 520): Permission not found: com.google.android.permission.INSTALL_WEARABLE_PACKAGES
11-05 17:58:03.750 W/DefaultPermGrantPolicy( 520): Permission not found: android.permission.HDMI_CONTROL
11-05 17:58:03.750 W/DefaultPermGrantPolicy( 520): Permission not found: android.permission.UPDATE_ENGINE
11-05 17:58:03.754 W/DefaultPermGrantPolicy( 520): Permission not found: android.permission.MANAGE_WIFI_WHEN_WIRELESS_CONSENT_REQUIRED
11-05 17:58:03.757 W/DefaultPermGrantPolicy( 520): Permission not found: android.car.permission.CONTROL_CAR_CLIMATE
11-05 17:58:03.757 W/DefaultPermGrantPolicy( 520): Permission not found: android.car.permission.CAR_CONTROL_AUDIO_VOLUME
11-05 17:58:03.757 W/DefaultPermGrantPolicy( 520): Permission not found: android.permission.NEARBY_WIFI_DEVICES
11-05 17:58:03.758 W/IorapForwardingService( 520): No service published for: iorapd
11-05 17:58:03.760 I/DefaultPermGrantPolicy( 520): Granting permissions to default platform handlers for user 0
11-05 17:58:03.761 W/VoiceInteractionManager( 520): no available voice interaction services found for user 0
11-05 17:58:03.762 W/VoiceInteractionManager( 520): no available voice recognition services found for user 0
11-05 17:58:03.766 I/SyncManager( 520): No initial accounts
11-05 17:58:03.779 W/DefaultPermGrantPolicy( 520): Permission not found: com.google.android.googleapps.permission.GOOGLE_AUTH
11-05 17:58:03.779 W/DefaultPermGrantPolicy( 520): Permission not found: com.google.android.googleapps.permission.GOOGLE_AUTH.cl
11-05 17:58:03.780 W/DefaultPermGrantPolicy( 520): Permission not found: android.permission.PROCESS_PHONE_ACCOUNT_REGISTRATION
11-05 17:58:03.781 W/DefaultPermGrantPolicy( 520): Permission not found: com.google.android.setupwizard.SETUP_COMPAT_SERVICE
11-05 17:58:03.787 D/XM_HIDREAD( 316): add@ add@/bus/platform/drivers/unisoc_wifi
11-05 17:58:03.787 D/XM_HIDREAD( 316): add@ add@/devices/platform/unisoc_wifi
11-05 17:58:03.788 E/DefaultPermGrantPolicy( 520): Package not found: org.xbmc.kodi
11-05 17:58:03.788 W/DefaultPermGrantPolicy( 520): No such package:org.xbmc.kodi
11-05 17:58:03.788 E/DefaultPermGrantPolicy( 520): Package not found: cm.aptoidetv.pt
11-05 17:58:03.788 W/DefaultPermGrantPolicy( 520): No such package:cm.aptoidetv.pt
11-05 17:58:03.788 E/DefaultPermGrantPolicy( 520): Package not found: com.softwinner.TvdFileManager
11-05 17:58:03.788 W/DefaultPermGrantPolicy( 520): No such package:com.softwinner.TvdFileManager
11-05 17:58:03.792 I/WCN ( 720): start_marlin [MARLIN_WIFI]
11-05 17:58:03.792 D/ ( 720): CPU: 2 PID: 720 Comm: wifi@1.0-servic Tainted: G O 5.4.125+ #1
11-05 17:58:03.792 D/Hardware name( 720): sun50iw9 (DT)
11-05 17:58:03.792 D/Call trace( 720):
11-05 17:58:03.792 D/ ( 720): dump_backtrace.cfi_jt+0x0/0x4
11-05 17:58:03.792 D/ ( 720): dump_stack+0xbc/0x104
11-05 17:58:03.792 D/ ( 720): marlin_set_power+0x2c/0x78c [uwe5621_bsp_sdio]
11-05 17:58:03.792 D/ ( 720): start_marlin+0xbc/0x14c [uwe5621_bsp_sdio]
11-05 17:58:03.793 D/ ( 720): sprdwl_probe+0x28/0x3f4 [sprdwl_ng]
11-05 17:58:03.793 D/ ( 720): platform_drv_probe+0xac/0xf0
11-05 17:58:03.793 D/ ( 720): really_probe+0x340/0x8f8
11-05 17:58:03.793 D/ ( 720): driver_probe_device+0x70/0x144
11-05 17:58:03.793 D/ ( 720): __device_attach_driver+0x14c/0x210
11-05 17:58:03.793 D/ ( 720): bus_for_each_drv+0x98/0x10c
11-05 17:58:03.793 D/ ( 720): __device_attach.llvm.11688684802597760888+0x108/0x1a8
11-05 17:58:03.793 D/ ( 720): bus_probe_device+0x3c/0xdc
11-05 17:58:03.793 D/ ( 720): device_add+0x950/0xb78
11-05 17:58:03.793 D/ ( 720): platform_device_add+0x90/0x260
11-05 17:58:03.793 D/ ( 720): init_module+0x48/0xfc4 [sprdwl_ng]
11-05 17:58:03.793 D/ ( 720): do_one_initcall+0xc4/0x238
11-05 17:58:03.793 D/ ( 720): do_init_module+0x58/0x2e0
11-05 17:58:03.793 D/ ( 720): load_module+0x31b8/0x3a40
11-05 17:58:03.793 D/ ( 720): __arm64_sys_finit_module+0xbc/0x120
11-05 17:58:03.793 D/ ( 720): el0_svc_common+0xb8/0x1cc
11-05 17:58:03.793 D/ ( 720): el0_svc_compat_handler+0x1c/0x28
11-05 17:58:03.793 D/ ( 720): el0_svc_compat+0x8/0x24
11-05 17:58:03.793 I/WCN ( 720): marlin power state:0, subsys: [MARLIN_WIFI] power 1
11-05 17:58:03.793 I/WCN ( 720): the first power on start
11-05 17:58:03.789 E/DefaultPermGrantPolicy( 520): Package not found: com.softwinner.TvdVideo
11-05 17:58:03.789 W/DefaultPermGrantPolicy( 520): No such package:com.softwinner.TvdVideo
11-05 17:58:03.789 E/DefaultPermGrantPolicy( 520): Package not found: com.android.chrome
11-05 17:58:03.789 W/DefaultPermGrantPolicy( 520): No such package:com.android.chrome
11-05 17:58:03.789 E/DefaultPermGrantPolicy( 520): Package not found: com.android.vending
11-05 17:58:03.789 W/DefaultPermGrantPolicy( 520): No such package:com.android.vending
11-05 17:58:03.789 E/DefaultPermGrantPolicy( 520): Package not found: com.google.android.tts
11-05 17:58:03.789 W/DefaultPermGrantPolicy( 520): No such package:com.google.android.tts
11-05 17:58:03.789 E/DefaultPermGrantPolicy( 520): Package not found: com.google.android.youtube.tv
11-05 17:58:03.789 W/DefaultPermGrantPolicy( 520): No such package:com.google.android.youtube.tv
11-05 17:58:03.789 E/DefaultPermGrantPolicy( 520): Package not found: com.google.android.katniss
11-05 17:58:03.789 W/DefaultPermGrantPolicy( 520): No such package:com.google.android.katniss
11-05 17:58:03.789 E/DefaultPermGrantPolicy( 520): Package not found: com.google.android.gms
11-05 17:58:03.789 W/DefaultPermGrantPolicy( 520): No such package:com.google.android.gms
11-05 17:58:03.799 I/SystemServerTiming( 520): MakeDisplayManagerServiceReady
11-05 17:58:03.808 E/DisplayModeDirector( 520): Asked about unknown display, returning empty display mode specs!(id=0)
11-05 17:58:03.808 E/DisplayModeDirector( 520): Asked about unknown display, returning empty display mode specs!(id=0)
11-05 17:58:03.811 I/SystemServerTiming( 520): StartDeviceSpecificServices
11-05 17:58:03.811 I/SystemServerTiming( 520): GameManagerService
11-05 17:58:03.811 I/SystemServiceManager( 520): Starting com.android.server.app.GameManagerService$Lifecycle
11-05 17:58:03.825 I/SystemServerTiming( 520): StartBootPhaseDeviceSpecificServicesReady
11-05 17:58:03.825 I/SystemServiceManager( 520): Starting phase 520
11-05 17:58:03.825 I/SystemServerTiming( 520): OnBootPhase_520
11-05 17:58:03.826 D/SoundTriggerService( 520): onBootPhase: 520 : false
11-05 17:58:03.826 I/SystemServerTiming( 520): AppSearchManagerService
11-05 17:58:03.826 I/system_server( 520): Waiting for a blocking GC ClassLinker
11-05 17:58:03.865 I/system_server( 520): Background young concurrent copying GC freed 73412(4005KB) AllocSpace objects, 14(552KB) LOS objects, 37% free, 7144KB/11MB, paused 457us total 133.449ms
11-05 17:58:03.865 I/system_server( 520): WaitForGcToComplete blocked ClassLinker on Background for 39.355ms
11-05 17:58:03.867 W/JHwRemoteBinder( 520): BinderProxy is being destroyed but the application did not call unlinkToDeath to unlink all of its death recipients beforehand. Releasing leaked death recipient: com.android.server.usb.UsbDeviceManager$UsbHandlerHal$UsbGadgetDeathRecipient
11-05 17:58:03.867 I/SystemServiceManager( 520): Starting com.android.server.appsearch.AppSearchManagerService
11-05 17:58:03.870 I/SystemServerTiming( 520): StartMediaCommunicationService
11-05 17:58:03.870 I/SystemServiceManager( 520): Starting com.android.server.media.MediaCommunicationService
11-05 17:58:03.872 I/SystemServerTiming( 520): PhaseActivityManagerReady
11-05 17:58:03.873 I/SystemServerTiming( 520): controllersReady
11-05 17:58:03.876 I/SystemServerTimingAsync( 520): InitThreadPoolExec:Update app-ops uidState in case package android changed
11-05 17:58:03.877 D/SystemServerInitThreadPool( 520): Started executing Update app-ops uidState in case package android changed
11-05 17:58:03.877 D/SystemServerInitThreadPool( 520): Finished executing Update app-ops uidState in case package android changed
11-05 17:58:03.878 I/SystemServerTiming( 520): killProcesses
11-05 17:58:03.878 I/ActivityManager( 520): System now ready
11-05 17:58:03.878 I/SystemServerTiming( 520): updateTopComponentForFactoryTest
11-05 17:58:03.878 I/SystemServerTiming( 520): registerActivityLaunchObserver
11-05 17:58:03.879 I/SystemServerTiming( 520): watchDeviceProvisioning
11-05 17:58:03.880 I/SystemServerTiming( 520): retrieveSettings
11-05 17:58:03.883 I/ActivityTaskManager( 520): Config changes=10000000 {1.0 ?mcc?mnc [zh_CN] ldltr sw720dp w1280dp h696dp 240dpi xlrg long land television -touch qwerty/v/v dpad/v winConfig={ mBounds=Rect(0, 0 - 1920, 1080) mAppBounds=Rect(0, 0 - 1920, 1080) mMaxBounds=Rect(0, 0 - 1920, 1080) mWindowingMode=fullscreen mDisplayWindowingMode=fullscreen mActivityType=undefined mAlwaysOnTop=undefined mRotation=ROTATION_0} s.6 fontWeightAdjustment=0}
11-05 17:58:03.884 I/WindowManager( 520): Override config changes=10000000 {1.0 ?mcc?mnc [zh_CN] ldltr sw720dp w1280dp h696dp 240dpi xlrg long land television -touch qwerty/v/v dpad/v winConfig={ mBounds=Rect(0, 0 - 1920, 1080) mAppBounds=Rect(0, 0 - 1920, 1080) mMaxBounds=Rect(0, 0 - 1920, 1080) mWindowingMode=fullscreen mDisplayWindowingMode=fullscreen mActivityType=undefined mAlwaysOnTop=undefined mRotation=ROTATION_0} s.6 fontWeightAdjustment=0} for displayId=0
11-05 17:58:03.887 I/SystemServerTiming( 520): Ugm.onSystemReady
11-05 17:58:03.888 I/SystemServerTiming( 520): updateForceBackgroundCheck
11-05 17:58:03.889 I/SystemServer( 520): Making services ready
11-05 17:58:03.889 I/SystemServerTiming( 520): StartActivityManagerReadyPhase
11-05 17:58:03.889 I/SystemServiceManager( 520): Starting phase 550
11-05 17:58:03.889 I/SystemServerTiming( 520): OnBootPhase_550
11-05 17:58:03.890 I/hwservicemanager( 180): getTransport: Cannot find entry android.hardware.thermal@2.0::IThermal/default in either framework or device VINTF manifest.
11-05 17:58:03.891 E/ThermalHalWrapper( 520): Thermal HAL 2.0 service not connected.
11-05 17:58:03.892 I/hwservicemanager( 180): getTransport: Cannot find entry android.hardware.thermal@1.1::IThermal/default in either framework or device VINTF manifest.
11-05 17:58:03.892 E/ThermalHalWrapper( 520): Thermal HAL 1.1 service not connected.
11-05 17:58:03.892 I/hwservicemanager( 180): getTransport: Cannot find entry android.hardware.thermal@1.0::IThermal/default in either framework or device VINTF manifest.
11-05 17:58:03.893 E/ThermalHalWrapper( 520): Thermal HAL 1.0 service not connected.
11-05 17:58:03.893 W/ThermalManagerService( 520): No Thermal HAL service on this device
11-05 17:58:03.895 W/ActivityManager( 520): Unable to start service Intent { act=com.android.ITelecomService cmp=com.android.server.telecom/.components.TelecomService } U=0: not found
11-05 17:58:03.895 D/BluetoothManagerService( 520): Bluetooth boot completed
11-05 17:58:03.896 D/BluetoothManagerService( 520): Auto-enabling Bluetooth.
