11-05 17:58:09.932 W/[sunxi-ohci2]( 164): probe, pdev->name: 5310400.ohci2-controller, sunxi_ohci: 0xffffffc008f820f8
11-05 17:58:09.927 V/PackageConfigPersister( 520): loadPackages: empty list files from /data/system_ce/0/package_configs
11-05 17:58:09.928 D/XM_HIDREAD( 316): add@ add@/devices/virtual/devlink/regulator.8--5310400.ohci2-controller
11-05 17:58:09.930 W/ActivityManager( 520): Slow operation: 70ms so far, now at startProcess: done updating pids map
11-05 17:58:09.931 I/SELinux ( 520): SELinux: Loaded file_contexts
11-05 17:58:09.934 D/CompatibilityChangeReporter( 520): Compat change id reported: 135634846; UID 10074; state: DISABLED
11-05 17:58:09.934 D/CompatibilityChangeReporter( 520): Compat change id reported: 143937733; UID 10074; state: ENABLED
11-05 17:58:09.936 W/ActivityManager( 520): UserLifecycleEvent 5 received without an active userJourneySession.
11-05 17:58:09.936 W/ActivityManager( 520): UserLifecycleEvent 6 received without an active userJourneySession.
11-05 17:58:09.936 I/ActivityManager( 520): User 0 state changed from RUNNING_UNLOCKING to RUNNING_UNLOCKED
11-05 17:58:09.936 D/WakeupConfigStoreData( 520): WifiWake user data has been read
11-05 17:58:09.939 D/WifiNl80211Manager( 520): Scan result ready event
11-05 17:58:09.939 D/WifiNative( 520): Scan result ready event
11-05 17:58:09.934 I/sunxi-ohci 5310400.ohci2-controller( 164): OHCI Host Controller
11-05 17:58:09.934 I/sunxi-ohci 5310400.ohci2-controller( 164): new USB bus registered, assigned bus number 7
11-05 17:58:09.934 E/debugfs ( 164): Directory 'sunxi-ohci' with parent 'ohci' already present!
11-05 17:58:09.946 I/sunxi-ohci 5310400.ohci2-controller( 164): irq 55, io mem 0x05310400
11-05 17:58:09.951 D/SystemServerTiming( 520): SystemUserUnlock took to complete: 1283ms
11-05 17:58:09.952 I/StorageUserConnection( 520): Bound to the ExternalStorageService for user 0
11-05 17:58:09.953 E/BackupPasswordManager( 520): Unable to read backup pw version
11-05 17:58:09.954 E/BackupPasswordManager( 520): Unable to read saved backup pw hash
11-05 17:58:09.954 I/ActivityManager( 520): com.dangbei.lerad.etna.haqu is exempt from freezer
11-05 17:58:09.954 W/Searchables( 520): No global search activity found
11-05 17:58:09.955 D/Zygote ( 242): Forked child process 1297
11-05 17:58:09.959 I/adbd ( 384): jdwp connection from 1277
11-05 17:58:09.966 D/WifiConfigStore( 520): Reading from user stores completed in 35 ms.
11-05 17:58:09.967 I/Watchdog( 520): Interesting Java process com.android.providers.media.module started. Pid 1297
11-05 17:58:09.967 I/ActivityManager( 520): app.processName = com.android.providers.media.module
11-05 17:58:09.967 I/ActivityManager( 520): Start proc 1297:com.android.providers.media.module/u0a74 for service {com.android.providers.media.module/com.android.providers.media.fuse.ExternalStorageServiceImpl}
11-05 17:58:09.971 I/Zygote ( 1297): seccomp disabled by setenforce 0
11-05 17:58:09.987 D/Zygote ( 242): Forked child process 1301
11-05 17:58:09.988 I/PreBootBroadcaster( 520): Pre-boot of {com.android.documentsui/com.android.documentsui.PreBootReceiver} for user 0
11-05 17:58:09.998 I/Zygote ( 1301): seccomp disabled by setenforce 0
11-05 17:58:10.001 V/BackupManagerConstants( 520): getKeyValueBackupIntervalMilliseconds(...) returns 14400000
11-05 17:58:10.001 V/BackupManagerConstants( 520): getKeyValueBackupFuzzMilliseconds(...) returns 600000
11-05 17:58:10.002 D/XM_HIDREAD( 316): add@ add@/devices/platform/soc@3000000/5310400.ohci2-controller/usb7
11-05 17:58:10.002 D/XM_HIDREAD( 316): add@ add@/devices/platform/soc@3000000/5310400.ohci2-controller/usb7/7-0:1.0
11-05 17:58:10.003 V/BackupManagerConstants( 520): getKeyValueBackupRequiredNetworkType(...) returns 1
11-05 17:58:10.003 I/adbd ( 384): jdwp connection from 1297
11-05 17:58:10.003 V/BackupManagerConstants( 520): getKeyValueBackupRequireCharging(...) returns true
11-05 17:58:10.003 V/KeyValueBackupJob( 520): Scheduling k/v pass in 246 minutes
11-05 17:58:10.006 D/XM_HIDREAD( 316): add@ add@/devices/virtual/devlink/regulator.8--5311400.ohci3-controller
11-05 17:58:10.007 I/usb7 ( 164): New USB device found, idVendor=1d6b, idProduct=0001, bcdDevice= 5.04
11-05 17:58:10.007 I/usb7 ( 164): New USB device strings: Mfr=3, Product=2, SerialNumber=1
11-05 17:58:10.007 I/usb7 ( 164): Product: OHCI Host Controller
11-05 17:58:10.007 I/usb7 ( 164): Manufacturer: Linux 5.4.125+ ohci_hcd
11-05 17:58:10.007 I/usb7 ( 164): SerialNumber: sunxi-ohci
11-05 17:58:10.008 I/hub 7-0 ( 164): 1.0: USB hub found
11-05 17:58:10.008 I/hub 7-0 ( 164): 1.0: 1 port detected
11-05 17:58:10.012 W/ ( 164): sunxi ohci3-controller don't init wakeup source
11-05 17:58:10.012 W/[sunxi-ohci3]( 164): probe, pdev->name: 5311400.ohci3-controller, sunxi_ohci: 0xffffffc008f827b8
11-05 17:58:10.013 I/sunxi-ohci 5311400.ohci3-controller( 164): OHCI Host Controller
11-05 17:58:10.013 I/sunxi-ohci 5311400.ohci3-controller( 164): new USB bus registered, assigned bus number 8
11-05 17:58:10.013 E/debugfs ( 164): Directory 'sunxi-ohci' with parent 'ohci' already present!
11-05 17:58:10.022 I/sunxi-ohci 5311400.ohci3-controller( 164): irq 57, io mem 0x05311400
11-05 17:58:10.010 W/FileUtils( 520): Failed to chmod(/data/misc_ce/0/apexdata/com.android.wifi/WifiConfigStore.xml, 384):
11-05 17:58:10.010 W/FileUtils( 520): android.system.ErrnoException: chmod failed: ENOENT (No such file or directory)
11-05 17:58:10.010 W/FileUtils( 520): at libcore.io.Linux.chmod(Native Method)
11-05 17:58:10.010 W/FileUtils( 520): at libcore.io.ForwardingOs.chmod(ForwardingOs.java:168)
11-05 17:58:10.010 W/FileUtils( 520): at libcore.io.BlockGuardOs.chmod(BlockGuardOs.java:83)
11-05 17:58:10.010 W/FileUtils( 520): at android.system.Os.chmod(Os.java:121)
11-05 17:58:10.010 W/FileUtils( 520): at com.android.server.wifi.util.FileUtils.chmod(FileUtils.java:44)
11-05 17:58:10.010 W/FileUtils( 520): at com.android.server.wifi.WifiConfigStore$StoreFile.writeBufferedRawData(WifiConfigStore.java:941)
11-05 17:58:10.010 W/FileUtils( 520): at com.android.server.wifi.WifiConfigStore.writeBufferedData(WifiConfigStore.java:510)
11-05 17:58:10.010 W/FileUtils( 520): at com.android.server.wifi.WifiConfigStore.write(WifiConfigStore.java:430)
11-05 17:58:10.010 W/FileUtils( 520): at com.android.server.wifi.WifiConfigManager.saveToStore(WifiConfigManager.java:3386)
11-05 17:58:10.010 W/FileUtils( 520): at com.android.server.wifi.WifiConfigManager.handleUserUnlockOrSwitch(WifiConfigManager.java:2933)
11-05 17:58:10.010 W/FileUtils( 520): at com.android.server.wifi.WifiConfigManager.handleUserUnlock(WifiConfigManager.java:3012)
11-05 17:58:10.010 W/FileUtils( 520): at com.android.server.wifi.WifiServiceImpl.lambda$handleUserUnlock$4(WifiServiceImpl.java:575)
11-05 17:58:10.010 W/FileUtils( 520): at com.android.server.wifi.WifiServiceImpl.$r8$lambda$pIHmbQfs3TB9X9eA4_RgrBdIdio(Unknown Source:0)
11-05 17:58:10.010 W/FileUtils( 520): at com.android.server.wifi.WifiServiceImpl$$ExternalSyntheticLambda17.run(Unknown Source:4)
11-05 17:58:10.010 W/FileUtils( 520): at android.os.Handler.handleCallback(Handler.java:938)
11-05 17:58:10.010 W/FileUtils( 520): at android.os.Handler.dispatchMessage(Handler.java:99)
11-05 17:58:10.010 W/FileUtils( 520): at android.os.Looper.loopOnce(Looper.java:201)
11-05 17:58:10.010 W/FileUtils( 520): at android.os.Looper.loop(Looper.java:288)
11-05 17:58:10.010 W/FileUtils( 520): at android.os.HandlerThread.run(HandlerThread.java:67)
11-05 17:58:10.011 W/ActivityManager( 520): Slow operation: 58ms so far, now at startProcess: done updating battery stats
11-05 17:58:10.012 W/ActivityManager( 520): Slow operation: 59ms so far, now at startProcess: building log message
11-05 17:58:10.012 I/ActivityManager( 520): app.processName = com.dangbei.lerad.etna.haqu
11-05 17:58:10.012 I/ActivityManager( 520): Start proc 1301:com.dangbei.lerad.etna.haqu/1000 for added application com.dangbei.lerad.etna.haqu
11-05 17:58:10.014 D/CompatibilityChangeReporter( 1277): Compat change id reported: 171979766; UID 1000; state: ENABLED
11-05 17:58:10.015 D/WifiConfigStore( 520): Writing to stores completed in 43 ms.
11-05 17:58:10.041 V/BackupManagerService( 520): [UserID:0] No ancestral data
11-05 17:58:10.041 I/adbd ( 384): jdwp connection from 1301
11-05 17:58:10.045 W/ActivityManager( 520): Slow operation: 92ms so far, now at startProcess: starting to update pids map
11-05 17:58:10.045 W/ActivityManager( 520): Slow operation: 92ms so far, now at startProcess: done updating pids map
11-05 17:58:10.052 D/ConnectivityService( 520): requestNetwork for uid/pid:1000/520 activeRequest: null callbackRequest: 22 [NetworkRequest [ REQUEST id=23, [ Capabilities: INTERNET&NOT_RESTRICTED&TRUSTED&NOT_VCN_MANAGED Uid: 1000 RequestorUid: 1000 RequestorPkg: android] ]] callback flags: 0 priority: 2147483647
11-05 17:58:10.056 D/ConnectivityService( 520): NetReassign [no changes]
11-05 17:58:10.056 D/PPPOE ( 520): got request NetworkRequest [ REQUEST id=23, [ Capabilities: INTERNET&NOT_RESTRICTED&TRUSTED&NOT_VCN_MANAGED Uid: 1000 RequestorUid: 1000 RequestorPkg: android] ]
11-05 17:58:10.061 D/Ethernet( 520): got request NetworkRequest [ REQUEST id=23, [ Capabilities: INTERNET&NOT_RESTRICTED&TRUSTED&NOT_VCN_MANAGED Uid: 1000 RequestorUid: 1000 RequestorPkg: android] ]
11-05 17:58:10.061 D/EthernetNetworkFactory( 520): acceptRequest, request: NetworkRequest [ REQUEST id=23, [ Capabilities: INTERNET&NOT_RESTRICTED&TRUSTED&NOT_VCN_MANAGED Uid: 1000 RequestorUid: 1000 RequestorPkg: android] ]
11-05 17:58:10.061 I/EthernetNetworkFactory( 520): networkForRequest, request: NetworkRequest [ REQUEST id=23, [ Capabilities: INTERNET&NOT_RESTRICTED&TRUSTED&NOT_VCN_MANAGED Uid: 1000 RequestorUid: 1000 RequestorPkg: android] ], network: null
11-05 17:58:10.064 D/PasspointManager( 520): ANQP entry not found for: 10:7c:61:1a:4b:90:<2.4G>
11-05 17:58:10.064 D/CompatibilityChangeReporter( 520): Compat change id reported: 168419799; UID 1000; state: DISABLED
11-05 17:58:10.066 D/PasspointManager( 520): ANQP entry not found for: 10:7c:61:1a:4b:94:<5G>
11-05 17:58:10.066 D/BluetoothOppFileProvider( 731): Initialized
11-05 17:58:10.069 E/WifiHAL ( 720): wifi_get_link_stats: requestResponse Error:-5
11-05 17:58:10.071 E/WifiVendorHal( 520): getWifiLinkLayerStats_1_5_Internal(l.1191) failed {.code = ERROR_INVALID_ARGS, .description = }
11-05 17:58:10.076 D/WifiNetworkFactory( 520): got request NetworkRequest [ REQUEST id=23, [ Capabilities: INTERNET&NOT_RESTRICTED&TRUSTED&NOT_VCN_MANAGED Uid: 1000 RequestorUid: 1000 RequestorPkg: android] ]
11-05 17:58:10.076 D/UntrustedWifiNetworkFactory( 520): got request NetworkRequest [ REQUEST id=23, [ Capabilities: INTERNET&NOT_RESTRICTED&TRUSTED&NOT_VCN_MANAGED Uid: 1000 RequestorUid: 1000 RequestorPkg: android] ]
11-05 17:58:10.084 I/usb8 ( 164): New USB device found, idVendor=1d6b, idProduct=0001, bcdDevice= 5.04
11-05 17:58:10.084 I/usb8 ( 164): New USB device strings: Mfr=3, Product=2, SerialNumber=1
11-05 17:58:10.084 I/usb8 ( 164): Product: OHCI Host Controller
11-05 17:58:10.084 I/usb8 ( 164): Manufacturer: Linux 5.4.125+ ohci_hcd
11-05 17:58:10.084 I/usb8 ( 164): SerialNumber: sunxi-ohci
11-05 17:58:10.085 I/hub 8-0 ( 164): 1.0: USB hub found
11-05 17:58:10.085 I/hub 8-0 ( 164): 1.0: 1 port detected
11-05 17:58:10.076 D/OemPaidWifiNetworkFactory( 520): got request NetworkRequest [ REQUEST id=23, [ Capabilities: INTERNET&NOT_RESTRICTED&TRUSTED&NOT_VCN_MANAGED Uid: 1000 RequestorUid: 1000 RequestorPkg: android] ]
11-05 17:58:10.079 D/XM_HIDREAD( 316): add@ add@/devices/platform/soc@3000000/5311400.ohci3-controller/usb8
11-05 17:58:10.079 D/XM_HIDREAD( 316): add@ add@/devices/platform/soc@3000000/5311400.ohci3-controller/usb8/8-0:1.0
11-05 17:58:10.085 D/XM_HIDREAD( 316): add@ add@/bus/platform/drivers/sunxi-ohci
11-05 17:58:10.086 D/XM_HIDREAD( 316): add@ add@/module/ohci_sunxi
11-05 17:58:10.088 D/CompatibilityChangeReporter( 520): Compat change id reported: 168419799; UID 10074; state: DISABLED
11-05 17:58:10.104 D/CompatibilityChangeReporter( 1301): Compat change id reported: 171979766; UID 1000; state: DISABLED
11-05 17:58:10.108 W/NotificationHistory( 520): Attempted to add notif for locked/gone/disabled user 0
11-05 17:58:10.110 W/Looper ( 520): Slow dispatch took 121ms android.ui h=com.android.server.am.PreBootBroadcaster$1 c=null m=1
11-05 17:58:10.114 W/Looper ( 520): Slow dispatch took 132ms main h=com.android.server.notification.NotificationManagerService$WorkerHandler c=com.android.server.notification.NotificationManagerService$PostNotificationRunnable@58c357d m=0
11-05 17:58:10.114 D/CompatibilityChangeReporter( 1297): Compat change id reported: 171979766; UID 10074; state: DISABLED
11-05 17:58:10.115 D/ApplicationLoaders( 1301): Returning zygote-cached class loader: /system/framework/android.test.base.jar
11-05 17:58:10.115 D/ApplicationLoaders( 1301): Returning zygote-cached class loader: /system/framework/android.hidl.manager-V1.0-java.jar
11-05 17:58:10.115 D/ApplicationLoaders( 1301): Returning zygote-cached class loader: /system/framework/android.hidl.base-V1.0-java.jar
11-05 17:58:10.117 D/XM_HIDREAD( 316): add@ add@/bus/platform/drivers/otg manager
11-05 17:58:10.117 D/XM_HIDREAD( 316): add@ add@/module/sunxi_usbc
11-05 17:58:10.120 D/ ( 164): get det_vbus is fail, -84
11-05 17:58:10.120 D/ ( 164): get id is fail, -84
11-05 17:58:10.138 D/awplayer( 356): : we have 95 ms
11-05 17:58:10.139 D/awplayer( 356): <__SdControl:260>: __SdControll : unknown command (101)...
11-05 17:58:10.141 V/NotificationAssistants( 520): enabling notification assistant for 0: ComponentInfo{android.ext.services/android.ext.services.notification.Assistant}
11-05 17:58:10.141 V/NotificationAssistants( 520): Not registering ComponentInfo{android.ext.services/android.ext.services.notification.Assistant} is already bound
11-05 17:58:10.144 D/awplayer( 356): : we still have 73 ms and pass 5 ms
11-05 17:58:10.151 D/awplayer( 356): : we still have 73 ms and pass 12 ms
11-05 17:58:10.157 D/awplayer( 356): : we still have 73 ms and pass 18 ms
11-05 17:58:10.163 D/awplayer( 356): : we still have 73 ms and pass 24 ms
11-05 17:58:10.168 D/awplayer( 356): : we still have 52 ms and pass 29 ms
11-05 17:58:10.168 V/GraphicsEnvironment( 1146): ANGLE Developer option for 'android.ext.services' set to: 'default'
11-05 17:58:10.169 V/GraphicsEnvironment( 1146): Neither updatable production driver nor prerelease driver is supported.
11-05 17:58:10.173 D/awplayer( 356): : we still have 52 ms and pass 35 ms
11-05 17:58:10.175 E/system_server( 520): No package ID 7f found for ID 0x7f070090.
11-05 17:58:10.175 E/system_server( 520): No package ID 7f found for ID 0x7f10009b.
11-05 17:58:10.181 D/awplayer( 356): : we still have 52 ms and pass 42 ms
11-05 17:58:10.182 D/NetworkSecurityConfig( 1146): No Network Security Config specified, using platform default
11-05 17:58:10.184 D/NetworkSecurityConfig( 1146): No Network Security Config specified, using platform default
11-05 17:58:10.186 D/awplayer( 356): : we still have 52 ms and pass 47 ms
11-05 17:58:10.193 D/awplayer( 356): : we still have 30 ms and pass 54 ms
11-05 17:58:10.202 D/VoHCI ( 1343): VoHCI service version: v1.0.0
11-05 17:58:10.204 E/VoHCI ( 1343): Cannot get card id for name: VoHCILoopback
11-05 17:58:10.204 I/ActivityManager( 520): com.android.keychain is exempt from freezer
11-05 17:58:10.205 D/CompatibilityChangeReporter( 520): Compat change id reported: 135634846; UID 1000; state: DISABLED
11-05 17:58:10.205 D/awplayer( 356): : we still have 30 ms and pass 66 ms
11-05 17:58:10.210 D/awplayer( 356): : we still have 8 ms and pass 71 ms
11-05 17:58:10.210 W/awplayer( 356): : we quit but still have 8 ms
11-05 17:58:10.217 I/BackupManagerService( 520): isBackupEnabled() => false due to absent settings file
11-05 17:58:10.217 D/BackupManagerService( 520): user:0 readBackupEnableState enabled:false
11-05 17:58:10.221 I/BackupManagerService( 520): [UserID:0] Backup enabled => false
11-05 17:58:10.229 I/AccountsDb( 520): Creating DE database for user 0
11-05 17:58:10.236 V/GraphicsEnvironment( 1277): ANGLE Developer option for 'com.android.tv.settings' set to: 'default'
11-05 17:58:10.236 V/GraphicsEnvironment( 1277): Neither updatable production driver nor prerelease driver is supported.
11-05 17:58:10.239 D/NetworkSecurityConfig( 1277): No Network Security Config specified, using platform default
11-05 17:58:10.240 D/NetworkSecurityConfig( 1277): No Network Security Config specified, using platform default
11-05 17:58:10.246 D/Zygote ( 242): Forked child process 1354
11-05 17:58:10.248 I/ActivityManager( 520): app.processName = com.android.keychain
11-05 17:58:10.248 I/ActivityManager( 520): Start proc 1354:com.android.keychain/1000 for service {com.android.keychain/com.android.keychain.KeyChainService}
11-05 17:58:10.256 I/Zygote ( 1354): seccomp disabled by setenforce 0
11-05 17:58:10.259 I/AccountManagerService( 520): User 0 is unlocked - opening CE database
11-05 17:58:10.283 I/AccountsDb( 520): Creating CE database /data/system_ce/0/accounts_ce.db
11-05 17:58:10.285 I/adbd ( 384): jdwp connection from 1354
11-05 17:58:10.292 V/GraphicsEnvironment( 1301): ANGLE Developer option for 'com.dangbei.lerad.etna.haqu' set to: 'default'
11-05 17:58:10.292 V/GraphicsEnvironment( 1301): Neither updatable production driver nor prerelease driver is supported.
11-05 17:58:10.298 W/Looper ( 520): Slow dispatch took 152ms main h=android.app.ActivityThread$H c=android.app.LoadedApk$ReceiverDispatcher$Args$$ExternalSyntheticLambda0@f3e07f6 m=0
11-05 17:58:10.303 V/BackupManagerConstants( 520): getKeyValueBackupIntervalMilliseconds(...) returns 14400000
11-05 17:58:10.303 V/BackupManagerConstants( 520): getKeyValueBackupFuzzMilliseconds(...) returns 600000
11-05 17:58:10.303 V/BackupManagerConstants( 520): getKeyValueBackupRequiredNetworkType(...) returns 1
11-05 17:58:10.303 V/BackupManagerConstants( 520): getKeyValueBackupRequireCharging(...) returns true
11-05 17:58:10.303 V/KeyValueBackupJob( 520): Scheduling k/v pass in 242 minutes
11-05 17:58:10.305 I/SyncManager( 520): Loaded persisted syncs: 0 periodic syncs, 0 oneshot syncs, 15 total system server jobs, JobStats: FirstLoad: 0/0/0 LastSave: 1/1/0
11-05 17:58:10.307 D/CompatibilityChangeReporter( 520): Compat change id reported: 168419799; UID 1000; state: DISABLED
11-05 17:58:10.313 D/NetworkSecurityConfig( 1301): Using Network Security Config from resource network_security_config debugBuild: false
11-05 17:58:10.315 V/NotificationAssistants( 520): 0 notification assistant service connected: ComponentInfo{android.ext.services/android.ext.services.notification.Assistant}
11-05 17:58:10.318 I/ExplicitHealthCheckController( 520): Explicit health check service is connected ComponentInfo{android.ext.services/android.ext.services.watchdog.ExplicitHealthCheckServiceImpl}
11-05 17:58:10.319 I/ExplicitHealthCheckController( 520): Service initialized, syncing requests
11-05 17:58:10.319 D/CompatibilityChangeReporter( 1354): Compat change id reported: 171979766; UID 1000; state: ENABLED
11-05 17:58:10.321 D/DeviceProvisionedControllerImpl( 749): Setting change: content://settings/secure/user_setup_complete
11-05 17:58:10.326 D/ColorDisplayService( 520): setUp: currentUser=0
11-05 17:58:10.328 W/NotificationHistory( 520): Attempted to add notif for locked/gone/disabled user 0
11-05 17:58:10.329 D/ColorDisplayService( 520): onNightDisplayAutoModeChanged: autoMode=0
11-05 17:58:10.329 I/ColorDisplayService( 520): Turning off night display
11-05 17:58:10.331 D/NetworkSecurityConfig( 1301): Using Network Security Config from resource network_security_config debugBuild: false
11-05 17:58:10.331 I/PackageWatchdog( 520): Syncing health check requests for packages: {}
11-05 17:58:10.331 D/ExplicitHealthCheckController( 520): Getting health check supported packages
11-05 17:58:10.334 D/ColorDisplayService( 520): Setting bright color reduction level: 50
11-05 17:58:10.345 I/ExplicitHealthCheckController( 520): Explicit health check supported packages [PackageConfig{com.android.networkstack, 86400000}]
11-05 17:58:10.345 D/PackageWatchdog( 520): Received supported packages [PackageConfig{com.android.networkstack, 86400000}]
11-05 17:58:10.346 D/ExplicitHealthCheckController( 520): Getting health check requested packages
11-05 17:58:10.358 V/GraphicsEnvironment( 1297): ANGLE Developer option for 'com.android.providers.media.module' set to: 'default'
11-05 17:58:10.358 V/GraphicsEnvironment( 1297): Neither updatable production driver nor prerelease driver is supported.
11-05 17:58:10.360 D/NetworkSecurityConfig( 1297): No Network Security Config specified, using platform default
11-05 17:58:10.364 D/NetworkSecurityConfig( 1297): No Network Security Config specified, using platform default
11-05 17:58:10.376 I/ExplicitHealthCheckController( 520): Explicit health check requested packages []
11-05 17:58:10.377 I/ExplicitHealthCheckController( 520): No more health check requests, unbinding...
11-05 17:58:10.379 I/ExplicitHealthCheckController( 520): Explicit health check service is unbound
11-05 17:58:10.382 W/ContextImpl( 1277): Calling a method in the system process without a qualified user: android.app.ContextImpl.startService:1816 android.content.ContextWrapper.startService:774 android.content.ContextWrapper.startService:774 com.android.tv.settings.users.UserSwitchListenerService$BootReceiver.onReceive:50 android.app.ActivityThread.handleReceiver:4308
11-05 17:58:10.401 D/PackageManager( 520): Instant App installer not found with android.intent.action.INSTALL_INSTANT_APP_PACKAGE
11-05 17:58:10.402 D/PackageManager( 520): Clear ephemeral installer activity
11-05 17:58:10.421 D/CompatibilityChangeReporter( 520): Compat change id reported: 135634846; UID 10017; state: DISABLED
11-05 17:58:10.422 D/CompatibilityChangeReporter( 520): Compat change id reported: 177438394; UID 10017; state: DISABLED
11-05 17:58:10.422 D/CompatibilityChangeReporter( 520): Compat change id reported: 135772972; UID 10017; state: DISABLED
11-05 17:58:10.423 D/CompatibilityChangeReporter( 520): Compat change id reported: 135754954; UID 10017; state: ENABLED
11-05 17:58:10.424 D/CompatibilityChangeReporter( 520): Compat change id reported: 143937733; UID 10017; state: ENABLED
11-05 17:58:10.437 I/MultiDex( 1301): VM with version 2.1.0 has multidex support
11-05 17:58:10.437 I/MultiDex( 1301): Installing application
11-05 17:58:10.440 I/MultiDex( 1301): VM has multidex support, MultiDex support library is disabled.
11-05 17:58:10.444 D/Zygote ( 242): Forked child process 1399
11-05 17:58:10.447 I/ActivityManager( 520): app.processName = com.android.documentsui
11-05 17:58:10.447 I/ActivityManager( 520): Start proc 1399:com.android.documentsui/u0a17 for broadcast {com.android.documentsui/com.android.documentsui.PreBootReceiver}
11-05 17:58:10.458 D/QuickLifeImpl( 1301): DatabaseHelper
11-05 17:58:10.465 I/Zygote ( 1399): seccomp disabled by setenforce 0
11-05 17:58:10.469 D/DeviceProvisionedControllerImpl( 749): Setting change: content://settings/global/device_provisioned
11-05 17:58:10.470 I/LockSettingsService( 520): Reporting device setup complete to IGateKeeperService
11-05 17:58:10.473 D/PermissionCache( 378): checking android.permission.ACCESS_KEYGUARD_SECURE_STORAGE for uid=1000 => granted (1853 us)
11-05 17:58:10.474 I/gatekeeperd( 378): cold boot: clearing state
11-05 17:58:10.487 V/GraphicsEnvironment( 1354): ANGLE Developer option for 'com.android.keychain' set to: 'default'
11-05 17:58:10.487 V/GraphicsEnvironment( 1354): Neither updatable production driver nor prerelease driver is supported.
11-05 17:58:10.490 I/adbd ( 384): jdwp connection from 1399
11-05 17:58:10.493 D/NetworkSecurityConfig( 1354): No Network Security Config specified, using platform default
11-05 17:58:10.496 D/NetworkSecurityConfig( 1354): No Network Security Config specified, using platform default
11-05 17:58:10.509 D/CompatibilityChangeReporter( 520): Compat change id reported: 168419799; UID 10017; state: DISABLED
11-05 17:58:10.510 V/MediaProvider( 1297): Attached media from com.android.providers.media.module
11-05 17:58:10.521 D/CompatibilityChangeReporter( 1399): Compat change id reported: 171979766; UID 10017; state: DISABLED
11-05 17:58:10.560 D/quicklife( 1301): ContentValuesUtil initConditionValues
11-05 17:58:10.561 D/quicklife( 1301): ContentValuesUtil initConditionValues
11-05 17:58:10.561 D/quicklife( 1301): ContentValuesUtil initConditionValues
11-05 17:58:10.561 D/quicklife( 1301): ContentValuesUtil initConditionValues
11-05 17:58:10.561 D/quicklife( 1301): ContentValuesUtil initConditionValues
11-05 17:58:10.562 D/quicklife( 1301): ContentValuesUtil initConditionValues
11-05 17:58:10.562 D/quicklife( 1301): ContentValuesUtil initConditionValues
11-05 17:58:10.562 D/quicklife( 1301): ContentValuesUtil initConditionValues
11-05 17:58:10.562 D/quicklife( 1301): ContentValuesUtil initConditionValues
11-05 17:58:10.562 D/quicklife( 1301): ContentValuesUtil initConditionValues
11-05 17:58:10.562 D/quicklife( 1301): ContentValuesUtil initConditionValues
11-05 17:58:10.562 D/quicklife( 1301): ContentValuesUtil initConditionValues
11-05 17:58:10.562 D/quicklife( 1301): ContentValuesUtil initConditionValues
11-05 17:58:10.581 D/QuickLifeImpl( 1301): DatabaseHelper onCreate
11-05 17:58:10.585 I/TranscodeHelper( 1297): Empty transcode compat stale
11-05 17:58:10.586 I/TranscodeHelper( 1297): Parsed 0 packages from resource
11-05 17:58:10.589 I/TranscodeHelper( 1297): Empty device config transcode compat manifest
11-05 17:58:10.593 D/PinnerService( 520): pinRangeStream: null
11-05 17:58:10.612 I/oid.documentsui( 1399): type=1400 audit(0.0:503): avc: denied { getattr } for path="/data/data/com.android.documentsui" dev="mmcblk0p25" ino=673 scontext=u:r:platform_app:s0:c512,c768 tcontext=u:object_r:app_data_file:s0:c512,c768 tclass=dir permissive=1 app=com.android.documentsui
11-05 17:58:10.612 I/Binder:520_3( 520): type=1400 audit(0.0:504): avc: denied { call } for scontext=u:r:system_server:s0 tcontext=u:r:preinstall:s0 tclass=binder permissive=1
11-05 17:58:10.619 E/PackageManager( 520): Unknown package: com.oranth.filebrowser
11-05 17:58:10.634 D/PinnerService( 520): pinRangeStream: null
11-05 17:58:10.634 D/PinnerService( 520): pinRangeStream: null
11-05 17:58:10.635 D/AutofillManagerServiceImpl( 520): Reset component for user 0:
11-05 17:58:10.635 D/AutofillUI( 520): destroySaveUiUiThread(): already destroyed
11-05 17:58:10.638 D/AutofillManagerServiceImpl( 520): Reset component for user 0:
11-05 17:58:10.641 D/AutofillUI( 520): destroySaveUiUiThread(): already destroyed
11-05 17:58:10.642 D/FieldClassificationStrategy( 520): reset(): service is not bound. Do nothing.
11-05 17:58:10.644 I/system_server( 520): Using smaps_rollup for pss collection
11-05 17:58:10.648 I/oid.documentsui( 1399): type=1400 audit(0.0:505): avc: denied { search } for name="com.android.documentsui" dev="mmcblk0p25" ino=673 scontext=u:r:platform_app:s0:c512,c768 tcontext=u:object_r:app_data_file:s0:c512,c768 tclass=dir permissive=1 app=com.android.documentsui
11-05 17:58:10.660 V/GraphicsEnvironment( 1399): ANGLE Developer option for 'com.android.documentsui' set to: 'default'
11-05 17:58:10.660 V/GraphicsEnvironment( 1399): Neither updatable production driver nor prerelease driver is supported.
11-05 17:58:10.662 D/NetworkSecurityConfig( 1399): No Network Security Config specified, using platform default
11-05 17:58:10.663 D/NetworkSecurityConfig( 1399): No Network Security Config specified, using platform default
11-05 17:58:10.664 I/rgb_led_ctl( 1448): type=1400 audit(0.0:506): avc: denied { write } for name="spidev1.0" dev="tmpfs" ino=3604 scontext=u:r:init:s0 tcontext=u:object_r:device:s0 tclass=chr_file permissive=1
11-05 17:58:10.664 I/rgb_led_ctl( 1448): type=1400 audit(0.0:507): avc: denied { open } for path="/dev/spidev1.0" dev="tmpfs" ino=3604 scontext=u:r:init:s0 tcontext=u:object_r:device:s0 tclass=chr_file permissive=1
11-05 17:58:10.668 V/MediaStore( 1297): Examining volume emulated;0 with name external_primary and state checking
11-05 17:58:10.675 E/PackageManager( 520): Unknown package: com.oranth.filebrowser
11-05 17:58:10.679 D/CompatibilityChangeReporter( 1297): Compat change id reported: 148180766; UID 10074; state: ENABLED
11-05 17:58:10.685 D/PulledMetrics( 1297): Registering callback with StatsManager
11-05 17:58:10.696 E/BluetoothManagerService( 520): Wait for STATE_OFF timeout
11-05 17:58:10.696 D/BluetoothManagerService( 520): Handle enable is finished
11-05 17:58:10.723 V/MediaProvider( 1297): onConfigure() for external.db
11-05 17:58:10.727 V/MediaProvider( 1297): onCreate() for external.db
11-05 17:58:10.734 I/StorageUserConnection( 520): Service: [ComponentInfo{com.android.providers.media.module/com.android.providers.media.fuse.ExternalStorageServiceImpl}] connected. User [0]
11-05 17:58:10.738 I/ExternalStorageServiceImpl( 1297): Starting session for id: emulated;0
11-05 17:58:10.739 V/FuseDaemonThread( 1297): Waiting 1000ms for FUSE start. Count 4
11-05 17:58:10.742 I/FuseDaemonThread( 1297): Starting thread for emulated;0 ...
11-05 17:58:10.743 I/FuseDaemon( 1297): Starting fuse...
11-05 17:58:10.768 W/IorapForwardingService( 520): No service published for: iorapd
11-05 17:58:10.770 D/GattService( 731): Unlocked userId 0
11-05 17:58:10.770 D/HeadsetService( 731): Unlocked userId 0
11-05 17:58:10.770 D/A2dpService( 731): Unlocked userId 0
11-05 17:58:10.770 D/HidHostService( 731): Unlocked userId 0
11-05 17:58:10.770 D/PanService( 731): Unlocked userId 0
11-05 17:58:10.770 D/BluetoothMapService( 731): Unlocked userId 0
11-05 17:58:10.770 D/AvrcpTargetService( 731): Unlocked userId 0
11-05 17:58:10.770 I/AvrcpTargetService( 731): User unlocked, initializing the service
11-05 17:58:10.770 V/MediaPlayerList( 731): Initializing MediaPlayerList
11-05 17:58:10.774 I/AvrcpBrowsedPlayerWrapper( 731): Wrapping Media Browser com.android.music
11-05 17:58:10.775 D/HidDeviceService( 731): Unlocked userId 0
11-05 17:58:10.775 D/BluetoothOppService( 731): Unlocked userId 0
11-05 17:58:10.775 D/BluetoothPbapService( 731): Unlocked userId 0
11-05 17:58:10.775 I/BluetoothPbapService( 731): setUserUnlocked(0)
11-05 17:58:10.779 I/AudioFlinger( 268): BUFFER TIMEOUT: remove(55) from active list on thread 0xf73f1e00
11-05 17:58:10.790 W/audit ( 1469): audit_lost=57 audit_rate_limit=5 audit_backlog_limit=64
11-05 17:58:10.790 E/audit ( 1469): rate limit exceeded
11-05 17:58:10.789 D/CompatibilityChangeReporter( 520): Compat change id reported: 135634846; UID 10046; state: DISABLED
11-05 17:58:10.789 D/CompatibilityChangeReporter( 520): Compat change id reported: 177438394; UID 10046; state: DISABLED
11-05 17:58:10.791 D/CompatibilityChangeReporter( 520): Compat change id reported: 135772972; UID 10046; state: DISABLED
11-05 17:58:10.791 D/CompatibilityChangeReporter( 520): Compat change id reported: 135754954; UID 10046; state: DISABLED
11-05 17:58:10.796 D/CompatibilityChangeReporter( 520): Compat change id reported: 143937733; UID 10046; state: DISABLED
11-05 17:58:10.801 W/BluetoothManagerService( 520): Unable to bind with intent: Intent { act=android.bluetooth.IBluetoothHeadset cmp=com.android.bluetooth/.hfp.HeadsetService }
11-05 17:58:10.817 D/Zygote ( 242): Forked child process 1481
11-05 17:58:10.827 I/Zygote ( 1481): seccomp disabled by setenforce 0
11-05 17:58:10.828 I/ActivityManager( 520): app.processName = com.android.music
11-05 17:58:10.829 I/ActivityManager( 520): Start proc 1481:com.android.music/u0a46 for service {com.android.music/com.android.music.MediaPlaybackService}
11-05 17:58:10.833 I/ProvidersCache( 1399): Provider returned no roots. Possibly naughty: com.android.providers.media.documents
11-05 17:58:10.854 I/id.ext.service( 1146): Background young concurrent copying GC freed 6633(351KB) AllocSpace objects, 0(0B) LOS objects, 95% free, 1064KB/25MB, paused 128us total 162.927ms
11-05 17:58:10.855 I/adbd ( 384): jdwp connection from 1481
11-05 17:58:10.876 D/CompatibilityChangeReporter( 520): Compat change id reported: 135634846; UID 10025; state: DISABLED
11-05 17:58:10.876 D/CompatibilityChangeReporter( 520): Compat change id reported: 177438394; UID 10025; state: DISABLED
11-05 17:58:10.876 D/CompatibilityChangeReporter( 520): Compat change id reported: 135772972; UID 10025; state: DISABLED
11-05 17:58:10.876 D/CompatibilityChangeReporter( 520): Compat change id reported: 135754954; UID 10025; state: ENABLED
11-05 17:58:10.877 D/CompatibilityChangeReporter( 520): Compat change id reported: 143937733; UID 10025; state: ENABLED
11-05 17:58:10.893 D/Zygote ( 242): Forked child process 1505
11-05 17:58:10.903 D/CompatibilityChangeReporter( 520): Compat change id reported: 168419799; UID 10046; state: DISABLED
11-05 17:58:10.908 I/Zygote ( 1505): seccomp disabled by setenforce 0
11-05 17:58:10.920 D/BufferPoolAccessor2.0( 377): bufferpool2 0xe8798558 : 0(0 size) total buffers - 0(0 size) used buffers - 16/19 (recycle/alloc) - 4/18 (fetch/transfer)
11-05 17:58:10.920 D/BufferPoolAccessor2.0( 377): bufferpool2 0xe8798cd8 : 0(0 size) total buffers - 0(0 size) used buffers - 18/21 (recycle/alloc) - 3/20 (fetch/transfer)
11-05 17:58:10.920 D/BufferPoolAccessor2.0( 377): bufferpool2 0xe8798418 : 0(0 size) total buffers - 0(0 size) used buffers - 32/36 (recycle/alloc) - 4/35 (fetch/transfer)
11-05 17:58:10.920 D/BufferPoolAccessor2.0( 377): bufferpool2 0xe8798f58 : 0(0 size) total buffers - 0(0 size) used buffers - 28/32 (recycle/alloc) - 4/31 (fetch/transfer)
11-05 17:58:10.920 D/BufferPoolAccessor2.0( 377): evictor expired: 4, evicted: 4
11-05 17:58:10.922 I/ActivityManager( 520): app.processName = com.android.externalstorage
11-05 17:58:10.922 I/ActivityManager( 520): Start proc 1505:com.android.externalstorage/u0a25 for content provider {com.android.externalstorage/com.android.externalstorage.ExternalStorageProvider}
11-05 17:58:10.926 D/BufferPoolAccessor2.0( 520): bufferpool2 0xe7346798 : 0(0 size) total buffers - 0(0 size) used buffers - 2/7 (recycle/alloc) - 8/42 (fetch/transfer)
11-05 17:58:10.926 D/BufferPoolAccessor2.0( 520): bufferpool2 0xe7346a18 : 0(0 size) total buffers - 0(0 size) used buffers - 1/7 (recycle/alloc) - 6/46 (fetch/transfer)
11-05 17:58:10.926 D/BufferPoolAccessor2.0( 520): bufferpool2 0xe7349998 : 0(0 size) total buffers - 0(0 size) used buffers - 2/7 (recycle/alloc) - 5/68 (fetch/transfer)
11-05 17:58:10.926 D/BufferPoolAccessor2.0( 520): bufferpool2 0xe7349858 : 0(0 size) total buffers - 0(0 size) used buffers - 1/7 (recycle/alloc) - 6/76 (fetch/transfer)
11-05 17:58:10.926 D/BufferPoolAccessor2.0( 520): evictor expired: 4, evicted: 4
11-05 17:58:10.952 W/PreBootReceiver( 1399): Can't get valid overlay info
11-05 17:58:10.954 I/PreBootBroadcaster( 520): Pre-boot of {com.android.managedprovisioning/com.android.managedprovisioning.ota.PreBootListener} for user 0
11-05 17:58:10.956 D/DocumentsApplication( 1399): OverlayManager.setEnabled() result: true
11-05 17:58:10.962 I/adbd ( 384): jdwp connection from 1505
11-05 17:58:10.969 I/ActivityManager( 520): com.android.managedprovisioning is exempt from freezer
11-05 17:58:10.970 D/CompatibilityChangeReporter( 520): Compat change id reported: 135634846; UID 10027; state: DISABLED
11-05 17:58:10.970 D/CompatibilityChangeReporter( 520): Compat change id reported: 177438394; UID 10027; state: DISABLED
11-05 17:58:10.970 D/CompatibilityChangeReporter( 520): Compat change id reported: 135772972; UID 10027; state: DISABLED
11-05 17:58:10.971 D/CompatibilityChangeReporter( 520): Compat change id reported: 135754954; UID 10027; state: ENABLED
11-05 17:58:10.973 D/CompatibilityChangeReporter( 520): Compat change id reported: 143937733; UID 10027; state: ENABLED
11-05 17:58:10.973 D/CompatibilityChangeReporter( 1481): Compat change id reported: 171979766; UID 10046; state: DISABLED
11-05 17:58:10.985 D/ApplicationLoaders( 1481): Returning zygote-cached class loader: /system/framework/android.test.base.jar
11-05 17:58:10.992 D/Zygote ( 242): Forked child process 1535
11-05 17:58:10.996 I/ActivityManager( 520): app.processName = com.android.managedprovisioning
11-05 17:58:10.996 I/ActivityManager( 520): Start proc 1535:com.android.managedprovisioning/u0a27 for broadcast {com.android.managedprovisioning/com.android.managedprovisioning.ota.PreBootListener}
11-05 17:58:11.011 I/Zygote ( 1535): seccomp disabled by setenforce 0
11-05 17:58:11.023 D/CompatibilityChangeReporter( 520): Compat change id reported: 168419799; UID 10025; state: DISABLED
11-05 17:58:11.038 D/CompatibilityChangeReporter( 520): Compat change id reported: 149924527; UID 1000; state: ENABLED
11-05 17:58:11.041 D/CompatibilityChangeReporter( 1505): Compat change id reported: 171979766; UID 10025; state: ENABLED
11-05 17:58:11.042 D/CompatibilityChangeReporter( 520): Compat change id reported: 132649864; UID 1000; state: DISABLED
11-05 17:58:11.049 I/adbd ( 384): jdwp connection from 1535
11-05 17:58:11.062 V/GraphicsEnvironment( 1481): ANGLE Developer option for 'com.android.music' set to: 'default'
11-05 17:58:11.062 V/GraphicsEnvironment( 1481): Neither updatable production driver nor prerelease driver is supported.
11-05 17:58:11.072 D/NetworkSecurityConfig( 1481): No Network Security Config specified, using platform default
11-05 17:58:11.073 I/MediaProvider( 1297): Changed schema version on external from 0 to 1209, 0 items taking 344ms UUID 0490e0e3-bfce-4787-b4e5-447bbb54dca6
11-05 17:58:11.076 D/NetworkSecurityConfig( 1481): No Network Security Config specified, using platform default
11-05 17:58:11.090 D/CompatibilityChangeReporter( 520): Compat change id reported: 168419799; UID 10027; state: DISABLED
11-05 17:58:11.097 D/BluetoothManagerService( 520): MESSAGE_RESTART_BLUETOOTH_SERVICE: retry count=1
11-05 17:58:11.098 V/MediaProvider( 1297): onOpen() for external.db
11-05 17:58:11.100 D/BluetoothAdapterService( 731): enable() - Enable called with quiet mode status = false
11-05 17:58:11.101 I/AdapterState( 731): ON : Unhandled message - BLE_TURN_ON
11-05 17:58:11.107 D/CompatibilityChangeReporter( 1535): Compat change id reported: 171979766; UID 10027; state: ENABLED
11-05 17:58:11.110 D/music_MediaPlaybackSer( 1481): onCreate()
11-05 17:58:11.111 D/music_MediaPlaybackSer( 1481): Create MusicProvider
11-05 17:58:11.114 D/music_MediaPlaybackSer( 1481): Create MediaSession
11-05 17:58:11.128 V/MediaPlayerList( 731): onActiveSessionsChanged: number of controllers: 0
11-05 17:58:11.128 D/CompatibilityChangeReporter( 520): Compat change id reported: 135634846; UID 10016; state: DISABLED
11-05 17:58:11.129 D/CompatibilityChangeReporter( 520): Compat change id reported: 177438394; UID 10016; state: DISABLED
11-05 17:58:11.129 D/CompatibilityChangeReporter( 520): Compat change id reported: 135772972; UID 10016; state: DISABLED
11-05 17:58:11.129 D/CompatibilityChangeReporter( 520): Compat change id reported: 135754954; UID 10016; state: ENABLED
11-05 17:58:11.130 V/GraphicsEnvironment( 1505): ANGLE Developer option for 'com.android.externalstorage' set to: 'default'
11-05 17:58:11.130 V/GraphicsEnvironment( 1505): Neither updatable production driver nor prerelease driver is supported.
11-05 17:58:11.131 D/CompatibilityChangeReporter( 520): Compat change id reported: 143937733; UID 10016; state: ENABLED
11-05 17:58:11.137 D/NetworkSecurityConfig( 1505): No Network Security Config specified, using platform default
11-05 17:58:11.137 D/NetworkSecurityConfig( 1505): No Network Security Config specified, using platform default
11-05 17:58:11.148 D/ExternalStorage( 1505): After updating volumes, found 0 active roots
11-05 17:58:11.154 D/Zygote ( 242): Forked child process 1565
11-05 17:58:11.155 I/ActivityManager( 520): app.processName = android.process.media
11-05 17:58:11.155 I/ActivityManager( 520): Start proc 1565:android.process.media/u0a16 for content provider {com.android.providers.media/com.android.providers.media.LegacyMediaProvider}
11-05 17:58:11.155 D/CompatibilityChangeReporter( 1481): Compat change id reported: 160794467; UID 10046; state: DISABLED
11-05 17:58:11.159 D/music_MediaPlaybackSer( 1481): updatePlaybackState, playback state=0
11-05 17:58:11.166 I/ProvidersCache( 1399): Provider returned no roots. Possibly naughty: com.android.externalstorage.documents
11-05 17:58:11.171 D/music_MusicApp( 1481): add mount callback: com.android.music.MediaPlaybackService@1c66b73
11-05 17:58:11.180 D/music_MediaPlaybackSer( 1481): OnGetRoot: clientPackageName=com.android.bluetooth; clientUid=1002 ; rootHints=null
11-05 17:58:11.181 I/AvrcpBrowsedPlayerWrapper( 731): onConnected: com.android.music is connected
11-05 17:58:11.182 D/AvrcpBrowsablePlayerConnector( 731): Browse player callback called: package=com.android.music : status=0
11-05 17:58:11.185 D/AvrcpBrowsablePlayerConnector( 731): Received a message: msg.what=1
11-05 17:58:11.187 I/Zygote ( 1565): seccomp disabled by setenforce 0
11-05 17:58:11.187 I/AvrcpBrowsablePlayerConnector( 731): Checking root contents for com.android.music
11-05 17:58:11.194 D/music_MediaPlaybackSer( 1481): onDestroy
11-05 17:58:11.194 D/music_MusicApp( 1481): remove mount callback: com.android.music.MediaPlaybackService@1c66b73
11-05 17:58:11.194 D/music_MediaPlaybackSer( 1481): handleStopRequest: mState=0 error=destroy
11-05 17:58:11.194 D/music_MediaPlaybackSer( 1481): updatePlaybackState, playback state=1
11-05 17:58:11.195 D/Playback( 1481): giveUpAudioFocus
11-05 17:58:11.195 D/Playback( 1481): relaxResources. releaseMediaPlayer=true
11-05 17:58:11.199 D/music_MediaPlaybackSer( 1481): updatePlaybackState, playback state=1
11-05 17:58:11.209 I/adbd ( 384): jdwp connection from 1565
11-05 17:58:11.210 V/GraphicsEnvironment( 1535): ANGLE Developer option for 'com.android.managedprovisioning' set to: 'default'
11-05 17:58:11.210 V/GraphicsEnvironment( 1535): Neither updatable production driver nor prerelease driver is supported.
11-05 17:58:11.212 D/NetworkSecurityConfig( 1535): No Network Security Config specified, using platform default
11-05 17:58:11.212 D/NetworkSecurityConfig( 1535): No Network Security Config specified, using platform default
11-05 17:58:11.215 D/music_MediaPlaybackSer( 1481): onCreate()
11-05 17:58:11.215 D/music_MediaPlaybackSer( 1481): Create MusicProvider
11-05 17:58:11.215 D/music_MediaPlaybackSer( 1481): Create MediaSession
11-05 17:58:11.216 V/MediaPlayerList( 731): onActiveSessionsChanged: number of controllers: 0
11-05 17:58:11.224 V/MediaPlayerList( 731): onActiveSessionsChanged: number of controllers: 0
11-05 17:58:11.231 D/music_MediaPlaybackSer( 1481): updatePlaybackState, playback state=0
11-05 17:58:11.237 D/music_MusicApp( 1481): add mount callback: com.android.music.MediaPlaybackService@65d942e
11-05 17:58:11.241 D/music_MediaPlaybackSer( 1481): OnGetRoot: clientPackageName=com.android.bluetooth; clientUid=1002 ; rootHints=null
11-05 17:58:11.242 I/AvrcpBrowsedPlayerWrapper( 731): onConnected: com.android.music is connected
11-05 17:58:11.242 D/CompatibilityChangeReporter( 520): Compat change id reported: 168419799; UID 10016; state: DISABLED
11-05 17:58:11.242 I/AvrcpBrowsedPlayerWrapper( 731): getFolderItems: Connected to browsable player: com.android.music
11-05 17:58:11.243 I/CarUiInstaller( 1535): CarUiInstaller started for com.android.managedprovisioning
11-05 17:58:11.244 D/music_MediaPlaybackSer( 1481): OnLoadChildren: parentMediaId=__ROOT__
11-05 17:58:11.249 D/MusicProvider( 1481): retrieveMediaAsync called
11-05 17:58:11.255 D/CompatibilityChangeReporter( 1565): Compat change id reported: 171979766; UID 10016; state: ENABLED
11-05 17:58:11.263 E/MediaProvider( 1297): Volume external_primary not found, calling identity: UserHandle{0}, attached volumes: {MediaVolume name: [internal] id: [null] user: [null] path: [null]}
11-05 17:58:11.264 E/DatabaseUtils( 1297): Writing exception to parcel
11-05 17:58:11.264 E/DatabaseUtils( 1297): java.lang.IllegalArgumentException: Volume external_primary not found
11-05 17:58:11.264 E/DatabaseUtils( 1297): at com.android.providers.media.MediaProvider.query(MediaProvider.java:2726)
11-05 17:58:11.264 E/DatabaseUtils( 1297): at com.android.providers.media.MediaProvider.query(MediaProvider.java:2717)
11-05 17:58:11.264 E/DatabaseUtils( 1297): at android.content.ContentProvider$Transport.query(ContentProvider.java:272)
11-05 17:58:11.264 E/DatabaseUtils( 1297): at android.content.ContentProviderNative.onTransact(ContentProviderNative.java:107)
11-05 17:58:11.264 E/DatabaseUtils( 1297): at android.os.Binder.execTransactInternal(Binder.java:1179)
11-05 17:58:11.264 E/DatabaseUtils( 1297): at android.os.Binder.execTransact(Binder.java:1143) --------- beginning of crash
11-05 17:58:11.270 E/AndroidRuntime( 1481): FATAL EXCEPTION: AsyncTask #1
11-05 17:58:11.270 E/AndroidRuntime( 1481): Process: com.android.music, PID: 1481
11-05 17:58:11.270 E/AndroidRuntime( 1481): java.lang.RuntimeException: An error occurred while executing doInBackground()
11-05 17:58:11.270 E/AndroidRuntime( 1481): at android.os.AsyncTask$4.done(AsyncTask.java:415)
11-05 17:58:11.270 E/AndroidRuntime( 1481): at java.util.concurrent.FutureTask.finishCompletion(FutureTask.java:383)
11-05 17:58:11.270 E/AndroidRuntime( 1481): at java.util.concurrent.FutureTask.setException(FutureTask.java:252)
11-05 17:58:11.270 E/AndroidRuntime( 1481): at java.util.concurrent.FutureTask.run(FutureTask.java:271)
11-05 17:58:11.270 E/AndroidRuntime( 1481): at android.os.AsyncTask$SerialExecutor$1.run(AsyncTask.java:305)
11-05 17:58:11.270 E/AndroidRuntime( 1481): at java.util.concurrent.ThreadPoolExecutor.runWorker(ThreadPoolExecutor.java:1167)
11-05 17:58:11.270 E/AndroidRuntime( 1481): at java.util.concurrent.ThreadPoolExecutor$Worker.run(ThreadPoolExecutor.java:641)
11-05 17:58:11.270 E/AndroidRuntime( 1481): at java.lang.Thread.run(Thread.java:920)
11-05 17:58:11.270 E/AndroidRuntime( 1481): Caused by: java.lang.IllegalArgumentException: Volume external_primary not found
11-05 17:58:11.270 E/AndroidRuntime( 1481): at android.database.DatabaseUtils.readExceptionFromParcel(DatabaseUtils.java:172)
11-05 17:58:11.270 E/AndroidRuntime( 1481): at android.database.DatabaseUtils.readExceptionFromParcel(DatabaseUtils.java:142)
11-05 17:58:11.270 E/AndroidRuntime( 1481): at android.content.ContentProviderProxy.query(ContentProviderNative.java:481)
11-05 17:58:11.270 E/AndroidRuntime( 1481): at android.content.ContentResolver.query(ContentResolver.java:1219)
11-05 17:58:11.270 E/AndroidRuntime( 1481): at android.content.ContentResolver.query(ContentResolver.java:1151)
11-05 17:58:11.270 E/AndroidRuntime( 1481): at android.content.ContentResolver.query(ContentResolver.java:1107)
11-05 17:58:11.270 E/AndroidRuntime( 1481): at com.android.music.utils.MusicProvider.retrieveMedia(MusicProvider.java:357)
11-05 17:58:11.270 E/AndroidRuntime( 1481): at com.android.music.utils.MusicProvider.access$100(MusicProvider.java:51)
11-05 17:58:11.270 E/AndroidRuntime( 1481): at com.android.music.utils.MusicProvider$1.doInBackground(MusicProvider.java:246)
11-05 17:58:11.270 E/AndroidRuntime( 1481): at com.android.music.utils.MusicProvider$1.doInBackground(MusicProvider.java:237)
11-05 17:58:11.270 E/AndroidRuntime( 1481): at android.os.AsyncTask$3.call(AsyncTask.java:394)
11-05 17:58:11.270 E/AndroidRuntime( 1481): at java.util.concurrent.FutureTask.run(FutureTask.java:266)
11-05 17:58:11.270 E/AndroidRuntime( 1481): ... 4 more
11-05 17:58:11.276 I/DropBoxManagerService( 520): add tag=system_app_crash isTagEnabled=true flags=0x2
11-05 17:58:11.282 I/Process ( 1481): Sending signal. PID: 1481 SIG: 9
11-05 17:58:11.316 I/ActivityManager( 520): Process com.android.music (pid 1481) has died: vis IMPF
11-05 17:58:11.317 I/AvrcpBrowsedPlayerWrapper( 731): getFolderItems: Connected to browsable player: com.android.music
11-05 17:58:11.317 I/AvrcpBrowsedPlayerWrapper( 731): onConnectionSuspended: Connection Suspended with com.android.music
11-05 17:58:11.318 I/libprocessgroup( 520): Successfully killed process cgroup uid 10046 pid 1481 in 0ms
11-05 17:58:11.319 W/ActivityManager( 520): Scheduling restart of crashed service com.android.music/.MediaPlaybackService in 1000ms for connection
11-05 17:58:11.320 I/Zygote ( 242): Process 1481 exited due to signal 9 (Killed)
11-05 17:58:11.326 V/MediaPlayerList( 731): onActiveSessionsChanged: number of controllers: 0
11-05 17:58:11.326 V/GraphicsEnvironment( 1565): ANGLE Developer option for 'com.android.providers.media' set to: 'default'
11-05 17:58:11.327 V/GraphicsEnvironment( 1565): Neither updatable production driver nor prerelease driver is supported.
11-05 17:58:11.328 D/NetworkSecurityConfig( 1565): No Network Security Config specified, using platform default
11-05 17:58:11.328 D/NetworkSecurityConfig( 1565): No Network Security Config specified, using platform default
11-05 17:58:11.337 I/PreBootBroadcaster( 520): Pre-boot of {com.android.providers.calendar/com.android.providers.calendar.CalendarUpgradeReceiver} for user 0
11-05 17:58:11.340 D/CompatibilityChangeReporter( 520): Compat change id reported: 135634846; UID 10029; state: DISABLED
11-05 17:58:11.340 D/CompatibilityChangeReporter( 520): Compat change id reported: 177438394; UID 10029; state: DISABLED
11-05 17:58:11.340 D/CompatibilityChangeReporter( 520): Compat change id reported: 135772972; UID 10029; state: DISABLED
11-05 17:58:11.340 D/CompatibilityChangeReporter( 520): Compat change id reported: 135754954; UID 10029; state: ENABLED
11-05 17:58:11.341 D/CompatibilityChangeReporter( 520): Compat change id reported: 143937733; UID 10029; state: ENABLED
11-05 17:58:11.355 D/Zygote ( 242): Forked child process 1608
11-05 17:58:11.357 I/ActivityManager( 520): app.processName = com.android.providers.calendar
