11-05 17:58:04.175 E/omx_vdec( 362): : erro: pParamData->nIndex > m_sPortFormatType.nIndex
11-05 17:58:04.175 W/omx_vdec( 362): <__AwOmxVdecGetExtensionIndex:1737>: GetExtensionIndex OMX.google.android.index.describeColorFormat, err [0x80001001].
11-05 17:58:04.175 W/omx_vdec( 362): <__AwOmxVdecGetExtensionIndex:1737>: GetExtensionIndex OMX.google.android.index.describeColorFormat2, err [0x80001001].
11-05 17:58:04.175 V/AdapterServiceConfig( 731): Adding A2dpService
11-05 17:58:04.175 V/AdapterServiceConfig( 731): Adding HidHostService
11-05 17:58:04.175 E/omx_vdec( 362): : erro: pParamData->nIndex > m_sPortFormatType.nIndex
11-05 17:58:04.175 V/AdapterServiceConfig( 731): Adding PanService
11-05 17:58:04.175 W/omx_vdec( 362): <__AwOmxVdecGetExtensionIndex:1737>: GetExtensionIndex OMX.google.android.index.describeColorFormat, err [0x80001001].
11-05 17:58:04.175 V/AdapterServiceConfig( 731): Adding GattService
11-05 17:58:04.176 V/AdapterServiceConfig( 731): Adding BluetoothMapService
11-05 17:58:04.176 W/omx_vdec( 362): <__AwOmxVdecGetExtensionIndex:1737>: GetExtensionIndex OMX.google.android.index.describeColorFormat2, err [0x80001001].
11-05 17:58:04.176 V/AdapterServiceConfig( 731): Adding AvrcpTargetService
11-05 17:58:04.176 E/omx_vdec( 362): : erro: pParamData->nIndex > m_sPortFormatType.nIndex
11-05 17:58:04.176 V/AdapterServiceConfig( 731): Adding HidDeviceService
11-05 17:58:04.176 W/omx_vdec( 362): <__AwOmxVdecGetExtensionIndex:1737>: GetExtensionIndex OMX.google.android.index.describeColorFormat, err [0x80001001].
11-05 17:58:04.176 V/AdapterServiceConfig( 731): Adding BluetoothOppService
11-05 17:58:04.176 W/omx_vdec( 362): <__AwOmxVdecGetExtensionIndex:1737>: GetExtensionIndex OMX.google.android.index.describeColorFormat2, err [0x80001001].
11-05 17:58:04.176 V/AdapterServiceConfig( 731): Adding BluetoothPbapService
11-05 17:58:04.176 E/omx_vdec( 362): : erro: pParamData->nIndex > m_sPortFormatType.nIndex
11-05 17:58:04.177 W/omx_vdec( 362): <__AwOmxVdecGetExtensionIndex:1737>: GetExtensionIndex OMX.google.android.index.describeColorFormat, err [0x80001001].
11-05 17:58:04.177 W/omx_vdec( 362): <__AwOmxVdecGetExtensionIndex:1737>: GetExtensionIndex OMX.google.android.index.describeColorFormat2, err [0x80001001].
11-05 17:58:04.177 E/omx_vdec( 362): : erro: pParamData->nIndex > m_sPortFormatType.nIndex
11-05 17:58:04.177 W/omx_vdec( 362): <__AwOmxVdecGetExtensionIndex:1737>: GetExtensionIndex OMX.google.android.index.describeColorFormat, err [0x80001001].
11-05 17:58:04.177 W/omx_vdec( 362): <__AwOmxVdecGetExtensionIndex:1737>: GetExtensionIndex OMX.google.android.index.describeColorFormat2, err [0x80001001].
11-05 17:58:04.177 E/omx_vdec( 362): : erro: pParamData->nIndex > m_sPortFormatType.nIndex
11-05 17:58:04.177 W/omx_vdec( 362): <__AwOmxVdecGetExtensionIndex:1737>: GetExtensionIndex OMX.google.android.index.describeColorFormat, err [0x80001001].
11-05 17:58:04.178 W/omx_vdec( 362): <__AwOmxVdecGetExtensionIndex:1737>: GetExtensionIndex OMX.google.android.index.describeColorFormat2, err [0x80001001].
11-05 17:58:04.178 E/omx_vdec( 362): : erro: pParamData->nIndex > m_sPortFormatType.nIndex
11-05 17:58:04.178 W/omx_vdec( 362): <__AwOmxVdecGetExtensionIndex:1737>: GetExtensionIndex OMX.google.android.index.describeColorFormat, err [0x80001001].
11-05 17:58:04.178 W/omx_vdec( 362): <__AwOmxVdecGetExtensionIndex:1737>: GetExtensionIndex OMX.google.android.index.describeColorFormat2, err [0x80001001].
11-05 17:58:04.178 E/omx_vdec( 362): : erro: pParamData->nIndex > m_sPortFormatType.nIndex
11-05 17:58:04.178 W/omx_vdec( 362): <__AwOmxVdecGetExtensionIndex:1737>: GetExtensionIndex OMX.google.android.index.describeColorFormat, err [0x80001001].
11-05 17:58:04.178 W/omx_vdec( 362): <__AwOmxVdecGetExtensionIndex:1737>: GetExtensionIndex OMX.google.android.index.describeColorFormat2, err [0x80001001].
11-05 17:58:04.178 E/omx_vdec( 362): : erro: pParamData->nIndex > m_sPortFormatType.nIndex
11-05 17:58:04.179 W/omx_vdec( 362): <__AwOmxVdecGetExtensionIndex:1737>: GetExtensionIndex OMX.google.android.index.describeColorFormat, err [0x80001001].
11-05 17:58:04.179 W/omx_vdec( 362): <__AwOmxVdecGetExtensionIndex:1737>: GetExtensionIndex OMX.google.android.index.describeColorFormat2, err [0x80001001].
11-05 17:58:04.179 E/omx_vdec( 362): : erro: pParamData->nIndex > m_sPortFormatType.nIndex
11-05 17:58:04.179 W/omx_vdec( 362): <__AwOmxVdecGetExtensionIndex:1737>: GetExtensionIndex OMX.google.android.index.describeColorFormat, err [0x80001001].
11-05 17:58:04.179 W/omx_vdec( 362): <__AwOmxVdecGetExtensionIndex:1737>: GetExtensionIndex OMX.google.android.index.describeColorFormat2, err [0x80001001].
11-05 17:58:04.179 E/omx_vdec( 362): : erro: pParamData->nIndex > m_sPortFormatType.nIndex
11-05 17:58:04.179 W/omx_vdec( 362): <__AwOmxVdecGetExtensionIndex:1737>: GetExtensionIndex OMX.google.android.index.describeColorFormat, err [0x80001001].
11-05 17:58:04.179 W/omx_vdec( 362): <__AwOmxVdecGetExtensionIndex:1737>: GetExtensionIndex OMX.google.android.index.describeColorFormat2, err [0x80001001].
11-05 17:58:04.180 E/omx_vdec( 362): : erro: pParamData->nIndex > m_sPortFormatType.nIndex
11-05 17:58:04.180 W/omx_vdec( 362): <__AwOmxVdecGetExtensionIndex:1737>: GetExtensionIndex OMX.google.android.index.describeColorFormat, err [0x80001001].
11-05 17:58:04.180 W/omx_vdec( 362): <__AwOmxVdecGetExtensionIndex:1737>: GetExtensionIndex OMX.google.android.index.describeColorFormat2, err [0x80001001].
11-05 17:58:04.180 E/omx_vdec( 362): : erro: pParamData->nIndex > m_sPortFormatType.nIndex
11-05 17:58:04.180 W/omx_vdec( 362): <__AwOmxVdecGetExtensionIndex:1737>: GetExtensionIndex OMX.google.android.index.describeColorFormat, err [0x80001001].
11-05 17:58:04.180 W/omx_vdec( 362): <__AwOmxVdecGetExtensionIndex:1737>: GetExtensionIndex OMX.google.android.index.describeColorFormat2, err [0x80001001].
11-05 17:58:04.180 E/omx_vdec( 362): : erro: pParamData->nIndex > m_sPortFormatType.nIndex
11-05 17:58:04.180 W/omx_vdec( 362): <__AwOmxVdecGetExtensionIndex:1737>: GetExtensionIndex OMX.google.android.index.describeColorFormat, err [0x80001001].
11-05 17:58:04.183 I/WCN ( 277): marlin_write_cali_data sync init_state:0x0
11-05 17:58:04.181 W/omx_vdec( 362): <__AwOmxVdecGetExtensionIndex:1737>: GetExtensionIndex OMX.google.android.index.describeColorFormat2, err [0x80001001].
11-05 17:58:04.181 E/omx_vdec( 362): : erro: pParamData->nIndex > m_sPortFormatType.nIndex
11-05 17:58:04.181 W/omx_vdec( 362): <__AwOmxVdecGetExtensionIndex:1737>: GetExtensionIndex OMX.google.android.index.describeColorFormat, err [0x80001001].
11-05 17:58:04.181 W/omx_vdec( 362): <__AwOmxVdecGetExtensionIndex:1737>: GetExtensionIndex OMX.google.android.index.describeColorFormat2, err [0x80001001].
11-05 17:58:04.181 E/omx_vdec( 362): : erro: pParamData->nIndex > m_sPortFormatType.nIndex
11-05 17:58:04.181 W/omx_vdec( 362): <__AwOmxVdecGetExtensionIndex:1737>: GetExtensionIndex OMX.google.android.index.describeColorFormat, err [0x80001001].
11-05 17:58:04.181 W/omx_vdec( 362): <__AwOmxVdecGetExtensionIndex:1737>: GetExtensionIndex OMX.google.android.index.describeColorFormat2, err [0x80001001].
11-05 17:58:04.181 E/omx_vdec( 362): : erro: pParamData->nIndex > m_sPortFormatType.nIndex
11-05 17:58:04.181 W/omx_vdec( 362): <__AwOmxVdecGetExtensionIndex:1737>: GetExtensionIndex OMX.google.android.index.describeColorFormat, err [0x80001001].
11-05 17:58:04.182 W/omx_vdec( 362): <__AwOmxVdecGetExtensionIndex:1737>: GetExtensionIndex OMX.google.android.index.describeColorFormat2, err [0x80001001].
11-05 17:58:04.182 E/omx_vdec( 362): : erro: pParamData->nIndex > m_sPortFormatType.nIndex
11-05 17:58:04.182 W/omx_vdec( 362): <__AwOmxVdecGetExtensionIndex:1737>: GetExtensionIndex OMX.google.android.index.describeColorFormat, err [0x80001001].
11-05 17:58:04.182 W/omx_vdec( 362): <__AwOmxVdecGetExtensionIndex:1737>: GetExtensionIndex OMX.google.android.index.describeColorFormat2, err [0x80001001].
11-05 17:58:04.182 E/omx_vdec( 362): : erro: pParamData->nIndex > m_sPortFormatType.nIndex
11-05 17:58:04.182 W/omx_vdec( 362): <__AwOmxVdecGetExtensionIndex:1737>: GetExtensionIndex OMX.google.android.index.describeColorFormat, err [0x80001001].
11-05 17:58:04.182 W/omx_vdec( 362): <__AwOmxVdecGetExtensionIndex:1737>: GetExtensionIndex OMX.google.android.index.describeColorFormat2, err [0x80001001].
11-05 17:58:04.182 E/omx_vdec( 362): : erro: pParamData->nIndex > m_sPortFormatType.nIndex
11-05 17:58:04.182 W/omx_vdec( 362): <__AwOmxVdecGetExtensionIndex:1737>: GetExtensionIndex OMX.google.android.index.describeColorFormat, err [0x80001001].
11-05 17:58:04.182 W/omx_vdec( 362): <__AwOmxVdecGetExtensionIndex:1737>: GetExtensionIndex OMX.google.android.index.describeColorFormat2, err [0x80001001].
11-05 17:58:04.183 E/omx_vdec( 362): : erro: pParamData->nIndex > m_sPortFormatType.nIndex
11-05 17:58:04.183 W/omx_vdec( 362): <__AwOmxVdecGetExtensionIndex:1737>: GetExtensionIndex OMX.google.android.index.describeColorFormat, err [0x80001001].
11-05 17:58:04.183 W/omx_vdec( 362): <__AwOmxVdecGetExtensionIndex:1737>: GetExtensionIndex OMX.google.android.index.describeColorFormat2, err [0x80001001].
11-05 17:58:04.183 E/omx_vdec( 362): : erro: pParamData->nIndex > m_sPortFormatType.nIndex
11-05 17:58:04.183 W/omx_vdec( 362): <__AwOmxVdecGetExtensionIndex:1737>: GetExtensionIndex OMX.google.android.index.describeColorFormat, err [0x80001001].
11-05 17:58:04.183 W/omx_vdec( 362): <__AwOmxVdecGetExtensionIndex:1737>: GetExtensionIndex OMX.google.android.index.describeColorFormat2, err [0x80001001].
11-05 17:58:04.183 E/omx_vdec( 362): : erro: pParamData->nIndex > m_sPortFormatType.nIndex
11-05 17:58:04.180 I/EventThread( 261): type=1400 audit(0.0:332): avc: denied { search } for name="extcon" dev="sysfs" ino=18103 scontext=u:r:hal_tv_cec_default:s0 tcontext=u:object_r:sysfs_extcon:s0 tclass=dir permissive=1
11-05 17:58:04.184 W/omx_vdec( 362): <__AwOmxVdecGetExtensionIndex:1737>: GetExtensionIndex OMX.google.android.index.describeColorFormat, err [0x80001001].
11-05 17:58:04.185 W/omx_vdec( 362): <__AwOmxVdecGetExtensionIndex:1737>: GetExtensionIndex OMX.google.android.index.describeColorFormat2, err [0x80001001].
11-05 17:58:04.185 E/omx_vdec( 362): : erro: pParamData->nIndex > m_sPortFormatType.nIndex
11-05 17:58:04.185 W/omx_vdec( 362): <__AwOmxVdecGetExtensionIndex:1737>: GetExtensionIndex OMX.google.android.index.describeColorFormat, err [0x80001001].
11-05 17:58:04.185 W/omx_vdec( 362): <__AwOmxVdecGetExtensionIndex:1737>: GetExtensionIndex OMX.google.android.index.describeColorFormat2, err [0x80001001].
11-05 17:58:04.185 E/omx_vdec( 362): : erro: pParamData->nIndex > m_sPortFormatType.nIndex
11-05 17:58:04.185 W/omx_vdec( 362): <__AwOmxVdecGetExtensionIndex:1737>: GetExtensionIndex OMX.google.android.index.describeColorFormat, err [0x80001001].
11-05 17:58:04.185 W/omx_vdec( 362): <__AwOmxVdecGetExtensionIndex:1737>: GetExtensionIndex OMX.google.android.index.describeColorFormat2, err [0x80001001].
11-05 17:58:04.186 W/ACodec ( 356): [OMX.allwinner.video.decoder.mpeg2] stopping checking formats after 32: COLOR_FormatYUV420Planar(13)
11-05 17:58:04.186 W/omx_vdec( 362): <__AwOmxVdecGetExtensionIndex:1737>: GetExtensionIndex OMX.google.android.index.configureVideoTunnelMode, err [0x80001001].
11-05 17:58:04.186 E/OMXNodeInstance( 362): getExtensionIndex(0xed20a000:allwinner.decoder.mpeg2, OMX.google.android.index.configureVideoTunnelMode) ERROR: Undefined(0x80001001)
11-05 17:58:04.186 D/MediaCodecInfo( 356): detail feature-tunneled-playback wasn't present to remove
11-05 17:58:04.186 W/omx_vdec( 362): <__AwOmxVdecGetExtensionIndex:1737>: GetExtensionIndex OMX.google.android.index.storeANWBufferInMetadata, err [0x80001001].
11-05 17:58:04.186 W/omx_vdec_aw( 362): <__anSetExtPara:3011>: Setparameter: unknown param 2131755011
11-05 17:58:04.186 W/OMXNodeInstance( 362): [0xed20a000:allwinner.decoder.mpeg2] component does not support metadata mode; using fallback
11-05 17:58:04.186 W/libc ( 362): invalid pthread_t (0) passed to pthread_join
11-05 17:58:04.186 W/libc ( 362): invalid pthread_t (0) passed to pthread_join
11-05 17:58:04.186 W/libc ( 362): invalid pthread_t (0) passed to pthread_join
11-05 17:58:04.189 I/OMXClient( 356): IOmx service obtained
11-05 17:58:04.189 I/OMXStore( 362): makeComponentInstance(OMX.allwinner.video.decoder.mpeg4) in android.hardwar process
11-05 17:58:04.190 I/omx_vdec_aw( 362): : OmxDecoderCreate.
11-05 17:58:04.191 W/omx_vdec( 362): <__AwOmxVdecSetParameter:1561>: Set Parameter called in valid state
11-05 17:58:04.191 W/omx_vdec( 362): : pParamProfileLevel->nProfileIndex[0x2] error!
11-05 17:58:04.191 E/OMXNodeInstance( 362): getParameter(0xed20a000:allwinner.decoder.mpeg4, ParamVideoProfileLevelQuerySupported(0x600000f)) ERROR: BadParameter(0x80001005)
11-05 17:58:04.192 W/omx_vdec( 362): <__AwOmxVdecGetExtensionIndex:1737>: GetExtensionIndex OMX.google.android.index.describeColorFormat, err [0x80001001].
11-05 17:58:04.192 W/omx_vdec( 362): <__AwOmxVdecGetExtensionIndex:1737>: GetExtensionIndex OMX.google.android.index.describeColorFormat2, err [0x80001001].
11-05 17:58:04.192 E/omx_vdec( 362): : erro: pParamData->nIndex > m_sPortFormatType.nIndex
11-05 17:58:04.192 W/omx_vdec( 362): <__AwOmxVdecGetExtensionIndex:1737>: GetExtensionIndex OMX.google.android.index.describeColorFormat, err [0x80001001].
11-05 17:58:04.192 W/omx_vdec( 362): <__AwOmxVdecGetExtensionIndex:1737>: GetExtensionIndex OMX.google.android.index.describeColorFormat2, err [0x80001001].
11-05 17:58:04.192 E/omx_vdec( 362): : erro: pParamData->nIndex > m_sPortFormatType.nIndex
11-05 17:58:04.192 W/omx_vdec( 362): <__AwOmxVdecGetExtensionIndex:1737>: GetExtensionIndex OMX.google.android.index.describeColorFormat, err [0x80001001].
11-05 17:58:04.193 W/omx_vdec( 362): <__AwOmxVdecGetExtensionIndex:1737>: GetExtensionIndex OMX.google.android.index.describeColorFormat2, err [0x80001001].
11-05 17:58:04.193 E/omx_vdec( 362): : erro: pParamData->nIndex > m_sPortFormatType.nIndex
11-05 17:58:04.193 W/omx_vdec( 362): <__AwOmxVdecGetExtensionIndex:1737>: GetExtensionIndex OMX.google.android.index.describeColorFormat, err [0x80001001].
11-05 17:58:04.193 W/omx_vdec( 362): <__AwOmxVdecGetExtensionIndex:1737>: GetExtensionIndex OMX.google.android.index.describeColorFormat2, err [0x80001001].
11-05 17:58:04.193 E/omx_vdec( 362): : erro: pParamData->nIndex > m_sPortFormatType.nIndex
11-05 17:58:04.193 W/omx_vdec( 362): <__AwOmxVdecGetExtensionIndex:1737>: GetExtensionIndex OMX.google.android.index.describeColorFormat, err [0x80001001].
11-05 17:58:04.193 W/omx_vdec( 362): <__AwOmxVdecGetExtensionIndex:1737>: GetExtensionIndex OMX.google.android.index.describeColorFormat2, err [0x80001001].
11-05 17:58:04.193 E/omx_vdec( 362): : erro: pParamData->nIndex > m_sPortFormatType.nIndex
11-05 17:58:04.194 W/omx_vdec( 362): <__AwOmxVdecGetExtensionIndex:1737>: GetExtensionIndex OMX.google.android.index.describeColorFormat, err [0x80001001].
11-05 17:58:04.194 W/omx_vdec( 362): <__AwOmxVdecGetExtensionIndex:1737>: GetExtensionIndex OMX.google.android.index.describeColorFormat2, err [0x80001001].
11-05 17:58:04.194 E/omx_vdec( 362): : erro: pParamData->nIndex > m_sPortFormatType.nIndex
11-05 17:58:04.194 W/omx_vdec( 362): <__AwOmxVdecGetExtensionIndex:1737>: GetExtensionIndex OMX.google.android.index.describeColorFormat, err [0x80001001].
11-05 17:58:04.194 W/omx_vdec( 362): <__AwOmxVdecGetExtensionIndex:1737>: GetExtensionIndex OMX.google.android.index.describeColorFormat2, err [0x80001001].
11-05 17:58:04.194 E/omx_vdec( 362): : erro: pParamData->nIndex > m_sPortFormatType.nIndex
11-05 17:58:04.194 W/omx_vdec( 362): <__AwOmxVdecGetExtensionIndex:1737>: GetExtensionIndex OMX.google.android.index.describeColorFormat, err [0x80001001].
11-05 17:58:04.194 W/omx_vdec( 362): <__AwOmxVdecGetExtensionIndex:1737>: GetExtensionIndex OMX.google.android.index.describeColorFormat2, err [0x80001001].
11-05 17:58:04.194 E/omx_vdec( 362): : erro: pParamData->nIndex > m_sPortFormatType.nIndex
11-05 17:58:04.195 W/omx_vdec( 362): <__AwOmxVdecGetExtensionIndex:1737>: GetExtensionIndex OMX.google.android.index.describeColorFormat, err [0x80001001].
11-05 17:58:04.195 W/omx_vdec( 362): <__AwOmxVdecGetExtensionIndex:1737>: GetExtensionIndex OMX.google.android.index.describeColorFormat2, err [0x80001001].
11-05 17:58:04.195 E/omx_vdec( 362): : erro: pParamData->nIndex > m_sPortFormatType.nIndex
11-05 17:58:04.195 W/omx_vdec( 362): <__AwOmxVdecGetExtensionIndex:1737>: GetExtensionIndex OMX.google.android.index.describeColorFormat, err [0x80001001].
11-05 17:58:04.195 W/omx_vdec( 362): <__AwOmxVdecGetExtensionIndex:1737>: GetExtensionIndex OMX.google.android.index.describeColorFormat2, err [0x80001001].
11-05 17:58:04.195 E/omx_vdec( 362): : erro: pParamData->nIndex > m_sPortFormatType.nIndex
11-05 17:58:04.195 W/omx_vdec( 362): <__AwOmxVdecGetExtensionIndex:1737>: GetExtensionIndex OMX.google.android.index.describeColorFormat, err [0x80001001].
11-05 17:58:04.195 W/omx_vdec( 362): <__AwOmxVdecGetExtensionIndex:1737>: GetExtensionIndex OMX.google.android.index.describeColorFormat2, err [0x80001001].
11-05 17:58:04.195 E/omx_vdec( 362): : erro: pParamData->nIndex > m_sPortFormatType.nIndex
11-05 17:58:04.196 W/omx_vdec( 362): <__AwOmxVdecGetExtensionIndex:1737>: GetExtensionIndex OMX.google.android.index.describeColorFormat, err [0x80001001].
11-05 17:58:04.196 W/omx_vdec( 362): <__AwOmxVdecGetExtensionIndex:1737>: GetExtensionIndex OMX.google.android.index.describeColorFormat2, err [0x80001001].
11-05 17:58:04.196 E/omx_vdec( 362): : erro: pParamData->nIndex > m_sPortFormatType.nIndex
11-05 17:58:04.196 W/omx_vdec( 362): <__AwOmxVdecGetExtensionIndex:1737>: GetExtensionIndex OMX.google.android.index.describeColorFormat, err [0x80001001].
11-05 17:58:04.196 W/omx_vdec( 362): <__AwOmxVdecGetExtensionIndex:1737>: GetExtensionIndex OMX.google.android.index.describeColorFormat2, err [0x80001001].
11-05 17:58:04.196 E/omx_vdec( 362): : erro: pParamData->nIndex > m_sPortFormatType.nIndex
11-05 17:58:04.196 W/omx_vdec( 362): <__AwOmxVdecGetExtensionIndex:1737>: GetExtensionIndex OMX.google.android.index.describeColorFormat, err [0x80001001].
11-05 17:58:04.197 W/omx_vdec( 362): <__AwOmxVdecGetExtensionIndex:1737>: GetExtensionIndex OMX.google.android.index.describeColorFormat2, err [0x80001001].
11-05 17:58:04.197 E/omx_vdec( 362): : erro: pParamData->nIndex > m_sPortFormatType.nIndex
11-05 17:58:04.197 W/omx_vdec( 362): <__AwOmxVdecGetExtensionIndex:1737>: GetExtensionIndex OMX.google.android.index.describeColorFormat, err [0x80001001].
11-05 17:58:04.197 W/omx_vdec( 362): <__AwOmxVdecGetExtensionIndex:1737>: GetExtensionIndex OMX.google.android.index.describeColorFormat2, err [0x80001001].
11-05 17:58:04.197 E/omx_vdec( 362): : erro: pParamData->nIndex > m_sPortFormatType.nIndex
11-05 17:58:04.197 W/omx_vdec( 362): <__AwOmxVdecGetExtensionIndex:1737>: GetExtensionIndex OMX.google.android.index.describeColorFormat, err [0x80001001].
11-05 17:58:04.197 W/omx_vdec( 362): <__AwOmxVdecGetExtensionIndex:1737>: GetExtensionIndex OMX.google.android.index.describeColorFormat2, err [0x80001001].
11-05 17:58:04.196 I/ndroid.systemui( 749): type=1400 audit(0.0:333): avc: denied { search } for name="com.android.systemui" dev="mmcblk0p25" ino=486 scontext=u:r:platform_app:s0:c512,c768 tcontext=u:object_r:app_data_file:s0:c512,c768 tclass=dir permissive=1 app=com.softwinner.screenshot
11-05 17:58:04.198 E/omx_vdec( 362): : erro: pParamData->nIndex > m_sPortFormatType.nIndex
11-05 17:58:04.198 W/omx_vdec( 362): <__AwOmxVdecGetExtensionIndex:1737>: GetExtensionIndex OMX.google.android.index.describeColorFormat, err [0x80001001].
11-05 17:58:04.198 W/omx_vdec( 362): <__AwOmxVdecGetExtensionIndex:1737>: GetExtensionIndex OMX.google.android.index.describeColorFormat2, err [0x80001001].
11-05 17:58:04.198 E/omx_vdec( 362): : erro: pParamData->nIndex > m_sPortFormatType.nIndex
11-05 17:58:04.198 W/omx_vdec( 362): <__AwOmxVdecGetExtensionIndex:1737>: GetExtensionIndex OMX.google.android.index.describeColorFormat, err [0x80001001].
11-05 17:58:04.198 W/omx_vdec( 362): <__AwOmxVdecGetExtensionIndex:1737>: GetExtensionIndex OMX.google.android.index.describeColorFormat2, err [0x80001001].
11-05 17:58:04.199 E/omx_vdec( 362): : erro: pParamData->nIndex > m_sPortFormatType.nIndex
11-05 17:58:04.199 W/omx_vdec( 362): <__AwOmxVdecGetExtensionIndex:1737>: GetExtensionIndex OMX.google.android.index.describeColorFormat, err [0x80001001].
11-05 17:58:04.199 W/omx_vdec( 362): <__AwOmxVdecGetExtensionIndex:1737>: GetExtensionIndex OMX.google.android.index.describeColorFormat2, err [0x80001001].
11-05 17:58:04.199 V/GraphicsEnvironment( 749): ANGLE Developer option for 'com.android.systemui' set to: 'default'
11-05 17:58:04.199 E/omx_vdec( 362): : erro: pParamData->nIndex > m_sPortFormatType.nIndex
11-05 17:58:04.199 W/omx_vdec( 362): <__AwOmxVdecGetExtensionIndex:1737>: GetExtensionIndex OMX.google.android.index.describeColorFormat, err [0x80001001].
11-05 17:58:04.199 V/GraphicsEnvironment( 749): Neither updatable production driver nor prerelease driver is supported.
11-05 17:58:04.199 W/omx_vdec( 362): <__AwOmxVdecGetExtensionIndex:1737>: GetExtensionIndex OMX.google.android.index.describeColorFormat2, err [0x80001001].
11-05 17:58:04.199 E/omx_vdec( 362): : erro: pParamData->nIndex > m_sPortFormatType.nIndex
11-05 17:58:04.199 W/omx_vdec( 362): <__AwOmxVdecGetExtensionIndex:1737>: GetExtensionIndex OMX.google.android.index.describeColorFormat, err [0x80001001].
11-05 17:58:04.200 W/omx_vdec( 362): <__AwOmxVdecGetExtensionIndex:1737>: GetExtensionIndex OMX.google.android.index.describeColorFormat2, err [0x80001001].
11-05 17:58:04.200 E/omx_vdec( 362): : erro: pParamData->nIndex > m_sPortFormatType.nIndex
11-05 17:58:04.200 W/omx_vdec( 362): <__AwOmxVdecGetExtensionIndex:1737>: GetExtensionIndex OMX.google.android.index.describeColorFormat, err [0x80001001].
11-05 17:58:04.200 W/omx_vdec( 362): <__AwOmxVdecGetExtensionIndex:1737>: GetExtensionIndex OMX.google.android.index.describeColorFormat2, err [0x80001001].
11-05 17:58:04.200 E/omx_vdec( 362): : erro: pParamData->nIndex > m_sPortFormatType.nIndex
11-05 17:58:04.200 W/omx_vdec( 362): <__AwOmxVdecGetExtensionIndex:1737>: GetExtensionIndex OMX.google.android.index.describeColorFormat, err [0x80001001].
11-05 17:58:04.200 W/omx_vdec( 362): <__AwOmxVdecGetExtensionIndex:1737>: GetExtensionIndex OMX.google.android.index.describeColorFormat2, err [0x80001001].
11-05 17:58:04.200 E/omx_vdec( 362): : erro: pParamData->nIndex > m_sPortFormatType.nIndex
11-05 17:58:04.201 W/omx_vdec( 362): <__AwOmxVdecGetExtensionIndex:1737>: GetExtensionIndex OMX.google.android.index.describeColorFormat, err [0x80001001].
11-05 17:58:04.201 W/omx_vdec( 362): <__AwOmxVdecGetExtensionIndex:1737>: GetExtensionIndex OMX.google.android.index.describeColorFormat2, err [0x80001001].
11-05 17:58:04.201 E/omx_vdec( 362): : erro: pParamData->nIndex > m_sPortFormatType.nIndex
11-05 17:58:04.201 W/omx_vdec( 362): <__AwOmxVdecGetExtensionIndex:1737>: GetExtensionIndex OMX.google.android.index.describeColorFormat, err [0x80001001].
11-05 17:58:04.201 W/omx_vdec( 362): <__AwOmxVdecGetExtensionIndex:1737>: GetExtensionIndex OMX.google.android.index.describeColorFormat2, err [0x80001001].
11-05 17:58:04.201 W/Role ( 758): Cannot get ApplicationInfo for default holder: com.android.messaging
11-05 17:58:04.201 E/omx_vdec( 362): : erro: pParamData->nIndex > m_sPortFormatType.nIndex
11-05 17:58:04.201 W/omx_vdec( 362): <__AwOmxVdecGetExtensionIndex:1737>: GetExtensionIndex OMX.google.android.index.describeColorFormat, err [0x80001001].
11-05 17:58:04.202 D/NetworkSecurityConfig( 749): No Network Security Config specified, using platform default
11-05 17:58:04.202 W/omx_vdec( 362): <__AwOmxVdecGetExtensionIndex:1737>: GetExtensionIndex OMX.google.android.index.describeColorFormat2, err [0x80001001].
11-05 17:58:04.202 E/omx_vdec( 362): : erro: pParamData->nIndex > m_sPortFormatType.nIndex
11-05 17:58:04.202 W/omx_vdec( 362): <__AwOmxVdecGetExtensionIndex:1737>: GetExtensionIndex OMX.google.android.index.describeColorFormat, err [0x80001001].
11-05 17:58:04.202 D/NetworkSecurityConfig( 749): No Network Security Config specified, using platform default
11-05 17:58:04.202 W/omx_vdec( 362): <__AwOmxVdecGetExtensionIndex:1737>: GetExtensionIndex OMX.google.android.index.describeColorFormat2, err [0x80001001].
11-05 17:58:04.202 E/omx_vdec( 362): : erro: pParamData->nIndex > m_sPortFormatType.nIndex
11-05 17:58:04.202 W/omx_vdec( 362): <__AwOmxVdecGetExtensionIndex:1737>: GetExtensionIndex OMX.google.android.index.describeColorFormat, err [0x80001001].
11-05 17:58:04.202 W/omx_vdec( 362): <__AwOmxVdecGetExtensionIndex:1737>: GetExtensionIndex OMX.google.android.index.describeColorFormat2, err [0x80001001].
11-05 17:58:04.203 E/omx_vdec( 362): : erro: pParamData->nIndex > m_sPortFormatType.nIndex
11-05 17:58:04.203 W/omx_vdec( 362): <__AwOmxVdecGetExtensionIndex:1737>: GetExtensionIndex OMX.google.android.index.describeColorFormat, err [0x80001001].
11-05 17:58:04.203 W/omx_vdec( 362): <__AwOmxVdecGetExtensionIndex:1737>: GetExtensionIndex OMX.google.android.index.describeColorFormat2, err [0x80001001].
11-05 17:58:04.203 E/omx_vdec( 362): : erro: pParamData->nIndex > m_sPortFormatType.nIndex
11-05 17:58:04.203 W/omx_vdec( 362): <__AwOmxVdecGetExtensionIndex:1737>: GetExtensionIndex OMX.google.android.index.describeColorFormat, err [0x80001001].
11-05 17:58:04.203 W/omx_vdec( 362): <__AwOmxVdecGetExtensionIndex:1737>: GetExtensionIndex OMX.google.android.index.describeColorFormat2, err [0x80001001].
11-05 17:58:04.203 E/omx_vdec( 362): : erro: pParamData->nIndex > m_sPortFormatType.nIndex
11-05 17:58:04.204 W/omx_vdec( 362): <__AwOmxVdecGetExtensionIndex:1737>: GetExtensionIndex OMX.google.android.index.describeColorFormat, err [0x80001001].
11-05 17:58:04.204 W/omx_vdec( 362): <__AwOmxVdecGetExtensionIndex:1737>: GetExtensionIndex OMX.google.android.index.describeColorFormat2, err [0x80001001].
11-05 17:58:04.204 E/omx_vdec( 362): : erro: pParamData->nIndex > m_sPortFormatType.nIndex
11-05 17:58:04.204 W/omx_vdec( 362): <__AwOmxVdecGetExtensionIndex:1737>: GetExtensionIndex OMX.google.android.index.describeColorFormat, err [0x80001001].
11-05 17:58:04.204 W/omx_vdec( 362): <__AwOmxVdecGetExtensionIndex:1737>: GetExtensionIndex OMX.google.android.index.describeColorFormat2, err [0x80001001].
11-05 17:58:04.204 E/omx_vdec( 362): : erro: pParamData->nIndex > m_sPortFormatType.nIndex
11-05 17:58:04.204 W/omx_vdec( 362): <__AwOmxVdecGetExtensionIndex:1737>: GetExtensionIndex OMX.google.android.index.describeColorFormat, err [0x80001001].
11-05 17:58:04.205 W/omx_vdec( 362): <__AwOmxVdecGetExtensionIndex:1737>: GetExtensionIndex OMX.google.android.index.describeColorFormat2, err [0x80001001].
11-05 17:58:04.205 W/ACodec ( 356): [OMX.allwinner.video.decoder.mpeg4] stopping checking formats after 32: COLOR_FormatYUV420Planar(13)
11-05 17:58:04.205 W/omx_vdec( 362): <__AwOmxVdecGetExtensionIndex:1737>: GetExtensionIndex OMX.google.android.index.configureVideoTunnelMode, err [0x80001001].
11-05 17:58:04.205 E/OMXNodeInstance( 362): getExtensionIndex(0xed20a000:allwinner.decoder.mpeg4, OMX.google.android.index.configureVideoTunnelMode) ERROR: Undefined(0x80001001)
11-05 17:58:04.205 D/MediaCodecInfo( 356): detail feature-tunneled-playback wasn't present to remove
11-05 17:58:04.205 W/omx_vdec( 362): <__AwOmxVdecGetExtensionIndex:1737>: GetExtensionIndex OMX.google.android.index.storeANWBufferInMetadata, err [0x80001001].
11-05 17:58:04.205 W/omx_vdec_aw( 362): <__anSetExtPara:3011>: Setparameter: unknown param 2131755011
11-05 17:58:04.205 W/OMXNodeInstance( 362): [0xed20a000:allwinner.decoder.mpeg4] component does not support metadata mode; using fallback
11-05 17:58:04.205 W/libc ( 362): invalid pthread_t (0) passed to pthread_join
11-05 17:58:04.205 W/libc ( 362): invalid pthread_t (0) passed to pthread_join
11-05 17:58:04.205 W/libc ( 362): invalid pthread_t (0) passed to pthread_join
11-05 17:58:04.206 D/PackageManager( 520): Instant App installer not found with android.intent.action.INSTALL_INSTANT_APP_PACKAGE
11-05 17:58:04.206 D/PackageManager( 520): Clear ephemeral installer activity
11-05 17:58:04.208 I/OMXClient( 356): IOmx service obtained
11-05 17:58:04.208 I/OMXStore( 362): makeComponentInstance(OMX.allwinner.video.decoder.vp8) in android.hardwar process
11-05 17:58:04.209 I/omx_vdec_aw( 362): : OmxDecoderCreate.
11-05 17:58:04.210 W/omx_vdec( 362): <__AwOmxVdecSetParameter:1561>: Set Parameter called in valid state
11-05 17:58:04.210 W/omx_vdec( 362): : OMX_IndexParamVideoProfileLevelQuerySupported, Format[0x9] not support
11-05 17:58:04.210 E/OMXNodeInstance( 362): getParameter(0xed20a000:allwinner.decoder.vp8, ParamVideoProfileLevelQuerySupported(0x600000f)) ERROR: BadParameter(0x80001005)
11-05 17:58:04.211 W/omx_vdec( 362): <__AwOmxVdecGetExtensionIndex:1737>: GetExtensionIndex OMX.google.android.index.describeColorFormat, err [0x80001001].
11-05 17:58:04.211 W/omx_vdec( 362): <__AwOmxVdecGetExtensionIndex:1737>: GetExtensionIndex OMX.google.android.index.describeColorFormat2, err [0x80001001].
11-05 17:58:04.211 E/omx_vdec( 362): : erro: pParamData->nIndex > m_sPortFormatType.nIndex
11-05 17:58:04.211 W/omx_vdec( 362): <__AwOmxVdecGetExtensionIndex:1737>: GetExtensionIndex OMX.google.android.index.describeColorFormat, err [0x80001001].
11-05 17:58:04.211 W/omx_vdec( 362): <__AwOmxVdecGetExtensionIndex:1737>: GetExtensionIndex OMX.google.android.index.describeColorFormat2, err [0x80001001].
11-05 17:58:04.212 E/omx_vdec( 362): : erro: pParamData->nIndex > m_sPortFormatType.nIndex
11-05 17:58:04.212 W/omx_vdec( 362): <__AwOmxVdecGetExtensionIndex:1737>: GetExtensionIndex OMX.google.android.index.describeColorFormat, err [0x80001001].
11-05 17:58:04.212 W/omx_vdec( 362): <__AwOmxVdecGetExtensionIndex:1737>: GetExtensionIndex OMX.google.android.index.describeColorFormat2, err [0x80001001].
11-05 17:58:04.212 E/omx_vdec( 362): : erro: pParamData->nIndex > m_sPortFormatType.nIndex
11-05 17:58:04.212 W/omx_vdec( 362): <__AwOmxVdecGetExtensionIndex:1737>: GetExtensionIndex OMX.google.android.index.describeColorFormat, err [0x80001001].
11-05 17:58:04.212 W/omx_vdec( 362): <__AwOmxVdecGetExtensionIndex:1737>: GetExtensionIndex OMX.google.android.index.describeColorFormat2, err [0x80001001].
11-05 17:58:04.212 E/omx_vdec( 362): : erro: pParamData->nIndex > m_sPortFormatType.nIndex
11-05 17:58:04.212 W/omx_vdec( 362): <__AwOmxVdecGetExtensionIndex:1737>: GetExtensionIndex OMX.google.android.index.describeColorFormat, err [0x80001001].
11-05 17:58:04.212 W/omx_vdec( 362): <__AwOmxVdecGetExtensionIndex:1737>: GetExtensionIndex OMX.google.android.index.describeColorFormat2, err [0x80001001].
11-05 17:58:04.213 E/omx_vdec( 362): : erro: pParamData->nIndex > m_sPortFormatType.nIndex
11-05 17:58:04.215 I/WCN ( 277): marlin_write_cali_data sync init_state:0x0
11-05 17:58:04.213 W/omx_vdec( 362): <__AwOmxVdecGetExtensionIndex:1737>: GetExtensionIndex OMX.google.android.index.describeColorFormat, err [0x80001001].
11-05 17:58:04.213 W/omx_vdec( 362): <__AwOmxVdecGetExtensionIndex:1737>: GetExtensionIndex OMX.google.android.index.describeColorFormat2, err [0x80001001].
11-05 17:58:04.213 E/omx_vdec( 362): : erro: pParamData->nIndex > m_sPortFormatType.nIndex
11-05 17:58:04.213 W/omx_vdec( 362): <__AwOmxVdecGetExtensionIndex:1737>: GetExtensionIndex OMX.google.android.index.describeColorFormat, err [0x80001001].
11-05 17:58:04.213 W/omx_vdec( 362): <__AwOmxVdecGetExtensionIndex:1737>: GetExtensionIndex OMX.google.android.index.describeColorFormat2, err [0x80001001].
11-05 17:58:04.213 E/omx_vdec( 362): : erro: pParamData->nIndex > m_sPortFormatType.nIndex
11-05 17:58:04.214 W/omx_vdec( 362): <__AwOmxVdecGetExtensionIndex:1737>: GetExtensionIndex OMX.google.android.index.describeColorFormat, err [0x80001001].
11-05 17:58:04.215 W/omx_vdec( 362): <__AwOmxVdecGetExtensionIndex:1737>: GetExtensionIndex OMX.google.android.index.describeColorFormat2, err [0x80001001].
11-05 17:58:04.215 E/omx_vdec( 362): : erro: pParamData->nIndex > m_sPortFormatType.nIndex
11-05 17:58:04.215 W/omx_vdec( 362): <__AwOmxVdecGetExtensionIndex:1737>: GetExtensionIndex OMX.google.android.index.describeColorFormat, err [0x80001001].
11-05 17:58:04.215 W/omx_vdec( 362): <__AwOmxVdecGetExtensionIndex:1737>: GetExtensionIndex OMX.google.android.index.describeColorFormat2, err [0x80001001].
11-05 17:58:04.215 E/omx_vdec( 362): : erro: pParamData->nIndex > m_sPortFormatType.nIndex
11-05 17:58:04.215 W/omx_vdec( 362): <__AwOmxVdecGetExtensionIndex:1737>: GetExtensionIndex OMX.google.android.index.describeColorFormat, err [0x80001001].
11-05 17:58:04.215 W/omx_vdec( 362): <__AwOmxVdecGetExtensionIndex:1737>: GetExtensionIndex OMX.google.android.index.describeColorFormat2, err [0x80001001].
11-05 17:58:04.215 E/omx_vdec( 362): : erro: pParamData->nIndex > m_sPortFormatType.nIndex
11-05 17:58:04.215 W/omx_vdec( 362): <__AwOmxVdecGetExtensionIndex:1737>: GetExtensionIndex OMX.google.android.index.describeColorFormat, err [0x80001001].
11-05 17:58:04.215 W/omx_vdec( 362): <__AwOmxVdecGetExtensionIndex:1737>: GetExtensionIndex OMX.google.android.index.describeColorFormat2, err [0x80001001].
11-05 17:58:04.216 E/omx_vdec( 362): : erro: pParamData->nIndex > m_sPortFormatType.nIndex
11-05 17:58:04.216 W/omx_vdec( 362): <__AwOmxVdecGetExtensionIndex:1737>: GetExtensionIndex OMX.google.android.index.describeColorFormat, err [0x80001001].
11-05 17:58:04.216 W/omx_vdec( 362): <__AwOmxVdecGetExtensionIndex:1737>: GetExtensionIndex OMX.google.android.index.describeColorFormat2, err [0x80001001].
11-05 17:58:04.216 V/SystemUIService( 749): SystemUIApplication constructed.
11-05 17:58:04.216 E/omx_vdec( 362): : erro: pParamData->nIndex > m_sPortFormatType.nIndex
11-05 17:58:04.216 W/omx_vdec( 362): <__AwOmxVdecGetExtensionIndex:1737>: GetExtensionIndex OMX.google.android.index.describeColorFormat, err [0x80001001].
11-05 17:58:04.216 W/omx_vdec( 362): <__AwOmxVdecGetExtensionIndex:1737>: GetExtensionIndex OMX.google.android.index.describeColorFormat2, err [0x80001001].
11-05 17:58:04.216 E/omx_vdec( 362): : erro: pParamData->nIndex > m_sPortFormatType.nIndex
11-05 17:58:04.216 W/omx_vdec( 362): <__AwOmxVdecGetExtensionIndex:1737>: GetExtensionIndex OMX.google.android.index.describeColorFormat, err [0x80001001].
11-05 17:58:04.217 W/omx_vdec( 362): <__AwOmxVdecGetExtensionIndex:1737>: GetExtensionIndex OMX.google.android.index.describeColorFormat2, err [0x80001001].
11-05 17:58:04.217 E/omx_vdec( 362): : erro: pParamData->nIndex > m_sPortFormatType.nIndex
11-05 17:58:04.217 W/omx_vdec( 362): <__AwOmxVdecGetExtensionIndex:1737>: GetExtensionIndex OMX.google.android.index.describeColorFormat, err [0x80001001].
11-05 17:58:04.217 W/omx_vdec( 362): <__AwOmxVdecGetExtensionIndex:1737>: GetExtensionIndex OMX.google.android.index.describeColorFormat2, err [0x80001001].
11-05 17:58:04.218 E/omx_vdec( 362): : erro: pParamData->nIndex > m_sPortFormatType.nIndex
11-05 17:58:04.218 W/omx_vdec( 362): <__AwOmxVdecGetExtensionIndex:1737>: GetExtensionIndex OMX.google.android.index.describeColorFormat, err [0x80001001].
11-05 17:58:04.218 W/omx_vdec( 362): <__AwOmxVdecGetExtensionIndex:1737>: GetExtensionIndex OMX.google.android.index.describeColorFormat2, err [0x80001001].
11-05 17:58:04.218 E/omx_vdec( 362): : erro: pParamData->nIndex > m_sPortFormatType.nIndex
11-05 17:58:04.218 W/omx_vdec( 362): <__AwOmxVdecGetExtensionIndex:1737>: GetExtensionIndex OMX.google.android.index.describeColorFormat, err [0x80001001].
11-05 17:58:04.218 W/omx_vdec( 362): <__AwOmxVdecGetExtensionIndex:1737>: GetExtensionIndex OMX.google.android.index.describeColorFormat2, err [0x80001001].
11-05 17:58:04.218 E/omx_vdec( 362): : erro: pParamData->nIndex > m_sPortFormatType.nIndex
11-05 17:58:04.218 W/omx_vdec( 362): <__AwOmxVdecGetExtensionIndex:1737>: GetExtensionIndex OMX.google.android.index.describeColorFormat, err [0x80001001].
11-05 17:58:04.218 W/omx_vdec( 362): <__AwOmxVdecGetExtensionIndex:1737>: GetExtensionIndex OMX.google.android.index.describeColorFormat2, err [0x80001001].
11-05 17:58:04.219 E/omx_vdec( 362): : erro: pParamData->nIndex > m_sPortFormatType.nIndex
11-05 17:58:04.219 W/omx_vdec( 362): <__AwOmxVdecGetExtensionIndex:1737>: GetExtensionIndex OMX.google.android.index.describeColorFormat, err [0x80001001].
11-05 17:58:04.219 W/omx_vdec( 362): <__AwOmxVdecGetExtensionIndex:1737>: GetExtensionIndex OMX.google.android.index.describeColorFormat2, err [0x80001001].
11-05 17:58:04.219 E/omx_vdec( 362): : erro: pParamData->nIndex > m_sPortFormatType.nIndex
11-05 17:58:04.219 W/omx_vdec( 362): <__AwOmxVdecGetExtensionIndex:1737>: GetExtensionIndex OMX.google.android.index.describeColorFormat, err [0x80001001].
11-05 17:58:04.219 W/omx_vdec( 362): <__AwOmxVdecGetExtensionIndex:1737>: GetExtensionIndex OMX.google.android.index.describeColorFormat2, err [0x80001001].
11-05 17:58:04.219 E/omx_vdec( 362): : erro: pParamData->nIndex > m_sPortFormatType.nIndex
11-05 17:58:04.219 W/omx_vdec( 362): <__AwOmxVdecGetExtensionIndex:1737>: GetExtensionIndex OMX.google.android.index.describeColorFormat, err [0x80001001].
11-05 17:58:04.220 W/omx_vdec( 362): <__AwOmxVdecGetExtensionIndex:1737>: GetExtensionIndex OMX.google.android.index.describeColorFormat2, err [0x80001001].
11-05 17:58:04.220 E/omx_vdec( 362): : erro: pParamData->nIndex > m_sPortFormatType.nIndex
11-05 17:58:04.220 W/omx_vdec( 362): <__AwOmxVdecGetExtensionIndex:1737>: GetExtensionIndex OMX.google.android.index.describeColorFormat, err [0x80001001].
11-05 17:58:04.220 W/omx_vdec( 362): <__AwOmxVdecGetExtensionIndex:1737>: GetExtensionIndex OMX.google.android.index.describeColorFormat2, err [0x80001001].
11-05 17:58:04.220 E/omx_vdec( 362): : erro: pParamData->nIndex > m_sPortFormatType.nIndex
11-05 17:58:04.220 W/omx_vdec( 362): <__AwOmxVdecGetExtensionIndex:1737>: GetExtensionIndex OMX.google.android.index.describeColorFormat, err [0x80001001].
11-05 17:58:04.220 W/omx_vdec( 362): <__AwOmxVdecGetExtensionIndex:1737>: GetExtensionIndex OMX.google.android.index.describeColorFormat2, err [0x80001001].
11-05 17:58:04.221 E/omx_vdec( 362): : erro: pParamData->nIndex > m_sPortFormatType.nIndex
11-05 17:58:04.222 W/omx_vdec( 362): <__AwOmxVdecGetExtensionIndex:1737>: GetExtensionIndex OMX.google.android.index.describeColorFormat, err [0x80001001].
11-05 17:58:04.222 W/omx_vdec( 362): <__AwOmxVdecGetExtensionIndex:1737>: GetExtensionIndex OMX.google.android.index.describeColorFormat2, err [0x80001001].
11-05 17:58:04.222 E/omx_vdec( 362): : erro: pParamData->nIndex > m_sPortFormatType.nIndex
11-05 17:58:04.223 W/omx_vdec( 362): <__AwOmxVdecGetExtensionIndex:1737>: GetExtensionIndex OMX.google.android.index.describeColorFormat, err [0x80001001].
11-05 17:58:04.223 W/omx_vdec( 362): <__AwOmxVdecGetExtensionIndex:1737>: GetExtensionIndex OMX.google.android.index.describeColorFormat2, err [0x80001001].
11-05 17:58:04.223 E/omx_vdec( 362): : erro: pParamData->nIndex > m_sPortFormatType.nIndex
11-05 17:58:04.223 W/omx_vdec( 362): <__AwOmxVdecGetExtensionIndex:1737>: GetExtensionIndex OMX.google.android.index.describeColorFormat, err [0x80001001].
11-05 17:58:04.223 W/omx_vdec( 362): <__AwOmxVdecGetExtensionIndex:1737>: GetExtensionIndex OMX.google.android.index.describeColorFormat2, err [0x80001001].
11-05 17:58:04.223 E/omx_vdec( 362): : erro: pParamData->nIndex > m_sPortFormatType.nIndex
11-05 17:58:04.223 W/omx_vdec( 362): <__AwOmxVdecGetExtensionIndex:1737>: GetExtensionIndex OMX.google.android.index.describeColorFormat, err [0x80001001].
11-05 17:58:04.223 W/omx_vdec( 362): <__AwOmxVdecGetExtensionIndex:1737>: GetExtensionIndex OMX.google.android.index.describeColorFormat2, err [0x80001001].
11-05 17:58:04.223 E/omx_vdec( 362): : erro: pParamData->nIndex > m_sPortFormatType.nIndex
11-05 17:58:04.224 W/omx_vdec( 362): <__AwOmxVdecGetExtensionIndex:1737>: GetExtensionIndex OMX.google.android.index.describeColorFormat, err [0x80001001].
11-05 17:58:04.224 W/omx_vdec( 362): <__AwOmxVdecGetExtensionIndex:1737>: GetExtensionIndex OMX.google.android.index.describeColorFormat2, err [0x80001001].
11-05 17:58:04.224 E/omx_vdec( 362): : erro: pParamData->nIndex > m_sPortFormatType.nIndex
11-05 17:58:04.224 W/omx_vdec( 362): <__AwOmxVdecGetExtensionIndex:1737>: GetExtensionIndex OMX.google.android.index.describeColorFormat, err [0x80001001].
11-05 17:58:04.224 W/omx_vdec( 362): <__AwOmxVdecGetExtensionIndex:1737>: GetExtensionIndex OMX.google.android.index.describeColorFormat2, err [0x80001001].
11-05 17:58:04.224 E/omx_vdec( 362): : erro: pParamData->nIndex > m_sPortFormatType.nIndex
11-05 17:58:04.225 W/omx_vdec( 362): <__AwOmxVdecGetExtensionIndex:1737>: GetExtensionIndex OMX.google.android.index.describeColorFormat, err [0x80001001].
11-05 17:58:04.225 W/omx_vdec( 362): <__AwOmxVdecGetExtensionIndex:1737>: GetExtensionIndex OMX.google.android.index.describeColorFormat2, err [0x80001001].
11-05 17:58:04.225 E/omx_vdec( 362): : erro: pParamData->nIndex > m_sPortFormatType.nIndex
11-05 17:58:04.225 W/omx_vdec( 362): <__AwOmxVdecGetExtensionIndex:1737>: GetExtensionIndex OMX.google.android.index.describeColorFormat, err [0x80001001].
11-05 17:58:04.225 W/omx_vdec( 362): <__AwOmxVdecGetExtensionIndex:1737>: GetExtensionIndex OMX.google.android.index.describeColorFormat2, err [0x80001001].
11-05 17:58:04.225 E/omx_vdec( 362): : erro: pParamData->nIndex > m_sPortFormatType.nIndex
11-05 17:58:04.225 W/omx_vdec( 362): <__AwOmxVdecGetExtensionIndex:1737>: GetExtensionIndex OMX.google.android.index.describeColorFormat, err [0x80001001].
11-05 17:58:04.225 W/omx_vdec( 362): <__AwOmxVdecGetExtensionIndex:1737>: GetExtensionIndex OMX.google.android.index.describeColorFormat2, err [0x80001001].
11-05 17:58:04.225 E/omx_vdec( 362): : erro: pParamData->nIndex > m_sPortFormatType.nIndex
11-05 17:58:04.226 W/omx_vdec( 362): <__AwOmxVdecGetExtensionIndex:1737>: GetExtensionIndex OMX.google.android.index.describeColorFormat, err [0x80001001].
11-05 17:58:04.226 W/omx_vdec( 362): <__AwOmxVdecGetExtensionIndex:1737>: GetExtensionIndex OMX.google.android.index.describeColorFormat2, err [0x80001001].
11-05 17:58:04.227 W/ACodec ( 356): [OMX.allwinner.video.decoder.vp8] stopping checking formats after 32: COLOR_FormatYUV420Planar(13)
11-05 17:58:04.228 W/omx_vdec( 362): <__AwOmxVdecGetExtensionIndex:1737>: GetExtensionIndex OMX.google.android.index.configureVideoTunnelMode, err [0x80001001].
11-05 17:58:04.228 E/OMXNodeInstance( 362): getExtensionIndex(0xed20a000:allwinner.decoder.vp8, OMX.google.android.index.configureVideoTunnelMode) ERROR: Undefined(0x80001001)
11-05 17:58:04.228 D/MediaCodecInfo( 356): detail feature-tunneled-playback wasn't present to remove
11-05 17:58:04.228 W/omx_vdec( 362): <__AwOmxVdecGetExtensionIndex:1737>: GetExtensionIndex OMX.google.android.index.storeANWBufferInMetadata, err [0x80001001].
11-05 17:58:04.228 W/omx_vdec_aw( 362): <__anSetExtPara:3011>: Setparameter: unknown param 2131755011
11-05 17:58:04.228 W/OMXNodeInstance( 362): [0xed20a000:allwinner.decoder.vp8] component does not support metadata mode; using fallback
11-05 17:58:04.229 W/libc ( 362): invalid pthread_t (0) passed to pthread_join
11-05 17:58:04.229 W/libc ( 362): invalid pthread_t (0) passed to pthread_join
11-05 17:58:04.229 W/libc ( 362): invalid pthread_t (0) passed to pthread_join
11-05 17:58:04.232 W/StorageManagerService( 520): No primary storage defined yet; hacking together a stub
11-05 17:58:04.232 I/OMXClient( 356): IOmx service obtained
11-05 17:58:04.233 I/OMXStore( 362): makeComponentInstance(OMX.allwinner.video.decoder.vp9) in android.hardwar process
11-05 17:58:04.234 I/omx_vdec_aw( 362): : OmxDecoderCreate.
11-05 17:58:04.234 I/RuntimePermissions( 758): observing UserPackageInfoLiveData for 0 in RuntimePermissionsUpgradeController
11-05 17:58:04.235 W/omx_vdec( 362): <__AwOmxVdecSetParameter:1561>: Set Parameter called in valid state
11-05 17:58:04.235 W/omx_vdec( 362): : OMX_IndexParamVideoProfileLevelQuerySupported, Format[0xa] not support
11-05 17:58:04.235 E/OMXNodeInstance( 362): getParameter(0xed20a000:allwinner.decoder.vp9, ParamVideoProfileLevelQuerySupported(0x600000f)) ERROR: BadParameter(0x80001005)
11-05 17:58:04.236 W/omx_vdec( 362): <__AwOmxVdecGetExtensionIndex:1737>: GetExtensionIndex OMX.google.android.index.describeColorFormat, err [0x80001001].
11-05 17:58:04.236 W/omx_vdec( 362): <__AwOmxVdecGetExtensionIndex:1737>: GetExtensionIndex OMX.google.android.index.describeColorFormat2, err [0x80001001].
11-05 17:58:04.236 E/omx_vdec( 362): : erro: pParamData->nIndex > m_sPortFormatType.nIndex
11-05 17:58:04.236 W/omx_vdec( 362): <__AwOmxVdecGetExtensionIndex:1737>: GetExtensionIndex OMX.google.android.index.describeColorFormat, err [0x80001001].
11-05 17:58:04.236 W/omx_vdec( 362): <__AwOmxVdecGetExtensionIndex:1737>: GetExtensionIndex OMX.google.android.index.describeColorFormat2, err [0x80001001].
11-05 17:58:04.236 E/omx_vdec( 362): : erro: pParamData->nIndex > m_sPortFormatType.nIndex
11-05 17:58:04.236 W/omx_vdec( 362): <__AwOmxVdecGetExtensionIndex:1737>: GetExtensionIndex OMX.google.android.index.describeColorFormat, err [0x80001001].
11-05 17:58:04.236 W/omx_vdec( 362): <__AwOmxVdecGetExtensionIndex:1737>: GetExtensionIndex OMX.google.android.index.describeColorFormat2, err [0x80001001].
11-05 17:58:04.237 E/omx_vdec( 362): : erro: pParamData->nIndex > m_sPortFormatType.nIndex
11-05 17:58:04.237 W/omx_vdec( 362): <__AwOmxVdecGetExtensionIndex:1737>: GetExtensionIndex OMX.google.android.index.describeColorFormat, err [0x80001001].
11-05 17:58:04.237 W/omx_vdec( 362): <__AwOmxVdecGetExtensionIndex:1737>: GetExtensionIndex OMX.google.android.index.describeColorFormat2, err [0x80001001].
11-05 17:58:04.237 E/omx_vdec( 362): : erro: pParamData->nIndex > m_sPortFormatType.nIndex
11-05 17:58:04.237 W/omx_vdec( 362): <__AwOmxVdecGetExtensionIndex:1737>: GetExtensionIndex OMX.google.android.index.describeColorFormat, err [0x80001001].
11-05 17:58:04.237 W/omx_vdec( 362): <__AwOmxVdecGetExtensionIndex:1737>: GetExtensionIndex OMX.google.android.index.describeColorFormat2, err [0x80001001].
11-05 17:58:04.237 E/omx_vdec( 362): : erro: pParamData->nIndex > m_sPortFormatType.nIndex
11-05 17:58:04.237 W/omx_vdec( 362): <__AwOmxVdecGetExtensionIndex:1737>: GetExtensionIndex OMX.google.android.index.describeColorFormat, err [0x80001001].
11-05 17:58:04.237 W/omx_vdec( 362): <__AwOmxVdecGetExtensionIndex:1737>: GetExtensionIndex OMX.google.android.index.describeColorFormat2, err [0x80001001].
11-05 17:58:04.238 E/omx_vdec( 362): : erro: pParamData->nIndex > m_sPortFormatType.nIndex
11-05 17:58:04.238 W/omx_vdec( 362): <__AwOmxVdecGetExtensionIndex:1737>: GetExtensionIndex OMX.google.android.index.describeColorFormat, err [0x80001001].
11-05 17:58:04.238 W/omx_vdec( 362): <__AwOmxVdecGetExtensionIndex:1737>: GetExtensionIndex OMX.google.android.index.describeColorFormat2, err [0x80001001].
11-05 17:58:04.238 E/omx_vdec( 362): : erro: pParamData->nIndex > m_sPortFormatType.nIndex
11-05 17:58:04.238 W/omx_vdec( 362): <__AwOmxVdecGetExtensionIndex:1737>: GetExtensionIndex OMX.google.android.index.describeColorFormat, err [0x80001001].
11-05 17:58:04.238 W/omx_vdec( 362): <__AwOmxVdecGetExtensionIndex:1737>: GetExtensionIndex OMX.google.android.index.describeColorFormat2, err [0x80001001].
11-05 17:58:04.238 E/omx_vdec( 362): : erro: pParamData->nIndex > m_sPortFormatType.nIndex
11-05 17:58:04.238 W/omx_vdec( 362): <__AwOmxVdecGetExtensionIndex:1737>: GetExtensionIndex OMX.google.android.index.describeColorFormat, err [0x80001001].
11-05 17:58:04.238 W/omx_vdec( 362): <__AwOmxVdecGetExtensionIndex:1737>: GetExtensionIndex OMX.google.android.index.describeColorFormat2, err [0x80001001].
11-05 17:58:04.239 E/omx_vdec( 362): : erro: pParamData->nIndex > m_sPortFormatType.nIndex
11-05 17:58:04.239 W/omx_vdec( 362): <__AwOmxVdecGetExtensionIndex:1737>: GetExtensionIndex OMX.google.android.index.describeColorFormat, err [0x80001001].
11-05 17:58:04.239 W/omx_vdec( 362): <__AwOmxVdecGetExtensionIndex:1737>: GetExtensionIndex OMX.google.android.index.describeColorFormat2, err [0x80001001].
11-05 17:58:04.239 E/omx_vdec( 362): : erro: pParamData->nIndex > m_sPortFormatType.nIndex
11-05 17:58:04.239 W/omx_vdec( 362): <__AwOmxVdecGetExtensionIndex:1737>: GetExtensionIndex OMX.google.android.index.describeColorFormat, err [0x80001001].
11-05 17:58:04.239 W/omx_vdec( 362): <__AwOmxVdecGetExtensionIndex:1737>: GetExtensionIndex OMX.google.android.index.describeColorFormat2, err [0x80001001].
11-05 17:58:04.239 E/omx_vdec( 362): : erro: pParamData->nIndex > m_sPortFormatType.nIndex
11-05 17:58:04.239 W/omx_vdec( 362): <__AwOmxVdecGetExtensionIndex:1737>: GetExtensionIndex OMX.google.android.index.describeColorFormat, err [0x80001001].
11-05 17:58:04.239 W/omx_vdec( 362): <__AwOmxVdecGetExtensionIndex:1737>: GetExtensionIndex OMX.google.android.index.describeColorFormat2, err [0x80001001].
11-05 17:58:04.239 E/omx_vdec( 362): : erro: pParamData->nIndex > m_sPortFormatType.nIndex
11-05 17:58:04.240 W/omx_vdec( 362): <__AwOmxVdecGetExtensionIndex:1737>: GetExtensionIndex OMX.google.android.index.describeColorFormat, err [0x80001001].
11-05 17:58:04.240 W/omx_vdec( 362): <__AwOmxVdecGetExtensionIndex:1737>: GetExtensionIndex OMX.google.android.index.describeColorFormat2, err [0x80001001].
11-05 17:58:04.240 E/omx_vdec( 362): : erro: pParamData->nIndex > m_sPortFormatType.nIndex
11-05 17:58:04.240 W/omx_vdec( 362): <__AwOmxVdecGetExtensionIndex:1737>: GetExtensionIndex OMX.google.android.index.describeColorFormat, err [0x80001001].
