11-05 17:57:56.530 D/XiriService( 313): check file name: /data/data/com.android.networkstack.tethering/lib
11-05 17:57:56.530 D/XiriService( 313): check file name: /data/data/com.android.networkstack.tethering/lib
11-05 17:57:56.530 D/XiriService( 313): check file name: /data/data/com.android.networkstack.tethering/lib
11-05 17:57:56.531 D/XiriService( 313): check file name: /data/data/com.android.soundpicker/lib
11-05 17:57:56.537 D/XiriService( 313): check file name: /data/data/com.dangbei.lerad.etna.haqu/lib
11-05 17:57:56.537 D/XiriService( 313): check file name: /data/data/com.dangbei.lerad.etna.haqu/lib
11-05 17:57:56.537 D/XiriService( 313): check file name: /data/data/com.dangbei.lerad.etna.haqu/lib
11-05 17:57:56.537 D/XiriService( 313): check file name: /data/data/com.dangbei.lerad.etna.haqu/lib
11-05 17:57:56.537 D/XiriService( 313): check file name: /data/data/com.dangbei.lerad.etna.haqu/lib
11-05 17:57:56.543 D/XiriService( 313): check file name: /data/data/com.dangbei.lerad.etna.haqu/lib
11-05 17:57:56.543 D/XiriService( 313): check file name: /data/data/com.dangbei.lerad.etna.haqu/lib
11-05 17:57:56.544 D/XiriService( 313): check file name: /data/data/com.dangbei.lerad.etna.haqu/lib
11-05 17:57:56.544 D/XiriService( 313): check file name: /data/data/com.dangbei.lerad.etna.haqu/lib
11-05 17:57:56.545 D/XiriService( 313): check file name: /data/data/com.allwinnertech.packageoverride/lib
11-05 17:57:56.551 D/XiriService( 313): check file name: /data/data/com.android.smspush/lib
11-05 17:57:56.558 D/XiriService( 313): check file name: /data/data/com.android.wallpaper.livepicker/lib
11-05 17:57:56.564 D/XiriService( 313): check file name: /data/data/com.tv.filemanager.os/lib
11-05 17:57:56.569 D/XiriService( 313): check file name: /data/data/com.oranth.powerwindow/lib
11-05 17:57:56.569 D/XiriService( 313): check file name: /data/data/com.oranth.powerwindow/lib
11-05 17:57:56.569 D/XiriService( 313): check file name: /data/data/com.oranth.powerwindow/lib
11-05 17:57:56.569 D/XiriService( 313): check file name: /data/data/com.oranth.powerwindow/lib
11-05 17:57:56.570 D/XiriService( 313): check file name: /data/data/com.oranth.powerwindow/lib
11-05 17:57:56.574 D/XiriService( 313): check file name: /data/data/com.oranth.powerwindow/lib
11-05 17:57:56.574 D/XiriService( 313): check file name: /data/data/com.oranth.powerwindow/lib
11-05 17:57:56.575 D/XiriService( 313): check file name: /data/data/com.oranth.powerwindow/lib
11-05 17:57:56.575 D/XiriService( 313): check file name: /data/data/com.oranth.powerwindow/lib
11-05 17:57:56.576 D/XiriService( 313): check file name: /data/data/com.android.storagemanager/lib
11-05 17:57:56.581 D/XiriService( 313): check file name: /data/data/com.android.bookmarkprovider/lib
11-05 17:57:56.589 D/XiriService( 313): check file name: /data/data/com.android.networkstack.permissionconfig/lib
11-05 17:57:56.589 D/XiriService( 313): check file name: /data/data/com.android.networkstack.permissionconfig/lib
11-05 17:57:56.589 D/XiriService( 313): check file name: /data/data/com.android.networkstack.permissionconfig/lib
11-05 17:57:56.589 D/XiriService( 313): check file name: /data/data/com.android.networkstack.permissionconfig/lib
11-05 17:57:56.590 D/XiriService( 313): check file name: /data/data/com.android.networkstack.permissionconfig/lib
11-05 17:57:56.595 D/XiriService( 313): check file name: /data/data/com.android.networkstack.permissionconfig/lib
11-05 17:57:56.595 D/XiriService( 313): check file name: /data/data/com.android.networkstack.permissionconfig/lib
11-05 17:57:56.595 D/XiriService( 313): check file name: /data/data/com.android.networkstack.permissionconfig/lib
11-05 17:57:56.595 D/XiriService( 313): check file name: /data/data/com.android.networkstack.permissionconfig/lib
11-05 17:57:56.596 D/XiriService( 313): check file name: /data/data/com.android.cts.ctsshim/lib
11-05 17:57:56.601 D/XiriService( 313): check file name: /data/data/com.dangbei.lerad.screensaver/lib
11-05 17:57:56.601 D/XiriService( 313): check file name: /data/data/com.dangbei.lerad.screensaver/lib
11-05 17:57:56.602 D/XiriService( 313): check file name: /data/data/com.dangbei.lerad.screensaver/lib
11-05 17:57:56.600 I/xiriservice_All( 313): type=1400 audit(0.0:323): avc: denied { read } for name="lib" dev="mmcblk0p25" ino=1512 scontext=u:r:init:s0 tcontext=u:object_r:app_data_file:s0:c47,c256,c512,c768 tclass=lnk_file permissive=1
11-05 17:57:56.602 D/XiriService( 313): check file name: /data/data/com.dangbei.lerad.screensaver/lib
11-05 17:57:56.602 D/XiriService( 313): check file name: /data/data/com.dangbei.lerad.screensaver/lib
11-05 17:57:56.607 D/XiriService( 313): check file name: /data/data/com.dangbei.lerad.screensaver/lib
11-05 17:57:56.608 D/XiriService( 313): check file name: /data/data/com.dangbei.lerad.screensaver/lib
11-05 17:57:56.608 D/XiriService( 313): check file name: /data/data/com.dangbei.lerad.screensaver/lib
11-05 17:57:56.608 D/XiriService( 313): check file name: /data/data/com.dangbei.lerad.screensaver/lib
11-05 17:57:56.609 D/XiriService( 313): check file name: /data/data/com.android.remoteprovisioner/lib
11-05 17:57:56.614 D/XiriService( 313): check file name: /data/data/com.softwinner.theme.icon/lib
11-05 17:57:56.619 D/XiriService( 313): check file name: /data/data/com.android.wallpaper/lib
11-05 17:57:56.625 D/XiriService( 313): check file name: /data/data/com.android.vpndialogs/lib
11-05 17:57:56.630 D/XiriService( 313): check file name: /data/data/com.android.music/lib
11-05 17:57:56.635 D/XiriService( 313): check file name: /data/data/com.android.wallpaperbackup/lib
11-05 17:57:56.635 D/XiriService( 313): check file name: /data/data/com.android.wallpaperbackup/lib
11-05 17:57:56.635 D/XiriService( 313): check file name: /data/data/com.android.wallpaperbackup/lib
11-05 17:57:56.636 D/XiriService( 313): check file name: /data/data/com.android.wallpaperbackup/lib
11-05 17:57:56.636 D/XiriService( 313): check file name: /data/data/com.android.wallpaperbackup/lib
11-05 17:57:56.643 D/XiriService( 313): check file name: /data/data/com.android.wallpaperbackup/lib
11-05 17:57:56.643 D/XiriService( 313): check file name: /data/data/com.android.wallpaperbackup/lib
11-05 17:57:56.643 D/XiriService( 313): check file name: /data/data/com.android.wallpaperbackup/lib
11-05 17:57:56.643 D/XiriService( 313): check file name: /data/data/com.android.wallpaperbackup/lib
11-05 17:57:56.644 D/XiriService( 313): check file name: /data/data/com.android.providers.blockednumber/lib
11-05 17:57:56.644 W/installd( 352): Requested default storage /data/user_de/0/com.android.providers.blockednumber is not active; migrating from /data/data/com.android.providers.blockednumber
11-05 17:57:56.645 D/XiriService( 313): check file name: /data/data/com.android.providers.blockednumber/lib
11-05 17:57:56.645 D/XiriService( 313): check file name: /data/data/com.android.providers.blockednumber/lib
11-05 17:57:56.646 D/XiriService( 313): check file name: /data/data/com.android.providers.blockednumber/lib
11-05 17:57:56.649 D/XiriService( 313): check file name: /data/data/com.android.providers.blockednumber/lib
11-05 17:57:56.649 D/XiriService( 313): check file name: /data/data/com.android.providers.blockednumber/lib
11-05 17:57:56.653 D/XiriService( 313): check file name: /data/data/com.android.providers.userdictionary/lib
11-05 17:57:56.658 D/XiriService( 313): check file name: /data/data/com.android.providers.media.module/lib
11-05 17:57:56.658 D/XiriService( 313): check file name: /data/data/com.android.providers.media.module/lib
11-05 17:57:56.659 D/XiriService( 313): check file name: /data/data/com.android.providers.media.module/lib
11-05 17:57:56.656 I/xiriservice_All( 313): type=1400 audit(0.0:324): avc: denied { read } for name="lib" dev="mmcblk0p25" ino=1527 scontext=u:r:init:s0 tcontext=u:object_r:privapp_data_file:s0:c74,c256,c512,c768 tclass=lnk_file permissive=1
11-05 17:57:56.659 D/XiriService( 313): check file name: /data/data/com.android.providers.media.module/lib
11-05 17:57:56.659 D/XiriService( 313): check file name: /data/data/com.android.providers.media.module/lib
11-05 17:57:56.665 D/XiriService( 313): check file name: /data/data/com.android.providers.media.module/lib
11-05 17:57:56.665 D/XiriService( 313): check file name: /data/data/com.android.providers.media.module/lib
11-05 17:57:56.665 D/XiriService( 313): check file name: /data/data/com.android.providers.media.module/lib
11-05 17:57:56.665 D/XiriService( 313): check file name: /data/data/com.android.providers.media.module/lib
11-05 17:57:56.666 D/XiriService( 313): check file name: /data/data/com.softwinner.theme.color/lib
11-05 17:57:56.672 D/XiriService( 313): check file name: /data/data/com.oranth.storage/lib
11-05 17:57:56.672 D/XiriService( 313): check file name: /data/data/com.oranth.storage/lib
11-05 17:57:56.673 D/XiriService( 313): check file name: /data/data/com.oranth.storage/lib
11-05 17:57:56.673 D/XiriService( 313): check file name: /data/data/com.oranth.storage/lib
11-05 17:57:56.673 D/XiriService( 313): check file name: /data/data/com.oranth.storage/lib
11-05 17:57:56.678 D/XiriService( 313): check file name: /data/data/com.oranth.storage/lib
11-05 17:57:56.678 D/XiriService( 313): check file name: /data/data/com.oranth.storage/lib
11-05 17:57:56.678 D/XiriService( 313): check file name: /data/data/com.oranth.storage/lib
11-05 17:57:56.678 D/XiriService( 313): check file name: /data/data/com.oranth.storage/lib
11-05 17:57:56.679 D/XiriService( 313): check file name: /data/data/com.android.hotspot2.osulogin/lib
11-05 17:57:56.684 D/XiriService( 313): check file name: /data/data/com.android.internal.systemui.navbar.gestural/lib
11-05 17:57:56.690 D/XiriService( 313): check file name: /data/data/com.dangbei.haqusetting/lib
11-05 17:57:56.690 D/XiriService( 313): check file name: /data/data/com.dangbei.haqusetting/lib
11-05 17:57:56.690 D/XiriService( 313): check file name: /data/data/com.dangbei.haqusetting/lib
11-05 17:57:56.690 D/XiriService( 313): check file name: /data/data/com.dangbei.haqusetting/lib
11-05 17:57:56.690 D/XiriService( 313): check file name: /data/data/com.dangbei.haqusetting/lib
11-05 17:57:56.695 D/XiriService( 313): check file name: /data/data/com.dangbei.haqusetting/lib
11-05 17:57:56.695 D/XiriService( 313): check file name: /data/data/com.dangbei.haqusetting/lib
11-05 17:57:56.695 D/XiriService( 313): check file name: /data/data/com.dangbei.haqusetting/lib
11-05 17:57:56.695 D/XiriService( 313): check file name: /data/data/com.dangbei.haqusetting/lib
11-05 17:57:56.696 D/XiriService( 313): check file name: /data/data/com.android.bluetoothmidiservice/lib
11-05 17:57:56.702 D/XiriService( 313): check file name: /data/data/com.softwinner.awmanager/lib
11-05 17:57:56.708 D/XiriService( 313): check file name: /data/data/com.softwinner.miracastReceiver/lib
11-05 17:57:56.708 D/XiriService( 313): check file name: /data/data/com.softwinner.miracastReceiver/lib
11-05 17:57:56.708 D/XiriService( 313): check file name: /data/data/com.softwinner.miracastReceiver/lib
11-05 17:57:56.709 D/XiriService( 313): check file name: /data/data/com.softwinner.miracastReceiver/lib
11-05 17:57:56.714 D/XiriService( 313): check file name: /data/data/com.softwinner.miracastReceiver/lib
11-05 17:57:56.714 D/XiriService( 313): check file name: /data/data/com.softwinner.miracastReceiver/lib
11-05 17:57:56.714 D/XiriService( 313): check file name: /data/data/com.softwinner.miracastReceiver/lib
11-05 17:57:56.714 D/XiriService( 313): check file name: /data/data/com.softwinner.miracastReceiver/lib
11-05 17:57:56.715 D/XiriService( 313): check file name: /data/data/com.android.traceur/lib
11-05 17:57:56.721 D/XiriService( 313): check file name: /data/data/com.android.bluetooth/lib
11-05 17:57:56.722 D/XiriService( 313): check file name: /data/data/com.android.bluetooth/lib
11-05 17:57:56.722 D/XiriService( 313): check file name: /data/data/com.android.bluetooth/lib
11-05 17:57:56.723 D/XiriService( 313): check file name: /data/data/com.android.bluetooth/lib
11-05 17:57:56.723 D/XiriService( 313): check file name: /data/data/com.android.bluetooth/lib
11-05 17:57:56.723 W/installd( 352): Requested default storage /data/user_de/0/com.android.bluetooth is not active; migrating from /data/data/com.android.bluetooth
11-05 17:57:56.720 I/xiriservice_All( 313): type=1400 audit(0.0:325): avc: denied { read } for name="lib" dev="mmcblk0p25" ino=1543 scontext=u:r:init:s0 tcontext=u:object_r:bluetooth_data_file:s0 tclass=lnk_file permissive=1
11-05 17:57:56.724 D/XiriService( 313): check file name: /data/data/com.android.bluetooth/lib
11-05 17:57:56.724 D/XiriService( 313): check file name: /data/data/com.android.bluetooth/lib
11-05 17:57:56.725 D/XiriService( 313): check file name: /data/data/com.android.bluetooth/lib
11-05 17:57:56.728 D/XiriService( 313): check file name: /data/data/com.android.bluetooth/lib
11-05 17:57:56.728 D/XiriService( 313): check file name: /data/data/com.android.bluetooth/lib
11-05 17:57:56.730 D/XiriService( 313): check file name: /data/data/com.android.bluetooth/lib
11-05 17:57:56.730 D/XiriService( 313): check file name: /data/data/com.android.bluetooth/lib
11-05 17:57:56.731 D/XiriService( 313): check file name: /data/data/com.android.bluetooth/lib
11-05 17:57:56.731 D/XiriService( 313): check file name: /data/data/com.android.bluetooth/lib
11-05 17:57:56.731 D/XiriService( 313): check file name: /data/data/com.android.providers.contacts/lib
11-05 17:57:56.737 D/XiriService( 313): check file name: /data/data/com.android.captiveportallogin/lib
11-05 17:57:56.742 D/XiriService( 313): check file name: /data/data/com.android.internal.systemui.navbar.gestural_narrow_back/lib
11-05 17:57:56.745 W/IorapForwardingService( 520): No service published for: iorapd
11-05 17:57:56.750 D/XiriService( 313): check file name: /data/data/android.auto_generated_rro_vendor__/lib
11-05 17:57:56.757 I/PackageManager( 520): Deferred reconcileAppsData finished 98 packages
11-05 17:57:56.757 D/SystemServerInitThreadPool( 520): Finished executing prepareAppData
11-05 17:57:56.822 I/PackageDexOptimizer( 520): Running dexopt (dexoptNeeded=1) on: /apex/com.android.extservices/priv-app/ExtServices/ExtServices.apk pkg=android.ext.services isa=arm dexoptFlags=public targetFilter=verify oatDir=null classLoaderContext=PCL[]{}
11-05 17:57:56.823 V/installd( 352): DexInv: --- BEGIN '/apex/com.android.extservices/priv-app/ExtServices/ExtServices.apk' ---
11-05 17:57:56.824 V/installd( 352): Running /apex/com.android.art/bin/dex2oat32 in=ExtServices.apk out=/data/dalvik-cache/arm/apex@com.android.extservices@priv-app@ExtServices@ExtServices.apk@classes.dex
11-05 17:57:56.878 I/dex2oat32( 629): /apex/com.android.art/bin/dex2oat32 --input-vdex-fd=-1 --output-vdex-fd=8 --classpath-dir=/apex/com.android.extservices/priv-app/ExtServices --class-loader-context=PCL[]{} --compact-dex-level=none --compiler-filter=verify --compilation-reason=first-boot --max-image-block-size=524288 --resolve-startup-const-strings=true --generate-mini-debug-info
11-05 17:57:56.882 E/cutils-trace( 629): Error opening trace file: No such file or directory (2)
11-05 17:57:56.906 W/dex2oat32( 629): ART APEX data files are untrusted.
11-05 17:57:57.172 I/EventThread( 261): type=1400 audit(0.0:326): avc: denied { search } for name="extcon" dev="sysfs" ino=18103 scontext=u:r:hal_tv_cec_default:s0 tcontext=u:object_r:sysfs_extcon:s0 tclass=dir permissive=1
11-05 17:57:57.206 I/dex2oat32( 629): dex2oat took 335.246ms (379.901ms cpu) (threads: 4) arena alloc=0B (0B) java alloc=345KB (353808B) native alloc=23MB (25014232B) free=976KB (999464B)
11-05 17:57:57.220 V/installd( 352): DexInv: --- END '/apex/com.android.extservices/priv-app/ExtServices/ExtServices.apk' (success) ---
11-05 17:57:57.505 I/update_engine( 379): [INFO:cleanup_previous_update_action.cc(112)] Executing task 6
11-05 17:57:57.524 I/update_engine( 379): [INFO:cleanup_previous_update_action.cc(124)] CleanupPreviousUpdateAction scheduled task ID 7 for WaitBootCompleted
11-05 17:57:57.615 I/PackageDexOptimizer( 520): Running dexopt (dexoptNeeded=1) on: /apex/com.android.permission/priv-app/PermissionController/PermissionController.apk pkg=com.android.permissioncontroller isa=arm dexoptFlags=public targetFilter=verify oatDir=null classLoaderContext=PCL[]{PCL[/system/framework/android.test.base.jar]}
11-05 17:57:57.616 V/installd( 352): DexInv: --- BEGIN '/apex/com.android.permission/priv-app/PermissionController/PermissionController.apk' ---
11-05 17:57:57.616 V/installd( 352): Running /apex/com.android.art/bin/dex2oat32 in=PermissionController.apk out=/data/dalvik-cache/arm/apex@com.android.permission@priv-app@PermissionController@PermissionController.apk@classes.dex
11-05 17:57:57.667 I/dex2oat32( 636): /apex/com.android.art/bin/dex2oat32 --input-vdex-fd=-1 --output-vdex-fd=8 --classpath-dir=/apex/com.android.permission/priv-app/PermissionController --class-loader-context=PCL[]{PCL[/system/framework/android.test.base.jar]} --compact-dex-level=none --compiler-filter=verify --compilation-reason=first-boot --max-image-block-size=524288 --resolve-startup-const-strings=true --generate-mini-debug-info
11-05 17:57:57.673 E/cutils-trace( 636): Error opening trace file: No such file or directory (2)
11-05 17:57:57.747 W/IorapForwardingService( 520): No service published for: iorapd
11-05 17:57:57.860 W/dex2oat32( 636): ART APEX data files are untrusted.
11-05 17:57:58.033 I/BLEAudioDrive_HV410( 247): select timeout!
11-05 17:57:58.657 W/dex2oat32( 636): Class com.android.permissioncontroller.permission.service.AutoRevokePermissions$revokeAppPermissions$$inlined$forEachInParallel$default$1 failed lock verification and will run slower.
11-05 17:57:58.657 W/dex2oat32( 636): Common causes for lock verification issues are non-optimized dex code
11-05 17:57:58.657 W/dex2oat32( 636): and incorrect proguard optimizations.
11-05 17:57:58.741 I/dex2oat32( 636): dex2oat took 1.080s (2.379s cpu) (threads: 4) arena alloc=0B (0B) java alloc=4426KB (4532536B) native alloc=25MB (26715896B) free=982KB (1005832B)
11-05 17:57:58.749 W/IorapForwardingService( 520): No service published for: iorapd
11-05 17:57:58.763 V/installd( 352): DexInv: --- END '/apex/com.android.permission/priv-app/PermissionController/PermissionController.apk' (success) ---
11-05 17:57:59.525 I/update_engine( 379): [INFO:cleanup_previous_update_action.cc(112)] Executing task 7
11-05 17:57:59.532 I/update_engine( 379): [INFO:cleanup_previous_update_action.cc(124)] CleanupPreviousUpdateAction scheduled task ID 8 for WaitBootCompleted
11-05 17:57:59.659 W/system_server( 520): ClassLoaderContext shared library size mismatch. Expected=0, found=4 (PCL[] | PCL[]{PCL[]#PCL[]#PCL[]#PCL[]})
11-05 17:57:59.751 W/IorapForwardingService( 520): No service published for: iorapd
11-05 17:57:59.810 I/system_server( 520): Background young concurrent copying GC freed 75469(4710KB) AllocSpace objects, 80(1804KB) LOS objects, 48% free, 7315KB/13MB, paused 186us total 104.794ms
11-05 17:57:59.845 W/hdr10p_Configure( 406): 118 callbacks suppressed
11-05 17:57:59.845 I/ ( 406): DVI mode selected: packets not configured
11-05 17:57:59.845 W/set_vsif_config( 406): 118 callbacks suppressed
11-05 17:57:59.845 I/ ( 406): Error: set vsif failed
11-05 17:57:59.894 I/ ( 406): DVI mode selected: packets not configured
11-05 17:57:59.894 I/ ( 406): Error: set vsif failed
11-05 17:57:59.927 I/ ( 406): DVI mode selected: packets not configured
11-05 17:57:59.927 I/ ( 406): Error: set vsif failed
11-05 17:57:59.977 I/ ( 406): DVI mode selected: packets not configured
11-05 17:57:59.977 I/ ( 406): Error: set vsif failed
11-05 17:58:00.011 I/ ( 406): DVI mode selected: packets not configured
11-05 17:58:00.011 I/ ( 406): Error: set vsif failed
11-05 17:58:00.045 I/ ( 406): DVI mode selected: packets not configured
11-05 17:58:00.045 I/ ( 406): Error: set vsif failed
11-05 17:58:00.094 I/ ( 406): DVI mode selected: packets not configured
11-05 17:58:00.094 I/ ( 406): Error: set vsif failed
11-05 17:58:00.127 I/ ( 406): DVI mode selected: packets not configured
11-05 17:58:00.127 I/ ( 406): Error: set vsif failed
11-05 17:58:00.177 I/ ( 406): DVI mode selected: packets not configured
11-05 17:58:00.177 I/ ( 406): Error: set vsif failed
11-05 17:58:00.210 I/ ( 406): DVI mode selected: packets not configured
11-05 17:58:00.210 I/ ( 406): Error: set vsif failed
11-05 17:58:00.524 I/PackageDexOptimizer( 520): Running dexopt (dexoptNeeded=1) on: /apex/com.android.tethering/priv-app/Tethering/Tethering.apk pkg=com.android.networkstack.tethering isa=arm dexoptFlags=public targetFilter=verify oatDir=null classLoaderContext=PCL[]{PCL[/system/framework/android.test.base.jar]}
11-05 17:58:00.525 V/installd( 352): DexInv: --- BEGIN '/apex/com.android.tethering/priv-app/Tethering/Tethering.apk' ---
11-05 17:58:00.525 V/installd( 352): Running /apex/com.android.art/bin/dex2oat32 in=Tethering.apk out=/data/dalvik-cache/arm/apex@com.android.tethering@priv-app@Tethering@Tethering.apk@classes.dex
11-05 17:58:00.574 I/dex2oat32( 642): /apex/com.android.art/bin/dex2oat32 --input-vdex-fd=-1 --output-vdex-fd=8 --classpath-dir=/apex/com.android.tethering/priv-app/Tethering --class-loader-context=PCL[]{PCL[/system/framework/android.test.base.jar]} --compact-dex-level=none --compiler-filter=verify --compilation-reason=first-boot --max-image-block-size=524288 --resolve-startup-const-strings=true --generate-mini-debug-info
11-05 17:58:00.578 E/cutils-trace( 642): Error opening trace file: No such file or directory (2)
11-05 17:58:00.597 W/dex2oat32( 642): ART APEX data files are untrusted.
11-05 17:58:00.618 W/ServiceManager( 240): Service statscompanion didn't start. Returning NULL
11-05 17:58:00.618 E/statsd ( 240): Uid 1000 does not have the android.permission.REGISTER_STATS_PULL_ATOM permission when registering atom 10110 (-1)
11-05 17:58:00.654 E/ReportEncoder( 520): No watchlist hash
11-05 17:58:00.656 I/WatchlistLoggingHandler( 520): Milliseconds spent on tryAggregateRecords(): 4922
11-05 17:58:00.753 W/IorapForwardingService( 520): No service published for: iorapd
11-05 17:58:00.968 I/dex2oat32( 642): dex2oat took 401.063ms (726.089ms cpu) (threads: 4) arena alloc=0B (0B) java alloc=148KB (152168B) native alloc=23MB (24842384B) free=951KB (974704B)
11-05 17:58:00.981 V/installd( 352): DexInv: --- END '/apex/com.android.tethering/priv-app/Tethering/Tethering.apk' (success) ---
11-05 17:58:01.394 I/PackageDexOptimizer( 520): Running dexopt (dexoptNeeded=1) on: /apex/com.android.mediaprovider/priv-app/MediaProvider/MediaProvider.apk pkg=com.android.providers.media.module isa=arm dexoptFlags=public targetFilter=verify oatDir=null classLoaderContext=PCL[]{}
11-05 17:58:01.395 V/installd( 352): DexInv: --- BEGIN '/apex/com.android.mediaprovider/priv-app/MediaProvider/MediaProvider.apk' ---
11-05 17:58:01.395 V/installd( 352): Running /apex/com.android.art/bin/dex2oat32 in=MediaProvider.apk out=/data/dalvik-cache/arm/apex@com.android.mediaprovider@priv-app@MediaProvider@MediaProvider.apk@classes.dex
11-05 17:58:01.440 I/dex2oat32( 649): /apex/com.android.art/bin/dex2oat32 --input-vdex-fd=-1 --output-vdex-fd=8 --classpath-dir=/apex/com.android.mediaprovider/priv-app/MediaProvider --class-loader-context=PCL[]{} --compact-dex-level=none --compiler-filter=verify --compilation-reason=first-boot --max-image-block-size=524288 --resolve-startup-const-strings=true --generate-mini-debug-info
11-05 17:58:01.444 E/cutils-trace( 649): Error opening trace file: No such file or directory (2)
11-05 17:58:01.486 W/dex2oat32( 649): ART APEX data files are untrusted.
11-05 17:58:01.486 W/dex2oat32( 649): Could not reserve sentinel fault page
11-05 17:58:01.533 I/update_engine( 379): [INFO:cleanup_previous_update_action.cc(112)] Executing task 8
11-05 17:58:01.561 I/update_engine( 379): [INFO:cleanup_previous_update_action.cc(124)] CleanupPreviousUpdateAction scheduled task ID 9 for WaitBootCompleted
11-05 17:58:01.755 W/IorapForwardingService( 520): No service published for: iorapd
11-05 17:58:01.885 I/dex2oat32( 649): dex2oat took 450.338ms (935.052ms cpu) (threads: 4) arena alloc=0B (0B) java alloc=1380KB (1413944B) native alloc=24MB (25572480B) free=954KB (977792B)
11-05 17:58:01.899 V/installd( 352): DexInv: --- END '/apex/com.android.mediaprovider/priv-app/MediaProvider/MediaProvider.apk' (success) ---
11-05 17:58:01.916 I/PackageDexOptimizer( 520): Running dexopt (dexoptNeeded=1) on: /apex/com.android.wifi/app/OsuLogin/OsuLogin.apk pkg=com.android.hotspot2.osulogin isa=arm dexoptFlags=public,enable_hidden_api_checks targetFilter=verify oatDir=null classLoaderContext=PCL[]{}
11-05 17:58:01.917 V/installd( 352): DexInv: --- BEGIN '/apex/com.android.wifi/app/OsuLogin/OsuLogin.apk' ---
11-05 17:58:01.917 V/installd( 352): Running /apex/com.android.art/bin/dex2oat32 in=OsuLogin.apk out=/data/dalvik-cache/arm/apex@com.android.wifi@app@OsuLogin@OsuLogin.apk@classes.dex
11-05 17:58:01.963 I/dex2oat32( 655): /apex/com.android.art/bin/dex2oat32 --input-vdex-fd=-1 --output-vdex-fd=8 --classpath-dir=/apex/com.android.wifi/app/OsuLogin --class-loader-context=PCL[]{} --compact-dex-level=none --compiler-filter=verify --compilation-reason=first-boot --max-image-block-size=524288 --resolve-startup-const-strings=true --generate-mini-debug-info
11-05 17:58:01.966 E/cutils-trace( 655): Error opening trace file: No such file or directory (2)
11-05 17:58:01.978 W/dex2oat32( 655): ART APEX data files are untrusted.
11-05 17:58:02.192 I/dex2oat32( 655): dex2oat took 235.587ms (244.251ms cpu) (threads: 4) arena alloc=0B (0B) java alloc=174KB (178416B) native alloc=23MB (24831488B) free=934KB (956928B)
11-05 17:58:02.206 V/installd( 352): DexInv: --- END '/apex/com.android.wifi/app/OsuLogin/OsuLogin.apk' (success) ---
11-05 17:58:02.275 I/PackageDexOptimizer( 520): Running dexopt (dexoptNeeded=1) on: /system/priv-app/AwManager/AwManager.apk pkg=com.softwinner.awmanager isa=arm dexoptFlags=public targetFilter=verify oatDir=null classLoaderContext=PCL[]{}
11-05 17:58:02.277 V/installd( 352): DexInv: --- BEGIN '/system/priv-app/AwManager/AwManager.apk' ---
11-05 17:58:02.277 V/installd( 352): Running /apex/com.android.art/bin/dex2oat32 in=AwManager.apk out=/data/dalvik-cache/arm/system@priv-app@AwManager@AwManager.apk@classes.dex
11-05 17:58:02.322 I/dex2oat32( 661): /apex/com.android.art/bin/dex2oat32 --input-vdex-fd=-1 --output-vdex-fd=8 --classpath-dir=/system/priv-app/AwManager --class-loader-context=PCL[]{} --compact-dex-level=none --compiler-filter=verify --compilation-reason=first-boot --max-image-block-size=524288 --resolve-startup-const-strings=true --generate-mini-debug-info
11-05 17:58:02.326 E/cutils-trace( 661): Error opening trace file: No such file or directory (2)
11-05 17:58:02.334 W/dex2oat32( 661): ART APEX data files are untrusted.
11-05 17:58:02.535 I/dex2oat32( 661): dex2oat took 219.030ms (192.475ms cpu) (threads: 4) arena alloc=0B (0B) java alloc=64KB (66392B) native alloc=23MB (24661224B) free=904KB (926488B)
11-05 17:58:02.548 V/installd( 352): DexInv: --- END '/system/priv-app/AwManager/AwManager.apk' (success) ---
11-05 17:58:02.628 I/Watchdog( 520): Resuming HandlerChecker: main thread for reason: dexopt. Pause count: 0
11-05 17:58:02.629 I/SystemServerTiming( 520): PerformFstrimIfNeeded
11-05 17:58:02.629 W/PackageManager( 520): No disk maintenance in 1762336682629; running immediately
11-05 17:58:02.629 I/SystemServerTiming( 520): StartLockSettingsService
11-05 17:58:02.629 I/StorageManagerService( 520): Running fstrim idle maintenance
11-05 17:58:02.629 I/SystemServiceManager( 520): Starting com.android.server.locksettings.LockSettingsService$Lifecycle
11-05 17:58:02.635 D/vold ( 185): Starting trim of /data
11-05 17:58:02.639 I/vold ( 185): Trimmed 0 bytes on /data in 4ms
11-05 17:58:02.640 D/vold ( 185): Starting trim of /metadata
11-05 17:58:02.640 I/DropBoxManagerService( 520): add tag=storage_trim isTagEnabled=true flags=0x2
11-05 17:58:02.645 I/vold ( 185): Trimmed 11915264 bytes on /metadata in 4ms
11-05 17:58:02.646 I/DropBoxManagerService( 520): add tag=storage_trim isTagEnabled=true flags=0x2
11-05 17:58:02.670 I/SystemServerTiming( 520): StartPersistentDataBlock
11-05 17:58:02.670 I/SystemServiceManager( 520): Starting com.android.server.PersistentDataBlockService
11-05 17:58:02.670 I/SystemServerTiming( 520): StartTestHarnessMode
11-05 17:58:02.670 I/SystemServiceManager( 520): Starting com.android.server.testharness.TestHarnessModeService
11-05 17:58:02.670 I/SystemServerTimingAsync( 520): InitThreadPoolExec:PersistentDataBlockService.onStart
11-05 17:58:02.670 D/SystemServerInitThreadPool( 520): Started executing PersistentDataBlockService.onStart
11-05 17:58:02.672 I/SystemServerTiming( 520): StartOemLockService
11-05 17:58:02.672 I/SystemServiceManager( 520): Starting com.android.server.oemlock.OemLockService
11-05 17:58:02.672 I/hwservicemanager( 180): getTransport: Cannot find entry android.hardware.oemlock@1.0::IOemLock/default in either framework or device VINTF manifest.
11-05 17:58:02.673 I/OemLock ( 520): OemLock HAL not present on device
11-05 17:58:02.673 I/OemLock ( 520): Using persistent data block based lock
11-05 17:58:02.674 I/SystemServerTiming( 520): StartDeviceIdleController
11-05 17:58:02.674 I/SystemServiceManager( 520): Starting com.android.server.DeviceIdleController
11-05 17:58:02.678 I/SystemServerTiming( 520): StartDevicePolicyManager
11-05 17:58:02.678 I/SystemServiceManager( 520): Starting com.android.server.devicepolicy.DevicePolicyManagerService$Lifecycle
11-05 17:58:02.683 D/SystemServerInitThreadPool( 520): Finished executing PersistentDataBlockService.onStart
11-05 17:58:02.689 I/SystemServerTiming( 520): StartStatusBarManagerService
11-05 17:58:02.691 D/SystemServer( 520): MusicRecognitionManagerService not defined by OEM or disabled by flag
11-05 17:58:02.691 D/SystemServer( 520): ContentCaptureService disabled because resource is not overlaid
11-05 17:58:02.691 D/SystemServer( 520): AttentionService is not configured on this device
11-05 17:58:02.691 D/SystemServer( 520): RotationResolverService is not configured on this device
11-05 17:58:02.691 D/SystemServer( 520): SystemCaptionsManagerService disabled because resource is not overlaid
11-05 17:58:02.691 I/SystemServerTiming( 520): StartTextToSpeechManagerService
11-05 17:58:02.691 I/SystemServiceManager( 520): Starting com.android.server.texttospeech.TextToSpeechManagerService
11-05 17:58:02.693 I/SystemServerTiming( 520): StartSpeechRecognitionManagerService
11-05 17:58:02.694 I/SystemServiceManager( 520): Starting com.android.server.speech.SpeechRecognitionManagerService
11-05 17:58:02.695 D/SystemServer( 520): AppPredictionService not defined by OEM
11-05 17:58:02.695 D/SystemServer( 520): ContentSuggestionsService not defined by OEM
11-05 17:58:02.695 I/SystemServerTiming( 520): StartSearchUiService
11-05 17:58:02.696 I/SystemServiceManager( 520): Starting com.android.server.searchui.SearchUiManagerService
11-05 17:58:02.697 I/SystemServerTiming( 520): StartSmartspaceService
11-05 17:58:02.697 I/SystemServiceManager( 520): Starting com.android.server.smartspace.SmartspaceManagerService
11-05 17:58:02.698 I/SystemServerTiming( 520): InitConnectivityModuleConnector
11-05 17:58:02.698 D/ConnectivityModuleConnector( 520): Network stack init
11-05 17:58:02.703 I/SystemServerTiming( 520): InitNetworkStackClient
11-05 17:58:02.704 I/SystemServerTiming( 520): StartNetworkManagementService
11-05 17:58:02.709 I/SystemServerTiming( 520): StartIpSecService
11-05 17:58:02.713 I/SystemServerTiming( 520): StartTextServicesManager
11-05 17:58:02.714 I/SystemServerTimingAsync( 520): InitThreadPoolExec:START_FONT_MANAGER_SERVICE
11-05 17:58:02.714 I/SystemServiceManager( 520): Starting com.android.server.textservices.TextServicesManagerService$Lifecycle
11-05 17:58:02.714 D/SystemServerInitThreadPool( 520): Started executing START_FONT_MANAGER_SERVICE
11-05 17:58:02.714 I/SystemServerTimingAsync( 520): START_FONT_MANAGER_SERVICE
11-05 17:58:02.715 I/SystemServerTiming( 520): StartTextClassificationManagerService
11-05 17:58:02.715 I/SystemServiceManager( 520): Starting com.android.server.textclassifier.TextClassificationManagerService$Lifecycle
11-05 17:58:02.718 I/SystemServerTiming( 520): StartNetworkScoreService
11-05 17:58:02.718 I/SystemServiceManager( 520): Starting com.android.server.NetworkScoreService$Lifecycle
11-05 17:58:02.718 I/NetworkScoreService( 520): Registering network_score
11-05 17:58:02.719 I/SystemServerTiming( 520): StartNetworkStatsService
11-05 17:58:02.723 I/SystemServerTiming( 520): StartNetworkPolicyManagerService
11-05 17:58:02.728 I/SystemServerTiming( 520): StartWifi
11-05 17:58:02.747 I/SystemServiceManager( 520): Starting com.android.server.wifi.WifiService
11-05 17:58:02.757 W/IorapForwardingService( 520): No service published for: iorapd
11-05 17:58:02.759 I/WifiContext( 520): Found Wifi Resources APK at: com.android.wifi.resources
11-05 17:58:02.765 V/NetworkScoreManager( 520): registerNetworkScoreCallback: callback=com.android.server.wifi.WifiNetworkScoreCache@4416c96, executor=com.android.wifi.x.android.os.HandlerExecutor@f52017
11-05 17:58:02.786 D/ScanMetrics( 520): Settings package: com.android.tv.settings
11-05 17:58:02.786 E/ScanMetrics( 520): Can't get GMS uid
11-05 17:58:02.800 I/WifiCoexManager( 520): Default coex algorithm is disabled.
11-05 17:58:02.838 D/WifiOpenNetworkNotifier( 520): Settings toggle enabled=true
11-05 17:58:02.848 D/WifiNl80211Manager( 520): registerCountryCodeEventListener called
11-05 17:58:02.848 I/wificond( 360): New wificond event callback registered
11-05 17:58:02.849 D/WifiCountryCode( 520): Default country code from system property ro.boot.wificountrycode is CN
11-05 17:58:02.858 D/WakeupController( 520): WifiWake enabled
11-05 17:58:02.860 V/HistoricalRegistry( 520): Interaction before persistence initialized
11-05 17:58:02.866 I/WifiService( 520): Registering wifi
11-05 17:58:02.868 I/SystemServerTiming( 520): StartWifiScanning
11-05 17:58:02.868 I/SystemServiceManager( 520): Starting com.android.server.wifi.scanner.WifiScanningService
11-05 17:58:02.868 I/WifiScanningService( 520): Creating wifiscanner
11-05 17:58:02.879 I/WifiScanningService( 520): Publishing wifiscanner
11-05 17:58:02.880 I/SystemServerTiming( 520): StartWifiP2P
11-05 17:58:02.881 I/SystemServiceManager( 520): Starting com.android.server.wifi.p2p.WifiP2pService
11-05 17:58:02.892 I/WifiP2pService( 520): Registering wifip2p
11-05 17:58:02.894 I/SystemServerTiming( 520): StartEthernet
11-05 17:58:02.894 I/system_server( 520): Waiting for a blocking GC ClassLinker
11-05 17:58:02.969 E/system_server( 520): Could not write anonymous vdex /apex/com.android.wifi/javalib/oat/arm/service-wifi.vdex: Could not create directory /apex/com.android.wifi/javalib/oat
11-05 17:58:02.998 D/SystemServerInitThreadPool( 520): Finished executing START_FONT_MANAGER_SERVICE
11-05 17:58:03.042 I/system_server( 520): Background concurrent copying GC freed 182921(8989KB) AllocSpace objects, 25(800KB) LOS objects, 49% free, 5718KB/11MB, paused 210us total 246.740ms
11-05 17:58:03.043 I/system_server( 520): WaitForGcToComplete blocked ClassLinker on Background for 148.559ms
11-05 17:58:03.044 I/SystemServiceManager( 520): Starting com.android.server.ethernet.EthernetService
11-05 17:58:03.045 I/EthernetService( 520): Registering service ethernet
11-05 17:58:03.046 I/SystemServerTiming( 520): StartPacProxyService
11-05 17:58:03.049 I/SystemServerTiming( 520): StartPppoe
11-05 17:58:03.050 I/SystemServiceManager( 520): Starting com.android.server.pppoe.PppoeService
11-05 17:58:03.051 I/PppoeServiceImpl( 520): Creating PppoeServiceImpl
11-05 17:58:03.087 I/PppoeService( 520): Registering service pppoe
11-05 17:58:03.088 I/SystemServerTiming( 520): StartConnectivityService
11-05 17:58:03.097 I/SystemServiceManager( 520): Starting com.android.server.ConnectivityServiceInitializer
11-05 17:58:03.115 D/ConnectivityService( 520): ConnectivityService starting up
11-05 17:58:03.118 D/pppoeNRI:( 520): uid/pid:1000/520 activeRequest: null callbackRequest: 5 [NetworkRequest [ REQUEST id=5, [ Transports: PPPOE Capabilities: INTERNET&NOT_RESTRICTED&TRUSTED&NOT_VPN&NOT_VCN_MANAGED RequestorUid: 1000 RequestorPkg: android] ]] callback flags: 1 priority: 2147483647
11-05 17:58:03.123 E/TAG ( 520): Exception = android.content.pm.PackageManager$NameNotFoundException: android.telephony.cts
11-05 17:58:03.123 E/TAG ( 520): Exception = android.content.pm.PackageManager$NameNotFoundException: android.net.cts
11-05 17:58:03.130 E/system_server( 520): Could not write anonymous vdex /apex/com.android.tethering/javalib/oat/arm/service-connectivity.vdex: Could not create directory /apex/com.android.tethering/javalib/oat
11-05 17:58:03.141 D/CompatibilityChangeReporter( 520): Compat change id reported: 182478738; UID 1000; state: ENABLED
11-05 17:58:03.146 I/ConnectivityServiceInitializer( 520): Registering connectivity
11-05 17:58:03.148 I/SystemServerTiming( 520): StartVpnManagerService
11-05 17:58:03.151 D/VpnManagerService( 520): VpnManagerService starting up
11-05 17:58:03.151 I/SystemServerTiming( 520): StartVcnManagementService
11-05 17:58:03.155 I/SystemServerTiming( 520): StartNsdService
11-05 17:58:03.156 D/NsdService( 520): Network service discovery is enabled
11-05 17:58:03.158 I/SystemServerTiming( 520): StartSystemUpdateManagerService
11-05 17:58:03.159 I/SystemUpdateManagerService( 520): No existing info file /data/system/system-update-info.xml
11-05 17:58:03.160 I/SystemServerTiming( 520): StartUpdateLockService
11-05 17:58:03.160 I/SystemServerTiming( 520): StartNotificationManager
11-05 17:58:03.160 I/SystemServiceManager( 520): Starting com.android.server.notification.NotificationManagerService
11-05 17:58:03.173 D/ConditionProviders.SCP( 520): new ScheduleConditionProvider()
11-05 17:58:03.176 I/ConditionProviders( 520): Allowing condition provider com.android.camera2 (userSet: true)
11-05 17:58:03.177 I/ConditionProviders( 520): Allowing condition provider android.ext.services/android.ext.services.notification.Assistant (userSet: true)
11-05 17:58:03.177 I/NotificationAssistants( 520): Allowing notification assistant android.ext.services/android.ext.services.notification.Assistant (userSet: false)
11-05 17:58:03.178 V/NotificationAssistants( 520): enabling notification assistant for 0: ComponentInfo{android.ext.services/android.ext.services.notification.Assistant}
11-05 17:58:03.178 V/NotificationAssistants( 520): binding: Intent { act=android.service.notification.NotificationAssistantService cmp=android.ext.services/.notification.Assistant (has extras) }
11-05 17:58:03.181 D/CompatibilityChangeReporter( 520): Compat change id reported: 147600208; UID 1000; state: ENABLED
11-05 17:58:03.182 D/CompatibilityChangeReporter( 520): Compat change id reported: 157233955; UID 1000; state: ENABLED
11-05 17:58:03.193 I/SystemServerTiming( 520): StartDeviceMonitor
11-05 17:58:03.193 I/SystemServiceManager( 520): Starting com.android.server.storage.DeviceStorageMonitorService
11-05 17:58:03.195 I/SystemServerTiming( 520): StartLocationManagerService
11-05 17:58:03.195 I/SystemServiceManager( 520): Starting com.android.server.location.LocationManagerService$Lifecycle
11-05 17:58:03.201 I/SystemServerTiming( 520): StartCountryDetectorService
11-05 17:58:03.202 I/SystemServerTiming( 520): StartTimeDetectorService
11-05 17:58:03.202 I/SystemServiceManager( 520): Starting com.android.server.timedetector.TimeDetectorService$Lifecycle
11-05 17:58:03.205 I/SystemServerTiming( 520): StartTimeZoneDetectorService
11-05 17:58:03.205 I/SystemServiceManager( 520): Starting com.android.server.timezonedetector.TimeZoneDetectorService$Lifecycle
11-05 17:58:03.207 I/SystemServerTiming( 520): StartLocationTimeZoneManagerService
11-05 17:58:03.207 I/SystemServiceManager( 520): Starting com.android.server.timezonedetector.location.LocationTimeZoneManagerService$Lifecycle
11-05 17:58:03.208 I/SystemServerTiming( 520): StartSearchManagerService
11-05 17:58:03.208 I/SystemServiceManager( 520): Starting com.android.server.search.SearchManagerService$Lifecycle
11-05 17:58:03.210 I/SystemServerTiming( 520): StartWallpaperManagerService
11-05 17:58:03.210 I/SystemServiceManager( 520): Starting com.android.server.wallpaper.WallpaperManagerService$Lifecycle
11-05 17:58:03.211 I/SystemServerTiming( 520): StartAudioService
11-05 17:58:03.211 I/SystemServiceManager( 520): Starting com.android.server.audio.AudioService$Lifecycle
11-05 17:58:03.224 I/android_os_HwBinder( 520): HwBinder: Starting thread pool for getting: android.hidl.manager@1.0::IServiceManager/default
11-05 17:58:03.229 W/AudioFlinger( 268): no wake lock to update, system not ready yet
11-05 17:58:03.233 D/PermissionCache( 268): checking android.permission.MODIFY_AUDIO_ROUTING for uid=1000 => granted (849 us)
11-05 17:58:03.244 D/PermissionCache( 268): checking android.permission.MODIFY_AUDIO_SETTINGS for uid=1000 => granted (195 us)
11-05 17:58:03.248 D/AudioFlinger( 268): isLowRamDevice:false totalMemory:2055442432 mClientSharedHeapSize:4194304
11-05 17:58:03.249 I/SystemServerTiming( 520): StartSoundTriggerMiddlewareService
11-05 17:58:03.249 I/SystemServiceManager( 520): Starting com.android.server.soundtrigger_middleware.SoundTriggerMiddlewareService$Lifecycle
11-05 17:58:03.251 D/SoundTriggerMiddlewareService( 520): Connecting to default ISoundTriggerHw
11-05 17:58:03.251 I/hwservicemanager( 180): getTransport: Cannot find entry android.hardware.soundtrigger@2.0::ISoundTriggerHw/default in either framework or device VINTF manifest.
11-05 17:58:03.255 E/SoundTriggerMiddlewareImpl( 520): Failed to add a SoundTriggerModule instance
11-05 17:58:03.255 E/SoundTriggerMiddlewareImpl( 520): java.util.NoSuchElementException
11-05 17:58:03.255 E/SoundTriggerMiddlewareImpl( 520): at android.os.HwBinder.getService(Native Method)
11-05 17:58:03.255 E/SoundTriggerMiddlewareImpl( 520): at android.hardware.soundtrigger.V2_0.ISoundTriggerHw.getService(ISoundTriggerHw.java:57)
11-05 17:58:03.255 E/SoundTriggerMiddlewareImpl( 520): at android.hardware.soundtrigger.V2_0.ISoundTriggerHw.getService(ISoundTriggerHw.java:64)
11-05 17:58:03.255 E/SoundTriggerMiddlewareImpl( 520): at com.android.server.soundtrigger_middleware.SoundTriggerMiddlewareService$Lifecycle.lambda$onStart$0(SoundTriggerMiddlewareService.java:238)
11-05 17:58:03.255 E/SoundTriggerMiddlewareImpl( 520): at com.android.server.soundtrigger_middleware.SoundTriggerMiddlewareService$Lifecycle$$ExternalSyntheticLambda0.create(Unknown Source:0)
11-05 17:58:03.255 E/SoundTriggerMiddlewareImpl( 520): at com.android.server.soundtrigger_middleware.SoundTriggerModule.attachToHal(SoundTriggerModule.java:222)
11-05 17:58:03.255 E/SoundTriggerMiddlewareImpl( 520): at com.android.server.soundtrigger_middleware.SoundTriggerModule.(SoundTriggerModule.java:112)
11-05 17:58:03.255 E/SoundTriggerMiddlewareImpl( 520): at com.android.server.soundtrigger_middleware.SoundTriggerMiddlewareImpl.(SoundTriggerMiddlewareImpl.java:89)
11-05 17:58:03.255 E/SoundTriggerMiddlewareImpl( 520): at com.android.server.soundtrigger_middleware.SoundTriggerMiddlewareService$Lifecycle.onStart(SoundTriggerMiddlewareService.java:244)
11-05 17:58:03.255 E/SoundTriggerMiddlewareImpl( 520): at com.android.server.SystemServiceManager.startService(SystemServiceManager.java:205)
11-05 17:58:03.255 E/SoundTriggerMiddlewareImpl( 520): at com.android.server.SystemServiceManager.startService(SystemServiceManager.java:192)
11-05 17:58:03.255 E/SoundTriggerMiddlewareImpl( 520): at com.android.server.SystemServer.startOtherServices(SystemServer.java:2161)
11-05 17:58:03.255 E/SoundTriggerMiddlewareImpl( 520): at com.android.server.SystemServer.run(SystemServer.java:928)
11-05 17:58:03.255 E/SoundTriggerMiddlewareImpl( 520): at com.android.server.SystemServer.main(SystemServer.java:628)
11-05 17:58:03.255 E/SoundTriggerMiddlewareImpl( 520): at java.lang.reflect.Method.invoke(Native Method)
11-05 17:58:03.255 E/SoundTriggerMiddlewareImpl( 520): at com.android.internal.os.RuntimeInit$MethodAndArgsCaller.run(RuntimeInit.java:548)
11-05 17:58:03.255 E/SoundTriggerMiddlewareImpl( 520): at com.android.internal.os.ZygoteInit.main(ZygoteInit.java:1160)
11-05 17:58:03.257 I/CaptureStateNotifier( 268): Registering a listener
11-05 17:58:03.258 I/SystemServerTiming( 520): StartDockObserver
11-05 17:58:03.258 I/SystemServiceManager( 520): Starting com.android.server.DockObserver
11-05 17:58:03.258 I/SoundTriggerMiddlewareLogging( 520): setCaptureState[this=com.android.server.soundtrigger_middleware.SoundTriggerMiddlewareImpl@cb27d27, client=null](false)
11-05 17:58:03.258 W/DockObserver( 520): This kernel does not have dock station support
11-05 17:58:03.259 I/SystemServerTiming( 520): StartWiredAccessoryManager
11-05 17:58:03.261 I/SystemServer( 520): Audio device manager Observer
11-05 17:58:03.261 E/Environment( 520): Path requests must specify a user by using UserEnvironment
11-05 17:58:03.261 E/Environment( 520): java.lang.Throwable
11-05 17:58:03.261 E/Environment( 520): at android.os.Environment.throwIfUserRequired(Environment.java:1449)
11-05 17:58:03.261 E/Environment( 520): at android.os.Environment.getExternalStorageDirectory(Environment.java:707)
11-05 17:58:03.261 E/Environment( 520): at com.android.server.SystemServer.startOtherServices(SystemServer.java:2192)
11-05 17:58:03.261 E/Environment( 520): at com.android.server.SystemServer.run(SystemServer.java:928)
11-05 17:58:03.261 E/Environment( 520): at com.android.server.SystemServer.main(SystemServer.java:628)
11-05 17:58:03.261 E/Environment( 520): at java.lang.reflect.Method.invoke(Native Method)
11-05 17:58:03.261 E/Environment( 520): at com.android.internal.os.RuntimeInit$MethodAndArgsCaller.run(RuntimeInit.java:548)
11-05 17:58:03.261 E/Environment( 520): at com.android.internal.os.ZygoteInit.main(ZygoteInit.java:1160)
11-05 17:58:03.264 W/StorageManagerService( 520): No primary storage defined yet; hacking together a stub
11-05 17:58:03.265 I/DropBoxManagerService( 520): add tag=system_server_wtf isTagEnabled=true flags=0x2
11-05 17:58:03.270 W/system_server( 520): ClassLoaderContext parent mismatch. (PCL[] | PCL[];PCL[/system/framework/com.android.location.provider.jar*3633238673:/system/framework/services.jar*2328234306:/system/framework/services.jar!classes2.dex*1279896001:/system/framework/ethernet-service.jar*655162001:/system/framework/pppoe-service.jar*2082030846:/apex/com.android.appsearch/javalib/service-appsearch.jar*4100577803:/apex/com.android.media/javalib/service-media-s.jar*3881732923:/apex/com.android.permission/javalib/service-permission.jar*62506796])
11-05 17:58:03.276 D/DisplayOutputManager( 520): ro.build.characteristics=homlet
11-05 17:58:03.277 E/SELinux ( 179): avc: denied { find } for pid=520 uid=1000 name=vendor.display.output.IDisplayOutputManager/default scontext=u:r:system_server:s0 tcontext=u:object_r:hal_awdisplayoutput_service:s0 tclass=service_manager permissive=1
11-05 17:58:03.277 I/servicemanager( 179): Found vendor.display.output.IDisplayOutputManager/default in device VINTF manifest.
11-05 17:58:03.279 D/HomletDisplayOutputManager( 520): get IDisplayOutputManager service success
11-05 17:58:03.279 D/AudioManagerEx( 520): AudioManagerEx
11-05 17:58:03.279 D/AudioDeviceManagerObserver( 520): AudioDeviceManagerObserver construct
11-05 17:58:03.280 I/SystemServerTiming( 520): StartMidiManager
11-05 17:58:03.280 I/SystemServiceManager( 520): Starting com.android.server.midi.MidiService$Lifecycle
11-05 17:58:03.281 I/SystemServerTiming( 520): StartAdbService
11-05 17:58:03.281 I/SystemServiceManager( 520): Starting com.android.server.adb.AdbService$Lifecycle
11-05 17:58:03.284 I/SystemServerTiming( 520): StartUsbService
11-05 17:58:03.284 I/SystemServiceManager( 520): Starting com.android.server.usb.UsbService$Lifecycle
11-05 17:58:03.285 I/SystemServerTiming( 520): StartSerialService
11-05 17:58:03.285 I/SystemServerTimingAsync( 520): InitThreadPoolExec:UsbService$Lifecycle#onStart
11-05 17:58:03.285 D/SystemServerInitThreadPool( 520): Started executing UsbService$Lifecycle#onStart
11-05 17:58:03.286 I/SystemServerTiming( 520): StartHardwarePropertiesManagerService
11-05 17:58:03.289 I/hwservicemanager( 180): getTransport: Cannot find entry android.hardware.thermal@1.0::IThermal/default in either framework or device VINTF manifest.
11-05 17:58:03.290 E/HardwarePropertiesManagerService-JNI( 520): Unable to get Thermal service.
11-05 17:58:03.290 E/UsbDeviceManager( 520): failed to write to /sys/class/android_usb/android0/f_rndis/ethaddr
11-05 17:58:03.291 I/SystemServerTiming( 520): StartTwilightService
11-05 17:58:03.291 I/SystemServiceManager( 520): Starting com.android.server.twilight.TwilightService
11-05 17:58:03.291 I/SystemServerTiming( 520): StartColorDisplay
11-05 17:58:03.291 I/SystemServiceManager( 520): Starting com.android.server.display.color.ColorDisplayService
11-05 17:58:03.294 I/SystemServerTiming( 520): StartJobScheduler
11-05 17:58:03.294 I/android_os_HwBinder( 520): HwBinder: Starting thread pool for getting: android.hardware.usb.gadget@1.0::IUsbGadget/default
11-05 17:58:03.294 I/SystemServiceManager( 520): Starting com.android.server.job.JobSchedulerService
11-05 17:58:03.301 I/ ( 567): read descriptors
11-05 17:58:03.301 I/ ( 567): read strings
11-05 17:58:03.301 I/ ( 567): read descriptors
11-05 17:58:03.301 I/ ( 567): read strings
11-05 17:58:03.299 I/JobStore( 520): Read 0 jobs
11-05 17:58:03.300 W/StorageManagerService( 520): No primary storage defined yet; hacking together a stub
11-05 17:58:03.301 I/android_os_HwBinder( 520): HwBinder: Starting thread pool for getting: android.hidl.manager@1.0::IServiceManager/default
