11-05 17:58:20.003 D/AudioDeviceManagerObserver( 520): name: AUDIO_HDMI, state: 0, type: 1
11-05 17:58:20.010 D/audio_hw_primary( 247): start_output_stream out->format : 0x00000000
11-05 17:58:20.010 V/audio_hw_primary( 247): start_output_stream, line: 1503
11-05 17:58:20.010 V/audio_hw_primary( 247): use AUDIO_HDMI to playback audio
11-05 17:58:20.010 D/audio_hw_primary( 247): open card=3, port=0
11-05 17:58:20.010 D/audio_hw_primary( 247): config:2 44100 960 2 0 5760 1 0
11-05 17:58:20.010 D/audio_hw_primary( 247): set_raw_flag(card=3, raw_flag=1)
11-05 17:58:20.011 D/audio_hw_primary( 247): set_raw_flag control_name = audio data format control_value PCM)
11-05 17:58:20.011 V/audio_hw_primary( 247): do not use out resampler
11-05 17:58:20.017 D/AudioManagerPolicy( 520): On Audio device plug in/out receive,name=AUDIO_HDMI type=1 state=0 extra=null
11-05 17:58:20.017 V/AudioManagerPolicy( 520): chengkan------------- hdmi inactive
11-05 17:58:20.020 D/AudioManagerPolicy( 520): get AUDIO_MANAGE_POLICY is 2
11-05 17:58:20.020 D/AudioManagerPolicy( 520): Policy2 HDMI Plug Out/In Switch! Booting
11-05 17:58:20.021 D/AudioManagerEx( 520): AudioManagerEx
11-05 17:58:20.022 D/AudioManagerPolicy( 520): save audio is AUDIO_HDMI
11-05 17:58:20.023 D/AudioManagerPolicy( 520): get AUDIO_MANAGE_POLICY is 2
11-05 17:58:20.023 D/AudioManagerPolicy( 520): POLICY_2 Remove USB Audio or No USB Audio Output Device Connected!
11-05 17:58:20.023 D/AudioManagerEx( 520): state=audio_devices_out_active,dev=[AUDIO_HDMI]
11-05 17:58:20.024 D/AudioManagerEx( 520): enablePassThrough = true
11-05 17:58:20.024 D/AudioManagerEx( 520): Hdmi status true,true,1
11-05 17:58:20.024 D/AudioManagerEx( 520): HDMI AUDIO_HDMI
11-05 17:58:20.024 D/AudioManagerEx( 520): AUDIO_NAME_HDMI
11-05 17:58:20.026 V/audio_hw_primary( 247): adev_set_parameters, mediasw.sft.rawdata=HDMI_RAW
11-05 17:58:20.027 D/AudioManagerEx( 520): audio=AUDIO_HDMI
11-05 17:58:20.028 V/audio_hw_primary( 247): adev_set_parameters, audio_devices_out_active=AUDIO_HDMI
11-05 17:58:20.028 V/audio_hw_primary( 247): out AUDIO_PARAMETER_DEVICES_OUT_ACTIVE: AUDIO_HDMI
11-05 17:58:20.032 V/audio_hw_primary( 247): set property persist.vendor.audio.output.active: AUDIO_HDMI ok
11-05 17:58:20.032 V/audio_hw_primary( 247): AUDIO_HDMI output device will be active
11-05 17:58:20.034 D/audio_hw_primary( 247): start_output_stream out->format : 0x00000000
11-05 17:58:20.034 V/audio_hw_primary( 247): start_output_stream, line: 1503
11-05 17:58:20.034 V/audio_hw_primary( 247): use AUDIO_HDMI to playback audio
11-05 17:58:20.034 D/audio_hw_primary( 247): open card=3, port=0
11-05 17:58:20.034 D/audio_hw_primary( 247): config:2 44100 960 2 0 5760 1 0
11-05 17:58:20.034 D/audio_hw_primary( 247): set_raw_flag(card=3, raw_flag=1)
11-05 17:58:20.034 D/audio_hw_primary( 247): set_raw_flag control_name = audio data format control_value PCM)
11-05 17:58:20.035 V/audio_hw_primary( 247): do not use out resampler
11-05 17:58:20.035 D/AudioManagerEx( 520): Update Settings.System.AUDIO_OUTPUT_CHANNEL, now save audio is AUDIO_HDMI
11-05 17:58:20.040 I/ActivityManager( 520): com.android.dynsystem is exempt from freezer
11-05 17:58:20.040 D/CompatibilityChangeReporter( 520): Compat change id reported: 135634846; UID 1000; state: DISABLED
11-05 17:58:20.065 D/Zygote ( 242): Forked child process 2500
11-05 17:58:20.068 I/ActivityManager( 520): app.processName = com.android.dynsystem
11-05 17:58:20.068 I/ActivityManager( 520): Start proc 2500:com.android.dynsystem/1000 for broadcast {com.android.dynsystem/com.android.dynsystem.BootCompletedReceiver}
11-05 17:58:20.075 I/Zygote ( 2500): seccomp disabled by setenforce 0
11-05 17:58:20.098 I/adbd ( 384): jdwp connection from 2500
11-05 17:58:20.130 D/CompatibilityChangeReporter( 2500): Compat change id reported: 171979766; UID 1000; state: ENABLED
11-05 17:58:20.214 V/GraphicsEnvironment( 2500): ANGLE Developer option for 'com.android.dynsystem' set to: 'default'
11-05 17:58:20.214 V/GraphicsEnvironment( 2500): Neither updatable production driver nor prerelease driver is supported.
11-05 17:58:20.217 D/NetworkSecurityConfig( 2500): No Network Security Config specified, using platform default
11-05 17:58:20.218 D/NetworkSecurityConfig( 2500): No Network Security Config specified, using platform default
11-05 17:58:20.224 I/net_disconnect.( 1124): type=1400 audit(0.0:970): avc: denied { execute } for name="rgb_led_ctl" dev="dm-1" ino=188 scontext=u:r:init:s0 tcontext=u:object_r:vendor_file:s0 tclass=file permissive=1
11-05 17:58:20.235 I/ActivityManager( 520): com.android.dynsystem is exempt from freezer
11-05 17:58:20.235 D/CompatibilityChangeReporter( 520): Compat change id reported: 135634846; UID 1000; state: DISABLED
11-05 17:58:20.268 D/Zygote ( 242): Forked child process 2527
11-05 17:58:20.273 I/ActivityManager( 520): app.processName = com.android.dynsystem:dynsystem
11-05 17:58:20.273 I/ActivityManager( 520): Start proc 2527:com.android.dynsystem:dynsystem/1000 for service {com.android.dynsystem/com.android.dynsystem.DynamicSystemInstallationService}
11-05 17:58:20.282 I/Zygote ( 2527): seccomp disabled by setenforce 0
11-05 17:58:20.224 I/net_disconnect.( 2524): type=1400 audit(0.0:971): avc: denied { execute_no_trans } for path="/vendor/bin/rgb_led_ctl" dev="dm-1" ino=188 scontext=u:r:init:s0 tcontext=u:object_r:vendor_file:s0 tclass=file permissive=1
11-05 17:58:20.294 D/CompatibilityChangeReporter( 520): Compat change id reported: 168419799; UID 10027; state: DISABLED
11-05 17:58:20.306 I/adbd ( 384): jdwp connection from 2527
11-05 17:58:20.308 I/gedprovisioning( 1535): type=1400 audit(0.0:972): avc: denied { search } for name="com.android.managedprovisioning" dev="mmcblk0p25" ino=1065 scontext=u:r:platform_app:s0:c512,c768 tcontext=u:object_r:app_data_file:s0:c512,c768 tclass=dir permissive=1 app=com.android.managedprovisioning
11-05 17:58:20.335 D/NetworkSecurityConfig( 1565): No Network Security Config specified, using platform default
11-05 17:58:20.349 D/CompatibilityChangeReporter( 2527): Compat change id reported: 171979766; UID 1000; state: ENABLED
11-05 17:58:20.353 D/CompatibilityChangeReporter( 520): Compat change id reported: 135634846; UID 10055; state: DISABLED
11-05 17:58:20.354 D/CompatibilityChangeReporter( 520): Compat change id reported: 177438394; UID 10055; state: DISABLED
11-05 17:58:20.354 D/CompatibilityChangeReporter( 520): Compat change id reported: 135772972; UID 10055; state: DISABLED
11-05 17:58:20.354 D/CompatibilityChangeReporter( 520): Compat change id reported: 135754954; UID 10055; state: ENABLED
11-05 17:58:20.356 D/CompatibilityChangeReporter( 520): Compat change id reported: 143937733; UID 10055; state: ENABLED
11-05 17:58:20.352 I/EventThread( 261): type=1400 audit(0.0:973): avc: denied { search } for name="extcon" dev="sysfs" ino=18103 scontext=u:r:hal_tv_cec_default:s0 tcontext=u:object_r:sysfs_extcon:s0 tclass=dir permissive=1
11-05 17:58:20.375 W/audit ( 2216): audit_lost=473 audit_rate_limit=5 audit_backlog_limit=64
11-05 17:58:20.375 E/audit ( 2216): rate limit exceeded
11-05 17:58:20.380 D/Zygote ( 242): Forked child process 2543
11-05 17:58:20.382 I/ActivityManager( 520): app.processName = com.android.onetimeinitializer
11-05 17:58:20.382 I/ActivityManager( 520): Start proc 2543:com.android.onetimeinitializer/u0a55 for broadcast {com.android.onetimeinitializer/com.android.onetimeinitializer.OneTimeInitializerReceiver}
11-05 17:58:20.397 I/Zygote ( 2543): seccomp disabled by setenforce 0
11-05 17:58:20.364 I/CrashSDKNormalH( 2111): type=1400 audit(0.0:974): avc: denied { write } for name="tags" dev="mmcblk0p25" ino=2066 scontext=u:r:platform_app:s0:c512,c768 tcontext=u:object_r:app_data_file:s0:c512,c768 tclass=dir permissive=1 app=com.dangbei.screencast
11-05 17:58:20.428 I/adbd ( 384): jdwp connection from 2543
11-05 17:58:20.430 V/GraphicsEnvironment( 2527): ANGLE Developer option for 'com.android.dynsystem' set to: 'default'
11-05 17:58:20.430 V/GraphicsEnvironment( 2527): Neither updatable production driver nor prerelease driver is supported.
11-05 17:58:20.432 D/NetworkSecurityConfig( 2527): No Network Security Config specified, using platform default
11-05 17:58:20.433 D/NetworkSecurityConfig( 2527): No Network Security Config specified, using platform default
11-05 17:58:20.437 D/CompatibilityChangeReporter( 520): Compat change id reported: 168419799; UID 10055; state: DISABLED
11-05 17:58:20.452 D/DynamicSystemInstallationService( 2527): onStartCommand(): action=android.os.image.action.NOTIFY_IF_IN_USE
11-05 17:58:20.454 D/CompatibilityChangeReporter( 2543): Compat change id reported: 171979766; UID 10055; state: ENABLED
11-05 17:58:20.454 I/DynamicSystemService( 520): isInstalled(): false
11-05 17:58:20.480 D/nativeloader( 2543): classloader namespace configured for unbundled product apk. library_path=/product/priv-app/OneTimeInitializer/lib/arm:/product/lib:/system/product/lib
11-05 17:58:20.502 V/GraphicsEnvironment( 2543): ANGLE Developer option for 'com.android.onetimeinitializer' set to: 'default'
11-05 17:58:20.502 V/GraphicsEnvironment( 2543): Neither updatable production driver nor prerelease driver is supported.
11-05 17:58:20.509 D/NetworkSecurityConfig( 2543): No Network Security Config specified, using platform default
11-05 17:58:20.510 D/NetworkSecurityConfig( 2543): No Network Security Config specified, using platform default
11-05 17:58:20.513 V/OneTimeInitializerReceiver( 2543): OneTimeInitializerReceiver.onReceive
11-05 17:58:20.518 I/OneTimeInitializer( 2543): Updating to version 1.
11-05 17:58:20.524 E/ActivityThread( 2543): Failed to find provider info for com.android.launcher2.settings
11-05 17:58:20.533 I/ActivityManager( 520): com.android.packageinstaller is exempt from freezer
11-05 17:58:20.534 D/CompatibilityChangeReporter( 520): Compat change id reported: 135634846; UID 1000; state: DISABLED
11-05 17:58:20.544 D/ProfileInstaller( 1799): Installing profile for com.dangbei.leard.leradlauncher
11-05 17:58:20.559 I/keystore2( 204): keystore2::watchdog: Watchdog thread idle -> terminating. Have a great day.
11-05 17:58:20.563 D/Zygote ( 242): Forked child process 2568
11-05 17:58:20.566 I/ActivityManager( 520): app.processName = com.android.packageinstaller
11-05 17:58:20.566 I/ActivityManager( 520): Start proc 2568:com.android.packageinstaller/1000 for broadcast {com.android.packageinstaller/com.android.packageinstaller.TemporaryFileManager}
11-05 17:58:20.574 I/Zygote ( 2568): seccomp disabled by setenforce 0
11-05 17:58:20.609 I/adbd ( 384): jdwp connection from 2568
11-05 17:58:20.650 D/CompatibilityChangeReporter( 520): Compat change id reported: 168419799; UID 1000; state: DISABLED
11-05 17:58:20.665 D/CompatibilityChangeReporter( 2568): Compat change id reported: 171979766; UID 1000; state: ENABLED
11-05 17:58:20.722 V/GraphicsEnvironment( 2568): ANGLE Developer option for 'com.android.packageinstaller' set to: 'default'
11-05 17:58:20.723 V/GraphicsEnvironment( 2568): Neither updatable production driver nor prerelease driver is supported.
11-05 17:58:20.725 D/NetworkSecurityConfig( 2568): No Network Security Config specified, using platform default
11-05 17:58:20.725 D/NetworkSecurityConfig( 2568): No Network Security Config specified, using platform default
11-05 17:58:20.736 I/ActivityManager( 520): Killing 1399:com.android.documentsui/u0a17 (adj 985): empty #17
11-05 17:58:20.739 I/libprocessgroup( 520): Successfully killed process cgroup uid 10017 pid 1399 in 0ms
11-05 17:58:20.775 D/AvrcpBrowsablePlayerConnector( 731): Received a message: msg.what=2
11-05 17:58:20.776 V/AvrcpBrowsablePlayerConnector( 731): Timed out waiting for players
11-05 17:58:20.776 I/AvrcpBrowsablePlayerConnector( 731): Successfully connected to 0 browsable players.
11-05 17:58:20.776 I/MediaPlayerList( 731): init: Browsable Player list size is 0
11-05 17:58:20.776 D/MediaPlayerList( 731): Initializing list of current media players
11-05 17:58:20.777 I/HibernationPolicy( 758): scheduleHibernationJob with frequency 1296000000ms and threshold 7776000000ms
11-05 17:58:20.781 I/HibernationPolicy( 758): user 0 is a profileowner. Running hibernation job.
11-05 17:58:20.783 I/HibernationPolicy( 758): No existing job, scheduling a new one
11-05 17:58:20.818 I/Zygote ( 242): Process 1399 exited due to signal 9 (Killed)
11-05 17:58:20.827 W/IorapForwardingService( 520): No service published for: iorapd
11-05 17:58:20.833 D/CompatibilityChangeReporter( 520): Compat change id reported: 168419799; UID 10029; state: DISABLED
11-05 17:58:20.840 I/HibernationPolicy( 758): onStartJob
11-05 17:58:20.841 I/HibernationPolicy( 758): Skipping auto revoke first run when scheduled by system
11-05 17:58:20.844 D/CompatibilityChangeReporter( 1608): Compat change id reported: 160794467; UID 10029; state: ENABLED
11-05 17:58:20.864 D/CompatibilityChangeReporter( 520): Compat change id reported: 171306433; UID 10029; state: ENABLED
11-05 17:58:20.891 D/CompatibilityChangeReporter( 520): Compat change id reported: 168419799; UID 10028; state: DISABLED
11-05 17:58:20.913 D/CompatibilityChangeReporter( 520): Compat change id reported: 135634846; UID 10061; state: DISABLED
11-05 17:58:20.913 D/CompatibilityChangeReporter( 520): Compat change id reported: 177438394; UID 10061; state: DISABLED
11-05 17:58:20.914 D/CompatibilityChangeReporter( 520): Compat change id reported: 135772972; UID 10061; state: DISABLED
11-05 17:58:20.914 D/CompatibilityChangeReporter( 520): Compat change id reported: 135754954; UID 10061; state: ENABLED
11-05 17:58:20.914 D/CompatibilityChangeReporter( 520): Compat change id reported: 143937733; UID 10061; state: ENABLED
11-05 17:58:20.933 E/dangbei111( 1301): cccccc 检查遥控器是否连接: Dangbei C9:B5:96:5C:E3:C9
11-05 17:58:20.935 D/Zygote ( 242): Forked child process 2591
11-05 17:58:20.939 I/ActivityManager( 520): app.processName = com.android.remoteprovisioner
11-05 17:58:20.939 I/ActivityManager( 520): Start proc 2591:com.android.remoteprovisioner/u0a61 for broadcast {com.android.remoteprovisioner/com.android.remoteprovisioner.BootReceiver}
11-05 17:58:20.942 E/dangbei111( 1301): cccccc 检查遥控器是否连接: 蓝牙的结果 Dangbei C9:B5:96:5C:E3:C9 true
11-05 17:58:20.947 E/dangbei111( 1301): cccccc 确实有遥控器 存在 取消check任务
11-05 17:58:20.947 E/dangbei111( 1301): cccccc 确实有遥控器 存在 重置beeGatt
11-05 17:58:20.947 E/dangbei111( 1301): cccccc 尝试 stopBleScan
11-05 17:58:20.949 D/BluetoothAdapter( 1301): isLeEnabled(): ON
11-05 17:58:20.951 I/Zygote ( 2591): seccomp disabled by setenforce 0
11-05 17:58:20.961 I/bt_stack( 731): [INFO:gatt_api.cc(1042)] GATT_Deregister gatt_if=5
11-05 17:58:20.961 E/dangbei111( 1301): cccccc stopBleScanInner com.dangbei.remotecontroller.RCHelper$3@44eb90d
11-05 17:58:20.961 E/dangbei111( 1301): cccccc rc is connected, stop scan =C9:B5:96:5C:E3:C9
11-05 17:58:20.976 I/adbd ( 384): jdwp connection from 2591
11-05 17:58:20.992 D/BluetoothGatt( 1301): connect() - device: C9:B5:96:5C:E3:C9, auto: true
11-05 17:58:20.992 D/BluetoothGatt( 1301): registerApp()
11-05 17:58:20.993 D/BluetoothGatt( 1301): registerApp() - UUID=a8f833b0-f37c-46f4-81d9-6a6d87180f4a
11-05 17:58:20.996 D/CompatibilityChangeReporter( 520): Compat change id reported: 168419799; UID 10061; state: DISABLED
11-05 17:58:20.997 I/bluetooth( 731): system/bt/stack/gatt/gatt_api.cc:1019 GATT_Register: Allocated name:GattClient uuid:2289fe88-0eca-9e5b-165d-866a891a8d39 gatt_if:5 eatt_support:0
11-05 17:58:20.997 E/dangbei111( 1301): getBattery delay 0
11-05 17:58:20.997 I/bt_bta_gattc( 731): system/bt/bta/gatt/bta_gattc_act.cc:1110 bta_gattc_conn_cback: Connected att_id:5 transport:le reason:GATT_CONN_OK
11-05 17:58:20.998 D/BluetoothGatt( 1301): onClientRegistered() - status=0 clientIf=5
11-05 17:58:21.002 I/bt_btif_config( 731): system/bt/btif/src/btif_config.cc:137 btif_get_device_type: Device [c9:b5:96:5c:e3:c9] device type 2
11-05 17:58:21.004 D/BluetoothGatt( 1301): onClientConnectionState() - status=0 clientIf=5 device=C9:B5:96:5C:E3:C9
11-05 17:58:21.009 D/BluetoothGatt( 1301): discoverServices() - device: C9:B5:96:5C:E3:C9
11-05 17:58:21.011 D/CompatibilityChangeReporter( 2591): Compat change id reported: 171979766; UID 10061; state: ENABLED
11-05 17:58:21.013 D/BluetoothGatt( 1301): connect() - device: C9:B5:96:5C:E3:C9, auto: true
11-05 17:58:21.013 D/BluetoothGatt( 1301): registerApp()
11-05 17:58:21.013 D/BluetoothGatt( 1301): registerApp() - UUID=524ba31f-a533-4382-8c67-bec65713eb35
11-05 17:58:21.015 I/bluetooth( 731): system/bt/stack/gatt/gatt_api.cc:1019 GATT_Register: Allocated name:GattClient uuid:d4472134-2ec9-8286-1ffb-cf7426f5c4e4 gatt_if:8 eatt_support:0
11-05 17:58:21.015 E/dangbei111( 1301): 5mins后会再次获取电量
11-05 17:58:21.015 E/dangbei111( 1301): getBattery delay 300000
11-05 17:58:21.015 I/bt_bta_gattc( 731): system/bt/bta/gatt/bta_gattc_act.cc:1110 bta_gattc_conn_cback: Connected att_id:8 transport:le reason:GATT_CONN_OK
11-05 17:58:21.016 D/BluetoothGatt( 1301): onClientRegistered() - status=0 clientIf=8
11-05 17:58:21.016 I/bt_bta_gattc( 731): system/bt/bta/gatt/bta_gattc_cache.cc:902 bta_gattc_get_gatt_db: bta_gattc_get_gatt_db
11-05 17:58:21.034 D/BluetoothGatt( 1301): onSearchComplete() = Device=C9:B5:96:5C:E3:C9 Status=0
11-05 17:58:21.035 I/bt_btif_config( 731): system/bt/btif/src/btif_config.cc:137 btif_get_device_type: Device [c9:b5:96:5c:e3:c9] device type 2
11-05 17:58:21.037 D/BluetoothGatt( 1301): onClientConnectionState() - status=0 clientIf=8 device=C9:B5:96:5C:E3:C9
11-05 17:58:21.037 D/BluetoothGatt( 1301): discoverServices() - device: C9:B5:96:5C:E3:C9
11-05 17:58:21.043 I/bt_bta_gattc( 731): system/bt/bta/gatt/bta_gattc_cache.cc:902 bta_gattc_get_gatt_db: bta_gattc_get_gatt_db
11-05 17:58:21.046 D/BluetoothGatt( 1301): onSearchComplete() = Device=C9:B5:96:5C:E3:C9 Status=0
11-05 17:58:21.067 V/GraphicsEnvironment( 2591): ANGLE Developer option for 'com.android.remoteprovisioner' set to: 'default'
11-05 17:58:21.068 V/GraphicsEnvironment( 2591): Neither updatable production driver nor prerelease driver is supported.
11-05 17:58:21.073 D/NetworkSecurityConfig( 2591): No Network Security Config specified, using platform default
11-05 17:58:21.074 D/NetworkSecurityConfig( 2591): No Network Security Config specified, using platform default
11-05 17:58:21.079 I/RemoteProvisioningBootReceiver( 2591): Caught boot intent, waking up.
11-05 17:58:21.086 I/RemoteProvisionerSettings( 2591): Setting ID
11-05 17:58:21.108 E/dangbei111( 1301): battery level=86
11-05 17:58:21.115 D/ConnectivityService( 520): requestNetwork for uid/pid:1000/520 asUid: 10061 activeRequest: null callbackRequest: 33 [NetworkRequest [ REQUEST id=34, [ Capabilities: INTERNET&NOT_RESTRICTED&TRUSTED&NOT_VCN_MANAGED Uid: 10061 RequestorUid: 1000 RequestorPkg: android] ]] callback flags: 0 priority: 2147483647
11-05 17:58:21.116 D/ConnectivityService( 520): NetReassign [no changes]
11-05 17:58:21.118 D/PPPOE ( 520): got request NetworkRequest [ REQUEST id=34, [ Capabilities: INTERNET&NOT_RESTRICTED&TRUSTED&NOT_VCN_MANAGED Uid: 10061 RequestorUid: 1000 RequestorPkg: android] ]
11-05 17:58:21.119 D/Ethernet( 520): got request NetworkRequest [ REQUEST id=34, [ Capabilities: INTERNET&NOT_RESTRICTED&TRUSTED&NOT_VCN_MANAGED Uid: 10061 RequestorUid: 1000 RequestorPkg: android] ]
11-05 17:58:21.120 D/EthernetNetworkFactory( 520): acceptRequest, request: NetworkRequest [ REQUEST id=34, [ Capabilities: INTERNET&NOT_RESTRICTED&TRUSTED&NOT_VCN_MANAGED Uid: 10061 RequestorUid: 1000 RequestorPkg: android] ]
11-05 17:58:21.120 I/EthernetNetworkFactory( 520): networkForRequest, request: NetworkRequest [ REQUEST id=34, [ Capabilities: INTERNET&NOT_RESTRICTED&TRUSTED&NOT_VCN_MANAGED Uid: 10061 RequestorUid: 1000 RequestorPkg: android] ], network: null
11-05 17:58:21.120 D/WifiNetworkFactory( 520): got request NetworkRequest [ REQUEST id=34, [ Capabilities: INTERNET&NOT_RESTRICTED&TRUSTED&NOT_VCN_MANAGED Uid: 10061 RequestorUid: 1000 RequestorPkg: android] ]
11-05 17:58:21.122 D/UntrustedWifiNetworkFactory( 520): got request NetworkRequest [ REQUEST id=34, [ Capabilities: INTERNET&NOT_RESTRICTED&TRUSTED&NOT_VCN_MANAGED Uid: 10061 RequestorUid: 1000 RequestorPkg: android] ]
11-05 17:58:21.130 D/OemPaidWifiNetworkFactory( 520): got request NetworkRequest [ REQUEST id=34, [ Capabilities: INTERNET&NOT_RESTRICTED&TRUSTED&NOT_VCN_MANAGED Uid: 10061 RequestorUid: 1000 RequestorPkg: android] ]
11-05 17:58:21.145 I/ActivityManager( 520): com.android.shell is exempt from freezer
11-05 17:58:21.146 D/CompatibilityChangeReporter( 520): Compat change id reported: 135634846; UID 2000; state: DISABLED
11-05 17:58:21.148 D/CompatibilityChangeReporter( 520): Compat change id reported: 177438394; UID 2000; state: DISABLED
11-05 17:58:21.149 D/CompatibilityChangeReporter( 520): Compat change id reported: 135772972; UID 2000; state: DISABLED
11-05 17:58:21.151 D/CompatibilityChangeReporter( 520): Compat change id reported: 135754954; UID 2000; state: ENABLED
11-05 17:58:21.162 I/ActivityManager( 520): Killing 1354:com.android.keychain/1000 (adj 975): empty #17
11-05 17:58:21.180 I/libprocessgroup( 520): Successfully killed process cgroup uid 1000 pid 1354 in 0ms
11-05 17:58:21.180 D/Zygote ( 242): Forked child process 2619
11-05 17:58:21.183 I/ActivityManager( 520): app.processName = com.android.shell
11-05 17:58:21.183 I/ActivityManager( 520): Start proc 2619:com.android.shell/2000 for broadcast {com.android.shell/com.android.shell.HeapDumpReceiver}
11-05 17:58:21.193 I/Zygote ( 2619): seccomp disabled by setenforce 0
11-05 17:58:21.207 I/Zygote ( 242): Process 1354 exited due to signal 9 (Killed)
11-05 17:58:21.222 I/adbd ( 384): jdwp connection from 2619
11-05 17:58:21.244 D/CompatibilityChangeReporter( 520): Compat change id reported: 168419799; UID 2000; state: DISABLED
11-05 17:58:21.257 D/CompatibilityChangeReporter( 2619): Compat change id reported: 171979766; UID 2000; state: ENABLED
11-05 17:58:21.296 I/net_disconnect.( 1124): type=1400 audit(0.0:1000): avc: denied { execute } for name="rgb_led_ctl" dev="dm-1" ino=188 scontext=u:r:init:s0 tcontext=u:object_r:vendor_file:s0 tclass=file permissive=1
11-05 17:58:21.300 I/net_disconnect.( 2635): type=1400 audit(0.0:1001): avc: denied { execute_no_trans } for path="/vendor/bin/rgb_led_ctl" dev="dm-1" ino=188 scontext=u:r:init:s0 tcontext=u:object_r:vendor_file:s0 tclass=file permissive=1
11-05 17:58:21.344 I/ModuleCloudCont( 2111): type=1400 audit(0.0:1002): avc: denied { lock } for path="/data/user/0/com.dangbei.screencast/files/TDCloud_Control_Cache_Param4" dev="mmcblk0p25" ino=2105 scontext=u:r:platform_app:s0:c512,c768 tcontext=u:object_r:app_data_file:s0:c512,c768 tclass=file permissive=1 app=com.dangbei.screencast
11-05 17:58:21.356 I/EventThread( 261): type=1400 audit(0.0:1003): avc: denied { search } for name="extcon" dev="sysfs" ino=18103 scontext=u:r:hal_tv_cec_default:s0 tcontext=u:object_r:sysfs_extcon:s0 tclass=dir permissive=1
11-05 17:58:21.380 V/GraphicsEnvironment( 2619): ANGLE Developer option for 'com.android.shell' set to: 'default'
11-05 17:58:21.380 V/GraphicsEnvironment( 2619): Neither updatable production driver nor prerelease driver is supported.
11-05 17:58:21.382 D/NetworkSecurityConfig( 2619): No Network Security Config specified, using platform default
11-05 17:58:21.380 I/ModuleCloudCont( 2111): type=1400 audit(0.0:1004): avc: denied { search } for name="com.dangbei.screencast" dev="mmcblk0p25" ino=891 scontext=u:r:platform_app:s0:c512,c768 tcontext=u:object_r:app_data_file:s0:c512,c768 tclass=dir permissive=1 app=com.dangbei.screencast
11-05 17:58:21.383 D/NetworkSecurityConfig( 2619): No Network Security Config specified, using platform default
11-05 17:58:21.390 W/audit ( 2446): audit_lost=498 audit_rate_limit=5 audit_backlog_limit=64
11-05 17:58:21.390 E/audit ( 2446): rate limit exceeded
11-05 17:58:21.410 D/HeapDumpReceiver( 2619): onReceive(): Intent { act=android.intent.action.BOOT_COMPLETED flg=0x89000010 cmp=com.android.shell/.HeapDumpReceiver (has extras) }
11-05 17:58:21.413 D/HeapDumpReceiver( 2619): Deleting from /data/user_de/0/com.android.shell/files/heapdumps
11-05 17:58:21.418 D/CompatibilityChangeReporter( 520): Compat change id reported: 168419799; UID 10015; state: DISABLED
11-05 17:58:21.425 D/CompatibilityChangeReporter( 520): Compat change id reported: 135634846; UID 10057; state: DISABLED
11-05 17:58:21.425 D/CompatibilityChangeReporter( 520): Compat change id reported: 177438394; UID 10057; state: DISABLED
11-05 17:58:21.425 D/CompatibilityChangeReporter( 520): Compat change id reported: 135772972; UID 10057; state: DISABLED
11-05 17:58:21.426 D/CompatibilityChangeReporter( 520): Compat change id reported: 135754954; UID 10057; state: DISABLED
11-05 17:58:21.427 I/ActivityManager( 520): Killing 1505:com.android.externalstorage/u0a25 (adj 975): empty #17
11-05 17:58:21.428 D/CompatibilityChangeReporter( 520): Compat change id reported: 143937733; UID 10057; state: DISABLED
11-05 17:58:21.456 D/Zygote ( 242): Forked child process 2642
11-05 17:58:21.458 I/ActivityManager( 520): app.processName = com.android.tv
11-05 17:58:21.458 I/ActivityManager( 520): Start proc 2642:com.android.tv/u0a57 for broadcast {com.android.tv/com.android.tv.receiver.BootCompletedReceiver}
11-05 17:58:21.467 I/Zygote ( 2642): seccomp disabled by setenforce 0
11-05 17:58:21.474 I/libprocessgroup( 520): Successfully killed process cgroup uid 10025 pid 1505 in 45ms
11-05 17:58:21.497 I/adbd ( 384): jdwp connection from 2642
11-05 17:58:21.507 I/Zygote ( 242): Process 1505 exited due to signal 9 (Killed)
11-05 17:58:21.525 D/CompatibilityChangeReporter( 520): Compat change id reported: 168419799; UID 10057; state: DISABLED
11-05 17:58:21.535 D/CompatibilityChangeReporter( 2642): Compat change id reported: 171979766; UID 10057; state: DISABLED
11-05 17:58:21.545 D/ApplicationLoaders( 2642): Returning zygote-cached class loader: /system/framework/android.test.base.jar
11-05 17:58:21.565 D/nativeloader( 2642): classloader namespace configured for unbundled product apk. library_path=/product/priv-app/LiveTv/lib/arm:/product/lib:/system/product/lib
11-05 17:58:21.610 V/GraphicsEnvironment( 2642): ANGLE Developer option for 'com.android.tv' set to: 'default'
11-05 17:58:21.611 V/GraphicsEnvironment( 2642): Neither updatable production driver nor prerelease driver is supported.
11-05 17:58:21.613 D/NetworkSecurityConfig( 2642): No Network Security Config specified, using platform default
11-05 17:58:21.614 D/NetworkSecurityConfig( 2642): No Network Security Config specified, using platform default
11-05 17:58:21.700 W/UnsafeUtil( 2642): platform method missing - proto runtime falling back to safer methods: java.lang.NoSuchMethodException: sun.misc.Unsafe.copyMemory [class java.lang.Object, long, class java.lang.Object, long, long]
11-05 17:58:21.828 D/CompatibilityChangeReporter( 520): Compat change id reported: 135634846; UID 10057; state: DISABLED
11-05 17:58:21.829 D/CompatibilityChangeReporter( 520): Compat change id reported: 177438394; UID 10057; state: DISABLED
11-05 17:58:21.829 D/CompatibilityChangeReporter( 520): Compat change id reported: 135772972; UID 10057; state: DISABLED
11-05 17:58:21.830 D/CompatibilityChangeReporter( 520): Compat change id reported: 135754954; UID 10057; state: DISABLED
11-05 17:58:21.830 W/IorapForwardingService( 520): No service published for: iorapd
11-05 17:58:21.831 D/CompatibilityChangeReporter( 520): Compat change id reported: 143937733; UID 10057; state: DISABLED
11-05 17:58:21.854 D/Zygote ( 242): Forked child process 2669
11-05 17:58:21.857 I/ActivityManager( 520): app.processName = com.android.tv.common
11-05 17:58:21.857 I/ActivityManager( 520): Start proc 2669:com.android.tv.common/u0a57 for content provider {com.android.tv/com.android.tv.common.CommonPreferenceProvider}
11-05 17:58:21.862 I/TvApplication( 2642): Starting TV app 1.24-asop
11-05 17:58:21.863 D/audio_hw_primary( 247): out_standby
11-05 17:58:21.865 I/Zygote ( 2669): seccomp disabled by setenforce 0
11-05 17:58:21.865 I/TvApplication( 2642): Started TV app 1.24-asop
11-05 17:58:21.898 I/adbd ( 384): jdwp connection from 2669
11-05 17:58:21.962 D/CompatibilityChangeReporter( 2669): Compat change id reported: 171979766; UID 10057; state: DISABLED
11-05 17:58:21.962 I/EpgFetcherImpl( 2642): EPG fetching routine service started.
11-05 17:58:21.976 I/WifiService( 520): releaseMulticastLock uid=10024
11-05 17:58:21.979 D/ApplicationLoaders( 2669): Returning zygote-cached class loader: /system/framework/android.test.base.jar
11-05 17:58:21.982 I/WifiService( 520): releaseMulticastLock uid=10024
11-05 17:58:21.982 W/JobInfo ( 2642): Requested interval +10m0s0ms for job 1000001 is too small; raising to +15m0s0ms
11-05 17:58:21.996 D/HiSight-SinkService( 2111): setDiscoverable true
11-05 17:58:21.997 D/hq ( 1799): NetWorkStateReceiver:::检查网络,并且持续更新 isConnect=false
11-05 17:58:21.999 D/NearFieldManager( 2111): init.
11-05 17:58:21.999 D/NearFieldManager( 2111): try check dmsdp
11-05 17:58:22.000 D/nativeloader( 2669): classloader namespace configured for unbundled product apk. library_path=/product/priv-app/LiveTv/lib/arm:/product/lib:/system/product/lib
11-05 17:58:22.006 I/ActivityManager( 520): Background started FGS: Allowed [callingPackage: com.android.tv; callingUid: 10057; uidState: TRNB; intent: Intent { cmp=com.android.tv/.dvr.recorder.DvrRecordingService (has extras) }; code:BACKGROUND_ACTIVITY_PERMISSION; tempAllowListReason:; targetSdkVersion:29; callerTargetSdkVersion:29; startForegroundCount:0; bindFromPackage:null]
11-05 17:58:22.034 D/NearFieldManager( 2111): package not exist
11-05 17:58:22.039 D/CompatibilityChangeReporter( 520): Compat change id reported: 135634846; UID 10024; state: DISABLED
11-05 17:58:22.041 D/CompatibilityChangeReporter( 520): Compat change id reported: 143937733; UID 10024; state: DISABLED
11-05 17:58:22.042 D/NearFieldManager( 2111): bind nearfield service true
11-05 17:58:22.044 D/NearFieldManager( 2111): registerCallback true
11-05 17:58:22.044 D/HiSight-Discovery( 2111): set deviceInfo type:46
11-05 17:58:22.044 V/GraphicsEnvironment( 2669): ANGLE Developer option for 'com.android.tv' set to: 'default'
11-05 17:58:22.044 D/HiSight-Discovery( 2111): startAdvertise 1
11-05 17:58:22.044 V/GraphicsEnvironment( 2669): Neither updatable production driver nor prerelease driver is supported.
11-05 17:58:22.047 D/NetworkSecurityConfig( 2669): No Network Security Config specified, using platform default
11-05 17:58:22.048 D/NetworkSecurityConfig( 2669): No Network Security Config specified, using platform default
11-05 17:58:22.065 I/ActivityManager( 520): Deferring FGS notification in legacy app com.android.tv/u0a57 : Notification(channel=dvr_notification_channel shortcut=null contentView=null vibrate=null sound=null defaults=0x0 flags=0x40 color=0x00000000 vis=PRIVATE)
11-05 17:58:22.065 D/Zygote ( 242): Forked child process 2697
11-05 17:58:22.067 I/ActivityManager( 520): app.processName = com.huawei.connection
11-05 17:58:22.067 I/ActivityManager( 520): Start proc 2697:com.huawei.connection/u0a24 for service {com.dangbei.screencast/com.huawei.connection.service.NearFieldManagerService}
11-05 17:58:22.075 I/Zygote ( 2697): seccomp disabled by setenforce 0
11-05 17:58:22.079 D/PackageManager( 520): Instant App installer not found with android.intent.action.INSTALL_INSTANT_APP_PACKAGE
11-05 17:58:22.079 D/PackageManager( 520): Clear ephemeral installer activity
11-05 17:58:22.082 E/ConnectivityService( 520): Exception = android.content.pm.PackageManager$NameNotFoundException: android.net.cts
11-05 17:58:22.082 I/TvApplication( 2642): Hide TV app.
11-05 17:58:22.085 I/EpgFetcherImpl( 2642): Cannot start routine service: country not supported: CN
11-05 17:58:22.091 I/efs.config( 2111): Config refresh fail, network is disconnected.
11-05 17:58:22.091 I/efs.config( 2111): efs config is
11-05 17:58:22.097 W/UnsafeUtil( 2669): platform method missing - proto runtime falling back to safer methods: java.lang.NoSuchMethodException: sun.misc.Unsafe.copyMemory [class java.lang.Object, long, class java.lang.Object, long, long]
11-05 17:58:22.102 I/ActivityManager( 520): Killing 2642:com.android.tv/u0a57 (adj 100): change com.android.tv
11-05 17:58:22.111 I/adbd ( 384): jdwp connection from 2697
11-05 17:58:22.115 I/libprocessgroup( 520): Successfully killed process cgroup uid 10057 pid 2642 in 0ms
11-05 17:58:22.119 W/ActivityManager( 520): Scheduling restart of crashed service com.android.tv/.dvr.recorder.DvrRecordingService in 1000ms for start-requested
11-05 17:58:22.119 W/ActivityManager( 520): Scheduling restart of crashed service com.android.tv/.data.epg.EpgFetchService in 11000ms for connection
11-05 17:58:22.132 I/ActivityManager( 520): Killing 2669:com.android.tv.common/u0a57 (adj 0): change com.android.tv
11-05 17:58:22.166 V/MediaPlayerList( 731): mPackageChangedBroadcastReceiver: action: android.intent.action.PACKAGE_CHANGED
11-05 17:58:22.167 D/MediaPlayerList( 731): Name of package changed: com.android.tv
11-05 17:58:22.170 D/DeviceIdleController( 520): find package null
11-05 17:58:22.176 I/PermissionControllerServiceImpl( 758): Updating user sensitive for uid 10057
11-05 17:58:22.179 I/InputReader( 520): Reconfiguring input devices, changes=KEYBOARD_LAYOUTS |
11-05 17:58:22.181 W/Searchables( 520): No global search activity found
11-05 17:58:22.182 I/RoleService( 520): Granting default roles...
11-05 17:58:22.214 W/Role ( 758): Cannot get ApplicationInfo for default holder: com.android.messaging
11-05 17:58:22.214 D/CompatibilityChangeReporter( 2697): Compat change id reported: 171979766; UID 10024; state: DISABLED
11-05 17:58:22.219 W/ContextImpl( 1277): Calling a method in the system process without a qualified user: android.app.ContextImpl.startService:1816 android.content.ContextWrapper.startService:774 android.content.ContextWrapper.startService:774 com.android.tv.settings.help.BootBroadcastReceiver.onReceive:18 android.app.ActivityThread.handleReceiver:4308
11-05 17:58:22.222 W/ActivityManager( 520): Unable to start service Intent { cmp=com.android.tv.settings/.app_lock.MainService } U=0: not found
11-05 17:58:22.224 W/VoiceInteractionManager( 520): no available voice recognition services found for user 0
11-05 17:58:22.229 V/BootBroadcastReceiver( 1277): autorun
11-05 17:58:22.232 W/Role ( 758): Cannot get ApplicationInfo for default holder: com.android.contacts
11-05 17:58:22.241 I/binder ( 35): undelivered TRANSACTION_COMPLETE
11-05 17:58:22.241 I/binder ( 35): undelivered transaction 52408, process died.
11-05 17:58:22.237 I/Zygote ( 242): Process 2669 exited due to signal 9 (Killed)
11-05 17:58:22.239 D/CompatibilityChangeReporter( 520): Compat change id reported: 168419799; UID 1000; state: DISABLED
11-05 17:58:22.246 I/binder ( 33): undelivered TRANSACTION_COMPLETE
11-05 17:58:22.246 I/binder ( 33): undelivered transaction 52405, process died.
11-05 17:58:22.241 V/ActivityManager( 520): Got obituary of 2669:com.android.tv.common
11-05 17:58:22.243 I/Zygote ( 242): Process 2642 exited due to signal 9 (Killed)
11-05 17:58:22.245 I/libprocessgroup( 520): Successfully killed process cgroup uid 10057 pid 2669 in 0ms
11-05 17:58:22.246 V/ActivityManager( 520): Got obituary of 2642:com.android.tv
11-05 17:58:22.248 I/ActivityManager( 520): com.dangbei.zhushou.os is exempt from freezer
11-05 17:58:22.249 D/CompatibilityChangeReporter( 520): Compat change id reported: 135634846; UID 1000; state: DISABLED
11-05 17:58:22.251 W/Role ( 758): Cannot get ApplicationInfo for default holder: com.android.gallery3d
11-05 17:58:22.257 D/ApplicationLoaders( 2697): Returning zygote-cached class loader: /system/framework/android.test.base.jar
11-05 17:58:22.258 D/ApplicationLoaders( 2697): Returning zygote-cached class loader: /system/framework/android.hidl.manager-V1.0-java.jar
11-05 17:58:22.258 D/ApplicationLoaders( 2697): Returning zygote-cached class loader: /system/framework/android.hidl.base-V1.0-java.jar
11-05 17:58:22.279 D/Zygote ( 242): Forked child process 2718
11-05 17:58:22.280 I/ActivityManager( 520): app.processName = com.dangbei.zhushou.os
11-05 17:58:22.280 I/ActivityManager( 520): Start proc 2718:com.dangbei.zhushou.os/1000 for broadcast {com.dangbei.zhushou.os/com.dangbei.projector.assistant.receiver.BootReceiver}
11-05 17:58:22.291 I/Zygote ( 2718): seccomp disabled by setenforce 0
11-05 17:58:22.316 I/awei.connection( 2697): type=1400 audit(0.0:1032): avc: denied { search } for name="com.dangbei.screencast" dev="mmcblk0p25" ino=891 scontext=u:r:platform_app:s0:c512,c768 tcontext=u:object_r:app_data_file:s0:c512,c768 tclass=dir permissive=1 app=com.dangbei.screencast
11-05 17:58:22.326 V/GraphicsEnvironment( 2697): ANGLE Developer option for 'com.dangbei.screencast' set to: 'default'
11-05 17:58:22.327 V/GraphicsEnvironment( 2697): Neither updatable production driver nor prerelease driver is supported.
11-05 17:58:22.330 D/NetworkSecurityConfig( 2697): Using Network Security Config from resource network_security_config debugBuild: false
11-05 17:58:22.332 D/NetworkSecurityConfig( 2697): Using Network Security Config from resource network_security_config debugBuild: false
11-05 17:58:22.334 I/adbd ( 384): jdwp connection from 2718
11-05 17:58:22.335 I/MultiDex( 2697): VM with version 2.1.0 has multidex support
11-05 17:58:22.335 I/MultiDex( 2697): Installing application
11-05 17:58:22.335 I/MultiDex( 2697): VM has multidex support, MultiDex support library is disabled.
11-05 17:58:22.356 I/EventThread( 261): type=1400 audit(0.0:1033): avc: denied { search } for name="extcon" dev="sysfs" ino=18103 scontext=u:r:hal_tv_cec_default:s0 tcontext=u:object_r:sysfs_extcon:s0 tclass=dir permissive=1
11-05 17:58:22.364 D/CompatibilityChangeReporter( 2718): Compat change id reported: 171979766; UID 1000; state: DISABLED
11-05 17:58:22.376 I/SharedPreferenc( 2697): type=1400 audit(0.0:1034): avc: denied { open } for path="/data/user/0/com.dangbei.screencast/shared_prefs/screencast.xml" dev="mmcblk0p25" ino=2214 scontext=u:r:platform_app:s0:c512,c768 tcontext=u:object_r:app_data_file:s0:c512,c768 tclass=file permissive=1 app=com.dangbei.screencast
11-05 17:58:22.376 I/net_disconnect.( 1124): type=1400 audit(0.0:1035): avc: denied { execute } for name="rgb_led_ctl" dev="dm-1" ino=188 scontext=u:r:init:s0 tcontext=u:object_r:vendor_file:s0 tclass=file permissive=1
11-05 17:58:22.382 D/ApplicationLoaders( 2718): Returning zygote-cached class loader: /system/framework/android.test.base.jar
11-05 17:58:22.382 D/ApplicationLoaders( 2718): Returning zygote-cached class loader: /system/framework/android.hidl.manager-V1.0-java.jar
11-05 17:58:22.382 D/ApplicationLoaders( 2718): Returning zygote-cached class loader: /system/framework/android.hidl.base-V1.0-java.jar
11-05 17:58:22.384 I/net_disconnect.( 2738): type=1400 audit(0.0:1036): avc: denied { execute_no_trans } for path="/vendor/bin/rgb_led_ctl" dev="dm-1" ino=188 scontext=u:r:init:s0 tcontext=u:object_r:vendor_file:s0 tclass=file permissive=1
11-05 17:58:22.397 W/Role ( 758): Cannot get ApplicationInfo for default holder: com.android.dialer
11-05 17:58:22.416 W/audit ( 2738): audit_lost=525 audit_rate_limit=5 audit_backlog_limit=64
11-05 17:58:22.416 E/audit ( 2738): rate limit exceeded
11-05 17:58:22.563 V/GraphicsEnvironment( 2718): ANGLE Developer option for 'com.dangbei.zhushou.os' set to: 'default'
11-05 17:58:22.564 V/GraphicsEnvironment( 2718): Neither updatable production driver nor prerelease driver is supported.
11-05 17:58:22.565 D/NetworkSecurityConfig( 2718): No Network Security Config specified, using platform default
11-05 17:58:22.566 D/NetworkSecurityConfig( 2718): No Network Security Config specified, using platform default
11-05 17:58:22.569 I/MultiDex( 2718): VM with version 2.1.0 has multidex support
11-05 17:58:22.569 I/MultiDex( 2718): Installing application
11-05 17:58:22.569 I/MultiDex( 2718): VM has multidex support, MultiDex support library is disabled.
11-05 17:58:22.584 I/TDLog ( 2697): setReportUncaughtExceptions: true
11-05 17:58:22.594 E/Application( 2697): onCreate:Version:v2.8.3/20830/883432e
11-05 17:58:22.604 I/crashsdk( 2697): version unique build id: 6230cced
11-05 17:58:22.607 D/crashsdk( 2697): Native log stat thread 2772 setup, waiting
11-05 17:58:22.617 I/crashsdk( 2697): version unique build id: 6230cced
11-05 17:58:22.622 I/crashsdk( 2697): begin hack android.os.Process
11-05 17:58:22.622 I/crashsdk( 2697): end hack android.os.Process
11-05 17:58:22.637 D/NearFieldManagerService( 2697): NearFieldManagerService.
11-05 17:58:22.640 D/NearFieldManagerService( 2697): onCreate, enter.
11-05 17:58:22.641 I/NearFieldManagerService( 2697): onBind, enter.
11-05 17:58:22.641 D/NearFieldManagerService( 2697): initService
11-05 17:58:22.641 D/NearFieldManagerService( 2697): NearField starting...
11-05 17:58:22.642 D/NearFieldUtils( 2697): checkSystemProperty in
11-05 17:58:22.643 D/NearFieldUtils( 2697): checkSystemProperty: systemProperties:
11-05 17:58:22.643 E/NearFieldUtils( 2697): validProperty: priority is null
11-05 17:58:22.651 D/NearFieldManager( 2111): service connected.
11-05 17:58:22.658 I/crashsdk( 2697): Catcher mask: 5000, 20480
11-05 17:58:22.659 I/crashsdk( 2697): Catcher thread 2703
11-05 17:58:22.659 D/crashsdk( 2697): Register ANR handler ...
11-05 17:58:22.664 D/HiSight-Discovery( 2111): eventId: 4001
11-05 17:58:22.664 D/HiSight-Discovery( 2111): msg 4001
11-05 17:58:22.664 D/HiSight-Discovery( 2111): bind success, status Ready
11-05 17:58:22.664 D/HiSight-Discovery( 2111): startAdvertise 2
11-05 17:58:22.664 D/HiSight-Discovery( 2111): stopAdvertise.
11-05 17:58:22.665 D/HiSight-Discovery( 2111): nearFieldStartListen deviceType 46
11-05 17:58:22.667 I/NearFieldManagerImpl( 2697): setDeviceInfo, sDeviceId changes
11-05 17:58:22.678 I/NearFieldManagerImpl( 2697): setDeviceInfo, sDeviceName changes
11-05 17:58:22.679 D/NearFieldManagerImpl( 2697): setServiceData, sServiceData=[], serviceData=[32]
11-05 17:58:22.679 E/NearFieldManager( 2111): setIdnNetworkPriority: networkPortPriority is empty
11-05 17:58:22.679 D/NearFieldManager( 2111): StartListen moduleId: CastPlusDiscoveryModule
11-05 17:58:22.682 D/NearFieldManagerImpl( 2697): startListen: moduleId: CastPlusDiscoveryModule
11-05 17:58:22.682 D/NearFieldUtils( 2697): getPreferredIpAddress exec
11-05 17:58:22.682 D/NearFieldUtils( 2697): getPreferredIpAddress by custom priority
11-05 17:58:22.682 D/NearFieldUtils( 2697): getIpByInterfaceSetting customIdnNetworkPriority:[]
11-05 17:58:22.682 D/NearFieldUtils( 2697): getPreferredIpAddress by default priority
11-05 17:58:22.747 I/Matrix.AnrTracer( 2697): anrTrace, final mAnrBeatTime:400, mAnrBeatRate:400
11-05 17:58:22.751 E/LaunchManager( 2697): Non main process !
11-05 17:58:22.752 W/System.err( 2697): java.lang.NullPointerException: Attempt to invoke virtual method 'boolean com.efs.sdk.launch.LaunchConfigManager.enableTracer()' on a null object reference
11-05 17:58:22.752 W/System.err( 2697): at com.umeng.umcrash.UMCrash.init(Unknown Source:403)
11-05 17:58:22.752 W/System.err( 2697): at java.lang.reflect.Method.invoke(Native Method)
11-05 17:58:22.752 W/System.err( 2697): at com.umeng.commonsdk.UMConfigure.init(Unknown Source:811)
11-05 17:58:22.752 W/System.err( 2697): at b.f.f.b.a(:4)
11-05 17:58:22.752 W/System.err( 2697): at h.o.a.run(Unknown Source:2)
11-05 17:58:22.752 I/UMCrash ( 2697): begin register common callback. key is umid.
11-05 17:58:22.758 W/ServiceManager( 520): Permission failure: android.permission.HIGH_SAMPLING_RATE_SENSORS from uid=10024 pid=2697
11-05 17:58:22.767 I/TDLog ( 2697): TalkingData SDK init...
11-05 17:58:22.767 I/TDLog ( 2697): SDK_VERSION is: Android+TD+V5.0.7 gp Type:Native Build_Num:2141
11-05 17:58:22.767 I/TDLog ( 2697): App ID is: B9D7815EC975466AB1332111FCE62DF5
11-05 17:58:22.767 I/TDLog ( 2697): App Channel is: os
11-05 17:58:22.767 I/TDLog ( 2697): App Custom is:
11-05 17:58:22.767 I/TDLog ( 2697): SDK_OVC is: TDOVC+a3bb7754719798526508b6caad480dd7+SaaS
11-05 17:58:22.800 E/ConnectivityService( 520): Exception = android.content.pm.PackageManager$NameNotFoundException: android.net.cts
11-05 17:58:22.832 W/IorapForwardingService( 520): No service published for: iorapd
11-05 17:58:22.834 W/efs.send_log( 2697): tryFileLock start!
11-05 17:58:22.839 D/NearFieldUtils( 2697): get Ip Address failed.
11-05 17:58:22.839 D/NearFieldManagerImpl( 2697): sDeviceType: 46
11-05 17:58:22.839 D/NearFieldManagerImpl( 2697): registerDevice() is called.
11-05 17:58:22.840 E/NearFieldManagerUtilsNative( 2697): Begin System.loadLibrary()
11-05 17:58:22.864 I/efs.config( 2697): --->>> 删除旧的配置文件 false
11-05 17:58:22.881 I/efs.base( 2697): lt=event`ev_ct=efs_core`ev_ac=pvuv`tm=2025-11-05 17:58:86`dn=01d05ba3-b669-4c71-817f-b6ca108625a5`ps=com.huawei.connection`um_os=android`stime=1762336702300`pid=2697`fr=android`pkg=com.dangbei.screencast`vcode=20830`dsp_w=1920`uid=01d05ba3-b669-4c71-817f-b6ca108625a5`rom=12`wid=01d05ba3-b669-4c71-817f-b6ca108625a5`um_app_carrier=`um_access=unknow`um_app_channel=os`um_crash_sdk_version=1.4.0`ctime=1762336702`model=dbbox-a2`lang=zh`net=disconnected`brand=dangbei`dsp_h=1080`um_network_type=0`ver=v2.8.3`build_model=DBBOX-A2`w_tm=1762336702`appid=5fc60c21094d637f3130af19`um_umid_header=null`sdk=31`tzone=Asia/Shanghai`sdk_ver=1.3.6.umeng
11-05 17:58:22.884 I/HicomNfTimerManager( 2697): epoll fd:111 create success
11-05 17:58:22.884 I/HicomNfTimerManager( 2697): epoll add fd:124--->111 success
11-05 17:58:22.884 I/HicomNfTimerManager( 2697): time fd:124 add to epoll success
11-05 17:58:22.885 I/efs.config( 2697): --->>> 一致
11-05 17:58:22.911 D/nStackXDFinder( 2697): NSTACKX_Init:[146] :nstack ctrl creat epollfd 127
11-05 17:58:22.912 I/nStackXDFinder( 2697): InitDefaultInterfaceName:[779] :InitDefaultInterfaceName exec
11-05 17:58:22.913 D/nStackXCoAP( 2697): CoapServerInit:[174] :CoapServerInit is called
11-05 17:58:22.913 E/nStackXDFinder( 2697): GetLocalIp:[401] :GetLocalIp exec
11-05 17:58:22.913 E/nStackXDFinder( 2697): GetLocalIp:[407] :GetLocalIp, ifInfo is null
11-05 17:58:22.913 I/HicomNfMainCtrlManager( 2697): NSTACKX_RegisterDevice is called
11-05 17:58:22.913 D/NearFieldManagerImpl( 2697): Register device success.
11-05 17:58:22.913 I/NearFieldManagerImpl( 2697): serviceName is castPlus
11-05 17:58:22.914 D/NearFieldManagerImpl( 2697): registerCapability() called with: capabilityBitmapNum = 1, capabilityBitmap = [8]
11-05 17:58:22.914 I/HicomNf_java_to_c( 2697): registerCapability, capabilityBitmapNum: 1
11-05 17:58:22.914 I/HicomNfMainCtrlManager( 2697): RegisterCapability: 1, 8
11-05 17:58:22.914 D/nStackXDFinder( 2697): ConfigureLocalDeviceInfo:[616] :Invalid if name or ip address. Ignore
11-05 17:58:22.914 D/NearFieldManagerImpl( 2697): Register capability succeed with capabilityBitmapNum = 1, capabilityBitmap = [8]
11-05 17:58:22.914 D/NearFieldManagerImpl( 2697): registerServiceData() called with: serviceData = 32
11-05 17:58:22.914 I/nStackXDFinder( 2697): RegisterServiceData:[728] :RegisterServiceData, serviceData=[32]
11-05 17:58:22.914 D/NearFieldManagerImpl( 2697): registerModule() called with: packageModuleName = com.huawei.connection+CastPlusDiscoveryModule
11-05 17:58:22.915 I/HicomNf_java_to_c( 2697): registerModule, moduleName: com.huawei.connection+CastPlusDiscoveryModule
11-05 17:58:22.915 I/HicomNfMainCtrlManager( 2697): Enter RegisterModule
11-05 17:58:22.915 I/HicomNfRegManager( 2697): RegisterModule OK, add module name com.huawei.connection+CastPlusDiscoveryModule
11-05 17:58:22.916 I/Hisight-DeviceListManager( 2111): init DeviceListManager.
11-05 17:58:22.923 I/b ( 2718): -----------> Auto switch user, userId: -3377459
11-05 17:58:22.924 I/b ( 2718): -----------> doSwitchUserInternal, userId: -3377459
11-05 17:58:22.929 E/dangbei111( 1301): cccccc 没有检测到网络 暂时不做遥控器ota信息检测
11-05 17:58:22.930 E/dangbei111( 1301): 5s后准备进行遥控器ota信息检测
11-05 17:58:22.931 D/Hisight-DeviceListManager( 2111): create new secret key
11-05 17:58:22.941 D/yl ( 2718): com.wangjie.rapidorm.c.b.a-------------------the tables are {class com.dangbei.setting.provider.dal.db.model.UserPreference=com.dangbei.setting.provider.dal.db.model.b@bf95fb2, class com.dangbei.setting.provider.dal.db.model.User=com.dangbei.setting.provider.dal.db.model.c@a022b03}
11-05 17:58:22.993 E/Hisight-ConnectAuthCallBack( 2111): readSecureFile failed, no such file
11-05 17:58:22.993 W/Hisight-DeviceListManager( 2111): deviceRecords is empty
11-05 17:58:22.993 W/Hisight-DeviceListManager( 2111): occur error, clear all the list
11-05 17:58:22.996 D/Hisight-HiChainAuthControl( 2111): start HiChainAuthControl
11-05 17:58:22.997 E/raop ( 2111): JavaCallback init
11-05 17:58:23.011 D/Hisight-HiChainAuthControl( 2111): setupAuthIfNeeded, HiChainInstance hasn't been initialized
11-05 17:58:23.011 I/ConnectAuthJNI( 2111): Java_com_huawei_hisight_security_ConnectAuthNative_nativeSetup 795 call HiChainNativeSetup
11-05 17:58:23.033 I/ConnectAuthJNI( 2111): HiChainNativeSetup 565 registe_log
11-05 17:58:23.033 I/ConnectAuthJNI( 2111): HksStorageRegisterFileCallbacks 245 register hks file callback status =0
11-05 17:58:23.033 I/ConnectAuthJNI( 2111): HksRegisterGetDeviceIdCallback 268 register hks get hardware udid callback status =0
11-05 17:58:23.034 D/ConnectAuthJNI( 2111): [HiChain] get_instance Begin get instance
11-05 17:58:23.041 I/ConnectAuthJNI( 2111): [HKS] hks_service_key_info_init hks init : begin
11-05 17:58:23.041 I/ConnectAuthJNI( 2111): FileRead 113 FileRead
11-05 17:58:23.041 I/ConnectAuthJNI( 2111): FileRead 122 FileRead call readSecureFile begin
11-05 17:58:23.042 E/Hisight-ConnectAuthCallBack( 2111): readSecureFile failed, no such file
11-05 17:58:23.042 W/ConnectAuthJNI( 2111): FileRead 132 FileRead call readSecureFile byteArray is null
11-05 17:58:23.057 I/ConnectAuthJNI( 2111): [HKS] hks_rkc_init RKC init:begin, is_key_info_exist=0
