11-05 17:57:47.861 V/audio_hw_primary( 247): out_set_parameters: exiting=1
11-05 17:57:47.862 E/AudioFlinger( 268): Error when setting parameters on exit: -61
11-05 17:57:47.862 W/AudioFlinger( 268): no wake lock to update, system not ready yet
11-05 17:57:47.862 D/AudioFlinger( 268): ro.audio.silent is ignored since no output device is set
11-05 17:57:47.862 D/audio_hw_primary( 247): out_standby
11-05 17:57:47.864 D/Zygote ( 242): begin preload
11-05 17:57:47.866 W/APM_AudioPolicyManager( 268): Input profile contains no device on module primary
11-05 17:57:47.866 W/APM_AudioPolicyManager( 268): Input profile contains no device on module primary
11-05 17:57:47.867 I/Zygote ( 242): Calling ZygoteHooks.beginPreload()
11-05 17:57:47.873 D/xm_audio( 247): -->adev_open, name=audio_hw_if, socketthread_running=false, pth_listen=0
11-05 17:57:47.878 I/AudioFlinger( 268): loadHwModule() Loaded xm_hidraw audio interface, handle 18
11-05 17:57:47.878 D/xm_audio( 247): -->adev_open_input_stream
11-05 17:57:47.879 D/xm_audio( 247): -->adev_open_input_stream, config->sample_rate=16000
11-05 17:57:47.879 D/xm_audio( 247): -->adev_open_input_stream exit
11-05 17:57:47.880 I/xm_audio( 247): in_get_sample_rate
11-05 17:57:47.880 I/xm_audio( 247): in_get_channels
11-05 17:57:47.882 I/xm_audio( 247): in_get_sample_rate
11-05 17:57:47.882 I/xm_audio( 247): in_get_channels
11-05 17:57:47.882 I/xm_audio( 247): in_get_channels
11-05 17:57:47.882 I/xm_audio( 247): in_get_buffer_size
11-05 17:57:47.882 I/xm_audio( 247): in_get_buffer_size: fsize=512.000000, size=512
11-05 17:57:47.883 I/xm_audio( 247): in_get_buffer_size
11-05 17:57:47.883 I/xm_audio( 247): in_get_buffer_size: fsize=512.000000, size=512
11-05 17:57:47.883 I/xm_audio( 247): in_get_sample_rate
11-05 17:57:47.883 I/xm_audio( 247): in_get_channels
11-05 17:57:47.885 D/xm_audio( 247): socket_thread start
11-05 17:57:47.886 I/AudioFlinger( 268): AudioFlinger's thread 0xf7398f80 tid=454 ready to run
11-05 17:57:47.886 D/xm_audio( 247): -->adev_close_input_stream
11-05 17:57:47.886 D/xm_audio( 247): -->adev_close_input_stream ready free stream.
11-05 17:57:47.886 D/xm_audio( 247): -->adev_close_input_stream free stream finish.
11-05 17:57:47.886 D/xm_audio( 247): create socket g_is_running4
11-05 17:57:47.887 D/xm_audio( 247): create socket g_is_running5
11-05 17:57:47.887 E/xm_audio( 247): so socket connect suc
11-05 17:57:47.887 D/XM_HIDREAD( 316): Client connected.
11-05 17:57:47.887 D/XM_HIDREAD( 316): accept before.
11-05 17:57:47.888 D/xm_audio( 247): data_thread start
11-05 17:57:47.888 D/XM_HIDREAD( 316): handle_client start.
11-05 17:57:48.001 I/bt_a2dp_hw( 268): system/bt/audio_a2dp_hw/src/audio_a2dp_hw.cc:1893 adev_open: adev_open: adev_open in A2dp_hw module
11-05 17:57:48.002 I/AudioFlinger( 268): loadHwModule() Loaded a2dp audio interface, handle 26
11-05 17:57:48.002 V/APM_AudioPolicyManager( 268): onNewAudioModulesAvailableInt: Input device list is empty! for profile a2dp input
11-05 17:57:48.006 I/r_submix( 247): adev_open(name=audio_hw_if)
11-05 17:57:48.006 I/r_submix( 247): adev_init_check()
11-05 17:57:48.007 I/AudioFlinger( 268): loadHwModule() Loaded r_submix audio interface, handle 34
11-05 17:57:48.007 D/r_submix( 247): adev_open_input_stream(addr=0)
11-05 17:57:48.007 D/r_submix( 247): submix_audio_device_create_pipe_l(addr=0, idx=9)
11-05 17:57:48.007 D/r_submix( 247): now using address 0 for route 9
11-05 17:57:48.010 I/AudioFlinger( 268): AudioFlinger's thread 0xf72a2980 tid=460 ready to run
11-05 17:57:48.010 I/r_submix( 247): in_standby()
11-05 17:57:48.011 W/AudioFlinger( 268): no wake lock to update, system not ready yet
11-05 17:57:48.011 I/r_submix( 247): in_standby()
11-05 17:57:48.013 W/AudioFlinger( 268): no wake lock to update, system not ready yet
11-05 17:57:48.013 D/r_submix( 247): adev_close_input_stream()
11-05 17:57:48.014 D/r_submix( 247): submix_audio_device_release_pipe_l(idx=9) addr=0
11-05 17:57:48.014 D/r_submix( 247): submix_audio_device_destroy_pipe_l(): pipe destroyed
11-05 17:57:48.018 D/audio_so_hv_309( 247): creat hbg mic rcv thread
11-05 17:57:48.018 D/audio_so_hv_309( 247): 0208creat rcv thread!
11-05 17:57:48.018 I/BLEAudioDrive_HV410( 247): hbg_init enter
11-05 17:57:48.018 I/BLEAudioDrive_HV410( 247): hbg_chengshi_android12
11-05 17:57:48.018 I/BLEAudioDrive_HV410( 247): hbg_init exit
11-05 17:57:48.016 I/HwBinder:247_2( 247): type=1400 audit(0.0:251): avc: denied { read } for name="remote.txt" dev="mmcblk0p25" ino=218 scontext=u:r:hal_audio_default:s0 tcontext=u:object_r:vendor_data_file:s0 tclass=lnk_file permissive=1
11-05 17:57:48.019 I/BLEAudioDrive_HV410( 247): CONFIG_PRODUCT 10: PRODUCT_ID
11-05 17:57:48.020 D/audio_so_hv_309( 247): ---0208 ReceiveAudioDataThread ---
11-05 17:57:48.020 I/BLEAudioDrive_HV410( 247): current line info : VENDOR_ID:0x1d5a
11-05 17:57:48.020 I/BLEAudioDrive_HV410( 247):
11-05 17:57:48.020 I/BLEAudioDrive_HV410( 247): config vendor : 0x1d5a
11-05 17:57:48.020 I/BLEAudioDrive_HV410( 247): current line info : PRODUCT_ID:0xc081
11-05 17:57:48.020 I/BLEAudioDrive_HV410( 247):
11-05 17:57:48.020 I/BLEAudioDrive_HV410( 247): config product : 0xc081
11-05 17:57:48.020 I/BLEAudioDrive_HV410( 247): current line info : AUDIOKEY_REPORTID:0x01
11-05 17:57:48.020 I/BLEAudioDrive_HV410( 247):
11-05 17:57:48.020 I/BLEAudioDrive_HV410( 247): config report_id : 1
11-05 17:57:48.020 I/BLEAudioDrive_HV410( 247): current line info : AUDIOKEY_VALUE:0x3e
11-05 17:57:48.020 I/BLEAudioDrive_HV410( 247):
11-05 17:57:48.020 I/BLEAudioDrive_HV410( 247): config key value : 3e 0
11-05 17:57:48.020 I/BLEAudioDrive_HV410( 247): current line info : DYNAMIC_BLE:1
11-05 17:57:48.020 I/BLEAudioDrive_HV410( 247):
11-05 17:57:48.020 I/BLEAudioDrive_HV410( 247): config DYNAMIC BLE : 1
11-05 17:57:48.020 I/BLEAudioDrive_HV410( 247): current line info : START_RADIO:
11-05 17:57:48.020 I/BLEAudioDrive_HV410( 247):
11-05 17:57:48.020 I/BLEAudioDrive_HV410( 247): not set boardcast !!
11-05 17:57:48.020 I/BLEAudioDrive_HV410( 247): config start broadcast :
11-05 17:57:48.020 I/BLEAudioDrive_HV410( 247):
11-05 17:57:48.020 I/BLEAudioDrive_HV410( 247): current line info : STOP_RADIO:
11-05 17:57:48.020 I/BLEAudioDrive_HV410( 247):
11-05 17:57:48.021 I/BLEAudioDrive_HV410( 247): current line info : DEBUG_LOG:4
11-05 17:57:48.021 I/BLEAudioDrive_HV410( 247):
11-05 17:57:48.021 I/BLEAudioDrive_HV410( 247): config debug level : 4
11-05 17:57:48.021 I/BLEAudioDrive_HV410( 247): current line info : FORMAT_AU:1
11-05 17:57:48.021 I/BLEAudioDrive_HV410( 247):
11-05 17:57:48.021 I/BLEAudioDrive_HV410( 247): config audioF : 1
11-05 17:57:48.021 I/BLEAudioDrive_HV410( 247): current line info : CMD_REPORTID:0x01
11-05 17:57:48.021 I/BLEAudioDrive_HV410( 247):
11-05 17:57:48.021 I/BLEAudioDrive_HV410( 247): config cmd_report_id : 1
11-05 17:57:48.021 I/BLEAudioDrive_HV410( 247): current line info :
11-05 17:57:48.021 I/BLEAudioDrive_HV410( 247):
11-05 17:57:48.021 I/BLEAudioDrive_HV410( 247): current line info :
11-05 17:57:48.021 I/BLEAudioDrive_HV410( 247):
11-05 17:57:48.021 I/BLEAudioDrive_HV410( 247): current line info :
11-05 17:57:48.021 I/BLEAudioDrive_HV410( 247):
11-05 17:57:48.021 I/BLEAudioDrive_HV410( 247): devices vendor is 0x1d5a
11-05 17:57:48.021 I/BLEAudioDrive_HV410( 247): devices product is 0xc081
11-05 17:57:48.021 I/BLEAudioDrive_HV410( 247): doinit_thread exit
11-05 17:57:48.022 I/AudioFlinger( 268): loadHwModule() Loaded blehid audio interface, handle 42
11-05 17:57:48.020 D/audio_so_hv_309( 247): ---0223 monit_mic_Thread ---
11-05 17:57:48.022 D/audio_so_hv_309( 247): open HBG MIC audio channel!!!
11-05 17:57:48.022 I/BLEAudioDrive_HV410( 247): write to remote start:-1
11-05 17:57:48.022 I/BLEAudioDrive_HV410( 247): send start to remote fail: Bad file descriptor
11-05 17:57:48.022 D/audio_so_hv_309( 247): HBG remote is powerdown!
11-05 17:57:48.023 I/BLEAudioDrive_HV410( 247): hidraw_read_task
11-05 17:57:48.020 I/HwBinder:247_2( 247): type=1400 audit(0.0:252): avc: denied { read } for name="/" dev="tmpfs" ino=560 scontext=u:r:hal_audio_default:s0 tcontext=u:object_r:device:s0 tclass=dir permissive=1
11-05 17:57:48.020 I/HwBinder:247_2( 247): type=1400 audit(0.0:253): avc: denied { watch } for path="/dev" dev="tmpfs" ino=560 scontext=u:r:hal_audio_default:s0 tcontext=u:object_r:device:s0 tclass=dir permissive=1
11-05 17:57:48.024 I/BLEAudioDrive_HV410( 247): decode audio_thread start.
11-05 17:57:48.024 I/BLEAudioDrive_HV410( 247): monit_audio_thread start.
11-05 17:57:48.024 I/BLEAudioDrive_HV410( 247): write to remote start:-1
11-05 17:57:48.024 I/BLEAudioDrive_HV410( 247): send start to remote fail: Bad file descriptor
11-05 17:57:48.024 I/BLEAudioDrive_HV410( 247): audSever start!
11-05 17:57:48.042 I/zygote ( 242): Verified 2763 classes from mainline modules in 278.011ms
11-05 17:57:48.052 I/BLEAudioDrive_HV410( 247): send start to remote fail: Bad file descriptor
11-05 17:57:48.083 I/BLEAudioDrive_HV410( 247): send start to remote fail: Bad file descriptor
11-05 17:57:48.095 I/Zygote ( 242): Preloading classes...
11-05 17:57:48.113 I/BLEAudioDrive_HV410( 247): send start to remote fail: Bad file descriptor
11-05 17:57:48.143 I/BLEAudioDrive_HV410( 247): send start to remote fail: Bad file descriptor
11-05 17:57:48.173 I/BLEAudioDrive_HV410( 247): send start to remote fail: Bad file descriptor
11-05 17:57:48.204 I/BLEAudioDrive_HV410( 247): send start to remote fail: Bad file descriptor
11-05 17:57:48.208 I/Typeface( 242): Preloading /system/fonts/Roboto-Regular.ttf
11-05 17:57:48.208 I/Typeface( 242): Preloading /system/fonts/RobotoStatic-Regular.ttf
11-05 17:57:48.234 I/BLEAudioDrive_HV410( 247): send start to remote fail: Bad file descriptor
11-05 17:57:48.236 W/awplayer( 356): : Set log level to 3
11-05 17:57:48.264 I/BLEAudioDrive_HV410( 247): send start to remote fail: Bad file descriptor
11-05 17:57:48.285 I/cedarc ( 356): : register avs decoder success!
11-05 17:57:48.285 I/cedarc ( 356): : register h264 decoder success!
11-05 17:57:48.286 I/cedarc ( 356): : register h265 decoder success!
11-05 17:57:48.286 I/cedarc ( 356): : register mjpeg decoder success!
11-05 17:57:48.286 I/cedarc ( 356): : register mjpegplus decoder success!
11-05 17:57:48.286 I/cedarc ( 356): : register mpeg2 decoder success!
11-05 17:57:48.287 W/awplayer( 356): : Invalid plugin,function CedarPluginVDInit not found.
11-05 17:57:48.287 I/cedarc ( 356): : register mpeg4dx decoder success!
11-05 17:57:48.287 I/cedarc ( 356): : register mpeg4H263 decoder success!
11-05 17:57:48.287 I/cedarc ( 356): : register mpeg4Normal decoder success!
11-05 17:57:48.288 I/cedarc ( 356): : register Mpeg4Vp6 decoder success!
11-05 17:57:48.288 I/cedarc ( 356): : register vp6Soft decoder success!
11-05 17:57:48.288 I/cedarc ( 356): : register vp8 decoder success!
11-05 17:57:48.288 E/cedarc ( 356): : register Wmv12Soft decoder failure!!!
11-05 17:57:48.289 I/cedarc ( 356): : register vc1 decoder success!
11-05 17:57:48.289 D/cedarc ( 356): : register Vp9Hw decoder success!
11-05 17:57:48.289 I/cedarc ( 356): : register avs2 decoder success!
11-05 17:57:48.293 D/awplayer( 356): : aw stream init...
11-05 17:57:48.293 D/awplayer( 356): : Register stream rtp version v1.1
11-05 17:57:48.295 I/BLEAudioDrive_HV410( 247): hidraw_path return<0
11-05 17:57:48.295 D/audio_so_hv_309( 247): --- registerAudioDataCB 0 ---
11-05 17:57:48.300 I/AudioFlinger( 268): AudioFlinger's thread 0xf72a2500 tid=477 ready to run
11-05 17:57:48.301 W/AudioFlinger( 268): no wake lock to update, system not ready yet
11-05 17:57:48.304 W/AudioFlinger( 268): no wake lock to update, system not ready yet
11-05 17:57:48.304 D/audio_so_hv_309( 247): --- unRegisterAudioDataCB 0---
11-05 17:57:48.304 D/audio_so_hv_309( 247): unRegisterAudioDataCB:DeInitRingBuffer
11-05 17:57:48.307 I/BLEAudioDrive_HV410( 247): write to remote stop:-1
11-05 17:57:48.308 I/BLEAudioDrive_HV410( 247): send stop to remote fail: Bad file descriptor
11-05 17:57:48.308 I/BLEAudioDrive_HV410( 247): audSever stop!
11-05 17:57:48.309 I/audioserver( 268): Waiting for activity service
11-05 17:57:48.313 I/mediaserver( 356): ServiceManager: 0xf4170960
11-05 17:57:48.314 W/BatteryNotifier( 356): batterystats service unavailable!
11-05 17:57:48.315 W/BatteryNotifier( 356): batterystats service unavailable!
11-05 17:57:48.354 E/ActivityRecognitionHardware( 242): activity_recognition HAL is deprecated. class_init is effectively a no-op
11-05 17:57:48.544 D/MtpDeviceJNI( 242): register_android_mtp_MtpDevice
11-05 17:57:48.567 I/adbd ( 384): adbd mDNS service _adb._tcp registered: 1
11-05 17:57:48.568 I/adbd ( 384): adbd mDNS service _adb-tls-connect._tcp registered: 1
11-05 17:57:48.796 W/Zygote ( 242): Class not found for preloading: android.view.SurfaceView$2
11-05 17:57:49.031 I/Zygote ( 242): ...preloaded 7337 classes in 936ms.
11-05 17:57:49.041 D/ApplicationLoaders( 242): Created zygote-cached class loader: /system/framework/android.hidl.base-V1.0-java.jar
11-05 17:57:49.048 D/ApplicationLoaders( 242): Created zygote-cached class loader: /system/framework/android.hidl.manager-V1.0-java.jar
11-05 17:57:49.054 D/ApplicationLoaders( 242): Created zygote-cached class loader: /system/framework/android.test.base.jar
11-05 17:57:49.294 D/RenderEngine( 278): shader cache generated - 48 shaders in 1870.884766 ms
11-05 17:57:49.297 I/HidlServiceManagement( 278): Registered android.frameworks.displayservice@1.0::IDisplayService/default
11-05 17:57:49.298 D/SurfaceFlinger( 278): Setting power mode 2 on display 0
11-05 17:57:49.298 D/sunxihwc( 256): setPowerMode: device(hdmi0) power mode: On
11-05 17:57:49.298 I/sunxihwc( 256): setRuntimeState: disp2 blank control [unblank], driver usage [1]
11-05 17:57:49.299 D/SurfaceFlinger( 278): Finished setting power mode 2 on display 0
11-05 17:57:49.400 I/rainbow_flow( 334): type=1400 audit(0.0:254): avc: denied { ioctl } for path="/dev/spidev1.0" dev="tmpfs" ino=3604 ioctlcmd=0x6b00 scontext=u:r:init:s0 tcontext=u:object_r:device:s0 tclass=chr_file permissive=1
11-05 17:57:49.431 E/cutils-trace( 507): Error opening trace file: No such file or directory (2)
11-05 17:57:49.450 W/idmap2 ( 507): failed to find resource 'bool/config_swipe_up_gesture_default'
11-05 17:57:49.453 W/idmap2 ( 507): failed to find resource 'drawable/default_wallpaper_white'
11-05 17:57:49.456 W/idmap2 ( 507): failed to find resource 'string/config_defaultAssistantComponentName'
11-05 17:57:49.473 I/update_engine( 379): [INFO:cleanup_previous_update_action.cc(112)] Executing task 1
11-05 17:57:49.477 I/update_engine( 379): [INFO:cleanup_previous_update_action.cc(124)] CleanupPreviousUpdateAction scheduled task ID 3 for WaitBootCompleted
11-05 17:57:49.529 W/idmap2 ( 507): failed to find resource 'string/config_ntpServer'
11-05 17:57:49.555 D/BootAnimation( 506): BootAnimationPreloadTiming start time: 11486ms
11-05 17:57:49.567 E/BootAnimation( 506): no audio.wav could be found!
11-05 17:57:49.567 D/BootAnimation( 506): BootAnimationPreloadStopTiming start time: 11498ms
11-05 17:57:49.569 E/HWComposer( 278): getSupportedContentTypes: getSupportedContentTypes failed for display 0: Unsupported (8)
11-05 17:57:49.570 E/cutils-trace( 506): Error opening trace file: No such file or directory (2)
11-05 17:57:49.582 E/cutils-trace( 508): Error opening trace file: No such file or directory (2)
11-05 17:57:49.589 D/libEGL ( 506): loaded /vendor/lib/egl/libGLES_mali.so
11-05 17:57:49.596 W/idmap2 ( 508): failed to find resource 'string/accent_color_overlay'
11-05 17:57:49.600 W/idmap2 ( 508): failed to find resource 'string/icon_shape_overlay'
11-05 17:57:49.614 I/Zygote ( 242): Preloading resources...
11-05 17:57:49.633 W/Resources( 242): Preloaded drawable resource #0x1080286 (android:drawable/dialog_background_material) that varies with configuration!!
11-05 17:57:49.669 I/Zygote ( 242): ...preloaded 64 resources in 55ms.
11-05 17:57:49.674 I/hwservicemanager( 180): getTransport: Cannot find entry android.hardware.configstore@1.0::ISurfaceFlingerConfigs/default in either framework or device VINTF manifest.
11-05 17:57:49.679 I/Zygote ( 242): ...preloaded 41 resources in 10ms.
11-05 17:57:49.704 D/BootAnimation( 506): BootAnimationShownTiming start time: 11635ms
11-05 17:57:49.705 D/libEGL ( 242): loaded /vendor/lib/egl/libGLES_mali.so
11-05 17:57:49.764 I/hwservicemanager( 180): getTransport: Cannot find entry android.hardware.graphics.mapper@4.0::IMapper/default in either framework or device VINTF manifest.
11-05 17:57:49.764 I/Gralloc4( 506): mapper 4.x is not supported
11-05 17:57:49.765 I/hwservicemanager( 180): getTransport: Cannot find entry android.hardware.graphics.mapper@3.0::IMapper/default in either framework or device VINTF manifest.
11-05 17:57:49.765 W/Gralloc3( 506): mapper 3.x is not supported
11-05 17:57:49.770 E/gralloc ( 506): Arm Module v1.0
11-05 17:57:49.771 I/hwservicemanager( 180): getTransport: Cannot find entry android.hardware.graphics.allocator@4.0::IAllocator/default in either framework or device VINTF manifest.
11-05 17:57:49.771 W/Gralloc4( 506): allocator 4.x is not supported
11-05 17:57:49.772 I/hwservicemanager( 180): getTransport: Cannot find entry android.hardware.graphics.allocator@3.0::IAllocator/default in either framework or device VINTF manifest.
11-05 17:57:49.772 W/Gralloc3( 506): allocator 3.x is not supported
11-05 17:57:49.776 I/gralloc ( 255): alloc buffer:W:1920 H:1080 S:1920 PL[1920 1080] SZ:8294400 fmt:43 if:0 af:43 usg:20000b00 fg:00000004
11-05 17:57:49.776 E/ion ( 506): ioctl c0044901 failed with code -1: Inappropriate ioctl for device
11-05 17:57:49.800 I/Zygote ( 242): Preloading shared libraries...
11-05 17:57:49.804 I/SurfaceFlinger( 278): Enter boot animation
11-05 17:57:49.806 E/ion ( 256): ioctl c0044901 failed with code -1: Inappropriate ioctl for device
11-05 17:57:49.814 I/ ( 406): DVI mode selected: packets not configured
11-05 17:57:49.814 I/ ( 406): Error: set vsif failed
11-05 17:57:49.816 I/Zygote ( 242): Called ZygoteHooks.endPreload()
11-05 17:57:49.817 I/Zygote ( 242): Installed AndroidKeyStoreProvider in 1ms.
11-05 17:57:49.830 I/Zygote ( 242): Warmed up JCA providers in 13ms.
11-05 17:57:49.830 D/Zygote ( 242): end preload
11-05 17:57:49.830 D/Zygote ( 242): VMRuntime.setVerifierEnabled(true)
11-05 17:57:49.865 I/gralloc ( 255): alloc buffer:W:1920 H:1080 S:1920 PL[1920 1080] SZ:8294400 fmt:43 if:0 af:43 usg:20000b00 fg:00000004
11-05 17:57:49.880 I/ ( 406): DVI mode selected: packets not configured
11-05 17:57:49.880 I/ ( 406): Error: set vsif failed
11-05 17:57:49.922 I/zygote ( 242): Explicit concurrent copying GC freed 18871(1042KB) AllocSpace objects, 0(0B) LOS objects, 49% free, 3556KB/7112KB, paused 97us total 91.751ms
11-05 17:57:49.944 I/ ( 406): DVI mode selected: packets not configured
11-05 17:57:49.944 I/ ( 406): Error: set vsif failed
11-05 17:57:49.994 I/ ( 406): DVI mode selected: packets not configured
11-05 17:57:49.994 I/ ( 406): Error: set vsif failed
11-05 17:57:50.001 I/zygote ( 242): Explicit concurrent copying GC freed 2371(125KB) AllocSpace objects, 0(0B) LOS objects, 49% free, 3462KB/6924KB, paused 80us total 75.501ms
11-05 17:57:50.046 I/ ( 406): DVI mode selected: packets not configured
11-05 17:57:50.046 I/ ( 406): Error: set vsif failed
11-05 17:57:50.111 I/ ( 406): DVI mode selected: packets not configured
11-05 17:57:50.111 I/ ( 406): Error: set vsif failed
11-05 17:57:50.161 I/ ( 406): DVI mode selected: packets not configured
11-05 17:57:50.161 I/ ( 406): Error: set vsif failed
11-05 17:57:50.183 D/Zygote ( 242): Forked child process 520
11-05 17:57:50.184 I/Zygote ( 242): System server process 520 has been created
11-05 17:57:50.187 I/Zygote ( 242): Accepting command socket connections
11-05 17:57:50.211 I/ ( 406): DVI mode selected: packets not configured
11-05 17:57:50.211 I/ ( 406): Error: set vsif failed
11-05 17:57:50.264 I/ ( 406): DVI mode selected: packets not configured
11-05 17:57:50.264 I/ ( 406): Error: set vsif failed
11-05 17:57:50.327 I/ ( 406): DVI mode selected: packets not configured
11-05 17:57:50.327 I/ ( 406): Error: set vsif failed
11-05 17:57:50.570 I/Zygote ( 520): seccomp disabled by setenforce 0
11-05 17:57:50.592 W/system_server( 520): Failed to upload odrefresh metrics: metrics file '/data/misc/odrefresh/odrefresh-metrics.txt' could not be opened: No such file or directory
11-05 17:57:50.599 I/adbd ( 384): jdwp connection from 520
11-05 17:57:50.617 V/installd( 352): DexInv: --- BEGIN '/apex/com.android.appsearch/javalib/service-appsearch.jar' ---
11-05 17:57:50.618 V/installd( 352): Running /apex/com.android.art/bin/dex2oat32 in=service-appsearch.jar out=/data/dalvik-cache/arm/apex@com.android.appsearch@javalib@service-appsearch.jar@classes.dex
11-05 17:57:50.668 I/rainbow_flow( 334): type=1400 audit(0.0:255): avc: denied { ioctl } for path="/dev/spidev1.0" dev="tmpfs" ino=3604 ioctlcmd=0x6b00 scontext=u:r:init:s0 tcontext=u:object_r:device:s0 tclass=chr_file permissive=1
11-05 17:57:50.689 I/dex2oat32( 534): /apex/com.android.art/bin/dex2oat32 --input-vdex-fd=-1 --output-vdex-fd=8 --classpath-dir=/apex/com.android.appsearch/javalib --class-loader-context=PCL[/system/framework/com.android.location.provider.jar:/system/framework/services.jar:/system/framework/ethernet-service.jar:/system/framework/pppoe-service.jar] --compact-dex-level=none --compiler-filter=verify --compilation-reason=server-dexopt --max-image-block-size=524288 --resolve-startup-const-strings=true --generate-mini-debug-info
11-05 17:57:50.695 E/cutils-trace( 534): Error opening trace file: No such file or directory (2)
11-05 17:57:50.725 W/dex2oat32( 534): ART APEX data files are untrusted.
11-05 17:57:50.864 W/ServiceManager( 240): Service statscompanion didn't start. Returning NULL
11-05 17:57:50.865 I/statsd ( 240): Statsd starts to listen to socket.
11-05 17:57:51.135 I/dex2oat32( 534): dex2oat took 458.350ms (629.945ms cpu) (threads: 4) arena alloc=0B (0B) java alloc=399KB (409528B) native alloc=25MB (26684680B) free=1016KB (1041144B)
11-05 17:57:51.151 V/installd( 352): DexInv: --- END '/apex/com.android.appsearch/javalib/service-appsearch.jar' (success) ---
11-05 17:57:51.156 V/installd( 352): DexInv: --- BEGIN '/apex/com.android.media/javalib/service-media-s.jar' ---
11-05 17:57:51.156 V/installd( 352): Running /apex/com.android.art/bin/dex2oat32 in=service-media-s.jar out=/data/dalvik-cache/arm/apex@com.android.media@javalib@service-media-s.jar@classes.dex
11-05 17:57:51.214 I/dex2oat32( 542): /apex/com.android.art/bin/dex2oat32 --input-vdex-fd=-1 --output-vdex-fd=8 --classpath-dir=/apex/com.android.media/javalib --class-loader-context=PCL[/system/framework/com.android.location.provider.jar:/system/framework/services.jar:/system/framework/ethernet-service.jar:/system/framework/pppoe-service.jar:/apex/com.android.appsearch/javalib/service-appsearch.jar] --compact-dex-level=none --compiler-filter=verify --compilation-reason=server-dexopt --max-image-block-size=524288 --resolve-startup-const-strings=true --generate-mini-debug-info
11-05 17:57:51.218 E/cutils-trace( 542): Error opening trace file: No such file or directory (2)
11-05 17:57:51.227 W/dex2oat32( 542): ART APEX data files are untrusted.
11-05 17:57:51.478 I/update_engine( 379): [INFO:cleanup_previous_update_action.cc(112)] Executing task 3
11-05 17:57:51.481 I/update_engine( 379): [INFO:cleanup_previous_update_action.cc(124)] CleanupPreviousUpdateAction scheduled task ID 4 for WaitBootCompleted
11-05 17:57:51.489 I/dex2oat32( 542): dex2oat took 281.740ms (253.576ms cpu) (threads: 4) arena alloc=0B (0B) java alloc=64KB (65728B) native alloc=24MB (25660496B) free=972KB (996272B)
11-05 17:57:51.510 V/installd( 352): DexInv: --- END '/apex/com.android.media/javalib/service-media-s.jar' (success) ---
11-05 17:57:51.515 V/installd( 352): DexInv: --- BEGIN '/apex/com.android.permission/javalib/service-permission.jar' ---
11-05 17:57:51.515 V/installd( 352): Running /apex/com.android.art/bin/dex2oat32 in=service-permission.jar out=/data/dalvik-cache/arm/apex@com.android.permission@javalib@service-permission.jar@classes.dex
11-05 17:57:51.575 I/dex2oat32( 549): /apex/com.android.art/bin/dex2oat32 --input-vdex-fd=-1 --output-vdex-fd=8 --classpath-dir=/apex/com.android.permission/javalib --class-loader-context=PCL[/system/framework/com.android.location.provider.jar:/system/framework/services.jar:/system/framework/ethernet-service.jar:/system/framework/pppoe-service.jar:/apex/com.android.appsearch/javalib/service-appsearch.jar:/apex/com.android.media/javalib/service-media-s.jar] --compact-dex-level=none --compiler-filter=verify --compilation-reason=server-dexopt --max-image-block-size=524288 --resolve-startup-const-strings=true --generate-mini-debug-info
11-05 17:57:51.579 E/cutils-trace( 549): Error opening trace file: No such file or directory (2)
11-05 17:57:51.589 W/dex2oat32( 549): ART APEX data files are untrusted.
11-05 17:57:51.845 I/dex2oat32( 549): dex2oat took 277.498ms (266.466ms cpu) (threads: 4) arena alloc=0B (0B) java alloc=65KB (66984B) native alloc=25MB (26482808B) free=1001KB (1025928B)
11-05 17:57:51.861 V/installd( 352): DexInv: --- END '/apex/com.android.permission/javalib/service-permission.jar' (success) ---
11-05 17:57:51.891 I/SystemServerTiming( 520): InitBeforeStartServices
11-05 17:57:51.913 I/SystemServer( 520): Entered the Android system server!
11-05 17:57:52.189 E/UsbAlsaJackDetectorJNI( 520): Can't register UsbAlsaJackDetector native methods
11-05 17:57:52.193 D/Sunxi_PQ( 284): has no clients connectted, close the socket.
11-05 17:57:52.212 I/gralloc ( 255): alloc buffer:W:1920 H:1080 S:1920 PL[1920 1080] SZ:8294400 fmt:43 if:0 af:43 usg:20000b00 fg:00000004
11-05 17:57:52.217 I/SystemServerInitThreadPool( 520): Creating instance with 4 threads
11-05 17:57:52.220 I/SystemServerTimingAsync( 520): InitThreadPoolExec:loadPreinstalledSystemFontMap
11-05 17:57:52.220 D/SystemServerInitThreadPool( 520): Started executing loadPreinstalledSystemFontMap
11-05 17:57:52.220 I/SystemServerTimingAsync( 520): loadPreinstalledSystemFontMap
11-05 17:57:52.220 I/SystemServerTiming( 520): StartServices
11-05 17:57:52.221 D/SystemServer( 520): VMRuntime.setVerifierEnabled(false)
11-05 17:57:52.221 I/SystemServerTiming( 520): startBootstrapServices
11-05 17:57:52.221 I/SystemServerTiming( 520): StartWatchdog
11-05 17:57:52.229 I/SystemServer( 520): Reading configuration...
11-05 17:57:52.229 I/SystemServerTiming( 520): ReadingSystemConfig
11-05 17:57:52.231 I/SystemServerTiming( 520): PlatformCompat
11-05 17:57:52.231 I/SystemServerTimingAsync( 520): InitThreadPoolExec:ReadingSystemConfig
11-05 17:57:52.231 D/SystemServerInitThreadPool( 520): Started executing ReadingSystemConfig
11-05 17:57:52.233 D/CompatConfig( 520): Found a config file: /system/etc/compatconfig/documents-ui-compat-config.xml
11-05 17:57:52.233 I/SystemConfig( 520): Reading permissions from /system/etc/sysconfig/framework-sysconfig.xml
11-05 17:57:52.234 D/CompatConfig( 520): Adding: com.android.server.compat.config.Change@c32c53a
11-05 17:57:52.235 I/incfs ( 520): Initial API level of the device: 31
11-05 17:57:52.236 D/CompatConfig( 520): Found a config file: /system/etc/compatconfig/icu4j-platform-compat-config.xml
11-05 17:57:52.237 I/incfs ( 520): ro.incremental.enable: module:/vendor/lib/modules/incrementalfs.ko
11-05 17:57:52.238 I/incfs ( 520): isFsAvailable: false
11-05 17:57:52.239 I/incfs ( 520): isFsAvailable: false
11-05 17:57:52.239 E/incfs ( 520): could not open IncFs kernel module "/vendor/lib/modules/incrementalfs.ko": No such file or directory
11-05 17:57:52.239 D/CompatConfig( 520): Adding: com.android.server.compat.config.Change@207df48
11-05 17:57:52.239 E/incfs ( 520): IncFs_Features: failed to open features dir, assuming v1/none.: No such file or directory
11-05 17:57:52.239 I/SystemConfig( 520): Reading permissions from /system/etc/sysconfig/preinstalled-packages-com.android.providers.media.module.xml
11-05 17:57:52.240 D/CompatConfig( 520): Found a config file: /system/etc/compatconfig/services-platform-compat-config.xml
11-05 17:57:52.242 I/SystemConfig( 520): Reading permissions from /system/etc/sysconfig/preinstalled-packages-platform.xml
11-05 17:57:52.243 D/CompatConfig( 520): Adding: com.android.server.compat.config.Change@c5fa7f4
11-05 17:57:52.244 D/CompatConfig( 520): Adding: com.android.server.compat.config.Change@49f0b1d
11-05 17:57:52.244 D/CompatConfig( 520): Adding: com.android.server.compat.config.Change@288c192
11-05 17:57:52.244 D/CompatConfig( 520): Adding: com.android.server.compat.config.Change@8211763
11-05 17:57:52.245 D/CompatConfig( 520): Adding: com.android.server.compat.config.Change@4c94f60
11-05 17:57:52.245 D/CompatConfig( 520): Adding: com.android.server.compat.config.Change@4263c19
11-05 17:57:52.245 D/CompatConfig( 520): Adding: com.android.server.compat.config.Change@eed64de
11-05 17:57:52.246 D/CompatConfig( 520): Adding: com.android.server.compat.config.Change@183c6bf
11-05 17:57:52.246 D/CompatConfig( 520): Adding: com.android.server.compat.config.Change@264018c
11-05 17:57:52.246 D/CompatConfig( 520): Adding: com.android.server.compat.config.Change@a66f0ea
11-05 17:57:52.247 I/SystemConfig( 520): Reading permissions from /system/etc/sysconfig/hiddenapi-package-whitelist.xml
11-05 17:57:52.247 D/CompatConfig( 520): Adding: com.android.server.compat.config.Change@a380fdb
11-05 17:57:52.247 D/CompatConfig( 520): Adding: com.android.server.compat.config.Change@d15aa78
11-05 17:57:52.248 D/CompatConfig( 520): Adding: com.android.server.compat.config.Change@cfa5551
11-05 17:57:52.249 D/CompatConfig( 520): Adding: com.android.server.compat.config.Change@a3b31b6
11-05 17:57:52.250 D/CompatConfig( 520): Adding: com.android.server.compat.config.Change@d1dceb7
11-05 17:57:52.250 I/SystemConfig( 520): Reading permissions from /system/etc/sysconfig/preinstalled-packages-platform-full-base.xml
11-05 17:57:52.250 D/CompatConfig( 520): Adding: com.android.server.compat.config.Change@13df58d
11-05 17:57:52.251 D/CompatConfig( 520): Adding: com.android.server.compat.config.Change@40b342
11-05 17:57:52.251 D/CompatConfig( 520): Adding: com.android.server.compat.config.Change@9369f53
11-05 17:57:52.252 D/CompatConfig( 520): Adding: com.android.server.compat.config.Change@dff5090
11-05 17:57:52.253 D/CompatConfig( 520): Adding: com.android.server.compat.config.Change@fa15d89
11-05 17:57:52.253 D/CompatConfig( 520): Adding: com.android.server.compat.config.Change@32ac18e
11-05 17:57:52.255 D/CompatConfig( 520): Adding: com.android.server.compat.config.Change@201ddaf
11-05 17:57:52.255 I/SystemConfig( 520): Reading permissions from /system/etc/permissions/android.test.base.xml
11-05 17:57:52.256 D/CompatConfig( 520): Adding: com.android.server.compat.config.Change@cb94945
11-05 17:57:52.257 D/CompatConfig( 520): Adding: com.android.server.compat.config.Change@f95689a
11-05 17:57:52.257 D/CompatConfig( 520): Adding: com.android.server.compat.config.Change@e84a1a8
11-05 17:57:52.257 I/SystemConfig( 520): Reading permissions from /system/etc/permissions/com.android.networkstack.xml
11-05 17:57:52.258 D/CompatConfig( 520): Adding: com.android.server.compat.config.Change@7aa34c1
11-05 17:57:52.258 D/CompatConfig( 520): Adding: com.android.server.compat.config.Change@dd17466
11-05 17:57:52.259 D/CompatConfig( 520): Adding: com.android.server.compat.config.Change@89d3a7
11-05 17:57:52.259 D/CompatConfig( 520): Adding: com.android.server.compat.config.Change@3563054
11-05 17:57:52.259 D/CompatConfig( 520): Adding: com.android.server.compat.config.Change@3645bfd
11-05 17:57:52.259 I/SystemConfig( 520): Reading permissions from /system/etc/permissions/android.test.mock.xml
11-05 17:57:52.260 D/CompatConfig( 520): Adding: com.android.server.compat.config.Change@7760343
11-05 17:57:52.260 D/CompatConfig( 520): Adding: com.android.server.compat.config.Change@b0ffdc0
11-05 17:57:52.260 D/CompatConfig( 520): Adding: com.android.server.compat.config.Change@79fbaf9
11-05 17:57:52.261 D/CompatConfig( 520): Adding: com.android.server.compat.config.Change@e6b909f
11-05 17:57:52.261 I/SystemConfig( 520): Reading permissions from /system/etc/permissions/com.android.mediadrm.signer.xml
11-05 17:57:52.262 D/CompatConfig( 520): Adding: com.android.server.compat.config.Change@3d735ec
11-05 17:57:52.262 D/CompatConfig( 520): Adding: com.android.server.compat.config.Change@5980db5
11-05 17:57:52.262 D/CompatConfig( 520): Adding: com.android.server.compat.config.Change@4e92c4a
11-05 17:57:52.263 D/CompatConfig( 520): Adding: com.android.server.compat.config.Change@e0297bb
11-05 17:57:52.263 D/CompatConfig( 520): Adding: com.android.server.compat.config.Change@c88d031
11-05 17:57:52.263 I/SystemConfig( 520): Reading permissions from /system/etc/permissions/privapp-permissions-platform.xml
11-05 17:57:52.263 D/CompatConfig( 520): Adding: com.android.server.compat.config.Change@c95c316
11-05 17:57:52.264 D/CompatConfig( 520): Adding: com.android.server.compat.config.Change@638f497
11-05 17:57:52.265 D/CompatConfig( 520): Adding: com.android.server.compat.config.Change@4905684
11-05 17:57:52.265 D/CompatConfig( 520): Adding: com.android.server.compat.config.Change@9e93e6d
11-05 17:57:52.266 D/CompatConfig( 520): Adding: com.android.server.compat.config.Change@ea2faa2
11-05 17:57:52.266 D/CompatConfig( 520): Adding: com.android.server.compat.config.Change@f0e4333
11-05 17:57:52.266 D/CompatConfig( 520): Adding: com.android.server.compat.config.Change@dfe56f0
11-05 17:57:52.267 D/CompatConfig( 520): Adding: com.android.server.compat.config.Change@1685469
11-05 17:57:52.267 D/CompatConfig( 520): Adding: com.android.server.compat.config.Change@55a1eee
11-05 17:57:52.268 D/CompatConfig( 520): Adding: com.android.server.compat.config.Change@6dfdf8f
11-05 17:57:52.268 D/CompatConfig( 520): Adding: com.android.server.compat.config.Change@b09f21c
11-05 17:57:52.269 D/CompatConfig( 520): Adding: com.android.server.compat.config.Change@8a8ce25
11-05 17:57:52.269 D/CompatConfig( 520): Adding: com.android.server.compat.config.Change@44d3bfa
11-05 17:57:52.270 D/CompatConfig( 520): Found a config file: /system/etc/compatconfig/calendar-provider-compat-config.xml
11-05 17:57:52.271 D/CompatConfig( 520): Adding: com.android.server.compat.config.Change@5d21408
11-05 17:57:52.272 D/CompatConfig( 520): Found a config file: /system/etc/compatconfig/framework-platform-compat-config.xml
11-05 17:57:52.275 I/SystemConfig( 520): Reading permissions from /system/etc/permissions/android.software.webview.xml
11-05 17:57:52.275 D/CompatConfig( 520): Adding: com.android.server.compat.config.Change@32a3187
11-05 17:57:52.276 D/CompatConfig( 520): Adding: com.android.server.compat.config.Change@97868b4
11-05 17:57:52.277 I/SystemConfig( 520): Reading permissions from /system/etc/permissions/javax.obex.xml
11-05 17:57:52.278 D/CompatConfig( 520): Adding: com.android.server.compat.config.Change@f235052
11-05 17:57:52.278 D/CompatConfig( 520): Adding: com.android.server.compat.config.Change@f8d5c20
11-05 17:57:52.278 I/SystemConfig( 520): Reading permissions from /system/etc/permissions/android.hardware.hdmi.cec.xml
11-05 17:57:52.279 D/CompatConfig( 520): Adding: com.android.server.compat.config.Change@20229d9
11-05 17:57:52.279 D/CompatConfig( 520): Adding: com.android.server.compat.config.Change@a821f9e
11-05 17:57:52.280 D/CompatConfig( 520): Adding: com.android.server.compat.config.Change@83c1a4c
11-05 17:57:52.280 I/SystemConfig( 520): Reading permissions from /system/etc/permissions/com.android.documentsui.xml
11-05 17:57:52.280 D/CompatConfig( 520): Adding: com.android.server.compat.config.Change@4628a95
11-05 17:57:52.281 D/CompatConfig( 520): Adding: com.android.server.compat.config.Change@86c97aa
11-05 17:57:52.281 D/CompatConfig( 520): Adding: com.android.server.compat.config.Change@9368f38
11-05 17:57:52.282 I/SystemConfig( 520): Reading permissions from /system/etc/permissions/privapp-vendor-permissions.xml
11-05 17:57:52.282 D/CompatConfig( 520): Adding: com.android.server.compat.config.Change@92e3b11
11-05 17:57:52.282 D/CompatConfig( 520): Adding: com.android.server.compat.config.Change@ed48476
11-05 17:57:52.283 D/CompatConfig( 520): Adding: com.android.server.compat.config.Change@a1c8a77
11-05 17:57:52.283 D/CompatConfig( 520): Adding: com.android.server.compat.config.Change@f6166e4
11-05 17:57:52.283 D/CompatConfig( 520): Adding: com.android.server.compat.config.Change@22a774d
11-05 17:57:52.283 D/CompatConfig( 520): Adding: com.android.server.compat.config.Change@efc7202
11-05 17:57:52.284 D/CompatConfig( 520): Adding: com.android.server.compat.config.Change@bc55713
11-05 17:57:52.284 D/CompatConfig( 520): Adding: com.android.server.compat.config.Change@e343b49
11-05 17:57:52.284 I/SystemConfig( 520): Reading permissions from /system/etc/permissions/permissions-awbms.xml
11-05 17:57:52.284 D/CompatConfig( 520): Adding: com.android.server.compat.config.Change@9c3ac4e
11-05 17:57:52.285 D/CompatConfig( 520): Adding: com.android.server.compat.config.Change@924516f
11-05 17:57:52.285 D/CompatConfig( 520): Adding: com.android.server.compat.config.Change@20ae7c
11-05 17:57:52.286 D/CompatConfig( 520): Adding: com.android.server.compat.config.Change@2fc4305
11-05 17:57:52.286 D/CompatConfig( 520): Adding: com.android.server.compat.config.Change@ce958b
11-05 17:57:52.286 I/SystemConfig( 520): Reading permissions from /system/etc/permissions/com.android.media.remotedisplay.xml
11-05 17:57:52.287 D/CompatConfig( 520): Adding: com.android.server.compat.config.Change@e083668
11-05 17:57:52.287 D/CompatConfig( 520): Adding: com.android.server.compat.config.Change@6830a81
11-05 17:57:52.287 D/CompatConfig( 520): Adding: com.android.server.compat.config.Change@3c4f726
11-05 17:57:52.288 I/SystemConfig( 520): Reading permissions from /system/etc/permissions/android.software.controls.xml
11-05 17:57:52.288 D/CompatConfig( 520): Adding: com.android.server.compat.config.Change@e5e5114
11-05 17:57:52.290 D/CompatConfig( 520): Adding: com.android.server.compat.config.Change@454cdbd
11-05 17:57:52.290 I/SystemConfig( 520): Reading permissions from /system/etc/permissions/android.software.live_wallpaper.xml
11-05 17:57:52.291 D/CompatConfig( 520): Adding: com.android.server.compat.config.Change@a022b03
11-05 17:57:52.291 D/CompatConfig( 520): Adding: com.android.server.compat.config.Change@3596a80
11-05 17:57:52.292 D/CompatConfig( 520): Adding: com.android.server.compat.config.Change@a8588b9
11-05 17:57:52.292 I/SystemConfig( 520): Reading permissions from /system/etc/permissions/oranth-privapp-permissions.xml
11-05 17:57:52.292 D/CompatConfig( 520): Adding: com.android.server.compat.config.Change@ff2745f
11-05 17:57:52.293 D/CompatConfig( 520): Adding: com.android.server.compat.config.Change@a2aaeac
11-05 17:57:52.295 I/SystemConfig( 520): Reading permissions from /system/etc/permissions/com.android.networkstack.tethering.xml
11-05 17:57:52.296 D/CompatConfig( 520): Adding: com.android.server.compat.config.Change@973f77b
11-05 17:57:52.296 D/CompatConfig( 520): Adding: com.android.server.compat.config.Change@fea0998
11-05 17:57:52.297 D/CompatConfig( 520): Adding: com.android.server.compat.config.Change@6cf75d6
11-05 17:57:52.297 I/SystemConfig( 520): Reading permissions from /system/etc/permissions/org.apache.http.legacy.xml
11-05 17:57:52.297 D/CompatConfig( 520): Adding: com.android.server.compat.config.Change@5c09057
11-05 17:57:52.297 D/CompatConfig( 520): Adding: com.android.server.compat.config.Change@9422744
11-05 17:57:52.298 D/CompatConfig( 520): Adding: com.android.server.compat.config.Change@bb9a02d
11-05 17:57:52.298 D/CompatConfig( 520): Adding: com.android.server.compat.config.Change@3d3daf3
11-05 17:57:52.298 I/SystemConfig( 520): Reading permissions from /system/etc/permissions/android.test.runner.xml
11-05 17:57:52.298 D/CompatConfig( 520): Adding: com.android.server.compat.config.Change@8dc73b0
11-05 17:57:52.299 D/CompatConfig( 520): Adding: com.android.server.compat.config.Change@b3d1229
11-05 17:57:52.299 D/CompatConfig( 520): Adding: com.android.server.compat.config.Change@93f69ae
11-05 17:57:52.299 D/CompatConfig( 520): Adding: com.android.server.compat.config.Change@8d1adc
11-05 17:57:52.299 I/SystemConfig( 520): Reading permissions from /system/etc/permissions/com.android.future.usb.accessory.xml
11-05 17:57:52.300 D/CompatConfig( 520): Adding: com.android.server.compat.config.Change@c6ba7e5
11-05 17:57:52.300 D/CompatConfig( 520): Adding: com.android.server.compat.config.Change@71c72ba
11-05 17:57:52.300 D/CompatConfig( 520): Adding: com.android.server.compat.config.Change@7edb56b
11-05 17:57:52.301 I/SystemConfig( 520): Reading permissions from /system/etc/permissions/com.android.location.provider.xml
11-05 17:57:52.301 D/CompatConfig( 520): Adding: com.android.server.compat.config.Change@733dd61
11-05 17:57:52.301 D/CompatConfig( 520): Adding: com.android.server.compat.config.Change@88f0086
11-05 17:57:52.302 D/CompatConfig( 520): Adding: com.android.server.compat.config.Change@d9fe974
11-05 17:57:52.302 I/SystemConfig( 520): Reading permissions from /system/etc/permissions/android.hardware.location.network.xml
11-05 17:57:52.302 D/CompatConfig( 520): Adding: com.android.server.compat.config.Change@9efee9d
11-05 17:57:52.303 D/CompatConfig( 520): Adding: com.android.server.compat.config.Change@4a9f12
11-05 17:57:52.303 I/SystemConfig( 520): Reading permissions from /system/etc/permissions/platform.xml
11-05 17:57:52.303 D/CompatConfig( 520): Adding: com.android.server.compat.config.Change@38c28e0
11-05 17:57:52.305 D/CompatConfig( 520): Adding: com.android.server.compat.config.Change@461d799
11-05 17:57:52.306 D/CompatConfig( 520): Adding: com.android.server.compat.config.Change@6af9a5e
11-05 17:57:52.307 D/CompatConfig( 520): Adding: com.android.server.compat.config.Change@c818e3f
11-05 17:57:52.307 D/CompatConfig( 520): Adding: com.android.server.compat.config.Change@3af30c
11-05 17:57:52.307 D/CompatConfig( 520): Adding: com.android.server.compat.config.Change@66f5455
11-05 17:57:52.308 D/CompatConfig( 520): No directory /system/system_ext/etc/compatconfig, skipping
11-05 17:57:52.309 D/CompatConfig( 520): No directory /apex/com.android.wifi/etc/compatconfig, skipping
11-05 17:57:52.310 D/CompatConfig( 520): No directory /apex/com.android.vndk.v31/etc/compatconfig, skipping
11-05 17:57:52.310 D/CompatConfig( 520): No directory /apex/com.android.tzdata/etc/compatconfig, skipping
11-05 17:57:52.310 D/CompatConfig( 520): No directory /apex/com.android.tethering/etc/compatconfig, skipping
11-05 17:57:52.310 I/SystemConfig( 520): Reading permissions from /vendor/etc/permissions/android.hardware.touchscreen.multitouch.xml
11-05 17:57:52.310 D/CompatConfig( 520): No directory /apex/com.android.sdkext/etc/compatconfig, skipping
11-05 17:57:52.310 D/CompatConfig( 520): No directory /apex/com.android.scheduling/etc/compatconfig, skipping
11-05 17:57:52.310 D/CompatConfig( 520): No directory /apex/com.android.runtime/etc/compatconfig, skipping
11-05 17:57:52.310 D/CompatConfig( 520): No directory /apex/com.android.resolv/etc/compatconfig, skipping
11-05 17:57:52.310 D/CompatConfig( 520): No directory /apex/com.android.permission/etc/compatconfig, skipping
11-05 17:57:52.311 D/CompatConfig( 520): No directory /apex/com.android.os.statsd/etc/compatconfig, skipping
11-05 17:57:52.311 D/CompatConfig( 520): No directory /apex/com.android.neuralnetworks/etc/compatconfig, skipping
11-05 17:57:52.311 D/CompatConfig( 520): Found a config file: /apex/com.android.mediaprovider/etc/compatconfig/media-provider-platform-compat-config.xml
11-05 17:57:52.312 I/SystemConfig( 520): Reading permissions from /vendor/etc/permissions/android.software.verified_boot.xml
11-05 17:57:52.313 D/CompatConfig( 520): Adding: com.android.server.compat.config.Change@65e9736
11-05 17:57:52.313 I/SystemConfig( 520): Reading permissions from /vendor/etc/permissions/android.hardware.vulkan.level.xml
11-05 17:57:52.314 D/CompatConfig( 520): Adding: com.android.server.compat.config.Change@3ca97a4
11-05 17:57:52.314 I/SystemConfig( 520): Reading permissions from /vendor/etc/permissions/tv_core_hardware.xml
11-05 17:57:52.314 D/CompatConfig( 520): Adding: com.android.server.compat.config.Change@ef4f0c2
11-05 17:57:52.315 D/CompatConfig( 520): Adding: com.android.server.compat.config.Change@7b1ced3
11-05 17:57:52.315 D/CompatConfig( 520): Adding: com.android.server.compat.config.Change@deb8a10
11-05 17:57:52.316 D/CompatConfig( 520): Adding: com.android.server.compat.config.Change@9bad909
11-05 17:57:52.316 D/CompatConfig( 520): Adding: com.android.server.compat.config.Change@8a5570e
11-05 17:57:52.317 I/SystemConfig( 520): Reading permissions from /vendor/etc/permissions/android.hardware.opengles.aep.xml
11-05 17:57:52.317 D/CompatConfig( 520): No directory /apex/com.android.media.swcodec/etc/compatconfig, skipping
11-05 17:57:52.317 D/CompatConfig( 520): No directory /apex/com.android.media/etc/compatconfig, skipping
11-05 17:57:52.317 D/CompatConfig( 520): No directory /apex/com.android.ipsec/etc/compatconfig, skipping
11-05 17:57:52.317 D/CompatConfig( 520): No directory /apex/com.android.i18n/etc/compatconfig, skipping
11-05 17:57:52.317 D/CompatConfig( 520): No directory /apex/com.android.extservices/etc/compatconfig, skipping
11-05 17:57:52.317 D/CompatConfig( 520): No directory /apex/com.android.conscrypt/etc/compatconfig, skipping
11-05 17:57:52.318 I/SystemConfig( 520): Reading permissions from /vendor/etc/permissions/android.software.pppoe.xml
11-05 17:57:52.318 D/CompatConfig( 520): Found a config file: /apex/com.android.art/etc/compatconfig/libcore-platform-compat-config.xml
11-05 17:57:52.319 I/SystemConfig( 520): Reading permissions from /vendor/etc/permissions/android.software.ipsec_tunnels.xml
11-05 17:57:52.319 D/CompatConfig( 520): Adding: com.android.server.compat.config.Change@75a454b
11-05 17:57:52.320 I/SystemConfig( 520): Reading permissions from /vendor/etc/permissions/android.hardware.usb.accessory.xml
11-05 17:57:52.320 D/CompatConfig( 520): Adding: com.android.server.compat.config.Change@507a041
11-05 17:57:52.321 D/CompatConfig( 520): Adding: com.android.server.compat.config.Change@a5939e6
11-05 17:57:52.321 D/CompatConfig( 520): Adding: com.android.server.compat.config.Change@585eb27
11-05 17:57:52.322 D/CompatConfig( 520): Adding: com.android.server.compat.config.Change@ed531d4
11-05 17:57:52.322 I/SystemConfig( 520): Reading permissions from /vendor/etc/permissions/android.hardware.bluetooth.xml
11-05 17:57:52.323 D/CompatConfig( 520): No directory /apex/com.android.appsearch/etc/compatconfig, skipping
11-05 17:57:52.323 D/CompatConfig( 520): No directory /apex/com.android.adbd/etc/compatconfig, skipping
11-05 17:57:52.324 I/SystemConfig( 520): Reading permissions from /vendor/etc/permissions/android.hardware.keystore.app_attest_key.xml
11-05 17:57:52.325 I/SystemConfig( 520): Reading permissions from /vendor/etc/permissions/id.hardware.camera.xml
11-05 17:57:52.326 I/SystemServerTiming( 520): StartFileIntegrityService
11-05 17:57:52.326 I/SystemServiceManager( 520): Starting com.android.server.security.FileIntegrityService
11-05 17:57:52.326 I/SystemConfig( 520): Reading permissions from /vendor/etc/permissions/android.software.backup.xml
11-05 17:57:52.330 I/SystemConfig( 520): Reading permissions from /vendor/etc/permissions/android.software.midi.xml
11-05 17:57:52.331 I/SystemConfig( 520): Reading permissions from /vendor/etc/permissions/android.hardware.bluetooth_le.xml
11-05 17:57:52.333 I/SystemConfig( 520): Reading permissions from /vendor/etc/permissions/android.hardware.usb.host.xml
11-05 17:57:52.335 I/SystemConfig( 520): Reading permissions from /vendor/etc/permissions/android.hardware.camera.flash-autofocus.xml
11-05 17:57:52.336 I/SystemConfig( 520): Reading permissions from /vendor/etc/permissions/android.hardware.vulkan.version.xml
11-05 17:57:52.338 I/SystemConfig( 520): Reading permissions from /vendor/etc/permissions/android.hardware.wifi.xml
11-05 17:57:52.339 I/SystemConfig( 520): Reading permissions from /vendor/etc/permissions/android.hardware.ethernet.xml
11-05 17:57:52.341 I/SystemConfig( 520): Reading permissions from /vendor/etc/permissions/android.hardware.wifi.direct.xml
11-05 17:57:52.341 I/SystemServerTiming( 520): StartInstaller
11-05 17:57:52.341 I/SystemServiceManager( 520): Starting com.android.server.pm.Installer
11-05 17:57:52.342 I/SystemConfig( 520): Reading permissions from /vendor/etc/permissions/android.hardware.vulkan.compute.xml
11-05 17:57:52.344 D/installd( 352): Found quota mount /dev/block/by-name/userdata at /data
11-05 17:57:52.344 I/SystemConfig( 520): Reading permissions from /vendor/etc/permissions/android.hardware.wifi.passpoint.xml
11-05 17:57:52.344 D/installd( 352): Found quota mount /dev/block/by-name/userdata at /data/user/0
11-05 17:57:52.346 I/SystemConfig( 520): Reading permissions from /vendor/etc/permissions/android.hardware.camera.external.xml
11-05 17:57:52.346 I/SystemServerTiming( 520): DeviceIdentifiersPolicyService
11-05 17:57:52.346 I/SystemServiceManager( 520): Starting com.android.server.os.DeviceIdentifiersPolicyService
11-05 17:57:52.347 I/SystemConfig( 520): Reading permissions from /vendor/etc/permissions/android.software.vulkan.deqp.level.xml
11-05 17:57:52.347 I/SystemServerTiming( 520): UriGrantsManagerService
11-05 17:57:52.347 I/SystemServiceManager( 520): Starting com.android.server.uri.UriGrantsManagerService$Lifecycle
11-05 17:57:52.349 I/SystemConfig( 520): Reading permissions from /vendor/etc/permissions/android.software.opengles.deqp.level.xml
11-05 17:57:52.351 I/SystemConfig( 520): Reading permissions from /vendor/etc/permissions/android.hardware.reboot_escrow.xml
11-05 17:57:52.352 I/SystemServerTiming( 520): StartPowerStatsService
