11-05 17:57:55.448 D/XiriService( 313): check file name: /data/data/com.android.settings.intelligence/lib
11-05 17:57:55.448 D/XiriService( 313): check file name: /data/data/com.android.settings.intelligence/lib
11-05 17:57:55.449 D/XiriService( 313): check file name: /data/data/com.android.settings.intelligence/lib
11-05 17:57:55.448 I/xiriservice_All( 313): type=1400 audit(0.0:277): avc: denied { search } for name="com.android.settings.intelligence" dev="mmcblk0p25" ino=899 scontext=u:r:init:s0 tcontext=u:object_r:privapp_data_file:s0:c512,c768 tclass=dir permissive=1
11-05 17:57:55.452 D/XiriService( 313): check file name: /data/data/com.android.settings.intelligence/lib
11-05 17:57:55.452 D/XiriService( 313): check file name: /data/data/com.android.settings.intelligence/lib
11-05 17:57:55.460 D/XiriService( 313): check file name: /data/data/com.android.internal.systemui.navbar.gestural_extra_wide_back/lib
11-05 17:57:55.460 W/SettingsState( 520): No settings state /data/system/users/0/settings_system.xml
11-05 17:57:55.460 D/XiriService( 313): check file name: /data/data/com.android.internal.systemui.navbar.gestural_extra_wide_back/lib
11-05 17:57:55.461 D/XiriService( 313): check file name: /data/data/com.android.internal.systemui.navbar.gestural_extra_wide_back/lib
11-05 17:57:55.460 I/xiriservice_All( 313): type=1400 audit(0.0:278): avc: denied { search } for name="com.android.internal.systemui.navbar.gestural_extra_wide_back" dev="mmcblk0p25" ino=907 scontext=u:r:init:s0 tcontext=u:object_r:app_data_file:s0:c11,c256,c512,c768 tclass=dir permissive=1
11-05 17:57:55.464 I/SettingsState( 520): directory info for directory/file /data/system/users/0/settings_system.xml with stacktrace
11-05 17:57:55.464 I/SettingsState( 520): java.lang.Exception
11-05 17:57:55.464 I/SettingsState( 520): at com.android.providers.settings.SettingsState.logSettingsDirectoryInformation(SettingsState.java:877)
11-05 17:57:55.464 I/SettingsState( 520): at com.android.providers.settings.SettingsState.readStateSyncLocked(SettingsState.java:1008)
11-05 17:57:55.464 I/SettingsState( 520): at com.android.providers.settings.SettingsState.(SettingsState.java:283)
11-05 17:57:55.464 I/SettingsState( 520): at com.android.providers.settings.SettingsProvider$SettingsRegistry.ensureSettingsStateLocked(SettingsProvider.java:2884)
11-05 17:57:55.464 I/SettingsState( 520): at com.android.providers.settings.SettingsProvider$SettingsRegistry.migrateLegacySettingsForUserLocked(SettingsProvider.java:3260)
11-05 17:57:55.464 I/SettingsState( 520): at com.android.providers.settings.SettingsProvider$SettingsRegistry.migrateAllLegacySettingsIfNeededLocked(SettingsProvider.java:3226)
11-05 17:57:55.464 I/SettingsState( 520): at com.android.providers.settings.SettingsProvider$SettingsRegistry.access$000(SettingsProvider.java:2667)
11-05 17:57:55.464 I/SettingsState( 520): at com.android.providers.settings.SettingsProvider.onCreate(SettingsProvider.java:396)
11-05 17:57:55.464 I/SettingsState( 520): at android.content.ContentProvider.attachInfo(ContentProvider.java:2404)
11-05 17:57:55.464 I/SettingsState( 520): at android.content.ContentProvider.attachInfo(ContentProvider.java:2374)
11-05 17:57:55.464 I/SettingsState( 520): at android.app.ActivityThread.installProvider(ActivityThread.java:7437)
11-05 17:57:55.464 I/SettingsState( 520): at android.app.ActivityThread.installContentProviders(ActivityThread.java:6954)
11-05 17:57:55.464 I/SettingsState( 520): at android.app.ActivityThread.installSystemProviders(ActivityThread.java:7624)
11-05 17:57:55.464 I/SettingsState( 520): at com.android.server.am.ContentProviderHelper.installSystemProviders(ContentProviderHelper.java:1247)
11-05 17:57:55.464 I/SettingsState( 520): at com.android.server.SystemServer.startOtherServices(SystemServer.java:1507)
11-05 17:57:55.464 I/SettingsState( 520): at com.android.server.SystemServer.run(SystemServer.java:928)
11-05 17:57:55.464 I/SettingsState( 520): at com.android.server.SystemServer.main(SystemServer.java:628)
11-05 17:57:55.464 I/SettingsState( 520): at java.lang.reflect.Method.invoke(Native Method)
11-05 17:57:55.464 I/SettingsState( 520): at com.android.internal.os.RuntimeInit$MethodAndArgsCaller.run(RuntimeInit.java:548)
11-05 17:57:55.464 I/SettingsState( 520): at com.android.internal.os.ZygoteInit.main(ZygoteInit.java:1160)
11-05 17:57:55.464 I/SettingsState( 520): ancestor directory /data/system/users/0 exists
11-05 17:57:55.464 I/SettingsState( 520): ancestor directory /data/system/users/0 permissions: r: true w: true x: true
11-05 17:57:55.465 I/SettingsState( 520): ancestor's parent directory /data/system/users permissions: r: true w: true x: true
11-05 17:57:55.465 D/XiriService( 313): check file name: /data/data/com.android.internal.systemui.navbar.gestural_extra_wide_back/lib
11-05 17:57:55.466 D/XiriService( 313): check file name: /data/data/com.android.internal.systemui.navbar.gestural_extra_wide_back/lib
11-05 17:57:55.475 D/XiriService( 313): check file name: /data/data/com.dangbei.leard.leradlauncher/lib
11-05 17:57:55.475 D/XiriService( 313): check file name: /data/data/com.dangbei.leard.leradlauncher/lib
11-05 17:57:55.476 W/SettingsState( 520): No settings state /data/system/users/0/settings_secure.xml
11-05 17:57:55.476 D/XiriService( 313): check file name: /data/data/com.dangbei.leard.leradlauncher/lib
11-05 17:57:55.472 I/xiriservice_All( 313): type=1400 audit(0.0:279): avc: denied { search } for name="com.dangbei.leard.leradlauncher" dev="mmcblk0p25" ino=916 scontext=u:r:init:s0 tcontext=u:object_r:system_app_data_file:s0 tclass=dir permissive=1
11-05 17:57:55.476 I/SettingsState( 520): directory info for directory/file /data/system/users/0/settings_secure.xml with stacktrace
11-05 17:57:55.476 I/SettingsState( 520): java.lang.Exception
11-05 17:57:55.476 I/SettingsState( 520): at com.android.providers.settings.SettingsState.logSettingsDirectoryInformation(SettingsState.java:877)
11-05 17:57:55.476 I/SettingsState( 520): at com.android.providers.settings.SettingsState.readStateSyncLocked(SettingsState.java:1008)
11-05 17:57:55.476 I/SettingsState( 520): at com.android.providers.settings.SettingsState.(SettingsState.java:283)
11-05 17:57:55.476 I/SettingsState( 520): at com.android.providers.settings.SettingsProvider$SettingsRegistry.ensureSettingsStateLocked(SettingsProvider.java:2884)
11-05 17:57:55.476 I/SettingsState( 520): at com.android.providers.settings.SettingsProvider$SettingsRegistry.migrateLegacySettingsForUserLocked(SettingsProvider.java:3269)
11-05 17:57:55.476 I/SettingsState( 520): at com.android.providers.settings.SettingsProvider$SettingsRegistry.migrateAllLegacySettingsIfNeededLocked(SettingsProvider.java:3226)
11-05 17:57:55.476 I/SettingsState( 520): at com.android.providers.settings.SettingsProvider$SettingsRegistry.access$000(SettingsProvider.java:2667)
11-05 17:57:55.476 I/SettingsState( 520): at com.android.providers.settings.SettingsProvider.onCreate(SettingsProvider.java:396)
11-05 17:57:55.476 I/SettingsState( 520): at android.content.ContentProvider.attachInfo(ContentProvider.java:2404)
11-05 17:57:55.476 I/SettingsState( 520): at android.content.ContentProvider.attachInfo(ContentProvider.java:2374)
11-05 17:57:55.476 I/SettingsState( 520): at android.app.ActivityThread.installProvider(ActivityThread.java:7437)
11-05 17:57:55.476 I/SettingsState( 520): at android.app.ActivityThread.installContentProviders(ActivityThread.java:6954)
11-05 17:57:55.476 I/SettingsState( 520): at android.app.ActivityThread.installSystemProviders(ActivityThread.java:7624)
11-05 17:57:55.476 I/SettingsState( 520): at com.android.server.am.ContentProviderHelper.installSystemProviders(ContentProviderHelper.java:1247)
11-05 17:57:55.476 I/SettingsState( 520): at com.android.server.SystemServer.startOtherServices(SystemServer.java:1507)
11-05 17:57:55.476 I/SettingsState( 520): at com.android.server.SystemServer.run(SystemServer.java:928)
11-05 17:57:55.476 I/SettingsState( 520): at com.android.server.SystemServer.main(SystemServer.java:628)
11-05 17:57:55.476 I/SettingsState( 520): at java.lang.reflect.Method.invoke(Native Method)
11-05 17:57:55.476 I/SettingsState( 520): at com.android.internal.os.RuntimeInit$MethodAndArgsCaller.run(RuntimeInit.java:548)
11-05 17:57:55.476 I/SettingsState( 520): at com.android.internal.os.ZygoteInit.main(ZygoteInit.java:1160)
11-05 17:57:55.476 I/SettingsState( 520): ancestor directory /data/system/users/0 exists
11-05 17:57:55.476 I/SettingsState( 520): ancestor directory /data/system/users/0 permissions: r: true w: true x: true
11-05 17:57:55.477 I/SettingsState( 520): ancestor's parent directory /data/system/users permissions: r: true w: true x: true
11-05 17:57:55.479 D/XiriService( 313): check file name: /data/data/com.dangbei.leard.leradlauncher/lib
11-05 17:57:55.479 D/XiriService( 313): check file name: /data/data/com.dangbei.leard.leradlauncher/lib
11-05 17:57:55.480 D/SettingsProvider( 520): Generated and saved new ANDROID_ID [6d1661e05ec09224] for user 0
11-05 17:57:55.485 D/XiriService( 313): check file name: /data/data/com.android.sharedstoragebackup/lib
11-05 17:57:55.486 D/XiriService( 313): check file name: /data/data/com.android.sharedstoragebackup/lib
11-05 17:57:55.486 W/SettingsState( 520): No settings state /data/system/users/0/settings_global.xml
11-05 17:57:55.486 I/SettingsState( 520): directory info for directory/file /data/system/users/0/settings_global.xml with stacktrace
11-05 17:57:55.486 I/SettingsState( 520): java.lang.Exception
11-05 17:57:55.486 I/SettingsState( 520): at com.android.providers.settings.SettingsState.logSettingsDirectoryInformation(SettingsState.java:877)
11-05 17:57:55.486 I/SettingsState( 520): at com.android.providers.settings.SettingsState.readStateSyncLocked(SettingsState.java:1008)
11-05 17:57:55.486 I/SettingsState( 520): at com.android.providers.settings.SettingsState.(SettingsState.java:283)
11-05 17:57:55.486 I/SettingsState( 520): at com.android.providers.settings.SettingsProvider$SettingsRegistry.ensureSettingsStateLocked(SettingsProvider.java:2884)
11-05 17:57:55.486 I/SettingsState( 520): at com.android.providers.settings.SettingsProvider$SettingsRegistry.migrateLegacySettingsForUserLocked(SettingsProvider.java:3280)
11-05 17:57:55.486 I/SettingsState( 520): at com.android.providers.settings.SettingsProvider$SettingsRegistry.migrateAllLegacySettingsIfNeededLocked(SettingsProvider.java:3226)
11-05 17:57:55.486 I/SettingsState( 520): at com.android.providers.settings.SettingsProvider$SettingsRegistry.access$000(SettingsProvider.java:2667)
11-05 17:57:55.486 I/SettingsState( 520): at com.android.providers.settings.SettingsProvider.onCreate(SettingsProvider.java:396)
11-05 17:57:55.486 I/SettingsState( 520): at android.content.ContentProvider.attachInfo(ContentProvider.java:2404)
11-05 17:57:55.486 I/SettingsState( 520): at android.content.ContentProvider.attachInfo(ContentProvider.java:2374)
11-05 17:57:55.486 I/SettingsState( 520): at android.app.ActivityThread.installProvider(ActivityThread.java:7437)
11-05 17:57:55.486 I/SettingsState( 520): at android.app.ActivityThread.installContentProviders(ActivityThread.java:6954)
11-05 17:57:55.486 I/SettingsState( 520): at android.app.ActivityThread.installSystemProviders(ActivityThread.java:7624)
11-05 17:57:55.486 I/SettingsState( 520): at com.android.server.am.ContentProviderHelper.installSystemProviders(ContentProviderHelper.java:1247)
11-05 17:57:55.486 I/SettingsState( 520): at com.android.server.SystemServer.startOtherServices(SystemServer.java:1507)
11-05 17:57:55.486 I/SettingsState( 520): at com.android.server.SystemServer.run(SystemServer.java:928)
11-05 17:57:55.486 I/SettingsState( 520): at com.android.server.SystemServer.main(SystemServer.java:628)
11-05 17:57:55.486 I/SettingsState( 520): at java.lang.reflect.Method.invoke(Native Method)
11-05 17:57:55.486 I/SettingsState( 520): at com.android.internal.os.RuntimeInit$MethodAndArgsCaller.run(RuntimeInit.java:548)
11-05 17:57:55.486 I/SettingsState( 520): at com.android.internal.os.ZygoteInit.main(ZygoteInit.java:1160)
11-05 17:57:55.486 I/SettingsState( 520): ancestor directory /data/system/users/0 exists
11-05 17:57:55.486 I/SettingsState( 520): ancestor directory /data/system/users/0 permissions: r: true w: true x: true
11-05 17:57:55.486 I/SettingsState( 520): ancestor's parent directory /data/system/users permissions: r: true w: true x: true
11-05 17:57:55.486 D/XiriService( 313): check file name: /data/data/com.android.sharedstoragebackup/lib
11-05 17:57:55.490 D/XiriService( 313): check file name: /data/data/com.android.sharedstoragebackup/lib
11-05 17:57:55.490 D/XiriService( 313): check file name: /data/data/com.android.sharedstoragebackup/lib
11-05 17:57:55.495 I/update_engine( 379): [INFO:cleanup_previous_update_action.cc(112)] Executing task 5
11-05 17:57:55.495 D/XiriService( 313): check file name: /data/data/com.android.printspooler/lib
11-05 17:57:55.495 D/XiriService( 313): check file name: /data/data/com.android.printspooler/lib
11-05 17:57:55.500 D/XiriService( 313): check file name: /data/data/com.android.printspooler/lib
11-05 17:57:55.496 I/xiriservice_All( 313): type=1400 audit(0.0:280): avc: denied { search } for name="com.android.printspooler" dev="mmcblk0p25" ino=934 scontext=u:r:init:s0 tcontext=u:object_r:app_data_file:s0:c36,c256,c512,c768 tclass=dir permissive=1
11-05 17:57:55.503 I/update_engine( 379): [INFO:cleanup_previous_update_action.cc(124)] CleanupPreviousUpdateAction scheduled task ID 6 for WaitBootCompleted
11-05 17:57:55.507 D/SettingsProvider( 520): Setting [] as Autofill Service for user 0
11-05 17:57:55.508 D/XiriService( 313): check file name: /data/data/com.android.printspooler/lib
11-05 17:57:55.508 D/XiriService( 313): check file name: /data/data/com.android.printspooler/lib
11-05 17:57:55.515 D/XiriService( 313): check file name: /data/data/com.android.dreams.basic/lib
11-05 17:57:55.515 D/XiriService( 313): check file name: /data/data/com.android.dreams.basic/lib
11-05 17:57:55.516 D/XiriService( 313): check file name: /data/data/com.android.dreams.basic/lib
11-05 17:57:55.512 I/xiriservice_All( 313): type=1400 audit(0.0:281): avc: denied { search } for name="com.android.dreams.basic" dev="mmcblk0p25" ino=944 scontext=u:r:init:s0 tcontext=u:object_r:app_data_file:s0:c45,c256,c512,c768 tclass=dir permissive=1
11-05 17:57:55.521 D/XiriService( 313): check file name: /data/data/com.android.dreams.basic/lib
11-05 17:57:55.521 D/XiriService( 313): check file name: /data/data/com.android.dreams.basic/lib
11-05 17:57:55.528 D/XiriService( 313): check file name: /data/data/com.android.webview/lib
11-05 17:57:55.528 D/XiriService( 313): check file name: /data/data/com.android.webview/lib
11-05 17:57:55.529 D/XiriService( 313): check file name: /data/data/com.android.webview/lib
11-05 17:57:55.528 I/xiriservice_All( 313): type=1400 audit(0.0:282): avc: denied { search } for name="com.android.webview" dev="mmcblk0p25" ino=953 scontext=u:r:init:s0 tcontext=u:object_r:app_data_file:s0:c60,c256,c512,c768 tclass=dir permissive=1
11-05 17:57:55.531 W/SettingsState( 520): No settings state /data/system/users/0/settings_config.xml
11-05 17:57:55.532 I/SettingsState( 520): directory info for directory/file /data/system/users/0/settings_config.xml with stacktrace
11-05 17:57:55.532 I/SettingsState( 520): java.lang.Exception
11-05 17:57:55.532 I/SettingsState( 520): at com.android.providers.settings.SettingsState.logSettingsDirectoryInformation(SettingsState.java:877)
11-05 17:57:55.532 I/SettingsState( 520): at com.android.providers.settings.SettingsState.readStateSyncLocked(SettingsState.java:1008)
11-05 17:57:55.532 I/SettingsState( 520): at com.android.providers.settings.SettingsState.(SettingsState.java:283)
11-05 17:57:55.532 I/SettingsState( 520): at com.android.providers.settings.SettingsProvider$SettingsRegistry.ensureSettingsStateLocked(SettingsProvider.java:2884)
11-05 17:57:55.532 I/SettingsState( 520): at com.android.providers.settings.SettingsProvider$SettingsRegistry.ensureSettingsForUserLocked(SettingsProvider.java:2849)
11-05 17:57:55.532 I/SettingsState( 520): at com.android.providers.settings.SettingsProvider$SettingsRegistry.peekSettingsStateLocked(SettingsProvider.java:3201)
11-05 17:57:55.532 I/SettingsState( 520): at com.android.providers.settings.SettingsProvider$SettingsRegistry.getSettingsNamesLocked(SettingsProvider.java:2814)
11-05 17:57:55.532 I/SettingsState( 520): at com.android.providers.settings.SettingsProvider$SettingsRegistry.syncSsaidTableOnStartLocked(SettingsProvider.java:2797)
11-05 17:57:55.532 I/SettingsState( 520): at com.android.providers.settings.SettingsProvider$SettingsRegistry.access$100(SettingsProvider.java:2667)
11-05 17:57:55.532 I/SettingsState( 520): at com.android.providers.settings.SettingsProvider.onCreate(SettingsProvider.java:397)
11-05 17:57:55.532 I/SettingsState( 520): at android.content.ContentProvider.attachInfo(ContentProvider.java:2404)
11-05 17:57:55.532 I/SettingsState( 520): at android.content.ContentProvider.attachInfo(ContentProvider.java:2374)
11-05 17:57:55.532 I/SettingsState( 520): at android.app.ActivityThread.installProvider(ActivityThread.java:7437)
11-05 17:57:55.532 I/SettingsState( 520): at android.app.ActivityThread.installContentProviders(ActivityThread.java:6954)
11-05 17:57:55.532 I/SettingsState( 520): at android.app.ActivityThread.installSystemProviders(ActivityThread.java:7624)
11-05 17:57:55.532 I/SettingsState( 520): at com.android.server.am.ContentProviderHelper.installSystemProviders(ContentProviderHelper.java:1247)
11-05 17:57:55.532 I/SettingsState( 520): at com.android.server.SystemServer.startOtherServices(SystemServer.java:1507)
11-05 17:57:55.532 I/SettingsState( 520): at com.android.server.SystemServer.run(SystemServer.java:928)
11-05 17:57:55.532 I/SettingsState( 520): at com.android.server.SystemServer.main(SystemServer.java:628)
11-05 17:57:55.532 I/SettingsState( 520): at java.lang.reflect.Method.invoke(Native Method)
11-05 17:57:55.532 I/SettingsState( 520): at com.android.internal.os.RuntimeInit$MethodAndArgsCaller.run(RuntimeInit.java:548)
11-05 17:57:55.532 I/SettingsState( 520): at com.android.internal.os.ZygoteInit.main(ZygoteInit.java:1160)
11-05 17:57:55.532 D/XiriService( 313): check file name: /data/data/com.android.webview/lib
11-05 17:57:55.532 D/XiriService( 313): check file name: /data/data/com.android.webview/lib
11-05 17:57:55.532 I/SettingsState( 520): ancestor directory /data/system/users/0 exists
11-05 17:57:55.532 I/SettingsState( 520): ancestor directory /data/system/users/0 permissions: r: true w: true x: true
11-05 17:57:55.532 I/SettingsState( 520): ancestor's parent directory /data/system/users permissions: r: true w: true x: true
11-05 17:57:55.533 W/SettingsState( 520): No settings state /data/system/users/0/settings_ssaid.xml
11-05 17:57:55.534 I/SettingsState( 520): directory info for directory/file /data/system/users/0/settings_ssaid.xml with stacktrace
11-05 17:57:55.534 I/SettingsState( 520): java.lang.Exception
11-05 17:57:55.534 I/SettingsState( 520): at com.android.providers.settings.SettingsState.logSettingsDirectoryInformation(SettingsState.java:877)
11-05 17:57:55.534 I/SettingsState( 520): at com.android.providers.settings.SettingsState.readStateSyncLocked(SettingsState.java:1008)
11-05 17:57:55.534 I/SettingsState( 520): at com.android.providers.settings.SettingsState.(SettingsState.java:283)
11-05 17:57:55.534 I/SettingsState( 520): at com.android.providers.settings.SettingsProvider$SettingsRegistry.ensureSettingsStateLocked(SettingsProvider.java:2884)
11-05 17:57:55.534 I/SettingsState( 520): at com.android.providers.settings.SettingsProvider$SettingsRegistry.ensureSettingsForUserLocked(SettingsProvider.java:2872)
11-05 17:57:55.534 I/SettingsState( 520): at com.android.providers.settings.SettingsProvider$SettingsRegistry.peekSettingsStateLocked(SettingsProvider.java:3201)
11-05 17:57:55.534 I/SettingsState( 520): at com.android.providers.settings.SettingsProvider$SettingsRegistry.getSettingsNamesLocked(SettingsProvider.java:2814)
11-05 17:57:55.534 I/SettingsState( 520): at com.android.providers.settings.SettingsProvider$SettingsRegistry.syncSsaidTableOnStartLocked(SettingsProvider.java:2797)
11-05 17:57:55.534 I/SettingsState( 520): at com.android.providers.settings.SettingsProvider$SettingsRegistry.access$100(SettingsProvider.java:2667)
11-05 17:57:55.534 I/SettingsState( 520): at com.android.providers.settings.SettingsProvider.onCreate(SettingsProvider.java:397)
11-05 17:57:55.534 I/SettingsState( 520): at android.content.ContentProvider.attachInfo(ContentProvider.java:2404)
11-05 17:57:55.534 I/SettingsState( 520): at android.content.ContentProvider.attachInfo(ContentProvider.java:2374)
11-05 17:57:55.534 I/SettingsState( 520): at android.app.ActivityThread.installProvider(ActivityThread.java:7437)
11-05 17:57:55.534 I/SettingsState( 520): at android.app.ActivityThread.installContentProviders(ActivityThread.java:6954)
11-05 17:57:55.534 I/SettingsState( 520): at android.app.ActivityThread.installSystemProviders(ActivityThread.java:7624)
11-05 17:57:55.534 I/SettingsState( 520): at com.android.server.am.ContentProviderHelper.installSystemProviders(ContentProviderHelper.java:1247)
11-05 17:57:55.534 I/SettingsState( 520): at com.android.server.SystemServer.startOtherServices(SystemServer.java:1507)
11-05 17:57:55.534 I/SettingsState( 520): at com.android.server.SystemServer.run(SystemServer.java:928)
11-05 17:57:55.534 I/SettingsState( 520): at com.android.server.SystemServer.main(SystemServer.java:628)
11-05 17:57:55.534 I/SettingsState( 520): at java.lang.reflect.Method.invoke(Native Method)
11-05 17:57:55.534 I/SettingsState( 520): at com.android.internal.os.RuntimeInit$MethodAndArgsCaller.run(RuntimeInit.java:548)
11-05 17:57:55.534 I/SettingsState( 520): at com.android.internal.os.ZygoteInit.main(ZygoteInit.java:1160)
11-05 17:57:55.534 I/SettingsState( 520): ancestor directory /data/system/users/0 exists
11-05 17:57:55.534 I/SettingsState( 520): ancestor directory /data/system/users/0 permissions: r: true w: true x: true
11-05 17:57:55.534 I/SettingsState( 520): ancestor's parent directory /data/system/users permissions: r: true w: true x: true
11-05 17:57:55.538 D/XiriService( 313): check file name: /data/data/com.android.se/lib
11-05 17:57:55.540 D/XiriService( 313): check file name: /data/data/com.android.se/lib
11-05 17:57:55.540 D/XiriService( 313): check file name: /data/data/com.android.se/lib
11-05 17:57:55.543 D/XiriService( 313): check file name: /data/data/com.android.tv/lib
11-05 17:57:55.543 D/XiriService( 313): check file name: /data/data/com.android.tv/lib
11-05 17:57:55.544 D/XiriService( 313): check file name: /data/data/com.android.tv/lib
11-05 17:57:55.547 D/XiriService( 313): check file name: /data/data/com.android.tv/lib
11-05 17:57:55.547 D/XiriService( 313): check file name: /data/data/com.android.tv/lib
11-05 17:57:55.552 D/XiriService( 313): check file name: /data/data/com.android.bips/lib
11-05 17:57:55.552 D/XiriService( 313): check file name: /data/data/com.android.bips/lib
11-05 17:57:55.553 D/XiriService( 313): check file name: /data/data/com.android.bips/lib
11-05 17:57:55.555 D/ActivityManager( 520): Freezer enabled
11-05 17:57:55.555 D/ActivityManager( 520): freezer override set to false
11-05 17:57:55.555 I/SystemServerTiming( 520): StartDropBoxManager
11-05 17:57:55.555 I/SystemServiceManager( 520): Starting com.android.server.DropBoxManagerService
11-05 17:57:55.556 I/SystemServerTiming( 520): StartRoleManagerService
11-05 17:57:55.557 D/XiriService( 313): check file name: /data/data/com.android.bips/lib
11-05 17:57:55.557 I/SystemServiceManager( 520): Starting com.android.role.RoleService
11-05 17:57:55.557 D/XiriService( 313): check file name: /data/data/com.android.bips/lib
11-05 17:57:55.562 D/XiriService( 313): check file name: /data/data/com.oranth.inputmacsn/lib
11-05 17:57:55.562 D/XiriService( 313): check file name: /data/data/com.oranth.inputmacsn/lib
11-05 17:57:55.562 I/SystemServerTiming( 520): StartVibratorManagerService
11-05 17:57:55.562 I/SystemServiceManager( 520): Starting com.android.server.vibrator.VibratorManagerService$Lifecycle
11-05 17:57:55.563 D/XiriService( 313): check file name: /data/data/com.oranth.inputmacsn/lib
11-05 17:57:55.566 D/XiriService( 313): check file name: /data/data/com.oranth.inputmacsn/lib
11-05 17:57:55.566 D/XiriService( 313): check file name: /data/data/com.oranth.inputmacsn/lib
11-05 17:57:55.566 E/servicemanager( 179): Could not find android.hardware.vibrator.IVibratorManager/default in the VINTF manifest.
11-05 17:57:55.566 E/servicemanager( 179): Could not find android.hardware.vibrator.IVibrator/default in the VINTF manifest.
11-05 17:57:55.567 I/hwservicemanager( 180): getTransport: Cannot find entry android.hardware.vibrator@1.0::IVibrator/default in either framework or device VINTF manifest.
11-05 17:57:55.569 I/SystemServerTiming( 520): StartDynamicSystemService
11-05 17:57:55.569 I/SystemServerTiming( 520): StartConsumerIrService
11-05 17:57:55.570 I/hwservicemanager( 180): getTransport: Cannot find entry android.hardware.ir@1.0::IConsumerIr/default in either framework or device VINTF manifest.
11-05 17:57:55.570 D/XiriService( 313): check file name: /data/data/com.android.musicfx/lib
11-05 17:57:55.571 D/XiriService( 313): check file name: /data/data/com.android.musicfx/lib
11-05 17:57:55.571 I/SystemServerTiming( 520): StartAlarmManagerService
11-05 17:57:55.571 D/XiriService( 313): check file name: /data/data/com.android.musicfx/lib
11-05 17:57:55.572 I/SystemServiceManager( 520): Starting com.android.server.alarm.AlarmManagerService
11-05 17:57:55.574 D/XiriService( 313): check file name: /data/data/com.android.musicfx/lib
11-05 17:57:55.575 D/XiriService( 313): check file name: /data/data/com.android.musicfx/lib
11-05 17:57:55.575 D/XM_HIDREAD( 316): add@ add@/devices/virtual/wakeup/wakeup13
11-05 17:57:55.572 I/xiriservice_All( 323): type=1400 audit(0.0:283): avc: denied { read } for scontext=u:r:init:s0 tcontext=u:r:init:s0 tclass=netlink_kobject_uevent_socket permissive=1
11-05 17:57:55.577 D/XM_HIDREAD( 316): add@ add@/devices/virtual/wakeup/wakeup14
11-05 17:57:55.577 D/XM_HIDREAD( 316): add@ add@/devices/virtual/wakeup/wakeup15
11-05 17:57:55.577 D/XM_HIDREAD( 316): add@ add@/devices/virtual/wakeup/wakeup16
11-05 17:57:55.579 D/XM_HIDREAD( 316): add@ add@/devices/virtual/wakeup/wakeup17
11-05 17:57:55.579 D/AlarmManagerService( 520): Kernel timezone updated to -480 minutes west of GMT
11-05 17:57:55.579 D/XM_HIDREAD( 316): add@ add@/devices/virtual/wakeup/wakeup18
11-05 17:57:55.579 D/XM_HIDREAD( 316): add@ add@/devices/virtual/wakeup/wakeup19
11-05 17:57:55.581 D/CompatibilityChangeReporter( 520): Compat change id reported: 160794467; UID 1000; state: ENABLED
11-05 17:57:55.582 D/XiriService( 313): check file name: /data/data/com.dangbei.hqguide/lib
11-05 17:57:55.582 D/XiriService( 313): check file name: /data/data/com.dangbei.hqguide/lib
11-05 17:57:55.583 D/XiriService( 313): check file name: /data/data/com.dangbei.hqguide/lib
11-05 17:57:55.587 I/SystemServerTiming( 520): StartInputManagerService
11-05 17:57:55.588 D/XiriService( 313): check file name: /data/data/com.dangbei.hqguide/lib
11-05 17:57:55.588 D/XiriService( 313): check file name: /data/data/com.dangbei.hqguide/lib
11-05 17:57:55.589 I/InputManager( 520): Initializing input manager, mUseDevInputEventForAudioJack=true
11-05 17:57:55.591 I/ServiceManager( 240): Waiting for service 'statscompanion' on '/dev/binder'...
11-05 17:57:55.591 D/XM_HIDREAD( 316): add@ add@/devices/virtual/wakeup/wakeup20
11-05 17:57:55.592 D/XM_HIDREAD( 316): add@ add@/devices/virtual/wakeup/wakeup21
11-05 17:57:55.592 D/XM_HIDREAD( 316): add@ add@/devices/virtual/wakeup/wakeup22
11-05 17:57:55.595 I/SystemServerTiming( 520): DeviceStateManagerService
11-05 17:57:55.595 I/SystemServiceManager( 520): Starting com.android.server.devicestate.DeviceStateManagerService
11-05 17:57:55.595 D/XiriService( 313): check file name: /data/data/com.android.onetimeinitializer/lib
11-05 17:57:55.596 D/XiriService( 313): check file name: /data/data/com.android.onetimeinitializer/lib
11-05 17:57:55.599 D/XiriService( 313): check file name: /data/data/com.android.onetimeinitializer/lib
11-05 17:57:55.599 I/SystemServerTiming( 520): StartCameraServiceProxy
11-05 17:57:55.599 D/XiriService( 313): check file name: /data/data/com.android.onetimeinitializer/lib
11-05 17:57:55.599 I/SystemServiceManager( 520): Starting com.android.server.camera.CameraServiceProxy
11-05 17:57:55.602 I/SystemServerTiming( 520): StartWindowManagerService
11-05 17:57:55.602 I/SystemServiceManager( 520): Starting phase 200
11-05 17:57:55.602 I/SystemServerTiming( 520): OnBootPhase_200
11-05 17:57:55.605 D/XiriService( 313): check file name: /data/data/com.android.keychain/lib
11-05 17:57:55.605 D/XiriService( 313): check file name: /data/data/com.android.keychain/lib
11-05 17:57:55.605 I/WindowManager( 520): No existing display settings, starting empty
11-05 17:57:55.605 D/XiriService( 313): check file name: /data/data/com.android.keychain/lib
11-05 17:57:55.606 I/WindowManager( 520): No existing display settings, starting empty
11-05 17:57:55.608 D/XiriService( 313): check file name: /data/data/com.android.keychain/lib
11-05 17:57:55.608 D/XiriService( 313): check file name: /data/data/com.android.keychain/lib
11-05 17:57:55.612 I/WindowTracing( 520): Setting window tracing log level to 1
11-05 17:57:55.612 I/WindowTracing( 520): Setting window tracing buffer capacity to 2097152bytes
11-05 17:57:55.613 D/XiriService( 313): check file name: /data/data/com.android.printservice.recommendation/lib
11-05 17:57:55.614 D/XiriService( 313): check file name: /data/data/com.android.printservice.recommendation/lib
11-05 17:57:55.615 D/XiriService( 313): check file name: /data/data/com.android.printservice.recommendation/lib
11-05 17:57:55.612 I/xiriservice_All( 313): type=1400 audit(0.0:284): avc: denied { search } for name="com.android.printservice.recommendation" dev="mmcblk0p25" ino=1025 scontext=u:r:init:s0 tcontext=u:object_r:app_data_file:s0:c51,c256,c512,c768 tclass=dir permissive=1
11-05 17:57:55.618 D/XiriService( 313): check file name: /data/data/com.android.printservice.recommendation/lib
11-05 17:57:55.618 D/XiriService( 313): check file name: /data/data/com.android.printservice.recommendation/lib
11-05 17:57:55.624 I/SystemServerTiming( 520): SetWindowManagerService
11-05 17:57:55.626 D/XiriService( 313): check file name: /data/data/com.google.android.networkstack.tetheringconfig/lib
11-05 17:57:55.626 D/XiriService( 313): check file name: /data/data/com.google.android.networkstack.tetheringconfig/lib
11-05 17:57:55.627 D/XiriService( 313): check file name: /data/data/com.google.android.networkstack.tetheringconfig/lib
11-05 17:57:55.624 I/xiriservice_All( 313): type=1400 audit(0.0:285): avc: denied { search } for name="com.google.android.networkstack.tetheringconfig" dev="mmcblk0p25" ino=1033 scontext=u:r:init:s0 tcontext=u:object_r:app_data_file:s0:c4,c256,c512,c768 tclass=dir permissive=1
11-05 17:57:55.631 D/XiriService( 313): check file name: /data/data/com.google.android.networkstack.tetheringconfig/lib
11-05 17:57:55.631 D/XiriService( 313): check file name: /data/data/com.google.android.networkstack.tetheringconfig/lib
11-05 17:57:55.631 I/InputDispatcher( 520): Created monitor PointerEventDispatcher0 for display 0, gesture=false, pid=520
11-05 17:57:55.639 D/XiriService( 313): check file name: /data/data/com.android.localtransport/lib
11-05 17:57:55.639 D/XiriService( 313): check file name: /data/data/com.android.localtransport/lib
11-05 17:57:55.642 D/XiriService( 313): check file name: /data/data/com.android.localtransport/lib
11-05 17:57:55.642 D/XiriService( 313): check file name: /data/data/com.android.localtransport/lib
11-05 17:57:55.648 D/XiriService( 313): check file name: /data/data/com.android.packageinstaller/lib
11-05 17:57:55.648 D/XiriService( 313): check file name: /data/data/com.android.packageinstaller/lib
11-05 17:57:55.649 D/XiriService( 313): check file name: /data/data/com.android.packageinstaller/lib
11-05 17:57:55.652 D/XiriService( 313): check file name: /data/data/com.android.packageinstaller/lib
11-05 17:57:55.652 D/XiriService( 313): check file name: /data/data/com.android.packageinstaller/lib
11-05 17:57:55.658 D/XiriService( 313): check file name: /data/data/com.android.theme.font.notoserifsource/lib
11-05 17:57:55.658 D/XiriService( 313): check file name: /data/data/com.android.theme.font.notoserifsource/lib
11-05 17:57:55.659 D/XiriService( 313): check file name: /data/data/com.android.theme.font.notoserifsource/lib
11-05 17:57:55.656 I/xiriservice_All( 313): type=1400 audit(0.0:286): avc: denied { search } for name="com.android.theme.font.notoserifsource" dev="mmcblk0p25" ino=1057 scontext=u:r:init:s0 tcontext=u:object_r:app_data_file:s0:c8,c256,c512,c768 tclass=dir permissive=1
11-05 17:57:55.663 D/XiriService( 313): check file name: /data/data/com.android.theme.font.notoserifsource/lib
11-05 17:57:55.663 D/XiriService( 313): check file name: /data/data/com.android.theme.font.notoserifsource/lib
11-05 17:57:55.667 I/ActivityTaskManager( 520): Loaded persisted task ids for user 0
11-05 17:57:55.669 D/XiriService( 313): check file name: /data/data/com.android.managedprovisioning/lib
11-05 17:57:55.670 D/XiriService( 313): check file name: /data/data/com.android.managedprovisioning/lib
11-05 17:57:55.670 D/XiriService( 313): check file name: /data/data/com.android.managedprovisioning/lib
11-05 17:57:55.673 I/SystemServerTiming( 520): WindowManagerServiceOnInitReady
11-05 17:57:55.675 D/XiriService( 313): check file name: /data/data/com.android.managedprovisioning/lib
11-05 17:57:55.675 D/XiriService( 313): check file name: /data/data/com.android.managedprovisioning/lib
11-05 17:57:55.680 D/XiriService( 313): check file name: /data/data/com.oranth.usbopenft/lib
11-05 17:57:55.680 D/XiriService( 313): check file name: /data/data/com.oranth.usbopenft/lib
11-05 17:57:55.681 D/XiriService( 313): check file name: /data/data/com.oranth.usbopenft/lib
11-05 17:57:55.684 D/XiriService( 313): check file name: /data/data/com.oranth.usbopenft/lib
11-05 17:57:55.684 D/XiriService( 313): check file name: /data/data/com.oranth.usbopenft/lib
11-05 17:57:55.686 D/ExtconUEventObserver( 520): FilenameExtconByName: /sys/class/extcon/extcon0
11-05 17:57:55.689 W/WindowManager( 520): /sys/class/extcon/hdmi/state not found while attempting to determine initial state
11-05 17:57:55.689 W/WindowManager( 520): java.io.FileNotFoundException: /sys/class/extcon/hdmi/state: open failed: ENOENT (No such file or directory)
11-05 17:57:55.689 W/WindowManager( 520): at libcore.io.IoBridge.open(IoBridge.java:575)
11-05 17:57:55.689 W/WindowManager( 520): at java.io.FileInputStream.(FileInputStream.java:160)
11-05 17:57:55.689 W/WindowManager( 520): at android.os.FileUtils.readTextFile(FileUtils.java:637)
11-05 17:57:55.689 W/WindowManager( 520): at com.android.server.ExtconStateObserver.parseStateFromFile(ExtconStateObserver.java:49)
11-05 17:57:55.689 W/WindowManager( 520): at com.android.server.policy.PhoneWindowManager$HdmiVideoExtconUEventObserver.init(PhoneWindowManager.java:5666)
11-05 17:57:55.689 W/WindowManager( 520): at com.android.server.policy.PhoneWindowManager$HdmiVideoExtconUEventObserver.access$5200(PhoneWindowManager.java:5658)
11-05 17:57:55.689 W/WindowManager( 520): at com.android.server.policy.PhoneWindowManager.initializeHdmiStateInternal(PhoneWindowManager.java:3425)
11-05 17:57:55.689 W/WindowManager( 520): at com.android.server.policy.PhoneWindowManager.initializeHdmiState(PhoneWindowManager.java:3389)
11-05 17:57:55.689 W/WindowManager( 520): at com.android.server.policy.PhoneWindowManager.init(PhoneWindowManager.java:1821)
11-05 17:57:55.689 W/WindowManager( 520): at com.android.server.policy.TvWindowManager.init(TvWindowManager.java:260)
11-05 17:57:55.689 W/WindowManager( 520): at com.android.server.wm.WindowManagerService$5.run(WindowManagerService.java:1199)
11-05 17:57:55.689 W/WindowManager( 520): at android.os.Handler$BlockingRunnable.run(Handler.java:961)
11-05 17:57:55.689 W/WindowManager( 520): at android.os.Handler.handleCallback(Handler.java:938)
11-05 17:57:55.689 W/WindowManager( 520): at android.os.Handler.dispatchMessage(Handler.java:99)
11-05 17:57:55.689 W/WindowManager( 520): at android.os.Looper.loopOnce(Looper.java:201)
11-05 17:57:55.689 W/WindowManager( 520): at android.os.Looper.loop(Looper.java:288)
11-05 17:57:55.689 W/WindowManager( 520): at android.os.HandlerThread.run(HandlerThread.java:67)
11-05 17:57:55.689 W/WindowManager( 520): at com.android.server.ServiceThread.run(ServiceThread.java:44)
11-05 17:57:55.689 W/WindowManager( 520): at com.android.server.UiThread.run(UiThread.java:45)
11-05 17:57:55.689 W/WindowManager( 520): Caused by: android.system.ErrnoException: open failed: ENOENT (No such file or directory)
11-05 17:57:55.689 W/WindowManager( 520): at libcore.io.Linux.open(Native Method)
11-05 17:57:55.689 W/WindowManager( 520): at libcore.io.ForwardingOs.open(ForwardingOs.java:567)
11-05 17:57:55.689 W/WindowManager( 520): at libcore.io.BlockGuardOs.open(BlockGuardOs.java:273)
11-05 17:57:55.689 W/WindowManager( 520): at libcore.io.IoBridge.open(IoBridge.java:561)
11-05 17:57:55.689 W/WindowManager( 520): ... 18 more
11-05 17:57:55.690 D/XiriService( 313): check file name: /data/data/com.android.networkstack.tethering/lib
11-05 17:57:55.691 D/XiriService( 313): check file name: /data/data/com.android.networkstack.tethering/lib
11-05 17:57:55.694 D/XiriService( 313): check file name: /data/data/com.android.networkstack.tethering/lib
11-05 17:57:55.694 D/XiriService( 313): check file name: /data/data/com.android.networkstack.tethering/lib
11-05 17:57:55.697 D/com_softwinner_gpio( 520): Gpio JNI_OnLoad()
11-05 17:57:55.697 D/com_softwinner_gpio( 520): init
11-05 17:57:55.698 E/SELinux ( 179): avc: denied { find } for pid=520 uid=1000 name=softwinner.gpio scontext=u:r:system_server:s0 tcontext=u:object_r:default_android_service:s0 tclass=service_manager permissive=1
11-05 17:57:55.699 D/XiriService( 313): check file name: /data/data/com.android.soundpicker/lib
11-05 17:57:55.700 D/XiriService( 313): check file name: /data/data/com.android.soundpicker/lib
11-05 17:57:55.700 I/SystemServerTiming( 520): StartInputManager
11-05 17:57:55.700 I/SystemServerTimingAsync( 520): InitThreadPoolExec:StartHidlServices
11-05 17:57:55.700 D/SystemServerInitThreadPool( 520): Started executing StartHidlServices
11-05 17:57:55.700 I/SystemServerTimingAsync( 520): StartHidlServices
11-05 17:57:55.700 I/InputManager( 520): Starting input manager
11-05 17:57:55.701 D/XiriService( 313): check file name: /data/data/com.android.soundpicker/lib
11-05 17:57:55.704 I/InputManager( 520): Enabling motion classifier because just booted: feature enabled, long press timeout = 400
11-05 17:57:55.705 I/InputClassifier( 520): Enabling motion classifier
11-05 17:57:55.705 I/HidlServiceManagement( 520): Registered android.frameworks.sensorservice@1.0::ISensorManager/default
11-05 17:57:55.705 D/EventHub( 520): No input device configuration file found for device 'sunxi-ir-uinput'.
11-05 17:57:55.706 I/hwservicemanager( 180): getTransport: Cannot find entry android.frameworks.schedulerservice@1.0::ISchedulingPolicyService/default in either framework or device VINTF manifest.
11-05 17:57:55.706 D/XiriService( 313): check file name: /data/data/com.android.soundpicker/lib
11-05 17:57:55.706 D/XiriService( 313): check file name: /data/data/com.android.soundpicker/lib
11-05 17:57:55.707 W/system_server( 520): android.frameworks.schedulerservice@1.0::ISchedulingPolicyService is deprecated. Skipping registration.
11-05 17:57:55.707 I/SystemServerTiming( 520): DisplayManagerWindowManagerAndInputReady
11-05 17:57:55.707 D/SystemServerInitThreadPool( 520): Finished executing StartHidlServices
11-05 17:57:55.708 I/SystemServerTiming( 520): StartBluetoothService
11-05 17:57:55.708 I/LogicalDisplayMapper( 520): Requesting Transition to state: 0
11-05 17:57:55.708 I/SystemServiceManager( 520): Starting com.android.server.BluetoothService
11-05 17:57:55.708 I/LogicalDisplayMapper( 520): Applying layout: [{addr: {port=0}, dispId: 0(ON)}], Previous layout: [{addr: {port=0}, dispId: 0(ON)}]
11-05 17:57:55.709 I/hwservicemanager( 180): getTransport: Cannot find entry android.hardware.input.classifier@1.0::IInputClassifier/default in either framework or device VINTF manifest.
11-05 17:57:55.710 D/BluetoothManagerService( 520): Loading stored name and address
11-05 17:57:55.710 D/BluetoothManagerService( 520): Stored bluetooth Name=null,Address=null
11-05 17:57:55.710 D/BluetoothManagerService( 520): Bluetooth persisted state: 1
11-05 17:57:55.710 D/BluetoothManagerService( 520): Startup: Bluetooth persisted state is ON.
11-05 17:57:55.711 D/BluetoothManagerService( 520): Detected SystemUiUid: 10066
11-05 17:57:55.711 I/SystemServerTiming( 520): IpConnectivityMetrics
11-05 17:57:55.711 I/SystemServiceManager( 520): Starting com.android.server.connectivity.IpConnectivityMetrics
11-05 17:57:55.712 I/SystemServerTiming( 520): NetworkWatchlistService
11-05 17:57:55.712 I/SystemServiceManager( 520): Starting com.android.server.net.watchlist.NetworkWatchlistService$Lifecycle
11-05 17:57:55.713 I/InputClassifier( 520): Could not obtain InputClassifier HAL
11-05 17:57:55.713 D/XiriService( 313): check file name: /data/data/com.dangbei.lerad.etna.haqu/lib
11-05 17:57:55.713 D/XiriService( 313): check file name: /data/data/com.dangbei.lerad.etna.haqu/lib
11-05 17:57:55.714 D/XiriService( 313): check file name: /data/data/com.dangbei.lerad.etna.haqu/lib
11-05 17:57:55.716 D/XM_HIDREAD( 316): add@ add@/devices/virtual/wakeup/wakeup23
11-05 17:57:55.716 I/EventHub( 520): usingClockIoctl=true
11-05 17:57:55.716 I/EventHub( 520): New device: id=1, fd=155, path='/dev/input/event1', name='sunxi-ir-uinput', classes=KEYBOARD | ALPHAKEY | CURSOR | DPAD, configuration='', keyLayout='/system/usr/keylayout/sunxi-ir-uinput.kl', keyCharacterMap='/system/usr/keychars/Generic.kcm', builtinKeyboard=false,
11-05 17:57:55.716 D/EventHub( 520): No input device configuration file found for device 'sunxi-ir'.
11-05 17:57:55.718 D/XiriService( 313): check file name: /data/data/com.dangbei.lerad.etna.haqu/lib
11-05 17:57:55.722 I/EventHub( 520): usingClockIoctl=true
11-05 17:57:55.722 D/XM_HIDREAD( 316): add@ add@/devices/virtual/wakeup/wakeup24
11-05 17:57:55.722 I/EventHub( 520): New device: id=2, fd=158, path='/dev/input/event0', name='sunxi-ir', classes=KEYBOARD, configuration='', keyLayout='/system/usr/keylayout/sunxi-ir.kl', keyCharacterMap='/system/usr/keychars/Generic.kcm', builtinKeyboard=false,
11-05 17:57:55.735 I/WatchlistLoggingHandler( 520): Start aggregating watchlist records.
11-05 17:57:55.735 I/SystemServerTiming( 520): PinnerService
11-05 17:57:55.735 I/SystemServiceManager( 520): Starting com.android.server.PinnerService
11-05 17:57:55.736 V/HistoricalRegistry( 520): Interaction before persistence initialized
11-05 17:57:55.736 D/XiriService( 313): check file name: /data/data/com.allwinnertech.packageoverride/lib
11-05 17:57:55.736 D/XiriService( 313): check file name: /data/data/com.allwinnertech.packageoverride/lib
11-05 17:57:55.738 D/XiriService( 313): check file name: /data/data/com.allwinnertech.packageoverride/lib
11-05 17:57:55.738 I/InputReader( 520): Device added: id=-1, eventHubId=-1, name='Virtual', descriptor='a718a782d34bc767f4689c232d64d527998ea7fd',sources=0x00000301
11-05 17:57:55.738 I/InputReader( 520): Device added: id=2, eventHubId=2, name='sunxi-ir', descriptor='485d69228e24f5e46da1598745890b214130dbc4',sources=0x00000101
11-05 17:57:55.738 I/SystemServerTiming( 520): IorapForwardingService
11-05 17:57:55.740 W/InputReader( 520): Can't find the designated viewport with ID 0 to update cursor input mapper. Fall back to default display
11-05 17:57:55.740 E/InputReader( 520): Still can't find a viable viewport to update cursor input mapper. Skip setting it to PointerController.
11-05 17:57:55.740 I/InputReader( 520): Device added: id=3, eventHubId=1, name='sunxi-ir-uinput', descriptor='0a253e777d1b2169367be63d7c9054e7991953a6',sources=0x00002303
11-05 17:57:55.741 I/SystemServiceManager( 520): Starting com.google.android.startop.iorap.IorapForwardingService
11-05 17:57:55.742 D/XiriService( 313): check file name: /data/data/com.allwinnertech.packageoverride/lib
11-05 17:57:55.742 D/XiriService( 313): check file name: /data/data/com.allwinnertech.packageoverride/lib
11-05 17:57:55.743 W/IorapForwardingService( 520): No service published for: iorapd
11-05 17:57:55.743 I/SystemServerTiming( 520): SignedConfigService
11-05 17:57:55.744 I/SystemServerTiming( 520): AppIntegrityService
11-05 17:57:55.744 I/SystemServiceManager( 520): Starting com.android.server.integrity.AppIntegrityManagerService
11-05 17:57:55.753 I/WindowManager( 520): SAFE MODE not enabled
11-05 17:57:55.753 I/SystemServerTiming( 520): StartInputMethodManagerLifecycle
11-05 17:57:55.754 I/SystemServiceManager( 520): Starting com.android.server.inputmethod.InputMethodManagerService$Lifecycle
11-05 17:57:55.755 D/XiriService( 313): check file name: /data/data/com.android.smspush/lib
11-05 17:57:55.756 D/XiriService( 313): check file name: /data/data/com.android.smspush/lib
11-05 17:57:55.761 I/SystemServerTiming( 520): StartAccessibilityManagerService
11-05 17:57:55.761 I/SystemServiceManager( 520): Starting com.android.server.accessibility.AccessibilityManagerService$Lifecycle
11-05 17:57:55.764 D/XiriService( 313): check file name: /data/data/com.android.smspush/lib
11-05 17:57:55.764 I/xiriservice_All( 313): type=1400 audit(0.0:287): avc: denied { search } for name="com.android.smspush" dev="mmcblk0p25" ino=1118 scontext=u:r:init:s0 tcontext=u:object_r:app_data_file:s0:c69,c256,c512,c768 tclass=dir permissive=1
11-05 17:57:55.767 D/XiriService( 313): check file name: /data/data/com.android.smspush/lib
11-05 17:57:55.767 D/XiriService( 313): check file name: /data/data/com.android.smspush/lib
11-05 17:57:55.770 I/SystemServerTiming( 520): MakeDisplayReady
11-05 17:57:55.775 W/InputReader( 520): Device sunxi-ir-uinput is associated with display ADISPLAY_ID_NONE.
11-05 17:57:55.775 W/InputReader( 520): Device sunxi-ir-uinput is associated with display ADISPLAY_ID_NONE.
11-05 17:57:55.776 I/ActivityTaskManager( 520): Config changes=20005df8 {1.0 ?mcc?mnc [zh_CN] ldltr sw720dp w1280dp h696dp 240dpi xlrg long land ?uimode ?night -touch qwerty/v/v dpad/v winConfig={ mBounds=Rect(0, 0 - 1920, 1080) mAppBounds=Rect(0, 0 - 1920, 1080) mMaxBounds=Rect(0, 0 - 1920, 1080) mWindowingMode=fullscreen mDisplayWindowingMode=fullscreen mActivityType=undefined mAlwaysOnTop=undefined mRotation=ROTATION_0} s.2 ?fontWeightAdjustment}
11-05 17:57:55.781 I/WindowManager( 520): Override config changes=60007dfc {1.0 ?mcc?mnc [zh_CN] ldltr sw720dp w1280dp h696dp 240dpi xlrg long land ?uimode ?night -touch qwerty/v/v dpad/v winConfig={ mBounds=Rect(0, 0 - 1920, 1080) mAppBounds=Rect(0, 0 - 1920, 1080) mMaxBounds=Rect(0, 0 - 1920, 1080) mWindowingMode=fullscreen mDisplayWindowingMode=fullscreen mActivityType=undefined mAlwaysOnTop=undefined mRotation=ROTATION_0} s.2 ?fontWeightAdjustment} for displayId=0
11-05 17:57:55.783 D/XiriService( 313): check file name: /data/data/com.android.wallpaper.livepicker/lib
11-05 17:57:55.784 D/XiriService( 313): check file name: /data/data/com.android.wallpaper.livepicker/lib
11-05 17:57:55.791 D/XiriService( 313): check file name: /data/data/com.android.wallpaper.livepicker/lib
11-05 17:57:55.791 D/XiriService( 313): check file name: /data/data/com.android.wallpaper.livepicker/lib
11-05 17:57:55.793 W/InputReader( 520): Device sunxi-ir-uinput is associated with display ADISPLAY_ID_NONE.
11-05 17:57:55.793 I/SystemServerTiming( 520): StartStorageManagerService
11-05 17:57:55.793 I/SystemServiceManager( 520): Starting com.android.server.StorageManagerService$Lifecycle
11-05 17:57:55.795 I/InputManager-JNI( 520): Viewport [0] to add: local:0, isActive: false
11-05 17:57:55.801 I/init ( 1): processing action (sys.sysctl.extra_free_kbytes=*) from (/system/etc/init/hw/init.rc:1139)
11-05 17:57:55.797 I/InputReader( 520): Reconfiguring input devices, changes=DISPLAY_INFO |
11-05 17:57:55.799 D/XiriService( 313): check file name: /data/data/com.tv.filemanager.os/lib
11-05 17:57:55.799 D/XiriService( 313): check file name: /data/data/com.tv.filemanager.os/lib
11-05 17:57:55.801 D/installd( 352): Found quota mount /dev/block/by-name/userdata at /data
11-05 17:57:55.801 D/installd( 352): Found quota mount /dev/block/by-name/userdata at /data/user/0
11-05 17:57:55.802 D/XiriService( 313): check file name: /data/data/com.tv.filemanager.os/lib
11-05 17:57:55.800 I/xiriservice_All( 313): type=1400 audit(0.0:288): avc: denied { search } for name="com.tv.filemanager.os" dev="mmcblk0p25" ino=1137 scontext=u:r:init:s0 tcontext=u:object_r:app_data_file:s0:c54,c256,c512,c768 tclass=dir permissive=1
11-05 17:57:55.804 D/XiriService( 313): check file name: /data/data/com.tv.filemanager.os/lib
11-05 17:57:55.804 D/XiriService( 313): check file name: /data/data/com.tv.filemanager.os/lib
11-05 17:57:55.809 D/StorageManagerService( 520): Thinking about init, mBootCompleted=false, mDaemonConnected=true
11-05 17:57:55.810 D/StorageManagerService( 520): Thinking about reset, mBootCompleted=false, mDaemonConnected=true
11-05 17:57:55.810 I/SystemServerTiming( 520): StartStorageStatsService
11-05 17:57:55.810 D/StorageManagerService( 520): Thinking about init, mBootCompleted=false, mDaemonConnected=true
11-05 17:57:55.810 I/SystemServiceManager( 520): Starting com.android.server.usage.StorageStatsService$Lifecycle
