11-05 17:58:18.434 D/BluetoothMap( 749): getConnectionState(C9:B5:96:5C:E3:C9)
11-05 17:58:18.442 D/BluetoothPbapService( 731): getConnectionState: C9:B5:96:5C:E3:C9
11-05 17:58:18.448 D/LocalBluetoothProfileManager( 749): New Profiles[HID]
11-05 17:58:18.452 D/CachedBluetoothDevice( 749): updating profiles for Dangbei
11-05 17:58:18.453 V/GraphicsEnvironment( 2370): ANGLE Developer option for 'com.softwinner.settingssetup' set to: 'default'
11-05 17:58:18.454 V/GraphicsEnvironment( 2370): Neither updatable production driver nor prerelease driver is supported.
11-05 17:58:18.457 V/CachedBluetoothDevice( 749): Class: 1f00
11-05 17:58:18.457 V/CachedBluetoothDevice( 749): UUID:
11-05 17:58:18.457 V/CachedBluetoothDevice( 749): 00001812-0000-1000-8000-00805f9b34fb
11-05 17:58:18.457 D/NetworkSecurityConfig( 2370): No Network Security Config specified, using platform default
11-05 17:58:18.458 D/NetworkSecurityConfig( 2370): No Network Security Config specified, using platform default
11-05 17:58:18.460 D/CachedBluetoothDevice( 749): onUuidChanged: Time since last connect=1152
11-05 17:58:18.460 D/CachedBluetoothDevice( 749): onUuidChanged: triggering connectAllEnabledProfiles
11-05 17:58:18.461 I/SettingsSetup( 2370): onReceive android.intent.action.PRE_BOOT_COMPLETED
11-05 17:58:18.461 I/SettingsSetup( 2370): Settings put secure icon_blacklist rotate
11-05 17:58:18.462 V/BluetoothDatabase( 731): getProfileConnectionPolicy: C9:B5:96:5C:E3:C9, profile=2, connectionPolicy = -1
11-05 17:58:18.462 V/BluetoothDatabase( 731): getProfileConnectionPolicy: C9:B5:96:5C:E3:C9, profile=1, connectionPolicy = -1
11-05 17:58:18.462 V/BluetoothDatabase( 731): getProfileConnectionPolicy: C9:B5:96:5C:E3:C9, profile=4, connectionPolicy = 100
11-05 17:58:18.462 V/BluetoothDatabase( 731): getProfileConnectionPolicy: C9:B5:96:5C:E3:C9, profile=4, connectionPolicy = 100
11-05 17:58:18.462 I/BluetoothAdapterService( 731): connectEnabledProfiles: Connecting Hid Host Profile
11-05 17:58:18.463 E/BluetoothHidHostService( 731): Hid Device not disconnected: C9:B5:96:5C:E3:C9
11-05 17:58:18.480 D/PackageManager( 520): Instant App installer not found with android.intent.action.INSTALL_INSTANT_APP_PACKAGE
11-05 17:58:18.480 D/PackageManager( 520): Clear ephemeral installer activity
11-05 17:58:18.483 I/ActivityManager( 520): Posting BOOT_COMPLETED user #0
11-05 17:58:18.483 I/SystemServerTimingAsync( 520): ssm.UnlockedUser-0
11-05 17:58:18.483 I/SystemServiceManager( 520): Calling onUnlockedUser 0
11-05 17:58:18.484 I/LaunchParamsPersister( 520): Didn't find launch param folder for user 0
11-05 17:58:18.489 I/AppWidgetServiceImpl( 520): Processing of handleUserUnlocked u0 took 6 ms
11-05 17:58:18.489 W/ActivityManager( 520): UserLifecycleEvent 6 received without an active userJourneySession.
11-05 17:58:18.492 D/CompatibilityChangeReporter( 520): Compat change id reported: 135634846; UID 10031; state: DISABLED
11-05 17:58:18.492 D/CompatibilityChangeReporter( 520): Compat change id reported: 177438394; UID 10031; state: DISABLED
11-05 17:58:18.493 D/CompatibilityChangeReporter( 520): Compat change id reported: 135772972; UID 10031; state: DISABLED
11-05 17:58:18.493 D/CompatibilityChangeReporter( 520): Compat change id reported: 135754954; UID 10031; state: ENABLED
11-05 17:58:18.494 D/CompatibilityChangeReporter( 520): Compat change id reported: 143937733; UID 10031; state: ENABLED
11-05 17:58:18.499 E/TaskPersister( 520): File error accessing recents directory (directory doesn't exist?).
11-05 17:58:18.499 E/TaskPersister( 520): File error accessing recents directory (directory doesn't exist?).
11-05 17:58:18.503 D/CompatibilityChangeReporter( 520): Compat change id reported: 135634846; UID 10015; state: DISABLED
11-05 17:58:18.503 D/CompatibilityChangeReporter( 520): Compat change id reported: 177438394; UID 10015; state: DISABLED
11-05 17:58:18.503 D/CompatibilityChangeReporter( 520): Compat change id reported: 135772972; UID 10015; state: DISABLED
11-05 17:58:18.503 D/CompatibilityChangeReporter( 520): Compat change id reported: 135754954; UID 10015; state: DISABLED
11-05 17:58:18.531 D/Zygote ( 242): Forked child process 2397
11-05 17:58:18.534 I/ActivityManager( 520): app.processName = com.android.traceur
11-05 17:58:18.534 I/ActivityManager( 520): Start proc 2397:com.android.traceur/u0a31 for broadcast {com.android.traceur/com.android.traceur.Receiver}
11-05 17:58:18.535 D/CompatibilityChangeReporter( 520): Compat change id reported: 143937733; UID 10015; state: DISABLED
11-05 17:58:18.541 D/CompatibilityChangeReporter( 520): Compat change id reported: 175319604; UID 10075; state: DISABLED
11-05 17:58:18.544 D/NetworkSecurityConfig( 520): No Network Security Config specified, using platform default
11-05 17:58:18.553 I/Zygote ( 2397): seccomp disabled by setenforce 0
11-05 17:58:18.569 D/Zygote ( 242): Forked child process 2401
11-05 17:58:18.571 W/ActivityManager( 520): Slow operation: 69ms so far, now at startProcess: returned from zygote!
11-05 17:58:18.573 W/ActivityManager( 520): Slow operation: 71ms so far, now at startProcess: done updating battery stats
11-05 17:58:18.573 W/ActivityManager( 520): Slow operation: 71ms so far, now at startProcess: building log message
11-05 17:58:18.573 I/ActivityManager( 520): app.processName = com.android.statementservice
11-05 17:58:18.573 I/ActivityManager( 520): Start proc 2401:com.android.statementservice/u0a15 for broadcast {com.android.statementservice/com.android.statementservice.domain.DomainVerificationReceiverV1}
11-05 17:58:18.573 W/ActivityManager( 520): Slow operation: 71ms so far, now at startProcess: starting to update pids map
11-05 17:58:18.574 W/ActivityManager( 520): Slow operation: 72ms so far, now at startProcess: done updating pids map
11-05 17:58:18.579 I/Zygote ( 2401): seccomp disabled by setenforce 0
11-05 17:58:18.589 I/adbd ( 384): jdwp connection from 2397
11-05 17:58:18.605 I/adbd ( 384): jdwp connection from 2401
11-05 17:58:18.627 I/MediaProvider( 1297): Begin Intent { act=com.android.providers.media.action.SCAN_VOLUME (has extras) }
11-05 17:58:18.678 E/bt_stack( 731): [ERROR:bta_gattc_api.cc(729)] BTA_GATTC_DeregisterForNotifications registration not found bd_addr=c9:b5:96:5c:e3:c9
11-05 17:58:18.678 E/bt_stack( 731): [ERROR:bta_gattc_api.cc(729)] BTA_GATTC_DeregisterForNotifications registration not found bd_addr=c9:b5:96:5c:e3:c9
11-05 17:58:18.679 W/bt_btif ( 731): system/bt/main/bte_logmsg.cc:194 LogMsg: btif_hh_upstreams_evt: BTA_HH_OPN_EVT: handle=16, status =0
11-05 17:58:18.679 W/bt_btif ( 731): system/bt/main/bte_logmsg.cc:194 LogMsg: BTA_HH_OPEN_EVT: Found device...Getting dscp info for handle ... 16
11-05 17:58:18.679 I/bt_btif_dm( 731): system/bt/btif/src/btif_dm.cc:384 get_cod: get_cod remote_cod = 0x00001f00
11-05 17:58:18.679 I/bt_btif_dm( 731): system/bt/btif/src/btif_dm.cc:384 get_cod: get_cod remote_cod = 0x00001f00
11-05 17:58:18.679 W/bt_btif ( 731): system/bt/main/bte_logmsg.cc:194 LogMsg: btif_hh_upstreams_evt: name = Dangbei
11-05 17:58:18.679 W/bt_btif ( 731): system/bt/main/bte_logmsg.cc:194 LogMsg: bta_hh_co_send_hid_info: fd = 94, name = [Dangbei], dscp_len = 122
11-05 17:58:18.679 W/bt_btif ( 731): system/bt/main/bte_logmsg.cc:194 LogMsg: bta_hh_co_send_hid_info: vendor_id = 0x1d5a, product_id = 0xc081, version= 0x0101,ctry_code=0x00
11-05 17:58:18.682 D/XM_HIDREAD( 316): add@ add@/devices/virtual/misc/uhid/0005:1D5A:C081.0001
11-05 17:58:18.689 D/XM_HIDREAD( 316): add@ add@/devices/virtual/misc/uhid/0005:1D5A:C081.0001/input/input2
11-05 17:58:18.693 D/XM_HIDREAD( 316): add@ add@/devices/virtual/misc/uhid/0005:1D5A:C081.0001/input/input2/input2::numlock
11-05 17:58:18.694 D/XM_HIDREAD( 316): add@ add@/devices/virtual/misc/uhid/0005:1D5A:C081.0001/input/input2/input2::capslock
11-05 17:58:18.694 D/XM_HIDREAD( 316): add@ add@/devices/virtual/misc/uhid/0005:1D5A:C081.0001/input/input2/input2::scrolllock
11-05 17:58:18.694 D/XM_HIDREAD( 316): add@ add@/devices/virtual/misc/uhid/0005:1D5A:C081.0001/input/input2/input2::compose
11-05 17:58:18.694 D/XM_HIDREAD( 316): add@ add@/devices/virtual/misc/uhid/0005:1D5A:C081.0001/input/input2/input2::kana
11-05 17:58:18.695 D/XM_HIDREAD( 316): add@ add@/devices/virtual/misc/uhid/0005:1D5A:C081.0001/input/input2/event2
11-05 17:58:18.695 D/XM_HIDREAD( 316): add@ add@/devices/virtual/misc/uhid/0005:1D5A:C081.0001/input/input3
11-05 17:58:18.695 D/XM_HIDREAD( 316): add@ add@/devices/virtual/misc/uhid/0005:1D5A:C081.0001/input/input3/event3
11-05 17:58:18.696 D/XM_HIDREAD( 316): add@ add@/devices/virtual/misc/uhid/0005:1D5A:C081.0001/input/input4
11-05 17:58:18.696 I/input ( 17): Dangbei Keyboard as /devices/virtual/misc/uhid/0005:1D5A:C081.0001/input/input2
11-05 17:58:18.701 I/input ( 17): Dangbei Consumer Control as /devices/virtual/misc/uhid/0005:1D5A:C081.0001/input/input3
11-05 17:58:18.702 I/input ( 17): Dangbei as /devices/virtual/misc/uhid/0005:1D5A:C081.0001/input/input4
11-05 17:58:18.706 I/hid-generic 0005( 17): 1D5A:C081.0001: input,hidraw0: BLUETOOTH HID v1.01 Keyboard [Dangbei] on
11-05 17:58:18.696 D/XM_HIDREAD( 316): add@ add@/devices/virtual/misc/uhid/0005:1D5A:C081.0001/input/input4/event4
11-05 17:58:18.697 V/MediaProvider( 1297): onConfigure() for internal.db
11-05 17:58:18.699 D/XM_HIDREAD( 316): add@ add@/devices/virtual/misc/uhid/0005:1D5A:C081.0001/hidraw/hidraw0
11-05 17:58:18.699 D/XM_HIDREAD( 316): ready open:/dev/hidraw0
11-05 17:58:18.699 D/XM_HIDREAD( 316): open:/dev/hidraw0 resultFD:-1
11-05 17:58:18.699 E/XM_HIDREAD( 316): open hidraw error: No such file or directory, wait to retry...
11-05 17:58:18.705 D/CompatibilityChangeReporter( 520): Compat change id reported: 168419799; UID 10015; state: DISABLED
11-05 17:58:18.707 W/ActivityManager( 520): Slow operation: 74ms so far, now at attachApplicationLocked: immediately before bindApplication
11-05 17:58:18.709 W/ActivityManager( 520): Slow operation: 76ms so far, now at attachApplicationLocked: immediately after bindApplication
11-05 17:58:18.709 W/ActivityManager( 520): Slow operation: 76ms so far, now at attachApplicationLocked: after updateLruProcessLocked
11-05 17:58:18.710 W/ActivityManager( 520): Slow operation: 77ms so far, now at attachApplicationLocked: after mServices.attachApplicationLocked
11-05 17:58:18.713 W/bt_btif ( 731): system/bt/main/bte_logmsg.cc:194 LogMsg: bta_hh_co_send_hid_info: wrote descriptor to fd = 94, dscp_len = 122, result = 0
11-05 17:58:18.713 W/bt_stack( 731): [WARNING:btif_hh.cc(403)] Added device c9:b5:96:5c:e3:c9
11-05 17:58:18.714 W/bt_btif ( 731): system/bt/main/bte_logmsg.cc:194 LogMsg: BTA_HH_GET_DSCP_EVT: Called add device
11-05 17:58:18.717 W/ActivityManager( 520): Slow operation: 84ms so far, now at attachApplicationLocked: after sendPendingBroadcastsLocked
11-05 17:58:18.721 E/DONGLE_SERVICE( 323): xhk open hidraw error: No such file or directory, wait to retry...
11-05 17:58:18.725 W/bt_btif ( 731): system/bt/main/bte_logmsg.cc:194 LogMsg: BTA_HH_ADD_DEV_EVT: status = 0, handle = 16
11-05 17:58:18.730 D/CompatibilityChangeReporter( 520): Compat change id reported: 168419799; UID 10031; state: DISABLED
11-05 17:58:18.731 D/EventHub( 520): No input device configuration file found for device 'Dangbei Keyboard'.
11-05 17:58:18.737 D/CompatibilityChangeReporter( 2401): Compat change id reported: 171979766; UID 10015; state: DISABLED
11-05 17:58:18.737 D/awplayer( 356): : we have 101 ms
11-05 17:58:18.737 D/awplayer( 356): <__SdControl:260>: __SdControll : unknown command (101)...
11-05 17:58:18.742 D/BluetoothHidHostService( 731): Connection state C9:B5:96:5C:E3:C9: 1->2
11-05 17:58:18.749 I/EventHub( 520): usingClockIoctl=true
11-05 17:58:18.749 I/EventHub( 520): New device: id=3, fd=307, path='/dev/input/event2', name='Dangbei Keyboard', classes=KEYBOARD | EXTERNAL, configuration='', keyLayout='/system/usr/keylayout/Vendor_1d5a_Product_c081.kl', keyCharacterMap='/system/usr/keychars/Generic.kcm', builtinKeyboard=false,
11-05 17:58:18.750 I/InputReader( 520): Device added: id=4, eventHubId=3, name='Dangbei Keyboard', descriptor='7cab6a32bb21dd5e846d84bf4f990919c8f81620',sources=0x00000101
11-05 17:58:18.750 D/awplayer( 356): : we still have 79 ms and pass 13 ms
11-05 17:58:18.751 D/EventHub( 520): No input device configuration file found for device 'Dangbei Consumer Control'.
11-05 17:58:18.756 D/awplayer( 356): : we still have 79 ms and pass 18 ms
11-05 17:58:18.757 I/BLEAudioDrive_HV410( 247): Raw Name: Dangbei
11-05 17:58:18.758 I/BLEAudioDrive_HV410( 247): Raw Info:
11-05 17:58:18.758 I/BLEAudioDrive_HV410( 247): bustype: 5 (Bluetooth)
11-05 17:58:18.758 I/BLEAudioDrive_HV410( 247): vendor: 0x1d5a
11-05 17:58:18.758 I/BLEAudioDrive_HV410( 247): product: 0xc081
11-05 17:58:18.758 I/BLEAudioDrive_HV410( 247): HBG remote PoweOn
11-05 17:58:18.758 I/BLEAudioDrive_HV410( 247): add file :/dev/hidraw0
11-05 17:58:18.760 D/audio_so_hv_309( 247): HBG remote is active!
11-05 17:58:18.761 D/awplayer( 356): : we still have 79 ms and pass 23 ms
11-05 17:58:18.762 W/EventHub( 520): Unable to disable kernel key repeat for /dev/input/event3: Function not implemented
11-05 17:58:18.762 I/EventHub( 520): usingClockIoctl=true
11-05 17:58:18.762 I/EventHub( 520): New device: id=4, fd=317, path='/dev/input/event3', name='Dangbei Consumer Control', classes=KEYBOARD | JOYSTICK | EXTERNAL, configuration='', keyLayout='/system/usr/keylayout/Vendor_1d5a_Product_c081.kl', keyCharacterMap='/system/usr/keychars/Generic.kcm', builtinKeyboard=false,
11-05 17:58:18.766 D/awplayer( 356): : we still have 79 ms and pass 29 ms
11-05 17:58:18.767 V/MediaProvider( 1297): onCreate() for internal.db
11-05 17:58:18.771 I/InputReader( 520): Device added: id=4, eventHubId=4, name='Dangbei Consumer Control', descriptor='7cab6a32bb21dd5e846d84bf4f990919c8f81620',sources=0x01000111
11-05 17:58:18.775 D/EventHub( 520): No input device configuration file found for device 'Dangbei'.
11-05 17:58:18.775 D/awplayer( 356): : we still have 57 ms and pass 37 ms
11-05 17:58:18.777 D/ApplicationLoaders( 2401): Returning zygote-cached class loader: /system/framework/android.test.base.jar
11-05 17:58:18.777 D/BluetoothAdapterService( 731): enable() - Enable called with quiet mode status = false
11-05 17:58:18.778 D/AdapterProperties( 731): PROFILE_CONNECTION_STATE_CHANGE: profile=4, device=C9:B5:96:5C:E3:C9, 1 -> 2
11-05 17:58:18.779 I/AdapterState( 731): ON : Unhandled message - BLE_TURN_ON
11-05 17:58:18.780 D/awplayer( 356): : we still have 57 ms and pass 42 ms
11-05 17:58:18.784 D/CachedBluetoothDevice( 749): onProfileStateChanged: profile HID, device Dangbei, newProfileState 2
11-05 17:58:18.785 D/awplayer( 356): : we still have 57 ms and pass 47 ms
11-05 17:58:18.785 D/CompatibilityChangeReporter( 2397): Compat change id reported: 171979766; UID 10031; state: ENABLED
11-05 17:58:18.791 D/AdapterProperties( 731): ADAPTER_CONNECTION_STATE_CHANGE: C9:B5:96:5C:E3:C9: 1 -> 2
11-05 17:58:18.792 D/awplayer( 356): : we still have 35 ms and pass 54 ms
11-05 17:58:18.797 D/awplayer( 356): : we still have 35 ms and pass 60 ms
11-05 17:58:18.800 E/XM_HIDREAD( 316): trying to reopen hidraw: /dev/hidraw0
11-05 17:58:18.800 D/XM_HIDREAD( 316): ready open:/dev/hidraw0
11-05 17:58:18.800 D/XM_HIDREAD( 316): open:/dev/hidraw0 resultFD:8
11-05 17:58:18.800 D/XM_HIDREAD( 316): 1 ready ioctl hidrawFD 8
11-05 17:58:18.800 D/XM_HIDREAD( 316): 2 ready ioctl hidrawFD 8
11-05 17:58:18.800 D/XM_HIDREAD( 316): 3 ready ioctl hidrawFD 8
11-05 17:58:18.800 D/XM_HIDREAD( 316): 4 ready ioctl hidrawFD 8
11-05 17:58:18.800 D/XM_HIDREAD( 316): ioctl hidrawFD HIDIOCGRDESC ret 0
11-05 17:58:18.800 D/XM_HIDREAD( 316): dinfo.vendor:7514,dinfo.product:49281
11-05 17:58:18.800 E/XM_HIDREAD( 316): : /dev/hidraw0
11-05 17:58:18.800 D/XM_HIDREAD( 316): add@ add@/devices/virtual/wakeup/wakeup26
11-05 17:58:18.800 D/XM_HIDREAD( 316): add@ add@/devices/virtual/wakeup/wakeup27
11-05 17:58:18.806 D/awplayer( 356): : we still have 35 ms and pass 65 ms
11-05 17:58:18.811 D/awplayer( 356): : we still have 35 ms and pass 74 ms
11-05 17:58:18.817 D/awplayer( 356): : we still have 13 ms and pass 79 ms
11-05 17:58:18.821 E/DONGLE_SERVICE( 323): xhk trying to reopen hidraw: /dev/hidraw0
11-05 17:58:18.821 D/DONGLE_SERVICE( 323): check_smartctrl_hidraw_node, vid=7514, pid =49281
11-05 17:58:18.821 E/DONGLE_SERVICE( 323): not supported: /dev/hidraw0
11-05 17:58:18.822 D/awplayer( 356): : we still have 13 ms and pass 85 ms
11-05 17:58:18.823 W/IorapForwardingService( 520): No service published for: iorapd
11-05 17:58:18.828 D/awplayer( 356): : we still have 13 ms and pass 90 ms
11-05 17:58:18.833 D/awplayer( 356): : we still have 13 ms and pass 96 ms
11-05 17:58:18.839 D/awplayer( 356): : we still have 13 ms and pass 101 ms
11-05 17:58:18.844 D/awplayer( 356): : we still have 13 ms and pass 107 ms
11-05 17:58:18.850 D/awplayer( 356): : we still have 13 ms and pass 112 ms
11-05 17:58:18.855 D/awplayer( 356): : we still have 13 ms and pass 117 ms
11-05 17:58:18.860 D/awplayer( 356): : we still have 0 ms and pass 122 ms
11-05 17:58:18.860 W/awplayer( 356): : we quit but still have 0 ms
11-05 17:58:18.885 I/MediaProvider( 1297): Changed schema version on internal from 0 to 1209, 0 items taking 117ms UUID 146aca6a-7885-4d4e-a8f2-9150d5a9c275
11-05 17:58:18.885 W/AudioTrack( 356): removeAudioDeviceCallback removing different callback!
11-05 17:58:18.886 E/MediaPlayer-JNI( 975): enable device callback failed: -38
11-05 17:58:18.889 V/MediaProvider( 1297): onOpen() for internal.db
11-05 17:58:18.917 V/GraphicsEnvironment( 2401): ANGLE Developer option for 'com.android.statementservice' set to: 'default'
11-05 17:58:18.918 V/GraphicsEnvironment( 2401): Neither updatable production driver nor prerelease driver is supported.
11-05 17:58:18.925 D/MediaProvider( 1297): Starting migration from legacy provider
11-05 17:58:18.928 D/NetworkSecurityConfig( 2401): No Network Security Config specified, using platform default
11-05 17:58:18.928 D/NetworkSecurityConfig( 2401): No Network Security Config specified, using platform default
11-05 17:58:18.929 V/GraphicsEnvironment( 2397): ANGLE Developer option for 'com.android.traceur' set to: 'default'
11-05 17:58:18.930 V/GraphicsEnvironment( 2397): Neither updatable production driver nor prerelease driver is supported.
11-05 17:58:18.933 D/NetworkSecurityConfig( 2397): No Network Security Config specified, using platform default
11-05 17:58:18.934 D/NetworkSecurityConfig( 2397): No Network Security Config specified, using platform default
11-05 17:58:18.954 D/PackageManager( 520): Instant App installer not found with android.intent.action.INSTALL_INSTANT_APP_PACKAGE
11-05 17:58:18.954 D/PackageManager( 520): Clear ephemeral installer activity
11-05 17:58:18.976 W/NotificationHistory( 520): Attempted to add notif for locked/gone/disabled user 0
11-05 17:58:18.977 I/Traceur ( 2397): Received BOOT_COMPLETE
11-05 17:58:18.997 D/PackageManager( 520): Instant App installer not found with android.intent.action.INSTALL_INSTANT_APP_PACKAGE
11-05 17:58:18.998 D/PackageManager( 520): Clear ephemeral installer activity
11-05 17:58:19.014 D/PackageManager( 520): Instant App installer not found with android.intent.action.INSTALL_INSTANT_APP_PACKAGE
11-05 17:58:19.014 D/PackageManager( 520): Clear ephemeral installer activity
11-05 17:58:19.039 I/aaa ( 1918): BootCompleteService is start !!!
11-05 17:58:19.042 W/ContextImpl( 1918): Calling a method in the system process without a qualified user: android.app.ContextImpl.startService:1816 android.content.ContextWrapper.startService:774 android.content.ContextWrapper.startService:774 com.oranth.ledstatus.BootCompletedReceiver.onReceive:15 android.app.ActivityThread.handleReceiver:4308
11-05 17:58:19.054 D/aaa ( 1918): LedStatusService onStartCommand begin
11-05 17:58:19.056 D/aaa ( 1918): topPkg is -------------- :com.dangbei.hqguide
11-05 17:58:19.055 I/ActivityManager( 520): com.oranth.storage is exempt from freezer
11-05 17:58:19.058 D/CompatibilityChangeReporter( 520): Compat change id reported: 135634846; UID 1000; state: DISABLED
11-05 17:58:19.059 V/MediaProvider( 1565): onConfigure() for internal.db
11-05 17:58:19.079 V/MediaProvider( 1565): onCreate() for internal.db
11-05 17:58:19.083 D/Zygote ( 242): Forked child process 2448
11-05 17:58:19.085 I/ActivityManager( 520): app.processName = com.oranth.storage
11-05 17:58:19.085 I/ActivityManager( 520): Start proc 2448:com.oranth.storage/1000 for broadcast {com.oranth.storage/com.oranth.storage.BootCompletedReceiver}
11-05 17:58:19.094 I/Zygote ( 2448): seccomp disabled by setenforce 0
11-05 17:58:19.099 D/CompatibilityChangeReporter( 2401): Compat change id reported: 160794467; UID 10015; state: DISABLED
11-05 17:58:19.104 D/CompatibilityChangeReporter( 520): Compat change id reported: 171306433; UID 10015; state: DISABLED
11-05 17:58:19.108 I/.oranth.storag( 2448): Late-enabling -Xcheck:jni
11-05 17:58:19.126 W/MediaProvider( 1565): No column annotation provided; not creating views
11-05 17:58:19.135 D/PackageManager( 520): Instant App installer not found with android.intent.action.INSTALL_INSTANT_APP_PACKAGE
11-05 17:58:19.135 D/PackageManager( 520): Clear ephemeral installer activity
11-05 17:58:19.160 W/MediaProvider( 1565): No column annotation provided; not creating views
11-05 17:58:19.162 D/ConnectivityService( 520): requestNetwork for uid/pid:1000/520 asUid: 10015 activeRequest: null callbackRequest: 28 [NetworkRequest [ REQUEST id=29, [ Capabilities: INTERNET&NOT_RESTRICTED&TRUSTED&NOT_VCN_MANAGED Uid: 10015 RequestorUid: 1000 RequestorPkg: android] ]] callback flags: 0 priority: 2147483647
11-05 17:58:19.162 D/ConnectivityService( 520): NetReassign [no changes]
11-05 17:58:19.163 D/PPPOE ( 520): got request NetworkRequest [ REQUEST id=29, [ Capabilities: INTERNET&NOT_RESTRICTED&TRUSTED&NOT_VCN_MANAGED Uid: 10015 RequestorUid: 1000 RequestorPkg: android] ]
11-05 17:58:19.163 D/Ethernet( 520): got request NetworkRequest [ REQUEST id=29, [ Capabilities: INTERNET&NOT_RESTRICTED&TRUSTED&NOT_VCN_MANAGED Uid: 10015 RequestorUid: 1000 RequestorPkg: android] ]
11-05 17:58:19.163 D/EthernetNetworkFactory( 520): acceptRequest, request: NetworkRequest [ REQUEST id=29, [ Capabilities: INTERNET&NOT_RESTRICTED&TRUSTED&NOT_VCN_MANAGED Uid: 10015 RequestorUid: 1000 RequestorPkg: android] ]
11-05 17:58:19.163 I/EthernetNetworkFactory( 520): networkForRequest, request: NetworkRequest [ REQUEST id=29, [ Capabilities: INTERNET&NOT_RESTRICTED&TRUSTED&NOT_VCN_MANAGED Uid: 10015 RequestorUid: 1000 RequestorPkg: android] ], network: null
11-05 17:58:19.164 D/WifiNetworkFactory( 520): got request NetworkRequest [ REQUEST id=29, [ Capabilities: INTERNET&NOT_RESTRICTED&TRUSTED&NOT_VCN_MANAGED Uid: 10015 RequestorUid: 1000 RequestorPkg: android] ]
11-05 17:58:19.164 D/UntrustedWifiNetworkFactory( 520): got request NetworkRequest [ REQUEST id=29, [ Capabilities: INTERNET&NOT_RESTRICTED&TRUSTED&NOT_VCN_MANAGED Uid: 10015 RequestorUid: 1000 RequestorPkg: android] ]
11-05 17:58:19.164 D/OemPaidWifiNetworkFactory( 520): got request NetworkRequest [ REQUEST id=29, [ Capabilities: INTERNET&NOT_RESTRICTED&TRUSTED&NOT_VCN_MANAGED Uid: 10015 RequestorUid: 1000 RequestorPkg: android] ]
11-05 17:58:19.175 V/MediaProvider( 1565): onOpen() for internal.db
11-05 17:58:19.176 V/MediaProvider( 1565): onOpen() finished for internal.db
11-05 17:58:19.178 I/adbd ( 384): jdwp connection from 2448
11-05 17:58:19.176 I/net_disconnect.( 1124): type=1400 audit(0.0:949): avc: denied { execute } for name="rgb_led_ctl" dev="dm-1" ino=188 scontext=u:r:init:s0 tcontext=u:object_r:vendor_file:s0 tclass=file permissive=1
11-05 17:58:19.180 I/net_disconnect.( 2458): type=1400 audit(0.0:950): avc: denied { execute_no_trans } for path="/vendor/bin/rgb_led_ctl" dev="dm-1" ino=188 scontext=u:r:init:s0 tcontext=u:object_r:vendor_file:s0 tclass=file permissive=1
11-05 17:58:19.189 D/MediaProvider( 1297): Finished migration from legacy provider
11-05 17:58:19.247 D/ConnectivityService( 520): requestNetwork for uid/pid:10015/2401 activeRequest: null callbackRequest: 30 [NetworkRequest [ REQUEST id=31, [ Capabilities: INTERNET&NOT_RESTRICTED&TRUSTED&NOT_VCN_MANAGED Uid: 10015 RequestorUid: 10015 RequestorPkg: com.android.statementservice] ]] callback flags: 0 priority: 2147483647
11-05 17:58:19.253 D/ConnectivityService( 520): NetReassign [no changes]
11-05 17:58:19.255 D/Ethernet( 520): got request NetworkRequest [ REQUEST id=31, [ Capabilities: INTERNET&NOT_RESTRICTED&TRUSTED&NOT_VCN_MANAGED Uid: 10015 RequestorUid: 10015 RequestorPkg: com.android.statementservice] ]
11-05 17:58:19.255 D/EthernetNetworkFactory( 520): acceptRequest, request: NetworkRequest [ REQUEST id=31, [ Capabilities: INTERNET&NOT_RESTRICTED&TRUSTED&NOT_VCN_MANAGED Uid: 10015 RequestorUid: 10015 RequestorPkg: com.android.statementservice] ]
11-05 17:58:19.255 I/EthernetNetworkFactory( 520): networkForRequest, request: NetworkRequest [ REQUEST id=31, [ Capabilities: INTERNET&NOT_RESTRICTED&TRUSTED&NOT_VCN_MANAGED Uid: 10015 RequestorUid: 10015 RequestorPkg: com.android.statementservice] ], network: null
11-05 17:58:19.261 D/PPPOE ( 520): got request NetworkRequest [ REQUEST id=31, [ Capabilities: INTERNET&NOT_RESTRICTED&TRUSTED&NOT_VCN_MANAGED Uid: 10015 RequestorUid: 10015 RequestorPkg: com.android.statementservice] ]
11-05 17:58:19.262 D/WifiNetworkFactory( 520): got request NetworkRequest [ REQUEST id=31, [ Capabilities: INTERNET&NOT_RESTRICTED&TRUSTED&NOT_VCN_MANAGED Uid: 10015 RequestorUid: 10015 RequestorPkg: com.android.statementservice] ]
11-05 17:58:19.262 D/UntrustedWifiNetworkFactory( 520): got request NetworkRequest [ REQUEST id=31, [ Capabilities: INTERNET&NOT_RESTRICTED&TRUSTED&NOT_VCN_MANAGED Uid: 10015 RequestorUid: 10015 RequestorPkg: com.android.statementservice] ]
11-05 17:58:19.262 D/OemPaidWifiNetworkFactory( 520): got request NetworkRequest [ REQUEST id=31, [ Capabilities: INTERNET&NOT_RESTRICTED&TRUSTED&NOT_VCN_MANAGED Uid: 10015 RequestorUid: 10015 RequestorPkg: com.android.statementservice] ]
11-05 17:58:19.288 V/MediaProvider( 1297): onOpen() finished for internal.db
11-05 17:58:19.290 D/CompatibilityChangeReporter( 2448): Compat change id reported: 171979766; UID 1000; state: ENABLED
11-05 17:58:19.352 I/bt_stack( 731): [INFO:gatt_api.cc(1286)] GATT_Disconnect conn_id=0x0003
11-05 17:58:19.352 I/EventThread( 261): type=1400 audit(0.0:951): avc: denied { search } for name="extcon" dev="sysfs" ino=18103 scontext=u:r:hal_tv_cec_default:s0 tcontext=u:object_r:sysfs_extcon:s0 tclass=dir permissive=1
11-05 17:58:19.369 V/GraphicsEnvironment( 2448): ANGLE Developer option for 'com.oranth.storage' set to: 'default'
11-05 17:58:19.369 V/GraphicsEnvironment( 2448): Neither updatable production driver nor prerelease driver is supported.
11-05 17:58:19.374 D/NetworkSecurityConfig( 2448): No Network Security Config specified, using platform default
11-05 17:58:19.374 W/audit ( 2216): audit_lost=457 audit_rate_limit=5 audit_backlog_limit=64
11-05 17:58:19.374 E/audit ( 2216): rate limit exceeded
11-05 17:58:19.364 I/CrashSDKNormalH( 2111): type=1400 audit(0.0:952): avc: denied { search } for name="com.dangbei.screencast" dev="mmcblk0p25" ino=891 scontext=u:r:platform_app:s0:c512,c768 tcontext=u:object_r:app_data_file:s0:c512,c768 tclass=dir permissive=1 app=com.dangbei.screencast
11-05 17:58:19.364 I/CrashSDKNormalH( 2111): type=1400 audit(0.0:953): avc: denied { write } for name="tags" dev="mmcblk0p25" ino=2066 scontext=u:r:platform_app:s0:c512,c768 tcontext=u:object_r:app_data_file:s0:c512,c768 tclass=dir permissive=1 app=com.dangbei.screencast
11-05 17:58:19.383 D/NetworkSecurityConfig( 2448): No Network Security Config specified, using platform default
11-05 17:58:19.386 I/AudioFlinger( 268): BUFFER TIMEOUT: remove(57) from active list on thread 0xf73f1e00
11-05 17:58:19.396 I/aaa ( 2448): low stroage service is start !!!
11-05 17:58:19.399 W/ContextImpl( 2448): Calling a method in the system process without a qualified user: android.app.ContextImpl.startService:1816 android.content.ContextWrapper.startService:774 android.content.ContextWrapper.startService:774 com.oranth.storage.BootCompletedReceiver.onReceive:15 android.app.ActivityThread.handleReceiver:4308
11-05 17:58:19.407 V/SystemUIService( 749): BOOT_COMPLETED received
11-05 17:58:19.408 D/SystemUIBootTiming( 749): SystemUIService: bootcomplete com.android.systemui.util.NotificationChannels took 0 ms
11-05 17:58:19.408 D/SystemUIService( 749): loading: com.android.systemui.volume.VolumeUI
11-05 17:58:19.409 D/bbb ( 2448): onCreate()
11-05 17:58:19.413 D/CompatibilityChangeReporter( 2448): Compat change id reported: 160794467; UID 1000; state: ENABLED
11-05 17:58:19.416 I/vol.Events( 749): writeEvent collection_started
11-05 17:58:19.420 D/bbb ( 2448): onStartCommand begin !!!!!!! data分区剩余 25192MB
11-05 17:58:19.424 D/CompatibilityChangeReporter( 520): Compat change id reported: 171306433; UID 1000; state: ENABLED
11-05 17:58:19.441 D/ModernMediaScanner( 1297): Parsing date with millis failed for [2021-03-09 16:21]. We will retry without millis
11-05 17:58:19.442 D/ModernMediaScanner( 1297): Parsing date without millis failed for [2021-03-09 16:21]
11-05 17:58:19.494 D/ModernMediaScanner( 1297): Parsing date with millis failed for [2021-03-09 16:21]. We will retry without millis
11-05 17:58:19.495 D/ModernMediaScanner( 1297): Parsing date without millis failed for [2021-03-09 16:21]
11-05 17:58:19.527 D/ModernMediaScanner( 1297): Parsing date with millis failed for [2021-03-09 16:20]. We will retry without millis
11-05 17:58:19.528 D/ModernMediaScanner( 1297): Parsing date without millis failed for [2021-03-09 16:20]
11-05 17:58:19.598 I/vol.Events( 749): writeEvent level_changed STREAM_VOICE_CALL 15
11-05 17:58:19.602 I/vol.Events( 749): writeEvent level_changed STREAM_SYSTEM 5
11-05 17:58:19.610 I/vol.Events( 749): writeEvent level_changed STREAM_RING 5
11-05 17:58:19.613 I/vol.Events( 749): writeEvent level_changed STREAM_MUSIC 13
11-05 17:58:19.613 D/SystemUIService( 749): running: com.android.systemui.volume.VolumeUI@998b807
11-05 17:58:19.614 I/vol.Events( 749): writeEvent level_changed STREAM_ALARM 17
11-05 17:58:19.618 I/vol.Events( 749): writeEvent level_changed STREAM_BLUETOOTH_SCO 7
11-05 17:58:19.626 D/SystemUIBootTiming( 749): SystemUIService: bootcomplete com.android.systemui.volume.VolumeUI took 218 ms
11-05 17:58:19.626 D/SystemUIService( 749): loading: com.android.systemui.privacy.television.TvOngoingPrivacyChip
11-05 17:58:19.631 I/MediaProvider( 1297): Scanned internal due to REASON_MOUNTED, found 5 items in 330ms, 5 inserts 0 updates 0 deletes
11-05 17:58:19.637 W/ModernMediaScanner( 1297): Failed to visit /oem/media: java.nio.file.NoSuchFileException: /oem/media
11-05 17:58:19.641 I/vol.Events( 749): writeEvent zen_mode_config_changed [disallowAlarms=false disallowMedia=false disallowSystem=true disallowRinger=false]
11-05 17:58:19.642 D/SystemUIService( 749): running: com.android.systemui.privacy.television.TvOngoingPrivacyChip@9387c59
11-05 17:58:19.643 D/SystemUIBootTiming( 749): SystemUIService: bootcomplete com.android.systemui.privacy.television.TvOngoingPrivacyChip took 17 ms
11-05 17:58:19.644 D/SystemUIService( 749): loading: com.android.systemui.statusbar.tv.TvStatusBar
11-05 17:58:19.644 D/SystemUIService( 749): running: com.android.systemui.statusbar.tv.TvStatusBar@8c6401e
11-05 17:58:19.644 I/MediaProvider( 1297): Scanned internal due to REASON_MOUNTED, found 0 items in 9ms, 0 inserts 0 updates 0 deletes
11-05 17:58:19.646 I/StatusBarManagerService( 520): registerStatusBar bar=com.android.internal.statusbar.IStatusBar$Stub$Proxy@d60c0d1
11-05 17:58:19.648 D/SystemUIBootTiming( 749): SystemUIService: bootcomplete com.android.systemui.statusbar.tv.TvStatusBar took 4 ms
11-05 17:58:19.648 D/SystemUIService( 749): loading: com.android.systemui.statusbar.tv.notifications.TvNotificationPanel
11-05 17:58:19.649 D/SystemUIService( 749): running: com.android.systemui.statusbar.tv.notifications.TvNotificationPanel@926a0ff
11-05 17:58:19.649 D/SystemUIBootTiming( 749): SystemUIService: bootcomplete com.android.systemui.statusbar.tv.notifications.TvNotificationPanel took 1 ms
11-05 17:58:19.649 D/SystemUIService( 749): loading: com.android.systemui.statusbar.tv.notifications.TvNotificationHandler
11-05 17:58:19.652 D/SystemUIService( 749): running: com.android.systemui.statusbar.tv.notifications.TvNotificationHandler@eba6ecc
11-05 17:58:19.658 D/SystemUIBootTiming( 749): SystemUIService: bootcomplete com.android.systemui.statusbar.tv.notifications.TvNotificationHandler took 9 ms
11-05 17:58:19.658 D/SystemUIService( 749): loading: com.android.systemui.statusbar.tv.VpnStatusObserver
11-05 17:58:19.671 D/ConnectivityService( 520): NetReassign [no changes]
11-05 17:58:19.679 D/SystemUIService( 749): running: com.android.systemui.statusbar.tv.VpnStatusObserver@30e6593
11-05 17:58:19.679 D/SystemUIBootTiming( 749): SystemUIService: bootcomplete com.android.systemui.statusbar.tv.VpnStatusObserver took 21 ms
11-05 17:58:19.679 D/SystemUIService( 749): loading: com.android.systemui.globalactions.GlobalActionsComponent
11-05 17:58:19.683 D/SystemUIService( 749): running: com.android.systemui.globalactions.GlobalActionsComponent@2c639d0
11-05 17:58:19.692 D/SystemUIBootTiming( 749): SystemUIService: bootcomplete com.android.systemui.globalactions.GlobalActionsComponent took 13 ms
11-05 17:58:19.692 D/SystemUIService( 749): loading: com.android.systemui.usb.StorageNotification
11-05 17:58:19.694 D/SystemUIService( 749): running: com.android.systemui.usb.StorageNotification@2f8dd85
11-05 17:58:19.700 D/StorageNotification( 749): Notifying about private volume: VolumeInfo{private}:
11-05 17:58:19.700 D/StorageNotification( 749): type=PRIVATE diskId=null partGuid=null mountFlags=0 mountUserId=-10000
11-05 17:58:19.700 D/StorageNotification( 749): state=MOUNTED
11-05 17:58:19.700 D/StorageNotification( 749): fsType=null fsUuid=null fsLabel=null
11-05 17:58:19.700 D/StorageNotification( 749): path=/data internalPath=null
11-05 17:58:19.705 D/SystemUIBootTiming( 749): SystemUIService: bootcomplete com.android.systemui.usb.StorageNotification took 12 ms
11-05 17:58:19.705 D/SystemUIService( 749): loading: com.android.systemui.power.PowerUI
11-05 17:58:19.712 D/SystemUIService( 749): running: com.android.systemui.power.PowerUI@6c2c5e7
11-05 17:58:19.732 D/SystemUIBootTiming( 749): SystemUIService: bootcomplete com.android.systemui.power.PowerUI took 27 ms
11-05 17:58:19.732 D/SystemUIService( 749): loading: com.android.systemui.media.RingtonePlayer
11-05 17:58:19.734 D/SystemUIService( 749): running: com.android.systemui.media.RingtonePlayer@c78257e
11-05 17:58:19.737 D/SystemUIBootTiming( 749): SystemUIService: bootcomplete com.android.systemui.media.RingtonePlayer took 5 ms
11-05 17:58:19.737 D/SystemUIService( 749): loading: com.android.systemui.keyboard.KeyboardUI
11-05 17:58:19.738 D/SystemUIService( 749): running: com.android.systemui.keyboard.KeyboardUI@d6d432c
11-05 17:58:19.740 D/SystemUIBootTiming( 749): SystemUIService: bootcomplete com.android.systemui.keyboard.KeyboardUI took 3 ms
11-05 17:58:19.741 D/SystemUIService( 749): loading: com.android.systemui.shortcut.ShortcutKeyDispatcher
11-05 17:58:19.742 D/SystemUIService( 749): running: com.android.systemui.shortcut.ShortcutKeyDispatcher@20531f5
11-05 17:58:19.744 D/SystemUIBootTiming( 749): SystemUIService: bootcomplete com.android.systemui.shortcut.ShortcutKeyDispatcher took 3 ms
11-05 17:58:19.745 D/SystemUIService( 749): loading: com.android.systemui.VendorServices
11-05 17:58:19.745 D/SystemUIService( 749): running: com.android.systemui.VendorServices@f14f5fb
11-05 17:58:19.745 D/SystemUIBootTiming( 749): SystemUIService: bootcomplete com.android.systemui.VendorServices took 0 ms
11-05 17:58:19.745 D/SystemUIService( 749): loading: com.android.systemui.SliceBroadcastRelayHandler
11-05 17:58:19.746 D/SystemUIService( 749): running: com.android.systemui.SliceBroadcastRelayHandler@a016618
11-05 17:58:19.746 D/SystemUIBootTiming( 749): SystemUIService: bootcomplete com.android.systemui.SliceBroadcastRelayHandler took 1 ms
11-05 17:58:19.746 D/SystemUIService( 749): loading: com.android.systemui.statusbar.notification.InstantAppNotifier
11-05 17:58:19.747 D/SystemUIService( 749): running: com.android.systemui.statusbar.notification.InstantAppNotifier@e43f871
11-05 17:58:19.762 D/SystemUIBootTiming( 749): SystemUIService: bootcomplete com.android.systemui.statusbar.notification.InstantAppNotifier took 16 ms
11-05 17:58:19.762 D/SystemUIService( 749): loading: com.android.systemui.toast.ToastUI
11-05 17:58:19.765 D/SystemUIService( 749): running: com.android.systemui.toast.ToastUI@9f2e030
11-05 17:58:19.765 D/SystemUIBootTiming( 749): SystemUIService: bootcomplete com.android.systemui.toast.ToastUI took 3 ms
11-05 17:58:19.765 D/SystemUIService( 749): loading: com.android.systemui.wmshell.WMShell
11-05 17:58:19.766 D/SystemUIService( 749): running: com.android.systemui.wmshell.WMShell@1d844a9
11-05 17:58:19.777 D/SystemUIBootTiming( 749): SystemUIService: bootcomplete com.android.systemui.wmshell.WMShell took 12 ms
11-05 17:58:19.778 D/SystemUIService( 749): loading: com.android.systemui.media.systemsounds.HomeSoundEffectController
11-05 17:58:19.778 D/SystemUIService( 749): running: com.android.systemui.media.systemsounds.HomeSoundEffectController@9c78265
11-05 17:58:19.778 D/SystemUIBootTiming( 749): SystemUIService: bootcomplete com.android.systemui.media.systemsounds.HomeSoundEffectController took 1 ms
11-05 17:58:19.780 I/ManagerService( 749): --------------------- system activated! ---------------
11-05 17:58:19.780 D/SystemUIBootTiming( 749): SystemUIService: bootcomplete com.android.systemui.oranth.ManagerService took 2 ms
11-05 17:58:19.784 D/CompatibilityChangeReporter( 520): Compat change id reported: 168419799; UID 1000; state: DISABLED
11-05 17:58:19.785 D/NetworkSecurityConfig( 520): No Network Security Config specified, using platform default
11-05 17:58:19.795 E/BootReceiver( 520): Could not open /sys/kernel/tracing/instances/bootreceiver/trace_pipe
11-05 17:58:19.795 E/BootReceiver( 520): android.system.ErrnoException: open failed: ENOENT (No such file or directory)
11-05 17:58:19.795 E/BootReceiver( 520): at libcore.io.Linux.open(Native Method)
11-05 17:58:19.795 E/BootReceiver( 520): at libcore.io.ForwardingOs.open(ForwardingOs.java:567)
11-05 17:58:19.795 E/BootReceiver( 520): at libcore.io.BlockGuardOs.open(BlockGuardOs.java:273)
11-05 17:58:19.795 E/BootReceiver( 520): at android.system.Os.open(Os.java:501)
11-05 17:58:19.795 E/BootReceiver( 520): at com.android.server.BootReceiver.onReceive(BootReceiver.java:167)
11-05 17:58:19.795 E/BootReceiver( 520): at android.app.ActivityThread.handleReceiver(ActivityThread.java:4308)
11-05 17:58:19.795 E/BootReceiver( 520): at android.app.ActivityThread.access$1600(ActivityThread.java:247)
11-05 17:58:19.795 E/BootReceiver( 520): at android.app.ActivityThread$H.handleMessage(ActivityThread.java:2064)
11-05 17:58:19.795 E/BootReceiver( 520): at android.os.Handler.dispatchMessage(Handler.java:106)
11-05 17:58:19.795 E/BootReceiver( 520): at android.os.Looper.loopOnce(Looper.java:201)
11-05 17:58:19.795 E/BootReceiver( 520): at android.os.Looper.loop(Looper.java:288)
11-05 17:58:19.795 E/BootReceiver( 520): at com.android.server.SystemServer.run(SystemServer.java:966)
11-05 17:58:19.795 E/BootReceiver( 520): at com.android.server.SystemServer.main(SystemServer.java:628)
11-05 17:58:19.795 E/BootReceiver( 520): at java.lang.reflect.Method.invoke(Native Method)
11-05 17:58:19.795 E/BootReceiver( 520): at com.android.internal.os.RuntimeInit$MethodAndArgsCaller.run(RuntimeInit.java:548)
11-05 17:58:19.795 E/BootReceiver( 520): at com.android.internal.os.ZygoteInit.main(ZygoteInit.java:1160)
11-05 17:58:19.798 I/DropBoxManagerService( 520): add tag=system_server_wtf isTagEnabled=true flags=0x2
11-05 17:58:19.800 W/ContextImpl( 1277): Calling a method in the system process without a qualified user: android.app.ContextImpl.startService:1816 android.content.ContextWrapper.startService:774 android.content.ContextWrapper.startService:774 com.android.tv.settings.users.UserSwitchListenerService$BootReceiver.onReceive:50 android.app.ActivityThread.handleReceiver:4308
11-05 17:58:19.800 I/RecoverySystem( 520): No recovery log file
11-05 17:58:19.802 I/BootReceiver( 520): No existing last log timestamp file /data/system/log-files.xml; starting empty
11-05 17:58:19.807 I/DropBoxManagerService( 520): add tag=SYSTEM_BOOT isTagEnabled=true flags=0x2
11-05 17:58:19.811 I/BootReceiver( 520): Copying audit failures to DropBox
11-05 17:58:19.813 I/BootReceiver( 520): Checking for fsck errors
11-05 17:58:19.813 V/AudioDeviceManagerObserver( 520): AudioDeviceManagerObserver init()
11-05 17:58:19.814 D/AudioDeviceManagerObserver( 520): AudioDeviceManagerObserver: newCardId: /sys/class/sound/card0/id
11-05 17:58:19.816 D/AudioDeviceManagerObserver( 520): AudioDeviceManagerObserver: devName: pcmC0D0p
11-05 17:58:19.816 D/AudioDeviceManagerObserver( 520): ~~~~~~~~ AudioDeviceManagerObserver: findNameMap: id: audiocodec
11-05 17:58:19.816 D/AudioDeviceManagerObserver( 520): AudioDeviceManagerObserver: name_linux: audiocodec, name_android: AUDIO_CODEC
11-05 17:58:19.816 V/TvNotificationHandler( 749): Notification not added because it isn't relevant for tv
11-05 17:58:19.816 D/AudioDeviceManagerObserver( 520): AudioDeviceManagerObserver: newCardId: /sys/class/sound/card1/id
11-05 17:58:19.816 V/TvNotificationHandler( 749): Notification not added because it isn't relevant for tv
11-05 17:58:19.818 D/AudioDeviceManagerObserver( 520): AudioDeviceManagerObserver: devName: pcmC1D0c
11-05 17:58:19.818 D/AudioDeviceManagerObserver( 520): ~~~~~~~~ AudioDeviceManagerObserver: findNameMap: id: sndspdif
11-05 17:58:19.818 D/AudioDeviceManagerObserver( 520): AudioDeviceManagerObserver: devName: pcmC1D0p
11-05 17:58:19.818 D/AudioDeviceManagerObserver( 520): ~~~~~~~~ AudioDeviceManagerObserver: findNameMap: id: sndspdif
11-05 17:58:19.818 D/AudioDeviceManagerObserver( 520): AudioDeviceManagerObserver: name_linux: sndspdif, name_android: AUDIO_SPDIF
11-05 17:58:19.819 D/AudioDeviceManagerObserver( 520): AudioDeviceManagerObserver: newCardId: /sys/class/sound/card2/id
11-05 17:58:19.822 D/AudioDeviceManagerObserver( 520): AudioDeviceManagerObserver: name_linux: ahubdam, name_android: AUDIO_SPDIF
11-05 17:58:19.823 D/AudioDeviceManagerObserver( 520): AudioDeviceManagerObserver: newCardId: /sys/class/sound/card3/id
11-05 17:58:19.824 D/AudioDeviceManagerObserver( 520): AudioDeviceManagerObserver: devName: pcmC3D0c
11-05 17:58:19.824 D/AudioDeviceManagerObserver( 520): ~~~~~~~~ AudioDeviceManagerObserver: findNameMap: id: ahubhdmi
11-05 17:58:19.825 D/AudioDeviceManagerObserver( 520): AudioDeviceManagerObserver: devName: pcmC3D0p
11-05 17:58:19.825 D/AudioDeviceManagerObserver( 520): ~~~~~~~~ AudioDeviceManagerObserver: findNameMap: id: ahubhdmi
11-05 17:58:19.825 D/AudioDeviceManagerObserver( 520): AudioDeviceManagerObserver: name_linux: ahubhdmi, name_android: AUDIO_USB_ahubhdmi
11-05 17:58:19.825 W/IorapForwardingService( 520): No service published for: iorapd
11-05 17:58:19.827 D/AudioDeviceManagerObserver( 520): AudioDeviceManagerObserver: newCardId: /sys/class/sound/card4/id
11-05 17:58:19.828 D/AudioDeviceManagerObserver( 520): AudioDeviceManagerObserver: devName: pcmC4D0c
11-05 17:58:19.828 D/AudioDeviceManagerObserver( 520): ~~~~~~~~ AudioDeviceManagerObserver: findNameMap: id: ahubi2s2
11-05 17:58:19.829 D/AudioDeviceManagerObserver( 520): AudioDeviceManagerObserver: devName: pcmC4D0p
11-05 17:58:19.829 D/AudioDeviceManagerObserver( 520): ~~~~~~~~ AudioDeviceManagerObserver: findNameMap: id: ahubi2s2
11-05 17:58:19.829 D/AudioDeviceManagerObserver( 520): AudioDeviceManagerObserver: name_linux: ahubi2s2, name_android: AUDIO_USB_ahubi2s2
11-05 17:58:19.829 D/AudioDeviceManagerObserver( 520): AudioDeviceManagerObserver: newCardId: /sys/class/sound/card5/id
11-05 17:58:19.830 V/AudioDeviceManagerObserver( 520): This kernel does not have sound card5
11-05 17:58:19.834 D/AudioManagerEx( 520): AudioManagerEx
11-05 17:58:19.836 D/audio_hw_primary( 247): getAudioDevices()
11-05 17:58:19.836 D/audio_hw_primary( 247): out dev:AUDIO_CODEC
11-05 17:58:19.836 D/audio_hw_primary( 247): in dev:AUDIO_SPDIF
11-05 17:58:19.836 D/audio_hw_primary( 247): out dev:AUDIO_SPDIF
11-05 17:58:19.836 D/audio_hw_primary( 247): in dev:AUDIO_HDMI
11-05 17:58:19.836 D/audio_hw_primary( 247): out dev:AUDIO_HDMI
11-05 17:58:19.836 D/audio_hw_primary( 247): in dev:AUDIO_I2S2
11-05 17:58:19.836 D/audio_hw_primary( 247): out playback: AUDIO_CODEC,AUDIO_SPDIF,AUDIO_HDMI
11-05 17:58:19.838 D/xm_audio( 247): adev_get_parameters
11-05 17:58:19.839 I/hash_map_utils( 268): system/bt/osi/src/hash_map_utils.cc:81 hash_map_utils_dump_string_keys_string_values: key: 'audio_devices_out' value: ''
11-05 17:58:19.841 D/AudioManagerEx( 520): type audio_devices_out list AUDIO_CODEC,AUDIO_SPDIF,AUDIO_HDMI=
11-05 17:58:19.842 D/AudioManagerPolicy( 520): get AUDIO_MANAGE_POLICY is 2
11-05 17:58:19.844 E/AudioDeviceManagerObserver( 520): Could not parse switch state for /sys/devices/virtual/switch/h2w/state ,fail because /sys/devices/virtual/switch/h2w/state: open failed: ENOENT (No such file or directory)
11-05 17:58:19.844 D/AudioManagerPolicy( 520): no usb audio i=3 size=3
11-05 17:58:19.846 D/AudioManagerPolicy( 520): curType4 isHdmiPlugin =true
11-05 17:58:19.847 D/AudioManagerPolicy( 520): hdmi is available on init.
11-05 17:58:19.847 D/AudioManagerPolicy( 520): notifyHdmiAvailable hdmi is available
11-05 17:58:19.949 D/audio_hw_primary( 247): Mic get_audio_devices_active:
11-05 17:58:19.949 D/audio_hw_primary( 247): get_audio_devices_active: AUDIO_CODEC,AUDIO_HDMI
11-05 17:58:19.950 D/xm_audio( 247): adev_get_parameters
11-05 17:58:19.950 I/hash_map_utils( 268): system/bt/osi/src/hash_map_utils.cc:81 hash_map_utils_dump_string_keys_string_values: key: 'audio_devices_out_active' value: ''
11-05 17:58:19.952 D/AudioManagerEx( 520): type audio_devices_out_active list AUDIO_CODEC,AUDIO_HDMI=
11-05 17:58:19.952 D/AudioManagerEx( 520): AudioManagerEx
11-05 17:58:19.955 D/AudioManagerPolicy( 520): save audio is AUDIO_HDMI,AUDIO_CODEC
11-05 17:58:19.956 D/AudioManagerPolicy( 520): get AUDIO_MANAGE_POLICY is 2
11-05 17:58:19.956 D/AudioManagerPolicy( 520): POLICY_2 Remove USB Audio or No USB Audio Output Device Connected!
11-05 17:58:19.957 D/AudioManagerEx( 520): state=audio_devices_out_active,dev=[AUDIO_CODEC, AUDIO_HDMI]
11-05 17:58:19.958 D/AudioManagerEx( 520): enablePassThrough = true
11-05 17:58:19.959 D/AudioManagerEx( 520): Hdmi status true,true,2
11-05 17:58:19.959 D/AudioManagerEx( 520): HDMI AUDIO_CODEC
11-05 17:58:19.959 D/AudioManagerEx( 520): AUDIO_NAME_HDMI
11-05 17:58:19.962 V/audio_hw_primary( 247): adev_set_parameters, mediasw.sft.rawdata=HDMI_RAW
11-05 17:58:19.973 D/AudioManagerEx( 520): audio=AUDIO_HDMI
11-05 17:58:19.974 V/audio_hw_primary( 247): adev_set_parameters, audio_devices_out_active=AUDIO_HDMI
11-05 17:58:19.974 V/audio_hw_primary( 247): out AUDIO_PARAMETER_DEVICES_OUT_ACTIVE: AUDIO_HDMI
11-05 17:58:19.980 V/audio_hw_primary( 247): set property persist.vendor.audio.output.active: AUDIO_HDMI ok
11-05 17:58:19.980 V/audio_hw_primary( 247): AUDIO_HDMI output device will be active
11-05 17:58:19.981 D/audio_hw_primary( 247): start_output_stream out->format : 0x00000000
11-05 17:58:19.981 V/audio_hw_primary( 247): start_output_stream, line: 1503
11-05 17:58:19.981 V/audio_hw_primary( 247): use AUDIO_HDMI to playback audio
11-05 17:58:19.981 D/audio_hw_primary( 247): open card=3, port=0
11-05 17:58:19.981 D/audio_hw_primary( 247): config:2 44100 960 2 0 5760 1 0
11-05 17:58:19.981 D/audio_hw_primary( 247): set_raw_flag(card=3, raw_flag=1)
11-05 17:58:19.981 D/audio_hw_primary( 247): set_raw_flag control_name = audio data format control_value PCM)
11-05 17:58:19.982 V/audio_hw_primary( 247): do not use out resampler
11-05 17:58:19.982 D/hq ( 1799): NetWorkStateReceiver:::检查网络,并且持续更新 isConnect=false
11-05 17:58:19.986 D/AudioManagerEx( 520): Update Settings.System.AUDIO_OUTPUT_CHANNEL, now save audio is AUDIO_HDMI
11-05 17:58:19.986 D/AudioManagerPolicy( 520): get AUDIO_MANAGE_POLICY is 2
11-05 17:58:19.987 D/audio_hw_primary( 247): getAudioDevices()
11-05 17:58:19.988 D/audio_hw_primary( 247): out dev:AUDIO_CODEC
11-05 17:58:19.988 D/audio_hw_primary( 247): in dev:AUDIO_SPDIF
11-05 17:58:19.988 D/audio_hw_primary( 247): out dev:AUDIO_SPDIF
11-05 17:58:19.988 D/audio_hw_primary( 247): in dev:AUDIO_HDMI
11-05 17:58:19.988 D/audio_hw_primary( 247): out dev:AUDIO_HDMI
11-05 17:58:19.988 D/audio_hw_primary( 247): in dev:AUDIO_I2S2
11-05 17:58:19.988 D/audio_hw_primary( 247): in capture: AUDIO_SPDIF,AUDIO_HDMI,AUDIO_I2S2
11-05 17:58:19.989 D/xm_audio( 247): adev_get_parameters
11-05 17:58:19.989 I/hash_map_utils( 268): system/bt/osi/src/hash_map_utils.cc:81 hash_map_utils_dump_string_keys_string_values: key: 'audio_devices_in' value: ''
11-05 17:58:19.993 D/AudioManagerEx( 520): type audio_devices_in list AUDIO_SPDIF,AUDIO_HDMI,AUDIO_I2S2=
11-05 17:58:19.994 D/AudioManagerEx( 520): state=audio_devices_in_active,dev=[AUDIO_CODEC]
11-05 17:58:19.994 D/AudioManagerEx( 520): enablePassThrough = true
11-05 17:58:19.994 D/AudioManagerEx( 520): audio=AUDIO_CODEC
11-05 17:58:19.995 V/audio_hw_primary( 247): adev_set_parameters, audio_devices_in_active=AUDIO_CODEC
11-05 17:58:19.995 V/audio_hw_primary( 247): in AUDIO_PARAMETER_DEVICES_IN_ACTIVE: AUDIO_CODEC
11-05 17:58:19.999 V/audio_hw_primary( 247): set property persist.vendor.audio.input.active: AUDIO_CODEC ok
11-05 17:58:20.003 W/Looper ( 520): Slow dispatch took 190ms main h=android.app.ActivityThread$H c=android.app.LoadedApk$ReceiverDispatcher$Args$$ExternalSyntheticLambda0@12d601 m=0
