11-05 17:58:23.057 I/ConnectAuthJNI( 2111): [HKS] hks_rkc_init_entropy the entropy is empty
11-05 17:58:23.057 I/ConnectAuthJNI( 2111): FileSize 214 FileSize
11-05 17:58:23.058 I/ConnectAuthJNI( 2111): FileSize 230 fileSize=0
11-05 17:58:23.058 E/ConnectAuthJNI( 2111): [HKS] hks_rkc_read_ksf file size is invalid,name=info1.data,size=0
11-05 17:58:23.058 I/ConnectAuthJNI( 2111): FileSize 214 FileSize
11-05 17:58:23.059 I/ConnectAuthJNI( 2111): FileSize 230 fileSize=0
11-05 17:58:23.059 E/ConnectAuthJNI( 2111): [HKS] hks_rkc_read_ksf file size is invalid,name=info2.data,size=0
11-05 17:58:23.059 E/ConnectAuthJNI( 2111): [HKS] hks_rkc_load_ksf all ksf file are invalid
11-05 17:58:23.080 I/ConnectAuthJNI( 2111): FileWrite 176 FileWrite
11-05 17:58:23.081 I/ConnectAuthJNI( 2111): FileWrite 197 FileWrite 1
11-05 17:58:23.081 I/ConnectAuthJNI( 2111): [HKS] hks_rkc_write_ksf write ksf success
11-05 17:58:23.081 I/ConnectAuthJNI( 2111): FileWrite 176 FileWrite
11-05 17:58:23.082 I/ConnectAuthJNI( 2111): FileWrite 197 FileWrite 1
11-05 17:58:23.082 I/ConnectAuthJNI( 2111): [HKS] hks_rkc_write_ksf write ksf success
11-05 17:58:23.082 I/ConnectAuthJNI( 2111): [HKS] hks_rkc_create_ksf create root key component success
11-05 17:58:23.082 I/ConnectAuthJNI( 2111): [HKS] hks_rkc_init root key component init success
11-05 17:58:23.082 I/ConnectAuthJNI( 2111): [HKS] hks_rkc_init RKC init:end,rc=0
11-05 17:58:23.082 I/ConnectAuthJNI( 2111): [HKS] hks_service_key_info_init hks init : end
11-05 17:58:23.082 I/ConnectAuthJNI( 2111): GetHiChainProtocolParamsCallback 371 GetHiChainProtocolParamsCallback operation_code= 99
11-05 17:58:23.082 I/ConnectAuthJNI( 2111): paramLen is ,=0
11-05 17:58:23.082 I/ConnectAuthJNI( 2111): paramLen is ,=0
11-05 17:58:23.082 I/ConnectAuthJNI( 2111): GetHiChainProtocolParamsCallback 402 GetHiChainProtocolParamsCallback end
11-05 17:58:23.082 I/ConnectAuthJNI( 2111): [HiChain] get_instance Get instance success
11-05 17:58:23.082 I/ConnectAuthJNI( 2111): Java_com_huawei_hisight_security_ConnectAuthNative_nativeGetHiChainInstance 598 get instance success
11-05 17:58:23.082 D/Hisight-HiChainAuthControl( 2111): destroyAuth
11-05 17:58:23.082 I/ConnectAuthJNI( 2111): Java_com_huawei_hisight_security_ConnectAuthNative_nativeDestroy 603 destroy
11-05 17:58:23.082 D/Hisight-HiChainAuthControl( 2111): setupAuthIfNeeded, HiChainInstance hasn't been initialized
11-05 17:58:23.082 I/ConnectAuthJNI( 2111): Java_com_huawei_hisight_security_ConnectAuthNative_nativeSetup 795 call HiChainNativeSetup
11-05 17:58:23.082 I/ConnectAuthJNI( 2111): HiChainNativeSetup 565 registe_log
11-05 17:58:23.082 I/ConnectAuthJNI( 2111): HksStorageRegisterFileCallbacks 245 register hks file callback status =0
11-05 17:58:23.082 I/ConnectAuthJNI( 2111): HksRegisterGetDeviceIdCallback 268 register hks get hardware udid callback status =0
11-05 17:58:23.083 D/ConnectAuthJNI( 2111): [HiChain] get_instance Begin get instance
11-05 17:58:23.083 I/ConnectAuthJNI( 2111): [HKS] hks_service_key_info_init hks init : begin
11-05 17:58:23.083 I/ConnectAuthJNI( 2111): [HKS] hks_service_key_info_init hks init : end
11-05 17:58:23.083 I/ConnectAuthJNI( 2111): GetHiChainProtocolParamsCallback 371 GetHiChainProtocolParamsCallback operation_code= 99
11-05 17:58:23.083 I/ConnectAuthJNI( 2111): paramLen is ,=0
11-05 17:58:23.083 I/ConnectAuthJNI( 2111): paramLen is ,=0
11-05 17:58:23.093 I/ConnectAuthJNI( 2111): GetHiChainProtocolParamsCallback 402 GetHiChainProtocolParamsCallback end
11-05 17:58:23.094 I/ConnectAuthJNI( 2111): [HiChain] get_instance Get instance success
11-05 17:58:23.095 I/ConnectAuthJNI( 2111): Java_com_huawei_hisight_security_ConnectAuthNative_nativeGetHiChainInstance 598 get instance success
11-05 17:58:23.095 W/ConnectAuthJNI( 2111): GetListTrustPeers 899 trustPeerSize=0
11-05 17:58:23.095 D/Hisight-HiChainAuthControl( 2111): destroyAuth
11-05 17:58:23.095 I/ConnectAuthJNI( 2111): Java_com_huawei_hisight_security_ConnectAuthNative_nativeDestroy 603 destroy
11-05 17:58:23.095 D/Hisight-HiChainAuthControl( 2111): setupAuthIfNeeded, HiChainInstance hasn't been initialized
11-05 17:58:23.103 I/ConnectAuthJNI( 2111): Java_com_huawei_hisight_security_ConnectAuthNative_nativeSetup 795 call HiChainNativeSetup
11-05 17:58:23.103 I/ConnectAuthJNI( 2111): HiChainNativeSetup 565 registe_log
11-05 17:58:23.103 I/ConnectAuthJNI( 2111): HksStorageRegisterFileCallbacks 245 register hks file callback status =0
11-05 17:58:23.103 I/ConnectAuthJNI( 2111): HksRegisterGetDeviceIdCallback 268 register hks get hardware udid callback status =0
11-05 17:58:23.103 D/ConnectAuthJNI( 2111): [HiChain] get_instance Begin get instance
11-05 17:58:23.103 I/ConnectAuthJNI( 2111): [HKS] hks_service_key_info_init hks init : begin
11-05 17:58:23.103 I/ConnectAuthJNI( 2111): [HKS] hks_service_key_info_init hks init : end
11-05 17:58:23.103 I/ConnectAuthJNI( 2111): GetHiChainProtocolParamsCallback 371 GetHiChainProtocolParamsCallback operation_code= 99
11-05 17:58:23.103 I/ConnectAuthJNI( 2111): paramLen is ,=0
11-05 17:58:23.103 I/ConnectAuthJNI( 2111): paramLen is ,=0
11-05 17:58:23.103 I/ConnectAuthJNI( 2111): GetHiChainProtocolParamsCallback 402 GetHiChainProtocolParamsCallback end
11-05 17:58:23.103 I/ConnectAuthJNI( 2111): [HiChain] get_instance Get instance success
11-05 17:58:23.103 I/ConnectAuthJNI( 2111): Java_com_huawei_hisight_security_ConnectAuthNative_nativeGetHiChainInstance 598 get instance success
11-05 17:58:23.104 W/ConnectAuthJNI( 2111): GetListTrustPeers 899 trustPeerSize=0
11-05 17:58:23.123 D/Hisight-DeviceListManager( 2111): init trusted list size: 0
11-05 17:58:23.123 D/HiSight-ConnectionManager( 2111): setAuthInfo, authMode: 1
11-05 17:58:23.125 D/CompatibilityChangeReporter( 520): Compat change id reported: 135634846; UID 10057; state: DISABLED
11-05 17:58:23.126 D/CompatibilityChangeReporter( 520): Compat change id reported: 177438394; UID 10057; state: DISABLED
11-05 17:58:23.128 D/CompatibilityChangeReporter( 520): Compat change id reported: 135772972; UID 10057; state: DISABLED
11-05 17:58:23.129 D/CompatibilityChangeReporter( 520): Compat change id reported: 135754954; UID 10057; state: DISABLED
11-05 17:58:23.130 D/CompatibilityChangeReporter( 520): Compat change id reported: 143937733; UID 10057; state: DISABLED
11-05 17:58:23.162 D/Zygote ( 242): Forked child process 2840
11-05 17:58:23.163 I/ActivityManager( 520): app.processName = com.android.tv
11-05 17:58:23.163 I/ActivityManager( 520): Start proc 2840:com.android.tv/u0a57 for service {com.android.tv/com.android.tv.dvr.recorder.DvrRecordingService}
11-05 17:58:23.175 I/Zygote ( 2840): seccomp disabled by setenforce 0
11-05 17:58:23.191 D/CompatibilityChangeReporter( 2718): Compat change id reported: 147600208; UID 1000; state: DISABLED
11-05 17:58:23.218 I/adbd ( 384): jdwp connection from 2840
11-05 17:58:23.344 D/CompatibilityChangeReporter( 2840): Compat change id reported: 171979766; UID 10057; state: DISABLED
11-05 17:58:23.348 I/ls ( 2862): type=1400 audit(0.0:1520): avc: denied { read } for name="thermal" dev="sysfs" ino=11238 scontext=u:r:system_app:s0 tcontext=u:object_r:sysfs_thermal:s0 tclass=dir permissive=1
11-05 17:58:23.348 I/ls ( 2862): type=1400 audit(0.0:1521): avc: denied { open } for path="/sys/class/thermal" dev="sysfs" ino=11238 scontext=u:r:system_app:s0 tcontext=u:object_r:sysfs_thermal:s0 tclass=dir permissive=1
11-05 17:58:23.348 I/ls ( 2862): type=1400 audit(0.0:1522): avc: denied { search } for name="thermal" dev="sysfs" ino=11238 scontext=u:r:system_app:s0 tcontext=u:object_r:sysfs_thermal:s0 tclass=dir permissive=1
11-05 17:58:23.360 I/EventThread( 261): type=1400 audit(0.0:1523): avc: denied { search } for name="extcon" dev="sysfs" ino=18103 scontext=u:r:hal_tv_cec_default:s0 tcontext=u:object_r:sysfs_extcon:s0 tclass=dir permissive=1
11-05 17:58:23.372 D/ApplicationLoaders( 2840): Returning zygote-cached class loader: /system/framework/android.test.base.jar
11-05 17:58:23.414 D/nativeloader( 2840): classloader namespace configured for unbundled product apk. library_path=/product/priv-app/LiveTv/lib/arm:/product/lib:/system/product/lib
11-05 17:58:23.431 I/TDLog ( 2718): setReportUncaughtExceptions: true
11-05 17:58:23.473 V/GraphicsEnvironment( 2840): ANGLE Developer option for 'com.android.tv' set to: 'default'
11-05 17:58:23.473 V/GraphicsEnvironment( 2840): Neither updatable production driver nor prerelease driver is supported.
11-05 17:58:23.482 D/NetworkSecurityConfig( 2840): No Network Security Config specified, using platform default
11-05 17:58:23.482 D/NetworkSecurityConfig( 2840): No Network Security Config specified, using platform default
11-05 17:58:23.496 I/ThreadPoolUtils( 2718): type=1400 audit(0.0:1524): avc: denied { read } for name="/" dev="dm-0" ino=2 scontext=u:r:system_app:s0 tcontext=u:object_r:rootfs:s0 tclass=dir permissive=1
11-05 17:58:23.505 W/audit ( 2889): audit_lost=1008 audit_rate_limit=5 audit_backlog_limit=64
11-05 17:58:23.505 E/audit ( 2889): rate limit exceeded
11-05 17:58:23.577 W/UnsafeUtil( 2840): platform method missing - proto runtime falling back to safer methods: java.lang.NoSuchMethodException: sun.misc.Unsafe.copyMemory [class java.lang.Object, long, class java.lang.Object, long, long]
11-05 17:58:23.591 D/CompatibilityChangeReporter( 520): Compat change id reported: 135634846; UID 10040; state: DISABLED
11-05 17:58:23.591 D/CompatibilityChangeReporter( 520): Compat change id reported: 177438394; UID 10040; state: DISABLED
11-05 17:58:23.591 D/CompatibilityChangeReporter( 520): Compat change id reported: 135772972; UID 10040; state: DISABLED
11-05 17:58:23.591 D/CompatibilityChangeReporter( 520): Compat change id reported: 135754954; UID 10040; state: ENABLED
11-05 17:58:23.598 D/CompatibilityChangeReporter( 520): Compat change id reported: 143937733; UID 10040; state: ENABLED
11-05 17:58:23.605 I/ActivityManager( 520): Killing 1857:com.tv.filemanager.os/u0a54 (adj 975): empty #17
11-05 17:58:23.617 I/libprocessgroup( 520): Successfully killed process cgroup uid 10054 pid 1857 in 0ms
11-05 17:58:23.645 D/Zygote ( 242): Forked child process 2911
11-05 17:58:23.646 W/ActivityManager( 520): Slow operation: 57ms so far, now at startProcess: returned from zygote!
11-05 17:58:23.647 W/ActivityManager( 520): Slow operation: 58ms so far, now at startProcess: done updating battery stats
11-05 17:58:23.647 W/ActivityManager( 520): Slow operation: 58ms so far, now at startProcess: building log message
11-05 17:58:23.647 I/ActivityManager( 520): app.processName = com.softwinner.timerswitch
11-05 17:58:23.647 I/ActivityManager( 520): Start proc 2911:com.softwinner.timerswitch/u0a40 for broadcast {com.softwinner.timerswitch/com.softwinner.timerswitch.AlarmReceiver}
11-05 17:58:23.647 W/ActivityManager( 520): Slow operation: 58ms so far, now at startProcess: starting to update pids map
11-05 17:58:23.647 W/ActivityManager( 520): Slow operation: 58ms so far, now at startProcess: done updating pids map
11-05 17:58:23.665 I/Zygote ( 2911): seccomp disabled by setenforce 0
11-05 17:58:23.725 I/adbd ( 384): jdwp connection from 2911
11-05 17:58:23.733 D/CompatibilityChangeReporter( 520): Compat change id reported: 168419799; UID 10040; state: DISABLED
11-05 17:58:23.761 I/Zygote ( 242): Process 1857 exited due to signal 9 (Killed)
11-05 17:58:23.785 W/ActivityManager( 520): Slow operation: 56ms so far, now at attachApplicationLocked: after sendPendingBroadcastsLocked
11-05 17:58:23.790 D/CompatibilityChangeReporter( 2911): Compat change id reported: 171979766; UID 10040; state: ENABLED
11-05 17:58:23.834 W/IorapForwardingService( 520): No service published for: iorapd
11-05 17:58:23.867 W/TelephonyPermissions( 520): reportAccessDeniedToReadIdentifiers:com.dangbei.screencast:getSerial:-1
11-05 17:58:23.928 V/NFC ( 2718): this device does not have NFC support
11-05 17:58:23.984 D/CompatibilityChangeReporter( 520): Compat change id reported: 135634846; UID 10057; state: DISABLED
11-05 17:58:23.984 D/CompatibilityChangeReporter( 520): Compat change id reported: 177438394; UID 10057; state: DISABLED
11-05 17:58:23.984 D/CompatibilityChangeReporter( 520): Compat change id reported: 135772972; UID 10057; state: DISABLED
11-05 17:58:23.984 D/CompatibilityChangeReporter( 520): Compat change id reported: 135754954; UID 10057; state: DISABLED
11-05 17:58:23.998 D/CompatibilityChangeReporter( 520): Compat change id reported: 143937733; UID 10057; state: DISABLED
11-05 17:58:24.009 D/hq ( 1799): NetWorkStateReceiver:::检查网络,并且持续更新 isConnect=false
11-05 17:58:24.023 I/TvApplication( 2840): Starting TV app 1.24-asop
11-05 17:58:24.025 I/TvApplication( 2840): Started TV app 1.24-asop
11-05 17:58:24.044 D/Zygote ( 242): Forked child process 2949
11-05 17:58:24.056 I/Zygote ( 2949): seccomp disabled by setenforce 0
11-05 17:58:24.057 W/ActivityManager( 520): Slow operation: 75ms so far, now at startProcess: returned from zygote!
11-05 17:58:24.082 W/ActivityManager( 520): Slow operation: 100ms so far, now at startProcess: done updating battery stats
11-05 17:58:24.085 W/ActivityManager( 520): Slow operation: 103ms so far, now at startProcess: building log message
11-05 17:58:24.085 I/ActivityManager( 520): app.processName = com.android.tv.common
11-05 17:58:24.085 I/ActivityManager( 520): Start proc 2949:com.android.tv.common/u0a57 for content provider {com.android.tv/com.android.tv.common.CommonPreferenceProvider}
11-05 17:58:24.085 W/ActivityManager( 520): Slow operation: 103ms so far, now at startProcess: starting to update pids map
11-05 17:58:24.092 W/ActivityManager( 520): Slow operation: 110ms so far, now at startProcess: done updating pids map
11-05 17:58:24.108 E/bt_upio ( 248): upio_set : /proc/bluetooth/sleep/btwrite(-1) incorrent
11-05 17:58:24.108 V/GraphicsEnvironment( 2911): ANGLE Developer option for 'com.softwinner.timerswitch' set to: 'default'
11-05 17:58:24.109 V/GraphicsEnvironment( 2911): Neither updatable production driver nor prerelease driver is supported.
11-05 17:58:24.129 D/NetworkSecurityConfig( 2911): No Network Security Config specified, using platform default
11-05 17:58:24.130 D/NetworkSecurityConfig( 2911): No Network Security Config specified, using platform default
11-05 17:58:24.132 I/adbd ( 384): jdwp connection from 2949
11-05 17:58:24.202 I/BLEAudioDrive_HV410( 247): data len: 9 1
11-05 17:58:24.205 D/TvWindowManager( 520): key event key = KEYCODE_DPAD_RIGHT down = true
11-05 17:58:24.212 W/SoundPool( 520): Use of stream types is deprecated for operations other than volume control
11-05 17:58:24.212 W/SoundPool( 520): See the documentation of SoundPool() for what to use instead with android.media.AudioAttributes to qualify your playback use case
11-05 17:58:24.232 D/GpioService( 520): mFlickerEnable = true
11-05 17:58:24.238 D/TAG_AlarmReceiver( 2911): receive broadcast, curTime : 2025-11-05 17:58:24
11-05 17:58:24.239 D/TAG_AlarmReceiver( 2911): ********receive system bootUp broadcast*********
11-05 17:58:24.260 D/CompatibilityChangeReporter( 2949): Compat change id reported: 171979766; UID 10057; state: DISABLED
11-05 17:58:24.265 D/CompatibilityChangeReporter( 520): Compat change id reported: 135634846; UID 10052; state: DISABLED
11-05 17:58:24.267 D/CompatibilityChangeReporter( 520): Compat change id reported: 143937733; UID 10052; state: DISABLED
11-05 17:58:24.311 D/Zygote ( 242): Forked child process 2976
11-05 17:58:24.312 W/ActivityManager( 520): Slow operation: 53ms so far, now at startProcess: returned from zygote!
11-05 17:58:24.319 W/ActivityManager( 520): Slow operation: 60ms so far, now at startProcess: done updating battery stats
11-05 17:58:24.322 W/ActivityManager( 520): Slow operation: 63ms so far, now at startProcess: building log message
11-05 17:58:24.322 I/ActivityManager( 520): app.processName = com.sohu.inputmethod.sogou.tv
11-05 17:58:24.322 I/ActivityManager( 520): Start proc 2976:com.sohu.inputmethod.sogou.tv/u0a52 for service {com.sohu.inputmethod.sogou.tv/com.sohu.inputmethod.sogou.tv.SogouIME}
11-05 17:58:24.322 W/ActivityManager( 520): Slow operation: 63ms so far, now at startProcess: starting to update pids map
11-05 17:58:24.356 I/RxCachedThreadS( 2718): type=1400 audit(0.0:1852): avc: denied { read } for name="address" dev="sysfs" ino=25873 scontext=u:r:system_app:s0 tcontext=u:object_r:sysfs:s0 tclass=file permissive=1
11-05 17:58:24.356 I/RxCachedThreadS( 2718): type=1400 audit(0.0:1853): avc: denied { open } for path="/sys/devices/platform/unisoc_wifi/net/wlan1/address" dev="sysfs" ino=25873 scontext=u:r:system_app:s0 tcontext=u:object_r:sysfs:s0 tclass=file permissive=1
11-05 17:58:24.356 I/RxCachedThreadS( 2718): type=1400 audit(0.0:1854): avc: denied { getattr } for path="/sys/devices/platform/unisoc_wifi/net/wlan1/address" dev="sysfs" ino=25873 scontext=u:r:system_app:s0 tcontext=u:object_r:sysfs:s0 tclass=file permissive=1
11-05 17:58:24.360 I/EventThread( 261): type=1400 audit(0.0:1855): avc: denied { search } for name="extcon" dev="sysfs" ino=18103 scontext=u:r:hal_tv_cec_default:s0 tcontext=u:object_r:sysfs_extcon:s0 tclass=dir permissive=1
11-05 17:58:24.360 I/ThreadPoolUtils( 2718): type=1400 audit(0.0:1856): avc: denied { write } for name="expand" dev="tmpfs" ino=6537 scontext=u:r:system_app:s0 tcontext=u:object_r:mnt_expand_file:s0 tclass=dir permissive=1
11-05 17:58:24.324 W/ActivityManager( 520): Slow operation: 65ms so far, now at startProcess: done updating pids map
11-05 17:58:24.325 I/Zygote ( 2976): seccomp disabled by setenforce 0
11-05 17:58:24.343 D/MediaCodecList( 520): codecHandlesFormat: no format, so no extra checks
11-05 17:58:24.361 I/BLEAudioDrive_HV410( 247): data len: 9 1
11-05 17:58:24.361 I/BLEAudioDrive_HV410( 247): keyboard stop
11-05 17:58:24.362 D/TvWindowManager( 520): key event key = KEYCODE_DPAD_RIGHT down = false
11-05 17:58:24.379 I/adbd ( 384): jdwp connection from 2976
11-05 17:58:24.392 D/ApplicationLoaders( 2949): Returning zygote-cached class loader: /system/framework/android.test.base.jar
11-05 17:58:24.403 D/MediaCodecList( 520): codecHandlesFormat: no format, so no extra checks
11-05 17:58:24.414 D/CCodec ( 520): allocate(c2.android.vorbis.decoder)
11-05 17:58:24.415 V/C2Store ( 377): in init
11-05 17:58:24.415 V/C2Store ( 377): loading dll
11-05 17:58:24.423 I/CCodec ( 520): Created component [c2.android.vorbis.decoder]
11-05 17:58:24.424 D/CCodecConfig( 520): read media type: audio/vorbis
11-05 17:58:24.434 D/CCodec ( 520): allocate(c2.android.vorbis.decoder)
11-05 17:58:24.442 D/ReflectedParamUpdater( 520): extent() != 1 for single value type: algo.buffers.max-count.values
11-05 17:58:24.442 D/ReflectedParamUpdater( 520): extent() != 1 for single value type: output.subscribed-indices.values
11-05 17:58:24.445 D/ReflectedParamUpdater( 520): extent() != 1 for single value type: input.buffers.allocator-ids.values
11-05 17:58:24.445 D/ReflectedParamUpdater( 520): extent() != 1 for single value type: output.buffers.allocator-ids.values
11-05 17:58:24.445 I/CCodec ( 520): Created component [c2.android.vorbis.decoder]
11-05 17:58:24.445 D/ReflectedParamUpdater( 520): extent() != 1 for single value type: algo.buffers.allocator-ids.values
11-05 17:58:24.445 D/ReflectedParamUpdater( 520): extent() != 1 for single value type: output.buffers.pool-ids.values
11-05 17:58:24.446 D/ReflectedParamUpdater( 520): extent() != 1 for single value type: algo.buffers.pool-ids.values
11-05 17:58:24.448 D/CCodecConfig( 520): read media type: audio/vorbis
11-05 17:58:24.449 D/AlarmDatabase( 2911): **************** create ClockDatabase !
11-05 17:58:24.449 I/CCodecConfig( 520): query failed after returning 7 values (BAD_INDEX)
11-05 17:58:24.449 D/CCodecConfig( 520): c2 config diff is Dict {
11-05 17:58:24.449 D/CCodecConfig( 520): c2::u32 coded.bitrate.value = 64000
11-05 17:58:24.449 D/CCodecConfig( 520): c2::u32 input.buffers.max-size.value = 32768
11-05 17:58:24.449 D/CCodecConfig( 520): c2::u32 input.delay.value = 0
11-05 17:58:24.449 D/CCodecConfig( 520): string input.media-type.value = "audio/vorbis"
11-05 17:58:24.449 D/CCodecConfig( 520): string output.media-type.value = "audio/raw"
11-05 17:58:24.449 D/CCodecConfig( 520): c2::u32 raw.channel-count.value = 1
11-05 17:58:24.449 D/CCodecConfig( 520): c2::u32 raw.sample-rate.value = 48000
11-05 17:58:24.449 D/CCodecConfig( 520): }
11-05 17:58:24.453 D/CCodec ( 520): [c2.android.vorbis.decoder] buffers are bound to CCodec for this session
11-05 17:58:24.453 D/CCodecConfig( 520): no c2 equivalents for durationUs
11-05 17:58:24.453 D/CCodecConfig( 520): no c2 equivalents for track-id
11-05 17:58:24.453 D/CCodecConfig( 520): no c2 equivalents for csd-1
11-05 17:58:24.453 D/CCodecConfig( 520): no c2 equivalents for channel-mask
11-05 17:58:24.453 D/CCodecConfig( 520): no c2 equivalents for flags
11-05 17:58:24.463 D/ReflectedParamUpdater( 520): extent() != 1 for single value type: algo.buffers.max-count.values
11-05 17:58:24.464 D/ReflectedParamUpdater( 520): extent() != 1 for single value type: output.subscribed-indices.values
11-05 17:58:24.464 D/ReflectedParamUpdater( 520): extent() != 1 for single value type: input.buffers.allocator-ids.values
11-05 17:58:24.464 D/ReflectedParamUpdater( 520): extent() != 1 for single value type: output.buffers.allocator-ids.values
11-05 17:58:24.464 D/ReflectedParamUpdater( 520): extent() != 1 for single value type: algo.buffers.allocator-ids.values
11-05 17:58:24.464 D/ReflectedParamUpdater( 520): extent() != 1 for single value type: output.buffers.pool-ids.values
11-05 17:58:24.468 D/CCodecConfig( 520): c2 config diff is c2::u32 coded.bitrate.value = 112000
11-05 17:58:24.468 D/CCodecConfig( 520): c2::u32 raw.channel-count.value = 2
11-05 17:58:24.468 D/CCodecConfig( 520): c2::u32 raw.sample-rate.value = 44100
11-05 17:58:24.468 D/ReflectedParamUpdater( 520): extent() != 1 for single value type: algo.buffers.pool-ids.values
11-05 17:58:24.473 W/Codec2Client( 520): query -- param skipped: index = 1107298332.
11-05 17:58:24.473 D/CCodec ( 520): setup formats input: AMessage(what = 0x00000000) = {
11-05 17:58:24.473 D/CCodec ( 520): int32_t bitrate = 112000
11-05 17:58:24.473 D/CCodec ( 520): int32_t channel-count = 2
11-05 17:58:24.473 D/CCodec ( 520): int32_t max-input-size = 32768
11-05 17:58:24.473 D/CCodec ( 520): string mime = "audio/vorbis"
11-05 17:58:24.473 D/CCodec ( 520): int32_t sample-rate = 44100
11-05 17:58:24.473 D/CCodec ( 520): }
11-05 17:58:24.473 D/CCodec ( 520): setup formats output: AMessage(what = 0x00000000) = {
11-05 17:58:24.473 D/CCodec ( 520): int32_t channel-count = 2
11-05 17:58:24.473 D/CCodec ( 520): string mime = "audio/raw"
11-05 17:58:24.473 D/CCodec ( 520): int32_t sample-rate = 44100
11-05 17:58:24.473 D/CCodec ( 520): int32_t channel-mask = 3
11-05 17:58:24.473 D/CCodec ( 520): }
11-05 17:58:24.474 I/CCodecConfig( 520): query failed after returning 7 values (BAD_INDEX)
11-05 17:58:24.475 W/Codec2Client( 520): query -- param skipped: index = 1342179345.
11-05 17:58:24.475 W/Codec2Client( 520): query -- param skipped: index = 2415921170.
11-05 17:58:24.475 I/CCodecConfig( 520): query failed after returning 7 values (BAD_INDEX)
11-05 17:58:24.475 D/CCodecConfig( 520): c2 config diff is Dict {
11-05 17:58:24.475 D/CCodecConfig( 520): c2::u32 coded.bitrate.value = 64000
11-05 17:58:24.475 D/CCodecConfig( 520): c2::u32 input.buffers.max-size.value = 32768
11-05 17:58:24.475 D/CCodecConfig( 520): c2::u32 input.delay.value = 0
11-05 17:58:24.475 D/CCodecConfig( 520): string input.media-type.value = "audio/vorbis"
11-05 17:58:24.475 D/CCodecConfig( 520): string output.media-type.value = "audio/raw"
11-05 17:58:24.475 D/CCodecConfig( 520): c2::u32 raw.channel-count.value = 1
11-05 17:58:24.475 D/CCodecConfig( 520): c2::u32 raw.sample-rate.value = 48000
11-05 17:58:24.475 D/CCodecConfig( 520): }
11-05 17:58:24.477 D/BufferPoolAccessor2.0( 377): bufferpool2 0xe8798058 : 0(0 size) total buffers - 0(0 size) used buffers - 141/145 (recycle/alloc) - 4/144 (fetch/transfer)
11-05 17:58:24.477 D/BufferPoolAccessor2.0( 377): Destruction - bufferpool2 0xe8798058 cached: 0/0M, 0/0% in use; allocs: 145, 97% recycled; transfers: 144, 97% unfetched
11-05 17:58:24.478 D/BufferPoolAccessor2.0( 377): bufferpool2 0xe8797f18 : 0(0 size) total buffers - 0(0 size) used buffers - 141/145 (recycle/alloc) - 4/144 (fetch/transfer)
11-05 17:58:24.478 D/BufferPoolAccessor2.0( 377): Destruction - bufferpool2 0xe8797f18 cached: 0/0M, 0/0% in use; allocs: 145, 97% recycled; transfers: 144, 97% unfetched
11-05 17:58:24.479 D/BufferPoolAccessor2.0( 377): bufferpool2 0xe8798558 : 0(0 size) total buffers - 0(0 size) used buffers - 16/19 (recycle/alloc) - 4/18 (fetch/transfer)
11-05 17:58:24.479 D/BufferPoolAccessor2.0( 377): Destruction - bufferpool2 0xe8798558 cached: 0/0M, 0/0% in use; allocs: 19, 84% recycled; transfers: 18, 78% unfetched
11-05 17:58:24.480 D/BufferPoolAccessor2.0( 377): bufferpool2 0xe8798cd8 : 0(0 size) total buffers - 0(0 size) used buffers - 18/21 (recycle/alloc) - 3/20 (fetch/transfer)
11-05 17:58:24.480 D/BufferPoolAccessor2.0( 377): Destruction - bufferpool2 0xe8798cd8 cached: 0/0M, 0/0% in use; allocs: 21, 86% recycled; transfers: 20, 85% unfetched
11-05 17:58:24.480 D/CCodecBufferChannel( 520): [c2.android.vorbis.decoder#14] Created input block pool with allocatorID 16 => poolID 23 - OK (0)
11-05 17:58:24.480 D/BufferPoolAccessor2.0( 377): bufferpool2 0xe8798418 : 0(0 size) total buffers - 0(0 size) used buffers - 32/36 (recycle/alloc) - 4/35 (fetch/transfer)
11-05 17:58:24.480 D/BufferPoolAccessor2.0( 377): Destruction - bufferpool2 0xe8798418 cached: 0/0M, 0/0% in use; allocs: 36, 89% recycled; transfers: 35, 89% unfetched
11-05 17:58:24.481 D/BufferPoolAccessor2.0( 377): bufferpool2 0xe8798f58 : 0(0 size) total buffers - 0(0 size) used buffers - 28/32 (recycle/alloc) - 4/31 (fetch/transfer)
11-05 17:58:24.481 D/BufferPoolAccessor2.0( 377): Destruction - bufferpool2 0xe8798f58 cached: 0/0M, 0/0% in use; allocs: 32, 88% recycled; transfers: 31, 87% unfetched
11-05 17:58:24.486 D/BufferPoolAccessor2.0( 520): bufferpool2 0xe7fcf718 : 0(0 size) total buffers - 0(0 size) used buffers - 2/7 (recycle/alloc) - 5/294 (fetch/transfer)
11-05 17:58:24.486 D/BufferPoolAccessor2.0( 520): Destruction - bufferpool2 0xe7fcf718 cached: 0/0M, 0/0% in use; allocs: 7, 29% recycled; transfers: 294, 98% unfetched
11-05 17:58:24.486 D/BufferPoolAccessor2.0( 520): bufferpool2 0xe7fcf5d8 : 0(0 size) total buffers - 0(0 size) used buffers - 2/7 (recycle/alloc) - 5/294 (fetch/transfer)
11-05 17:58:24.488 D/BufferPoolAccessor2.0( 520): Destruction - bufferpool2 0xe7fcf5d8 cached: 0/0M, 0/0% in use; allocs: 7, 29% recycled; transfers: 294, 98% unfetched
11-05 17:58:24.488 D/BufferPoolAccessor2.0( 520): bufferpool2 0xe7346798 : 0(0 size) total buffers - 0(0 size) used buffers - 2/7 (recycle/alloc) - 8/42 (fetch/transfer)
11-05 17:58:24.488 D/BufferPoolAccessor2.0( 520): Destruction - bufferpool2 0xe7346798 cached: 0/0M, 0/0% in use; allocs: 7, 29% recycled; transfers: 42, 81% unfetched
11-05 17:58:24.488 D/BufferPoolAccessor2.0( 520): bufferpool2 0xe7346a18 : 0(0 size) total buffers - 0(0 size) used buffers - 1/7 (recycle/alloc) - 6/46 (fetch/transfer)
11-05 17:58:24.488 D/BufferPoolAccessor2.0( 520): Destruction - bufferpool2 0xe7346a18 cached: 0/0M, 0/0% in use; allocs: 7, 14% recycled; transfers: 46, 87% unfetched
11-05 17:58:24.489 D/BufferPoolAccessor2.0( 520): bufferpool2 0xe7349858 : 0(0 size) total buffers - 0(0 size) used buffers - 1/7 (recycle/alloc) - 6/76 (fetch/transfer)
11-05 17:58:24.489 D/BufferPoolAccessor2.0( 520): Destruction - bufferpool2 0xe7349858 cached: 0/0M, 0/0% in use; allocs: 7, 14% recycled; transfers: 76, 92% unfetched
11-05 17:58:24.489 D/BufferPoolAccessor2.0( 520): bufferpool2 0xe7349998 : 0(0 size) total buffers - 0(0 size) used buffers - 2/7 (recycle/alloc) - 5/68 (fetch/transfer)
11-05 17:58:24.489 D/BufferPoolAccessor2.0( 520): Destruction - bufferpool2 0xe7349998 cached: 0/0M, 0/0% in use; allocs: 7, 29% recycled; transfers: 68, 93% unfetched
11-05 17:58:24.490 I/CCodecBufferChannel( 520): [c2.android.vorbis.decoder#14] Created output block pool with allocatorID 16 => poolID 23 - OK
11-05 17:58:24.490 D/CCodecBufferChannel( 520): [c2.android.vorbis.decoder#14] Configured output block pool ids 23 => OK
11-05 17:58:24.497 I/ActivityManager( 520): Finished processing BOOT_COMPLETED for u0
11-05 17:58:24.517 W/audit ( 2869): audit_lost=1425 audit_rate_limit=5 audit_backlog_limit=64
11-05 17:58:24.517 E/audit ( 2869): rate limit exceeded
11-05 17:58:24.507 D/CCodec ( 520): [c2.android.vorbis.decoder] buffers are bound to CCodec for this session
11-05 17:58:24.507 D/CCodecConfig( 520): no c2 equivalents for durationUs
11-05 17:58:24.507 D/CCodecConfig( 520): no c2 equivalents for track-id
11-05 17:58:24.507 D/CCodecConfig( 520): no c2 equivalents for csd-1
11-05 17:58:24.507 D/CCodecConfig( 520): no c2 equivalents for channel-mask
11-05 17:58:24.507 D/CCodecConfig( 520): no c2 equivalents for flags
11-05 17:58:24.510 D/CCodecConfig( 520): c2 config diff is c2::u32 coded.bitrate.value = 112000
11-05 17:58:24.510 D/CCodecConfig( 520): c2::u32 raw.channel-count.value = 2
11-05 17:58:24.510 D/CCodecConfig( 520): c2::u32 raw.sample-rate.value = 44100
11-05 17:58:24.512 W/Codec2Client( 520): query -- param skipped: index = 1107298332.
11-05 17:58:24.512 D/CCodec ( 520): setup formats input: AMessage(what = 0x00000000) = {
11-05 17:58:24.512 D/CCodec ( 520): int32_t bitrate = 112000
11-05 17:58:24.512 D/CCodec ( 520): int32_t channel-count = 2
11-05 17:58:24.512 D/CCodec ( 520): int32_t max-input-size = 32768
11-05 17:58:24.512 D/CCodec ( 520): string mime = "audio/vorbis"
11-05 17:58:24.512 D/CCodec ( 520): int32_t sample-rate = 44100
11-05 17:58:24.512 D/CCodec ( 520): }
11-05 17:58:24.512 D/CCodec ( 520): setup formats output: AMessage(what = 0x00000000) = {
11-05 17:58:24.512 D/CCodec ( 520): int32_t channel-count = 2
11-05 17:58:24.512 D/CCodec ( 520): string mime = "audio/raw"
11-05 17:58:24.512 D/CCodec ( 520): int32_t sample-rate = 44100
11-05 17:58:24.512 D/CCodec ( 520): int32_t channel-mask = 3
11-05 17:58:24.512 D/CCodec ( 520): }
11-05 17:58:24.513 I/CCodecConfig( 520): query failed after returning 7 values (BAD_INDEX)
11-05 17:58:24.517 W/Codec2Client( 520): query -- param skipped: index = 1342179345.
11-05 17:58:24.517 W/Codec2Client( 520): query -- param skipped: index = 2415921170.
11-05 17:58:24.519 D/CCodecBufferChannel( 520): [c2.android.vorbis.decoder#238] Created input block pool with allocatorID 16 => poolID 24 - OK (0)
11-05 17:58:24.524 I/CCodecBufferChannel( 520): [c2.android.vorbis.decoder#238] Created output block pool with allocatorID 16 => poolID 24 - OK
11-05 17:58:24.528 D/CCodecBufferChannel( 520): [c2.android.vorbis.decoder#238] Configured output block pool ids 24 => OK
11-05 17:58:24.529 D/SimpleC2Component( 377): Using output block pool with poolID 23 => got 23 - 0
11-05 17:58:24.534 D/SimpleC2Component( 377): Using output block pool with poolID 24 => got 24 - 0
11-05 17:58:24.578 D/CompatibilityChangeReporter( 520): Compat change id reported: 168419799; UID 10052; state: DISABLED
11-05 17:58:24.620 I/UtilCommon( 2718): bluetoothMac=F4:AB:5C:B3:BA:64
11-05 17:58:24.634 D/UtilLog ( 2718): key=deviceid
11-05 17:58:24.640 D/UtilLog ( 2718): values=eb8550a03da3c8308d7ade9e2ec81877
11-05 17:58:24.640 D/UtilLog ( 2718): DesValues=fUGpcvb/ptxQnRrUvfGVJLS2UjerIl8g10RqDQHTEDVP9r5Yr57Emg==
11-05 17:58:24.640 D/UtilLog ( 2718):
11-05 17:58:24.640 D/UtilLog ( 2718): key=dev_uuid
11-05 17:58:24.641 D/UtilLog ( 2718): values=25df6186-eb68-4df0-9b4f-4483c8944e17
11-05 17:58:24.641 D/UtilLog ( 2718): DesValues=fR1XfpFw8okhR4xh2KQccrBkUeyFRu7/C56MLPH5osLM5gTZn4DZ5w==
11-05 17:58:24.641 D/UtilLog ( 2718):
11-05 17:58:24.641 D/UtilLog ( 2718): key=channel
11-05 17:58:24.642 D/UtilLog ( 2718): values=DBOS_DBBOX-A2
11-05 17:58:24.642 D/UtilLog ( 2718): DesValues=U2rMDSNEX4hlxebfMfvE5w==
11-05 17:58:24.642 D/UtilLog ( 2718):
11-05 17:58:24.642 D/UtilLog ( 2718): key=packagelist
11-05 17:58:24.642 D/UtilLog ( 2718): values=com.dangbei.lerad.rocky;com.dangbei.leard.leradlauncher;com.dangbei.zhushou.os
11-05 17:58:24.642 D/UtilLog ( 2718): DesValues=byaAjpuYP7Md9ImftnY6oL+u5Tex4kQ5jeOCkuyRk9SkGPr4UI1BJNL8hrF+2ShyB2oVVKVfAi8PlHx6PKeqfviwQR31zZWikKW1prDgGkU=
11-05 17:58:24.642 D/UtilLog ( 2718):
11-05 17:58:24.643 D/UtilLog ( 2718): key=mac
11-05 17:58:24.643 D/UtilLog ( 2718): values=20:02:FE:1D:15:FA
11-05 17:58:24.643 D/UtilLog ( 2718): DesValues=nYMpcx8K3oNBE4s0bBPd7LDvDesuCNby
11-05 17:58:24.643 D/UtilLog ( 2718):
11-05 17:58:24.643 D/UtilLog ( 2718): key=wifimac
11-05 17:58:24.644 D/UtilLog ( 2718): values=F4:AB:5C:B4:08:C0
11-05 17:58:24.644 D/UtilLog ( 2718): DesValues=k7XvK4wZsnIb++JUGl6h5ty8lEP5mrFl
11-05 17:58:24.644 D/UtilLog ( 2718):
11-05 17:58:24.644 D/UtilLog ( 2718): key=uuid
11-05 17:58:24.644 D/UtilLog ( 2718): values=287afff4-5178-4f1c-b46b-5c8634b90763
11-05 17:58:24.644 D/UtilLog ( 2718): DesValues=cpmquwMRhLzwS2sZhEKpJ9q6dSz7DaVTPjNbqQ4JxjhGu4QFxGKV5w==
11-05 17:58:24.644 D/UtilLog ( 2718):
11-05 17:58:24.644 D/UtilLog ( 2718): key=appname
11-05 17:58:24.654 D/UtilLog ( 2718): values=电视管家
11-05 17:58:24.654 D/UtilLog ( 2718): DesValues=iqL5Rox+365YgqkQrzmGew==
11-05 17:58:24.654 D/UtilLog ( 2718):
11-05 17:58:24.654 D/UtilLog ( 2718): key=packagename
11-05 17:58:24.658 D/UtilLog ( 2718): values=com.dangbei.zhushou.os
11-05 17:58:24.658 D/UtilLog ( 2718): DesValues=byaAjpuYP7N/v7Z6kyOIN8JduvsEBDYD
11-05 17:58:24.658 D/UtilLog ( 2718):
11-05 17:58:24.658 D/UtilLog ( 2718): key=vname
11-05 17:58:24.659 D/UtilLog ( 2718): values=4.0.0.0.1
11-05 17:58:24.659 D/UtilLog ( 2718): DesValues=ZmbdbetpP3xQfy8gEtIzGg==
11-05 17:58:24.659 D/UtilLog ( 2718):
11-05 17:58:24.659 D/UtilLog ( 2718): key=vcode
11-05 17:58:24.659 D/UtilLog ( 2718): values=40001
11-05 17:58:24.659 D/UtilLog ( 2718): DesValues=xHelLudSdno=
11-05 17:58:24.659 D/UtilLog ( 2718):
11-05 17:58:24.659 D/UtilLog ( 2718): key=brand
11-05 17:58:24.666 W/System.err( 2718): java.net.UnknownHostException: Unable to resolve host "tyapi.qun7.com": No address associated with hostname
11-05 17:58:24.667 W/System.err( 2718): at java.net.Inet6AddressImpl.lookupHostByName(Inet6AddressImpl.java:156)
11-05 17:58:24.667 W/System.err( 2718): at java.net.Inet6AddressImpl.lookupAllHostAddr(Inet6AddressImpl.java:103)
11-05 17:58:24.667 W/System.err( 2718): at java.net.InetAddress.getAllByName(InetAddress.java:1152)
11-05 17:58:24.667 W/System.err( 2718): at com.android.okhttp.Dns$1.lookup(Dns.java:41)
11-05 17:58:24.667 W/System.err( 2718): at com.android.okhttp.internal.http.RouteSelector.resetNextInetSocketAddress(RouteSelector.java:178)
11-05 17:58:24.667 W/System.err( 2718): at com.android.okhttp.internal.http.RouteSelector.nextProxy(RouteSelector.java:144)
11-05 17:58:24.667 W/System.err( 2718): at com.android.okhttp.internal.http.RouteSelector.next(RouteSelector.java:86)
11-05 17:58:24.667 W/System.err( 2718): at com.android.okhttp.internal.http.StreamAllocation.findConnection(StreamAllocation.java:176)
11-05 17:58:24.667 W/System.err( 2718): at com.android.okhttp.internal.http.StreamAllocation.findHealthyConnection(StreamAllocation.java:128)
11-05 17:58:24.667 W/System.err( 2718): at com.android.okhttp.internal.http.StreamAllocation.newStream(StreamAllocation.java:97)
11-05 17:58:24.667 W/System.err( 2718): at com.android.okhttp.internal.http.HttpEngine.connect(HttpEngine.java:289)
11-05 17:58:24.667 W/System.err( 2718): at com.android.okhttp.internal.http.HttpEngine.sendRequest(HttpEngine.java:232)
11-05 17:58:24.667 W/System.err( 2718): at com.android.okhttp.internal.huc.HttpURLConnectionImpl.execute(HttpURLConnectionImpl.java:465)
11-05 17:58:24.667 W/System.err( 2718): at com.android.okhttp.internal.huc.HttpURLConnectionImpl.getResponse(HttpURLConnectionImpl.java:411)
11-05 17:58:24.667 W/System.err( 2718): at com.android.okhttp.internal.huc.HttpURLConnectionImpl.getResponseCode(HttpURLConnectionImpl.java:542)
11-05 17:58:24.667 W/System.err( 2718): at com.dangbei.statistics.wa.p(UtilCommon.java:4)
11-05 17:58:24.667 W/System.err( 2718): at com.dangbei.statistics.va.a(UtilCommon.java:2)
11-05 17:58:24.667 W/System.err( 2718): at com.dangbei.statistics.va.accept(UtilCommon.java:1)
11-05 17:58:24.667 W/System.err( 2718): at io.reactivex.internal.operators.observable.A$a.onNext(ObservableDoOnEach.java:2)
11-05 17:58:24.667 W/System.err( 2718): at io.reactivex.internal.operators.observable.ObservableObserveOn$ObserveOnObserver.d(ObservableObserveOn.java:8)
11-05 17:58:24.667 W/System.err( 2718): at io.reactivex.internal.operators.observable.ObservableObserveOn$ObserveOnObserver.run(ObservableObserveOn.java:3)
11-05 17:58:24.668 W/System.err( 2718): at io.reactivex.internal.schedulers.ScheduledRunnable.run(ScheduledRunnable.java:2)
11-05 17:58:24.668 W/System.err( 2718): at io.reactivex.internal.schedulers.ScheduledRunnable.call(ScheduledRunnable.java:1)
11-05 17:58:24.668 W/System.err( 2718): at java.util.concurrent.FutureTask.run(FutureTask.java:266)
11-05 17:58:24.668 W/System.err( 2718): at java.util.concurrent.ScheduledThreadPoolExecutor$ScheduledFutureTask.run(ScheduledThreadPoolExecutor.java:301)
11-05 17:58:24.668 W/System.err( 2718): at java.util.concurrent.ThreadPoolExecutor.runWorker(ThreadPoolExecutor.java:1167)
11-05 17:58:24.668 W/System.err( 2718): at java.util.concurrent.ThreadPoolExecutor$Worker.run(ThreadPoolExecutor.java:641)
11-05 17:58:24.668 W/System.err( 2718): at java.lang.Thread.run(Thread.java:920)
11-05 17:58:24.672 W/System.err( 2718): Caused by: android.system.GaiException: android_getaddrinfo failed: EAI_NODATA (No address associated with hostname)
11-05 17:58:24.672 W/System.err( 2718): at libcore.io.Linux.android_getaddrinfo(Native Method)
11-05 17:58:24.672 W/System.err( 2718): at libcore.io.ForwardingOs.android_getaddrinfo(ForwardingOs.java:136)
11-05 17:58:24.672 W/System.err( 2718): at libcore.io.BlockGuardOs.android_getaddrinfo(BlockGuardOs.java:221)
11-05 17:58:24.672 W/System.err( 2718): at libcore.io.ForwardingOs.android_getaddrinfo(ForwardingOs.java:136)
11-05 17:58:24.672 W/System.err( 2718): at java.net.Inet6AddressImpl.lookupHostByName(Inet6AddressImpl.java:135)
11-05 17:58:24.672 W/System.err( 2718): ... 27 more
11-05 17:58:24.674 D/UtilLog ( 2718): values=Dangbei
11-05 17:58:24.674 D/UtilLog ( 2718): DesValues=w3F/S11z4cQ=
11-05 17:58:24.674 D/UtilLog ( 2718):
11-05 17:58:24.674 D/UtilLog ( 2718): key=boxfactory
11-05 17:58:24.675 D/UtilLog ( 2718): values=Allwinner
11-05 17:58:24.675 D/UtilLog ( 2718): DesValues=Z82sBMOvjTwCcRqjeHOwaQ==
11-05 17:58:24.675 D/UtilLog ( 2718):
11-05 17:58:24.675 D/UtilLog ( 2718): key=rommodel
11-05 17:58:24.675 D/UtilLog ( 2718): values=DBBOX-A2
11-05 17:58:24.675 D/UtilLog ( 2718): DesValues=Cp0N6KH6T4JIJBzkJvj0FQ==
11-05 17:58:24.675 D/UtilLog ( 2718):
11-05 17:58:24.675 D/UtilLog ( 2718): key=cpuserial
11-05 17:58:24.676 D/UtilLog ( 2718): values=0000000000000000
11-05 17:58:24.676 D/UtilLog ( 2718): DesValues=nNQaqXf/biPbsaIvekQHd7yInvBfbZxz
11-05 17:58:24.676 D/UtilLog ( 2718):
11-05 17:58:24.676 D/UtilLog ( 2718): key=cpuimei
11-05 17:58:24.676 D/UtilLog ( 2718): values=armeabi-v7a
11-05 17:58:24.676 D/UtilLog ( 2718): DesValues=eB2sQ5wFJ4fV9rAgxgt0kQ==
11-05 17:58:24.676 D/UtilLog ( 2718):
11-05 17:58:24.676 D/UtilLog ( 2718): key=sn
11-05 17:58:24.677 D/UtilLog ( 2718): values=DOH51118253687068
11-05 17:58:24.677 D/UtilLog ( 2718): DesValues=Y8M+J3tcMcPvIC2e+zLVuPBs96CM6pcq
11-05 17:58:24.677 D/UtilLog ( 2718):
11-05 17:58:24.677 D/UtilLog ( 2718): key=osversion
11-05 17:58:24.677 D/UtilLog ( 2718): values=12
11-05 17:58:24.677 D/UtilLog ( 2718): DesValues=z4Vde2HU9Lg=
11-05 17:58:24.677 D/UtilLog ( 2718):
11-05 17:58:24.677 D/UtilLog ( 2718): key=oscode
11-05 17:58:24.677 D/UtilLog ( 2718): values=31
11-05 17:58:24.678 D/UtilLog ( 2718): DesValues=uYf7cxwIekI=
11-05 17:58:24.678 D/UtilLog ( 2718):
11-05 17:58:24.678 D/UtilLog ( 2718): key=is_write
11-05 17:58:24.678 D/UtilLog ( 2718): values=0
11-05 17:58:24.678 D/UtilLog ( 2718): DesValues=fhgfj/J6fiI=
11-05 17:58:24.678 D/UtilLog ( 2718):
11-05 17:58:24.678 D/UtilLog ( 2718): key=romvername
11-05 17:58:24.678 D/UtilLog ( 2718): values=5.0.1.9
11-05 17:58:24.678 D/UtilLog ( 2718): DesValues=kbeD00MxasE=
11-05 17:58:24.678 D/UtilLog ( 2718):
11-05 17:58:24.678 D/UtilLog ( 2718): key=romvercode
11-05 17:58:24.679 D/UtilLog ( 2718): values=5019
11-05 17:58:24.679 D/UtilLog ( 2718): DesValues=llToO2m3uNM=
11-05 17:58:24.679 D/UtilLog ( 2718):
11-05 17:58:24.679 D/UtilLog ( 2718): key=bluetoothmac
11-05 17:58:24.679 D/UtilLog ( 2718): values=F4:AB:5C:B3:BA:64
11-05 17:58:24.684 D/UtilLog ( 2718): DesValues=k7XvK4wZsnIDcv9O79n6XizssswIXp6H
11-05 17:58:24.684 D/UtilLog ( 2718):
11-05 17:58:24.684 D/UtilLog ( 2718): key=rommodelnumber
11-05 17:58:24.685 D/UtilLog ( 2718): values=H5232
11-05 17:58:24.685 D/UtilLog ( 2718): DesValues=FkBqlkWzuas=
11-05 17:58:24.685 D/UtilLog ( 2718):
11-05 17:58:24.686 D/UtilLog ( 2718): key=userid
11-05 17:58:24.689 D/UtilLog ( 2718): values=-1
11-05 17:58:24.690 D/UtilLog ( 2718): DesValues=U8kqhGxUlIA=
11-05 17:58:24.690 D/UtilLog ( 2718):
11-05 17:58:24.690 D/UtilLog ( 2718): key=ip
11-05 17:58:24.690 D/UtilLog ( 2718): values=
11-05 17:58:24.690 D/UtilLog ( 2718): DesValues=gKen3SyYFuE=
11-05 17:58:24.690 D/UtilLog ( 2718):
11-05 17:58:24.698 W/ActivityManager( 520): Slow operation: 131ms so far, now at attachApplicationLocked: after mServices.attachApplicationLocked
11-05 17:58:24.703 D/CompatibilityChangeReporter( 2976): Compat change id reported: 171979766; UID 10052; state: DISABLED
11-05 17:58:24.718 D/nativeloader( 2949): classloader namespace configured for unbundled product apk. library_path=/product/priv-app/LiveTv/lib/arm:/product/lib:/system/product/lib
11-05 17:58:24.745 D/ApplicationLoaders( 2976): Returning zygote-cached class loader: /system/framework/android.test.base.jar
11-05 17:58:24.745 D/ApplicationLoaders( 2976): Returning zygote-cached class loader: /system/framework/android.hidl.manager-V1.0-java.jar
11-05 17:58:24.745 D/ApplicationLoaders( 2976): Returning zygote-cached class loader: /system/framework/android.hidl.base-V1.0-java.jar
11-05 17:58:24.802 W/System ( 2718): A resource failed to call close.
11-05 17:58:24.802 W/System ( 2718): A resource failed to call close.
11-05 17:58:24.806 W/System ( 2718): A resource failed to call close.
11-05 17:58:24.808 D/CCodecBufferChannel( 520): [c2.android.vorbis.decoder#238] MediaCodec discarded an unknown buffer
11-05 17:58:24.808 D/CCodecBufferChannel( 520): [c2.android.vorbis.decoder#238] MediaCodec discarded an unknown buffer
11-05 17:58:24.830 I/hw-BpHwBinder( 520): onLastStrongRef automatically unlinking death recipients
11-05 17:58:24.832 D/CCodecBufferChannel( 520): [c2.android.vorbis.decoder#14] MediaCodec discarded an unknown buffer
11-05 17:58:24.832 D/CCodecBufferChannel( 520): [c2.android.vorbis.decoder#14] MediaCodec discarded an unknown buffer
11-05 17:58:24.832 D/CCodecBufferChannel( 520): [c2.android.vorbis.decoder#14] MediaCodec discarded an unknown buffer
11-05 17:58:24.843 W/IorapForwardingService( 520): No service published for: iorapd
11-05 17:58:24.845 I/hw-BpHwBinder( 520): onLastStrongRef automatically unlinking death recipients
11-05 17:58:24.846 I/hw-BpHwBinder( 377): onLastStrongRef automatically unlinking death recipients
11-05 17:58:24.847 V/C2Store ( 377): in ~ComponentModule
11-05 17:58:24.848 V/C2Store ( 377): unloading dll
11-05 17:58:24.906 D/MediaCodecList( 520): codecHandlesFormat: no format, so no extra checks
11-05 17:58:24.911 D/CCodec ( 520): allocate(c2.android.vorbis.decoder)
11-05 17:58:24.912 V/C2Store ( 377): in init
11-05 17:58:24.913 V/C2Store ( 377): loading dll
11-05 17:58:24.914 V/GraphicsEnvironment( 2976): ANGLE Developer option for 'com.sohu.inputmethod.sogou.tv' set to: 'default'
11-05 17:58:24.914 V/GraphicsEnvironment( 2976): Neither updatable production driver nor prerelease driver is supported.
11-05 17:58:24.918 D/NetworkSecurityConfig( 2976): Using Network Security Config from resource network_security_config debugBuild: false
11-05 17:58:24.922 D/NetworkSecurityConfig( 2976): Using Network Security Config from resource network_security_config debugBuild: false
11-05 17:58:24.924 I/CCodec ( 520): Created component [c2.android.vorbis.decoder]
11-05 17:58:24.924 D/CCodecConfig( 520): read media type: audio/vorbis
11-05 17:58:24.926 I/MultiDex( 2976): VM with version 2.1.0 has multidex support
11-05 17:58:24.926 I/MultiDex( 2976): Installing application
11-05 17:58:24.926 I/MultiDex( 2976): VM has multidex support, MultiDex support library is disabled.
11-05 17:58:24.928 D/ReflectedParamUpdater( 520): extent() != 1 for single value type: algo.buffers.max-count.values
11-05 17:58:24.929 D/ReflectedParamUpdater( 520): extent() != 1 for single value type: output.subscribed-indices.values
11-05 17:58:24.930 D/ReflectedParamUpdater( 520): extent() != 1 for single value type: input.buffers.allocator-ids.values
11-05 17:58:24.930 D/ReflectedParamUpdater( 520): extent() != 1 for single value type: output.buffers.allocator-ids.values
11-05 17:58:24.930 D/ReflectedParamUpdater( 520): extent() != 1 for single value type: algo.buffers.allocator-ids.values
11-05 17:58:24.930 D/ReflectedParamUpdater( 520): extent() != 1 for single value type: output.buffers.pool-ids.values
11-05 17:58:24.930 D/ReflectedParamUpdater( 520): extent() != 1 for single value type: algo.buffers.pool-ids.values
11-05 17:58:24.934 I/CCodecConfig( 520): query failed after returning 7 values (BAD_INDEX)
11-05 17:58:24.934 D/CCodecConfig( 520): c2 config diff is Dict {
11-05 17:58:24.934 D/CCodecConfig( 520): c2::u32 coded.bitrate.value = 64000
11-05 17:58:24.934 D/CCodecConfig( 520): c2::u32 input.buffers.max-size.value = 32768
11-05 17:58:24.934 D/CCodecConfig( 520): c2::u32 input.delay.value = 0
11-05 17:58:24.934 D/CCodecConfig( 520): string input.media-type.value = "audio/vorbis"
11-05 17:58:24.934 D/CCodecConfig( 520): string output.media-type.value = "audio/raw"
11-05 17:58:24.934 D/CCodecConfig( 520): c2::u32 raw.channel-count.value = 1
11-05 17:58:24.934 D/CCodecConfig( 520): c2::u32 raw.sample-rate.value = 48000
11-05 17:58:24.934 D/CCodecConfig( 520): }
11-05 17:58:24.938 D/CCodec ( 520): [c2.android.vorbis.decoder] buffers are bound to CCodec for this session
11-05 17:58:24.939 D/CCodecConfig( 520): no c2 equivalents for durationUs
11-05 17:58:24.939 D/CCodecConfig( 520): no c2 equivalents for track-id
11-05 17:58:24.939 D/CCodecConfig( 520): no c2 equivalents for csd-1
11-05 17:58:24.939 D/CCodecConfig( 520): no c2 equivalents for channel-mask
11-05 17:58:24.939 D/CCodecConfig( 520): no c2 equivalents for flags
11-05 17:58:24.940 D/CCodecConfig( 520): c2 config diff is c2::u32 coded.bitrate.value = 112000
11-05 17:58:24.940 D/CCodecConfig( 520): c2::u32 raw.channel-count.value = 2
11-05 17:58:24.940 D/CCodecConfig( 520): c2::u32 raw.sample-rate.value = 44100
11-05 17:58:24.942 W/Codec2Client( 520): query -- param skipped: index = 1107298332.
11-05 17:58:24.943 D/CCodec ( 520): setup formats input: AMessage(what = 0x00000000) = {
11-05 17:58:24.943 D/CCodec ( 520): int32_t bitrate = 112000
11-05 17:58:24.943 D/CCodec ( 520): int32_t channel-count = 2
11-05 17:58:24.943 D/CCodec ( 520): int32_t max-input-size = 32768
11-05 17:58:24.943 D/CCodec ( 520): string mime = "audio/vorbis"
11-05 17:58:24.943 D/CCodec ( 520): int32_t sample-rate = 44100
11-05 17:58:24.943 D/CCodec ( 520): }
11-05 17:58:24.943 D/CCodec ( 520): setup formats output: AMessage(what = 0x00000000) = {
11-05 17:58:24.943 D/CCodec ( 520): int32_t channel-count = 2
11-05 17:58:24.943 D/CCodec ( 520): string mime = "audio/raw"
11-05 17:58:24.943 D/CCodec ( 520): int32_t sample-rate = 44100
11-05 17:58:24.943 D/CCodec ( 520): int32_t channel-mask = 3
11-05 17:58:24.943 D/CCodec ( 520): }
11-05 17:58:24.943 I/CCodecConfig( 520): query failed after returning 7 values (BAD_INDEX)
11-05 17:58:24.943 I/awei.connectio( 2697): Background young concurrent copying GC freed 21889(3032KB) AllocSpace objects, 16(512KB) LOS objects, 94% free, 1421KB/25MB, paused 234us total 851.667ms
11-05 17:58:24.944 W/Codec2Client( 520): query -- param skipped: index = 1342179345.
11-05 17:58:24.945 W/Codec2Client( 520): query -- param skipped: index = 2415921170.
11-05 17:58:24.946 D/CCodecBufferChannel( 520): [c2.android.vorbis.decoder#554] Created input block pool with allocatorID 16 => poolID 25 - OK (0)
11-05 17:58:24.949 I/CCodecBufferChannel( 520): [c2.android.vorbis.decoder#554] Created output block pool with allocatorID 16 => poolID 25 - OK
11-05 17:58:24.949 D/CCodecBufferChannel( 520): [c2.android.vorbis.decoder#554] Configured output block pool ids 25 => OK
11-05 17:58:24.952 V/GraphicsEnvironment( 2949): ANGLE Developer option for 'com.android.tv' set to: 'default'
11-05 17:58:24.955 V/GraphicsEnvironment( 2949): Neither updatable production driver nor prerelease driver is supported.
11-05 17:58:24.965 D/NetworkSecurityConfig( 2949): No Network Security Config specified, using platform default
11-05 17:58:24.966 D/NetworkSecurityConfig( 2949): No Network Security Config specified, using platform default
11-05 17:58:24.971 D/SimpleC2Component( 377): Using output block pool with poolID 25 => got 25 - 0
11-05 17:58:25.074 D/CCodecBufferChannel( 520): [c2.android.vorbis.decoder#554] MediaCodec discarded an unknown buffer
11-05 17:58:25.074 D/CCodecBufferChannel( 520): [c2.android.vorbis.decoder#554] MediaCodec discarded an unknown buffer
11-05 17:58:25.083 I/hw-BpHwBinder( 520): onLastStrongRef automatically unlinking death recipients
11-05 17:58:25.088 I/hw-BpHwBinder( 377): onLastStrongRef automatically unlinking death recipients
11-05 17:58:25.102 V/C2Store ( 377): in ~ComponentModule
11-05 17:58:25.102 V/C2Store ( 377): unloading dll
