11-05 17:58:32.577 W/System.err( 975): at android.view.Choreographer.doFrame(Choreographer.java:780)
11-05 17:58:32.577 W/System.err( 975): at android.view.Choreographer$FrameDisplayEventReceiver.run(Choreographer.java:1022)
11-05 17:58:32.578 W/System.err( 975): at android.os.Handler.handleCallback(Handler.java:938)
11-05 17:58:32.578 W/System.err( 975): at android.os.Handler.dispatchMessage(Handler.java:99)
11-05 17:58:32.578 W/System.err( 975): at android.os.Looper.loopOnce(Looper.java:201)
11-05 17:58:32.578 W/System.err( 975): at android.os.Looper.loop(Looper.java:288)
11-05 17:58:32.578 W/System.err( 975): at android.app.ActivityThread.main(ActivityThread.java:7854)
11-05 17:58:32.578 W/System.err( 975): at java.lang.reflect.Method.invoke(Native Method)
11-05 17:58:32.578 W/System.err( 975): at com.android.internal.os.RuntimeInit$MethodAndArgsCaller.run(RuntimeInit.java:548)
11-05 17:58:32.578 W/System.err( 975): at com.android.internal.os.ZygoteInit.main(ZygoteInit.java:1182)
11-05 17:58:32.587 I/DefaultIMS( 2976): onStartInput attribute=android.view.inputmethod.EditorInfo@454cdbd restarting=false inputType: 0
11-05 17:58:32.593 D/awplayer( 356): : setLooping
11-05 17:58:32.593 D/awplayer( 356): : setLooping
11-05 17:58:32.593 D/awplayer( 356): : start
11-05 17:58:32.597 W/awplayer( 356): : input invalid args.
11-05 17:58:32.597 D/awplayer( 356): : start
11-05 17:58:32.597 D/awplayer( 356): : process message XPLAYER_COMMAND_START.
11-05 17:58:32.597 D/awplayer( 356): : player start
11-05 17:58:32.597 D/awplayer( 356): : audio decoder receive cmd: start
11-05 17:58:32.599 D/Allwinner Audio Middle Layer( 356): ver : 2017-8-4-18-00 Create Decoder!!=====
11-05 17:58:32.599 D/awplayer( 356): : Create libadecoder success...
11-05 17:58:32.599 D/Allwinner Audio Middle Layer( 356): ver : 2017-8-4-18-00 AudioDec_Installaudiolib ok
11-05 17:58:32.599 D/Allwinner Audio Middle Layer( 356): ver : 2017-8-4-18-00 audio decoder init start ...
11-05 17:58:32.599 D/AllwinnerAlibs( 356): ver : 2017-8-4-18-00
11-05 17:58:32.599 D/AllwinnerAlibs( 356): >>>>>>>>>>>>>>>>>>>>>>>>>>>>>>> Audio <<<<<<<<<<<<<<<<<<<<<<<<<<<<<<<
11-05 17:58:32.599 D/AllwinnerAlibs( 356): tag : audiocodec-v1.2
11-05 17:58:32.599 D/AllwinnerAlibs( 356): branch: new
11-05 17:58:32.599 D/AllwinnerAlibs( 356): commit: 3ba65962c01cbf1280ddda19d843009b6ef8ce85
11-05 17:58:32.599 D/AllwinnerAlibs( 356): date : Tue Jan 8 16:25:27 2019 +0800
11-05 17:58:32.599 D/AllwinnerAlibs( 356): ----------------------------------------------------------------------
11-05 17:58:32.602 D/AllwinnerAlibs( 356): ver : 2017-8-4-18-00 ----Loading so success!
11-05 17:58:32.602 D/AllwinnerAlibs( 356): ver : 2017-8-4-18-00 *************pAudioStreamInfo start******************
11-05 17:58:32.602 D/AllwinnerAlibs( 356): ver : 2017-8-4-18-00 eCodecFormat :id(3), name(mpeg layer-III)
11-05 17:58:32.602 D/AllwinnerAlibs( 356): ver : 2017-8-4-18-00 eSubCodecFormat :0
11-05 17:58:32.602 D/AllwinnerAlibs( 356): ver : 2017-8-4-18-00 nChannelNum :1
11-05 17:58:32.602 D/AllwinnerAlibs( 356): ver : 2017-8-4-18-00 nBitsPerSample :16
11-05 17:58:32.602 D/AllwinnerAlibs( 356): ver : 2017-8-4-18-00 nSampleRate :16000
11-05 17:58:32.602 D/AllwinnerAlibs( 356): ver : 2017-8-4-18-00 nAvgBitrate :48000
11-05 17:58:32.602 D/AllwinnerAlibs( 356): ver : 2017-8-4-18-00 nMaxBitRate :48000
11-05 17:58:32.602 D/AllwinnerAlibs( 356): ver : 2017-8-4-18-00 nFileSize :0
11-05 17:58:32.602 D/AllwinnerAlibs( 356): ver : 2017-8-4-18-00 eAudioBitstreamSource:0
11-05 17:58:32.602 D/AllwinnerAlibs( 356): ver : 2017-8-4-18-00 eDataEncodeType :0
11-05 17:58:32.602 D/AllwinnerAlibs( 356): ver : 2017-8-4-18-00 nCodecSpecificDataLen:0
11-05 17:58:32.602 D/AllwinnerAlibs( 356): ver : 2017-8-4-18-00 pCodecSpecificData :0x0
11-05 17:58:32.602 D/AllwinnerAlibs( 356): ver : 2017-8-4-18-00 nFlags :0
11-05 17:58:32.602 D/AllwinnerAlibs( 356): ver : 2017-8-4-18-00 nBlockAlign :0
11-05 17:58:32.602 D/AllwinnerAlibs( 356): ver : 2017-8-4-18-00 *************pAudioStreamInfo end ******************
11-05 17:58:32.603 D/Allwinner Audio Libs( 356): ver : 2017-8-4-18-00 init successs...
11-05 17:58:32.603 D/Allwinner Audio Middle Layer( 356): ver : 2017-8-4-18-00 AUDIO DECODE INIT OK...0
11-05 17:58:32.604 D/awplayer( 356): : audio render receive cmd: start
11-05 17:58:32.604 I/awplayer( 356): : audio render process start message.
11-05 17:58:32.604 D/awplayer( 356): : init sound device.
11-05 17:58:32.604 D/awplayer( 356): : set sound devide param, sample rate = 16000, channel num = 1.
11-05 17:58:32.604 W/awplayer( 356): : message 0x40a not handled.
11-05 17:58:32.605 D/demuxComponent( 356): : process message DEMUX_COMMAND_START.
11-05 17:58:32.605 W/awplayer( 356): : eos...
11-05 17:58:32.605 D/awplayer( 356): : audio decoder receive cmd: eos
11-05 17:58:32.611 D/awplayer( 356): : audio render receive cmd: eos
11-05 17:58:32.611 I/awplayer( 356): : audio render process set_eos message.
11-05 17:58:32.611 D/awplayer( 356): : start sound device.
11-05 17:58:32.611 D/awplayer( 356): <__SdStart:279>: : start
11-05 17:58:32.617 D/AudioFlinger( 268): Client defaulted notificationFrames to 870 for frameCount 1740
11-05 17:58:32.643 D/AF::TrackHandle( 268): OpPlayAudio: track:58 usage:1 not muted
11-05 17:58:32.650 D/awplayer( 356): : audio device start end
11-05 17:58:32.651 D/awplayer( 356): : first audio pts = 0
11-05 17:58:32.652 D/audio_hw_primary( 247): start_output_stream out->format : 0x00000000
11-05 17:58:32.652 V/audio_hw_primary( 247): start_output_stream, line: 1503
11-05 17:58:32.652 V/audio_hw_primary( 247): use AUDIO_HDMI to playback audio
11-05 17:58:32.653 D/audio_hw_primary( 247): open card=3, port=0
11-05 17:58:32.654 D/audio_hw_primary( 247): config:2 44100 960 2 0 5760 1 0
11-05 17:58:32.654 D/audio_hw_primary( 247): set_raw_flag(card=3, raw_flag=1)
11-05 17:58:32.656 D/UtilLog ( 2718): 日志批量上报 进行正常循环 !!!!!!本次有0次请求,共0条数据
11-05 17:58:32.656 D/audio_hw_primary( 247): set_raw_flag control_name = audio data format control_value PCM)
11-05 17:58:32.657 V/audio_hw_primary( 247): do not use out resampler
11-05 17:58:32.860 W/IorapForwardingService( 520): No service published for: iorapd
11-05 17:58:32.937 E/dangbei111( 1301): cccccc 没有检测到网络 暂时不做遥控器ota信息检测
11-05 17:58:32.937 E/dangbei111( 1301): 5s后准备进行遥控器ota信息检测
11-05 17:58:33.478 I/keystore2( 204): keystore2::watchdog: Watchdog thread idle -> terminating. Have a great day.
11-05 17:58:33.495 W/MediaProvider( 1297): getVolumePath for unknown volume: internal
11-05 17:58:33.497 W/MediaProvider( 1297): getVolumePath for unknown volume: internal
11-05 17:58:33.498 W/MediaProvider( 1297): getVolumePath for unknown volume: internal
11-05 17:58:33.503 D/UtilLog ( 2718): 日志批量上报 进行正常循环 !!!!!!本次有0次请求,共0条数据
11-05 17:58:33.538 I/BLEAudioDrive_HV410( 247): data len: 9 1
11-05 17:58:33.538 D/TvWindowManager( 520): key event key = KEYCODE_DPAD_CENTER down = true
11-05 17:58:33.540 D/GpioService( 520): mFlickerEnable = true
11-05 17:58:33.540 D/WifiNl80211Manager( 520): Scan result ready event
11-05 17:58:33.541 D/WifiNative( 520): Scan result ready event
11-05 17:58:33.550 D/PasspointManager( 520): ANQP entry not found for: 10:7c:61:1a:4b:90:<2.4G>
11-05 17:58:33.551 D/PasspointManager( 520): ANQP entry not found for: 10:7c:61:1a:4b:94:<5G>
11-05 17:58:33.552 E/hq ( 1799): NetWorkStateReceiver:::NetWorkStateReceiver onReceive: 网络变化广播 >>>> intent.action=android.net.wifi.SCAN_RESULTS
11-05 17:58:33.555 E/WifiHAL ( 720): wifi_get_link_stats: requestResponse Error:-5
11-05 17:58:33.557 E/WifiVendorHal( 520): getWifiLinkLayerStats_1_5_Internal(l.1191) failed {.code = ERROR_INVALID_ARGS, .description = }
11-05 17:58:33.564 W/eventbuscore( 1799): post Event:com.dangbei.leard.base.entity.event.NetWifiRssiEvent
11-05 17:58:33.623 I/MediaProvider( 1297): Scanned internal due to REASON_MOUNTED, found 230 items in 13977ms, 225 inserts 5 updates 0 deletes
11-05 17:58:33.626 W/MediaProvider( 1297): getVolumePath for unknown volume: internal
11-05 17:58:33.656 W/MediaProvider( 1297): Didn't find any volume for getVolume(/product/media/audio/ringtones/Ring_Synth_04.ogg)
11-05 17:58:33.658 I/MediaProvider( 1297): Open with lower FS for /product/media/audio/ringtones/Ring_Synth_04.ogg. Uid: 10074
11-05 17:58:33.662 I/BLEAudioDrive_HV410( 247): data len: 9 1
11-05 17:58:33.662 I/BLEAudioDrive_HV410( 247): keyboard stop
11-05 17:58:33.662 D/TvWindowManager( 520): key event key = KEYCODE_DPAD_CENTER down = false
11-05 17:58:33.681 W/MediaProvider( 1297): Didn't find any volume for getVolume(/product/media/audio/notifications/OnTheHunt.ogg)
11-05 17:58:33.682 I/MediaProvider( 1297): Open with lower FS for /product/media/audio/notifications/OnTheHunt.ogg. Uid: 10074
11-05 17:58:33.689 D/GpioService( 520): mFlickerEnable = true
11-05 17:58:33.691 I/SogouIME( 2976): onKeyDown: keyoCode=23
11-05 17:58:33.691 I/DefaultIMS( 2976): onKeyDown: keyoCode=23
11-05 17:58:33.695 I/SogouIME( 2976): onKeyUp: keyoCode=23
11-05 17:58:33.696 I/DefaultIMS( 2976): onKeyUp: keyoCode=23
11-05 17:58:33.710 W/MediaProvider( 1297): Didn't find any volume for getVolume(/product/media/audio/alarms/Alarm_Classic.ogg)
11-05 17:58:33.714 I/MediaProvider( 1297): Open with lower FS for /product/media/audio/alarms/Alarm_Classic.ogg. Uid: 10074
11-05 17:58:33.767 W/MediaProvider( 1297): isAppCloneUserPair for user 0: false
11-05 17:58:33.773 W/MediaProvider( 1297): isAppCloneUserPair for user 0: false
11-05 17:58:33.778 W/MediaProvider( 1297): isAppCloneUserPair for user 0: false
11-05 17:58:33.788 E/StorageManager( 1297): Failed to set extended attributes for /storage/emulated/0/Android to set project id.: Permission denied
11-05 17:58:33.791 W/MediaProvider( 1297): Failed to update quota type for /storage/emulated/0/Android
11-05 17:58:33.791 W/MediaProvider( 1297): java.io.IOException: Failed to update quota type for /storage/emulated/0/Android
11-05 17:58:33.791 W/MediaProvider( 1297): at android.os.storage.StorageManager.updateExternalStorageFileQuotaType(StorageManager.java:2596)
11-05 17:58:33.791 W/MediaProvider( 1297): at com.android.providers.media.MediaProvider.updateQuotaTypeForFileInternal(MediaProvider.java:647)
11-05 17:58:33.791 W/MediaProvider( 1297): at com.android.providers.media.MediaProvider.updateQuotaTypeForUri(MediaProvider.java:621)
11-05 17:58:33.791 W/MediaProvider( 1297): at com.android.providers.media.MediaProvider.access$1000(MediaProvider.java:257)
11-05 17:58:33.791 W/MediaProvider( 1297): at com.android.providers.media.MediaProvider$3.lambda$onInsert$0(MediaProvider.java:673)
11-05 17:58:33.791 W/MediaProvider( 1297): at com.android.providers.media.MediaProvider$3.$r8$lambda$tVGVTcDpunhoNiUjwQEahD_I1Jc(Unknown Source:0)
11-05 17:58:33.791 W/MediaProvider( 1297): at com.android.providers.media.MediaProvider$3$$ExternalSyntheticLambda2.run(Unknown Source:10)
11-05 17:58:33.791 W/MediaProvider( 1297): at android.os.Handler.handleCallback(Handler.java:938)
11-05 17:58:33.791 W/MediaProvider( 1297): at android.os.Handler.dispatchMessage(Handler.java:99)
11-05 17:58:33.791 W/MediaProvider( 1297): at android.os.Looper.loopOnce(Looper.java:201)
11-05 17:58:33.791 W/MediaProvider( 1297): at android.os.Looper.loop(Looper.java:288)
11-05 17:58:33.791 W/MediaProvider( 1297): at android.os.HandlerThread.run(HandlerThread.java:67)
11-05 17:58:33.795 W/MediaProvider( 1297): isAppCloneUserPair for user 0: false
11-05 17:58:33.798 E/StorageManager( 1297): Failed to set extended attributes for /storage/emulated/0/Android/media to set project id.: Permission denied
11-05 17:58:33.800 W/MediaProvider( 1297): Failed to update quota type for /storage/emulated/0/Android/media
11-05 17:58:33.800 W/MediaProvider( 1297): java.io.IOException: Failed to update quota type for /storage/emulated/0/Android/media
11-05 17:58:33.800 W/MediaProvider( 1297): at android.os.storage.StorageManager.updateExternalStorageFileQuotaType(StorageManager.java:2596)
11-05 17:58:33.800 W/MediaProvider( 1297): at com.android.providers.media.MediaProvider.updateQuotaTypeForFileInternal(MediaProvider.java:647)
11-05 17:58:33.800 W/MediaProvider( 1297): at com.android.providers.media.MediaProvider.updateQuotaTypeForUri(MediaProvider.java:621)
11-05 17:58:33.800 W/MediaProvider( 1297): at com.android.providers.media.MediaProvider.access$1000(MediaProvider.java:257)
11-05 17:58:33.800 W/MediaProvider( 1297): at com.android.providers.media.MediaProvider$3.lambda$onInsert$0(MediaProvider.java:673)
11-05 17:58:33.800 W/MediaProvider( 1297): at com.android.providers.media.MediaProvider$3.$r8$lambda$tVGVTcDpunhoNiUjwQEahD_I1Jc(Unknown Source:0)
11-05 17:58:33.800 W/MediaProvider( 1297): at com.android.providers.media.MediaProvider$3$$ExternalSyntheticLambda2.run(Unknown Source:10)
11-05 17:58:33.800 W/MediaProvider( 1297): at android.os.Handler.handleCallback(Handler.java:938)
11-05 17:58:33.800 W/MediaProvider( 1297): at android.os.Handler.dispatchMessage(Handler.java:99)
11-05 17:58:33.800 W/MediaProvider( 1297): at android.os.Looper.loopOnce(Looper.java:201)
11-05 17:58:33.800 W/MediaProvider( 1297): at android.os.Looper.loop(Looper.java:288)
11-05 17:58:33.800 W/MediaProvider( 1297): at android.os.HandlerThread.run(HandlerThread.java:67)
11-05 17:58:33.808 W/MediaProvider( 1297): isAppCloneUserPair for user 0: false
11-05 17:58:33.838 W/MediaProvider( 1297): isAppCloneUserPair for user 0: false
11-05 17:58:33.843 W/MediaProvider( 1297): isAppCloneUserPair for user 0: false
11-05 17:58:33.849 W/MediaProvider( 1297): isAppCloneUserPair for user 0: false
11-05 17:58:33.854 W/MediaProvider( 1297): isAppCloneUserPair for user 0: false
11-05 17:58:33.862 W/IorapForwardingService( 520): No service published for: iorapd
11-05 17:58:33.878 W/MediaProvider( 1297): isAppCloneUserPair for user 0: false
11-05 17:58:33.905 D/CompatibilityChangeReporter( 520): Compat change id reported: 168419799; UID 10026; state: DISABLED
11-05 17:58:33.935 W/MediaProvider( 1297): isAppCloneUserPair for user 0: false
11-05 17:58:33.941 W/MediaProvider( 1297): isAppCloneUserPair for user 0: false
11-05 17:58:33.946 W/MediaProvider( 1297): isAppCloneUserPair for user 0: false
11-05 17:58:33.953 W/MediaProvider( 1297): isAppCloneUserPair for user 0: false
11-05 17:58:33.972 W/MediaProvider( 1297): isAppCloneUserPair for user 0: false
11-05 17:58:33.978 W/MediaProvider( 1297): isAppCloneUserPair for user 0: false
11-05 17:58:33.983 W/MediaProvider( 1297): isAppCloneUserPair for user 0: false
11-05 17:58:33.989 W/MediaProvider( 1297): isAppCloneUserPair for user 0: false
11-05 17:58:34.005 I/gralloc ( 255): alloc buffer:W:764 H:500 S:768 PL[764 500] SZ:1536000 fmt:1 if:0 af:1 usg:20000b00 fg:00000004
11-05 17:58:34.007 I/gralloc ( 255): alloc buffer:W:764 H:500 S:768 PL[764 500] SZ:1536000 fmt:1 if:0 af:1 usg:20000b00 fg:00000004
11-05 17:58:34.011 I/gralloc ( 255): alloc buffer:W:764 H:500 S:768 PL[764 500] SZ:1536000 fmt:1 if:0 af:1 usg:20000b00 fg:00000004
11-05 17:58:34.017 W/MediaProvider( 1297): isAppCloneUserPair for user 0: false
11-05 17:58:34.024 D/hq ( 1799): NetWorkStateReceiver:::检查网络,并且持续更新 isConnect=false
11-05 17:58:34.026 W/MediaProvider( 1297): isAppCloneUserPair for user 0: false
11-05 17:58:34.031 D/AutofillManagerServiceImpl( 520): Reset component for user 0:
11-05 17:58:34.032 D/AutofillUI( 520): destroySaveUiUiThread(): already destroyed
11-05 17:58:34.034 W/MediaProvider( 1297): isAppCloneUserPair for user 0: false
11-05 17:58:34.040 W/MediaProvider( 1297): isAppCloneUserPair for user 0: false
11-05 17:58:34.046 W/MediaProvider( 1297): isAppCloneUserPair for user 0: false
11-05 17:58:34.059 I/vol.Events( 749): writeEvent level_changed STREAM_MUSIC 5
11-05 17:58:34.082 I/vol.Events( 749): writeEvent level_changed STREAM_MUSIC 10
11-05 17:58:34.105 W/MediaProvider( 1297): isAppCloneUserPair for user 0: false
11-05 17:58:34.110 W/MediaProvider( 1297): isAppCloneUserPair for user 0: false
11-05 17:58:34.117 W/MediaProvider( 1297): isAppCloneUserPair for user 0: false
11-05 17:58:34.126 W/InputMethodManager( 975): Ignoring showSoftInput() as view=androidx.appcompat.widget.AppCompatEditText{5760af5 VFED..CL. .F...... 80,156-520,236 #7f080093 app:id/dialog_wifi_edit aid=1073741826} is not served.
11-05 17:58:34.166 I/DefaultIMS( 2976): onStartInput attribute=android.view.inputmethod.EditorInfo@a8588b9 restarting=false inputType: 33
11-05 17:58:34.173 D/CompatibilityChangeReporter( 975): Compat change id reported: 163400105; UID 10026; state: DISABLED
11-05 17:58:34.179 I/MediaProvider( 1297): Scanned external_primary due to REASON_MOUNTED, found 43 items in 424ms, 26 inserts 3 updates 0 deletes
11-05 17:58:34.182 I/MediaProvider( 1297): End Intent { act=com.android.providers.media.action.SCAN_VOLUME (has extras) }
11-05 17:58:34.183 I/MediaProvider( 1297): Begin Intent { act=android.intent.action.MEDIA_MOUNTED dat=file:///storage/emulated/0 flg=0x5000010 cmp=com.android.providers.media.module/com.android.providers.media.MediaService (has extras) }
11-05 17:58:34.183 I/MediaProvider( 1297): Volume MediaVolume name: [external_primary] id: [emulated;0] user: [UserHandle{0}] path: [/storage/emulated/0] already attached
11-05 17:58:34.183 I/MediaProvider( 1297): End Intent { act=android.intent.action.MEDIA_MOUNTED dat=file:///storage/emulated/0 flg=0x5000010 cmp=com.android.providers.media.module/com.android.providers.media.MediaService (has extras) }
11-05 17:58:34.404 I/ActivityManager( 520): Waited long enough for: ServiceRecord{6bfca80 u0 com.oranth.storage/.MainService}
11-05 17:58:34.864 W/IorapForwardingService( 520): No service published for: iorapd
11-05 17:58:35.057 D/awplayer( 356): : we have 103 ms
11-05 17:58:35.057 D/awplayer( 356): <__SdControl:260>: __SdControll : unknown command (101)...
11-05 17:58:35.062 D/awplayer( 356): : we still have 103 ms and pass 5 ms
11-05 17:58:35.067 D/awplayer( 356): : we still have 103 ms and pass 10 ms
11-05 17:58:35.072 D/awplayer( 356): : we still have 103 ms and pass 15 ms
11-05 17:58:35.078 D/awplayer( 356): : we still have 81 ms and pass 20 ms
11-05 17:58:35.083 D/awplayer( 356): : we still have 81 ms and pass 26 ms
11-05 17:58:35.088 D/awplayer( 356): : we still have 81 ms and pass 31 ms
11-05 17:58:35.093 D/awplayer( 356): : we still have 81 ms and pass 36 ms
11-05 17:58:35.098 D/awplayer( 356): : we still have 60 ms and pass 41 ms
11-05 17:58:35.103 D/awplayer( 356): : we still have 60 ms and pass 46 ms
11-05 17:58:35.109 D/awplayer( 356): : we still have 60 ms and pass 51 ms
11-05 17:58:35.114 D/awplayer( 356): : we still have 60 ms and pass 56 ms
11-05 17:58:35.119 D/awplayer( 356): : we still have 38 ms and pass 61 ms
11-05 17:58:35.124 D/awplayer( 356): : we still have 38 ms and pass 67 ms
11-05 17:58:35.129 D/awplayer( 356): : we still have 38 ms and pass 72 ms
11-05 17:58:35.134 D/awplayer( 356): : we still have 38 ms and pass 77 ms
11-05 17:58:35.139 D/awplayer( 356): : we still have 16 ms and pass 82 ms
11-05 17:58:35.144 D/awplayer( 356): : we still have 16 ms and pass 87 ms
11-05 17:58:35.149 D/awplayer( 356): : we still have 16 ms and pass 92 ms
11-05 17:58:35.154 D/awplayer( 356): : we still have 16 ms and pass 97 ms
11-05 17:58:35.159 D/awplayer( 356): : we still have 16 ms and pass 102 ms
11-05 17:58:35.164 D/awplayer( 356): : we still have 16 ms and pass 107 ms
11-05 17:58:35.170 D/awplayer( 356): : we still have 16 ms and pass 112 ms
11-05 17:58:35.175 D/awplayer( 356): : we still have 16 ms and pass 117 ms
11-05 17:58:35.180 D/awplayer( 356): : we still have 16 ms and pass 123 ms
11-05 17:58:35.185 D/awplayer( 356): : we still have 0 ms and pass 128 ms
11-05 17:58:35.185 W/awplayer( 356): : we quit but still have 0 ms
11-05 17:58:35.710 I/AudioFlinger( 268): BUFFER TIMEOUT: remove(58) from active list on thread 0xf73f1e00
11-05 17:58:35.866 W/IorapForwardingService( 520): No service published for: iorapd
11-05 17:58:36.026 D/hq ( 1799): NetWorkStateReceiver:::检查网络,并且持续更新 isConnect=false
11-05 17:58:36.262 W/System.err( 1799): kotlinx.coroutines.CompletionHandlerException: Exception in invokeOnCancellation handler for CancellableContinuation(DispatchedContinuation[Dispatchers.Default, Continuation
at com.dangbei.leard.base.proider.weather.WeatherInterfaceImpl$requestLocation$2.invokeSuspend(WeatherInterfaceImpl.kt:22)@e79b0f7]){Cancelled}@3c5cb64
11-05 17:58:36.262 W/System.err( 1799): at kotlinx.coroutines.CancellableContinuationImpl.callCancelHandler(SourceFile:3)
11-05 17:58:36.262 W/System.err( 1799): at kotlinx.coroutines.CancellableContinuationImpl.cancel(SourceFile:32)
11-05 17:58:36.262 W/System.err( 1799): at kotlinx.coroutines.CancellableContinuationImpl.parentCancelled$kotlinx_coroutines_core(SourceFile:8)
11-05 17:58:36.262 W/System.err( 1799): at kotlinx.coroutines.ChildContinuation.invoke(SourceFile:2)
11-05 17:58:36.262 W/System.err( 1799): at kotlinx.coroutines.JobSupport.notifyCancelling(SourceFile:24)
11-05 17:58:36.262 W/System.err( 1799): at kotlinx.coroutines.JobSupport.tryMakeCancelling(SourceFile:23)
11-05 17:58:36.262 W/System.err( 1799): at kotlinx.coroutines.JobSupport.makeCancelling(SourceFile:101)
11-05 17:58:36.262 W/System.err( 1799): at kotlinx.coroutines.JobSupport.cancelImpl$kotlinx_coroutines_core(SourceFile:27)
11-05 17:58:36.262 W/System.err( 1799): at kotlinx.coroutines.JobSupport.cancelCoroutine(Unknown Source:0)
11-05 17:58:36.262 W/System.err( 1799): at kotlinx.coroutines.TimeoutCoroutine.run(Unknown Source:6)
11-05 17:58:36.262 W/System.err( 1799): at kotlinx.coroutines.EventLoopImplBase$DelayedRunnableTask.run(Unknown Source:2)
11-05 17:58:36.262 W/System.err( 1799): at kotlinx.coroutines.EventLoopImplBase.processNextEvent(SourceFile:84)
11-05 17:58:36.262 W/System.err( 1799): at kotlinx.coroutines.DefaultExecutor.run(SourceFile:55)
11-05 17:58:36.262 W/System.err( 1799): at java.lang.Thread.run(Thread.java:920)
11-05 17:58:36.262 W/System.err( 1799): Caused by: java.lang.IllegalStateException: Cannot invoke removeObserver on a background thread
11-05 17:58:36.262 W/System.err( 1799): at androidx.lifecycle.LiveData.assertMainThread(SourceFile:22)
11-05 17:58:36.262 W/System.err( 1799): at androidx.lifecycle.LiveData.removeObserver(SourceFile:3)
11-05 17:58:36.262 W/System.err( 1799): at com.dangbei.leard.base.proider.global.MapSingleLiveEvent.removeObserver(SourceFile:11)
11-05 17:58:36.262 W/System.err( 1799): at com.dangbei.leard.base.proider.global.MapSingleLiveEvent.cancel(SourceFile:16)
11-05 17:58:36.263 W/System.err( 1799): at com.dangbei.leard.base.ext.FlowExtKt$listenerNetByCancel$2$1.invoke(SourceFile:2)
11-05 17:58:36.263 W/System.err( 1799): at com.dangbei.leard.base.ext.FlowExtKt$listenerNetByCancel$2$1.invoke(SourceFile:1)
11-05 17:58:36.263 W/System.err( 1799): at kotlinx.coroutines.InvokeOnCancel.invoke(SourceFile:2)
11-05 17:58:36.263 W/System.err( 1799): at kotlinx.coroutines.CancellableContinuationImpl.callCancelHandler(SourceFile:1)
11-05 17:58:36.263 W/System.err( 1799): ... 13 more
11-05 17:58:36.265 E/hq ( 1799): ErrorCoroutineExceptionHandler:::runTry error:kotlinx.coroutines.CompletionHandlerException: Exception in invokeOnCancellation handler for CancellableContinuation(DispatchedContinuation[Dispatchers.Default, Continuation
at com.dangbei.leard.base.proider.weather.WeatherInterfaceImpl$requestLocation$2.invokeSuspend(WeatherInterfaceImpl.kt:22)@e79b0f7]){Cancelled}@3c5cb64 from=
11-05 17:58:36.868 W/IorapForwardingService( 520): No service published for: iorapd
11-05 17:58:37.082 I/efs.send_log( 2111): log cann't be send because net status is disconnected
11-05 17:58:37.172 I/BLEAudioDrive_HV410( 247): data len: 9 1
11-05 17:58:37.172 D/TvWindowManager( 520): key event key = KEYCODE_DPAD_CENTER down = true
11-05 17:58:37.174 D/GpioService( 520): mFlickerEnable = true
11-05 17:58:37.322 D/GpioService( 520): mFlickerEnable = true
11-05 17:58:37.325 I/SogouIME( 2976): onKeyDown: keyoCode=23
11-05 17:58:37.325 I/DefaultIMS( 2976): onKeyDown: keyoCode=23
11-05 17:58:37.329 I/BLEAudioDrive_HV410( 247): data len: 9 1
11-05 17:58:37.330 I/BLEAudioDrive_HV410( 247): keyboard stop
11-05 17:58:37.330 D/TvWindowManager( 520): key event key = KEYCODE_DPAD_CENTER down = false
11-05 17:58:37.332 I/SogouIME( 2976): onKeyUp: keyoCode=23
11-05 17:58:37.332 I/DefaultIMS( 2976): onKeyUp: keyoCode=23
11-05 17:58:37.334 I/SogouIME( 2976): onViewClicked:
11-05 17:58:37.335 D/InputMethodManager( 975): showSoftInput() view=androidx.appcompat.widget.AppCompatEditText{5760af5 VFED..CL. .F.P.... 80,156-520,236 #7f080093 app:id/dialog_wifi_edit aid=1073741826} flags=0 reason=SHOW_SOFT_INPUT
11-05 17:58:37.342 I/DefaultIMS( 2976): DefaultIMS::onCreateInputView() languageResourceReady ? true
11-05 17:58:37.342 I/SogouIME( 2976): SogouIME::onStartInputView()
11-05 17:58:37.342 I/DefaultIMS( 2976): onStartInputView attributeandroid.view.inputmethod.EditorInfo@a8588b9 restarting=false inputType: 33
11-05 17:58:37.342 I/SogouIME( 2976): SogouIME::setInputView()
11-05 17:58:37.343 I/MainPresenter( 2976): onStartInputView: attribute=android.view.inputmethod.EditorInfo@a8588b9 isReady=true; restarting: false inputType: 33
11-05 17:58:37.353 I/InputContext( 2976): onChanged: composing=null
11-05 17:58:37.353 I/InputContext( 2976): onChanged: forCompose=false
11-05 17:58:37.353 I/InputContext( 2976): onChanged: candidateWords=[]
11-05 17:58:37.353 I/InputContext( 2976): onChanged: candidateWordInfo.size=0 global offset: 0pausedCandidateData = false
11-05 17:58:37.354 I/MainPresenter( 2976): setInputType:
11-05 17:58:37.361 I/InputContext( 2976): onChanged: composing=null
11-05 17:58:37.361 I/InputContext( 2976): onChanged: forCompose=false
11-05 17:58:37.362 I/InputContext( 2976): onChanged: candidateWords=[]
11-05 17:58:37.362 I/InputContext( 2976): onChanged: candidateWordInfo.size=0 global offset: 0pausedCandidateData = false
11-05 17:58:37.363 I/KeyEventTransfer( 2976): languageID=0
11-05 17:58:37.363 I/KeyEventTransfer( 2976): scriptID=1
11-05 17:58:37.363 I/KeyEventTransfer( 2976): layoutID=2
11-05 17:58:37.467 D/CHJNIDefault( 2976): setInputMode value=-1
11-05 17:58:37.467 I/MainPresenter( 2976): loadInputType: 0
11-05 17:58:37.538 I/BodyArea( 2976): loadKeyboard layoutId1
11-05 17:58:37.540 D/SkinEngine( 2976): prepareProtoList: execute start
11-05 17:58:37.543 I/CountdownExecutor( 2976): run:size=2 no=0
11-05 17:58:37.552 I/CountdownExecutor( 2976): run:size=2 no=1
11-05 17:58:37.553 D/SkinEngine( 2976): prepareProtoList: execute end
11-05 17:58:37.654 I/AbstractLifecycle( 2976): onStartInputView: Build_d5523c4_20201222 android_tv_dangbei
11-05 17:58:37.658 I/eJ ( 2976): handle Action on start Input
11-05 17:58:37.693 D/CompatibilityChangeReporter( 520): Compat change id reported: 158002302; UID 10052; state: ENABLED
11-05 17:58:37.695 W/ServiceManager( 278): Permission failure: android.permission.ACCESS_SURFACE_FLINGER from uid=10052 pid=2976
11-05 17:58:37.696 D/PermissionCache( 278): checking android.permission.ACCESS_SURFACE_FLINGER for uid=10052 => denied (2268 us)
11-05 17:58:37.696 W/ServiceManager( 278): Permission failure: android.permission.ROTATE_SURFACE_FLINGER from uid=10052 pid=2976
11-05 17:58:37.696 D/PermissionCache( 278): checking android.permission.ROTATE_SURFACE_FLINGER for uid=10052 => denied (380 us)
11-05 17:58:37.709 I/hwservicemanager( 180): getTransport: Cannot find entry android.hardware.configstore@1.0::ISurfaceFlingerConfigs/default in either framework or device VINTF manifest.
11-05 17:58:37.727 E/HWComposer( 278): getSupportedContentTypes: getSupportedContentTypes failed for display 0: Unsupported (8)
11-05 17:58:37.730 I/hwservicemanager( 180): getTransport: Cannot find entry android.hardware.graphics.mapper@4.0::IMapper/default in either framework or device VINTF manifest.
11-05 17:58:37.730 I/Gralloc4( 2976): mapper 4.x is not supported
11-05 17:58:37.731 I/hwservicemanager( 180): getTransport: Cannot find entry android.hardware.graphics.mapper@3.0::IMapper/default in either framework or device VINTF manifest.
11-05 17:58:37.731 W/Gralloc3( 2976): mapper 3.x is not supported
11-05 17:58:37.736 E/gralloc ( 2976): Arm Module v1.0
11-05 17:58:37.739 I/hwservicemanager( 180): getTransport: Cannot find entry android.hardware.graphics.allocator@4.0::IAllocator/default in either framework or device VINTF manifest.
11-05 17:58:37.740 W/Gralloc4( 2976): allocator 4.x is not supported
11-05 17:58:37.741 I/hwservicemanager( 180): getTransport: Cannot find entry android.hardware.graphics.allocator@3.0::IAllocator/default in either framework or device VINTF manifest.
11-05 17:58:37.741 W/Gralloc3( 2976): allocator 3.x is not supported
11-05 17:58:37.747 I/gralloc ( 255): alloc buffer:W:1920 H:1080 S:1920 PL[1920 1080] SZ:8294400 fmt:1 if:0 af:1 usg:20000b00 fg:00000004
11-05 17:58:37.748 E/ion ( 2976): ioctl c0044901 failed with code -1: Inappropriate ioctl for device
11-05 17:58:37.754 I/gralloc ( 255): alloc buffer:W:1920 H:1080 S:1920 PL[1920 1080] SZ:8294400 fmt:1 if:0 af:1 usg:20000b00 fg:00000004
11-05 17:58:37.762 I/gralloc ( 255): alloc buffer:W:1920 H:1080 S:1920 PL[1920 1080] SZ:8294400 fmt:1 if:0 af:1 usg:20000b00 fg:00000004
11-05 17:58:37.829 D/InsetsController( 975): show(ime(), fromIme=true)
11-05 17:58:37.840 D/TvPipController( 749): onImeVisibilityChanged(), visible=true, height=488
11-05 17:58:37.842 E/system_server( 520): No package ID ff found for ID 0xffffffff.
11-05 17:58:37.870 W/IorapForwardingService( 520): No service published for: iorapd
11-05 17:58:37.897 W/NotificationHistory( 520): Attempted to add notif for locked/gone/disabled user 0
11-05 17:58:37.900 V/TvNotificationHandler( 749): Notification not added because it isn't relevant for tv
11-05 17:58:37.910 V/TvNotificationHandler( 749): Notification not added because it isn't relevant for tv
11-05 17:58:37.943 E/dangbei111( 1301): cccccc 没有检测到网络 暂时不做遥控器ota信息检测
11-05 17:58:37.944 E/dangbei111( 1301): 5s后准备进行遥控器ota信息检测
11-05 17:58:37.964 I/rgb_led_ctl( 3273): type=1400 audit(0.0:2915): avc: denied { write } for name="spidev1.0" dev="tmpfs" ino=3604 scontext=u:r:init:s0 tcontext=u:object_r:device:s0 tclass=chr_file permissive=1
11-05 17:58:37.964 I/rgb_led_ctl( 3273): type=1400 audit(0.0:2916): avc: denied { open } for path="/dev/spidev1.0" dev="tmpfs" ino=3604 scontext=u:r:init:s0 tcontext=u:object_r:device:s0 tclass=chr_file permissive=1
11-05 17:58:37.964 I/rgb_led_ctl( 3273): type=1400 audit(0.0:2917): avc: denied { ioctl } for path="/dev/spidev1.0" dev="tmpfs" ino=3604 ioctlcmd=0x6b01 scontext=u:r:init:s0 tcontext=u:object_r:device:s0 tclass=chr_file permissive=1
11-05 17:58:38.028 D/hq ( 1799): NetWorkStateReceiver:::检查网络,并且持续更新 isConnect=false
11-05 17:58:38.088 I/RenderThread( 975): type=1400 audit(0.0:2918): avc: denied { unlink } for name="com.android.opengl.shaders_cache" dev="mmcblk0p25" ino=2068 scontext=u:r:platform_app:s0:c512,c768 tcontext=u:object_r:app_data_file:s0:c512,c768 tclass=file permissive=1 app=com.dangbei.hqguide
11-05 17:58:38.088 I/RenderThread( 975): type=1400 audit(0.0:2919): avc: denied { create } for name="com.android.opengl.shaders_cache" scontext=u:r:platform_app:s0:c512,c768 tcontext=u:object_r:app_data_file:s0:c512,c768 tclass=file permissive=1 app=com.dangbei.hqguide
11-05 17:58:38.088 I/RenderThread( 975): type=1400 audit(0.0:2920): avc: denied { open } for path="/data/user_de/0/com.dangbei.hqguide/code_cache/com.android.opengl.shaders_cache" dev="mmcblk0p25" ino=2378 scontext=u:r:platform_app:s0:c512,c768 tcontext=u:object_r:app_data_file:s0:c512,c768 tclass=file permissive=1 app=com.dangbei.hqguide
11-05 17:58:38.088 I/RenderThread( 975): type=1400 audit(0.0:2921): avc: denied { setattr } for name="com.android.opengl.shaders_cache" dev="mmcblk0p25" ino=2378 scontext=u:r:platform_app:s0:c512,c768 tcontext=u:object_r:app_data_file:s0:c512,c768 tclass=file permissive=1 app=com.dangbei.hqguide
11-05 17:58:38.117 V/TvNotificationHandler( 749): Notification not added because it isn't relevant for tv
11-05 17:58:38.187 D/audio_hw_primary( 247): out_standby
11-05 17:58:38.639 W/ZramWriteback( 520): Writeback device is not set
11-05 17:58:38.639 D/ZramWriteback( 520): wait to flush
11-05 17:58:38.658 I/ActivityManager( 520): Killing 1889:com.android.localtransport/1000 (adj 975): empty #17
11-05 17:58:38.660 I/libprocessgroup( 520): Successfully killed process cgroup uid 1000 pid 1889 in 0ms
11-05 17:58:38.680 I/BLEAudioDrive_HV410( 247): data len: 9 1
11-05 17:58:38.681 D/TvWindowManager( 520): key event key = KEYCODE_DPAD_LEFT down = true
11-05 17:58:38.683 D/GpioService( 520): mFlickerEnable = true
11-05 17:58:38.687 I/SogouIME( 2976): onKeyDown: keyoCode=21
11-05 17:58:38.687 I/DefaultIMS( 2976): onKeyDown: keyoCode=21
11-05 17:58:38.690 I/TvSpecialKeyEventInterceptor( 2976): onKeyDown repeat: 0 onKeyDownConsume: false
11-05 17:58:38.692 I/KeyboardViewPresenter( 2976): getNextKey Key_J
11-05 17:58:38.698 I/Zygote ( 242): Process 1889 exited due to signal 9 (Killed)
11-05 17:58:38.815 I/BLEAudioDrive_HV410( 247): data len: 9 1
11-05 17:58:38.815 I/BLEAudioDrive_HV410( 247): keyboard stop
11-05 17:58:38.815 D/TvWindowManager( 520): key event key = KEYCODE_DPAD_LEFT down = false
11-05 17:58:38.818 I/SogouIME( 2976): onKeyUp: keyoCode=21
11-05 17:58:38.818 I/DefaultIMS( 2976): onKeyUp: keyoCode=21
11-05 17:58:38.820 I/TvSpecialKeyEventInterceptor( 2976): onKeyUp: onKeyDownConsume false onKeyUpConsume: false repeat: 0
11-05 17:58:38.871 W/IorapForwardingService( 520): No service published for: iorapd
11-05 17:58:38.882 I/BLEAudioDrive_HV410( 247): data len: 9 1
11-05 17:58:38.882 D/TvWindowManager( 520): key event key = KEYCODE_DPAD_LEFT down = true
11-05 17:58:38.882 D/GpioService( 520): mFlickerEnable = true
11-05 17:58:38.884 I/SogouIME( 2976): onKeyDown: keyoCode=21
11-05 17:58:38.884 I/DefaultIMS( 2976): onKeyDown: keyoCode=21
11-05 17:58:38.886 I/TvSpecialKeyEventInterceptor( 2976): onKeyDown repeat: 0 onKeyDownConsume: false
11-05 17:58:38.886 I/KeyboardViewPresenter( 2976): getNextKey Key_I
11-05 17:58:38.994 I/BLEAudioDrive_HV410( 247): data len: 9 1
11-05 17:58:38.994 I/BLEAudioDrive_HV410( 247): keyboard stop
11-05 17:58:38.995 D/TvWindowManager( 520): key event key = KEYCODE_DPAD_LEFT down = false
11-05 17:58:38.997 I/SogouIME( 2976): onKeyUp: keyoCode=21
11-05 17:58:38.997 I/DefaultIMS( 2976): onKeyUp: keyoCode=21
11-05 17:58:38.999 I/TvSpecialKeyEventInterceptor( 2976): onKeyUp: onKeyDownConsume false onKeyUpConsume: false repeat: 0
11-05 17:58:39.073 I/BLEAudioDrive_HV410( 247): data len: 9 1
11-05 17:58:39.073 D/TvWindowManager( 520): key event key = KEYCODE_DPAD_LEFT down = true
11-05 17:58:39.074 D/GpioService( 520): mFlickerEnable = true
11-05 17:58:39.076 I/SogouIME( 2976): onKeyDown: keyoCode=21
11-05 17:58:39.076 I/DefaultIMS( 2976): onKeyDown: keyoCode=21
11-05 17:58:39.077 I/TvSpecialKeyEventInterceptor( 2976): onKeyDown repeat: 0 onKeyDownConsume: false
11-05 17:58:39.078 I/KeyboardViewPresenter( 2976): getNextKey Key_H
11-05 17:58:39.175 I/BLEAudioDrive_HV410( 247): data len: 9 1
11-05 17:58:39.175 I/BLEAudioDrive_HV410( 247): keyboard stop
11-05 17:58:39.176 D/TvWindowManager( 520): key event key = KEYCODE_DPAD_LEFT down = false
11-05 17:58:39.180 I/SogouIME( 2976): onKeyUp: keyoCode=21
11-05 17:58:39.180 I/DefaultIMS( 2976): onKeyUp: keyoCode=21
11-05 17:58:39.182 I/TvSpecialKeyEventInterceptor( 2976): onKeyUp: onKeyDownConsume false onKeyUpConsume: false repeat: 0
11-05 17:58:39.253 I/BLEAudioDrive_HV410( 247): data len: 9 1
11-05 17:58:39.254 D/TvWindowManager( 520): key event key = KEYCODE_DPAD_LEFT down = true
11-05 17:58:39.254 D/GpioService( 520): mFlickerEnable = true
11-05 17:58:39.256 I/SogouIME( 2976): onKeyDown: keyoCode=21
11-05 17:58:39.256 I/DefaultIMS( 2976): onKeyDown: keyoCode=21
11-05 17:58:39.258 I/TvSpecialKeyEventInterceptor( 2976): onKeyDown repeat: 0 onKeyDownConsume: false
11-05 17:58:39.258 I/KeyboardViewPresenter( 2976): getNextKey Key_6
11-05 17:58:39.354 I/BLEAudioDrive_HV410( 247): data len: 9 1
11-05 17:58:39.355 I/BLEAudioDrive_HV410( 247): keyboard stop
11-05 17:58:39.355 D/TvWindowManager( 520): key event key = KEYCODE_DPAD_LEFT down = false
11-05 17:58:39.358 I/SogouIME( 2976): onKeyUp: keyoCode=21
11-05 17:58:39.358 I/DefaultIMS( 2976): onKeyUp: keyoCode=21
11-05 17:58:39.360 I/TvSpecialKeyEventInterceptor( 2976): onKeyUp: onKeyDownConsume false onKeyUpConsume: false repeat: 0
11-05 17:58:39.433 I/BLEAudioDrive_HV410( 247): data len: 9 1
11-05 17:58:39.434 D/TvWindowManager( 520): key event key = KEYCODE_DPAD_LEFT down = true
11-05 17:58:39.434 D/GpioService( 520): mFlickerEnable = true
11-05 17:58:39.436 I/SogouIME( 2976): onKeyDown: keyoCode=21
11-05 17:58:39.436 I/DefaultIMS( 2976): onKeyDown: keyoCode=21
11-05 17:58:39.438 I/TvSpecialKeyEventInterceptor( 2976): onKeyDown repeat: 0 onKeyDownConsume: false
11-05 17:58:39.439 I/KeyboardViewPresenter( 2976): getNextKey Key_5
11-05 17:58:39.535 I/BLEAudioDrive_HV410( 247): data len: 9 1
11-05 17:58:39.535 I/BLEAudioDrive_HV410( 247): keyboard stop
11-05 17:58:39.535 D/TvWindowManager( 520): key event key = KEYCODE_DPAD_LEFT down = false
11-05 17:58:39.537 I/SogouIME( 2976): onKeyUp: keyoCode=21
11-05 17:58:39.537 I/DefaultIMS( 2976): onKeyUp: keyoCode=21
11-05 17:58:39.539 I/TvSpecialKeyEventInterceptor( 2976): onKeyUp: onKeyDownConsume false onKeyUpConsume: false repeat: 0
11-05 17:58:39.624 I/BLEAudioDrive_HV410( 247): data len: 9 1
11-05 17:58:39.625 D/TvWindowManager( 520): key event key = KEYCODE_DPAD_LEFT down = true
11-05 17:58:39.625 D/GpioService( 520): mFlickerEnable = true
11-05 17:58:39.627 I/SogouIME( 2976): onKeyDown: keyoCode=21
11-05 17:58:39.627 I/DefaultIMS( 2976): onKeyDown: keyoCode=21
11-05 17:58:39.629 I/TvSpecialKeyEventInterceptor( 2976): onKeyDown repeat: 0 onKeyDownConsume: false
11-05 17:58:39.629 I/KeyboardViewPresenter( 2976): getNextKey Key_4
11-05 17:58:39.714 I/BLEAudioDrive_HV410( 247): data len: 9 1
11-05 17:58:39.714 I/BLEAudioDrive_HV410( 247): keyboard stop
11-05 17:58:39.715 D/TvWindowManager( 520): key event key = KEYCODE_DPAD_LEFT down = false
11-05 17:58:39.717 I/SogouIME( 2976): onKeyUp: keyoCode=21
11-05 17:58:39.718 I/DefaultIMS( 2976): onKeyUp: keyoCode=21
11-05 17:58:39.719 I/TvSpecialKeyEventInterceptor( 2976): onKeyUp: onKeyDownConsume false onKeyUpConsume: false repeat: 0
11-05 17:58:39.873 W/IorapForwardingService( 520): No service published for: iorapd
11-05 17:58:40.029 D/hq ( 1799): NetWorkStateReceiver:::检查网络,并且持续更新 isConnect=false
11-05 17:58:40.095 I/WifiService( 520): startScan uid=10026
11-05 17:58:40.164 I/BLEAudioDrive_HV410( 247): data len: 9 1
11-05 17:58:40.165 D/TvWindowManager( 520): key event key = KEYCODE_DPAD_UP down = true
11-05 17:58:40.166 D/GpioService( 520): mFlickerEnable = true
11-05 17:58:40.168 I/SogouIME( 2976): onKeyDown: keyoCode=19
11-05 17:58:40.168 I/DefaultIMS( 2976): onKeyDown: keyoCode=19
11-05 17:58:40.169 I/TvSpecialKeyEventInterceptor( 2976): onKeyDown repeat: 0 onKeyDownConsume: false
11-05 17:58:40.170 I/KeyboardViewPresenter( 2976): getNextKey Key_1
11-05 17:58:40.288 I/BLEAudioDrive_HV410( 247): data len: 9 1
11-05 17:58:40.288 I/BLEAudioDrive_HV410( 247): keyboard stop
11-05 17:58:40.288 D/TvWindowManager( 520): key event key = KEYCODE_DPAD_UP down = false
11-05 17:58:40.291 I/SogouIME( 2976): onKeyUp: keyoCode=19
11-05 17:58:40.291 I/DefaultIMS( 2976): onKeyUp: keyoCode=19
11-05 17:58:40.293 I/TvSpecialKeyEventInterceptor( 2976): onKeyUp: onKeyDownConsume false onKeyUpConsume: false repeat: 0
11-05 17:58:40.536 I/BLEAudioDrive_HV410( 247): data len: 9 1
11-05 17:58:40.536 D/TvWindowManager( 520): key event key = KEYCODE_DPAD_CENTER down = true
11-05 17:58:40.537 D/GpioService( 520): mFlickerEnable = true
11-05 17:58:40.659 I/BLEAudioDrive_HV410( 247): data len: 9 1
11-05 17:58:40.659 I/BLEAudioDrive_HV410( 247): keyboard stop
11-05 17:58:40.660 D/TvWindowManager( 520): key event key = KEYCODE_DPAD_CENTER down = false
11-05 17:58:40.688 D/GpioService( 520): mFlickerEnable = true
11-05 17:58:40.695 I/SogouIME( 2976): onKeyDown: keyoCode=23
11-05 17:58:40.695 I/DefaultIMS( 2976): onKeyDown: keyoCode=23
11-05 17:58:40.697 I/TvSpecialKeyEventInterceptor( 2976): onKeyDown repeat: 0 onKeyDownConsume: false
11-05 17:58:40.700 I/SogouIME( 2976): onKeyUp: keyoCode=23
11-05 17:58:40.700 I/DefaultIMS( 2976): onKeyUp: keyoCode=23
11-05 17:58:40.702 I/TvSpecialKeyEventInterceptor( 2976): onKeyUp: onKeyDownConsume false onKeyUpConsume: false repeat: 0
11-05 17:58:40.702 I/fB ( 2976): onKeyClick: property=61440 code=49 symbol=1
11-05 17:58:40.703 I/KeyEventTransfer( 2976): doKeyInput: property=61440 code=49 text=1 miniText=null
11-05 17:58:40.727 I/ENKeyHandler( 2976): on selection update: oldStart: 0, oldEnd: 0, newStart: 1, newEnd: 1, composingStart: -1, composingEnd: -1
11-05 17:58:40.783 I/BLEAudioDrive_HV410( 247): data len: 9 1
11-05 17:58:40.783 D/TvWindowManager( 520): key event key = KEYCODE_DPAD_CENTER down = true
11-05 17:58:40.784 D/GpioService( 520): mFlickerEnable = true
11-05 17:58:40.875 W/IorapForwardingService( 520): No service published for: iorapd
11-05 17:58:40.884 I/BLEAudioDrive_HV410( 247): data len: 9 1
11-05 17:58:40.884 I/BLEAudioDrive_HV410( 247): keyboard stop
11-05 17:58:40.885 D/TvWindowManager( 520): key event key = KEYCODE_DPAD_CENTER down = false
11-05 17:58:40.934 D/GpioService( 520): mFlickerEnable = true
11-05 17:58:40.937 I/SogouIME( 2976): onKeyDown: keyoCode=23
11-05 17:58:40.937 I/DefaultIMS( 2976): onKeyDown: keyoCode=23
11-05 17:58:40.938 I/TvSpecialKeyEventInterceptor( 2976): onKeyDown repeat: 0 onKeyDownConsume: false
11-05 17:58:40.941 I/SogouIME( 2976): onKeyUp: keyoCode=23
11-05 17:58:40.941 I/DefaultIMS( 2976): onKeyUp: keyoCode=23
11-05 17:58:40.943 I/TvSpecialKeyEventInterceptor( 2976): onKeyUp: onKeyDownConsume false onKeyUpConsume: false repeat: 0
11-05 17:58:40.944 I/fB ( 2976): onKeyClick: property=61440 code=49 symbol=1
11-05 17:58:40.944 I/KeyEventTransfer( 2976): doKeyInput: property=61440 code=49 text=1 miniText=null
11-05 17:58:40.964 I/ENKeyHandler( 2976): on selection update: oldStart: 1, oldEnd: 1, newStart: 2, newEnd: 2, composingStart: -1, composingEnd: -1
11-05 17:58:40.985 I/BLEAudioDrive_HV410( 247): data len: 9 1
11-05 17:58:40.986 D/TvWindowManager( 520): key event key = KEYCODE_DPAD_CENTER down = true
11-05 17:58:40.987 D/GpioService( 520): mFlickerEnable = true
11-05 17:58:41.098 I/BLEAudioDrive_HV410( 247): data len: 9 1
11-05 17:58:41.098 I/BLEAudioDrive_HV410( 247): keyboard stop
11-05 17:58:41.098 D/TvWindowManager( 520): key event key = KEYCODE_DPAD_CENTER down = false
11-05 17:58:41.135 D/GpioService( 520): mFlickerEnable = true
11-05 17:58:41.138 I/SogouIME( 2976): onKeyDown: keyoCode=23
11-05 17:58:41.138 I/DefaultIMS( 2976): onKeyDown: keyoCode=23
11-05 17:58:41.139 I/TvSpecialKeyEventInterceptor( 2976): onKeyDown repeat: 0 onKeyDownConsume: false
11-05 17:58:41.142 I/SogouIME( 2976): onKeyUp: keyoCode=23
11-05 17:58:41.143 I/DefaultIMS( 2976): onKeyUp: keyoCode=23
11-05 17:58:41.144 I/TvSpecialKeyEventInterceptor( 2976): onKeyUp: onKeyDownConsume false onKeyUpConsume: false repeat: 0
11-05 17:58:41.145 I/fB ( 2976): onKeyClick: property=61440 code=49 symbol=1
11-05 17:58:41.145 I/KeyEventTransfer( 2976): doKeyInput: property=61440 code=49 text=1 miniText=null
11-05 17:58:41.162 I/ENKeyHandler( 2976): on selection update: oldStart: 2, oldEnd: 2, newStart: 3, newEnd: 3, composingStart: -1, composingEnd: -1
11-05 17:58:41.199 I/BLEAudioDrive_HV410( 247): data len: 9 1
11-05 17:58:41.200 D/TvWindowManager( 520): key event key = KEYCODE_DPAD_CENTER down = true
11-05 17:58:41.201 D/GpioService( 520): mFlickerEnable = true
11-05 17:58:41.225 D/WifiNl80211Manager( 520): Scan result ready event
11-05 17:58:41.226 D/WifiNative( 520): Scan result ready event
11-05 17:58:41.233 E/hq ( 1799): NetWorkStateReceiver:::NetWorkStateReceiver onReceive: 网络变化广播 >>>> intent.action=android.net.wifi.SCAN_RESULTS
11-05 17:58:41.236 D/PasspointManager( 520): ANQP entry not found for: 10:7c:61:1a:4b:90:<2.4G>
11-05 17:58:41.238 D/PasspointManager( 520): ANQP entry not found for: 10:7c:61:1a:4b:94:<5G>
11-05 17:58:41.242 E/WifiHAL ( 720): wifi_get_link_stats: requestResponse Error:-5
11-05 17:58:41.243 E/WifiVendorHal( 520): getWifiLinkLayerStats_1_5_Internal(l.1191) failed {.code = ERROR_INVALID_ARGS, .description = }
11-05 17:58:41.251 W/eventbuscore( 1799): post Event:com.dangbei.leard.base.entity.event.NetWifiRssiEvent
11-05 17:58:41.301 I/BLEAudioDrive_HV410( 247): data len: 9 1
11-05 17:58:41.301 I/BLEAudioDrive_HV410( 247): keyboard stop
11-05 17:58:41.301 D/TvWindowManager( 520): key event key = KEYCODE_DPAD_CENTER down = false
11-05 17:58:41.351 D/GpioService( 520): mFlickerEnable = true
11-05 17:58:41.354 I/SogouIME( 2976): onKeyDown: keyoCode=23
11-05 17:58:41.354 I/DefaultIMS( 2976): onKeyDown: keyoCode=23
11-05 17:58:41.356 I/TvSpecialKeyEventInterceptor( 2976): onKeyDown repeat: 0 onKeyDownConsume: false
11-05 17:58:41.360 I/SogouIME( 2976): onKeyUp: keyoCode=23
11-05 17:58:41.360 I/DefaultIMS( 2976): onKeyUp: keyoCode=23
11-05 17:58:41.361 I/TvSpecialKeyEventInterceptor( 2976): onKeyUp: onKeyDownConsume false onKeyUpConsume: false repeat: 0
11-05 17:58:41.362 I/fB ( 2976): onKeyClick: property=61440 code=49 symbol=1
11-05 17:58:41.362 I/KeyEventTransfer( 2976): doKeyInput: property=61440 code=49 text=1 miniText=null
11-05 17:58:41.382 I/ENKeyHandler( 2976): on selection update: oldStart: 3, oldEnd: 3, newStart: 4, newEnd: 4, composingStart: -1, composingEnd: -1
11-05 17:58:41.878 W/IorapForwardingService( 520): No service published for: iorapd
11-05 17:58:42.031 D/hq ( 1799): NetWorkStateReceiver:::检查网络,并且持续更新 isConnect=false
11-05 17:58:42.043 I/BLEAudioDrive_HV410( 247): data len: 9 1
11-05 17:58:42.044 D/TvWindowManager( 520): key event key = KEYCODE_DPAD_CENTER down = true
11-05 17:58:42.045 D/GpioService( 520): mFlickerEnable = true
11-05 17:58:42.178 I/BLEAudioDrive_HV410( 247): data len: 9 1
11-05 17:58:42.178 I/BLEAudioDrive_HV410( 247): keyboard stop
11-05 17:58:42.178 D/TvWindowManager( 520): key event key = KEYCODE_DPAD_CENTER down = false
11-05 17:58:42.193 D/GpioService( 520): mFlickerEnable = true
11-05 17:58:42.195 I/SogouIME( 2976): onKeyDown: keyoCode=23
11-05 17:58:42.195 I/DefaultIMS( 2976): onKeyDown: keyoCode=23
11-05 17:58:42.197 I/TvSpecialKeyEventInterceptor( 2976): onKeyDown repeat: 0 onKeyDownConsume: false
11-05 17:58:42.200 I/SogouIME( 2976): onKeyUp: keyoCode=23
11-05 17:58:42.200 I/DefaultIMS( 2976): onKeyUp: keyoCode=23
11-05 17:58:42.202 I/TvSpecialKeyEventInterceptor( 2976): onKeyUp: onKeyDownConsume false onKeyUpConsume: false repeat: 0
11-05 17:58:42.202 I/fB ( 2976): onKeyClick: property=61440 code=49 symbol=1
11-05 17:58:42.202 I/KeyEventTransfer( 2976): doKeyInput: property=61440 code=49 text=1 miniText=null
11-05 17:58:42.217 I/ENKeyHandler( 2976): on selection update: oldStart: 4, oldEnd: 4, newStart: 5, newEnd: 5, composingStart: -1, composingEnd: -1
11-05 17:58:42.388 I/EventThread( 261): type=1400 audit(0.0:2922): avc: denied { search } for name="extcon" dev="sysfs" ino=18103 scontext=u:r:hal_tv_cec_default:s0 tcontext=u:object_r:sysfs_extcon:s0 tclass=dir permissive=1
11-05 17:58:42.606 I/BLEAudioDrive_HV410( 247): data len: 9 1
11-05 17:58:42.606 D/TvWindowManager( 520): key event key = KEYCODE_DPAD_CENTER down = true
11-05 17:58:42.608 D/GpioService( 520): mFlickerEnable = true
11-05 17:58:42.752 I/BLEAudioDrive_HV410( 247): data len: 9 1
11-05 17:58:42.752 I/BLEAudioDrive_HV410( 247): keyboard stop
11-05 17:58:42.752 D/TvWindowManager( 520): key event key = KEYCODE_DPAD_CENTER down = false
11-05 17:58:42.757 D/GpioService( 520): mFlickerEnable = true
11-05 17:58:42.760 I/SogouIME( 2976): onKeyDown: keyoCode=23
11-05 17:58:42.760 I/DefaultIMS( 2976): onKeyDown: keyoCode=23
11-05 17:58:42.761 I/TvSpecialKeyEventInterceptor( 2976): onKeyDown repeat: 0 onKeyDownConsume: false
11-05 17:58:42.764 I/SogouIME( 2976): onKeyUp: keyoCode=23
11-05 17:58:42.764 I/DefaultIMS( 2976): onKeyUp: keyoCode=23
11-05 17:58:42.766 I/TvSpecialKeyEventInterceptor( 2976): onKeyUp: onKeyDownConsume false onKeyUpConsume: false repeat: 0
11-05 17:58:42.766 I/fB ( 2976): onKeyClick: property=61440 code=49 symbol=1
11-05 17:58:42.766 I/KeyEventTransfer( 2976): doKeyInput: property=61440 code=49 text=1 miniText=null
11-05 17:58:42.785 I/ENKeyHandler( 2976): on selection update: oldStart: 5, oldEnd: 5, newStart: 6, newEnd: 6, composingStart: -1, composingEnd: -1
11-05 17:58:42.879 W/IorapForwardingService( 520): No service published for: iorapd
11-05 17:58:42.946 E/dangbei111( 1301): cccccc 没有检测到网络 暂时不做遥控器ota信息检测
11-05 17:58:42.946 E/dangbei111( 1301): 5s后准备进行遥控器ota信息检测
11-05 17:58:43.045 I/BLEAudioDrive_HV410( 247): data len: 9 1
11-05 17:58:43.045 D/TvWindowManager( 520): key event key = KEYCODE_DPAD_CENTER down = true
11-05 17:58:43.046 D/GpioService( 520): mFlickerEnable = true
11-05 17:58:43.179 I/BLEAudioDrive_HV410( 247): data len: 9 1
11-05 17:58:43.179 I/BLEAudioDrive_HV410( 247): keyboard stop
11-05 17:58:43.180 D/TvWindowManager( 520): key event key = KEYCODE_DPAD_CENTER down = false
11-05 17:58:43.195 D/GpioService( 520): mFlickerEnable = true
11-05 17:58:43.198 I/SogouIME( 2976): onKeyDown: keyoCode=23
11-05 17:58:43.198 I/DefaultIMS( 2976): onKeyDown: keyoCode=23
11-05 17:58:43.199 I/TvSpecialKeyEventInterceptor( 2976): onKeyDown repeat: 0 onKeyDownConsume: false
11-05 17:58:43.202 I/SogouIME( 2976): onKeyUp: keyoCode=23
11-05 17:58:43.202 I/DefaultIMS( 2976): onKeyUp: keyoCode=23
11-05 17:58:43.204 I/TvSpecialKeyEventInterceptor( 2976): onKeyUp: onKeyDownConsume false onKeyUpConsume: false repeat: 0
11-05 17:58:43.204 I/fB ( 2976): onKeyClick: property=61440 code=49 symbol=1
11-05 17:58:43.204 I/KeyEventTransfer( 2976): doKeyInput: property=61440 code=49 text=1 miniText=null
