11-05 17:57:54.844 I/xiriservice_All( 313): type=1400 audit(0.0:265): avc: denied { read } for name="lib" dev="mmcblk0p25" ino=528 scontext=u:r:init:s0 tcontext=u:object_r:app_data_file:s0:c512,c768 tclass=lnk_file permissive=1
11-05 17:57:54.850 D/XiriService( 313): check file name: /data/data/android.ext.services/lib
11-05 17:57:54.851 D/XiriService( 313): check file name: /data/data/android.ext.services/lib
11-05 17:57:54.851 D/XiriService( 313): check file name: /data/data/android.ext.services/lib
11-05 17:57:54.851 D/XiriService( 313): check file name: /data/data/android.ext.services/lib
11-05 17:57:54.851 D/XiriService( 313): check file name: /data/data/com.android.wifi.resources/lib
11-05 17:57:54.851 W/installd( 352): Requested default storage /data/user_de/0/com.android.wifi.resources is not active; migrating from /data/data/com.android.wifi.resources
11-05 17:57:54.852 D/XiriService( 313): check file name: /data/data/com.android.wifi.resources/lib
11-05 17:57:54.852 D/XiriService( 313): check file name: /data/data/com.android.wifi.resources/lib
11-05 17:57:54.853 D/XiriService( 313): check file name: /data/data/com.android.wifi.resources/lib
11-05 17:57:54.855 D/XiriService( 313): check file name: /data/data/com.android.wifi.resources/lib
11-05 17:57:54.856 D/XiriService( 313): check file name: /data/data/com.android.wifi.resources/lib
11-05 17:57:54.859 D/XiriService( 313): check file name: /data/data/com.android.proxyhandler/lib
11-05 17:57:54.859 W/installd( 352): Requested default storage /data/user_de/0/com.android.proxyhandler is not active; migrating from /data/data/com.android.proxyhandler
11-05 17:57:54.859 D/XiriService( 313): check file name: /data/data/com.android.proxyhandler/lib
11-05 17:57:54.860 D/XiriService( 313): check file name: /data/data/com.android.proxyhandler/lib
11-05 17:57:54.860 D/XiriService( 313): check file name: /data/data/com.android.proxyhandler/lib
11-05 17:57:54.863 D/XiriService( 313): check file name: /data/data/com.android.proxyhandler/lib
11-05 17:57:54.863 D/XiriService( 313): check file name: /data/data/com.android.proxyhandler/lib
11-05 17:57:54.866 D/XiriService( 313): check file name: /data/data/com.softwinner.screenshot/lib
11-05 17:57:54.870 D/XiriService( 313): check file name: /data/data/com.android.shell/lib
11-05 17:57:54.870 W/installd( 352): Requested default storage /data/user_de/0/com.android.shell is not active; migrating from /data/data/com.android.shell
11-05 17:57:54.872 D/XiriService( 313): check file name: /data/data/com.android.shell/lib
11-05 17:57:54.872 D/XiriService( 313): check file name: /data/data/com.android.shell/lib
11-05 17:57:54.877 I/ ( 406): DVI mode selected: packets not configured
11-05 17:57:54.877 I/ ( 406): Error: set vsif failed
11-05 17:57:54.873 D/XiriService( 313): check file name: /data/data/com.android.shell/lib
11-05 17:57:54.875 D/XiriService( 313): check file name: /data/data/com.android.shell/lib
11-05 17:57:54.875 D/XiriService( 313): check file name: /data/data/com.android.shell/lib
11-05 17:57:54.878 D/XiriService( 313): check file name: /data/data/com.android.location.fused/lib
11-05 17:57:54.878 D/XiriService( 313): check file name: /data/data/com.android.location.fused/lib
11-05 17:57:54.878 D/XiriService( 313): check file name: /data/data/com.android.location.fused/lib
11-05 17:57:54.878 D/XiriService( 313): check file name: /data/data/com.android.location.fused/lib
11-05 17:57:54.878 D/XiriService( 313): check file name: /data/data/com.android.location.fused/lib
11-05 17:57:54.878 W/installd( 352): Requested default storage /data/user_de/0/com.android.location.fused is not active; migrating from /data/data/com.android.location.fused
11-05 17:57:54.879 D/XiriService( 313): check file name: /data/data/com.android.location.fused/lib
11-05 17:57:54.879 D/XiriService( 313): check file name: /data/data/com.android.location.fused/lib
11-05 17:57:54.880 D/XiriService( 313): check file name: /data/data/com.android.location.fused/lib
11-05 17:57:54.882 D/XiriService( 313): check file name: /data/data/com.android.location.fused/lib
11-05 17:57:54.882 D/XiriService( 313): check file name: /data/data/com.android.location.fused/lib
11-05 17:57:54.885 D/XiriService( 313): check file name: /data/data/com.android.location.fused/lib
11-05 17:57:54.885 D/XiriService( 313): check file name: /data/data/com.android.location.fused/lib
11-05 17:57:54.885 D/XiriService( 313): check file name: /data/data/com.android.location.fused/lib
11-05 17:57:54.885 D/XiriService( 313): check file name: /data/data/com.android.location.fused/lib
11-05 17:57:54.885 D/XiriService( 313): check file name: /data/data/com.android.systemui/lib
11-05 17:57:54.886 W/installd( 352): Requested default storage /data/user_de/0/com.android.systemui is not active; migrating from /data/data/com.android.systemui
11-05 17:57:54.886 D/XiriService( 313): check file name: /data/data/com.android.systemui/lib
11-05 17:57:54.886 D/XiriService( 313): check file name: /data/data/com.android.systemui/lib
11-05 17:57:54.887 D/XiriService( 313): check file name: /data/data/com.android.systemui/lib
11-05 17:57:54.890 D/XiriService( 313): check file name: /data/data/com.android.systemui/lib
11-05 17:57:54.890 D/XiriService( 313): check file name: /data/data/com.android.systemui/lib
11-05 17:57:54.892 D/XiriService( 313): check file name: /data/data/com.android.permissioncontroller/lib
11-05 17:57:54.893 W/installd( 352): Requested default storage /data/user_de/0/com.android.permissioncontroller is not active; migrating from /data/data/com.android.permissioncontroller
11-05 17:57:54.893 D/XiriService( 313): check file name: /data/data/com.android.permissioncontroller/lib
11-05 17:57:54.893 D/XiriService( 313): check file name: /data/data/com.android.permissioncontroller/lib
11-05 17:57:54.894 D/XiriService( 313): check file name: /data/data/com.android.permissioncontroller/lib
11-05 17:57:54.897 D/XiriService( 313): check file name: /data/data/com.android.permissioncontroller/lib
11-05 17:57:54.897 D/XiriService( 313): check file name: /data/data/com.android.permissioncontroller/lib
11-05 17:57:54.900 V/PackageManager( 520): reconcileAppsData finished 14 packages
11-05 17:57:54.901 I/PackageManagerTiming( 520): write settings
11-05 17:57:54.901 I/SystemServerTimingAsync( 520): InitThreadPoolExec:prepareAppData
11-05 17:57:54.901 D/SystemServerInitThreadPool( 520): Started executing prepareAppData
11-05 17:57:54.902 E/cutils-trace( 352): Error opening trace file: No such file or directory (2)
11-05 17:57:54.903 W/installd( 352): Ignoring /data/data/android/lib with unexpected GID 0 instead of 1000
11-05 17:57:54.903 W/installd( 352): Ignoring /data/data/com.android.providers.settings/lib with unexpected GID 0 instead of 1000
11-05 17:57:54.903 W/installd( 352): Ignoring /data/data/com.android.inputdevices/lib with unexpected GID 0 instead of 1000
11-05 17:57:54.903 W/installd( 352): Ignoring /data/data/android.ext.services/lib with unexpected GID 0 instead of 10075
11-05 17:57:54.903 W/installd( 352): Ignoring /data/data/com.android.location.fused/lib with unexpected GID 0 instead of 1000
11-05 17:57:54.910 I/ ( 406): DVI mode selected: packets not configured
11-05 17:57:54.910 I/ ( 406): Error: set vsif failed
11-05 17:57:54.905 W/installd( 352): Ignoring /data/user_de/0/android/lib with unexpected GID 0 instead of 1000
11-05 17:57:54.905 W/installd( 352): Ignoring /data/user_de/0/com.android.providers.settings/lib with unexpected GID 0 instead of 1000
11-05 17:57:54.905 W/installd( 352): Ignoring /data/user_de/0/com.android.inputdevices/lib with unexpected GID 0 instead of 1000
11-05 17:57:54.905 W/installd( 352): Ignoring /data/user_de/0/com.android.location.fused/lib with unexpected GID 0 instead of 1000
11-05 17:57:54.960 I/ ( 406): DVI mode selected: packets not configured
11-05 17:57:54.960 I/ ( 406): Error: set vsif failed
11-05 17:57:54.974 I/SELinux ( 520): SELinux: Loaded file_contexts
11-05 17:57:54.988 W/PackageManager( 520): There should probably be a verifier, but, none were found
11-05 17:57:54.994 I/ ( 406): DVI mode selected: packets not configured
11-05 17:57:54.994 I/ ( 406): Error: set vsif failed
11-05 17:57:54.989 W/PackageManager( 520): Domain verification agent not found
11-05 17:57:54.992 D/PackageManager( 520): Ephemeral resolver NOT found; no matching intent filters
11-05 17:57:54.992 D/PackageManager( 520): Instant App installer not found with android.intent.action.INSTALL_INSTANT_APP_PACKAGE
11-05 17:57:54.992 D/PackageManager( 520): Clear ephemeral installer activity
11-05 17:57:54.996 I/PackageManagerTiming( 520): GC
11-05 17:57:54.996 I/PackageManager( 520): Fix for b/169414761 is applied
11-05 17:57:54.997 V/UserManagerService( 520): Checking that all system packages are whitelisted.
11-05 17:57:55.002 W/UserManagerService( 520): checkWhitelistedSystemPackages(mode=ENFORCE|IMPLICIT_WHITELIST|IMPLICIT_WHITELIST_SYSTEM) has 55 warnings:
11-05 17:57:55.002 W/UserManagerService( 520): com.android.internal.display.cutout.emulation.corner is allowlisted but not present.
11-05 17:57:55.002 W/UserManagerService( 520): com.android.internal.display.cutout.emulation.double is allowlisted but not present.
11-05 17:57:55.002 W/UserManagerService( 520): com.android.theme.color.amethyst is allowlisted but not present.
11-05 17:57:55.002 W/UserManagerService( 520): com.android.theme.icon.pebble is allowlisted but not present.
11-05 17:57:55.002 W/UserManagerService( 520): com.android.theme.color.sand is allowlisted but not present.
11-05 17:57:55.002 W/UserManagerService( 520): com.android.theme.icon.vessel is allowlisted but not present.
11-05 17:57:55.002 W/UserManagerService( 520): com.android.theme.color.cinnamon is allowlisted but not present.
11-05 17:57:55.002 W/UserManagerService( 520): com.android.theme.icon_pack.victor.settings is allowlisted but not present.
11-05 17:57:55.002 W/UserManagerService( 520): com.android.theme.icon_pack.rounded.systemui is allowlisted but not present.
11-05 17:57:55.002 W/UserManagerService( 520): com.android.theme.icon.taperedrect is allowlisted but not present.
11-05 17:57:55.002 W/UserManagerService( 520): com.android.theme.icon_pack.rounded.android is allowlisted but not present.
11-05 17:57:55.002 W/UserManagerService( 520): com.android.theme.icon_pack.victor.systemui is allowlisted but not present.
11-05 17:57:55.002 W/UserManagerService( 520): com.android.theme.icon_pack.circular.themepicker is allowlisted but not present.
11-05 17:57:55.002 W/UserManagerService( 520): com.android.theme.color.tangerine is allowlisted but not present.
11-05 17:57:55.002 W/UserManagerService( 520): com.android.theme.color.aquamarine is allowlisted but not present.
11-05 17:57:55.002 W/UserManagerService( 520): com.android.internal.display.cutout.emulation.hole is allowlisted but not present.
11-05 17:57:55.002 W/UserManagerService( 520): com.android.internal.display.cutout.emulation.tall is allowlisted but not present.
11-05 17:57:55.002 W/UserManagerService( 520): com.android.theme.color.black is allowlisted but not present.
11-05 17:57:55.002 W/UserManagerService( 520): com.android.theme.color.green is allowlisted but not present.
11-05 17:57:55.002 W/UserManagerService( 520): com.android.theme.color.ocean is allowlisted but not present.
11-05 17:57:55.002 W/UserManagerService( 520): com.android.theme.color.space is allowlisted but not present.
11-05 17:57:55.002 W/UserManagerService( 520): com.android.theme.icon_pack.rounded.launcher is allowlisted but not present.
11-05 17:57:55.002 W/UserManagerService( 520): com.android.theme.icon_pack.kai.settings is allowlisted but not present.
11-05 17:57:55.002 W/UserManagerService( 520): com.android.internal.systemui.navbar.twobutton is allowlisted but not present.
11-05 17:57:55.002 W/UserManagerService( 520): com.android.theme.icon_pack.sam.settings is allowlisted but not present.
11-05 17:57:55.002 W/UserManagerService( 520): com.android.theme.icon_pack.kai.themepicker is allowlisted but not present.
11-05 17:57:55.002 W/UserManagerService( 520): com.android.theme.icon_pack.victor.launcher is allowlisted but not present.
11-05 17:57:55.002 W/UserManagerService( 520): com.android.theme.icon_pack.filled.settings is allowlisted but not present.
11-05 17:57:55.002 W/UserManagerService( 520): com.android.theme.icon_pack.kai.systemui is allowlisted but not present.
11-05 17:57:55.002 W/UserManagerService( 520): com.android.theme.icon_pack.circular.settings is allowlisted but not present.
11-05 17:57:55.002 W/UserManagerService( 520): com.android.theme.icon_pack.sam.systemui is allowlisted but not present.
11-05 17:57:55.002 W/UserManagerService( 520): com.android.theme.icon.teardrop is allowlisted but not present.
11-05 17:57:55.002 W/UserManagerService( 520): com.android.theme.icon_pack.rounded.themepicker is allowlisted but not present.
11-05 17:57:55.002 W/UserManagerService( 520): com.android.theme.icon_pack.filled.systemui is allowlisted but not present.
11-05 17:57:55.002 W/UserManagerService( 520): com.android.theme.icon_pack.sam.android is allowlisted but not present.
11-05 17:57:55.002 W/UserManagerService( 520): com.android.theme.icon_pack.filled.android is allowlisted but not present.
11-05 17:57:55.002 W/UserManagerService( 520): com.android.internal.display.cutout.emulation.waterfall is allowlisted but not present.
11-05 17:57:55.002 W/UserManagerService( 520): com.android.theme.icon_pack.circular.systemui is allowlisted but not present.
11-05 17:57:55.002 W/UserManagerService( 520): com.android.theme.icon_pack.kai.android is allowlisted but not present.
11-05 17:57:55.002 W/UserManagerService( 520): com.android.theme.icon_pack.kai.launcher is allowlisted but not present.
11-05 17:57:55.002 W/UserManagerService( 520): com.android.theme.icon_pack.sam.launcher is allowlisted but not present.
11-05 17:57:55.002 W/UserManagerService( 520): com.android.theme.icon.squircle is allowlisted but not present.
11-05 17:57:55.002 W/UserManagerService( 520): com.android.theme.icon_pack.victor.android is allowlisted but not present.
11-05 17:57:55.002 W/UserManagerService( 520): com.android.theme.color.palette is allowlisted but not present.
11-05 17:57:55.002 W/UserManagerService( 520): com.android.theme.icon_pack.filled.launcher is allowlisted but not present.
11-05 17:57:55.002 W/UserManagerService( 520): com.android.theme.color.carbon is allowlisted but not present.
11-05 17:57:55.002 W/UserManagerService( 520): com.android.theme.icon_pack.circular.launcher is allowlisted but not present.
11-05 17:57:55.003 W/UserManagerService( 520): com.android.theme.icon_pack.filled.themepicker is allowlisted but not present.
11-05 17:57:55.003 W/UserManagerService( 520): com.android.theme.icon_pack.victor.themepicker is allowlisted but not present.
11-05 17:57:55.003 W/UserManagerService( 520): com.android.theme.color.orchid is allowlisted but not present.
11-05 17:57:55.003 W/UserManagerService( 520): com.android.theme.color.purple is allowlisted but not present.
11-05 17:57:55.003 W/UserManagerService( 520): com.android.theme.icon_pack.sam.themepicker is allowlisted but not present.
11-05 17:57:55.003 W/UserManagerService( 520): com.android.theme.icon.roundedrect is allowlisted but not present.
11-05 17:57:55.003 W/UserManagerService( 520): com.android.theme.icon_pack.rounded.settings is allowlisted but not present.
11-05 17:57:55.003 W/UserManagerService( 520): com.android.theme.icon_pack.circular.android is allowlisted but not present.
11-05 17:57:55.003 I/UserManagerService( 520): Reviewing whitelisted packages due to [firstBoot]
11-05 17:57:55.005 I/Watchdog( 520): Resuming HandlerChecker: main thread for reason: packagemanagermain. Pause count: 0
11-05 17:57:55.005 I/SystemServerDexLoadReporter( 520): Configuring system server dex reporter
11-05 17:57:55.006 D/XiriService( 313): check file name: /data/data/com.dangbei.lerad.leradwatcher/lib
11-05 17:57:55.007 D/XiriService( 313): check file name: /data/data/com.dangbei.lerad.leradwatcher/lib
11-05 17:57:55.008 D/XiriService( 313): check file name: /data/data/com.dangbei.lerad.leradwatcher/lib
11-05 17:57:55.011 D/XiriService( 313): check file name: /data/data/com.dangbei.lerad.leradwatcher/lib
11-05 17:57:55.011 D/XiriService( 313): check file name: /data/data/com.dangbei.lerad.leradwatcher/lib
11-05 17:57:55.013 I/SystemServerTiming( 520): StartOtaDexOptService
11-05 17:57:55.013 I/Watchdog( 520): Pausing HandlerChecker: main thread for reason: moveab. Pause count: 1
11-05 17:57:55.014 D/OTADexopt( 520): No upgrade, skipping A/B artifacts check.
11-05 17:57:55.014 I/Watchdog( 520): Resuming HandlerChecker: main thread for reason: moveab. Pause count: 0
11-05 17:57:55.015 I/SystemServerTiming( 520): StartUserManagerService
11-05 17:57:55.015 I/SystemServiceManager( 520): Starting com.android.server.pm.UserManagerService$LifeCycle
11-05 17:57:55.015 I/SystemServerTiming( 520): InitAttributerCache
11-05 17:57:55.016 I/SystemServerTiming( 520): SetSystemProcess
11-05 17:57:55.016 D/XiriService( 313): check file name: /data/data/com.android.cts.priv.ctsshim/lib
11-05 17:57:55.017 D/XiriService( 313): check file name: /data/data/com.android.cts.priv.ctsshim/lib
11-05 17:57:55.018 D/XiriService( 313): check file name: /data/data/com.android.cts.priv.ctsshim/lib
11-05 17:57:55.023 D/XiriService( 313): check file name: /data/data/com.android.cts.priv.ctsshim/lib
11-05 17:57:55.023 D/XiriService( 313): check file name: /data/data/com.android.cts.priv.ctsshim/lib
11-05 17:57:55.029 I/ ( 406): DVI mode selected: packets not configured
11-05 17:57:55.029 I/ ( 406): Error: set vsif failed
11-05 17:57:55.027 I/ActivityManager( 520): Connection with lmkd established
11-05 17:57:55.027 I/lowmemorykiller( 178): lmkd data connection established
11-05 17:57:55.029 D/XiriService( 313): check file name: /data/data/com.android.dynsystem/lib
11-05 17:57:55.029 D/XiriService( 313): check file name: /data/data/com.android.dynsystem/lib
11-05 17:57:55.030 D/XiriService( 313): check file name: /data/data/com.android.dynsystem/lib
11-05 17:57:55.030 I/SystemServerTiming( 520): InitWatchdog
11-05 17:57:55.031 I/SystemServerTiming( 520): StartOverlayManagerService
11-05 17:57:55.032 D/XiriService( 313): check file name: /data/data/com.android.dynsystem/lib
11-05 17:57:55.032 D/XiriService( 313): check file name: /data/data/com.android.dynsystem/lib
11-05 17:57:55.037 D/XiriService( 313): check file name: /data/data/com.dangbei.lerad.rocky/lib
11-05 17:57:55.037 D/XiriService( 313): check file name: /data/data/com.dangbei.lerad.rocky/lib
11-05 17:57:55.039 D/XiriService( 313): check file name: /data/data/com.dangbei.lerad.rocky/lib
11-05 17:57:55.039 I/keystore2( 204): keystore2::watchdog: Watchdog thread idle -> terminating. Have a great day.
11-05 17:57:55.041 E/cutils-trace( 347): Error opening trace file: No such file or directory (2)
11-05 17:57:55.041 W/idmap2d ( 347): failed to parse idmap header of '/data/resource-cache/product@overlay@NavigationBarModeGesturalWideBack@NavigationBarModeGesturalOverlayWideBack.apk@idmap'
11-05 17:57:55.044 I/init ( 1): Control message: Processed ctl.start for 'idmap2d' from pid: 520 (system_server)
11-05 17:57:55.042 D/XiriService( 313): check file name: /data/data/com.dangbei.lerad.rocky/lib
11-05 17:57:55.042 D/XiriService( 313): check file name: /data/data/com.dangbei.lerad.rocky/lib
11-05 17:57:55.046 D/XiriService( 313): check file name: /data/data/com.android.providers.calendar/lib
11-05 17:57:55.047 D/XiriService( 313): check file name: /data/data/com.android.providers.calendar/lib
11-05 17:57:55.047 D/XiriService( 313): check file name: /data/data/com.android.providers.calendar/lib
11-05 17:57:55.048 V/HistoricalRegistry( 520): Interaction before persistence initialized
11-05 17:57:55.051 D/XiriService( 313): check file name: /data/data/com.android.providers.calendar/lib
11-05 17:57:55.051 D/XiriService( 313): check file name: /data/data/com.android.providers.calendar/lib
11-05 17:57:55.056 D/XiriService( 313): check file name: /data/data/com.android.tv.settings/lib
11-05 17:57:55.058 I/cameraserver( 345): Waiting for sensor privacy service
11-05 17:57:55.058 D/XiriService( 313): check file name: /data/data/com.android.tv.settings/lib
11-05 17:57:55.059 V/HistoricalRegistry( 520): Interaction before persistence initialized
11-05 17:57:55.060 I/audioserver( 268): Waiting for sensor privacy service
11-05 17:57:55.061 D/XiriService( 313): check file name: /data/data/com.android.tv.settings/lib
11-05 17:57:55.061 D/XiriService( 313): check file name: /data/data/com.android.tv.settings/lib
11-05 17:57:55.062 W/idmap2d ( 347): failed to find resource 'string/navigation_bar_mode_title'
11-05 17:57:55.064 W/idmap2d ( 347): failed to parse idmap header of '/data/resource-cache/product@overlay@OneHandedModeGestural@OneHandedModeGesturalOverlay.apk@idmap'
11-05 17:57:55.066 D/XiriService( 313): check file name: /data/data/com.android.providers.media/lib
11-05 17:57:55.066 D/XiriService( 313): check file name: /data/data/com.android.providers.media/lib
11-05 17:57:55.067 D/XiriService( 313): check file name: /data/data/com.android.providers.media/lib
11-05 17:57:55.068 W/idmap2d ( 347): failed to find resource 'string/one_handed_mode_title'
11-05 17:57:55.071 D/XiriService( 313): check file name: /data/data/com.android.providers.media/lib
11-05 17:57:55.071 D/XiriService( 313): check file name: /data/data/com.android.providers.media/lib
11-05 17:57:55.072 W/idmap2d ( 347): failed to parse idmap header of '/data/resource-cache/product@overlay@NavigationBarMode3Button@NavigationBarMode3ButtonOverlay.apk@idmap'
11-05 17:57:55.077 I/ ( 406): DVI mode selected: packets not configured
11-05 17:57:55.077 I/ ( 406): Error: set vsif failed
11-05 17:57:55.075 W/idmap2d ( 347): failed to find resource 'string/navigation_bar_mode_title'
11-05 17:57:55.077 D/XiriService( 313): check file name: /data/data/com.oranth.factory/lib
11-05 17:57:55.077 D/XiriService( 313): check file name: /data/data/com.oranth.factory/lib
11-05 17:57:55.077 D/XiriService( 313): check file name: /data/data/com.oranth.factory/lib
11-05 17:57:55.078 W/idmap2d ( 347): failed to parse idmap header of '/data/resource-cache/product@overlay@NavigationBarModeGesturalExtraWideBack@NavigationBarModeGesturalOverlayExtraWideBack.apk@idmap'
11-05 17:57:55.080 D/XiriService( 313): check file name: /data/data/com.oranth.factory/lib
11-05 17:57:55.080 D/XiriService( 313): check file name: /data/data/com.oranth.factory/lib
11-05 17:57:55.085 D/XiriService( 313): check file name: /data/data/com.android.internal.systemui.navbar.gestural_wide_back/lib
11-05 17:57:55.085 D/XiriService( 313): check file name: /data/data/com.android.internal.systemui.navbar.gestural_wide_back/lib
11-05 17:57:55.085 W/idmap2d ( 347): failed to find resource 'string/navigation_bar_mode_title'
11-05 17:57:55.086 D/XiriService( 313): check file name: /data/data/com.android.internal.systemui.navbar.gestural_wide_back/lib
11-05 17:57:55.084 I/xiriservice_All( 313): type=1400 audit(0.0:266): avc: denied { search } for name="com.android.internal.systemui.navbar.gestural_wide_back" dev="mmcblk0p25" ino=628 scontext=u:r:init:s0 tcontext=u:object_r:app_data_file:s0:c7,c256,c512,c768 tclass=dir permissive=1
11-05 17:57:55.088 W/idmap2d ( 347): failed to parse idmap header of '/data/resource-cache/product@overlay@FontNotoSerifSource@FontNotoSerifSourceOverlay.apk@idmap'
11-05 17:57:55.090 D/XiriService( 313): check file name: /data/data/com.android.internal.systemui.navbar.gestural_wide_back/lib
11-05 17:57:55.090 D/XiriService( 313): check file name: /data/data/com.android.internal.systemui.navbar.gestural_wide_back/lib
11-05 17:57:55.095 W/idmap2d ( 347): failed to find resource 'string/font_notoserif_source_overlay'
11-05 17:57:55.097 D/XiriService( 313): check file name: /data/data/com.dangbei.zhushou.os/lib
11-05 17:57:55.098 I/ServiceManager( 358): Waiting for service 'package_native' on '/dev/binder' successful after waiting 2517ms
11-05 17:57:55.100 D/XiriService( 313): check file name: /data/data/com.dangbei.zhushou.os/lib
11-05 17:57:55.100 D/XiriService( 313): check file name: /data/data/com.dangbei.zhushou.os/lib
11-05 17:57:55.104 W/idmap2d ( 347): failed to parse idmap header of '/data/resource-cache/product@overlay@NavigationBarModeGestural@NavigationBarModeGesturalOverlay.apk@idmap'
11-05 17:57:55.110 I/ ( 406): DVI mode selected: packets not configured
11-05 17:57:55.110 I/ ( 406): Error: set vsif failed
11-05 17:57:55.106 D/XiriService( 313): check file name: /data/data/com.android.wallpapercropper/lib
11-05 17:57:55.106 D/XiriService( 313): check file name: /data/data/com.android.wallpapercropper/lib
11-05 17:57:55.107 D/XiriService( 313): check file name: /data/data/com.android.wallpapercropper/lib
11-05 17:57:55.110 D/XiriService( 313): check file name: /data/data/com.android.wallpapercropper/lib
11-05 17:57:55.110 D/XiriService( 313): check file name: /data/data/com.android.wallpapercropper/lib
11-05 17:57:55.111 W/idmap2d ( 347): failed to find resource 'string/navigation_bar_mode_title'
11-05 17:57:55.114 W/idmap2d ( 347): failed to parse idmap header of '/data/resource-cache/product@overlay@NavigationBarModeGesturalNarrowBack@NavigationBarModeGesturalOverlayNarrowBack.apk@idmap'
11-05 17:57:55.115 D/XiriService( 313): check file name: /data/data/com.softwinner.provision/lib
11-05 17:57:55.115 D/XiriService( 313): check file name: /data/data/com.softwinner.provision/lib
11-05 17:57:55.116 D/XiriService( 313): check file name: /data/data/com.softwinner.provision/lib
11-05 17:57:55.118 D/XiriService( 313): check file name: /data/data/com.softwinner.provision/lib
11-05 17:57:55.119 D/XiriService( 313): check file name: /data/data/com.softwinner.provision/lib
11-05 17:57:55.121 W/idmap2d ( 347): failed to find resource 'string/navigation_bar_mode_title'
11-05 17:57:55.123 D/XiriService( 313): check file name: /data/data/com.softwinner.awlogsettings/lib
11-05 17:57:55.123 D/XiriService( 313): check file name: /data/data/com.softwinner.awlogsettings/lib
11-05 17:57:55.124 D/XiriService( 313): check file name: /data/data/com.softwinner.awlogsettings/lib
11-05 17:57:55.126 W/idmap2d ( 347): active ffro iterator was not previously released
11-05 17:57:55.127 D/XiriService( 313): check file name: /data/data/com.softwinner.awlogsettings/lib
11-05 17:57:55.127 D/XiriService( 313): check file name: /data/data/com.softwinner.awlogsettings/lib
11-05 17:57:55.132 D/XiriService( 313): check file name: /data/data/com.android.documentsui/lib
11-05 17:57:55.132 D/XiriService( 313): check file name: /data/data/com.android.documentsui/lib
11-05 17:57:55.133 D/XiriService( 313): check file name: /data/data/com.android.documentsui/lib
11-05 17:57:55.135 D/XiriService( 313): check file name: /data/data/com.android.documentsui/lib
11-05 17:57:55.136 D/XiriService( 313): check file name: /data/data/com.android.documentsui/lib
11-05 17:57:55.141 D/XiriService( 313): check file name: /data/data/com.sohu.inputmethod.sogou.tv/lib
11-05 17:57:55.141 D/XiriService( 313): check file name: /data/data/com.sohu.inputmethod.sogou.tv/lib
11-05 17:57:55.140 I/xiriservice_All( 313): type=1400 audit(0.0:267): avc: denied { search } for name="com.sohu.inputmethod.sogou.tv" dev="mmcblk0p25" ino=681 scontext=u:r:init:s0 tcontext=u:object_r:app_data_file:s0:c52,c256,c512,c768 tclass=dir permissive=1
11-05 17:57:55.142 D/XiriService( 313): check file name: /data/data/com.sohu.inputmethod.sogou.tv/lib
11-05 17:57:55.145 D/XiriService( 313): check file name: /data/data/com.sohu.inputmethod.sogou.tv/lib
11-05 17:57:55.145 D/XiriService( 313): check file name: /data/data/com.sohu.inputmethod.sogou.tv/lib
11-05 17:57:55.150 D/XiriService( 313): check file name: /data/data/com.android.externalstorage/lib
11-05 17:57:55.150 D/XiriService( 313): check file name: /data/data/com.android.externalstorage/lib
11-05 17:57:55.150 D/XiriService( 313): check file name: /data/data/com.android.externalstorage/lib
11-05 17:57:55.153 D/XiriService( 313): check file name: /data/data/com.android.externalstorage/lib
11-05 17:57:55.153 D/XiriService( 313): check file name: /data/data/com.android.externalstorage/lib
11-05 17:57:55.161 I/ ( 406): DVI mode selected: packets not configured
11-05 17:57:55.161 I/ ( 406): Error: set vsif failed
11-05 17:57:55.170 D/XiriService( 313): check file name: /data/data/com.android.htmlviewer/lib
11-05 17:57:55.171 D/XiriService( 313): check file name: /data/data/com.android.htmlviewer/lib
11-05 17:57:55.168 I/xiriservice_All( 313): type=1400 audit(0.0:268): avc: denied { search } for name="com.android.htmlviewer" dev="mmcblk0p25" ino=697 scontext=u:r:init:s0 tcontext=u:object_r:app_data_file:s0:c39,c256,c512,c768 tclass=dir permissive=1
11-05 17:57:55.174 D/XiriService( 313): check file name: /data/data/com.android.htmlviewer/lib
11-05 17:57:55.174 D/XiriService( 313): check file name: /data/data/com.android.htmlviewer/lib
11-05 17:57:55.175 I/SystemServerTiming( 520): StartSensorPrivacyService
11-05 17:57:55.180 D/XiriService( 313): check file name: /data/data/com.android.companiondevicemanager/lib
11-05 17:57:55.180 D/XiriService( 313): check file name: /data/data/com.android.companiondevicemanager/lib
11-05 17:57:55.182 D/XiriService( 313): check file name: /data/data/com.android.companiondevicemanager/lib
11-05 17:57:55.180 I/xiriservice_All( 313): type=1400 audit(0.0:269): avc: denied { search } for name="com.android.companiondevicemanager" dev="mmcblk0p25" ino=705 scontext=u:r:init:s0 tcontext=u:object_r:app_data_file:s0:c33,c256,c512,c768 tclass=dir permissive=1
11-05 17:57:55.186 D/XiriService( 313): check file name: /data/data/com.android.companiondevicemanager/lib
11-05 17:57:55.188 D/XiriService( 313): check file name: /data/data/com.android.companiondevicemanager/lib
11-05 17:57:55.194 I/ ( 406): DVI mode selected: packets not configured
11-05 17:57:55.194 I/ ( 406): Error: set vsif failed
11-05 17:57:55.194 D/XiriService( 313): check file name: /data/data/com.android.providers.downloads/lib
11-05 17:57:55.195 D/XiriService( 313): check file name: /data/data/com.android.providers.downloads/lib
11-05 17:57:55.197 I/SystemServerTiming( 520): StartSensorService
11-05 17:57:55.197 I/SystemServiceManager( 520): Starting com.android.server.sensors.SensorService
11-05 17:57:55.197 I/SystemServerTiming( 520): startCoreServices
11-05 17:57:55.198 I/SystemServerTiming( 520): StartSystemConfigService
11-05 17:57:55.198 I/SystemServiceManager( 520): Starting com.android.server.SystemConfigService
11-05 17:57:55.199 D/XiriService( 313): check file name: /data/data/com.android.providers.downloads/lib
11-05 17:57:55.199 D/XiriService( 313): check file name: /data/data/com.android.providers.downloads/lib
11-05 17:57:55.199 I/SystemServerTimingAsync( 520): InitThreadPoolExec:StartNativeSensorService
11-05 17:57:55.199 D/SystemServerInitThreadPool( 520): Started executing StartNativeSensorService
11-05 17:57:55.199 I/SystemServerTimingAsync( 520): StartNativeSensorService
11-05 17:57:55.200 D/SensorService( 520): nuSensorService starting...
11-05 17:57:55.200 I/SystemServerTiming( 520): StartBatteryService
11-05 17:57:55.200 I/SystemServiceManager( 520): Starting com.android.server.BatteryService
11-05 17:57:55.201 I/hwservicemanager( 180): getTransport: Cannot find entry android.hardware.sensors@2.1::ISensors/default in either framework or device VINTF manifest.
11-05 17:57:55.202 I/hwservicemanager( 180): getTransport: Cannot find entry android.hardware.sensors@2.0::ISensors/default in either framework or device VINTF manifest.
11-05 17:57:55.202 I/hwservicemanager( 180): getTransport: Cannot find entry android.hardware.sensors@1.0::ISensors/default in either framework or device VINTF manifest.
11-05 17:57:55.203 I/android_os_HwBinder( 520): HwBinder: Starting thread pool for getting: android.hardware.health@2.0::IHealth/default
11-05 17:57:55.204 I/SensorService( 520): Generated new HMAC key.
11-05 17:57:55.205 D/XiriService( 313): check file name: /data/data/com.android.providers.tv/lib
11-05 17:57:55.205 D/SystemServerInitThreadPool( 520): Finished executing StartNativeSensorService
11-05 17:57:55.205 D/XiriService( 313): check file name: /data/data/com.android.providers.tv/lib
11-05 17:57:55.206 D/XiriService( 313): check file name: /data/data/com.android.providers.tv/lib
11-05 17:57:55.214 W/healthd ( 257): battery none chg=
11-05 17:57:55.209 D/XiriService( 313): check file name: /data/data/com.android.providers.tv/lib
11-05 17:57:55.209 D/XiriService( 313): check file name: /data/data/com.android.providers.tv/lib
11-05 17:57:55.210 I/android_os_HwBinder( 520): HwBinder: Starting thread pool for getting: android.hidl.manager@1.0::IServiceManager/default
11-05 17:57:55.213 I/HealthServiceWrapper( 520): health: HealthServiceWrapper listening to instance default
11-05 17:57:55.213 I/BatteryService( 520): health: Waited 0ms and received the update.
11-05 17:57:55.215 I/SystemServerTiming( 520): StartUsageService
11-05 17:57:55.215 I/SystemServiceManager( 520): Starting com.android.server.usage.UsageStatsService
11-05 17:57:55.215 D/XiriService( 313): check file name: /data/data/com.android.internal.systemui.onehanded.gestural/lib
11-05 17:57:55.215 D/XiriService( 313): check file name: /data/data/com.android.internal.systemui.onehanded.gestural/lib
11-05 17:57:55.217 D/XiriService( 313): check file name: /data/data/com.android.internal.systemui.onehanded.gestural/lib
11-05 17:57:55.216 I/xiriservice_All( 313): type=1400 audit(0.0:270): avc: denied { search } for name="com.android.internal.systemui.onehanded.gestural" dev="mmcblk0p25" ino=732 scontext=u:r:init:s0 tcontext=u:object_r:app_data_file:s0:c6,c256,c512,c768 tclass=dir permissive=1
11-05 17:57:55.223 D/XiriService( 313): check file name: /data/data/com.android.internal.systemui.onehanded.gestural/lib
11-05 17:57:55.223 D/XiriService( 313): check file name: /data/data/com.android.internal.systemui.onehanded.gestural/lib
11-05 17:57:55.229 D/XiriService( 313): check file name: /data/data/com.oranth.ledstatus/lib
11-05 17:57:55.230 D/XiriService( 313): check file name: /data/data/com.oranth.ledstatus/lib
11-05 17:57:55.230 I/android_os_HwBinder( 520): HwBinder: Starting thread pool for getting: android.hardware.health@2.0::IHealth/default
11-05 17:57:55.232 D/XiriService( 313): check file name: /data/data/com.oranth.ledstatus/lib
11-05 17:57:55.232 D/XiriService( 313): check file name: /data/data/com.oranth.ledstatus/lib
11-05 17:57:55.237 D/XiriService( 313): check file name: /data/data/com.dangbei.lerad.videoposter/lib
11-05 17:57:55.237 D/XiriService( 313): check file name: /data/data/com.dangbei.lerad.videoposter/lib
11-05 17:57:55.237 D/XiriService( 313): check file name: /data/data/com.dangbei.lerad.videoposter/lib
11-05 17:57:55.236 I/xiriservice_All( 313): type=1400 audit(0.0:271): avc: denied { search } for name="com.dangbei.lerad.videoposter" dev="mmcblk0p25" ino=748 scontext=u:r:init:s0 tcontext=u:object_r:app_data_file:s0:c512,c768 tclass=dir permissive=1
11-05 17:57:55.240 D/XiriService( 313): check file name: /data/data/com.dangbei.lerad.videoposter/lib
11-05 17:57:55.240 D/XiriService( 313): check file name: /data/data/com.dangbei.lerad.videoposter/lib
11-05 17:57:55.245 D/XiriService( 313): check file name: /data/data/com.android.providers.downloads.ui/lib
11-05 17:57:55.246 D/XiriService( 313): check file name: /data/data/com.android.providers.downloads.ui/lib
11-05 17:57:55.248 D/XiriService( 313): check file name: /data/data/com.android.providers.downloads.ui/lib
11-05 17:57:55.248 D/XiriService( 313): check file name: /data/data/com.android.providers.downloads.ui/lib
11-05 17:57:55.253 D/XiriService( 313): check file name: /data/data/com.android.pacprocessor/lib
11-05 17:57:55.253 D/XiriService( 313): check file name: /data/data/com.android.pacprocessor/lib
11-05 17:57:55.254 D/XiriService( 313): check file name: /data/data/com.android.pacprocessor/lib
11-05 17:57:55.256 D/XiriService( 313): check file name: /data/data/com.android.pacprocessor/lib
11-05 17:57:55.256 D/XiriService( 313): check file name: /data/data/com.android.pacprocessor/lib
11-05 17:57:55.262 D/XiriService( 313): check file name: /data/data/com.android.simappdialog/lib
11-05 17:57:55.262 D/XiriService( 313): check file name: /data/data/com.android.simappdialog/lib
11-05 17:57:55.263 D/XiriService( 313): check file name: /data/data/com.android.simappdialog/lib
11-05 17:57:55.260 I/xiriservice_All( 313): type=1400 audit(0.0:272): avc: denied { search } for name="com.android.simappdialog" dev="mmcblk0p25" ino=772 scontext=u:r:init:s0 tcontext=u:object_r:app_data_file:s0:c37,c256,c512,c768 tclass=dir permissive=1
11-05 17:57:55.266 D/XiriService( 313): check file name: /data/data/com.android.simappdialog/lib
11-05 17:57:55.266 D/XiriService( 313): check file name: /data/data/com.android.simappdialog/lib
11-05 17:57:55.271 D/XiriService( 313): check file name: /data/data/com.android.networkstack/lib
11-05 17:57:55.271 D/XiriService( 313): check file name: /data/data/com.android.networkstack/lib
11-05 17:57:55.272 D/XiriService( 313): check file name: /data/data/com.android.networkstack/lib
11-05 17:57:55.275 D/XiriService( 313): check file name: /data/data/com.android.networkstack/lib
11-05 17:57:55.276 D/XiriService( 313): check file name: /data/data/com.android.networkstack/lib
11-05 17:57:55.284 I/system_server( 520): Background concurrent copying GC freed 186606(10MB) AllocSpace objects, 116(5292KB) LOS objects, 49% free, 7076KB/13MB, paused 171us total 287.330ms
11-05 17:57:55.288 D/XiriService( 313): check file name: /data/data/com.android.modulemetadata/lib
11-05 17:57:55.288 D/XiriService( 313): check file name: /data/data/com.android.modulemetadata/lib
11-05 17:57:55.289 D/XiriService( 313): check file name: /data/data/com.android.modulemetadata/lib
11-05 17:57:55.288 I/xiriservice_All( 313): type=1400 audit(0.0:273): avc: denied { search } for name="com.android.modulemetadata" dev="mmcblk0p25" ino=790 scontext=u:r:init:s0 tcontext=u:object_r:app_data_file:s0:c58,c256,c512,c768 tclass=dir permissive=1
11-05 17:57:55.293 D/XiriService( 313): check file name: /data/data/com.android.modulemetadata/lib
11-05 17:57:55.293 D/XiriService( 313): check file name: /data/data/com.android.modulemetadata/lib
11-05 17:57:55.293 I/SystemServerTiming( 520): StartWebViewUpdateService
11-05 17:57:55.293 I/SystemServiceManager( 520): Starting com.android.server.webkit.WebViewUpdateService
11-05 17:57:55.298 D/XiriService( 313): check file name: /data/data/com.android.certinstaller/lib
11-05 17:57:55.299 D/XiriService( 313): check file name: /data/data/com.android.certinstaller/lib
11-05 17:57:55.301 I/SystemServerTiming( 520): StartCachedDeviceStateService
11-05 17:57:55.301 I/SystemServiceManager( 520): Starting com.android.server.CachedDeviceStateService
11-05 17:57:55.302 I/SystemServerTiming( 520): StartBinderCallsStatsService
11-05 17:57:55.302 I/SystemServiceManager( 520): Starting com.android.server.BinderCallsStatsService$LifeCycle
11-05 17:57:55.303 D/XiriService( 313): check file name: /data/data/com.android.certinstaller/lib
11-05 17:57:55.307 I/SystemServerTiming( 520): StartLooperStatsService
11-05 17:57:55.307 I/SystemServiceManager( 520): Starting com.android.server.LooperStatsService$Lifecycle
11-05 17:57:55.308 I/SystemServerTiming( 520): StartRollbackManagerService
11-05 17:57:55.308 I/SystemServiceManager( 520): Starting com.android.server.rollback.RollbackManagerService
11-05 17:57:55.309 D/XiriService( 313): check file name: /data/data/com.android.certinstaller/lib
11-05 17:57:55.309 D/XiriService( 313): check file name: /data/data/com.android.certinstaller/lib
11-05 17:57:55.311 D/installd( 352): Found quota mount /dev/block/by-name/userdata at /data
11-05 17:57:55.311 D/installd( 352): Found quota mount /dev/block/by-name/userdata at /data/user/0
11-05 17:57:55.313 I/PackageWatchdog( 520): Syncing state, reason: added new observer
11-05 17:57:55.314 I/PackageWatchdog( 520): Not pruning observers, elapsed time: 0ms
11-05 17:57:55.314 I/HidlServiceManagement( 345): Registered android.frameworks.cameraservice.service@2.2::ICameraService/default
11-05 17:57:55.314 I/PackageWatchdog( 520): Cancelling state sync, nothing to sync
11-05 17:57:55.314 D/XiriService( 313): check file name: /data/data/com.android.carrierconfig/lib
11-05 17:57:55.314 D/XiriService( 313): check file name: /data/data/com.android.carrierconfig/lib
11-05 17:57:55.314 I/PackageWatchdog( 520): Saving observer state to file
11-05 17:57:55.315 I/CameraService( 345): CameraService pinged cameraservice proxy
11-05 17:57:55.315 D/XiriService( 313): check file name: /data/data/com.android.carrierconfig/lib
11-05 17:57:55.315 I/cameraserver( 345): ServiceManager: 0xebb5f960 done instantiate
11-05 17:57:55.319 I/SystemServerTiming( 520): StartNativeTombstoneManagerService
11-05 17:57:55.319 I/SystemServiceManager( 520): Starting com.android.server.os.NativeTombstoneManagerService
11-05 17:57:55.322 I/SystemServerTiming( 520): StartBugreportManagerService
11-05 17:57:55.322 I/SystemServiceManager( 520): Starting com.android.server.os.BugreportManagerService
11-05 17:57:55.323 I/SystemServerTiming( 520): GpuService
11-05 17:57:55.323 I/SystemServiceManager( 520): Starting com.android.server.gpu.GpuService
11-05 17:57:55.323 I/SystemServerTiming( 520): startOtherServices
11-05 17:57:55.324 I/SystemServerTiming( 520): StartKeyAttestationApplicationIdProviderService
11-05 17:57:55.324 I/SystemServerTimingAsync( 520): InitThreadPoolExec:SecondaryZygotePreload
11-05 17:57:55.324 D/SystemServerInitThreadPool( 520): Started executing SecondaryZygotePreload
11-05 17:57:55.324 I/SystemServer( 520): SecondaryZygotePreload
11-05 17:57:55.324 I/SystemServerTimingAsync( 520): SecondaryZygotePreload
11-05 17:57:55.325 I/SystemServerTiming( 520): StartKeyChainSystemService
11-05 17:57:55.325 I/SystemServiceManager( 520): Starting com.android.server.security.KeyChainSystemService
11-05 17:57:55.325 I/SystemServerTiming( 520): StartSchedulingPolicyService
11-05 17:57:55.325 I/SystemServerTimingAsync( 520): InitThreadPoolExec:SchedulingPolicyService.
11-05 17:57:55.325 D/SystemServerInitThreadPool( 520): Started executing SchedulingPolicyService.
11-05 17:57:55.326 E/SystemServer( 520): Unable to preload default resources
11-05 17:57:55.326 D/SystemServerInitThreadPool( 520): Finished executing SecondaryZygotePreload
11-05 17:57:55.326 I/SystemServerTiming( 520): StartTelecomLoaderService
11-05 17:57:55.326 I/SystemServiceManager( 520): Starting com.android.server.telecom.TelecomLoaderService
11-05 17:57:55.330 I/SystemServerTiming( 520): StartTelephonyRegistry
11-05 17:57:55.332 D/XiriService( 313): check file name: /data/data/com.android.carrierconfig/lib
11-05 17:57:55.332 D/XiriService( 313): check file name: /data/data/com.android.carrierconfig/lib
11-05 17:57:55.334 I/SystemServerTiming( 520): StartEntropyMixer
11-05 17:57:55.335 W/EntropyMixer( 520): No existing entropy file -- first boot?
11-05 17:57:55.335 I/SchedulingPolicyService( 520): Moving 377 back to group default
11-05 17:57:55.336 I/EntropyMixer( 520): Writing entropy...
11-05 17:57:55.336 D/SystemServerInitThreadPool( 520): Finished executing SchedulingPolicyService.
11-05 17:57:55.341 D/XiriService( 313): check file name: /data/data/com.google.android.apps.searchlite.overlay/lib
11-05 17:57:55.342 D/XiriService( 313): check file name: /data/data/com.google.android.apps.searchlite.overlay/lib
11-05 17:57:55.344 D/XiriService( 313): check file name: /data/data/com.google.android.apps.searchlite.overlay/lib
11-05 17:57:55.340 I/xiriservice_All( 313): type=1400 audit(0.0:274): avc: denied { search } for name="com.google.android.apps.searchlite.overlay" dev="mmcblk0p25" ino=816 scontext=u:r:init:s0 tcontext=u:object_r:app_data_file:s0:c9,c256,c512,c768 tclass=dir permissive=1
11-05 17:57:55.345 I/SystemServerTiming( 520): StartAccountManagerService
11-05 17:57:55.345 I/SystemServiceManager( 520): Starting com.android.server.accounts.AccountManagerService$Lifecycle
11-05 17:57:55.348 D/XiriService( 313): check file name: /data/data/com.google.android.apps.searchlite.overlay/lib
11-05 17:57:55.348 D/XiriService( 313): check file name: /data/data/com.google.android.apps.searchlite.overlay/lib
11-05 17:57:55.352 D/CompatibilityChangeReporter( 520): Compat change id reported: 148180766; UID 1000; state: ENABLED
11-05 17:57:55.355 D/XiriService( 313): check file name: /data/data/com.android.internal.systemui.navbar.threebutton/lib
11-05 17:57:55.355 D/XiriService( 313): check file name: /data/data/com.android.internal.systemui.navbar.threebutton/lib
11-05 17:57:55.356 I/SystemServerTiming( 520): StartContentService
11-05 17:57:55.356 I/SystemServiceManager( 520): Starting com.android.server.content.ContentService$Lifecycle
11-05 17:57:55.356 D/XiriService( 313): check file name: /data/data/com.android.internal.systemui.navbar.threebutton/lib
11-05 17:57:55.352 I/xiriservice_All( 313): type=1400 audit(0.0:275): avc: denied { search } for name="com.android.internal.systemui.navbar.threebutton" dev="mmcblk0p25" ino=824 scontext=u:r:init:s0 tcontext=u:object_r:app_data_file:s0:c1,c256,c512,c768 tclass=dir permissive=1
11-05 17:57:55.358 I/SystemServerTiming( 520): InstallSystemProviders
11-05 17:57:55.360 D/XiriService( 313): check file name: /data/data/com.android.internal.systemui.navbar.threebutton/lib
11-05 17:57:55.360 D/XiriService( 313): check file name: /data/data/com.android.internal.systemui.navbar.threebutton/lib
11-05 17:57:55.366 D/XiriService( 313): check file name: /data/data/com.google.android.networkstackconfig/lib
11-05 17:57:55.366 D/XiriService( 313): check file name: /data/data/com.google.android.networkstackconfig/lib
11-05 17:57:55.367 D/XiriService( 313): check file name: /data/data/com.google.android.networkstackconfig/lib
11-05 17:57:55.364 I/xiriservice_All( 313): type=1400 audit(0.0:276): avc: denied { search } for name="com.google.android.networkstackconfig" dev="mmcblk0p25" ino=832 scontext=u:r:init:s0 tcontext=u:object_r:app_data_file:s0:c0,c256,c512,c768 tclass=dir permissive=1
11-05 17:57:55.370 D/XiriService( 313): check file name: /data/data/com.google.android.networkstackconfig/lib
11-05 17:57:55.370 D/XiriService( 313): check file name: /data/data/com.google.android.networkstackconfig/lib
11-05 17:57:55.376 D/XiriService( 313): check file name: /data/data/com.softwinner.settingssetup/lib
11-05 17:57:55.376 D/XiriService( 313): check file name: /data/data/com.softwinner.settingssetup/lib
11-05 17:57:55.377 D/XiriService( 313): check file name: /data/data/com.softwinner.settingssetup/lib
11-05 17:57:55.381 D/XiriService( 313): check file name: /data/data/com.softwinner.settingssetup/lib
11-05 17:57:55.381 D/XiriService( 313): check file name: /data/data/com.softwinner.settingssetup/lib
11-05 17:57:55.386 D/XiriService( 313): check file name: /data/data/com.android.egg/lib
11-05 17:57:55.386 D/XiriService( 313): check file name: /data/data/com.android.egg/lib
11-05 17:57:55.387 D/XiriService( 313): check file name: /data/data/com.android.egg/lib
11-05 17:57:55.390 D/XiriService( 313): check file name: /data/data/com.android.egg/lib
11-05 17:57:55.390 D/XiriService( 313): check file name: /data/data/com.android.egg/lib
11-05 17:57:55.395 D/XiriService( 313): check file name: /data/data/com.android.mtp/lib
11-05 17:57:55.395 D/XiriService( 313): check file name: /data/data/com.android.mtp/lib
11-05 17:57:55.395 D/XiriService( 313): check file name: /data/data/com.android.mtp/lib
11-05 17:57:55.398 D/XiriService( 313): check file name: /data/data/com.android.mtp/lib
11-05 17:57:55.398 D/XiriService( 313): check file name: /data/data/com.android.mtp/lib
11-05 17:57:55.402 D/XiriService( 313): check file name: /data/data/com.android.backupconfirm/lib
11-05 17:57:55.402 D/XiriService( 313): check file name: /data/data/com.android.backupconfirm/lib
11-05 17:57:55.403 D/XiriService( 313): check file name: /data/data/com.android.backupconfirm/lib
11-05 17:57:55.405 D/XiriService( 313): check file name: /data/data/com.android.backupconfirm/lib
11-05 17:57:55.405 D/XiriService( 313): check file name: /data/data/com.android.backupconfirm/lib
11-05 17:57:55.410 D/XiriService( 313): check file name: /data/data/com.softwinner.timerswitch/lib
11-05 17:57:55.410 D/XiriService( 313): check file name: /data/data/com.softwinner.timerswitch/lib
11-05 17:57:55.411 D/XiriService( 313): check file name: /data/data/com.softwinner.timerswitch/lib
11-05 17:57:55.414 D/XiriService( 313): check file name: /data/data/com.softwinner.timerswitch/lib
11-05 17:57:55.414 D/XiriService( 313): check file name: /data/data/com.softwinner.timerswitch/lib
11-05 17:57:55.420 D/XiriService( 313): check file name: /data/data/com.android.statementservice/lib
11-05 17:57:55.420 D/XiriService( 313): check file name: /data/data/com.android.statementservice/lib
11-05 17:57:55.422 D/XiriService( 313): check file name: /data/data/com.android.statementservice/lib
11-05 17:57:55.432 D/XiriService( 313): check file name: /data/data/com.android.statementservice/lib
11-05 17:57:55.433 D/XiriService( 313): check file name: /data/data/com.android.statementservice/lib
11-05 17:57:55.439 D/XiriService( 313): check file name: /data/data/com.dangbei.screencast/lib
11-05 17:57:55.439 D/XiriService( 313): check file name: /data/data/com.dangbei.screencast/lib
11-05 17:57:55.440 D/XiriService( 313): check file name: /data/data/com.dangbei.screencast/lib
11-05 17:57:55.443 D/XiriService( 313): check file name: /data/data/com.dangbei.screencast/lib
11-05 17:57:55.443 D/XiriService( 313): check file name: /data/data/com.dangbei.screencast/lib
