11-05 17:57:47.409 I/sunxihwc( 256): registerCallback: registerCallback mEventCallback =0x0
11-05 17:57:47.409 I/sunxihwc( 256): setDisplaydCb: get mDisplaydCb =0x0xe95fc400
11-05 17:57:47.410 W/EventThread( 278): Ignoring VSYNC request while display is disconnected
11-05 17:57:47.410 W/EventThread( 278): Ignoring VSYNC request while display is disconnected
11-05 17:57:47.410 W/EventThread( 278): Ignoring VSYNC request while display is disconnected
11-05 17:57:47.410 W/displayd( 256): xxxxxxx: threadedStartup end
11-05 17:57:47.410 W/EventThread( 278): Ignoring VSYNC request while display is disconnected
11-05 17:57:47.410 W/EventThread( 278): Ignoring VSYNC request while display is disconnected
11-05 17:57:47.411 D/sunxihwc( 256): getHdrCapabilities: getHdrCapabilities: support hdr10 and hlg
11-05 17:57:47.411 W/HwcComposer( 278): getPerFrameMetadataKeys failed with 8
11-05 17:57:47.411 I/main_extractorservice( 354): enable media.extractor memory limits
11-05 17:57:47.414 I/update_engine( 379): [INFO:daemon_state_android.cc(44)] Booted in dev mode.
11-05 17:57:47.417 I/gralloc ( 255): alloc buffer:W:1920 H:1080 S:1920 PL[1920 1080] SZ:8294400 fmt:1 if:0 af:1 usg:1b00 fg:00000004
11-05 17:57:47.419 V/MediaUtils( 354): physMem: 2055442432
11-05 17:57:47.419 V/MediaUtils( 354): requested limit: 411088480
11-05 17:57:47.420 I/libc ( 354): malloc_limit: Allocation limit enabled, max size 411088480 bytes
11-05 17:57:47.421 I/gralloc ( 255): alloc buffer:W:1920 H:1080 S:1920 PL[1920 1080] SZ:8294400 fmt:1 if:0 af:1 usg:1b00 fg:00000004
11-05 17:57:47.421 I/SurfaceFlinger( 278): Dispatching display hotplug event displayId=0, connected=1
11-05 17:57:47.422 I/SoftOMXPlugin( 362): createOMXPlugin
11-05 17:57:47.423 D/MediaCodecsXmlParser( 362): parsing /vendor/etc/media_codecs.xml...
11-05 17:57:47.425 W/SurfaceFlinger( 278): Failed to set thread name on dispatch thread
11-05 17:57:47.425 D/MediaCodecsXmlParser( 362): parsing /vendor/etc/media_codecs_google_audio.xml...
11-05 17:57:47.425 D/MediaCodecsXmlParser( 362): unable to open media codecs configuration xml file: /vendor/etc/media_codecs_google_audio.xml
11-05 17:57:47.429 I/sunxihwc( 256): threadLoop: set CommitThread priority as HAL_PRIORITY_URGENT_DISPLAY
11-05 17:57:47.434 D/zygote ( 242): Time zone APEX ICU file found: /apex/com.android.tzdata/etc/icu/icu_tzdata.dat
11-05 17:57:47.435 D/zygote ( 242): I18n APEX ICU file found: /apex/com.android.i18n/etc/icu/icudt68l.dat
11-05 17:57:47.437 I/update_engine( 379): [INFO:update_attempter_android.cc(1082)] Scheduling CleanupPreviousUpdateAction.
11-05 17:57:47.437 I/sunxihwc( 256): pollThreadLoop: polling VsyncThread start
11-05 17:57:47.437 D/MediaCodecsXmlParser( 362): parsing /vendor/etc/media_codecs_google_video.xml...
11-05 17:57:47.437 D/MediaCodecsXmlParser( 362): unable to open media codecs configuration xml file: /vendor/etc/media_codecs_google_video.xml
11-05 17:57:47.438 D/MediaCodecsXmlParser( 362): parsing /vendor/etc/media_codecs_performance.xml...
11-05 17:57:47.440 D/MediaCodecsXmlParser( 362): MediaCodec: cannot update non-existing codec: OMX.google.h264.encoder at line 25 of /vendor/etc/media_codecs_performance.xml
11-05 17:57:47.441 D/MediaCodecsXmlParser( 362): MediaCodec: cannot update non-existing codec: OMX.google.h263.encoder at line 31 of /vendor/etc/media_codecs_performance.xml
11-05 17:57:47.441 D/MediaCodecsXmlParser( 362): MediaCodec: cannot update non-existing codec: OMX.google.mpeg4.encoder at line 34 of /vendor/etc/media_codecs_performance.xml
11-05 17:57:47.441 D/MediaCodecsXmlParser( 362): MediaCodec: cannot update non-existing codec: OMX.google.vp8.encoder at line 37 of /vendor/etc/media_codecs_performance.xml
11-05 17:57:47.441 D/MediaCodecsXmlParser( 362): MediaCodec: cannot update non-existing codec: OMX.allwinner.video.decoder.h263 at line 59 of /vendor/etc/media_codecs_performance.xml
11-05 17:57:47.441 D/MediaCodecsXmlParser( 362): MediaCodec: cannot update non-existing codec: OMX.google.mpeg4.decoder at line 80 of /vendor/etc/media_codecs_performance.xml
11-05 17:57:47.440 I/rainbow_flow( 334): type=1400 audit(0.0:248): avc: denied { ioctl } for path="/dev/spidev1.0" dev="tmpfs" ino=3604 ioctlcmd=0x6b00 scontext=u:r:init:s0 tcontext=u:object_r:device:s0 tclass=chr_file permissive=1
11-05 17:57:47.445 D/MediaCodecsXmlParser( 362): MediaCodec: cannot update non-existing codec: OMX.google.h264.decoder at line 83 of /vendor/etc/media_codecs_performance.xml
11-05 17:57:47.445 D/MediaCodecsXmlParser( 362): MediaCodec: cannot update non-existing codec: OMX.google.h263.decoder at line 89 of /vendor/etc/media_codecs_performance.xml
11-05 17:57:47.445 D/MediaCodecsXmlParser( 362): MediaCodec: cannot update non-existing codec: OMX.google.hevc.decoder at line 93 of /vendor/etc/media_codecs_performance.xml
11-05 17:57:47.445 D/MediaCodecsXmlParser( 362): MediaCodec: cannot update non-existing codec: OMX.google.vp8.decoder at line 101 of /vendor/etc/media_codecs_performance.xml
11-05 17:57:47.445 D/MediaCodecsXmlParser( 362): MediaCodec: cannot update non-existing codec: OMX.google.vp9.decoder at line 107 of /vendor/etc/media_codecs_performance.xml
11-05 17:57:47.446 I/MediaCodecsXmlParser( 362): Did not find media_codecs_shaping.xml in search path
11-05 17:57:47.446 E/cutils-trace( 362): Error opening trace file: No such file or directory (2)
11-05 17:57:47.448 I/HidlServiceManagement( 370): Registered android.hardware.radio@1.6::IRadio/slot1
11-05 17:57:47.450 D/XM_HIDREAD( 316): add@ add@/devices/platform/mtty.0
11-05 17:57:47.452 I/update_engine( 379): [INFO:action_processor.cc(51)] ActionProcessor: starting CleanupPreviousUpdateAction
11-05 17:57:47.451 E/ ( 164): uwe5621_bt_tty_init
11-05 17:57:47.452 W/mediaextractor( 354): Could not read additional policy file '/vendor/etc/seccomp_policy/mediaextractor.policy'
11-05 17:57:47.455 W/mediaextractor( 354): libminijail[354]: failed to get path of fd 4: No such file or directory
11-05 17:57:47.456 W/mediaextractor( 354): libminijail[354]: allowing syscall: clock_gettime
11-05 17:57:47.456 W/mediaextractor( 354): libminijail[354]: allowing syscall: connect
11-05 17:57:47.456 W/mediaextractor( 354): libminijail[354]: allowing syscall: fcntl64
11-05 17:57:47.456 W/mediaextractor( 354): libminijail[354]: allowing syscall: socket
11-05 17:57:47.456 W/mediaextractor( 354): libminijail[354]: allowing syscall: writev
11-05 17:57:47.459 D/XM_HIDREAD( 316): add@ add@/devices/virtual/tty/ttyBT0
11-05 17:57:47.462 I/HidlServiceManagement( 370): Registered android.hardware.radio.config@1.3::IRadioConfig/default
11-05 17:57:47.466 I/HidlServiceManagement( 362): Registered android.hardware.media.omx@1.0::IOmx/default
11-05 17:57:47.467 I/HidlServiceManagement( 362): Removing namespace from process name android.hardware.media.omx@1.0-service to omx@1.0-service.
11-05 17:57:47.468 I/android.hardware.media.omx@1.0-service( 362): IOmx HAL service created.
11-05 17:57:47.468 I/update_engine( 379): [INFO:cleanup_previous_update_action.cc(149)] Starting/resuming CleanupPreviousUpdateAction
11-05 17:57:47.469 I/OmxStore( 362): omx common prefix: 'OMX.'
11-05 17:57:47.469 D/MediaCodecsXmlParser( 362): parsing /vendor/etc/media_codecs.xml...
11-05 17:57:47.469 D/MediaCodecsXmlParser( 362): parsing /vendor/etc/media_codecs_google_audio.xml...
11-05 17:57:47.469 D/MediaCodecsXmlParser( 362): unable to open media codecs configuration xml file: /vendor/etc/media_codecs_google_audio.xml
11-05 17:57:47.472 D/MediaCodecsXmlParser( 362): parsing /vendor/etc/media_codecs_google_video.xml...
11-05 17:57:47.472 D/MediaCodecsXmlParser( 362): unable to open media codecs configuration xml file: /vendor/etc/media_codecs_google_video.xml
11-05 17:57:47.472 D/MediaCodecsXmlParser( 362): parsing /vendor/etc/media_codecs_performance.xml...
11-05 17:57:47.473 I/update_engine( 379): [INFO:cleanup_previous_update_action.cc(124)] CleanupPreviousUpdateAction scheduled task ID 1 for WaitBootCompleted
11-05 17:57:47.473 W/mediaextractor( 354): libminijail[354]: compile_file: /apex/com.android.media/etc/seccomp_policy/crash_dump.arm.policy(1): syscall read redefined here
11-05 17:57:47.473 W/mediaextractor( 354): libminijail[354]: compile_file: (19): previous definition here
11-05 17:57:47.473 W/mediaextractor( 354): libminijail[354]: compile_file: /apex/com.android.media/etc/seccomp_policy/crash_dump.arm.policy(2): syscall write redefined here
11-05 17:57:47.473 W/mediaextractor( 354): libminijail[354]: compile_file: (6): previous definition here
11-05 17:57:47.473 W/mediaextractor( 354): libminijail[354]: compile_file: /apex/com.android.media/etc/seccomp_policy/crash_dump.arm.policy(3): syscall exit redefined here
11-05 17:57:47.474 W/mediaextractor( 354): libminijail[354]: compile_file: (27): previous definition here
11-05 17:57:47.474 W/mediaextractor( 354): libminijail[354]: compile_file: /apex/com.android.media/etc/seccomp_policy/crash_dump.arm.policy(4): syscall rt_sigreturn redefined here
11-05 17:57:47.474 W/mediaextractor( 354): libminijail[354]: compile_file: (29): previous definition here
11-05 17:57:47.474 W/mediaextractor( 354): libminijail[354]: compile_file: /apex/com.android.media/etc/seccomp_policy/crash_dump.arm.policy(6): syscall exit_group redefined here
11-05 17:57:47.474 W/mediaextractor( 354): libminijail[354]: compile_file: (28): previous definition here
11-05 17:57:47.474 W/mediaextractor( 354): libminijail[354]: compile_file: /apex/com.android.media/etc/seccomp_policy/crash_dump.arm.policy(7): syscall clock_gettime redefined here
11-05 17:57:47.474 W/mediaextractor( 354): libminijail[354]: compile_file: (20): previous definition here
11-05 17:57:47.474 W/mediaextractor( 354): libminijail[354]: compile_file: /apex/com.android.media/etc/seccomp_policy/crash_dump.arm.policy(9): syscall futex redefined here
11-05 17:57:47.474 W/mediaextractor( 354): libminijail[354]: compile_file: (4): previous definition here
11-05 17:57:47.474 W/mediaextractor( 354): libminijail[354]: compile_file: /apex/com.android.media/etc/seccomp_policy/crash_dump.arm.policy(10): syscall getrandom redefined here
11-05 17:57:47.474 W/mediaextractor( 354): libminijail[354]: compile_file: (43): previous definition here
11-05 17:57:47.475 W/mediaextractor( 354): libminijail[354]: compile_file: /apex/com.android.media/etc/seccomp_policy/crash_dump.arm.policy(12): syscall gettid redefined here
11-05 17:57:47.475 W/mediaextractor( 354): libminijail[354]: compile_file: (34): previous definition here
11-05 17:57:47.475 W/mediaextractor( 354): libminijail[354]: compile_file: /apex/com.android.media/etc/seccomp_policy/crash_dump.arm.policy(15): syscall openat redefined here
11-05 17:57:47.475 W/mediaextractor( 354): libminijail[354]: compile_file: (16): previous definition here
11-05 17:57:47.475 W/mediaextractor( 354): libminijail[354]: compile_file: /apex/com.android.media/etc/seccomp_policy/crash_dump.arm.policy(16): syscall dup redefined here
11-05 17:57:47.475 W/mediaextractor( 354): libminijail[354]: compile_file: (11): previous definition here
11-05 17:57:47.475 W/mediaextractor( 354): libminijail[354]: compile_file: /apex/com.android.media/etc/seccomp_policy/crash_dump.arm.policy(17): syscall close redefined here
11-05 17:57:47.475 W/mediaextractor( 354): libminijail[354]: compile_file: (9): previous definition here
11-05 17:57:47.475 W/mediaextractor( 354): libminijail[354]: compile_file: /apex/com.android.media/etc/seccomp_policy/crash_dump.arm.policy(18): syscall lseek redefined here
11-05 17:57:47.475 W/mediaextractor( 354): libminijail[354]: compile_file: (21): previous definition here
11-05 17:57:47.475 W/mediaextractor( 354): libminijail[354]: compile_file: /apex/com.android.media/etc/seccomp_policy/crash_dump.arm.policy(20): syscall faccessat redefined here
11-05 17:57:47.476 W/mediaextractor( 354): libminijail[354]: compile_file: (30): previous definition here
11-05 17:57:47.476 W/mediaextractor( 354): libminijail[354]: compile_file: /apex/com.android.media/etc/seccomp_policy/crash_dump.arm.policy(25): syscall rt_sigprocmask redefined here
11-05 17:57:47.476 W/mediaextractor( 354): libminijail[354]: compile_file: (35): previous definition here
11-05 17:57:47.476 W/mediaextractor( 354): libminijail[354]: compile_file: /apex/com.android.media/etc/seccomp_policy/crash_dump.arm.policy(28): syscall prctl redefined here
11-05 17:57:47.476 W/mediaextractor( 354): libminijail[354]: compile_file: (5): previous definition here
11-05 17:57:47.476 W/mediaextractor( 354): libminijail[354]: compile_file: /apex/com.android.media/etc/seccomp_policy/crash_dump.arm.policy(29): syscall madvise redefined here
11-05 17:57:47.476 W/mediaextractor( 354): libminijail[354]: compile_file: (31): previous definition here
11-05 17:57:47.477 W/mediaextractor( 354): libminijail[354]: compile_file: /apex/com.android.media/etc/seccomp_policy/crash_dump.arm.policy(30): syscall mprotect redefined here
11-05 17:57:47.477 W/mediaextractor( 354): libminijail[354]: compile_file: (12): previous definition here
11-05 17:57:47.479 W/mediaextractor( 354): libminijail[354]: compile_file: /apex/com.android.media/etc/seccomp_policy/crash_dump.arm.policy(31): syscall munmap redefined here
11-05 17:57:47.480 W/mediaextractor( 354): libminijail[354]: compile_file: (10): previous definition here
11-05 17:57:47.480 W/mediaextractor( 354): libminijail[354]: compile_file: /apex/com.android.media/etc/seccomp_policy/crash_dump.arm.policy(32): syscall getuid32 redefined here
11-05 17:57:47.480 W/mediaextractor( 354): libminijail[354]: compile_file: (13): previous definition here
11-05 17:57:47.480 W/mediaextractor( 354): libminijail[354]: compile_file: /apex/com.android.media/etc/seccomp_policy/crash_dump.arm.policy(33): syscall fstat64 redefined here
11-05 17:57:47.480 W/mediaextractor( 354): libminijail[354]: compile_file: (25): previous definition here
11-05 17:57:47.480 W/mediaextractor( 354): libminijail[354]: compile_file: /apex/com.android.media/etc/seccomp_policy/crash_dump.arm.policy(34): syscall mmap2 redefined here
11-05 17:57:47.480 W/mediaextractor( 354): libminijail[354]: compile_file: (8): previous definition here
11-05 17:57:47.480 W/mediaextractor( 354): libminijail[354]: compile_file: /apex/com.android.media/etc/seccomp_policy/crash_dump.arm.policy(35): syscall geteuid32 redefined here
11-05 17:57:47.481 D/MediaCodecsXmlParser( 362): MediaCodec: cannot update non-existing codec: OMX.google.h264.encoder at line 25 of /vendor/etc/media_codecs_performance.xml
11-05 17:57:47.481 D/MediaCodecsXmlParser( 362): MediaCodec: cannot update non-existing codec: OMX.google.h263.encoder at line 31 of /vendor/etc/media_codecs_performance.xml
11-05 17:57:47.481 D/MediaCodecsXmlParser( 362): MediaCodec: cannot update non-existing codec: OMX.google.mpeg4.encoder at line 34 of /vendor/etc/media_codecs_performance.xml
11-05 17:57:47.481 D/MediaCodecsXmlParser( 362): MediaCodec: cannot update non-existing codec: OMX.google.vp8.encoder at line 37 of /vendor/etc/media_codecs_performance.xml
11-05 17:57:47.481 D/MediaCodecsXmlParser( 362): MediaCodec: cannot update non-existing codec: OMX.allwinner.video.decoder.h263 at line 59 of /vendor/etc/media_codecs_performance.xml
11-05 17:57:47.481 D/MediaCodecsXmlParser( 362): MediaCodec: cannot update non-existing codec: OMX.google.mpeg4.decoder at line 80 of /vendor/etc/media_codecs_performance.xml
11-05 17:57:47.482 D/MediaCodecsXmlParser( 362): MediaCodec: cannot update non-existing codec: OMX.google.h264.decoder at line 83 of /vendor/etc/media_codecs_performance.xml
11-05 17:57:47.482 D/MediaCodecsXmlParser( 362): MediaCodec: cannot update non-existing codec: OMX.google.h263.decoder at line 89 of /vendor/etc/media_codecs_performance.xml
11-05 17:57:47.482 D/MediaCodecsXmlParser( 362): MediaCodec: cannot update non-existing codec: OMX.google.hevc.decoder at line 93 of /vendor/etc/media_codecs_performance.xml
11-05 17:57:47.482 D/MediaCodecsXmlParser( 362): MediaCodec: cannot update non-existing codec: OMX.google.vp8.decoder at line 101 of /vendor/etc/media_codecs_performance.xml
11-05 17:57:47.482 D/MediaCodecsXmlParser( 362): MediaCodec: cannot update non-existing codec: OMX.google.vp9.decoder at line 107 of /vendor/etc/media_codecs_performance.xml
11-05 17:57:47.482 I/MediaCodecsXmlParser( 362): Did not find media_codecs_shaping.xml in search path
11-05 17:57:47.482 E/MediaCodecsXmlParser( 362): Cannot find the role for a decoder of type video/divx
11-05 17:57:47.483 E/MediaCodecsXmlParser( 362): Cannot find the role for a decoder of type video/jpeg
11-05 17:57:47.483 E/MediaCodecsXmlParser( 362): Cannot find the role for a decoder of type video/mpeg1
11-05 17:57:47.483 E/MediaCodecsXmlParser( 362): Cannot find the role for a decoder of type video/x-ms-mpeg4v1
11-05 17:57:47.483 E/MediaCodecsXmlParser( 362): Cannot find the role for a decoder of type video/x-ms-mpeg4v2
11-05 17:57:47.483 E/MediaCodecsXmlParser( 362): Cannot find the role for a decoder of type video/rvg2
11-05 17:57:47.483 E/MediaCodecsXmlParser( 362): Cannot find the role for a decoder of type video/flv1
11-05 17:57:47.483 E/MediaCodecsXmlParser( 362): Cannot find the role for a decoder of type video/wvc1
11-05 17:57:47.483 E/MediaCodecsXmlParser( 362): Cannot find the role for a decoder of type video/x-vnd.on2.vp6
11-05 17:57:47.483 E/MediaCodecsXmlParser( 362): Cannot find the role for a decoder of type video/wmv1
11-05 17:57:47.483 E/MediaCodecsXmlParser( 362): Cannot find the role for a decoder of type video/wmv2
11-05 17:57:47.483 E/MediaCodecsXmlParser( 362): Cannot find the role for a decoder of type video/xvid
11-05 17:57:47.486 I/HidlServiceManagement( 370): Registered android.hardware.radio@1.2::ISap/slot1
11-05 17:57:47.487 W/mediaextractor( 354): libminijail[354]: compile_file: (38): previous definition here
11-05 17:57:47.487 W/mediaextractor( 354): libminijail[354]: compile_file: /apex/com.android.media/etc/seccomp_policy/crash_dump.arm.policy(36): syscall getgid32 redefined here
11-05 17:57:47.487 W/mediaextractor( 354): libminijail[354]: compile_file: (39): previous definition here
11-05 17:57:47.487 W/mediaextractor( 354): libminijail[354]: compile_file: /apex/com.android.media/etc/seccomp_policy/crash_dump.arm.policy(37): syscall getegid32 redefined here
11-05 17:57:47.487 W/mediaextractor( 354): libminijail[354]: compile_file: (40): previous definition here
11-05 17:57:47.487 W/mediaextractor( 354): libminijail[354]: compile_file: /apex/com.android.media/etc/seccomp_policy/crash_dump.arm.policy(38): syscall getgroups32 redefined here
11-05 17:57:47.487 W/mediaextractor( 354): libminijail[354]: compile_file: (41): previous definition here
11-05 17:57:47.490 W/mediaextractor( 354): libminijail[354]: logging seccomp filter failures
11-05 17:57:47.493 I/HidlServiceManagement( 362): Registered android.hardware.media.omx@1.0::IOmxStore/default
11-05 17:57:47.493 I/HidlServiceManagement( 362): Removing namespace from process name android.hardware.media.omx@1.0-service to omx@1.0-service.
11-05 17:57:47.500 V/MediaUtils( 355): physMem: 2055442432
11-05 17:57:47.501 V/MediaUtils( 355): requested limit: 134217728
11-05 17:57:47.501 I/libc ( 355): malloc_limit: Allocation limit enabled, max size 134217728 bytes
11-05 17:57:47.503 D/AudioPowerUsage( 355): AudioPowerUsage
11-05 17:57:47.503 D/AudioAnalytics( 355): AudioAnalytics
11-05 17:57:47.503 D/MediaMetricsService( 355): MediaMetricsService
11-05 17:57:47.457 E/ ( 164): mtty_probe unisoc soc, continue
11-05 17:57:47.465 I/ ( 164): mtty_probe init device addr: 0x0000000050d345bc
11-05 17:57:47.507 E/ ( 164): rfkill_bluetooth_init
11-05 17:57:47.511 E/cutils-trace( 358): Error opening trace file: No such file or directory (2)
11-05 17:57:47.515 W/storaged( 358): health: invalid battery status
11-05 17:57:47.523 D/multiir ( 357): multi_ir open uinput dev
11-05 17:57:47.520 I/xiriservice_All( 323): type=1400 audit(0.0:249): avc: denied { read } for scontext=u:r:init:s0 tcontext=u:r:init:s0 tclass=netlink_kobject_uevent_socket permissive=1
11-05 17:57:47.524 D/XM_HIDREAD( 316): add@ add@/devices/platform/mtty.0/rfkill/rfkill1
11-05 17:57:47.524 I/ServiceManager( 358): Waiting for service 'package_native' on '/dev/binder'...
11-05 17:57:47.526 D/XM_HIDREAD( 316): add@ add@/devices/virtual/input/input1
11-05 17:57:47.530 E/ ( 164): rfkill_bluetooth_init end
11-05 17:57:47.532 I/input ( 357): sunxi-ir-uinput as /devices/virtual/input/input1
11-05 17:57:47.530 D/XM_HIDREAD( 316): add@ add@/devices/virtual/input/input1/event1
11-05 17:57:47.530 D/multiir ( 357): uinputfd=4
11-05 17:57:47.546 E/ ( 164): marlin_sdio_init
11-05 17:57:47.552 I/ServiceManager( 268): Waiting for service 'media.metrics' on '/dev/binder' successful after waiting 1012ms
11-05 17:57:47.552 I/AudioFlinger( 268): Using default 3000 mSec as standby time.
11-05 17:57:47.554 D/XM_HIDREAD( 316): add@ add@/bus/platform/drivers/mtty
11-05 17:57:47.554 D/XM_HIDREAD( 316): add@ add@/module/sprdbt_tty
11-05 17:57:47.565 I/zygote ( 242): Using memfd for future sealing
11-05 17:57:47.574 I/adbd ( 384): adbwifi started on port 41209
11-05 17:57:47.574 I/adbd ( 384): TlsServer running on port 41209
11-05 17:57:47.574 I/adbd ( 384): adb wifi started on port 41209
11-05 17:57:47.575 I/adbd ( 384): Waiting for persist.adb.tls_server.enable=0
11-05 17:57:47.583 I/sunxi-rfkill soc@3000000( 164): rfkill: set block: 1
11-05 17:57:47.583 I/sunxi-rfkill soc@3000000( 164): rfkill: bt power off success
11-05 17:57:47.581 I/adbd ( 384): Registering secure_connect service (adb-DOH51118253687068-njgKvP)
11-05 17:57:47.582 I/ServiceManager( 355): Waiting for service 'package_native' on '/dev/binder'...
11-05 17:57:47.614 D/multiir ( 357): uevent listen start
11-05 17:57:47.635 I/MediaExtractorFactory( 354): plugin directory not present (/system/lib/extractors)
11-05 17:57:47.636 I/MediaExtractorFactory( 354): plugin directory not present (/system_ext/lib/extractors)
11-05 17:57:47.642 D/isomountservice( 353): main isomount service is running.
11-05 17:57:47.644 I/isomountservice( 353): ServiceManager: 0xeddeacc0
11-05 17:57:47.656 I/EventThread( 261): type=1400 audit(0.0:250): avc: denied { search } for name="extcon" dev="sysfs" ino=18103 scontext=u:r:hal_tv_cec_default:s0 tcontext=u:object_r:sysfs_extcon:s0 tclass=dir permissive=1
11-05 17:57:47.659 D/gpioservice( 346): main gpio service is running.
11-05 17:57:47.663 E/APM::HwModule( 268): refreshSupportedDevices: invalid source devices for primary input
11-05 17:57:47.663 E/APM::HwModule( 268): refreshSupportedDevices: invalid source devices for fast input
11-05 17:57:47.665 I/gpioservice( 346): ServiceManager: 0xedfb4cc0
11-05 17:57:47.665 D/GpioService( 346): GpioService created
11-05 17:57:47.666 E/SELinux ( 179): avc: denied { add } for pid=346 uid=0 name=softwinner.gpio scontext=u:r:gpioservice:s0 tcontext=u:object_r:default_android_service:s0 tclass=service_manager permissive=1
11-05 17:57:47.666 I/cameraserver( 345): ServiceManager: 0xebb5f960
11-05 17:57:47.667 I/CameraService( 345): CameraService started (pid=345)
11-05 17:57:47.667 I/CameraService( 345): CameraService process starting
11-05 17:57:47.668 W/BatteryNotifier( 345): batterystats service unavailable!
11-05 17:57:47.668 W/BatteryNotifier( 345): batterystats service unavailable!
11-05 17:57:47.668 E/cutils-trace( 345): Error opening trace file: No such file or directory (2)
11-05 17:57:47.672 I/CameraProviderManager( 345): Connecting to new camera provider: external/0, isRemote? 1
11-05 17:57:47.673 I/CameraProviderManager( 345): Camera provider external/0 ready with 0 camera devices
11-05 17:57:47.673 W/CameraProviderManager( 345): addProviderLocked: Camera provider HAL with name 'external/0' already registered
11-05 17:57:47.675 I/cameraserver( 345): Waiting for activity service
11-05 17:57:47.677 D/APM_EngineLoader( 268): Loaded engine from libaudiopolicyenginedefault.so
11-05 17:57:47.677 D/APM::AudioPolicyEngine/Base( 268): loadAudioPolicyEngineConfig: No configuration found, using default matching phone experience.
11-05 17:57:47.680 D/systemmixservice( 359): main SystemMix service is running.
11-05 17:57:47.682 I/systemmixservice( 359): ServiceManager: 0xf07accb0
11-05 17:57:47.682 D/SystemMixService( 359): SystemMixService created
11-05 17:57:47.683 E/SELinux ( 179): avc: denied { add } for pid=359 uid=0 name=softwinner.systemmix scontext=u:r:systemmix:s0 tcontext=u:object_r:default_android_service:s0 tclass=service_manager permissive=1
11-05 17:57:47.693 D/multiir ( 357): find target device, path=/dev/input/event0
11-05 17:57:47.698 D/multiir ( 357): MultiirService create
11-05 17:57:47.698 E/SELinux ( 179): avc: denied { add } for pid=357 uid=0 name=softwinner.multi_ir scontext=u:r:multi_ir:s0 tcontext=u:object_r:default_android_service:s0 tclass=service_manager permissive=1
11-05 17:57:47.701 W/APM::AudioPolicyEngine/Base( 268): loadAudioPolicyEngineConfig: No configuration of AUDIO_STREAM_ASSISTANT found, using default volume configuration
11-05 17:57:47.702 W/APM::AudioPolicyEngine/Base( 268): loadAudioPolicyEngineConfig: No configuration of AUDIO_STREAM_CALL_ASSISTANT found, using default volume configuration
11-05 17:57:47.725 V/audio_hw_primary( 247): init_audio_devices, line: 611
11-05 17:57:47.725 D/audio_hw_primary( 247): read card /sys/class/sound/card0/id
11-05 17:57:47.726 D/audio_hw_primary( 247): /sys/class/sound/card0/id, audiocodec, len: 11
11-05 17:57:47.726 D/audio_hw_primary( 247): linux name = audiocodec, android name = AUDIO_CODEC
11-05 17:57:47.726 D/audio_hw_primary( 247): find name map, card_id = audiocodec, card_name = AUDIO_CODEC
11-05 17:57:47.726 V/audio_hw_primary( 247): card: 0, name: AUDIO_CODEC, capture: 0, playback: 1
11-05 17:57:47.726 D/audio_hw_primary( 247): read card /sys/class/sound/card1/id
11-05 17:57:47.727 D/audio_hw_primary( 247): /sys/class/sound/card1/id, sndspdif, len: 9
11-05 17:57:47.727 D/audio_hw_primary( 247): linux name = sndspdif, android name = AUDIO_SPDIF
11-05 17:57:47.727 D/audio_hw_primary( 247): find name map, card_id = sndspdif, card_name = AUDIO_SPDIF
11-05 17:57:47.727 V/audio_hw_primary( 247): card: 1, name: AUDIO_SPDIF, capture: 1, playback: 1
11-05 17:57:47.727 D/audio_hw_primary( 247): read card /sys/class/sound/card2/id
11-05 17:57:47.727 D/audio_hw_primary( 247): /sys/class/sound/card2/id, ahubdam, len: 8
11-05 17:57:47.727 D/audio_hw_primary( 247): linux name = ahubdam, android name = AUDIO_DAM
11-05 17:57:47.727 D/audio_hw_primary( 247): find name map, card_id = ahubdam, card_name = AUDIO_DAM
11-05 17:57:47.727 V/audio_hw_primary( 247): card: 2, name: AUDIO_DAM, capture: 0, playback: 0
11-05 17:57:47.727 D/audio_hw_primary( 247): read card /sys/class/sound/card3/id
11-05 17:57:47.728 D/audio_hw_primary( 247): /sys/class/sound/card3/id, ahubhdmi, len: 9
11-05 17:57:47.728 D/audio_hw_primary( 247): linux name = ahubhdmi, android name = AUDIO_HDMI
11-05 17:57:47.728 D/audio_hw_primary( 247): find name map, card_id = ahubhdmi, card_name = AUDIO_HDMI
11-05 17:57:47.728 V/audio_hw_primary( 247): card: 3, name: AUDIO_HDMI, capture: 1, playback: 1
11-05 17:57:47.728 D/audio_hw_primary( 247): read card /sys/class/sound/card4/id
11-05 17:57:47.728 D/audio_hw_primary( 247): /sys/class/sound/card4/id, ahubi2s2, len: 9
11-05 17:57:47.728 D/audio_hw_primary( 247): linux name = ahubi2s2, android name = AUDIO_I2S2
11-05 17:57:47.728 D/audio_hw_primary( 247): find name map, card_id = ahubi2s2, card_name = AUDIO_I2S2
11-05 17:57:47.728 V/audio_hw_primary( 247): card: 4, name: AUDIO_I2S2, capture: 1, playback: 1
11-05 17:57:47.729 D/audio_hw_primary( 247): getCardNumbyName: name = AUDIO_CODEC , card = 0
11-05 17:57:47.729 D/audio_hw_primary( 247): getCardNumbyName: name = AUDIO_DAM , card = 2
11-05 17:57:47.729 D/audio_hw_primary( 247): getCardNumbyName: name = AUDIO_HDMI , card = 3
11-05 17:57:47.729 D/audio_hw_primary( 247): getCardNumbyName: name = AUDIO_I2S2 , card = 4
11-05 17:57:47.729 D/audio_hw_primary( 247): getCardNumbyName: name = AUDIO_SPDIF , card = 1
11-05 17:57:47.729 E/audio_hw_primary( 247): AUDIO_BT card does not exist
11-05 17:57:47.729 E/audio_hw_primary( 247): AUDIO_MIX card does not exist
11-05 17:57:47.729 V/audio_hw_primary( 247): init_audio_devices_active, line: 635
11-05 17:57:47.730 V/audio_hw_primary( 247): init_audio_devices_active: get property persist.vendor.audio.input.active failed, No such file or directory
11-05 17:57:47.730 V/audio_hw_primary( 247): init_audio_devices_active: get property persist.vendor.audio.output.active failed, No such file or directory
11-05 17:57:47.730 V/audio_hw_primary( 247): OK, default use AUDIO_CODEC playback
11-05 17:57:47.730 V/audio_hw_primary( 247): OK, default use AUDIO_SPDIF capture
11-05 17:57:47.730 D/audio_hw_primary( 247): XX 2 1 2 0
11-05 17:57:47.733 W/audio_route( 247): Control 'External Speaker Switch' doesn't exist - skipping
11-05 17:57:47.734 W/audio_route( 247): Control 'Headphone Switch' doesn't exist - skipping
11-05 17:57:47.734 W/audio_route( 247): Control 'Earpiece Switch' doesn't exist - skipping
11-05 17:57:47.734 W/audio_route( 247): Control 'AIF1IN0R Mux' doesn't exist - skipping
11-05 17:57:47.734 W/audio_route( 247): Control 'AIF1IN0L Mux' doesn't exist - skipping
11-05 17:57:47.734 W/audio_route( 247): Control 'DACR Mixer AIF1DA0R Switch' doesn't exist - skipping
11-05 17:57:47.734 W/audio_route( 247): Control 'DACL Mixer AIF1DA0L Switch' doesn't exist - skipping
11-05 17:57:47.734 W/audio_route( 247): Control 'AIF1OUT0L Mux' doesn't exist - skipping
11-05 17:57:47.734 W/audio_route( 247): Control 'AIF1OUT0R Mux' doesn't exist - skipping
11-05 17:57:47.734 W/audio_route( 247): Control 'AIF1 AD0L Mixer ADCL Switch' doesn't exist - skipping
11-05 17:57:47.734 W/audio_route( 247): Control 'AIF1 AD0R Mixer ADCR Switch' doesn't exist - skipping
11-05 17:57:47.734 W/audio_route( 247): Control 'ADCR Mux' doesn't exist - skipping
11-05 17:57:47.734 W/audio_route( 247): Control 'ADCL Mux' doesn't exist - skipping
11-05 17:57:47.734 W/audio_route( 247): Control 'HP_R Mux' doesn't exist - skipping
11-05 17:57:47.734 W/audio_route( 247): Control 'HP_L Mux' doesn't exist - skipping
11-05 17:57:47.734 W/audio_route( 247): Control 'HP_R Mux' doesn't exist - skipping
11-05 17:57:47.734 W/audio_route( 247): Control 'HP_L Mux' doesn't exist - skipping
11-05 17:57:47.734 W/audio_route( 247): Control 'Right Output Mixer DACR Switch' doesn't exist - skipping
11-05 17:57:47.734 W/audio_route( 247): Control 'Left Output Mixer DACL Switch' doesn't exist - skipping
11-05 17:57:47.734 W/audio_route( 247): Control 'SPK_L Mux' doesn't exist - skipping
11-05 17:57:47.734 W/audio_route( 247): Control 'SPK_R Mux' doesn't exist - skipping
11-05 17:57:47.735 W/audio_route( 247): Control 'External Speaker Switch' doesn't exist - skipping
11-05 17:57:47.735 W/audio_route( 247): Control 'Headphone Switch' doesn't exist - skipping
11-05 17:57:47.735 W/audio_route( 247): Control 'AIF1IN0R Mux' doesn't exist - skipping
11-05 17:57:47.735 W/audio_route( 247): Control 'AIF1IN0L Mux' doesn't exist - skipping
11-05 17:57:47.735 W/audio_route( 247): Control 'DACR Mixer AIF1DA0R Switch' doesn't exist - skipping
11-05 17:57:47.735 W/audio_route( 247): Control 'DACL Mixer AIF1DA0L Switch' doesn't exist - skipping
11-05 17:57:47.735 W/audio_route( 247): Control 'Left Output Mixer DACR Switch' doesn't exist - skipping
11-05 17:57:47.735 W/audio_route( 247): Control 'Left Output Mixer DACL Switch' doesn't exist - skipping
11-05 17:57:47.735 W/audio_route( 247): Control 'SPK_L Mux' doesn't exist - skipping
11-05 17:57:47.735 W/audio_route( 247): Control 'External Speaker Switch' doesn't exist - skipping
11-05 17:57:47.735 W/audio_route( 247): unknown enum value string 0 for ctl LINEOUTL src LR
11-05 17:57:47.735 W/audio_route( 247): unknown enum value string 0 for ctl LINEOUTR src LR
11-05 17:57:47.735 W/audio_route( 247): Control 'DACR Mixer AIF1DA0R Switch' doesn't exist - skipping
11-05 17:57:47.735 W/audio_route( 247): Control 'DACL Mixer AIF1DA0L Switch' doesn't exist - skipping
11-05 17:57:47.735 W/audio_route( 247): Control 'AIF1 AD0L Mixer ADCL Switch' doesn't exist - skipping
11-05 17:57:47.735 W/audio_route( 247): Control 'AIF1 AD0R Mixer ADCR Switch' doesn't exist - skipping
11-05 17:57:47.735 W/audio_route( 247): Control 'Left Output Mixer DACL Switch' doesn't exist - skipping
11-05 17:57:47.735 W/audio_route( 247): Control 'Left Output Mixer DACR Switch' doesn't exist - skipping
11-05 17:57:47.735 W/audio_route( 247): Control 'Right Output Mixer DACL Switch' doesn't exist - skipping
11-05 17:57:47.735 W/audio_route( 247): Control 'Right Output Mixer DACR Switch' doesn't exist - skipping
11-05 17:57:47.735 W/audio_route( 247): Control 'Headphone Switch' doesn't exist - skipping
11-05 17:57:47.735 W/audio_route( 247): Control 'External Speaker Switch' doesn't exist - skipping
11-05 17:57:47.735 W/audio_route( 247): Control 'AIF1OUT0R Mux' doesn't exist - skipping
11-05 17:57:47.735 W/audio_route( 247): Control 'AIF1OUT0L Mux' doesn't exist - skipping
11-05 17:57:47.735 W/audio_route( 247): Control 'AIF1 AD0R Mixer ADCR Switch' doesn't exist - skipping
11-05 17:57:47.735 W/audio_route( 247): Control 'AIF1 AD0L Mixer ADCL Switch' doesn't exist - skipping
11-05 17:57:47.735 W/audio_route( 247): Control 'ADCR Mux' doesn't exist - skipping
11-05 17:57:47.735 W/audio_route( 247): Control 'ADCL Mux' doesn't exist - skipping
11-05 17:57:47.735 W/audio_route( 247): Control 'LADC input Mixer MIC1 boost Switch' doesn't exist - skipping
11-05 17:57:47.735 W/audio_route( 247): Control 'RADC input Mixer MIC1 boost Switch' doesn't exist - skipping
11-05 17:57:47.735 W/audio_route( 247): Control 'AIF1OUT0R Mux' doesn't exist - skipping
11-05 17:57:47.735 W/audio_route( 247): Control 'AIF1OUT0L Mux' doesn't exist - skipping
11-05 17:57:47.736 W/audio_route( 247): Control 'AIF1 AD0R Mixer ADCR Switch' doesn't exist - skipping
11-05 17:57:47.736 W/audio_route( 247): Control 'AIF1 AD0L Mixer ADCL Switch' doesn't exist - skipping
11-05 17:57:47.736 W/audio_route( 247): Control 'ADCR Mux' doesn't exist - skipping
11-05 17:57:47.736 W/audio_route( 247): Control 'ADCL Mux' doesn't exist - skipping
11-05 17:57:47.736 W/audio_route( 247): Control 'MIC2 SRC' doesn't exist - skipping
11-05 17:57:47.736 W/audio_route( 247): Control 'LADC input Mixer MIC2 boost Switch' doesn't exist - skipping
11-05 17:57:47.736 W/audio_route( 247): Control 'RADC input Mixer MIC2 boost Switch' doesn't exist - skipping
11-05 17:57:47.736 W/audio_route( 247): Control 'ADCL Mux' doesn't exist - skipping
11-05 17:57:47.736 W/audio_route( 247): Control 'ADCR Mux' doesn't exist - skipping
11-05 17:57:47.736 W/audio_route( 247): Control 'AIF1 AD0L Mixer ADCL Switch' doesn't exist - skipping
11-05 17:57:47.736 W/audio_route( 247): Control 'AIF1 AD0R Mixer ADCR Switch' doesn't exist - skipping
11-05 17:57:47.736 W/audio_route( 247): Control 'AIF1OUT0L Mux' doesn't exist - skipping
11-05 17:57:47.736 W/audio_route( 247): Control 'AIF1OUT0R Mux' doesn't exist - skipping
11-05 17:57:47.736 W/audio_route( 247): Control 'AIF2 ADC volume' doesn't exist - skipping
11-05 17:57:47.736 W/audio_route( 247): Control 'LEFT ADC input Mixer MIC1 boost Switch' doesn't exist - skipping
11-05 17:57:47.736 W/audio_route( 247): Control 'ADCL Mux' doesn't exist - skipping
11-05 17:57:47.736 W/audio_route( 247): Control 'AIF2 ADL Mixer ADCL Switch' doesn't exist - skipping
11-05 17:57:47.736 W/audio_route( 247): Control 'AIF2OUTL Mux' doesn't exist - skipping
11-05 17:57:47.736 W/audio_route( 247): Control 'AIF2INL Mux' doesn't exist - skipping
11-05 17:57:47.736 W/audio_route( 247): Control 'AIF2INL Mux switch aif2inl aif2Switch' doesn't exist - skipping
11-05 17:57:47.736 W/audio_route( 247): Control 'DACL Mixer AIF2DACL Switch' doesn't exist - skipping
11-05 17:57:47.736 W/audio_route( 247): Control 'Right Output Mixer DACL Switch' doesn't exist - skipping
11-05 17:57:47.736 W/audio_route( 247): Control 'Left Output Mixer DACL Switch' doesn't exist - skipping
11-05 17:57:47.736 W/audio_route( 247): Control 'SPK_L Mux' doesn't exist - skipping
11-05 17:57:47.736 W/audio_route( 247): Control 'SPK_R Mux' doesn't exist - skipping
11-05 17:57:47.736 W/audio_route( 247): Control 'External Speaker Switch' doesn't exist - skipping
11-05 17:57:47.736 W/audio_route( 247): Control 'AIF2 ADC volume' doesn't exist - skipping
11-05 17:57:47.736 W/audio_route( 247): Control 'MIC2 SRC' doesn't exist - skipping
11-05 17:57:47.736 W/audio_route( 247): Control 'LEFT ADC input Mixer MIC2 boost Switch' doesn't exist - skipping
11-05 17:57:47.736 W/audio_route( 247): Control 'ADCL Mux' doesn't exist - skipping
11-05 17:57:47.736 W/audio_route( 247): Control 'AIF2 ADL Mixer ADCL Switch' doesn't exist - skipping
11-05 17:57:47.736 W/audio_route( 247): Control 'AIF2OUTL Mux' doesn't exist - skipping
11-05 17:57:47.736 W/audio_route( 247): Control 'AIF2INL Mux' doesn't exist - skipping
11-05 17:57:47.736 W/audio_route( 247): Control 'AIF2INL Mux switch aif2inl aif2Switch' doesn't exist - skipping
11-05 17:57:47.736 W/audio_route( 247): Control 'DACL Mixer AIF2DACL Switch' doesn't exist - skipping
11-05 17:57:47.736 W/audio_route( 247): Control 'Left Output Mixer DACL Switch' doesn't exist - skipping
11-05 17:57:47.736 W/audio_route( 247): Control 'Right Output Mixer DACL Switch' doesn't exist - skipping
11-05 17:57:47.736 W/audio_route( 247): Control 'HP_L Mux' doesn't exist - skipping
11-05 17:57:47.736 W/audio_route( 247): Control 'HP_R Mux' doesn't exist - skipping
11-05 17:57:47.736 W/audio_route( 247): Control 'Headphone Switch' doesn't exist - skipping
11-05 17:57:47.736 W/audio_route( 247): Control 'AIF2 ADC volume' doesn't exist - skipping
11-05 17:57:47.736 W/audio_route( 247): Control 'LEFT ADC input Mixer MIC1 boost Switch' doesn't exist - skipping
11-05 17:57:47.736 W/audio_route( 247): Control 'ADCL Mux' doesn't exist - skipping
11-05 17:57:47.736 W/audio_route( 247): Control 'AIF2 ADL Mixer ADCL Switch' doesn't exist - skipping
11-05 17:57:47.736 W/audio_route( 247): Control 'AIF2OUTL Mux' doesn't exist - skipping
11-05 17:57:47.736 W/audio_route( 247): Control 'AIF2INL Mux' doesn't exist - skipping
11-05 17:57:47.736 W/audio_route( 247): Control 'AIF2INL Mux switch aif2inl aif2Switch' doesn't exist - skipping
11-05 17:57:47.737 W/audio_route( 247): Control 'DACL Mixer AIF2DACL Switch' doesn't exist - skipping
11-05 17:57:47.737 W/audio_route( 247): Control 'Left Output Mixer DACL Switch' doesn't exist - skipping
11-05 17:57:47.737 W/audio_route( 247): Control 'Right Output Mixer DACL Switch' doesn't exist - skipping
11-05 17:57:47.737 W/audio_route( 247): Control 'HP_L Mux' doesn't exist - skipping
11-05 17:57:47.737 W/audio_route( 247): Control 'HP_R Mux' doesn't exist - skipping
11-05 17:57:47.737 W/audio_route( 247): Control 'Headphone Switch' doesn't exist - skipping
11-05 17:57:47.737 W/audio_route( 247): Control 'AIF2INL Mux' doesn't exist - skipping
11-05 17:57:47.737 W/audio_route( 247): Control 'AIF2INL Mux switch aif2inl aif2Switch' doesn't exist - skipping
11-05 17:57:47.737 W/audio_route( 247): Control 'AIF2 ADR Mixer AIF2 DACL Switch' doesn't exist - skipping
11-05 17:57:47.737 W/audio_route( 247): Control 'AIF3OUT Mux' doesn't exist - skipping
11-05 17:57:47.737 W/audio_route( 247): Control 'AIF2INR Mux VIR switch aif2inr aif3Switch' doesn't exist - skipping
11-05 17:57:47.737 W/audio_route( 247): Control 'AIF2 ADL Mixer AIF2 DACR Switch' doesn't exist - skipping
11-05 17:57:47.737 W/audio_route( 247): Control 'AIF2OUTL Mux' doesn't exist - skipping
11-05 17:57:47.737 W/audio_route( 247): Control 'AIF2 ADC volume' doesn't exist - skipping
11-05 17:57:47.737 W/audio_route( 247): Control 'LEFT ADC input Mixer MIC1 boost Switch' doesn't exist - skipping
11-05 17:57:47.737 W/audio_route( 247): Control 'ADCL Mux' doesn't exist - skipping
11-05 17:57:47.737 W/audio_route( 247): Control 'AIF2 ADL Mixer ADCL Switch' doesn't exist - skipping
11-05 17:57:47.737 W/audio_route( 247): Control 'AIF2OUTL Mux' doesn't exist - skipping
11-05 17:57:47.737 W/audio_route( 247): Control 'AIF2INL Mux' doesn't exist - skipping
11-05 17:57:47.737 W/audio_route( 247): Control 'AIF2INL Mux switch aif2inl aif2Switch' doesn't exist - skipping
11-05 17:57:47.738 W/audio_route( 247): Control 'DACL Mixer AIF2DACL Switch' doesn't exist - skipping
11-05 17:57:47.738 W/audio_route( 247): Control 'EAR Mux' doesn't exist - skipping
11-05 17:57:47.738 W/audio_route( 247): Control 'Earpiece Switch' doesn't exist - skipping
11-05 17:57:47.738 W/audio_route( 247): Control 'AIF1 AD0L Mixer ADCL Switch' doesn't exist - skipping
11-05 17:57:47.738 W/audio_route( 247): Control 'AIF1 AD0L Mixer AIF2 DACL Switch' doesn't exist - skipping
11-05 17:57:47.739 W/audio_route( 247): Control 'AIF1OUT0L Mux' doesn't exist - skipping
11-05 17:57:47.739 W/audio_route( 247): Control 'AIF1 AD0L Mixer ADCL Switch' doesn't exist - skipping
11-05 17:57:47.740 W/audio_route( 247): Control 'AIF1 AD0L Mixer AIF2 DACL Switch' doesn't exist - skipping
11-05 17:57:47.740 W/audio_route( 247): Control 'AIF1OUT0L Mux' doesn't exist - skipping
11-05 17:57:47.740 W/audio_route( 247): Control 'AIF1 AD0L Mixer AIF2 DACL Switch' doesn't exist - skipping
11-05 17:57:47.740 W/audio_route( 247): Control 'AIF1 AD0L Mixer AIF2 DACR Switch' doesn't exist - skipping
11-05 17:57:47.740 W/audio_route( 247): Control 'AIF1OUT0L Mux' doesn't exist - skipping
11-05 17:57:47.740 W/audio_route( 247): Control 'Line Out Mixer MIC1 boost Switch' doesn't exist - skipping
11-05 17:57:47.740 W/audio_route( 247): Control 'MIC2 SRC' doesn't exist - skipping
11-05 17:57:47.740 W/audio_route( 247): Control 'Line Out Mixer MIC2 boost Switch' doesn't exist - skipping
11-05 17:57:47.740 W/audio_route( 247): Control 'Left Output Mixer LINEINL-LINEINR Switch' doesn't exist - skipping
11-05 17:57:47.741 W/audio_route( 247): Control 'Right Output Mixer LINEINL-LINEINR Switch' doesn't exist - skipping
11-05 17:57:47.741 W/audio_route( 247): Control 'EAR Mux' doesn't exist - skipping
11-05 17:57:47.741 W/audio_route( 247): Control 'External Speaker Switch' doesn't exist - skipping
11-05 17:57:47.741 W/audio_route( 247): Control 'Headphone Switch' doesn't exist - skipping
11-05 17:57:47.741 W/audio_route( 247): Control 'Headphone Switch' doesn't exist - skipping
11-05 17:57:47.741 W/audio_route( 247): Control 'Earpiece Switch' doesn't exist - skipping
11-05 17:57:47.741 W/audio_route( 247): Control 'LEFT ADC input Mixer LININL-R Switch' doesn't exist - skipping
11-05 17:57:47.741 W/audio_route( 247): Control 'ADCL Mux' doesn't exist - skipping
11-05 17:57:47.741 W/audio_route( 247): Control 'AIF2 ADL Mixer ADCL Switch' doesn't exist - skipping
11-05 17:57:47.741 W/audio_route( 247): Control 'AIF3OUT Mux' doesn't exist - skipping
11-05 17:57:47.741 W/audio_route( 247): Control 'AIF2INL Mux switch aif2inl aif2Switch' doesn't exist - skipping
11-05 17:57:47.741 W/audio_route( 247): Control 'AIF2INR Mux VIR switch aif2inr aif3Switch' doesn't exist - skipping
11-05 17:57:47.741 W/audio_route( 247): Control 'DACR Mixer AIF2DACR Switch' doesn't exist - skipping
11-05 17:57:47.741 W/audio_route( 247): Control 'Right Output Mixer DACR Switch' doesn't exist - skipping
11-05 17:57:47.741 W/audio_route( 247): Control 'Line Out Mixer Right Output mixer Switch' doesn't exist - skipping
11-05 17:57:47.741 W/audio_route( 247): Control 'AIF1OUT0L Mux' doesn't exist - skipping
11-05 17:57:47.741 W/audio_route( 247): Control 'AIF1 AD0L Mixer ADCL Switch' doesn't exist - skipping
11-05 17:57:47.741 W/audio_route( 247): Control 'ADCL Mux' doesn't exist - skipping
11-05 17:57:47.741 W/audio_route( 247): Control 'LEFT ADC input Mixer MIC1 boost Switch' doesn't exist - skipping
11-05 17:57:47.741 W/audio_route( 247): Control 'LEFT ADC input Mixer LININL-R Switch' doesn't exist - skipping
11-05 17:57:47.741 W/audio_route( 247): Control 'AIF1OUT0L Mux' doesn't exist - skipping
11-05 17:57:47.741 W/audio_route( 247): Control 'AIF1 AD0L Mixer ADCL Switch' doesn't exist - skipping
11-05 17:57:47.742 W/audio_route( 247): Control 'ADCL Mux' doesn't exist - skipping
11-05 17:57:47.742 W/audio_route( 247): Control 'LEFT ADC input Mixer MIC2 boost Switch' doesn't exist - skipping
11-05 17:57:47.742 W/audio_route( 247): Control 'LEFT ADC input Mixer LININL-R Switch' doesn't exist - skipping
11-05 17:57:47.742 W/audio_route( 247): Control 'AIF1OUT0L Mux' doesn't exist - skipping
11-05 17:57:47.742 W/audio_route( 247): Control 'AIF1 AD0L Mixer ADCL Switch' doesn't exist - skipping
11-05 17:57:47.742 W/audio_route( 247): Control 'AIF1 AD0L Mixer AIF2 DACR Switch' doesn't exist - skipping
11-05 17:57:47.742 W/audio_route( 247): Control 'AIF1IN0L Mux' doesn't exist - skipping
11-05 17:57:47.742 W/audio_route( 247): Control 'AIF2 ADL Mixer AIF1 DA0L Switch' doesn't exist - skipping
11-05 17:57:47.742 W/audio_route( 247): Control 'AIF2 ADL Mixer AIF1 DA0L Switch' doesn't exist - skipping
11-05 17:57:47.742 W/audio_route( 247): Control 'AIF3OUT Mux' doesn't exist - skipping
11-05 17:57:47.742 W/audio_route( 247): Control 'AIF2INR Mux switch aif2inr aif2Switch' doesn't exist - skipping
11-05 17:57:47.742 W/audio_route( 247): Control 'AIF2INR Mux VIR switch aif2inr aif3Switch' doesn't exist - skipping
11-05 17:57:47.742 W/audio_route( 247): Control 'AIF1 AD0L Mixer AIF2 DACR Switch' doesn't exist - skipping
11-05 17:57:47.742 W/audio_route( 247): Control 'AIF1OUT0L Mux' doesn't exist - skipping
11-05 17:57:47.742 W/audio_route( 247): Control 'AC DACR mixer I2S_DACDATR Switch' doesn't exist - skipping
11-05 17:57:47.742 W/audio_route( 247): Control 'AC DACL mixer I2S_DACDATL Switch' doesn't exist - skipping
11-05 17:57:47.742 W/audio_route( 247): Control 'Right Output Mixer DACR Switch' doesn't exist - skipping
11-05 17:57:47.742 W/audio_route( 247): Control 'Left Output Mixer DACL Switch' doesn't exist - skipping
11-05 17:57:47.742 W/audio_route( 247): Control 'External Speaker Switch' doesn't exist - skipping
11-05 17:57:47.743 D/audio_route( 247): Apply path: media-speaker-headphones
11-05 17:57:47.743 D/audio_route( 247): Apply path: media-headset-mic
11-05 17:57:47.744 V/audio_hw_primary( 247): adev_get_master_volume, line: 3587
11-05 17:57:47.744 V/audio_hw_primary( 247): adev_set_master_volume, line: 3579
11-05 17:57:47.744 I/AudioFlinger( 268): loadHwModule() Loaded primary audio interface, handle 10
11-05 17:57:47.744 I/AudioFlinger( 268): openOutput() this 0xf76ee000, module 10 Device type:0x2,@:, SamplingRate 48000, Format 0x000001, Channels 0x3, flags 0x2
11-05 17:57:47.745 D/audio_hw_primary( 247): adev_open_output_stream
11-05 17:57:47.745 V/audio_hw_primary( 247): adev_open_output_stream, flags: 2
11-05 17:57:47.745 V/audio_hw_primary( 247): +++++++++++++++ adev_open_output_stream: req_sample_rate: 44100, fmt: 1, channel_count: 3
11-05 17:57:47.746 I/AudioFlinger( 268): HAL output buffer size 960 frames, normal sink buffer size 960 frames
11-05 17:57:47.800 I/BufferProvider( 268): found effect "Multichannel Downmix To Stereo" from The Android Open Source Project
11-05 17:57:47.802 D/AudioFlinger( 268): Failed to add event callback
11-05 17:57:47.803 I/AudioFlinger( 268): AudioFlinger's thread 0xf73f1e00 tid=449 ready to run
11-05 17:57:47.803 W/AudioFlinger( 268): no wake lock to update, system not ready yet
11-05 17:57:47.804 D/AudioFlinger( 268): ro.audio.silent is ignored since no output device is set
11-05 17:57:47.804 D/audio_hw_primary( 247): out_standby
11-05 17:57:47.808 W/AudioFlinger( 268): no wake lock to update, system not ready yet
11-05 17:57:47.808 D/AudioFlinger( 268): ro.audio.silent is ignored since no output device is set
11-05 17:57:47.808 V/APM_AudioPolicyManager( 268): checkAndSetVolume cannot set volume group 3 volume when isn ot requested for comm
11-05 17:57:47.818 W/AudioFlinger( 268): moveEffects() bad srcOutput 0
11-05 17:57:47.818 V/APM_AudioPolicyManager( 268): selectOutputForMusicEffects selected output 13
11-05 17:57:47.818 V/APM_AudioPolicyManager( 268): setOutputDevices device {type:0x2,@:} delayMs 0
11-05 17:57:47.818 V/APM_AudioPolicyManager( 268): setOutputDevices() prevDevice {type:0x2,@:}
11-05 17:57:47.821 V/APM_AudioPolicyManager( 268): setOutputDevices changing device to {type:0x2,@:}
11-05 17:57:47.843 V/audio_hw_primary( 247): adev_create_audio_patch num_sources: 1, num_sinks: 1
11-05 17:57:47.843 V/audio_hw_primary( 247): playback device: 2
11-05 17:57:47.845 V/APM_AudioPolicyManager( 268): setOutputDevices() AF::createAudioPatch returned 0 patchHandle 12 num_sources 1 num_sinks 1
11-05 17:57:47.846 V/APM_AudioPolicyManager( 268): checkAndSetVolume cannot set volume group 3 volume when isn ot requested for comm
11-05 17:57:47.850 I/AudioFlinger( 268): openOutput() this 0xf76ee000, module 10 Device type:0x2,@:, SamplingRate 32000, Format 0x000003, Channels 0x3, flags 0x1
11-05 17:57:47.850 D/audio_hw_primary( 247): adev_open_output_stream
11-05 17:57:47.851 V/audio_hw_primary( 247): adev_open_output_stream, flags: 1
11-05 17:57:47.851 D/audio_hw_primary( 247): config format 0x3 raw_flag 1
11-05 17:57:47.851 V/audio_hw_primary( 247): +++++++++++++++ adev_open_output_stream: req_sample_rate: 32000, fmt: 3, channel_count: 3
11-05 17:57:47.852 I/AudioFlinger( 268): HAL output buffer size 2048 frames, normal sink buffer size 2048 frames
11-05 17:57:47.853 D/AudioFlinger( 268): Failed to add event callback
11-05 17:57:47.854 I/AudioFlinger( 268): AudioFlinger's thread 0xf755fa40 tid=450 ready to run
11-05 17:57:47.854 W/AudioFlinger( 268): no wake lock to update, system not ready yet
11-05 17:57:47.854 D/AudioFlinger( 268): ro.audio.silent is ignored since no output device is set
11-05 17:57:47.854 V/audio_hw_primary( 247): out_set_parameters: closing=true
11-05 17:57:47.855 D/audio_hw_primary( 247): out_standby
11-05 17:57:47.858 D/Zygote ( 242): VMRuntime.setVerifierEnabled(false)
