11-05 17:58:25.112 V/NFC ( 2697): this device does not have NFC support
11-05 17:58:25.118 E/SogouIME( 2976): setupInputSurface
11-05 17:58:25.223 W/UnsafeUtil( 2949): platform method missing - proto runtime falling back to safer methods: java.lang.NoSuchMethodException: sun.misc.Unsafe.copyMemory [class java.lang.Object, long, class java.lang.Object, long, long]
11-05 17:58:25.364 I/EventThread( 261): type=1400 audit(0.0:2037): avc: denied { search } for name="extcon" dev="sysfs" ino=18103 scontext=u:r:hal_tv_cec_default:s0 tcontext=u:object_r:sysfs_extcon:s0 tclass=dir permissive=1
11-05 17:58:25.365 I/PlatformDependent( 2111): Your platform does not provide complete low-level API for accessing direct buffers reliably. Unless explicitly requested, heap buffer will always be preferred to avoid potential system instability.
11-05 17:58:25.393 I/ActivityManager( 520): Waited long enough for: ServiceRecord{dc3faeb u0 com.android.tv.settings/.users.UserSwitchListenerService}
11-05 17:58:25.412 I/system_server( 520): Background concurrent copying GC freed 133354(7735KB) AllocSpace objects, 71(3572KB) LOS objects, 49% free, 9963KB/19MB, paused 501us total 2.623s
11-05 17:58:25.447 I/DefaultIMS( 2976): DefaultIMS::onCreate()
11-05 17:58:25.447 I/DefaultIMS( 2976): DefaultIMS::onCreate() finish
11-05 17:58:25.520 I/TDLog ( 2718): TalkingData App Analytics SDK init...
11-05 17:58:25.520 I/TDLog ( 2718): SDK_VERSION is: Android+TD+V4.0.22 gp Type:Native Build_Num:712
11-05 17:58:25.520 I/TDLog ( 2718): App ID is: 219DEBE67C3B47D799EED1190DEACA09
11-05 17:58:25.520 I/TDLog ( 2718): App Channel is: statisticSDK
11-05 17:58:25.520 I/TDLog ( 2718): SDK_OVC is: TDOVC+a004ba0d7e569531a3ac013fd19b4443+SaaS
11-05 17:58:25.604 W/ActivityTaskManager( 520): Current config: {1.0 ?mcc?mnc [zh_CN] ldltr sw720dp w1280dp h696dp 240dpi xlrg long land television -touch qwerty/v/v dpad/v winConfig={ mBounds=Rect(0, 0 - 1920, 1080) mAppBounds=Rect(0, 0 - 1920, 1080) mMaxBounds=Rect(0, 0 - 1920, 1080) mWindowingMode=fullscreen mDisplayWindowingMode=fullscreen mActivityType=undefined mAlwaysOnTop=undefined mRotation=ROTATION_0} s.6 fontWeightAdjustment=0} unchanged for IME proc com.sohu.inputmethod.sogou.tv
11-05 17:58:25.606 W/ActivityTaskManager( 520): Current config: {1.0 ?mcc?mnc [zh_CN] ldltr sw720dp w1280dp h696dp 240dpi xlrg long land television -touch qwerty/v/v dpad/v winConfig={ mBounds=Rect(0, 0 - 1920, 1080) mAppBounds=Rect(0, 0 - 1920, 1080) mMaxBounds=Rect(0, 0 - 1920, 1080) mWindowingMode=fullscreen mDisplayWindowingMode=fullscreen mActivityType=undefined mAlwaysOnTop=undefined mRotation=ROTATION_0} s.6 fontWeightAdjustment=0} unchanged for IME proc com.sohu.inputmethod.sogou.tv
11-05 17:58:25.636 I/CrashSDKNormalH( 2697): type=1400 audit(0.0:2038): avc: denied { open } for path="/data/user/0/com.dangbei.screencast/crashsdk/tags/cr.wa" dev="mmcblk0p25" ino=2172 scontext=u:r:platform_app:s0:c512,c768 tcontext=u:object_r:app_data_file:s0:c512,c768 tclass=file permissive=1 app=com.dangbei.screencast
11-05 17:58:25.647 I/com.android.tv( 2840): Background young concurrent copying GC freed 6291(575KB) AllocSpace objects, 2(104KB) LOS objects, 94% free, 1367KB/25MB, paused 181us total 456.039ms
11-05 17:58:25.648 I/CrashSDKNormalH( 2697): type=1400 audit(0.0:2039): avc: denied { lock } for path="/data/user/0/com.dangbei.screencast/crashsdk/tags/cr.wa" dev="mmcblk0p25" ino=2172 scontext=u:r:platform_app:s0:c512,c768 tcontext=u:object_r:app_data_file:s0:c512,c768 tclass=file permissive=1 app=com.dangbei.screencast
11-05 17:58:25.655 I/DefaultIMS( 2976): onInitializeInterface:
11-05 17:58:25.741 W/VideoCapabilities( 2111): Unrecognized profile/level 0/3 for video/mpeg2
11-05 17:58:25.764 I/InputModelManager( 2976): mLanguageId+0 mInputType=-10000mChInputType=-10000
11-05 17:58:25.766 I/nw ( 2976): loadKeyData: loadLanguageInfoSuccess ? true
11-05 17:58:25.766 I/InputModelManager( 2976): getCurrentLanguageBean inputMode languageId:0
11-05 17:58:25.767 I/nw ( 2976): onChanged: languageResStatusBean=Language load status:
11-05 17:58:25.767 I/nw ( 2976): {}
11-05 17:58:25.768 I/TvApplication( 2949): Starting TV app 1.24-asop
11-05 17:58:25.778 I/TvApplication( 2949): Started TV app 1.24-asop
11-05 17:58:25.800 I/InputModelManager( 2976): getCurrentLanguageBean inputMode languageId:0
11-05 17:58:25.816 W/System ( 2911): A resource failed to call close.
11-05 17:58:25.817 W/System ( 2911): A resource failed to call close.
11-05 17:58:25.820 W/System ( 2911): A resource failed to call close.
11-05 17:58:25.821 W/System ( 2911): A resource failed to call close.
11-05 17:58:25.834 D/NsdService( 520): Register service
11-05 17:58:25.835 D/NsdService( 520): registerService: 2 name: 当贝投屏S3, type: _airplay._tcp, host: null, port: 34217, txtRecord: srcvers=220.68features=0x527FFFF7,0x1E'pi=2e388006-13ba-4041-9a67-25dd4a43d536Cpk=b07727d6f6cd6e08b58ede525ec3cdeaa252ad9f683feb212ef8a205246554e7vv=2 flags=0x4model=AppleTV2,1deviceid=f4:ab:5c:b4:08:c0
11-05 17:58:25.835 D/NsdService( 520): mdnssd [register, 2, 当贝投屏S3, _airplay._tcp, 34217, DnNyY3ZlcnM9MjIwLjY4GGZlYXR1cmVzPTB4NTI3RkZGRjcsMHgxRSdwaT0yZTM4ODAwNi0xM2JhLTQwNDEtOWE2Ny0yNWRkNGE0M2Q1MzZDcGs9YjA3NzI3ZDZmNmNkNmUwOGI1OGVkZTUyNWVjM2NkZWFhMjUyYWQ5ZjY4M2ZlYjIxMmVmOGEyMDUyNDY1NTRlNwR2dj0yCWZsYWdzPTB4NBBtb2RlbD1BcHBsZVRWMiwxGmRldmljZWlkPWY0OmFiOjVjOmI0OjA4OmMw]
11-05 17:58:25.842 D/NsdService( 520): Register 2 2
11-05 17:58:25.842 D/NsdService( 520): Register service
11-05 17:58:25.842 D/NsdService( 520): registerService: 3 name: f4ab5cb408c0@当贝投屏S3, type: _raop._tcp, host: null, port: 45223, txtRecord: txtvers=1 am=AppleTV2,1ch=2
11-05 17:58:25.842 D/NsdService( 520): cn=0,1,2,3da=trueet=0,3,5ft=0x527FFFF7,0x1Emd=0,1,2Cpk=b07727d6f6cd6e08b58ede525ec3cdeaa252ad9f683feb212ef8a205246554e7pw=falsesf=0x4sr=44100ss=16sv=falsetp=UDPvn=65537 vs=220.68vv=2 rhd=5.6.0.0
11-05 17:58:25.842 D/NsdService( 520): mdnssd [register, 3, f4ab5cb408c0@当贝投屏S3, _raop._tcp, 45223, CXR4dHZlcnM9MQ1hbT1BcHBsZVRWMiwxBGNoPTIKY249MCwxLDIsMwdkYT10cnVlCGV0PTAsMyw1EmZ0PTB4NTI3RkZGRjcsMHgxRQhtZD0wLDEsMkNwaz1iMDc3MjdkNmY2Y2Q2ZTA4YjU4ZWRlNTI1ZWMzY2RlYWEyNTJhZDlmNjgzZmViMjEyZWY4YTIwNTI0NjU1NGU3CHB3PWZhbHNlBnNmPTB4NAhzcj00NDEwMAVzcz0xNghzdj1mYWxzZQZ0cD1VRFAIdm49NjU1MzcJdnM9MjIwLjY4BHZ2PTILcmhkPTUuNi4wLjA=]
11-05 17:58:25.845 W/IorapForwardingService( 520): No service published for: iorapd
11-05 17:58:25.845 D/NsdService( 520): Register 3 3
11-05 17:58:25.851 D/ZipUtil ( 2976): extract zip file from /system/app/com.sohu.inputmethod.sogou.tv/com.sohu.inputmethod.sogou.tv.apk to /data/user_de/0/com.sohu.inputmethod.sogou.tv/files/.dict/zh/
11-05 17:58:25.872 D/InputSurface( 2976): initView:
11-05 17:58:25.872 I/MainPresenter( 2976): initView:
11-05 17:58:25.882 D/MainLayer( 2976): initView:
11-05 17:58:25.895 D/BodyAreaPresenter( 2976): initView:
11-05 17:58:25.896 D/NsdService( 520): Register service
11-05 17:58:25.896 D/NsdService( 520): registerService: 4 name: 当贝投屏S3, type: _db_cast_screen._tcp, host: null, port: 45847, txtRecord: au=1cV=20830mV=100h265=1maxR=4096-3152model=DBBOX-A2deviceid=20:02:FE:1D:15:FA
11-05 17:58:25.896 D/NsdService( 520): mdnssd [register, 4, 当贝投屏S3, _db_cast_screen._tcp, 45847, BGF1PTEIY1Y9MjA4MzAGbVY9MTAwBmgyNjU9MQ5tYXhSPTQwOTYtMzE1Mg5tb2RlbD1EQkJPWC1BMhpkZXZpY2VpZD0yMDowMjpGRToxRDoxNTpGQQ==]
11-05 17:58:25.898 D/NsdService( 520): Register 4 4
11-05 17:58:25.991 I/DefaultIMS( 2976): DefaultIMS::onInitializeInterface() finish
11-05 17:58:26.001 D/CompatibilityChangeReporter( 2976): Compat change id reported: 160794467; UID 10052; state: DISABLED
11-05 17:58:26.013 I/DefaultIMS( 2976): onStartInput attribute=android.view.inputmethod.EditorInfo@c88d031 restarting=false inputType: 0
11-05 17:58:26.014 D/hq ( 1799): NetWorkStateReceiver:::检查网络,并且持续更新 isConnect=false
11-05 17:58:26.059 I/UpnpServiceImpl( 2111): >>> Starting UPnP service...
11-05 17:58:26.059 I/UpnpServiceImpl( 2111): Using configuration: org.fourthline.cling.android.AndroidUpnpServiceConfiguration
11-05 17:58:26.070 I/Router ( 2111): Creating Router: org.fourthline.cling.android.AndroidRouter
11-05 17:58:26.083 I/NetworkUtils( 2111): Could not find any connected network...
11-05 17:58:26.084 W/Router ( 2111): enable lock:org.fourthline.cling.android.AndroidRouter@c243128_java.util.concurrent.locks.ReentrantReadWriteLock$WriteLock@f534e41[Unlocked]
11-05 17:58:26.108 I/queued-work-loo( 2111): type=1400 audit(0.0:2040): avc: denied { search } for name="com.dangbei.screencast" dev="mmcblk0p25" ino=891 scontext=u:r:platform_app:s0:c512,c768 tcontext=u:object_r:app_data_file:s0:c512,c768 tclass=dir permissive=1 app=com.dangbei.screencast
11-05 17:58:26.120 W/audit ( 2244): audit_lost=1515 audit_rate_limit=5 audit_backlog_limit=64
11-05 17:58:26.120 E/audit ( 2244): rate limit exceeded
11-05 17:58:26.112 I/queued-work-loo( 2111): type=1400 audit(0.0:2041): avc: denied { write } for name="shared_prefs" dev="mmcblk0p25" ino=2056 scontext=u:r:platform_app:s0:c512,c768 tcontext=u:object_r:app_data_file:s0:c512,c768 tclass=dir permissive=1 app=com.dangbei.screencast
11-05 17:58:26.136 W/tworkAddressFactoryImpl( 2111): Network interface may not be multicast capable: dummy0
11-05 17:58:26.151 W/tworkAddressFactoryImpl( 2111): No usable network interface or addresses found
11-05 17:58:26.152 I/Router ( 2111): Unable to initialize network router, no network found.
11-05 17:58:26.152 W/Router ( 2111): enable unlock:org.fourthline.cling.android.AndroidRouter@c243128
11-05 17:58:26.158 I/UpnpServiceImpl( 2111): <<< UPnP service started successfully
11-05 17:58:26.186 I/droid.tv.commo( 2949): Background young concurrent copying GC freed 5561(489KB) AllocSpace objects, 4(80KB) LOS objects, 95% free, 1202KB/25MB, paused 152us total 105.953ms
11-05 17:58:26.335 E/hq ( 1799): Etna:::getFindLookupControllerState isConnect=true
11-05 17:58:26.335 E/Etna ( 1799): getFindLookupControllerState1111111
11-05 17:58:26.345 E/hq ( 1799): Etna:::getFindLookupControllerState valueStr=1
11-05 17:58:26.347 E/hq ( 1799): LookupControler:::isLookupController=true
11-05 17:58:26.347 I/hq ( 1799): LookupControler:::time=110000
11-05 17:58:26.464 E/g ( 2111): channel :os
11-05 17:58:26.557 D/NsdService( 520): Native daemon message SERVICE_REGISTERED: 606 3 "f4ab5cb408c0@当贝投屏S3"
11-05 17:58:26.559 D/NsdService( 520): Native daemon message SERVICE_REGISTERED: 606 2 "当贝投屏S3"
11-05 17:58:26.560 D/NsdService( 520): Native daemon message SERVICE_REGISTERED: 606 4 "当贝投屏S3"
11-05 17:58:26.564 I/queued-work-loo( 2111): type=1400 audit(0.0:2048): avc: denied { rename } for name="screencast.xml" dev="mmcblk0p25" ino=2309 scontext=u:r:platform_app:s0:c512,c768 tcontext=u:object_r:app_data_file:s0:c512,c768 tclass=file permissive=1 app=com.dangbei.screencast
11-05 17:58:26.564 I/queued-work-loo( 2111): type=1400 audit(0.0:2049): avc: denied { create } for name="screencast.xml" scontext=u:r:platform_app:s0:c512,c768 tcontext=u:object_r:app_data_file:s0:c512,c768 tclass=file permissive=1 app=com.dangbei.screencast
11-05 17:58:26.564 I/queued-work-loo( 2111): type=1400 audit(0.0:2050): avc: denied { open } for path="/data/user/0/com.dangbei.screencast/shared_prefs/screencast.xml" dev="mmcblk0p25" ino=2313 scontext=u:r:platform_app:s0:c512,c768 tcontext=u:object_r:app_data_file:s0:c512,c768 tclass=file permissive=1 app=com.dangbei.screencast
11-05 17:58:26.568 I/queued-work-loo( 2111): type=1400 audit(0.0:2051): avc: denied { setattr } for name="screencast.xml" dev="mmcblk0p25" ino=2313 scontext=u:r:platform_app:s0:c512,c768 tcontext=u:object_r:app_data_file:s0:c512,c768 tclass=file permissive=1 app=com.dangbei.screencast
11-05 17:58:26.576 I/queued-work-loo( 2111): type=1400 audit(0.0:2052): avc: denied { unlink } for name="screencast.xml.bak" dev="mmcblk0p25" ino=2309 scontext=u:r:platform_app:s0:c512,c768 tcontext=u:object_r:app_data_file:s0:c512,c768 tclass=file permissive=1 app=com.dangbei.screencast
11-05 17:58:26.846 W/IorapForwardingService( 520): No service published for: iorapd
11-05 17:58:26.864 W/NotificationHistory( 520): Attempted to add notif for locked/gone/disabled user 0
11-05 17:58:26.870 V/TvNotificationHandler( 749): Notification not added because it isn't relevant for tv
11-05 17:58:27.081 I/efs.send_log( 2111): log cann't be send because net status is disconnected
11-05 17:58:27.692 I/LanguageResManager( 2976): prepareResource onSuccess:
11-05 17:58:27.693 I/nw ( 2976): onChanged: languageResStatusBean=Language load status:
11-05 17:58:27.693 I/nw ( 2976): {zh=3}
11-05 17:58:27.693 I/DefaultIMS( 2976): initializedCallback: time tag1=1762336707693
11-05 17:58:27.693 I/nw ( 2976): initializeInputSession: inputMode=languageID=0
11-05 17:58:27.693 I/nw ( 2976): scriptID=2
11-05 17:58:27.693 I/nw ( 2976): layoutID=2
11-05 17:58:27.693 I/KeyEventTransfer( 2976): languageID=0
11-05 17:58:27.693 I/KeyEventTransfer( 2976): scriptID=2
11-05 17:58:27.693 I/KeyEventTransfer( 2976): layoutID=2
11-05 17:58:27.714 D/CompatibilityChangeReporter( 520): Compat change id reported: 149924527; UID 10052; state: ENABLED
11-05 17:58:27.715 D/CompatibilityChangeReporter( 520): Compat change id reported: 132649864; UID 10052; state: DISABLED
11-05 17:58:27.740 W/MediaProvider( 1297): isAppCloneUserPair for user 0: false
11-05 17:58:27.764 W/MediaProvider( 1297): isAppCloneUserPair for user 0: false
11-05 17:58:27.772 I/Timer-1 ( 2697): type=1400 audit(0.0:2469): avc: denied { search } for name="com.dangbei.screencast" dev="mmcblk0p25" ino=891 scontext=u:r:platform_app:s0:c512,c768 tcontext=u:object_r:app_data_file:s0:c512,c768 tclass=dir permissive=1 app=com.dangbei.screencast
11-05 17:58:27.776 I/Timer-1 ( 2697): type=1400 audit(0.0:2470): avc: denied { write } for name="shared_prefs" dev="mmcblk0p25" ino=2056 scontext=u:r:platform_app:s0:c512,c768 tcontext=u:object_r:app_data_file:s0:c512,c768 tclass=dir permissive=1 app=com.dangbei.screencast
11-05 17:58:27.776 I/Timer-1 ( 2697): type=1400 audit(0.0:2471): avc: denied { remove_name } for name="TDpref_longtime.xml" dev="mmcblk0p25" ino=2220 scontext=u:r:platform_app:s0:c512,c768 tcontext=u:object_r:app_data_file:s0:c512,c768 tclass=dir permissive=1 app=com.dangbei.screencast
11-05 17:58:27.776 I/Timer-1 ( 2697): type=1400 audit(0.0:2472): avc: denied { add_name } for name="TDpref_longtime.xml.bak" scontext=u:r:platform_app:s0:c512,c768 tcontext=u:object_r:app_data_file:s0:c512,c768 tclass=dir permissive=1 app=com.dangbei.screencast
11-05 17:58:27.828 I/pool-4-thread-1( 2697): type=1400 audit(0.0:2473): avc: denied { getattr } for path="/data/user/0/com.dangbei.screencast/files/__database_reborn_January_one__/td_database99SaaS" dev="mmcblk0p25" ino=2167 scontext=u:r:platform_app:s0:c512,c768 tcontext=u:object_r:app_data_file:s0:c512,c768 tclass=dir permissive=1 app=com.dangbei.screencast
11-05 17:58:27.835 W/audit ( 3112): audit_lost=1937 audit_rate_limit=5 audit_backlog_limit=64
11-05 17:58:27.835 E/audit ( 3112): rate limit exceeded
11-05 17:58:27.848 W/IorapForwardingService( 520): No service published for: iorapd
11-05 17:58:27.934 E/dangbei111( 1301): cccccc 没有检测到网络 暂时不做遥控器ota信息检测
11-05 17:58:27.935 E/dangbei111( 1301): 5s后准备进行遥控器ota信息检测
11-05 17:58:28.016 D/hq ( 1799): NetWorkStateReceiver:::检查网络,并且持续更新 isConnect=false
11-05 17:58:28.432 I/chromium( 2976): [1105/175828:INFO:config_service.cc(227)] Load config buffer. err_code = 3, err_msg = Line: 1, column: 1, Unexpected token.
11-05 17:58:28.511 I/CHInputSession( 2976): set engine mode: 2 layout: 2
11-05 17:58:28.537 D/DeviceIdleController( 520): find package null
11-05 17:58:28.538 V/MediaPlayerList( 731): mPackageChangedBroadcastReceiver: action: android.intent.action.PACKAGE_CHANGED
11-05 17:58:28.538 D/MediaPlayerList( 731): Name of package changed: com.softwinner.settingssetup
11-05 17:58:28.549 D/CHJNIDefault( 2976): setInputMode value=-1
11-05 17:58:28.549 I/PermissionControllerServiceImpl( 758): Updating user sensitive for uid 10062
11-05 17:58:28.550 I/InputContext( 2976): onChanged: candidateWords=[]
11-05 17:58:28.550 I/InputContext( 2976): onChanged: candidateWordInfo.size=0 global offset: 0pausedCandidateData = false
11-05 17:58:28.551 I/InputContext( 2976): onChanged: composing=null
11-05 17:58:28.551 I/InputContext( 2976): onChanged: forCompose=false
11-05 17:58:28.562 I/InputReader( 520): Reconfiguring input devices, changes=KEYBOARD_LAYOUTS |
11-05 17:58:28.564 I/nw ( 2976): onChanged: input mode:languageID=0
11-05 17:58:28.564 I/nw ( 2976): scriptID=2
11-05 17:58:28.564 I/nw ( 2976): layoutID=2
11-05 17:58:28.566 D/DeviceIdleController( 520): find package null
11-05 17:58:28.566 V/MediaPlayerList( 731): mPackageChangedBroadcastReceiver: action: android.intent.action.PACKAGE_CHANGED
11-05 17:58:28.566 D/MediaPlayerList( 731): Name of package changed: com.android.statementservice
11-05 17:58:28.566 V/MediaPlayerList( 731): mPackageChangedBroadcastReceiver: action: android.intent.action.PACKAGE_CHANGED
11-05 17:58:28.566 D/MediaPlayerList( 731): Name of package changed: com.android.traceur
11-05 17:58:28.568 D/DeviceIdleController( 520): find package null
11-05 17:58:28.571 W/Searchables( 520): No global search activity found
11-05 17:58:28.578 I/PermissionControllerServiceImpl( 758): Updating user sensitive for uid 10015
11-05 17:58:28.580 I/PermissionControllerServiceImpl( 758): Updating user sensitive for uid 10031
11-05 17:58:28.588 I/InputReader( 520): Reconfiguring input devices, changes=KEYBOARD_LAYOUTS |
11-05 17:58:28.603 W/VoiceInteractionManager( 520): no available voice recognition services found for user 0
11-05 17:58:28.612 I/InputReader( 520): Reconfiguring input devices, changes=KEYBOARD_LAYOUTS |
11-05 17:58:28.614 W/Searchables( 520): No global search activity found
11-05 17:58:28.641 I/init ( 1): processing action (debug.launcher3.exit=1) from (/vendor/etc/init/init.scheduler.rc:1)
11-05 17:58:28.637 W/VoiceInteractionManager( 520): no available voice recognition services found for user 0
11-05 17:58:28.643 W/Searchables( 520): No global search activity found
11-05 17:58:28.646 W/VoiceInteractionManager( 520): no available voice recognition services found for user 0
11-05 17:58:28.849 W/IorapForwardingService( 520): No service published for: iorapd
11-05 17:58:28.860 W/ModernMediaScanner( 1297): Failed to apply ContentProviderOperation(type=insert uri=content://media/internal/file values={instance_id=null, compilation=null, disc_number=null, duration=1000, is_ringtone=0, album_artist=null, resolution=null, orientation=null, artist=Unknown, author=null, height=null, is_drm=0, is_audiobook=0, date_modified=1762152415, writer=null, composer=null, _modifier=3, is_recording=0, datetaken=null, mime_type=audio/ogg, is_notification=1, bitrate=80000, cd_track_number=null, xmp=[], year=null, _data=/product/media/audio/notifications/Arcturus.ogg, _size=7933, album=notifications, genre=Unknown, is_alarm=0, title=Arcturus, track=null, width=null, is_music=0, document_id=null, is_podcast=0, capture_framerate=null, num_tracks=1, original_document_id=null, media_type=2} exceptionAllowed)
11-05 17:58:28.860 W/ModernMediaScanner( 1297): android.database.sqlite.SQLiteConstraintException: UNIQUE constraint failed: files._data (code 2067 SQLITE_CONSTRAINT_UNIQUE)
11-05 17:58:28.860 W/ModernMediaScanner( 1297): at android.database.sqlite.SQLiteConnection.nativeExecuteForLastInsertedRowId(Native Method)
11-05 17:58:28.860 W/ModernMediaScanner( 1297): at android.database.sqlite.SQLiteConnection.executeForLastInsertedRowId(SQLiteConnection.java:940)
11-05 17:58:28.860 W/ModernMediaScanner( 1297): at android.database.sqlite.SQLiteSession.executeForLastInsertedRowId(SQLiteSession.java:790)
11-05 17:58:28.860 W/ModernMediaScanner( 1297): at android.database.sqlite.SQLiteStatement.executeInsert(SQLiteStatement.java:89)
11-05 17:58:28.860 W/ModernMediaScanner( 1297): at com.android.providers.media.util.DatabaseUtils.executeInsert(DatabaseUtils.java:457)
11-05 17:58:28.860 W/ModernMediaScanner( 1297): at com.android.providers.media.util.SQLiteQueryBuilder.insert(SQLiteQueryBuilder.java:611)
11-05 17:58:28.860 W/ModernMediaScanner( 1297): at com.android.providers.media.util.SQLiteQueryBuilder.lambda$insert$1(SQLiteQueryBuilder.java:575)
11-05 17:58:28.860 W/ModernMediaScanner( 1297): at com.android.providers.media.util.SQLiteQueryBuilder.$r8$lambda$J8sHyRt4f9G-jpErUkeO-jG4Hmw(Unknown Source:0)
11-05 17:58:28.860 W/ModernMediaScanner( 1297): at com.android.providers.media.util.SQLiteQueryBuilder$$ExternalSyntheticLambda1.apply(Unknown Source:6)
11-05 17:58:28.860 W/ModernMediaScanner( 1297): at com.android.providers.media.DatabaseHelper.runWithTransaction(DatabaseHelper.java:574)
11-05 17:58:28.860 W/ModernMediaScanner( 1297): at com.android.providers.media.util.SQLiteQueryBuilder.insert(SQLiteQueryBuilder.java:574)
11-05 17:58:28.860 W/ModernMediaScanner( 1297): at com.android.providers.media.MediaProvider.lambda$insertAllowingUpsert$16(MediaProvider.java:3959)
11-05 17:58:28.860 W/ModernMediaScanner( 1297): at com.android.providers.media.MediaProvider.$r8$lambda$D66PPVN7oPbfQ5uf1pNwLJSEApc(Unknown Source:0)
11-05 17:58:28.860 W/ModernMediaScanner( 1297): at com.android.providers.media.MediaProvider$$ExternalSyntheticLambda26.apply(Unknown Source:13)
11-05 17:58:28.860 W/ModernMediaScanner( 1297): at com.android.providers.media.DatabaseHelper.runWithTransaction(DatabaseHelper.java:574)
11-05 17:58:28.860 W/ModernMediaScanner( 1297): at com.android.providers.media.MediaProvider.insertAllowingUpsert(MediaProvider.java:3949)
11-05 17:58:28.860 W/ModernMediaScanner( 1297): at com.android.providers.media.MediaProvider.insertFile(MediaProvider.java:3931)
11-05 17:58:28.860 W/ModernMediaScanner( 1297): at com.android.providers.media.MediaProvider.insertInternal(MediaProvider.java:4391)
11-05 17:58:28.860 W/ModernMediaScanner( 1297): at com.android.providers.media.MediaProvider.insert(MediaProvider.java:4091)
11-05 17:58:28.860 W/ModernMediaScanner( 1297): at android.content.ContentProviderOperation.applyInternal(ContentProviderOperation.java:375)
11-05 17:58:28.860 W/ModernMediaScanner( 1297): at android.content.ContentProviderOperation.apply(ContentProviderOperation.java:347)
11-05 17:58:28.860 W/ModernMediaScanner( 1297): at android.content.ContentProvider.applyBatch(ContentProvider.java:2438)
11-05 17:58:28.860 W/ModernMediaScanner( 1297): at com.android.providers.media.MediaProvider.applyBatch(MediaProvider.java:4443)
11-05 17:58:28.860 W/ModernMediaScanner( 1297): at android.content.ContentProvider.applyBatch(ContentProvider.java:2429)
11-05 17:58:28.860 W/ModernMediaScanner( 1297): at android.content.ContentResolver.applyBatch(ContentResolver.java:2230)
11-05 17:58:28.860 W/ModernMediaScanner( 1297): at com.android.providers.media.scan.ModernMediaScanner$Scan.applyPending(ModernMediaScanner.java:924)
11-05 17:58:28.860 W/ModernMediaScanner( 1297): at com.android.providers.media.scan.ModernMediaScanner$Scan.maybeApplyPending(ModernMediaScanner.java:914)
11-05 17:58:28.860 W/ModernMediaScanner( 1297): at com.android.providers.media.scan.ModernMediaScanner$Scan.visitFile(ModernMediaScanner.java:820)
11-05 17:58:28.860 W/ModernMediaScanner( 1297): at com.android.providers.media.scan.ModernMediaScanner$Scan.visitFile(ModernMediaScanner.java:320)
11-05 17:58:28.860 W/ModernMediaScanner( 1297): at java.nio.file.Files.walkFileTree(Files.java:2670)
11-05 17:58:28.860 W/ModernMediaScanner( 1297): at java.nio.file.Files.walkFileTree(Files.java:2742)
11-05 17:58:28.860 W/ModernMediaScanner( 1297): at com.android.providers.media.scan.ModernMediaScanner$Scan.walkFileTree(ModernMediaScanner.java:439)
11-05 17:58:28.860 W/ModernMediaScanner( 1297): at com.android.providers.media.scan.ModernMediaScanner$Scan.runInternal(ModernMediaScanner.java:402)
11-05 17:58:28.860 W/ModernMediaScanner( 1297): at com.android.providers.media.scan.ModernMediaScanner$Scan.run(ModernMediaScanner.java:391)
11-05 17:58:28.860 W/ModernMediaScanner( 1297): at com.android.providers.media.scan.ModernMediaScanner.scanDirectory(ModernMediaScanner.java:248)
11-05 17:58:28.860 W/ModernMediaScanner( 1297): at com.android.providers.media.MediaProvider.scanDirectory(MediaProvider.java:1271)
11-05 17:58:28.860 W/ModernMediaScanner( 1297): at com.android.providers.media.MediaService.onScanVolume(MediaService.java:194)
11-05 17:58:28.860 W/ModernMediaScanner( 1297): at com.android.providers.media.MediaService.onScanVolume(MediaService.java:162)
11-05 17:58:28.860 W/ModernMediaScanner( 1297): at com.android.providers.media.MediaService.onHandleWork(MediaService.java:95)
11-05 17:58:28.860 W/ModernMediaScanner( 1297): at androidx.core.app.JobIntentService$CommandProcessor.doInBackground(JobIntentService.java:396)
11-05 17:58:28.860 W/ModernMediaScanner( 1297): at androidx.core.app.JobIntentService$CommandProcessor.doInBackground(JobIntentService.java:387)
11-05 17:58:28.860 W/ModernMediaScanner( 1297): at android.os.AsyncTask$3.call(AsyncTask.java:394)
11-05 17:58:28.860 W/ModernMediaScanner( 1297): at java.util.concurrent.FutureTask.run(FutureTask.java:266)
11-05 17:58:28.860 W/ModernMediaScanner( 1297): at java.util.concurrent.ThreadPoolExecutor.runWorker(ThreadPoolExecutor.java:1167)
11-05 17:58:28.860 W/ModernMediaScanner( 1297): at java.util.concurrent.ThreadPoolExecutor$Worker.run(ThreadPoolExecutor.java:641)
11-05 17:58:28.860 W/ModernMediaScanner( 1297): at java.lang.Thread.run(Thread.java:920)
11-05 17:58:28.865 W/MediaProvider( 1297): getVolumePath for unknown volume: internal
11-05 17:58:28.868 I/EventThread( 261): type=1400 audit(0.0:2914): avc: denied { search } for name="extcon" dev="sysfs" ino=18103 scontext=u:r:hal_tv_cec_default:s0 tcontext=u:object_r:sysfs_extcon:s0 tclass=dir permissive=1
11-05 17:58:29.251 I/FuseDaemon( 1297): Background concurrent copying GC freed 474554(20MB) AllocSpace objects, 106(2200KB) LOS objects, 49% free, 2593KB/5186KB, paused 159us total 112.251ms
11-05 17:58:29.477 D/BufferPoolAccessor2.0( 520): bufferpool2 0xbcc46458 : 0(0 size) total buffers - 0(0 size) used buffers - 1/7 (recycle/alloc) - 6/42 (fetch/transfer)
11-05 17:58:29.477 D/BufferPoolAccessor2.0( 520): evictor expired: 1, evicted: 1
11-05 17:58:29.478 D/BufferPoolAccessor2.0( 377): evictor expired: 1, evicted: 0
11-05 17:58:29.851 W/IorapForwardingService( 520): No service published for: iorapd
11-05 17:58:30.018 D/hq ( 1799): NetWorkStateReceiver:::检查网络,并且持续更新 isConnect=false
11-05 17:58:30.477 D/BufferPoolAccessor2.0( 520): bufferpool2 0xe7349858 : 0(0 size) total buffers - 0(0 size) used buffers - 2/7 (recycle/alloc) - 5/50 (fetch/transfer)
11-05 17:58:30.477 D/BufferPoolAccessor2.0( 520): bufferpool2 0xe7fcf5d8 : 0(0 size) total buffers - 0(0 size) used buffers - 2/7 (recycle/alloc) - 5/60 (fetch/transfer)
11-05 17:58:30.477 D/BufferPoolAccessor2.0( 520): evictor expired: 8, evicted: 2
11-05 17:58:30.478 D/BufferPoolAccessor2.0( 377): bufferpool2 0xe8798698 : 0(0 size) total buffers - 0(0 size) used buffers - 19/23 (recycle/alloc) - 4/22 (fetch/transfer)
11-05 17:58:30.478 D/BufferPoolAccessor2.0( 377): bufferpool2 0xe8798058 : 0(0 size) total buffers - 0(0 size) used buffers - 18/19 (recycle/alloc) - 1/18 (fetch/transfer)
11-05 17:58:30.478 D/BufferPoolAccessor2.0( 377): bufferpool2 0xe8798418 : 0(0 size) total buffers - 0(0 size) used buffers - 24/28 (recycle/alloc) - 4/27 (fetch/transfer)
11-05 17:58:30.478 D/BufferPoolAccessor2.0( 377): evictor expired: 8, evicted: 3
11-05 17:58:30.509 D/mediaserver( 356): Time zone APEX ICU file found: /apex/com.android.tzdata/etc/icu/icu_tzdata.dat
11-05 17:58:30.510 D/mediaserver( 356): I18n APEX ICU file found: /apex/com.android.i18n/etc/icu/icudt68l.dat
11-05 17:58:30.856 W/IorapForwardingService( 520): No service published for: iorapd
11-05 17:58:31.094 W/ModernMediaScanner( 1297): Failed to apply ContentProviderOperation(type=insert uri=content://media/internal/file values={instance_id=null, compilation=null, disc_number=null, duration=5000, is_ringtone=1, album_artist=null, resolution=null, orientation=null, artist=pdx, author=null, height=null, is_drm=0, is_audiobook=0, date_modified=1762152415, writer=null, composer=null, _modifier=3, is_recording=0, datetaken=null, mime_type=audio/ogg, is_notification=0, bitrate=80000, cd_track_number=2d214aR2, xmp=[], year=null, _data=/product/media/audio/ringtones/hydra.ogg, _size=22962, album=ringtones, genre=null, is_alarm=0, title=Hydra, track=null, width=null, is_music=0, document_id=null, is_podcast=0, capture_framerate=null, num_tracks=1, original_document_id=null, media_type=2} exceptionAllowed)
11-05 17:58:31.094 W/ModernMediaScanner( 1297): android.database.sqlite.SQLiteConstraintException: UNIQUE constraint failed: files._data (code 2067 SQLITE_CONSTRAINT_UNIQUE)
11-05 17:58:31.094 W/ModernMediaScanner( 1297): at android.database.sqlite.SQLiteConnection.nativeExecuteForLastInsertedRowId(Native Method)
11-05 17:58:31.094 W/ModernMediaScanner( 1297): at android.database.sqlite.SQLiteConnection.executeForLastInsertedRowId(SQLiteConnection.java:940)
11-05 17:58:31.094 W/ModernMediaScanner( 1297): at android.database.sqlite.SQLiteSession.executeForLastInsertedRowId(SQLiteSession.java:790)
11-05 17:58:31.094 W/ModernMediaScanner( 1297): at android.database.sqlite.SQLiteStatement.executeInsert(SQLiteStatement.java:89)
11-05 17:58:31.094 W/ModernMediaScanner( 1297): at com.android.providers.media.util.DatabaseUtils.executeInsert(DatabaseUtils.java:457)
11-05 17:58:31.094 W/ModernMediaScanner( 1297): at com.android.providers.media.util.SQLiteQueryBuilder.insert(SQLiteQueryBuilder.java:611)
11-05 17:58:31.094 W/ModernMediaScanner( 1297): at com.android.providers.media.util.SQLiteQueryBuilder.lambda$insert$1(SQLiteQueryBuilder.java:575)
11-05 17:58:31.094 W/ModernMediaScanner( 1297): at com.android.providers.media.util.SQLiteQueryBuilder.$r8$lambda$J8sHyRt4f9G-jpErUkeO-jG4Hmw(Unknown Source:0)
11-05 17:58:31.094 W/ModernMediaScanner( 1297): at com.android.providers.media.util.SQLiteQueryBuilder$$ExternalSyntheticLambda1.apply(Unknown Source:6)
11-05 17:58:31.094 W/ModernMediaScanner( 1297): at com.android.providers.media.DatabaseHelper.runWithTransaction(DatabaseHelper.java:574)
11-05 17:58:31.094 W/ModernMediaScanner( 1297): at com.android.providers.media.util.SQLiteQueryBuilder.insert(SQLiteQueryBuilder.java:574)
11-05 17:58:31.094 W/ModernMediaScanner( 1297): at com.android.providers.media.MediaProvider.lambda$insertAllowingUpsert$16(MediaProvider.java:3959)
11-05 17:58:31.094 W/ModernMediaScanner( 1297): at com.android.providers.media.MediaProvider.$r8$lambda$D66PPVN7oPbfQ5uf1pNwLJSEApc(Unknown Source:0)
11-05 17:58:31.094 W/ModernMediaScanner( 1297): at com.android.providers.media.MediaProvider$$ExternalSyntheticLambda26.apply(Unknown Source:13)
11-05 17:58:31.094 W/ModernMediaScanner( 1297): at com.android.providers.media.DatabaseHelper.runWithTransaction(DatabaseHelper.java:574)
11-05 17:58:31.094 W/ModernMediaScanner( 1297): at com.android.providers.media.MediaProvider.insertAllowingUpsert(MediaProvider.java:3949)
11-05 17:58:31.094 W/ModernMediaScanner( 1297): at com.android.providers.media.MediaProvider.insertFile(MediaProvider.java:3931)
11-05 17:58:31.094 W/ModernMediaScanner( 1297): at com.android.providers.media.MediaProvider.insertInternal(MediaProvider.java:4391)
11-05 17:58:31.094 W/ModernMediaScanner( 1297): at com.android.providers.media.MediaProvider.insert(MediaProvider.java:4091)
11-05 17:58:31.094 W/ModernMediaScanner( 1297): at android.content.ContentProviderOperation.applyInternal(ContentProviderOperation.java:375)
11-05 17:58:31.094 W/ModernMediaScanner( 1297): at android.content.ContentProviderOperation.apply(ContentProviderOperation.java:347)
11-05 17:58:31.094 W/ModernMediaScanner( 1297): at android.content.ContentProvider.applyBatch(ContentProvider.java:2438)
11-05 17:58:31.094 W/ModernMediaScanner( 1297): at com.android.providers.media.MediaProvider.applyBatch(MediaProvider.java:4443)
11-05 17:58:31.094 W/ModernMediaScanner( 1297): at android.content.ContentProvider.applyBatch(ContentProvider.java:2429)
11-05 17:58:31.094 W/ModernMediaScanner( 1297): at android.content.ContentResolver.applyBatch(ContentResolver.java:2230)
11-05 17:58:31.094 W/ModernMediaScanner( 1297): at com.android.providers.media.scan.ModernMediaScanner$Scan.applyPending(ModernMediaScanner.java:924)
11-05 17:58:31.094 W/ModernMediaScanner( 1297): at com.android.providers.media.scan.ModernMediaScanner$Scan.maybeApplyPending(ModernMediaScanner.java:914)
11-05 17:58:31.094 W/ModernMediaScanner( 1297): at com.android.providers.media.scan.ModernMediaScanner$Scan.visitFile(ModernMediaScanner.java:820)
11-05 17:58:31.094 W/ModernMediaScanner( 1297): at com.android.providers.media.scan.ModernMediaScanner$Scan.visitFile(ModernMediaScanner.java:320)
11-05 17:58:31.094 W/ModernMediaScanner( 1297): at java.nio.file.Files.walkFileTree(Files.java:2670)
11-05 17:58:31.094 W/ModernMediaScanner( 1297): at java.nio.file.Files.walkFileTree(Files.java:2742)
11-05 17:58:31.094 W/ModernMediaScanner( 1297): at com.android.providers.media.scan.ModernMediaScanner$Scan.walkFileTree(ModernMediaScanner.java:439)
11-05 17:58:31.094 W/ModernMediaScanner( 1297): at com.android.providers.media.scan.ModernMediaScanner$Scan.runInternal(ModernMediaScanner.java:402)
11-05 17:58:31.094 W/ModernMediaScanner( 1297): at com.android.providers.media.scan.ModernMediaScanner$Scan.run(ModernMediaScanner.java:391)
11-05 17:58:31.094 W/ModernMediaScanner( 1297): at com.android.providers.media.scan.ModernMediaScanner.scanDirectory(ModernMediaScanner.java:248)
11-05 17:58:31.094 W/ModernMediaScanner( 1297): at com.android.providers.media.MediaProvider.scanDirectory(MediaProvider.java:1271)
11-05 17:58:31.094 W/ModernMediaScanner( 1297): at com.android.providers.media.MediaService.onScanVolume(MediaService.java:194)
11-05 17:58:31.094 W/ModernMediaScanner( 1297): at com.android.providers.media.MediaService.onScanVolume(MediaService.java:162)
11-05 17:58:31.094 W/ModernMediaScanner( 1297): at com.android.providers.media.MediaService.onHandleWork(MediaService.java:95)
11-05 17:58:31.094 W/ModernMediaScanner( 1297): at androidx.core.app.JobIntentService$CommandProcessor.doInBackground(JobIntentService.java:396)
11-05 17:58:31.094 W/ModernMediaScanner( 1297): at androidx.core.app.JobIntentService$CommandProcessor.doInBackground(JobIntentService.java:387)
11-05 17:58:31.094 W/ModernMediaScanner( 1297): at android.os.AsyncTask$3.call(AsyncTask.java:394)
11-05 17:58:31.094 W/ModernMediaScanner( 1297): at java.util.concurrent.FutureTask.run(FutureTask.java:266)
11-05 17:58:31.094 W/ModernMediaScanner( 1297): at java.util.concurrent.ThreadPoolExecutor.runWorker(ThreadPoolExecutor.java:1167)
11-05 17:58:31.094 W/ModernMediaScanner( 1297): at java.util.concurrent.ThreadPoolExecutor$Worker.run(ThreadPoolExecutor.java:641)
11-05 17:58:31.094 W/ModernMediaScanner( 1297): at java.lang.Thread.run(Thread.java:920)
11-05 17:58:31.491 I/crashsdk( 2111): crashsdk uploading logs
11-05 17:58:31.858 W/IorapForwardingService( 520): No service published for: iorapd
11-05 17:58:31.952 W/ActivityManager( 520): Ignoring remove of inactive process: ProcessRecord{1c02a03 0:com.android.tv.common/u0a57}
11-05 17:58:31.963 I/BLEAudioDrive_HV410( 247): data len: 9 1
11-05 17:58:31.964 D/TvWindowManager( 520): key event key = KEYCODE_DPAD_RIGHT down = true
11-05 17:58:31.965 D/GpioService( 520): mFlickerEnable = true
11-05 17:58:31.967 I/SogouIME( 2976): onKeyDown: keyoCode=22
11-05 17:58:31.968 I/DefaultIMS( 2976): onKeyDown: keyoCode=22
11-05 17:58:32.020 D/hq ( 1799): NetWorkStateReceiver:::检查网络,并且持续更新 isConnect=false
11-05 17:58:32.144 I/BLEAudioDrive_HV410( 247): data len: 9 1
11-05 17:58:32.144 I/BLEAudioDrive_HV410( 247): keyboard stop
11-05 17:58:32.144 D/TvWindowManager( 520): key event key = KEYCODE_DPAD_RIGHT down = false
11-05 17:58:32.147 I/SogouIME( 2976): onKeyUp: keyoCode=22
11-05 17:58:32.147 I/DefaultIMS( 2976): onKeyUp: keyoCode=22
11-05 17:58:32.273 W/NotificationHistory( 520): Attempted to add notif for locked/gone/disabled user 0
11-05 17:58:32.276 V/TvNotificationHandler( 749): Notification not added because it isn't relevant for tv
11-05 17:58:32.349 I/logd ( 793): start watching /data/system/packages.list ...
11-05 17:58:32.351 I/logd ( 793): ReadPackageList, total packages: 82
11-05 17:58:32.419 I/awplayer( 356): : isPlaying
11-05 17:58:32.419 D/awplayer( 356): : reset
11-05 17:58:32.420 W/awplayer( 356): : reset...
11-05 17:58:32.421 D/awplayer( 356): : ****** PlayerStop
11-05 17:58:32.421 D/awplayer( 356): : audio render receive cmd: stop
11-05 17:58:32.421 I/awplayer( 356): : audio render process stop message.
11-05 17:58:32.421 D/awplayer( 356): : stop sound devide.
11-05 17:58:32.421 D/awplayer( 356): <__SdStop:561>: : stop
11-05 17:58:32.423 D/awplayer( 356): : audio decoder receive cmd: stop
11-05 17:58:32.423 D/awplayer( 356): : destroy libadecoder...
11-05 17:58:32.423 D/Allwinner Audio Libs( 356): ver : 2017-8-4-18-00 exit successs...
11-05 17:58:32.424 D/AllwinnerAlibs( 356): ver : 2017-8-4-18-00 ----dlclose so success!
11-05 17:58:32.424 D/awplayer( 356): : ****** PlayerStop end
11-05 17:58:32.424 D/awplayer( 356): : audio render receive cmd: quit
11-05 17:58:32.424 D/awplayer( 356): : audio render process quit message.
11-05 17:58:32.424 D/awplayer( 356): : stop sound devide.
11-05 17:58:32.424 D/awplayer( 356): <__SdStop:561>: : stop
11-05 17:58:32.424 W/awplayer( 356): : Sound device already stopped.
11-05 17:58:32.425 D/awplayer( 356): : audio decoder receive cmd: quit
11-05 17:58:32.425 D/awplayer( 356): : libadecoder.so close success......
11-05 17:58:32.426 D/awplayer( 356): : reset
11-05 17:58:32.428 W/awplayer( 356): : reset...
11-05 17:58:32.428 D/awplayer( 356): : ****** PlayerStop
11-05 17:58:32.428 E/awplayer( 356): : invalid stop operation, player already in stopped status.
11-05 17:58:32.428 W/awplayer( 356): : XPlayerDestroy
11-05 17:58:32.428 W/awplayer( 356): : reset...
11-05 17:58:32.428 D/awplayer( 356): : ****** PlayerStop
11-05 17:58:32.428 E/awplayer( 356): : invalid stop operation, player already in stopped status.
11-05 17:58:32.429 D/awplayer( 356): <__SdDestroy:110>: : destroy
11-05 17:58:32.429 D/awplayer( 356): <~AwPlayer:344>: ~AwPlayer
11-05 17:58:32.429 V/MediaPlayer( 975): resetDrmState: mDrmInfo=null mDrmProvisioningThread=null mPrepareDrmInProgress=false mActiveDrmScheme=false
11-05 17:58:32.430 V/MediaPlayer( 975): cleanDrmObj: mDrmObj=null mDrmSessionId=null
11-05 17:58:32.444 I/WifiService( 520): startScan uid=10026
11-05 17:58:32.447 V/MediaPlayer( 975): resetDrmState: mDrmInfo=null mDrmProvisioningThread=null mPrepareDrmInProgress=false mActiveDrmScheme=false
11-05 17:58:32.447 V/MediaPlayer( 975): cleanDrmObj: mDrmObj=null mDrmSessionId=null
11-05 17:58:32.463 W/MediaProvider( 1297): Failed to fetch original file descriptor
11-05 17:58:32.463 W/MediaProvider( 1297): java.io.FileNotFoundException: Input file descriptor is already original
11-05 17:58:32.463 W/MediaProvider( 1297): at com.android.providers.media.MediaProvider.getOriginalMediaFormatFileDescriptor(MediaProvider.java:5774)
11-05 17:58:32.463 W/MediaProvider( 1297): at com.android.providers.media.MediaProvider.openTypedAssetFileCommon(MediaProvider.java:7190)
11-05 17:58:32.463 W/MediaProvider( 1297): at com.android.providers.media.MediaProvider.openTypedAssetFile(MediaProvider.java:7171)
11-05 17:58:32.463 W/MediaProvider( 1297): at android.content.ContentProvider$Transport.openTypedAssetFile(ContentProvider.java:548)
11-05 17:58:32.463 W/MediaProvider( 1297): at android.content.ContentProviderNative.onTransact(ContentProviderNative.java:327)
11-05 17:58:32.463 W/MediaProvider( 1297): at android.os.Binder.execTransactInternal(Binder.java:1184)
11-05 17:58:32.463 W/MediaProvider( 1297): at android.os.Binder.execTransact(Binder.java:1143)
11-05 17:58:32.465 D/MediaPlayerFactory( 356): Initialize getpersist = 0 value=
11-05 17:58:32.465 D/awplayer( 356): : AwPlayer construct.
11-05 17:58:32.465 D/awplayer( 356): : XPlayerCreate.
11-05 17:58:32.465 D/awplayer( 356): :
11-05 17:58:32.465 D/awplayer( 356): >>>>>>>>>>>>>>>>>>>>>>>>>>>>>>> CedarX <<<<<<<<<<<<<<<<<<<<<<<<<<<<<<<
11-05 17:58:32.465 D/awplayer( 356): tag : CedarX-2.8.0
11-05 17:58:32.465 D/awplayer( 356): branch: master
11-05 17:58:32.465 D/awplayer( 356): commit: 967535b8ff6a073cb4f38e85a4ae5fa6008014d8
11-05 17:58:32.465 D/awplayer( 356): date : Mon, 15 May 2017 01:30:22 +0000 (09:30 +0800)
11-05 17:58:32.465 D/awplayer( 356): author:
11-05 17:58:32.465 D/awplayer( 356): ----------------------------------------------------------------------
11-05 17:58:32.467 D/awplayer( 356): : ==== process message XPLAYER_COMMAND_SET_SUBCTRL.
11-05 17:58:32.467 D/awplayer( 356): : set deinterlace
11-05 17:58:32.467 D/awplayer( 356): : ==== process message XPLAYER_COMMAND_SET_SUBCTRL.
11-05 17:58:32.470 D/awplayer( 356): : : init
11-05 17:58:32.471 I/awplayer( 356): : process message XPLAYER_COMMAND_SET_SOURCE.
11-05 17:58:32.471 D/awplayer( 356): : prepare
11-05 17:58:32.471 D/awplayer( 356): : process message XPLAYER_COMMAND_PREPARE. mPriData->mStatus: 1
11-05 17:58:32.471 D/demuxComponent( 356): : process message DEMUX_COMMAND_PREPARE.
11-05 17:58:32.471 D/awplayer( 356): : source uri 'fd://6?offset=6794100&length=15627'
11-05 17:58:32.471 D/awplayer( 356): <__FileStreamConnect:463>: (10/6794100/15627) path:'file:///system/priv-app/dangbei-boot-guide/dangbei-boot-guide.apk'
11-05 17:58:32.472 E/awplayer( 356): <__FlacParserProbe:1096>: Flac probe failed.
11-05 17:58:32.473 D/awplayer( 356): : Wav parser : skipped ID3 tag, new starting offset is 291 (0x0000000000000123)
11-05 17:58:32.473 D/awplayer( 356): : Wav parser : this is ID3 first : 291
11-05 17:58:32.473 D/awplayer( 356): <__WvParserProbe:575>: __WvParserProbe: I
11-05 17:58:32.473 D/awplayer( 356): <__WvParserProbe:575>: __WvParserProbe: D
11-05 17:58:32.473 D/awplayer( 356): <__WvParserProbe:575>: __WvParserProbe: 3
11-05 17:58:32.473 D/awplayer( 356): <__WvParserProbe:575>: __WvParserProbe: 
11-05 17:58:32.473 E/awplayer( 356): <__CafParserProbe:567>: Caf probe failed.
11-05 17:58:32.473 E/awplayer( 356): <__G729ParserProbe:290>: g729 SYNC_WORD probe failed.
11-05 17:58:32.473 W/awplayer( 356): : audio probe fail!!!
11-05 17:58:32.473 I/awplayer( 356): <__AiffParserProbe:805>: wav probe failed.
11-05 17:58:32.473 D/awplayer( 356): : Good, it's 'id3v2'
11-05 17:58:32.473 E/awplayer( 356): <__FlacParserProbe:1096>: Flac probe failed.
11-05 17:58:32.473 D/awplayer( 356): : Good, it's 'mp3'
11-05 17:58:32.474 W/awplayer( 356): : not implement...(18)
11-05 17:58:32.474 D/awplayer( 356): : *********PrintMediaInfo begin*********
11-05 17:58:32.474 D/awplayer( 356): : fileSize = 15627, bSeekable = 1, duration = 2520, audioNum = 1, videoNum = 0, subtitleNum = 0
11-05 17:58:32.474 D/awplayer( 356): : ***Audio[0]*** eCodecFormat = 0x3, eSubCodecFormat = 0x0, nChannelNum = 1, nBitsPerSample = 0, nSampleRate = 16000
11-05 17:58:32.474 D/awplayer( 356): : *********PrintMediaInfo end*********
11-05 17:58:32.474 D/demuxComponent( 356): : *********PrintMediaInfo begin*********
11-05 17:58:32.474 D/demuxComponent( 356): : fileSize = 15627, bSeekable = 1, duration = 2520, audioNum = 1, videoNum = 0, subtitleNum = 0
11-05 17:58:32.474 D/demuxComponent( 356): : ***Audio[0]*** eCodecFormat = 0x3, eSubCodecFormat = 0x0, nChannelNum = 1, nBitsPerSample = 0, nSampleRate = 16000
11-05 17:58:32.474 D/demuxComponent( 356): : *********PrintMediaInfo end*********
11-05 17:58:32.476 D/awplayer( 356): : audio render component setting AudioSink
11-05 17:58:32.477 D/awplayer( 356): : prepareAsync
11-05 17:58:32.478 D/awplayer( 356): : prepareAsync
11-05 17:58:32.478 D/awplayer( 356): : process message XPLAYER_COMMAND_PREPARE. mPriData->mStatus: 4
11-05 17:58:32.565 W/System.err( 975): java.lang.NullPointerException: Attempt to invoke virtual method 'boolean android.graphics.Bitmap.isRecycled()' on a null object reference
11-05 17:58:32.569 W/System.err( 975): at android.graphics.BaseCanvas.throwIfCannotDraw(BaseCanvas.java:73)
11-05 17:58:32.569 W/System.err( 975): at android.graphics.RecordingCanvas.throwIfCannotDraw(RecordingCanvas.java:263)
11-05 17:58:32.569 W/System.err( 975): at android.graphics.BaseRecordingCanvas.drawBitmap(BaseRecordingCanvas.java:75)
11-05 17:58:32.569 W/System.err( 975): at com.dangbei.hqguide.main.view.LoginQrView.onDraw(LoginQrView.java:94)
11-05 17:58:32.570 W/System.err( 975): at android.view.View.draw(View.java:22644)
11-05 17:58:32.570 W/System.err( 975): at android.view.View.updateDisplayListIfDirty(View.java:21519)
11-05 17:58:32.570 W/System.err( 975): at android.view.View.draw(View.java:22375)
11-05 17:58:32.570 W/System.err( 975): at android.view.ViewGroup.drawChild(ViewGroup.java:4528)
11-05 17:58:32.570 W/System.err( 975): at android.view.ViewGroup.dispatchDraw(ViewGroup.java:4289)
11-05 17:58:32.570 W/System.err( 975): at android.view.View.draw(View.java:22647)
11-05 17:58:32.570 W/System.err( 975): at android.view.View.updateDisplayListIfDirty(View.java:21519)
11-05 17:58:32.571 W/System.err( 975): at android.view.View.draw(View.java:22375)
11-05 17:58:32.571 W/System.err( 975): at android.view.ViewGroup.drawChild(ViewGroup.java:4528)
11-05 17:58:32.571 W/System.err( 975): at android.view.ViewGroup.dispatchDraw(ViewGroup.java:4289)
11-05 17:58:32.571 W/System.err( 975): at android.view.View.draw(View.java:22647)
11-05 17:58:32.571 W/System.err( 975): at androidx.viewpager.widget.ViewPager.draw(ViewPager.java:2426)
11-05 17:58:32.571 W/System.err( 975): at android.view.View.updateDisplayListIfDirty(View.java:21519)
11-05 17:58:32.571 W/System.err( 975): at android.view.View.draw(View.java:22375)
11-05 17:58:32.572 W/System.err( 975): at android.view.ViewGroup.drawChild(ViewGroup.java:4528)
11-05 17:58:32.572 W/System.err( 975): at android.view.ViewGroup.dispatchDraw(ViewGroup.java:4289)
11-05 17:58:32.572 W/System.err( 975): at androidx.constraintlayout.widget.ConstraintLayout.dispatchDraw(ConstraintLayout.java:1882)
11-05 17:58:32.572 W/System.err( 975): at android.view.View.draw(View.java:22647)
11-05 17:58:32.572 W/System.err( 975): at android.view.View.updateDisplayListIfDirty(View.java:21519)
11-05 17:58:32.572 W/System.err( 975): at android.view.View.draw(View.java:22375)
11-05 17:58:32.572 W/System.err( 975): at android.view.ViewGroup.drawChild(ViewGroup.java:4528)
11-05 17:58:32.573 W/System.err( 975): at android.view.ViewGroup.dispatchDraw(ViewGroup.java:4289)
11-05 17:58:32.573 W/System.err( 975): at android.view.View.draw(View.java:22647)
11-05 17:58:32.573 W/System.err( 975): at android.view.View.updateDisplayListIfDirty(View.java:21519)
11-05 17:58:32.573 W/System.err( 975): at android.view.View.draw(View.java:22375)
11-05 17:58:32.573 W/System.err( 975): at android.view.ViewGroup.drawChild(ViewGroup.java:4528)
11-05 17:58:32.573 W/System.err( 975): at android.view.ViewGroup.dispatchDraw(ViewGroup.java:4289)
11-05 17:58:32.573 W/System.err( 975): at android.view.View.draw(View.java:22647)
11-05 17:58:32.573 W/System.err( 975): at androidx.appcompat.widget.ActionBarOverlayLayout.draw(ActionBarOverlayLayout.java:543)
11-05 17:58:32.574 W/System.err( 975): at android.view.View.updateDisplayListIfDirty(View.java:21519)
11-05 17:58:32.574 W/System.err( 975): at android.view.View.draw(View.java:22375)
11-05 17:58:32.574 W/System.err( 975): at android.view.ViewGroup.drawChild(ViewGroup.java:4528)
11-05 17:58:32.574 W/System.err( 975): at android.view.ViewGroup.dispatchDraw(ViewGroup.java:4289)
11-05 17:58:32.574 W/System.err( 975): at android.view.View.draw(View.java:22647)
11-05 17:58:32.574 W/System.err( 975): at android.view.View.updateDisplayListIfDirty(View.java:21519)
11-05 17:58:32.574 W/System.err( 975): at android.view.View.draw(View.java:22375)
11-05 17:58:32.575 W/System.err( 975): at android.view.ViewGroup.drawChild(ViewGroup.java:4528)
11-05 17:58:32.575 W/System.err( 975): at android.view.ViewGroup.dispatchDraw(ViewGroup.java:4289)
11-05 17:58:32.575 W/System.err( 975): at android.view.View.draw(View.java:22647)
11-05 17:58:32.575 W/System.err( 975): at android.view.View.updateDisplayListIfDirty(View.java:21519)
11-05 17:58:32.575 W/System.err( 975): at android.view.View.draw(View.java:22375)
11-05 17:58:32.575 W/System.err( 975): at android.view.ViewGroup.drawChild(ViewGroup.java:4528)
11-05 17:58:32.575 W/System.err( 975): at android.view.ViewGroup.dispatchDraw(ViewGroup.java:4289)
11-05 17:58:32.576 W/System.err( 975): at android.view.View.draw(View.java:22647)
11-05 17:58:32.576 W/System.err( 975): at com.android.internal.policy.DecorView.draw(DecorView.java:820)
11-05 17:58:32.576 W/System.err( 975): at android.view.View.updateDisplayListIfDirty(View.java:21519)
11-05 17:58:32.576 W/System.err( 975): at android.view.ThreadedRenderer.updateViewTreeDisplayList(ThreadedRenderer.java:534)
11-05 17:58:32.576 W/System.err( 975): at android.view.ThreadedRenderer.updateRootDisplayList(ThreadedRenderer.java:540)
11-05 17:58:32.576 W/System.err( 975): at android.view.ThreadedRenderer.draw(ThreadedRenderer.java:616)
11-05 17:58:32.576 W/System.err( 975): at android.view.ViewRootImpl.draw(ViewRootImpl.java:4449)
11-05 17:58:32.577 W/System.err( 975): at android.view.ViewRootImpl.performDraw(ViewRootImpl.java:4177)
11-05 17:58:32.577 W/System.err( 975): at android.view.ViewRootImpl.performTraversals(ViewRootImpl.java:3337)
11-05 17:58:32.577 W/System.err( 975): at android.view.ViewRootImpl.doTraversal(ViewRootImpl.java:2157)
11-05 17:58:32.577 W/System.err( 975): at android.view.ViewRootImpl$TraversalRunnable.run(ViewRootImpl.java:8680)
11-05 17:58:32.577 W/System.err( 975): at android.view.Choreographer$CallbackRecord.run(Choreographer.java:1037)
11-05 17:58:32.577 W/System.err( 975): at android.view.Choreographer.doCallbacks(Choreographer.java:845)
