11-05 17:58:08.976 I/xiriservice_All( 313): type=1400 audit(0.0:427): avc: denied { search } for name="com.android.cts.priv.ctsshim" dev="mmcblk0p25" ino=569 scontext=u:r:init:s0 tcontext=u:object_r:privapp_data_file:s0:c512,c768 tclass=dir permissive=1
11-05 17:58:08.978 D/XiriService( 313): check file name: /data/data/com.android.cts.priv.ctsshim/lib
11-05 17:58:08.976 I/xiriservice_All( 313): type=1400 audit(0.0:428): avc: denied { read } for name="lib" dev="mmcblk0p25" ino=1704 scontext=u:r:init:s0 tcontext=u:object_r:privapp_data_file:s0:c512,c768 tclass=lnk_file permissive=1
11-05 17:58:08.982 D/XiriService( 313): check file name: /data/data/com.android.cts.priv.ctsshim/lib
11-05 17:58:08.982 D/XiriService( 313): check file name: /data/data/com.android.cts.priv.ctsshim/lib
11-05 17:58:08.982 D/XiriService( 313): check file name: /data/data/com.android.cts.priv.ctsshim/lib
11-05 17:58:08.982 D/XiriService( 313): check file name: /data/data/com.android.cts.priv.ctsshim/lib
11-05 17:58:08.983 D/XiriService( 313): check file name: /data/data/com.android.dynsystem/lib
11-05 17:58:08.983 D/XiriService( 313): check file name: /data/data/com.android.dynsystem/lib
11-05 17:58:08.980 I/xiriservice_All( 313): type=1400 audit(0.0:429): avc: denied { search } for name="com.android.dynsystem" dev="mmcblk0p25" ino=577 scontext=u:r:init:s0 tcontext=u:object_r:system_app_data_file:s0 tclass=dir permissive=1
11-05 17:58:08.984 D/XiriService( 313): check file name: /data/data/com.android.dynsystem/lib
11-05 17:58:08.980 I/xiriservice_All( 313): type=1400 audit(0.0:430): avc: denied { read } for name="lib" dev="mmcblk0p25" ino=1706 scontext=u:r:init:s0 tcontext=u:object_r:system_app_data_file:s0 tclass=lnk_file permissive=1
11-05 17:58:08.987 D/XiriService( 313): check file name: /data/data/com.android.dynsystem/lib
11-05 17:58:08.988 D/XiriService( 313): check file name: /data/data/com.dangbei.lerad.rocky/lib
11-05 17:58:08.991 D/XiriService( 313): check file name: /data/data/com.dangbei.lerad.rocky/lib
11-05 17:58:08.995 D/XiriService( 313): check file name: /data/data/com.android.tv.settings/lib
11-05 17:58:08.995 D/XiriService( 313): check file name: /data/data/com.android.tv.settings/lib
11-05 17:58:08.996 D/XiriService( 313): check file name: /data/data/com.android.tv.settings/lib
11-05 17:58:08.996 D/XiriService( 313): check file name: /data/data/com.android.tv.settings/lib
11-05 17:58:08.999 D/XiriService( 313): check file name: /data/data/com.android.tv.settings/lib
11-05 17:58:09.000 D/XiriService( 313): check file name: /data/data/com.android.tv.settings/lib
11-05 17:58:09.000 D/XiriService( 313): check file name: /data/data/com.android.tv.settings/lib
11-05 17:58:09.000 D/XiriService( 313): check file name: /data/data/com.android.tv.settings/lib
11-05 17:58:09.005 D/XiriService( 313): check file name: /data/data/com.oranth.factory/lib
11-05 17:58:09.005 D/XiriService( 313): check file name: /data/data/com.oranth.factory/lib
11-05 17:58:09.005 D/XiriService( 313): check file name: /data/data/com.oranth.factory/lib
11-05 17:58:09.006 D/XiriService( 313): check file name: /data/data/com.oranth.factory/lib
11-05 17:58:09.010 D/XiriService( 313): check file name: /data/data/com.oranth.factory/lib
11-05 17:58:09.010 D/XiriService( 313): check file name: /data/data/com.oranth.factory/lib
11-05 17:58:09.015 D/XiriService( 313): check file name: /data/data/com.dangbei.zhushou.os/lib
11-05 17:58:09.015 D/XiriService( 313): check file name: /data/data/com.dangbei.zhushou.os/lib
11-05 17:58:09.016 D/XiriService( 313): check file name: /data/data/com.dangbei.zhushou.os/lib
11-05 17:58:09.016 D/XiriService( 313): check file name: /data/data/com.dangbei.zhushou.os/lib
11-05 17:58:09.020 D/XiriService( 313): check file name: /data/data/com.dangbei.zhushou.os/lib
11-05 17:58:09.020 D/XiriService( 313): check file name: /data/data/com.dangbei.zhushou.os/lib
11-05 17:58:09.020 D/XiriService( 313): check file name: /data/data/com.dangbei.zhushou.os/lib
11-05 17:58:09.039 D/XiriService( 313): check file name: /data/data/com.sohu.inputmethod.sogou.tv/lib
11-05 17:58:09.036 I/xiriservice_All( 313): type=1400 audit(0.0:431): avc: denied { search } for name="com.sohu.inputmethod.sogou.tv" dev="mmcblk0p25" ino=1408 scontext=u:r:init:s0 tcontext=u:object_r:app_data_file:s0:c52,c256,c512,c768 tclass=dir permissive=1
11-05 17:58:09.036 I/xiriservice_All( 313): type=1400 audit(0.0:432): avc: denied { read } for name="lib" dev="mmcblk0p25" ino=1716 scontext=u:r:init:s0 tcontext=u:object_r:app_data_file:s0:c52,c256,c512,c768 tclass=lnk_file permissive=1
11-05 17:58:09.045 D/XiriService( 313): check file name: /data/data/com.sohu.inputmethod.sogou.tv/lib
11-05 17:58:09.070 D/XiriService( 313): check file name: /data/data/com.oranth.ledstatus/lib
11-05 17:58:09.070 D/XiriService( 313): check file name: /data/data/com.oranth.ledstatus/lib
11-05 17:58:09.070 D/XiriService( 313): check file name: /data/data/com.oranth.ledstatus/lib
11-05 17:58:09.070 D/XiriService( 313): check file name: /data/data/com.oranth.ledstatus/lib
11-05 17:58:09.074 D/XiriService( 313): check file name: /data/data/com.oranth.ledstatus/lib
11-05 17:58:09.074 D/XiriService( 313): check file name: /data/data/com.oranth.ledstatus/lib
11-05 17:58:09.075 D/XiriService( 313): check file name: /data/data/com.oranth.ledstatus/lib
11-05 17:58:09.075 D/XiriService( 313): check file name: /data/data/com.oranth.ledstatus/lib
11-05 17:58:09.076 D/XiriService( 313): check file name: /data/data/com.dangbei.lerad.videoposter/lib
11-05 17:58:09.076 D/XiriService( 313): check file name: /data/data/com.dangbei.lerad.videoposter/lib
11-05 17:58:09.072 I/xiriservice_All( 313): type=1400 audit(0.0:433): avc: denied { search } for name="com.dangbei.lerad.videoposter" dev="mmcblk0p25" ino=748 scontext=u:r:init:s0 tcontext=u:object_r:app_data_file:s0:c512,c768 tclass=dir permissive=1
11-05 17:58:09.077 D/XiriService( 313): check file name: /data/data/com.dangbei.lerad.videoposter/lib
11-05 17:58:09.076 I/xiriservice_All( 313): type=1400 audit(0.0:434): avc: denied { read } for name="lib" dev="mmcblk0p25" ino=1720 scontext=u:r:init:s0 tcontext=u:object_r:app_data_file:s0:c512,c768 tclass=lnk_file permissive=1
11-05 17:58:09.082 D/XiriService( 313): check file name: /data/data/com.dangbei.lerad.videoposter/lib
11-05 17:58:09.091 D/XiriService( 313): check file name: /data/data/com.android.networkstack/lib
11-05 17:58:09.092 D/XiriService( 313): check file name: /data/data/com.android.networkstack/lib
11-05 17:58:09.092 D/XiriService( 313): check file name: /data/data/com.android.networkstack/lib
11-05 17:58:09.092 D/XiriService( 313): check file name: /data/data/com.android.networkstack/lib
11-05 17:58:09.088 I/xiriservice_All( 313): type=1400 audit(0.0:435): avc: denied { read } for name="lib" dev="mmcblk0p25" ino=1722 scontext=u:r:init:s0 tcontext=u:object_r:radio_data_file:s0 tclass=lnk_file permissive=1
11-05 17:58:09.095 D/XiriService( 313): check file name: /data/data/com.android.networkstack/lib
11-05 17:58:09.096 D/XiriService( 313): check file name: /data/data/com.android.networkstack/lib
11-05 17:58:09.096 D/XiriService( 313): check file name: /data/data/com.android.networkstack/lib
11-05 17:58:09.114 D/XiriService( 313): check file name: /data/data/android/lib
11-05 17:58:09.114 D/XiriService( 313): check file name: /data/data/android/lib
11-05 17:58:09.115 D/XiriService( 313): check file name: /data/data/android/lib
11-05 17:58:09.115 D/XiriService( 313): check file name: /data/data/android/lib
11-05 17:58:09.117 D/XiriService( 313): check file name: /data/data/android/lib
11-05 17:58:09.117 D/XiriService( 313): check file name: /data/data/android/lib
11-05 17:58:09.118 D/XiriService( 313): check file name: /data/data/android/lib
11-05 17:58:09.148 D/XiriService( 313): check file name: /data/data/com.dangbei.screencast/lib
11-05 17:58:09.148 D/XiriService( 313): check file name: /data/data/com.dangbei.screencast/lib
11-05 17:58:09.149 D/XiriService( 313): check file name: /data/data/com.dangbei.screencast/lib
11-05 17:58:09.149 D/XiriService( 313): check file name: /data/data/com.dangbei.screencast/lib
11-05 17:58:09.152 D/XiriService( 313): check file name: /data/data/com.dangbei.screencast/lib
11-05 17:58:09.152 D/XiriService( 313): check file name: /data/data/com.dangbei.screencast/lib
11-05 17:58:09.153 D/XiriService( 313): check file name: /data/data/com.dangbei.screencast/lib
11-05 17:58:09.153 D/XiriService( 313): check file name: /data/data/com.dangbei.screencast/lib
11-05 17:58:09.163 D/XiriService( 313): check file name: /data/data/com.dangbei.leard.leradlauncher/lib
11-05 17:58:09.164 D/XiriService( 313): check file name: /data/data/com.dangbei.leard.leradlauncher/lib
11-05 17:58:09.164 D/XiriService( 313): check file name: /data/data/com.dangbei.leard.leradlauncher/lib
11-05 17:58:09.168 D/XiriService( 313): check file name: /data/data/com.dangbei.leard.leradlauncher/lib
11-05 17:58:09.168 D/XiriService( 313): check file name: /data/data/com.dangbei.leard.leradlauncher/lib
11-05 17:58:09.169 D/XiriService( 313): check file name: /data/data/com.dangbei.leard.leradlauncher/lib
11-05 17:58:09.169 D/XiriService( 313): check file name: /data/data/com.dangbei.leard.leradlauncher/lib
11-05 17:58:09.170 D/XiriService( 313): check file name: /data/data/com.android.providers.settings/lib
11-05 17:58:09.172 D/XiriService( 313): check file name: /data/data/com.android.providers.settings/lib
11-05 17:58:09.176 D/XiriService( 313): check file name: /data/data/com.android.providers.settings/lib
11-05 17:58:09.176 D/XiriService( 313): check file name: /data/data/com.android.providers.settings/lib
11-05 17:58:09.177 D/XiriService( 313): check file name: /data/data/com.android.providers.settings/lib
11-05 17:58:09.177 D/XiriService( 313): check file name: /data/data/com.android.providers.settings/lib
11-05 17:58:09.181 D/XiriService( 313): check file name: /data/data/com.android.printspooler/lib
11-05 17:58:09.180 I/xiriservice_All( 313): type=1400 audit(0.0:436): avc: denied { search } for name="com.android.printspooler" dev="mmcblk0p25" ino=934 scontext=u:r:init:s0 tcontext=u:object_r:app_data_file:s0:c36,c256,c512,c768 tclass=dir permissive=1
11-05 17:58:09.180 I/xiriservice_All( 313): type=1400 audit(0.0:437): avc: denied { read } for name="lib" dev="mmcblk0p25" ino=1455 scontext=u:r:init:s0 tcontext=u:object_r:app_data_file:s0:c36,c256,c512,c768 tclass=lnk_file permissive=1
11-05 17:58:09.184 D/XiriService( 313): check file name: /data/data/com.android.printspooler/lib
11-05 17:58:09.188 D/XiriService( 313): check file name: /data/data/com.android.printspooler/lib
11-05 17:58:09.188 D/XiriService( 313): check file name: /data/data/com.android.printspooler/lib
11-05 17:58:09.188 D/XiriService( 313): check file name: /data/data/com.android.printspooler/lib
11-05 17:58:09.198 D/XiriService( 313): check file name: /data/data/com.android.webview/lib
11-05 17:58:09.196 I/xiriservice_All( 313): type=1400 audit(0.0:438): avc: denied { search } for name="com.android.webview" dev="mmcblk0p25" ino=953 scontext=u:r:init:s0 tcontext=u:object_r:app_data_file:s0:c60,c256,c512,c768 tclass=dir permissive=1
11-05 17:58:09.200 I/xiriservice_All( 313): type=1400 audit(0.0:439): avc: denied { read } for name="lib" dev="mmcblk0p25" ino=1459 scontext=u:r:init:s0 tcontext=u:object_r:app_data_file:s0:c60,c256,c512,c768 tclass=lnk_file permissive=1
11-05 17:58:09.202 D/XiriService( 313): check file name: /data/data/com.android.webview/lib
11-05 17:58:09.208 D/XiriService( 313): check file name: /data/data/com.android.webview/lib
11-05 17:58:09.208 D/XiriService( 313): check file name: /data/data/com.android.webview/lib
11-05 17:58:09.209 D/XiriService( 313): check file name: /data/data/com.android.webview/lib
11-05 17:58:09.209 D/XiriService( 313): check file name: /data/data/com.android.webview/lib
11-05 17:58:09.220 D/XiriService( 313): check file name: /data/data/com.android.inputdevices/lib
11-05 17:58:09.222 D/XiriService( 313): check file name: /data/data/com.android.inputdevices/lib
11-05 17:58:09.222 D/XiriService( 313): check file name: /data/data/com.android.inputdevices/lib
11-05 17:58:09.227 D/XiriService( 313): check file name: /data/data/com.android.inputdevices/lib
11-05 17:58:09.230 D/XiriService( 313): check file name: /data/data/com.android.bips/lib
11-05 17:58:09.232 D/XiriService( 313): check file name: /data/data/com.android.bips/lib
11-05 17:58:09.236 D/XiriService( 313): check file name: /data/data/com.android.bips/lib
11-05 17:58:09.236 D/XiriService( 313): check file name: /data/data/com.android.bips/lib
11-05 17:58:09.236 D/XiriService( 313): check file name: /data/data/com.android.bips/lib
11-05 17:58:09.236 D/XiriService( 313): check file name: /data/data/com.android.bips/lib
11-05 17:58:09.238 D/XiriService( 313): check file name: /data/data/com.oranth.inputmacsn/lib
11-05 17:58:09.239 D/XiriService( 313): check file name: /data/data/com.oranth.inputmacsn/lib
11-05 17:58:09.242 D/XiriService( 313): check file name: /data/data/com.oranth.inputmacsn/lib
11-05 17:58:09.242 D/XiriService( 313): check file name: /data/data/com.oranth.inputmacsn/lib
11-05 17:58:09.243 D/XiriService( 313): check file name: /data/data/com.oranth.inputmacsn/lib
11-05 17:58:09.243 D/XiriService( 313): check file name: /data/data/com.oranth.inputmacsn/lib
11-05 17:58:09.276 D/XiriService( 313): check file name: /data/data/com.android.keychain/lib
11-05 17:58:09.280 D/XiriService( 313): check file name: /data/data/com.android.keychain/lib
11-05 17:58:09.289 D/XiriService( 313): check file name: /data/data/com.android.keychain/lib
11-05 17:58:09.290 D/XiriService( 313): check file name: /data/data/com.android.keychain/lib
11-05 17:58:09.290 D/XiriService( 313): check file name: /data/data/com.android.keychain/lib
11-05 17:58:09.290 D/XiriService( 313): check file name: /data/data/com.android.keychain/lib
11-05 17:58:09.308 I/EventThread( 261): type=1400 audit(0.0:440): avc: denied { search } for name="extcon" dev="sysfs" ino=18103 scontext=u:r:hal_tv_cec_default:s0 tcontext=u:object_r:sysfs_extcon:s0 tclass=dir permissive=1
11-05 17:58:09.312 D/XiriService( 313): check file name: /data/data/android.ext.services/lib
11-05 17:58:09.314 D/XiriService( 313): check file name: /data/data/android.ext.services/lib
11-05 17:58:09.322 D/XiriService( 313): check file name: /data/data/android.ext.services/lib
11-05 17:58:09.335 D/XiriService( 313): check file name: /data/data/com.android.localtransport/lib
11-05 17:58:09.342 I/init (164)( 164): drop_caches: 3
11-05 17:58:09.336 D/XiriService( 313): check file name: /data/data/com.android.localtransport/lib
11-05 17:58:09.336 I/init ( 164): type=1400 audit(0.0:441): avc: denied { write } for name="dirty_expire_centisecs" dev="proc" ino=17215 scontext=u:r:vendor_init:s0 tcontext=u:object_r:proc_dirty:s0 tclass=file permissive=1
11-05 17:58:09.348 I/xiriservice_All( 323): type=1400 audit(0.0:442): avc: denied { read } for scontext=u:r:init:s0 tcontext=u:r:init:s0 tclass=netlink_kobject_uevent_socket permissive=1
11-05 17:58:09.352 D/XM_HIDREAD( 316): add@ add@/kernel/slab/:0000008
11-05 17:58:09.352 D/XiriService( 313): check file name: /data/data/com.android.localtransport/lib
11-05 17:58:09.362 I/zram0 ( 1): detected capacity change from 0 to 1541578752
11-05 17:58:09.356 D/XiriService( 313): check file name: /data/data/com.android.packageinstaller/lib
11-05 17:58:09.359 D/XiriService( 313): check file name: /data/data/com.android.packageinstaller/lib
11-05 17:58:09.368 D/XiriService( 313): check file name: /data/data/com.android.packageinstaller/lib
11-05 17:58:09.368 D/XiriService( 313): check file name: /data/data/com.android.packageinstaller/lib
11-05 17:58:09.369 D/XiriService( 313): check file name: /data/data/com.android.packageinstaller/lib
11-05 17:58:09.369 D/XiriService( 313): check file name: /data/data/com.android.packageinstaller/lib
11-05 17:58:09.380 I/system_server( 520): Background young concurrent copying GC freed 213506(8818KB) AllocSpace objects, 67(3084KB) LOS objects, 60% free, 8045KB/19MB, paused 391us total 191.099ms
11-05 17:58:09.385 W/System ( 520): A resource failed to call release.
11-05 17:58:09.386 W/System ( 520): A resource failed to call release.
11-05 17:58:09.396 I/mkswap ( 1): Swapspace size: 1505444k, UUID=dae1de3b-2526-4530-9df9-6f956e469cb1
11-05 17:58:09.394 D/XiriService( 313): check file name: /data/data/com.oranth.usbopenft/lib
11-05 17:58:09.395 D/XiriService( 313): check file name: /data/data/com.oranth.usbopenft/lib
11-05 17:58:09.399 D/XiriService( 313): check file name: /data/data/com.oranth.usbopenft/lib
11-05 17:58:09.399 D/XiriService( 313): check file name: /data/data/com.oranth.usbopenft/lib
11-05 17:58:09.399 D/XiriService( 313): check file name: /data/data/com.oranth.usbopenft/lib
11-05 17:58:09.400 D/XiriService( 313): check file name: /data/data/com.oranth.usbopenft/lib
11-05 17:58:09.402 D/XiriService( 313): check file name: /data/data/com.android.networkstack.tethering/lib
11-05 17:58:09.402 D/XiriService( 313): check file name: /data/data/com.android.networkstack.tethering/lib
11-05 17:58:09.407 D/XiriService( 313): check file name: /data/data/com.android.networkstack.tethering/lib
11-05 17:58:09.407 D/XiriService( 313): check file name: /data/data/com.android.networkstack.tethering/lib
11-05 17:58:09.407 D/XiriService( 313): check file name: /data/data/com.android.networkstack.tethering/lib
11-05 17:58:09.407 D/XiriService( 313): check file name: /data/data/com.android.networkstack.tethering/lib
11-05 17:58:09.415 D/XiriService( 313): check file name: /data/data/com.dangbei.lerad.etna.haqu/lib
11-05 17:58:09.415 D/XiriService( 313): check file name: /data/data/com.dangbei.lerad.etna.haqu/lib
11-05 17:58:09.419 D/XiriService( 313): check file name: /data/data/com.dangbei.lerad.etna.haqu/lib
11-05 17:58:09.419 D/XiriService( 313): check file name: /data/data/com.dangbei.lerad.etna.haqu/lib
11-05 17:58:09.420 D/XiriService( 313): check file name: /data/data/com.dangbei.lerad.etna.haqu/lib
11-05 17:58:09.420 D/XiriService( 313): check file name: /data/data/com.dangbei.lerad.etna.haqu/lib
11-05 17:58:09.427 I/ ( 1): Adding 1505444k swap on /dev/block/zram0. Priority:-2 extents:1 across:1505444k SS
11-05 17:58:09.424 I/init ( 1225): type=1400 audit(0.0:443): avc: denied { entrypoint } for path="/system/bin/appsdisable" dev="dm-0" ino=892 scontext=u:r:shell:s0 tcontext=u:object_r:system_file:s0 tclass=file permissive=1
11-05 17:58:09.460 D/XiriService( 313): check file name: /data/data/com.oranth.powerwindow/lib
11-05 17:58:09.463 D/XiriService( 313): check file name: /data/data/com.oranth.powerwindow/lib
11-05 17:58:09.476 D/XiriService( 313): check file name: /data/data/com.oranth.powerwindow/lib
11-05 17:58:09.495 D/XiriService( 313): check file name: /data/data/com.android.networkstack.permissionconfig/lib
11-05 17:58:09.496 D/XiriService( 313): check file name: /data/data/com.android.networkstack.permissionconfig/lib
11-05 17:58:09.497 D/XiriService( 313): check file name: /data/data/com.android.networkstack.permissionconfig/lib
11-05 17:58:09.497 D/XiriService( 313): check file name: /data/data/com.android.networkstack.permissionconfig/lib
11-05 17:58:09.506 I/bootstat( 1226): Service started: /system/bin/bootstat --record_boot_complete --record_boot_reason --record_time_since_factory_reset -l
11-05 17:58:09.507 D/XiriService( 313): check file name: /data/data/com.android.networkstack.permissionconfig/lib
11-05 17:58:09.513 E/bootstat( 1226): Failed to read /data/misc/bootstat/last_boot_time_utc: No such file or directory
11-05 17:58:09.513 E/bootstat( 1226): Failed to parse boot time record: /data/misc/bootstat/last_boot_time_utc
11-05 17:58:09.514 E/bootstat( 1226): Failed to read /data/misc/bootstat/build_date: No such file or directory
11-05 17:58:09.514 E/bootstat( 1226): Failed to parse boot time record: /data/misc/bootstat/build_date
11-05 17:58:09.514 I/bootstat( 1226): Canonical boot reason: reboot,factory_reset
11-05 17:58:09.521 E/bootstat( 1226): Failed to read /data/misc/bootstat/post_decrypt_time_elapsed: No such file or directory
11-05 17:58:09.521 E/bootstat( 1226): Failed to parse boot time record: /data/misc/bootstat/post_decrypt_time_elapsed
11-05 17:58:09.525 D/XiriService( 313): check file name: /data/data/com.dangbei.lerad.screensaver/lib
11-05 17:58:09.524 I/xiriservice_All( 313): type=1400 audit(0.0:444): avc: denied { search } for name="com.dangbei.lerad.screensaver" dev="mmcblk0p25" ino=1187 scontext=u:r:init:s0 tcontext=u:object_r:app_data_file:s0:c47,c256,c512,c768 tclass=dir permissive=1
11-05 17:58:09.524 I/xiriservice_All( 313): type=1400 audit(0.0:445): avc: denied { read } for name="lib" dev="mmcblk0p25" ino=1513 scontext=u:r:init:s0 tcontext=u:object_r:app_data_file:s0:c47,c256,c512,c768 tclass=lnk_file permissive=1
11-05 17:58:09.527 D/XiriService( 313): check file name: /data/data/com.dangbei.lerad.screensaver/lib
11-05 17:58:09.528 E/bootstat( 1226): Failed to read /data/misc/bootstat/factory_reset: No such file or directory
11-05 17:58:09.528 E/bootstat( 1226): Failed to parse boot time record: /data/misc/bootstat/factory_reset
11-05 17:58:09.530 W/bootstat( 1226): LogBootEvents, atomInfo not defined for events:last_boot_time_utc,build_date,ro.boottime.init.cold_boot_wait,boot_reason,system_boot_reason
11-05 17:58:09.538 D/XiriService( 313): check file name: /data/data/com.dangbei.lerad.screensaver/lib
11-05 17:58:09.572 I/runin.sh( 1237): type=1400 audit(0.0:446): avc: denied { dac_read_search } for capability=2 scontext=u:r:shell:s0 tcontext=u:r:shell:s0 tclass=capability permissive=1
11-05 17:58:09.576 I/net_disconnect.( 1124): type=1400 audit(0.0:447): avc: denied { execute } for name="rgb_led_ctl" dev="dm-1" ino=188 scontext=u:r:init:s0 tcontext=u:object_r:vendor_file:s0 tclass=file permissive=1
11-05 17:58:09.576 I/net_disconnect.( 1244): type=1400 audit(0.0:448): avc: denied { execute_no_trans } for path="/vendor/bin/rgb_led_ctl" dev="dm-1" ino=188 scontext=u:r:init:s0 tcontext=u:object_r:vendor_file:s0 tclass=file permissive=1
11-05 17:58:09.585 D/XiriService( 313): check file name: /data/data/com.android.wallpaperbackup/lib
11-05 17:58:09.584 I/xiriservice_All( 313): type=1400 audit(0.0:449): avc: denied { search } for name="com.android.wallpaperbackup" dev="mmcblk0p25" ino=1235 scontext=u:r:init:s0 tcontext=u:object_r:system_app_data_file:s0 tclass=dir permissive=1
11-05 17:58:09.584 I/xiriservice_All( 313): type=1400 audit(0.0:450): avc: denied { read } for name="lib" dev="mmcblk0p25" ino=1520 scontext=u:r:init:s0 tcontext=u:object_r:system_app_data_file:s0 tclass=lnk_file permissive=1
11-05 17:58:09.586 D/XiriService( 313): check file name: /data/data/com.android.wallpaperbackup/lib
11-05 17:58:09.589 I/update_engine( 379): [INFO:cleanup_previous_update_action.cc(112)] Executing task 12
11-05 17:58:09.595 D/XM_HIDREAD( 316): add@ add@/class/hci_reg
11-05 17:58:09.595 D/XM_HIDREAD( 316): add@ add@/module/sunxi_hci
11-05 17:58:09.603 D/XiriService( 313): check file name: /data/data/com.android.wallpaperbackup/lib
11-05 17:58:09.604 I/update_engine( 379): [INFO:cleanup_previous_update_action.cc(189)] Boot completed, waiting on markBootSuccessful()
11-05 17:58:09.608 I/update_engine( 379): EnsureMetadataMounted does nothing in Android mode.
11-05 17:58:09.614 I/update_engine( 379): Read merge statistics file failed: No such file or directory
11-05 17:58:09.623 W/sunxi-ehci( 164): EHCI SUNXI driver
11-05 17:58:09.624 W/ ( 164): sunxi ehci0-controller don't init wakeup source
11-05 17:58:09.624 W/[sunxi-ehci0]( 164): probe, pdev->name: 5101000.ehci0-controller, sunxi_ehci: 0xffffffc008f81018, 0x:ffffffc0119c7000, irq_no:32
11-05 17:58:09.619 D/XM_HIDREAD( 316): add@ add@/devices/virtual/devlink/regulator.8--5101000.ehci0-controller
11-05 17:58:09.619 I/update_engine( 379): [INFO:cleanup_previous_update_action.cc(261)] Waiting for any previous merge request to complete. This can take up to several minutes.
11-05 17:58:09.625 E/update_engine( 379): Read state file failed: No such file or directory
11-05 17:58:09.628 I/sunxi-ehci 5101000.ehci0-controller( 164): EHCI Host Controller
11-05 17:58:09.628 I/sunxi-ehci 5101000.ehci0-controller( 164): new USB bus registered, assigned bus number 1
11-05 17:58:09.628 I/sunxi-ehci 5101000.ehci0-controller( 164): irq 50, io mem 0x05101000
11-05 17:58:09.628 E/update_engine( 379): Read state file failed: No such file or directory
11-05 17:58:09.631 I/update_engine( 379): CheckMergeState for snapshots returned: 0
11-05 17:58:09.636 D/XiriService( 313): check file name: /data/data/com.android.providers.media.module/lib
11-05 17:58:09.632 I/xiriservice_All( 313): type=1400 audit(0.0:451): avc: denied { search } for name="com.android.providers.media.module" dev="mmcblk0p25" ino=1259 scontext=u:r:init:s0 tcontext=u:object_r:privapp_data_file:s0:c74,c256,c512,c768 tclass=dir permissive=1
11-05 17:58:09.636 I/update_engine( 379): ProcessUpdateState handling state: 0
11-05 17:58:09.636 I/xiriservice_All( 313): type=1400 audit(0.0:452): avc: denied { read } for name="lib" dev="mmcblk0p25" ino=1528 scontext=u:r:init:s0 tcontext=u:object_r:privapp_data_file:s0:c74,c256,c512,c768 tclass=lnk_file permissive=1
11-05 17:58:09.638 D/XiriService( 313): check file name: /data/data/com.android.providers.media.module/lib
11-05 17:58:09.639 D/XiriService( 313): check file name: /data/data/com.android.providers.media.module/lib
11-05 17:58:09.643 I/sunxi-ehci 5101000.ehci0-controller( 164): USB 2.0 started, EHCI 1.00
11-05 17:58:09.644 I/usb1 ( 164): New USB device found, idVendor=1d6b, idProduct=0002, bcdDevice= 5.04
11-05 17:58:09.644 I/usb1 ( 164): New USB device strings: Mfr=3, Product=2, SerialNumber=1
11-05 17:58:09.644 I/usb1 ( 164): Product: EHCI Host Controller
11-05 17:58:09.644 I/usb1 ( 164): Manufacturer: Linux 5.4.125+ ehci_hcd
11-05 17:58:09.644 I/usb1 ( 164): SerialNumber: sunxi-ehci
11-05 17:58:09.639 D/XM_HIDREAD( 316): add@ add@/devices/platform/soc@3000000/5101000.ehci0-controller/usb1
11-05 17:58:09.642 I/update_engine( 379): [INFO:cleanup_previous_update_action.cc(287)] Can't find any snapshot to merge.
11-05 17:58:09.644 E/update_engine( 379): Read state file failed: No such file or directory
11-05 17:58:09.644 I/BLEAudioDrive_HV410( 247): not hidraw* create or delete event
11-05 17:58:09.645 D/XM_HIDREAD( 316): add@ add@/devices/platform/soc@3000000/5101000.ehci0-controller/usb1/1-0:1.0
11-05 17:58:09.648 I/update_engine( 379): [INFO:cleanup_previous_update_action.cc(130)] Stopping/suspending/completing CleanupPreviousUpdateAction
11-05 17:58:09.651 I/hub 1-0 ( 164): 1.0: USB hub found
11-05 17:58:09.649 D/XM_HIDREAD( 316): add@ add@/devices/virtual/devlink/regulator.8--5200000.ehci1-controller
11-05 17:58:09.652 I/hub 1-0 ( 164): 1.0: 1 port detected
11-05 17:58:09.654 W/ ( 164): sunxi ehci1-controller don't init wakeup source
11-05 17:58:09.654 W/[sunxi-ehci1]( 164): probe, pdev->name: 5200000.ehci1-controller, sunxi_ehci: 0xffffffc008f816d8, 0x:ffffffc0120cf000, irq_no:34
11-05 17:58:09.649 D/XiriService( 313): check file name: /data/data/com.android.providers.media.module/lib
11-05 17:58:09.650 D/XiriService( 313): check file name: /data/data/com.android.providers.media.module/lib
11-05 17:58:09.650 D/XiriService( 313): check file name: /data/data/com.android.providers.media.module/lib
11-05 17:58:09.651 I/update_engine( 379): [INFO:cleanup_previous_update_action.cc(469)] Not reporting merge stats because state is None
11-05 17:58:09.655 I/sunxi-ehci 5200000.ehci1-controller( 164): EHCI Host Controller
11-05 17:58:09.655 I/sunxi-ehci 5200000.ehci1-controller( 164): new USB bus registered, assigned bus number 2
11-05 17:58:09.655 I/sunxi-ehci 5200000.ehci1-controller( 164): irq 52, io mem 0x05200000
11-05 17:58:09.654 I/update_engine( 379): [INFO:cleanup_previous_update_action.cc(130)] Stopping/suspending/completing CleanupPreviousUpdateAction
11-05 17:58:09.659 I/update_engine( 379): [INFO:action_processor.cc(116)] ActionProcessor: finished last action CleanupPreviousUpdateAction with code ErrorCode::kSuccess
11-05 17:58:09.660 D/XiriService( 313): check file name: /data/data/com.oranth.storage/lib
11-05 17:58:09.661 D/XiriService( 313): check file name: /data/data/com.oranth.storage/lib
11-05 17:58:09.662 I/update_engine( 379): [INFO:update_attempter_android.cc(549)] Processing Done.
11-05 17:58:09.666 D/XiriService( 313): check file name: /data/data/com.oranth.storage/lib
11-05 17:58:09.666 D/XiriService( 313): check file name: /data/data/com.oranth.storage/lib
11-05 17:58:09.667 D/XiriService( 313): check file name: /data/data/com.oranth.storage/lib
11-05 17:58:09.667 D/XiriService( 313): check file name: /data/data/com.oranth.storage/lib
11-05 17:58:09.671 I/sunxi-ehci 5200000.ehci1-controller( 164): USB 2.0 started, EHCI 1.00
11-05 17:58:09.671 E/debugfs ( 164): Directory 'sunxi-ehci' with parent 'ehci' already present!
11-05 17:58:09.680 I/usb2 ( 164): New USB device found, idVendor=1d6b, idProduct=0002, bcdDevice= 5.04
11-05 17:58:09.680 I/usb2 ( 164): New USB device strings: Mfr=3, Product=2, SerialNumber=1
11-05 17:58:09.680 I/usb2 ( 164): Product: EHCI Host Controller
11-05 17:58:09.680 I/usb2 ( 164): Manufacturer: Linux 5.4.125+ ehci_hcd
11-05 17:58:09.680 I/usb2 ( 164): SerialNumber: sunxi-ehci
11-05 17:58:09.675 I/update_engine( 379): [INFO:update_attempter_android.cc(701)] Terminating cleanup previous update.
11-05 17:58:09.676 D/XM_HIDREAD( 316): add@ add@/devices/platform/soc@3000000/5200000.ehci1-controller/usb2
11-05 17:58:09.683 I/hub 2-0 ( 164): 1.0: USB hub found
11-05 17:58:09.683 I/hub 2-0 ( 164): 1.0: 1 port detected
11-05 17:58:09.686 W/ ( 164): sunxi ehci2-controller don't init wakeup source
11-05 17:58:09.686 W/[sunxi-ehci2]( 164): probe, pdev->name: 5310000.ehci2-controller, sunxi_ehci: 0xffffffc008f81d98, 0x:ffffffc01218d000, irq_no:36
11-05 17:58:09.687 I/sunxi-ehci 5310000.ehci2-controller( 164): EHCI Host Controller
11-05 17:58:09.687 I/sunxi-ehci 5310000.ehci2-controller( 164): new USB bus registered, assigned bus number 3
11-05 17:58:09.687 I/sunxi-ehci 5310000.ehci2-controller( 164): irq 54, io mem 0x05310000
11-05 17:58:09.681 D/XM_HIDREAD( 316): add@ add@/devices/platform/soc@3000000/5200000.ehci1-controller/usb2/2-0:1.0
11-05 17:58:09.681 D/XM_HIDREAD( 316): add@ add@/devices/virtual/devlink/regulator.8--5310000.ehci2-controller
11-05 17:58:09.689 D/XiriService( 313): check file name: /data/data/com.android.location.fused/lib
11-05 17:58:09.690 D/XiriService( 313): check file name: /data/data/com.android.location.fused/lib
11-05 17:58:09.690 D/XiriService( 313): check file name: /data/data/com.android.location.fused/lib
11-05 17:58:09.690 D/XiriService( 313): check file name: /data/data/com.android.location.fused/lib
11-05 17:58:09.694 D/XiriService( 313): check file name: /data/data/com.android.location.fused/lib
11-05 17:58:09.694 D/XiriService( 313): check file name: /data/data/com.android.location.fused/lib
11-05 17:58:09.695 D/XiriService( 313): check file name: /data/data/com.android.location.fused/lib
11-05 17:58:09.695 D/XiriService( 313): check file name: /data/data/com.android.location.fused/lib
11-05 17:58:09.703 I/sunxi-ehci 5310000.ehci2-controller( 164): USB 2.0 started, EHCI 1.00
11-05 17:58:09.703 E/debugfs ( 164): Directory 'sunxi-ehci' with parent 'ehci' already present!
11-05 17:58:09.707 D/XM_HIDREAD( 316): add@ add@/devices/platform/soc@3000000/5310000.ehci2-controller/usb3
11-05 17:58:09.708 D/XM_HIDREAD( 316): add@ add@/devices/platform/soc@3000000/5310000.ehci2-controller/usb3/3-0:1.0
11-05 17:58:09.713 I/usb3 ( 164): New USB device found, idVendor=1d6b, idProduct=0002, bcdDevice= 5.04
11-05 17:58:09.713 I/usb3 ( 164): New USB device strings: Mfr=3, Product=2, SerialNumber=1
11-05 17:58:09.713 I/usb3 ( 164): Product: EHCI Host Controller
11-05 17:58:09.713 I/usb3 ( 164): Manufacturer: Linux 5.4.125+ ehci_hcd
11-05 17:58:09.713 I/usb3 ( 164): SerialNumber: sunxi-ehci
11-05 17:58:09.714 I/hub 3-0 ( 164): 1.0: USB hub found
11-05 17:58:09.714 I/hub 3-0 ( 164): 1.0: 1 port detected
11-05 17:58:09.711 D/XM_HIDREAD( 316): add@ add@/devices/virtual/devlink/regulator.8--5311000.ehci3-controller
11-05 17:58:09.716 W/ ( 164): sunxi ehci3-controller don't init wakeup source
11-05 17:58:09.716 W/[sunxi-ehci3]( 164): probe, pdev->name: 5311000.ehci3-controller, sunxi_ehci: 0xffffffc008f82458, 0x:ffffffc012255000, irq_no:38
11-05 17:58:09.717 I/sunxi-ehci 5311000.ehci3-controller( 164): EHCI Host Controller
11-05 17:58:09.717 I/sunxi-ehci 5311000.ehci3-controller( 164): new USB bus registered, assigned bus number 4
11-05 17:58:09.717 I/sunxi-ehci 5311000.ehci3-controller( 164): irq 56, io mem 0x05311000
11-05 17:58:09.715 D/XiriService( 313): check file name: /data/data/com.dangbei.haqusetting/lib
11-05 17:58:09.716 D/XiriService( 313): check file name: /data/data/com.dangbei.haqusetting/lib
11-05 17:58:09.721 D/XiriService( 313): check file name: /data/data/com.dangbei.haqusetting/lib
11-05 17:58:09.721 D/XiriService( 313): check file name: /data/data/com.dangbei.haqusetting/lib
11-05 17:58:09.721 D/XiriService( 313): check file name: /data/data/com.dangbei.haqusetting/lib
11-05 17:58:09.721 D/XiriService( 313): check file name: /data/data/com.dangbei.haqusetting/lib
11-05 17:58:09.731 I/sunxi-ehci 5311000.ehci3-controller( 164): USB 2.0 started, EHCI 1.00
11-05 17:58:09.731 E/debugfs ( 164): Directory 'sunxi-ehci' with parent 'ehci' already present!
11-05 17:58:09.735 D/XM_HIDREAD( 316): add@ add@/devices/platform/soc@3000000/5311000.ehci3-controller/usb4
11-05 17:58:09.735 D/XM_HIDREAD( 316): add@ add@/devices/platform/soc@3000000/5311000.ehci3-controller/usb4/4-0:1.0
11-05 17:58:09.740 I/usb4 ( 164): New USB device found, idVendor=1d6b, idProduct=0002, bcdDevice= 5.04
11-05 17:58:09.740 I/usb4 ( 164): New USB device strings: Mfr=3, Product=2, SerialNumber=1
11-05 17:58:09.740 I/usb4 ( 164): Product: EHCI Host Controller
11-05 17:58:09.740 I/usb4 ( 164): Manufacturer: Linux 5.4.125+ ehci_hcd
11-05 17:58:09.740 I/usb4 ( 164): SerialNumber: sunxi-ehci
11-05 17:58:09.742 I/hub 4-0 ( 164): 1.0: USB hub found
11-05 17:58:09.742 I/hub 4-0 ( 164): 1.0: 1 port detected
11-05 17:58:09.738 D/XM_HIDREAD( 316): add@ add@/bus/platform/drivers/sunxi-ehci
11-05 17:58:09.738 D/XM_HIDREAD( 316): add@ add@/module/ehci_sunxi
11-05 17:58:09.745 D/XiriService( 313): check file name: /data/data/com.softwinner.miracastReceiver/lib
11-05 17:58:09.746 D/XiriService( 313): check file name: /data/data/com.softwinner.miracastReceiver/lib
11-05 17:58:09.751 D/XiriService( 313): check file name: /data/data/com.softwinner.miracastReceiver/lib
11-05 17:58:09.751 D/XiriService( 313): check file name: /data/data/com.softwinner.miracastReceiver/lib
11-05 17:58:09.752 D/XiriService( 313): check file name: /data/data/com.softwinner.miracastReceiver/lib
11-05 17:58:09.752 D/XiriService( 313): check file name: /data/data/com.softwinner.miracastReceiver/lib
11-05 17:58:09.758 D/XiriService( 313): check file name: /data/data/com.android.bluetooth/lib
11-05 17:58:09.763 W/IorapForwardingService( 520): No service published for: iorapd
11-05 17:58:09.764 W/audit ( 313): audit_lost=1 audit_rate_limit=5 audit_backlog_limit=64
11-05 17:58:09.764 E/audit ( 313): rate limit exceeded
11-05 17:58:09.765 D/XiriService( 313): check file name: /data/data/com.android.bluetooth/lib
11-05 17:58:09.767 D/XM_HIDREAD( 316): add@ add@/devices/virtual/devlink/regulator.8--5101400.ohci0-controller
11-05 17:58:09.771 W/sunxi-ohci( 164): OHCI SUNXI driver
11-05 17:58:09.772 W/ ( 164): sunxi ohci0-controller don't init wakeup source
11-05 17:58:09.772 W/[sunxi-ohci0]( 164): probe, pdev->name: 5101400.ohci0-controller, sunxi_ohci: 0xffffffc008f81378
11-05 17:58:09.773 I/sunxi-ohci 5101400.ohci0-controller( 164): OHCI Host Controller
11-05 17:58:09.773 I/sunxi-ohci 5101400.ohci0-controller( 164): new USB bus registered, assigned bus number 5
11-05 17:58:09.773 I/sunxi-ohci 5101400.ohci0-controller( 164): irq 51, io mem 0x05101400
11-05 17:58:09.771 D/XiriService( 313): check file name: /data/data/com.android.bluetooth/lib
11-05 17:58:09.771 D/XiriService( 313): check file name: /data/data/com.android.bluetooth/lib
11-05 17:58:09.771 D/XiriService( 313): check file name: /data/data/com.android.bluetooth/lib
11-05 17:58:09.771 D/XiriService( 313): check file name: /data/data/com.android.bluetooth/lib
11-05 17:58:09.792 V/PackageManager( 520): reconcileAppsData finished 112 packages
11-05 17:58:09.793 I/ActivityManager( 520): User 0 state changed from RUNNING_LOCKED to RUNNING_UNLOCKING
11-05 17:58:09.794 D/ActivityManager( 520): Unlocking user 0 progress 20
11-05 17:58:09.797 W/ActivityManager( 520): Slow operation: 1169ms so far, now at startProcess: done updating battery stats
11-05 17:58:09.797 W/ActivityManager( 520): Slow operation: 1169ms so far, now at startProcess: building log message
11-05 17:58:09.797 I/ActivityManager( 520): app.processName = android.ext.services
11-05 17:58:09.797 I/ActivityManager( 520): Start proc 1146:android.ext.services/u0a75 for on-hold
11-05 17:58:09.797 W/ActivityManager( 520): Slow operation: 1170ms so far, now at startProcess: starting to update pids map
11-05 17:58:09.798 W/ActivityManager( 520): Slow operation: 1170ms so far, now at startProcess: done updating pids map
11-05 17:58:09.801 D/SystemUIService( 749): Starting Wifi now
11-05 17:58:09.801 I/SystemServerTimingAsync( 520): ssm.UnlockingUser-0
11-05 17:58:09.801 I/SystemServiceManager( 520): Calling onUnlockingUser 0
11-05 17:58:09.804 D/BluetoothManagerService( 520): User 0 unlocked
11-05 17:58:09.804 D/StorageManagerService( 520): onUnlockUser 0
11-05 17:58:09.804 I/StorageSessionController( 520): On user unlock 0
11-05 17:58:09.804 I/StorageSessionController( 520): Initialialising...
11-05 17:58:09.806 D/CompatibilityChangeReporter( 520): Compat change id reported: 168419799; UID 10075; state: DISABLED
11-05 17:58:09.806 I/vold ( 185): onUserStarted: 0
11-05 17:58:09.811 D/BluetoothManagerService( 520): MESSAGE_USER_UNLOCKED
11-05 17:58:09.811 I/UsageStatsService( 520): Starting migration to system CE for user 0
11-05 17:58:09.811 V/StorageManagerService( 520): Found primary storage at VolumeInfo{emulated;0}:
11-05 17:58:09.811 V/StorageManagerService( 520): type=EMULATED diskId=null partGuid= mountFlags=0 mountUserId=0
11-05 17:58:09.811 V/StorageManagerService( 520): state=UNMOUNTED
11-05 17:58:09.811 V/StorageManagerService( 520): fsType=null fsUuid=null fsLabel=null
11-05 17:58:09.811 V/StorageManagerService( 520): path=null internalPath=null
11-05 17:58:09.813 I/UsageStatsService( 520): Finished migration to system CE for user 0
11-05 17:58:09.817 I/StorageManagerService( 520): Mounting volume VolumeInfo{emulated;0}:
11-05 17:58:09.817 I/StorageManagerService( 520): type=EMULATED diskId=null partGuid= mountFlags=PRIMARY|VISIBLE
11-05 17:58:09.817 I/StorageManagerService( 520): mountUserId=0 state=UNMOUNTED
11-05 17:58:09.817 I/StorageManagerService( 520): fsType=null fsUuid=null fsLabel=null
11-05 17:58:09.817 I/StorageManagerService( 520): path=null internalPath=null
11-05 17:58:09.818 I/vold ( 185): Mounting emulated fuse volume
11-05 17:58:09.819 I/UsageStatsDatabase( 520): Upgrading from version 0 to 5
11-05 17:58:09.820 I/UsageStatsDatabase( 520): Deleting all usage stats files
11-05 17:58:09.822 I/UsageStatsService( 520): User[0] Rollover scheduled @ 2025-11-06 17:58:09(1762423089814)
11-05 17:58:09.822 D/AppStandbyController( 520): Initializing defaults for system apps on user 0, appIdleEnabled=false
11-05 17:58:09.823 W/InputMethodUtils( 520): Found no fallback locale. imis=[InputMethodInfo{com.sohu.inputmethod.sogou.tv/.SogouIME, settings: com.sohu.inputmethod.sogou.SogouIMESettingsLauncher}]
11-05 17:58:09.824 W/InputMethodUtils( 520): No software keyboard is found. imis=[InputMethodInfo{com.sohu.inputmethod.sogou.tv/.SogouIME, settings: com.sohu.inputmethod.sogou.SogouIMESettingsLauncher}] systemLocale=zh_CN fallbackLocale=null
11-05 17:58:09.829 W/TextServicesManagerService( 520): no available spell checker services found
11-05 17:58:09.830 D/XM_HIDREAD( 316): add@ add@/devices/virtual/bdi/0:52
11-05 17:58:09.830 D/WifiService( 520): Handle user unlock 0
11-05 17:58:09.831 I/WallpaperManagerService( 520): on-unlock-user-0
11-05 17:58:09.836 I/usb5 ( 164): New USB device found, idVendor=1d6b, idProduct=0001, bcdDevice= 5.04
11-05 17:58:09.836 I/usb5 ( 164): New USB device strings: Mfr=3, Product=2, SerialNumber=1
11-05 17:58:09.836 I/usb5 ( 164): Product: OHCI Host Controller
11-05 17:58:09.836 I/usb5 ( 164): Manufacturer: Linux 5.4.125+ ohci_hcd
11-05 17:58:09.836 I/usb5 ( 164): SerialNumber: sunxi-ohci
11-05 17:58:09.833 I/NotificationHistory( 520): Attempted to unlock gone/disabled user 0
11-05 17:58:09.834 D/XM_HIDREAD( 316): add@ add@/devices/platform/soc@3000000/5101400.ohci0-controller/usb5
11-05 17:58:09.834 D/XM_HIDREAD( 316): add@ add@/devices/platform/soc@3000000/5101400.ohci0-controller/usb5/5-0:1.0
11-05 17:58:09.840 I/hub 5-0 ( 164): 1.0: USB hub found
11-05 17:58:09.841 I/hub 5-0 ( 164): 1.0: 1 port detected
11-05 17:58:09.843 W/ ( 164): sunxi ohci1-controller don't init wakeup source
11-05 17:58:09.843 W/[sunxi-ohci1]( 164): probe, pdev->name: 5200400.ohci1-controller, sunxi_ohci: 0xffffffc008f81a38
11-05 17:58:09.843 I/sunxi-ohci 5200400.ohci1-controller( 164): OHCI Host Controller
11-05 17:58:09.846 D/XM_HIDREAD( 316): add@ add@/devices/virtual/devlink/regulator.8--5200400.ohci1-controller
11-05 17:58:09.843 I/sunxi-ohci 5200400.ohci1-controller( 164): new USB bus registered, assigned bus number 6
11-05 17:58:09.843 E/debugfs ( 164): Directory 'sunxi-ohci' with parent 'ohci' already present!
11-05 17:58:09.849 I/vold ( 185): Bind mounting /data/media to /mnt/pass_through/0/emulated
11-05 17:58:09.850 D/CompatibilityChangeReporter( 1146): Compat change id reported: 171979766; UID 10075; state: DISABLED
11-05 17:58:09.853 W/AppHibernationService( 520): Attempt to call setHibernatingForUser before states have been read from disk
11-05 17:58:09.854 W/AppHibernationService( 520): Attempt to call setHibernatingForUser before states have been read from disk
11-05 17:58:09.854 W/AppHibernationService( 520): Attempt to call setHibernatingForUser before states have been read from disk
11-05 17:58:09.854 D/AW_CODE ( 520): rotation =0
11-05 17:58:09.854 I/StorageSessionController( 520): On volume mount VolumeInfo{emulated;0}:
11-05 17:58:09.854 I/StorageSessionController( 520): type=EMULATED diskId=null partGuid= mountFlags=PRIMARY|VISIBLE
11-05 17:58:09.854 I/StorageSessionController( 520): mountUserId=0 state=CHECKING
11-05 17:58:09.854 I/StorageSessionController( 520): fsType=null fsUuid=null fsLabel=null
11-05 17:58:09.854 I/StorageSessionController( 520): path=/storage/emulated internalPath=/data/media
11-05 17:58:09.854 W/AppHibernationService( 520): Attempt to call setHibernatingForUser before states have been read from disk
11-05 17:58:09.854 W/AppHibernationService( 520): Attempt to call setHibernatingForUser before states have been read from disk
11-05 17:58:09.855 W/AppHibernationService( 520): Attempt to call setHibernatingForUser before states have been read from disk
11-05 17:58:09.855 W/AppHibernationService( 520): Attempt to call setHibernatingForUser before states have been read from disk
11-05 17:58:09.855 W/AppHibernationService( 520): Attempt to call setHibernatingForUser before states have been read from disk
11-05 17:58:09.855 W/AppHibernationService( 520): Attempt to call setHibernatingForUser before states have been read from disk
11-05 17:58:09.855 W/AppHibernationService( 520): Attempt to call setHibernatingForUser before states have been read from disk
11-05 17:58:09.855 W/AppHibernationService( 520): Attempt to call setHibernatingForUser before states have been read from disk
11-05 17:58:09.856 W/AppHibernationService( 520): Attempt to call setHibernatingForUser before states have been read from disk
11-05 17:58:09.856 W/AppHibernationService( 520): Attempt to call setHibernatingForUser before states have been read from disk
11-05 17:58:09.856 W/AppHibernationService( 520): Attempt to call setHibernatingForUser before states have been read from disk
11-05 17:58:09.856 W/AppHibernationService( 520): Attempt to call setHibernatingForUser before states have been read from disk
11-05 17:58:09.856 W/AppHibernationService( 520): Attempt to call setHibernatingForUser before states have been read from disk
11-05 17:58:09.857 W/AppHibernationService( 520): Attempt to call setHibernatingForUser before states have been read from disk
11-05 17:58:09.857 W/AppHibernationService( 520): Attempt to call setHibernatingForUser before states have been read from disk
11-05 17:58:09.857 D/PasspointManager( 520): ANQP entry not found for: 10:7c:61:1a:4b:90:<2.4G>
11-05 17:58:09.864 I/sunxi-ohci 5200400.ohci1-controller( 164): irq 53, io mem 0x05200400
11-05 17:58:09.863 W/AppHibernationService( 520): Attempt to call setHibernatingForUser before states have been read from disk
11-05 17:58:09.863 I/ActivityManager( 520): com.android.tv.settings is exempt from freezer
11-05 17:58:09.864 D/CompatibilityChangeReporter( 520): Compat change id reported: 135634846; UID 1000; state: DISABLED
11-05 17:58:09.864 W/AppHibernationService( 520): Attempt to call setHibernatingForUser before states have been read from disk
11-05 17:58:09.865 W/AppHibernationService( 520): Attempt to call setHibernatingForUser before states have been read from disk
11-05 17:58:09.865 W/AppHibernationService( 520): Attempt to call setHibernatingForUser before states have been read from disk
11-05 17:58:09.865 W/AppHibernationService( 520): Attempt to call setHibernatingForUser before states have been read from disk
11-05 17:58:09.868 I/UsageStatsService( 520): User[0] Flushing usage stats to disk
11-05 17:58:09.870 W/VoiceInteractionManager( 520): no available voice recognition services found for user 0
11-05 17:58:09.874 I/BackupManagerService( 520): Starting service for user: 0
11-05 17:58:09.876 V/BackupManagerService( 520): [UserID:0] Starting with transport com.android.localtransport/.LocalTransport
11-05 17:58:09.878 D/AW_CODE ( 520): rotation =0
11-05 17:58:09.878 I/StorageSessionController( 520): Creating connection for user: 0
11-05 17:58:09.880 D/AutofillManagerServiceImpl( 520): Reset component for user 0:
11-05 17:58:09.881 D/BackupManagerService( 520): [UserID:0] Started thread backup-0
11-05 17:58:09.883 D/PasspointManager( 520): ANQP entry not found for: 10:7c:61:1a:4b:94:<5G>
11-05 17:58:09.883 D/AutofillUI( 520): destroySaveUiUiThread(): already destroyed
11-05 17:58:09.884 I/HibernationStateDiskStore( 520): No hibernation file on disk for file /data/system_ce/0/hibernation/states
11-05 17:58:09.886 D/FieldClassificationStrategy( 520): reset(): service is not bound. Do nothing.
11-05 17:58:09.887 W/AppBindingService( 520): [Default SMS app] u0 Target package not found
11-05 17:58:09.890 D/Zygote ( 242): Forked child process 1277
11-05 17:58:09.892 E/WifiHAL ( 720): wifi_get_link_stats: requestResponse Error:-5
11-05 17:58:09.899 I/ActivityManager( 520): app.processName = com.android.tv.settings
11-05 17:58:09.899 I/ActivityManager( 520): Start proc 1277:com.android.tv.settings/1000 for broadcast {com.android.tv.settings/com.android.tv.settings.users.UserSwitchListenerService$BootReceiver}
11-05 17:58:09.900 I/Zygote ( 1277): seccomp disabled by setenforce 0
11-05 17:58:09.901 I/StorageSessionController( 520): Creating and starting session with id: emulated;0
11-05 17:58:09.901 D/AW_CODE ( 520): rotation =0
11-05 17:58:09.901 I/StorageUserConnection( 520): Binding to the ExternalStorageService for user 0
11-05 17:58:09.904 E/WifiVendorHal( 520): getWifiLinkLayerStats_1_5_Internal(l.1191) failed {.code = ERROR_INVALID_ARGS, .description = }
11-05 17:58:09.909 I/ActivityTaskManager( 520): Loading recents for user 0 into memory.
11-05 17:58:09.919 D/BufferPoolAccessor2.0( 377): bufferpool2 0xe8798058 : 0(0 size) total buffers - 0(0 size) used buffers - 141/145 (recycle/alloc) - 4/144 (fetch/transfer)
11-05 17:58:09.919 D/BufferPoolAccessor2.0( 377): bufferpool2 0xe8797f18 : 0(0 size) total buffers - 0(0 size) used buffers - 141/145 (recycle/alloc) - 4/144 (fetch/transfer)
11-05 17:58:09.919 D/BufferPoolAccessor2.0( 377): evictor expired: 2, evicted: 2
11-05 17:58:09.923 D/BufferPoolAccessor2.0( 520): bufferpool2 0xe7fcf718 : 0(0 size) total buffers - 0(0 size) used buffers - 2/7 (recycle/alloc) - 5/294 (fetch/transfer)
11-05 17:58:09.923 D/BufferPoolAccessor2.0( 520): bufferpool2 0xe7fcf5d8 : 0(0 size) total buffers - 0(0 size) used buffers - 2/7 (recycle/alloc) - 5/294 (fetch/transfer)
11-05 17:58:09.923 D/BufferPoolAccessor2.0( 520): evictor expired: 2, evicted: 2
11-05 17:58:09.925 D/XM_HIDREAD( 316): add@ add@/devices/platform/soc@3000000/5200400.ohci1-controller/usb6
11-05 17:58:09.925 D/XM_HIDREAD( 316): add@ add@/devices/platform/soc@3000000/5200400.ohci1-controller/usb6/6-0:1.0
11-05 17:58:09.926 E/TaskPersister( 520): restoreTasksForUserLocked: Unable to list files from /data/system_ce/0/recent_tasks
11-05 17:58:09.929 I/usb6 ( 164): New USB device found, idVendor=1d6b, idProduct=0001, bcdDevice= 5.04
11-05 17:58:09.929 I/usb6 ( 164): New USB device strings: Mfr=3, Product=2, SerialNumber=1
11-05 17:58:09.929 I/usb6 ( 164): Product: OHCI Host Controller
11-05 17:58:09.929 I/usb6 ( 164): Manufacturer: Linux 5.4.125+ ohci_hcd
11-05 17:58:09.929 I/usb6 ( 164): SerialNumber: sunxi-ohci
11-05 17:58:09.930 I/hub 6-0 ( 164): 1.0: USB hub found
11-05 17:58:09.930 I/hub 6-0 ( 164): 1.0: 1 port detected
11-05 17:58:09.932 W/ ( 164): sunxi ohci2-controller don't init wakeup source
