11-05 17:58:04.744 V/C2Store ( 377): in init
11-05 17:58:04.744 V/C2Store ( 377): loading dll
11-05 17:58:04.745 I/WifiHAL ( 720): mpdu_size_threshold : 128, aggressive_statistics_gathering : 0
11-05 17:58:04.745 V/C2Store ( 377): in ~ComponentModule
11-05 17:58:04.745 V/C2Store ( 377): unloading dll
11-05 17:58:04.745 E/WifiHAL ( 720): wifi_set_link_stats: requestResponse Error:-5
11-05 17:58:04.746 I/mediaswcodec( 377): missing struct descriptor #Param::CoreIndex(--004) for field values of struct #Param::CoreIndex(F-12004)
11-05 17:58:04.746 E/WifiVendorHal( 520): enableLinkLayerStats(l.1461) failed {.code = ERROR_INVALID_ARGS, .description = }
11-05 17:58:04.746 E/WifiVendorHal( 520): unable to enable link layer stats collection
11-05 17:58:04.747 D/WifiNl80211Manager( 520): Setting up interface for client mode: wlan0
11-05 17:58:04.747 D/C2SoftHevcEnc( 377): Given level 6000 does not cover current configuration: adjusting to 6001
11-05 17:58:04.748 I/wificond( 360): createClientInterface: wiphy_index 0 iface_name wlan0
11-05 17:58:04.749 I/mediaswcodec( 377): missing struct descriptor #Param::CoreIndex(--004) for field values of struct #Param::CoreIndex(F-12004)
11-05 17:58:04.750 D/C2SoftHevcEnc( 377): Given level 6000 does not cover current configuration: adjusting to 6001
11-05 17:58:04.751 I/wificond( 360): create scanner for interface with index: 14
11-05 17:58:04.751 I/wificond( 360): subscribe scan result for interface with index: 14
11-05 17:58:04.752 D/Codec2InfoBuilder( 356): codec entry for 'c2.android.hevc.encoder' is disabled
11-05 17:58:04.752 V/C2Store ( 377): in init
11-05 17:58:04.752 V/C2Store ( 377): loading dll
11-05 17:58:04.755 I/wificond( 360): add channel type 0 support at wiphy index: 0
11-05 17:58:04.755 I/wificond( 360): add channel type 1 support at wiphy index: 0
11-05 17:58:04.756 V/C2Store ( 377): in ~ComponentModule
11-05 17:58:04.757 V/C2Store ( 377): unloading dll
11-05 17:58:04.758 I/Codec2InfoBuilder( 356): adding type 'audio/mpeg'
11-05 17:58:04.759 W/IorapForwardingService( 520): No service published for: iorapd
11-05 17:58:04.759 V/C2Store ( 377): in ~ComponentModule
11-05 17:58:04.759 V/C2Store ( 377): unloading dll
11-05 17:58:04.759 V/C2Store ( 377): in init
11-05 17:58:04.759 V/C2Store ( 377): loading dll
11-05 17:58:04.760 I/WifiNative( 520): Interface state changed on Iface:{Name=wlan0,Id=0,Type=STA_SCAN}, isUp=true
11-05 17:58:04.760 I/WifiNative( 520): Successfully setup Iface:{Name=wlan0,Id=0,Type=STA_SCAN}
11-05 17:58:04.761 E/SupplicantStaIfaceHal( 520): checkHalVersionByInterfaceName: called but mServiceManager is null
11-05 17:58:04.761 E/SupplicantStaIfaceHal( 520): checkHalVersionByInterfaceName: called but mServiceManager is null
11-05 17:58:04.761 E/SupplicantStaIfaceHal( 520): Method getKeyMgmtCapabilities is not supported in existing HAL
11-05 17:58:04.761 E/SupplicantStaIfaceHal( 520): checkHalVersionByInterfaceName: called but mServiceManager is null
11-05 17:58:04.763 E/WifiHAL ( 720): wifi_get_logger_supported_feature_set: Error -5 happened.
11-05 17:58:04.764 E/WifiHAL ( 720): wifi_get_logger_supported_feature_set: Error -5 happened.
11-05 17:58:04.769 I/ieee80211 phy0( 720): sprdwl_vendor_get_support_feature
11-05 17:58:04.770 I/ieee80211 phy0( 720): sprdwl_vendor_get_support_feature
11-05 17:58:04.765 D/Codec2InfoBuilder( 356): codec entry for 'c2.android.mpeg2.decoder' is disabled
11-05 17:58:04.766 V/C2Store ( 377): in init
11-05 17:58:04.766 V/C2Store ( 377): loading dll
11-05 17:58:04.768 E/WifiHAL ( 720): wifi_get_logger_supported_feature_set: Error -5 happened.
11-05 17:58:04.774 I/ieee80211 phy0( 720): sprdwl_vendor_get_support_feature
11-05 17:58:04.770 E/SupplicantStaIfaceHal( 520): checkHalVersionByInterfaceName: called but mServiceManager is null
11-05 17:58:04.770 E/SupplicantStaIfaceHal( 520): checkHalVersionByInterfaceName: called but mServiceManager is null
11-05 17:58:04.770 I/SupplicantStaIfaceHal( 520): Method getWpaDriverFeatureSet is not supported in existing HAL
11-05 17:58:04.771 D/WifiClientModeManager[wlan0]( 520): entering StartedState
11-05 17:58:04.771 I/Codec2InfoBuilder( 356): adding type 'video/mp4v-es'
11-05 17:58:04.772 V/C2Store ( 377): in ~ComponentModule
11-05 17:58:04.772 V/C2Store ( 377): unloading dll
11-05 17:58:04.773 V/C2Store ( 377): in init
11-05 17:58:04.773 V/C2Store ( 377): loading dll
11-05 17:58:04.774 V/C2Store ( 377): in ~ComponentModule
11-05 17:58:04.774 V/C2Store ( 377): unloading dll
11-05 17:58:04.780 I/android_os_HwBinder( 520): HwBinder: Starting thread pool for getting: android.hidl.manager@1.0::IServiceManager/default
11-05 17:58:04.781 I/Codec2InfoBuilder( 356): adding type 'video/mp4v-es'
11-05 17:58:04.784 I/SupplicantStaIfaceHal( 520): Starting supplicant using HIDL
11-05 17:58:04.784 I/hwservicemanager( 180): Since android.hardware.wifi.supplicant@1.0::ISupplicant/default is not registered, trying to start it as a lazy HAL.
11-05 17:58:04.785 V/C2Store ( 377): in init
11-05 17:58:04.786 V/C2Store ( 377): in ~ComponentModule
11-05 17:58:04.786 V/C2Store ( 377): unloading dll
11-05 17:58:04.786 V/C2Store ( 377): loading dll
11-05 17:58:04.798 I/init ( 1): starting service 'wpa_supplicant'...
11-05 17:58:04.793 I/PermissionControllerServiceImpl( 758): Updating user sensitive for user 0
11-05 17:58:04.800 I/init ( 1): Created socket '/dev/socket/wpa_wlan0', mode 660, user 1010, group 1010
11-05 17:58:04.791 D/SupplicantStaIfaceHal( 520): Successfully triggered start of supplicant using HIDL
11-05 17:58:04.804 I/Codec2InfoBuilder( 356): adding type 'audio/opus'
11-05 17:58:04.807 I/init ( 1): Control message: Processed ctl.interface_start for 'android.hardware.wifi.supplicant@1.0::ISupplicant/default' from pid: 180 (/system/bin/hwservicemanager)
11-05 17:58:04.805 V/C2Store ( 377): in init
11-05 17:58:04.805 V/C2Store ( 377): loading dll
11-05 17:58:04.805 V/C2Store ( 377): in ~ComponentModule
11-05 17:58:04.805 V/C2Store ( 377): unloading dll
11-05 17:58:04.809 I/Codec2InfoBuilder( 356): adding type 'audio/opus'
11-05 17:58:04.810 V/C2Store ( 377): in init
11-05 17:58:04.810 V/C2Store ( 377): loading dll
11-05 17:58:04.813 V/C2Store ( 377): in ~ComponentModule
11-05 17:58:04.814 I/Codec2InfoBuilder( 356): adding type 'audio/raw'
11-05 17:58:04.814 V/C2Store ( 377): in ~ComponentModule
11-05 17:58:04.814 D/PackageManager( 520): Instant App installer not found with android.intent.action.INSTALL_INSTANT_APP_PACKAGE
11-05 17:58:04.814 D/PackageManager( 520): Clear ephemeral installer activity
11-05 17:58:04.815 V/C2Store ( 377): unloading dll
11-05 17:58:04.815 V/C2Store ( 377): unloading dll
11-05 17:58:04.817 V/C2Store ( 377): in init
11-05 17:58:04.817 V/C2Store ( 377): loading dll
11-05 17:58:04.819 V/StorageManagerService( 520): Package null has legacy storage
11-05 17:58:04.825 V/StorageManagerService( 520): Package null has legacy storage
11-05 17:58:04.825 V/StorageManagerService( 520): Package null has legacy storage
11-05 17:58:04.826 V/StorageManagerService( 520): Package null has legacy storage
11-05 17:58:04.826 V/StorageManagerService( 520): Package null has legacy storage
11-05 17:58:04.826 V/StorageManagerService( 520): Package null does not have legacy storage
11-05 17:58:04.826 V/StorageManagerService( 520): Package null does not have legacy storage
11-05 17:58:04.826 V/StorageManagerService( 520): Package null does not have legacy storage
11-05 17:58:04.826 V/StorageManagerService( 520): Package null does not have legacy storage
11-05 17:58:04.827 V/StorageManagerService( 520): Package null does not have legacy storage
11-05 17:58:04.827 V/StorageManagerService( 520): Package null does not have legacy storage
11-05 17:58:04.827 V/StorageManagerService( 520): Package null does not have legacy storage
11-05 17:58:04.828 V/StorageManagerService( 520): Package null does not have legacy storage
11-05 17:58:04.828 V/StorageManagerService( 520): Package null does not have legacy storage
11-05 17:58:04.828 V/StorageManagerService( 520): Package null does not have legacy storage
11-05 17:58:04.830 V/StorageManagerService( 520): Package null does not have legacy storage
11-05 17:58:04.830 V/StorageManagerService( 520): Package null does not have legacy storage
11-05 17:58:04.830 V/StorageManagerService( 520): Package null does not have legacy storage
11-05 17:58:04.830 V/StorageManagerService( 520): Package null does not have legacy storage
11-05 17:58:04.830 I/PackageManager( 520): Permission ownership changed. Updating all permissions.
11-05 17:58:04.834 I/Codec2InfoBuilder( 356): adding type 'audio/vorbis'
11-05 17:58:04.835 V/C2Store ( 377): in init
11-05 17:58:04.835 V/C2Store ( 377): loading dll
11-05 17:58:04.835 V/C2Store ( 377): in ~ComponentModule
11-05 17:58:04.835 V/C2Store ( 377): unloading dll
11-05 17:58:04.842 I/Codec2InfoBuilder( 356): adding type 'video/x-vnd.on2.vp8'
11-05 17:58:04.844 V/C2Store ( 377): in ~ComponentModule
11-05 17:58:04.844 V/C2Store ( 377): unloading dll
11-05 17:58:04.844 V/C2Store ( 377): in init
11-05 17:58:04.844 V/C2Store ( 377): loading dll
11-05 17:58:04.847 I/C2SoftVp8Enc( 377): setting temporal layering 0 + 0
11-05 17:58:04.851 I/C2SoftVp8Enc( 377): setting temporal layering 0 + 0
11-05 17:58:04.853 W/SystemServiceRegistry( 749): No service published for: fingerprint
11-05 17:58:04.854 W/SystemServiceRegistry( 749): No service published for: face
11-05 17:58:04.854 I/Codec2InfoBuilder( 356): adding type 'video/x-vnd.on2.vp8'
11-05 17:58:04.858 V/C2Store ( 377): in init
11-05 17:58:04.858 V/C2Store ( 377): loading dll
11-05 17:58:04.864 D/Codec2InfoBuilder( 356): component 'c2.android.vp9.decoder' not found in xml
11-05 17:58:04.865 V/C2Store ( 377): in init
11-05 17:58:04.865 V/C2Store ( 377): loading dll
11-05 17:58:04.867 I/C2SoftVp9Enc( 377): setting temporal layering 0 + 0
11-05 17:58:04.871 I/C2SoftVp9Enc( 377): setting temporal layering 0 + 0
11-05 17:58:04.871 V/C2Store ( 377): in ~ComponentModule
11-05 17:58:04.877 W/hdr10p_Configure( 406): 116 callbacks suppressed
11-05 17:58:04.877 I/ ( 406): DVI mode selected: packets not configured
11-05 17:58:04.877 W/set_vsif_config( 406): 116 callbacks suppressed
11-05 17:58:04.877 I/ ( 406): Error: set vsif failed
11-05 17:58:04.873 V/C2Store ( 377): unloading dll
11-05 17:58:04.874 V/C2Store ( 377): in ~ComponentModule
11-05 17:58:04.875 V/C2Store ( 377): unloading dll
11-05 17:58:04.876 D/Codec2InfoBuilder( 356): codec entry for 'c2.android.vp9.encoder' is disabled
11-05 17:58:04.878 D/MediaCodecList( 520): codecHandlesFormat: no format, so no extra checks
11-05 17:58:04.879 D/MediaCodecList( 520): codecHandlesFormat: no format, so no extra checks
11-05 17:58:04.880 V/C2Store ( 377): in ~ComponentModule
11-05 17:58:04.881 V/C2Store ( 377): unloading dll
11-05 17:58:04.883 D/CCodec ( 520): allocate(c2.android.vorbis.decoder)
11-05 17:58:04.883 D/CCodec ( 520): allocate(c2.android.vorbis.decoder)
11-05 17:58:04.885 I/Codec2Client( 520): Available Codec2 services: "software"
11-05 17:58:04.888 V/C2Store ( 377): in init
11-05 17:58:04.888 V/C2Store ( 377): loading dll
11-05 17:58:04.893 I/CCodec ( 520): Created component [c2.android.vorbis.decoder]
11-05 17:58:04.893 I/CCodec ( 520): Created component [c2.android.vorbis.decoder]
11-05 17:58:04.894 D/CCodecConfig( 520): read media type: audio/vorbis
11-05 17:58:04.894 D/CCodecConfig( 520): read media type: audio/vorbis
11-05 17:58:04.898 D/ReflectedParamUpdater( 520): extent() != 1 for single value type: algo.buffers.max-count.values
11-05 17:58:04.898 D/ReflectedParamUpdater( 520): extent() != 1 for single value type: algo.buffers.max-count.values
11-05 17:58:04.899 D/ReflectedParamUpdater( 520): extent() != 1 for single value type: output.subscribed-indices.values
11-05 17:58:04.899 D/ReflectedParamUpdater( 520): extent() != 1 for single value type: input.buffers.allocator-ids.values
11-05 17:58:04.899 D/ReflectedParamUpdater( 520): extent() != 1 for single value type: output.buffers.allocator-ids.values
11-05 17:58:04.899 D/ReflectedParamUpdater( 520): extent() != 1 for single value type: algo.buffers.allocator-ids.values
11-05 17:58:04.899 D/ReflectedParamUpdater( 520): extent() != 1 for single value type: output.buffers.pool-ids.values
11-05 17:58:04.900 D/ReflectedParamUpdater( 520): extent() != 1 for single value type: algo.buffers.pool-ids.values
11-05 17:58:04.901 D/ReflectedParamUpdater( 520): extent() != 1 for single value type: output.subscribed-indices.values
11-05 17:58:04.902 D/ReflectedParamUpdater( 520): extent() != 1 for single value type: input.buffers.allocator-ids.values
11-05 17:58:04.903 I/CCodecConfig( 520): query failed after returning 7 values (BAD_INDEX)
11-05 17:58:04.903 D/CCodecConfig( 520): c2 config diff is Dict {
11-05 17:58:04.903 D/CCodecConfig( 520): c2::u32 coded.bitrate.value = 64000
11-05 17:58:04.903 D/CCodecConfig( 520): c2::u32 input.buffers.max-size.value = 32768
11-05 17:58:04.903 D/CCodecConfig( 520): c2::u32 input.delay.value = 0
11-05 17:58:04.903 D/CCodecConfig( 520): string input.media-type.value = "audio/vorbis"
11-05 17:58:04.903 D/CCodecConfig( 520): string output.media-type.value = "audio/raw"
11-05 17:58:04.903 D/CCodecConfig( 520): c2::u32 raw.channel-count.value = 1
11-05 17:58:04.903 D/CCodecConfig( 520): c2::u32 raw.sample-rate.value = 48000
11-05 17:58:04.903 D/CCodecConfig( 520): }
11-05 17:58:04.910 I/ ( 406): DVI mode selected: packets not configured
11-05 17:58:04.910 I/ ( 406): Error: set vsif failed
11-05 17:58:04.905 D/CCodec ( 520): [c2.android.vorbis.decoder] buffers are bound to CCodec for this session
11-05 17:58:04.905 D/ReflectedParamUpdater( 520): extent() != 1 for single value type: output.buffers.allocator-ids.values
11-05 17:58:04.906 D/CCodecConfig( 520): no c2 equivalents for durationUs
11-05 17:58:04.906 D/ReflectedParamUpdater( 520): extent() != 1 for single value type: algo.buffers.allocator-ids.values
11-05 17:58:04.906 D/CCodecConfig( 520): no c2 equivalents for track-id
11-05 17:58:04.906 D/CCodecConfig( 520): no c2 equivalents for csd-1
11-05 17:58:04.906 D/CCodecConfig( 520): no c2 equivalents for channel-mask
11-05 17:58:04.906 D/CCodecConfig( 520): no c2 equivalents for flags
11-05 17:58:04.906 D/ReflectedParamUpdater( 520): extent() != 1 for single value type: output.buffers.pool-ids.values
11-05 17:58:04.906 D/ReflectedParamUpdater( 520): extent() != 1 for single value type: algo.buffers.pool-ids.values
11-05 17:58:04.907 D/CCodecConfig( 520): c2 config diff is c2::u32 raw.channel-count.value = 2
11-05 17:58:04.907 D/CCodecConfig( 520): c2::u32 raw.sample-rate.value = 44100
11-05 17:58:04.910 I/CCodecConfig( 520): query failed after returning 7 values (BAD_INDEX)
11-05 17:58:04.910 W/Codec2Client( 520): query -- param skipped: index = 1107298332.
11-05 17:58:04.910 D/CCodec ( 520): setup formats input: AMessage(what = 0x00000000) = {
11-05 17:58:04.910 D/CCodec ( 520): int32_t bitrate = 64000
11-05 17:58:04.910 D/CCodec ( 520): int32_t channel-count = 2
11-05 17:58:04.910 D/CCodec ( 520): int32_t max-input-size = 32768
11-05 17:58:04.910 D/CCodec ( 520): string mime = "audio/vorbis"
11-05 17:58:04.910 D/CCodec ( 520): int32_t sample-rate = 44100
11-05 17:58:04.910 D/CCodec ( 520): }
11-05 17:58:04.911 D/CCodecConfig( 520): c2 config diff is Dict {
11-05 17:58:04.911 D/CCodecConfig( 520): c2::u32 coded.bitrate.value = 64000
11-05 17:58:04.911 D/CCodecConfig( 520): c2::u32 input.buffers.max-size.value = 32768
11-05 17:58:04.911 D/CCodecConfig( 520): c2::u32 input.delay.value = 0
11-05 17:58:04.911 D/CCodecConfig( 520): string input.media-type.value = "audio/vorbis"
11-05 17:58:04.911 D/CCodecConfig( 520): string output.media-type.value = "audio/raw"
11-05 17:58:04.911 D/CCodecConfig( 520): c2::u32 raw.channel-count.value = 1
11-05 17:58:04.911 D/CCodecConfig( 520): c2::u32 raw.sample-rate.value = 48000
11-05 17:58:04.911 D/CCodecConfig( 520): }
11-05 17:58:04.911 D/CCodec ( 520): setup formats output: AMessage(what = 0x00000000) = {
11-05 17:58:04.911 D/CCodec ( 520): int32_t channel-count = 2
11-05 17:58:04.911 D/CCodec ( 520): string mime = "audio/raw"
11-05 17:58:04.911 D/CCodec ( 520): int32_t sample-rate = 44100
11-05 17:58:04.911 D/CCodec ( 520): int32_t channel-mask = 3
11-05 17:58:04.911 D/CCodec ( 520): }
11-05 17:58:04.911 I/CCodecConfig( 520): query failed after returning 7 values (BAD_INDEX)
11-05 17:58:04.912 D/CCodec ( 520): [c2.android.vorbis.decoder] buffers are bound to CCodec for this session
11-05 17:58:04.912 W/Codec2Client( 520): query -- param skipped: index = 1342179345.
11-05 17:58:04.912 W/Codec2Client( 520): query -- param skipped: index = 2415921170.
11-05 17:58:04.912 D/CCodecConfig( 520): no c2 equivalents for durationUs
11-05 17:58:04.912 D/CCodecConfig( 520): no c2 equivalents for track-id
11-05 17:58:04.912 D/CCodecConfig( 520): no c2 equivalents for csd-1
11-05 17:58:04.912 D/CCodecConfig( 520): no c2 equivalents for channel-mask
11-05 17:58:04.912 D/CCodecConfig( 520): no c2 equivalents for flags
11-05 17:58:04.913 D/C2Store ( 520): Using ION
11-05 17:58:04.913 D/CCodecConfig( 520): c2 config diff is c2::u32 raw.channel-count.value = 2
11-05 17:58:04.913 D/CCodecConfig( 520): c2::u32 raw.sample-rate.value = 44100
11-05 17:58:04.914 D/CCodecBufferChannel( 520): [c2.android.vorbis.decoder#476] Created input block pool with allocatorID 16 => poolID 17 - OK (0)
11-05 17:58:04.915 W/Codec2Client( 520): query -- param skipped: index = 1107298332.
11-05 17:58:04.915 D/C2Store ( 377): Using ION
11-05 17:58:04.915 D/CCodec ( 520): setup formats input: AMessage(what = 0x00000000) = {
11-05 17:58:04.915 D/CCodec ( 520): int32_t bitrate = 64000
11-05 17:58:04.915 D/CCodec ( 520): int32_t channel-count = 2
11-05 17:58:04.915 D/CCodec ( 520): int32_t max-input-size = 32768
11-05 17:58:04.915 D/CCodec ( 520): string mime = "audio/vorbis"
11-05 17:58:04.915 D/CCodec ( 520): int32_t sample-rate = 44100
11-05 17:58:04.915 D/CCodec ( 520): }
11-05 17:58:04.915 D/CCodec ( 520): setup formats output: AMessage(what = 0x00000000) = {
11-05 17:58:04.915 D/CCodec ( 520): int32_t channel-count = 2
11-05 17:58:04.915 D/CCodec ( 520): string mime = "audio/raw"
11-05 17:58:04.915 D/CCodec ( 520): int32_t sample-rate = 44100
11-05 17:58:04.915 D/CCodec ( 520): int32_t channel-mask = 3
11-05 17:58:04.915 D/CCodec ( 520): }
11-05 17:58:04.915 I/CCodecConfig( 520): query failed after returning 7 values (BAD_INDEX)
11-05 17:58:04.916 W/Codec2Client( 520): query -- param skipped: index = 1342179345.
11-05 17:58:04.916 W/Codec2Client( 520): query -- param skipped: index = 2415921170.
11-05 17:58:04.916 I/CCodecBufferChannel( 520): [c2.android.vorbis.decoder#476] Created output block pool with allocatorID 16 => poolID 17 - OK
11-05 17:58:04.917 D/CCodecBufferChannel( 520): [c2.android.vorbis.decoder#476] Configured output block pool ids 17 => OK
11-05 17:58:04.917 D/CCodecBufferChannel( 520): [c2.android.vorbis.decoder#420] Created input block pool with allocatorID 16 => poolID 18 - OK (0)
11-05 17:58:04.918 I/CCodecBufferChannel( 520): [c2.android.vorbis.decoder#420] Created output block pool with allocatorID 16 => poolID 18 - OK
11-05 17:58:04.919 E/ion ( 520): ioctl c0044901 failed with code -1: Inappropriate ioctl for device
11-05 17:58:04.919 D/CCodecBufferChannel( 520): [c2.android.vorbis.decoder#420] Configured output block pool ids 18 => OK
11-05 17:58:04.927 I/capability( 858): warning: `wpa_supplicant' uses 32-bit capabilities (legacy support in use)
11-05 17:58:04.924 W/SystemServiceManager( 520): Service com.android.server.policy.PermissionPolicyService took 928 ms in onBootPhase
11-05 17:58:04.924 I/SystemServerTiming( 520): StartObservingNativeCrashes
11-05 17:58:04.925 I/SystemServerTiming( 520): RegisterAppOpsPolicy
11-05 17:58:04.925 D/SimpleC2Component( 377): Using output block pool with poolID 17 => got 17 - 0
11-05 17:58:04.926 D/wpa_supplicant( 858): wpa_supplicant v2.10-devel-12
11-05 17:58:04.928 D/wpa_supplicant( 858): Global control interface '@android:wpa_wlan0'
11-05 17:58:04.928 D/wpa_supplicant( 858): Using Android control socket 'wpa_wlan0'
11-05 17:58:04.928 D/wpa_supplicant( 858): Initing hidl control
11-05 17:58:04.928 I/wpa_supplicant( 858): Processing hidl events on FD 4
11-05 17:58:04.929 E/cutils-trace( 858): Error opening trace file: No such file or directory (2)
11-05 17:58:04.930 E/ion ( 377): ioctl c0044901 failed with code -1: Inappropriate ioctl for device
11-05 17:58:04.932 I/HidlServiceManagement( 858): Registered android.hardware.wifi.supplicant@1.4::ISupplicant/default
11-05 17:58:04.933 I/wpa_supplicant( 858): Successfully initialized wpa_supplicant
11-05 17:58:04.933 D/SimpleC2Component( 377): Using output block pool with poolID 18 => got 18 - 0
11-05 17:58:04.942 I/SystemServerTimingAsync( 520): InitThreadPoolExec:WebViewFactoryPreparation
11-05 17:58:04.942 D/SystemServerInitThreadPool( 520): Started executing WebViewFactoryPreparation
11-05 17:58:04.942 I/SystemServer( 520): WebViewFactoryPreparation
11-05 17:58:04.942 I/SystemServerTimingAsync( 520): WebViewFactoryPreparation
11-05 17:58:04.943 I/SystemServerTiming( 520): MakeNetworkManagementServiceReady
11-05 17:58:04.944 W/NetworkManagement( 520): setDataSaverMode(): already false
11-05 17:58:04.949 D/CompatibilityChangeReporter( 520): Compat change id reported: 135634846; UID 1000; state: DISABLED
11-05 17:58:04.949 D/CompatibilityChangeReporter( 520): Compat change id reported: 177438394; UID 1000; state: DISABLED
11-05 17:58:04.950 D/CompatibilityChangeReporter( 520): Compat change id reported: 135772972; UID 1000; state: DISABLED
11-05 17:58:04.950 D/CompatibilityChangeReporter( 520): Compat change id reported: 178038272; UID 1000; state: DISABLED
11-05 17:58:04.952 I/android_os_HwBinder( 520): HwBinder: Starting thread pool for getting: android.hardware.wifi.supplicant@1.0::ISupplicant/default
11-05 17:58:04.955 I/SupplicantStaIfaceHal( 520): Completed initialization of ISupplicant.
11-05 17:58:04.961 I/ ( 406): DVI mode selected: packets not configured
11-05 17:58:04.961 I/ ( 406): Error: set vsif failed
11-05 17:58:04.970 D/Zygote ( 242): Forked child process 871
11-05 17:58:04.970 I/SystemServerTiming( 520): MakeIpSecServiceReady
11-05 17:58:04.973 I/ActivityManager( 520): app.processName = WebViewLoader-armeabi-v7a
11-05 17:58:04.973 I/ActivityManager( 520): Start proc 871:WebViewLoader-armeabi-v7a/1037 [android.webkit.WebViewLibraryLoader$RelroFileCreator] for null
11-05 17:58:04.975 W/NetworkPolicy( 520): setRestrictBackgroundUL: already false
11-05 17:58:04.978 D/SystemServerInitThreadPool( 520): Finished executing WebViewFactoryPreparation
11-05 17:58:04.980 I/Zygote ( 871): seccomp disabled by setenforce 0
11-05 17:58:04.980 I/rainbow_flow( 334): type=1400 audit(0.0:345): avc: denied { ioctl } for path="/dev/spidev1.0" dev="tmpfs" ino=3604 ioctlcmd=0x6b00 scontext=u:r:init:s0 tcontext=u:object_r:device:s0 tclass=chr_file permissive=1
11-05 17:58:04.985 D/IpSecService( 520): IpSecService is ready
11-05 17:58:04.987 I/SystemServerTiming( 520): MakeNetworkStatsServiceReady
11-05 17:58:04.994 I/ ( 406): DVI mode selected: packets not configured
11-05 17:58:04.994 I/ ( 406): Error: set vsif failed
11-05 17:58:05.003 I/adbd ( 384): jdwp connection from 871
11-05 17:58:05.003 E/SupplicantStaIfaceHal( 520): Can't call setupIface, ISupplicantStaIface is null for iface=wlan0
11-05 17:58:05.007 W/BestClock( 520): java.time.DateTimeException: Missing NTP fix
11-05 17:58:05.008 I/android_os_HwBinder( 520): HwBinder: Starting thread pool for getting: android.hardware.wifi.supplicant@1.0::ISupplicant/default
11-05 17:58:05.012 I/wpa_supplicant( 858): Copied template conf file from /vendor/etc/wifi/wpa_supplicant.conf to /data/vendor/wifi/wpa/wpa_supplicant.conf
11-05 17:58:05.012 D/wpa_supplicant( 858): Override interface parameter: ctrl_interface ('(null)' -> '/data/vendor/wifi/wpa/sockets')
11-05 17:58:05.012 D/wpa_supplicant( 858): Initializing interface 'wlan0' conf '/data/vendor/wifi/wpa/wpa_supplicant.conf' driver 'nl80211' ctrl_interface '/data/vendor/wifi/wpa/sockets' bridge 'N/A'
11-05 17:58:05.012 D/wpa_supplicant( 858): Configuration file '/data/vendor/wifi/wpa/wpa_supplicant.conf' -> '/data/vendor/wifi/wpa/wpa_supplicant.conf'
11-05 17:58:05.012 D/wpa_supplicant( 858): Reading configuration file '/data/vendor/wifi/wpa/wpa_supplicant.conf'
11-05 17:58:05.012 D/wpa_supplicant( 858): update_config=1
11-05 17:58:05.012 D/wpa_supplicant( 858): eapol_version=1
11-05 17:58:05.012 D/wpa_supplicant( 858): ap_scan=1
11-05 17:58:05.012 D/wpa_supplicant( 858): fast_reauth=1
11-05 17:58:05.012 D/wpa_supplicant( 858): pmf=1
11-05 17:58:05.012 D/wpa_supplicant( 858): p2p_add_cli_chan=1
11-05 17:58:05.012 D/wpa_supplicant( 858): oce=1
11-05 17:58:05.012 D/wpa_supplicant( 858): sae_pwe=2
11-05 17:58:05.013 D/wpa_supplicant( 858): Reading configuration file '/vendor/etc/wifi/wpa_supplicant_overlay.conf'
11-05 17:58:05.013 D/wpa_supplicant( 858): disable_scan_offload=1
11-05 17:58:05.013 D/wpa_supplicant( 858): wowlan_triggers='any'
11-05 17:58:05.013 D/wpa_supplicant( 858): p2p_disabled=0
11-05 17:58:05.013 D/wpa_supplicant( 858): filter_rssi=-75
11-05 17:58:05.013 D/wpa_supplicant( 858): no_ctrl_interface -> ctrl_interface=NULL
11-05 17:58:05.016 D/wpa_supplicant( 858): nl80211: Supported cipher 00-0f-ac:1
11-05 17:58:05.016 D/wpa_supplicant( 858): nl80211: Supported cipher 00-0f-ac:5
11-05 17:58:05.016 D/wpa_supplicant( 858): nl80211: Supported cipher 00-0f-ac:2
11-05 17:58:05.016 D/wpa_supplicant( 858): nl80211: Supported cipher 00-0f-ac:4
11-05 17:58:05.016 D/wpa_supplicant( 858): nl80211: Supported cipher 00-14-72:1
11-05 17:58:05.016 D/wpa_supplicant( 858): nl80211: Supported cipher 00-0f-ac:6
11-05 17:58:05.016 D/wpa_supplicant( 858): nl80211: Supported cipher 00-0f-ac:255
11-05 17:58:05.017 D/wpa_supplicant( 858): nl80211: Supported vendor command: vendor_id=0x1374 subcmd=9
11-05 17:58:05.017 D/wpa_supplicant( 858): nl80211: Supported vendor command: vendor_id=0x1374 subcmd=12
11-05 17:58:05.017 D/wpa_supplicant( 858): nl80211: Supported vendor command: vendor_id=0x1374 subcmd=14
11-05 17:58:05.017 D/wpa_supplicant( 858): nl80211: Supported vendor command: vendor_id=0x1374 subcmd=15
11-05 17:58:05.017 D/wpa_supplicant( 858): nl80211: Supported vendor command: vendor_id=0x1374 subcmd=16
11-05 17:58:05.017 D/wpa_supplicant( 858): nl80211: Supported vendor command: vendor_id=0x1374 subcmd=20
11-05 17:58:05.017 D/wpa_supplicant( 858): nl80211: Supported vendor command: vendor_id=0x1a11 subcmd=6
11-05 17:58:05.017 D/wpa_supplicant( 858): nl80211: Supported vendor command: vendor_id=0x1374 subcmd=21
11-05 17:58:05.017 D/wpa_supplicant( 858): nl80211: Supported vendor command: vendor_id=0x1374 subcmd=22
11-05 17:58:05.017 D/wpa_supplicant( 858): nl80211: Supported vendor command: vendor_id=0x1374 subcmd=23
11-05 17:58:05.017 D/wpa_supplicant( 858): nl80211: Supported vendor command: vendor_id=0x1374 subcmd=24
11-05 17:58:05.017 D/wpa_supplicant( 858): nl80211: Supported vendor command: vendor_id=0x1374 subcmd=29
11-05 17:58:05.017 D/wpa_supplicant( 858): nl80211: Supported vendor command: vendor_id=0x1374 subcmd=30
11-05 17:58:05.017 D/wpa_supplicant( 858): nl80211: Supported vendor command: vendor_id=0x1374 subcmd=32
11-05 17:58:05.017 D/wpa_supplicant( 858): nl80211: Supported vendor command: vendor_id=0x1374 subcmd=33
11-05 17:58:05.017 D/wpa_supplicant( 858): nl80211: Supported vendor command: vendor_id=0x1374 subcmd=38
11-05 17:58:05.017 D/wpa_supplicant( 858): nl80211: Supported vendor command: vendor_id=0x1374 subcmd=39
11-05 17:58:05.017 D/wpa_supplicant( 858): nl80211: Supported vendor command: vendor_id=0x1374 subcmd=42
11-05 17:58:05.017 D/wpa_supplicant( 858): nl80211: Supported vendor command: vendor_id=0x1374 subcmd=55
11-05 17:58:05.017 D/wpa_supplicant( 858): nl80211: Supported vendor command: vendor_id=0x1374 subcmd=61
11-05 17:58:05.018 D/wpa_supplicant( 858): nl80211: Supported vendor command: vendor_id=0x1374 subcmd=62
11-05 17:58:05.018 D/wpa_supplicant( 858): nl80211: Supported vendor command: vendor_id=0x1374 subcmd=63
11-05 17:58:05.018 D/wpa_supplicant( 858): nl80211: Supported vendor command: vendor_id=0x1374 subcmd=64
11-05 17:58:05.018 D/wpa_supplicant( 858): nl80211: Supported vendor command: vendor_id=0x1374 subcmd=65
11-05 17:58:05.018 D/wpa_supplicant( 858): nl80211: Supported vendor command: vendor_id=0x1374 subcmd=66
11-05 17:58:05.018 D/wpa_supplicant( 858): nl80211: Supported vendor command: vendor_id=0x1374 subcmd=69
11-05 17:58:05.018 D/wpa_supplicant( 858): nl80211: Supported vendor command: vendor_id=0x1374 subcmd=70
11-05 17:58:05.018 D/wpa_supplicant( 858): nl80211: Supported vendor command: vendor_id=0x1374 subcmd=71
11-05 17:58:05.018 D/wpa_supplicant( 858): nl80211: Supported vendor command: vendor_id=0x1374 subcmd=76
11-05 17:58:05.018 D/wpa_supplicant( 858): nl80211: Supported vendor command: vendor_id=0x1374 subcmd=77
11-05 17:58:05.018 D/wpa_supplicant( 858): nl80211: Supported vendor command: vendor_id=0x1374 subcmd=79
11-05 17:58:05.018 D/wpa_supplicant( 858): nl80211: Supported vendor command: vendor_id=0x1374 subcmd=80
11-05 17:58:05.018 D/wpa_supplicant( 858): nl80211: Supported vendor command: vendor_id=0x1374 subcmd=82
11-05 17:58:05.018 D/wpa_supplicant( 858): nl80211: Supported vendor command: vendor_id=0x1374 subcmd=85
11-05 17:58:05.018 D/wpa_supplicant( 858): nl80211: Supported vendor command: vendor_id=0x1374 subcmd=146
11-05 17:58:05.018 D/wpa_supplicant( 858): nl80211: Supported vendor command: vendor_id=0x1374 subcmd=12
11-05 17:58:05.018 D/wpa_supplicant( 858): nl80211: Supported vendor command: vendor_id=0x1374 subcmd=128
11-05 17:58:05.018 D/wpa_supplicant( 858): nl80211: Supported vendor command: vendor_id=0x1374 subcmd=129
11-05 17:58:05.018 D/wpa_supplicant( 858): nl80211: Supported vendor command: vendor_id=0x1374 subcmd=130
11-05 17:58:05.018 D/wpa_supplicant( 858): nl80211: Supported vendor command: vendor_id=0x1374 subcmd=133
11-05 17:58:05.018 D/wpa_supplicant( 858): nl80211: Supported vendor command: vendor_id=0x1374 subcmd=176
11-05 17:58:05.018 D/wpa_supplicant( 858): nl80211: Supported vendor event: vendor_id=0x1374 subcmd=80
11-05 17:58:05.018 D/wpa_supplicant( 858): nl80211: Supported vendor event: vendor_id=0x1374 subcmd=1
11-05 17:58:05.018 D/wpa_supplicant( 858): nl80211: Supported vendor event: vendor_id=0x1374 subcmd=1
11-05 17:58:05.018 D/wpa_supplicant( 858): nl80211: Supported vendor event: vendor_id=0x1374 subcmd=1
11-05 17:58:05.018 D/wpa_supplicant( 858): nl80211: Supported vendor event: vendor_id=0x1374 subcmd=1
11-05 17:58:05.018 D/wpa_supplicant( 858): nl80211: Supported vendor event: vendor_id=0x1374 subcmd=1
11-05 17:58:05.018 D/wpa_supplicant( 858): nl80211: Supported vendor event: vendor_id=0x1374 subcmd=20
11-05 17:58:05.018 D/wpa_supplicant( 858): nl80211: Supported vendor event: vendor_id=0x1374 subcmd=21
11-05 17:58:05.018 D/wpa_supplicant( 858): nl80211: Supported vendor event: vendor_id=0x1374 subcmd=23
11-05 17:58:05.018 D/wpa_supplicant( 858): nl80211: Supported vendor event: vendor_id=0x1374 subcmd=24
11-05 17:58:05.018 D/wpa_supplicant( 858): nl80211: Supported vendor event: vendor_id=0x1374 subcmd=25
11-05 17:58:05.018 D/wpa_supplicant( 858): nl80211: Supported vendor event: vendor_id=0x1374 subcmd=26
11-05 17:58:05.018 D/wpa_supplicant( 858): nl80211: Supported vendor event: vendor_id=0x1374 subcmd=27
11-05 17:58:05.018 D/wpa_supplicant( 858): nl80211: Supported vendor event: vendor_id=0x1374 subcmd=28
11-05 17:58:05.018 D/wpa_supplicant( 858): nl80211: Supported vendor event: vendor_id=0x1374 subcmd=41
11-05 17:58:05.018 D/wpa_supplicant( 858): nl80211: Supported vendor event: vendor_id=0x1374 subcmd=29
11-05 17:58:05.018 D/wpa_supplicant( 858): nl80211: Supported vendor event: vendor_id=0x1374 subcmd=30
11-05 17:58:05.018 D/wpa_supplicant( 858): nl80211: Supported vendor event: vendor_id=0x1374 subcmd=31
11-05 17:58:05.018 D/wpa_supplicant( 858): nl80211: Supported vendor event: vendor_id=0x1374 subcmd=32
11-05 17:58:05.018 D/wpa_supplicant( 858): nl80211: Supported vendor event: vendor_id=0x1374 subcmd=33
11-05 17:58:05.018 D/wpa_supplicant( 858): nl80211: Supported vendor event: vendor_id=0x0 subcmd=0
11-05 17:58:05.018 D/wpa_supplicant( 858): nl80211: Supported vendor event: vendor_id=0x0 subcmd=0
11-05 17:58:05.018 D/wpa_supplicant( 858): nl80211: Supported vendor event: vendor_id=0x0 subcmd=0
11-05 17:58:05.018 D/wpa_supplicant( 858): nl80211: Supported vendor event: vendor_id=0x0 subcmd=0
11-05 17:58:05.018 D/wpa_supplicant( 858): nl80211: Supported vendor event: vendor_id=0x0 subcmd=0
11-05 17:58:05.018 D/wpa_supplicant( 858): nl80211: Supported vendor event: vendor_id=0x0 subcmd=0
11-05 17:58:05.018 D/wpa_supplicant( 858): nl80211: Supported vendor event: vendor_id=0x0 subcmd=0
11-05 17:58:05.018 D/wpa_supplicant( 858): nl80211: Supported vendor event: vendor_id=0x0 subcmd=0
11-05 17:58:05.018 D/wpa_supplicant( 858): nl80211: Supported vendor event: vendor_id=0x0 subcmd=0
11-05 17:58:05.018 D/wpa_supplicant( 858): nl80211: Supported vendor event: vendor_id=0x0 subcmd=0
11-05 17:58:05.018 D/wpa_supplicant( 858): nl80211: Supported vendor event: vendor_id=0x0 subcmd=0
11-05 17:58:05.018 D/wpa_supplicant( 858): nl80211: Supported vendor event: vendor_id=0x0 subcmd=0
11-05 17:58:05.018 D/wpa_supplicant( 858): nl80211: Supported vendor event: vendor_id=0x1374 subcmd=5120
11-05 17:58:05.018 D/wpa_supplicant( 858): nl80211: Supported vendor event: vendor_id=0x0 subcmd=0
11-05 17:58:05.018 D/wpa_supplicant( 858): nl80211: Supported vendor event: vendor_id=0x0 subcmd=0
11-05 17:58:05.018 D/wpa_supplicant( 858): nl80211: Supported vendor event: vendor_id=0x0 subcmd=0
11-05 17:58:05.018 D/wpa_supplicant( 858): nl80211: Supported vendor event: vendor_id=0x0 subcmd=0
11-05 17:58:05.018 D/wpa_supplicant( 858): nl80211: Supported vendor event: vendor_id=0x0 subcmd=0
11-05 17:58:05.018 D/wpa_supplicant( 858): nl80211: Supported vendor event: vendor_id=0x0 subcmd=0
11-05 17:58:05.018 D/wpa_supplicant( 858): nl80211: Supported vendor event: vendor_id=0x0 subcmd=0
11-05 17:58:05.018 D/wpa_supplicant( 858): nl80211: Supported vendor event: vendor_id=0x0 subcmd=0
11-05 17:58:05.018 D/wpa_supplicant( 858): nl80211: Supported vendor event: vendor_id=0x0 subcmd=0
11-05 17:58:05.018 D/wpa_supplicant( 858): nl80211: Supported vendor event: vendor_id=0x0 subcmd=0
11-05 17:58:05.018 D/wpa_supplicant( 858): nl80211: Supported vendor event: vendor_id=0x0 subcmd=0
11-05 17:58:05.018 D/wpa_supplicant( 858): nl80211: Supported vendor event: vendor_id=0x0 subcmd=0
11-05 17:58:05.018 D/wpa_supplicant( 858): nl80211: Supported vendor event: vendor_id=0x0 subcmd=0
11-05 17:58:05.018 D/wpa_supplicant( 858): nl80211: Supported vendor event: vendor_id=0x0 subcmd=0
11-05 17:58:05.018 D/wpa_supplicant( 858): nl80211: Supported vendor event: vendor_id=0x0 subcmd=0
11-05 17:58:05.018 D/wpa_supplicant( 858): nl80211: Supported vendor event: vendor_id=0x0 subcmd=0
11-05 17:58:05.018 D/wpa_supplicant( 858): nl80211: Supported vendor event: vendor_id=0x0 subcmd=0
11-05 17:58:05.018 D/wpa_supplicant( 858): nl80211: Supported vendor event: vendor_id=0x0 subcmd=0
11-05 17:58:05.018 D/wpa_supplicant( 858): nl80211: Supported vendor event: vendor_id=0x0 subcmd=0
11-05 17:58:05.018 D/wpa_supplicant( 858): nl80211: Supported vendor event: vendor_id=0x0 subcmd=0
11-05 17:58:05.018 D/wpa_supplicant( 858): nl80211: Supported vendor event: vendor_id=0x0 subcmd=0
11-05 17:58:05.018 D/wpa_supplicant( 858): nl80211: Supported vendor event: vendor_id=0x0 subcmd=0
11-05 17:58:05.018 D/wpa_supplicant( 858): nl80211: Supported vendor event: vendor_id=0x0 subcmd=0
11-05 17:58:05.018 D/wpa_supplicant( 858): nl80211: Supported vendor event: vendor_id=0x0 subcmd=0
11-05 17:58:05.018 D/wpa_supplicant( 858): nl80211: Supported vendor event: vendor_id=0x0 subcmd=0
11-05 17:58:05.018 D/wpa_supplicant( 858): nl80211: Supported vendor event: vendor_id=0x0 subcmd=0
11-05 17:58:05.019 D/wpa_supplicant( 858): nl80211: Supported vendor event: vendor_id=0x0 subcmd=0
11-05 17:58:05.019 D/wpa_supplicant( 858): nl80211: Supported vendor event: vendor_id=0x0 subcmd=0
11-05 17:58:05.019 D/wpa_supplicant( 858): nl80211: Supported vendor event: vendor_id=0x0 subcmd=0
11-05 17:58:05.019 D/wpa_supplicant( 858): nl80211: Supported vendor event: vendor_id=0x0 subcmd=0
11-05 17:58:05.019 D/wpa_supplicant( 858): nl80211: Supported vendor event: vendor_id=0x0 subcmd=0
11-05 17:58:05.019 D/wpa_supplicant( 858): nl80211: Supported vendor event: vendor_id=0x1374 subcmd=131
11-05 17:58:05.019 D/wpa_supplicant( 858): nl80211: Supported vendor event: vendor_id=0x1374 subcmd=132
11-05 17:58:05.019 D/wpa_supplicant( 858): nl80211: Supported vendor event: vendor_id=0x0 subcmd=0
11-05 17:58:05.019 D/wpa_supplicant( 858): nl80211: Supported vendor event: vendor_id=0x0 subcmd=0
11-05 17:58:05.019 D/wpa_supplicant( 858): nl80211: Supported vendor event: vendor_id=0x0 subcmd=0
11-05 17:58:05.021 D/wpa_supplicant( 858): nl80211: Supported vendor event: vendor_id=0x0 subcmd=0
11-05 17:58:05.021 D/wpa_supplicant( 858): nl80211: Supported vendor event: vendor_id=0x0 subcmd=0
11-05 17:58:05.021 D/wpa_supplicant( 858): nl80211: Supported vendor event: vendor_id=0x0 subcmd=0
11-05 17:58:05.022 D/wpa_supplicant( 858): nl80211: Supported vendor event: vendor_id=0x1374 subcmd=72
11-05 17:58:05.022 D/wpa_supplicant( 858): nl80211: Use separate P2P group interface (driver advertised support)
11-05 17:58:05.022 D/wpa_supplicant( 858): nl80211: Enable multi-channel concurrent (driver advertised support)
11-05 17:58:05.022 D/wpa_supplicant( 858): nl80211: use P2P_DEVICE support
11-05 17:58:05.022 D/wpa_supplicant( 858): nl80211: key_mgmt=0xd0f enc=0x10f auth=0x7 flags=0x100100007a007ac0 rrm_flags=0x0 probe_resp_offloads=0x0 max_stations=10 max_remain_on_chan=5000 max_scan_ssids=12
11-05 17:58:05.022 D/wpa_supplicant( 858): nl80211: interface wlan0 in phy phy0
11-05 17:58:05.023 D/wpa_supplicant( 858): nl80211: Set mode ifindex 14 iftype 2 (STATION)
11-05 17:58:05.023 D/wpa_supplicant( 858): nl80211: Subscribe to mgmt frames with non-AP handle 0xf6b997a0
11-05 17:58:05.023 D/wpa_supplicant( 858): nl80211: Register frame type=0xb0 (WLAN_FC_STYPE_AUTH) nl_handle=0xf6b997a0 match=0300 multicast=0
11-05 17:58:05.023 D/wpa_supplicant( 858): nl80211: Register frame command failed (type=176): ret=-22 (Invalid argument)
11-05 17:58:05.023 D/wpa_supplicant( 858): nl80211: Register frame match - hexdump(len=2): 03 00
11-05 17:58:05.023 D/wpa_supplicant( 858): nl80211: Register frame type=0xd0 (WLAN_FC_STYPE_ACTION) nl_handle=0xf6b997a0 match=0104 multicast=0
11-05 17:58:05.023 D/wpa_supplicant( 858): nl80211: Register frame type=0xd0 (WLAN_FC_STYPE_ACTION) nl_handle=0xf6b997a0 match=040a multicast=0
11-05 17:58:05.023 D/wpa_supplicant( 858): nl80211: Register frame type=0xd0 (WLAN_FC_STYPE_ACTION) nl_handle=0xf6b997a0 match=040b multicast=0
11-05 17:58:05.023 D/wpa_supplicant( 858): nl80211: Register frame type=0xd0 (WLAN_FC_STYPE_ACTION) nl_handle=0xf6b997a0 match=040c multicast=0
11-05 17:58:05.023 D/wpa_supplicant( 858): nl80211: Register frame type=0xd0 (WLAN_FC_STYPE_ACTION) nl_handle=0xf6b997a0 match=040d multicast=0
11-05 17:58:05.024 D/wpa_supplicant( 858): nl80211: Register frame type=0xd0 (WLAN_FC_STYPE_ACTION) nl_handle=0xf6b997a0 match=090a multicast=0
11-05 17:58:05.024 D/wpa_supplicant( 858): nl80211: Register frame type=0xd0 (WLAN_FC_STYPE_ACTION) nl_handle=0xf6b997a0 match=090b multicast=0
11-05 17:58:05.024 D/wpa_supplicant( 858): nl80211: Register frame type=0xd0 (WLAN_FC_STYPE_ACTION) nl_handle=0xf6b997a0 match=090c multicast=0
11-05 17:58:05.024 D/wpa_supplicant( 858): nl80211: Register frame type=0xd0 (WLAN_FC_STYPE_ACTION) nl_handle=0xf6b997a0 match=090d multicast=0
11-05 17:58:05.024 D/wpa_supplicant( 858): nl80211: Register frame type=0xd0 (WLAN_FC_STYPE_ACTION) nl_handle=0xf6b997a0 match=0409506f9a09 multicast=0
11-05 17:58:05.024 D/wpa_supplicant( 858): nl80211: Register frame type=0xd0 (WLAN_FC_STYPE_ACTION) nl_handle=0xf6b997a0 match=7f506f9a09 multicast=0
11-05 17:58:05.024 D/wpa_supplicant( 858): nl80211: Register frame type=0xd0 (WLAN_FC_STYPE_ACTION) nl_handle=0xf6b997a0 match=0409506f9a1a multicast=0
11-05 17:58:05.024 D/wpa_supplicant( 858): nl80211: Register frame type=0xd0 (WLAN_FC_STYPE_ACTION) nl_handle=0xf6b997a0 match=0801 multicast=0
11-05 17:58:05.024 D/wpa_supplicant( 858): nl80211: Register frame type=0xd0 (WLAN_FC_STYPE_ACTION) nl_handle=0xf6b997a0 match=06 multicast=0
11-05 17:58:05.025 D/wpa_supplicant( 858): nl80211: Register frame type=0xd0 (WLAN_FC_STYPE_ACTION) nl_handle=0xf6b997a0 match=0a07 multicast=0
11-05 17:58:05.030 I/ ( 406): DVI mode selected: packets not configured
11-05 17:58:05.030 I/ ( 406): Error: set vsif failed
11-05 17:58:05.025 D/wpa_supplicant( 858): nl80211: Register frame type=0xd0 (WLAN_FC_STYPE_ACTION) nl_handle=0xf6b997a0 match=0a11 multicast=0
11-05 17:58:05.025 D/wpa_supplicant( 858): nl80211: Register frame type=0xd0 (WLAN_FC_STYPE_ACTION) nl_handle=0xf6b997a0 match=0a0b multicast=0
11-05 17:58:05.025 D/wpa_supplicant( 858): nl80211: Register frame type=0xd0 (WLAN_FC_STYPE_ACTION) nl_handle=0xf6b997a0 match=0a1a multicast=0
11-05 17:58:05.025 D/wpa_supplicant( 858): nl80211: Register frame type=0xd0 (WLAN_FC_STYPE_ACTION) nl_handle=0xf6b997a0 match=1101 multicast=0
11-05 17:58:05.025 D/wpa_supplicant( 858): nl80211: Register frame type=0xd0 (WLAN_FC_STYPE_ACTION) nl_handle=0xf6b997a0 match=1102 multicast=0
11-05 17:58:05.025 D/wpa_supplicant( 858): nl80211: Register frame type=0xd0 (WLAN_FC_STYPE_ACTION) nl_handle=0xf6b997a0 match=0505 multicast=0
11-05 17:58:05.025 D/wpa_supplicant( 858): nl80211: Register frame type=0xd0 (WLAN_FC_STYPE_ACTION) nl_handle=0xf6b997a0 match=0500 multicast=0
11-05 17:58:05.026 D/wpa_supplicant( 858): nl80211: Register frame type=0xd0 (WLAN_FC_STYPE_ACTION) nl_handle=0xf6b997a0 match=1305 multicast=0
11-05 17:58:05.026 I/wpa_supplicant( 858): rfkill: Cannot open RFKILL control device
11-05 17:58:05.026 D/wpa_supplicant( 858): nl80211: RFKILL status not available
11-05 17:58:05.026 D/wpa_supplicant( 858): netlink: Operstate: ifindex=14 linkmode=1 (userspace-control), operstate=5 (IF_OPER_DORMANT)
11-05 17:58:05.027 W/PppoeNetworkFactory( 520): interfaceLinkStateChanged
11-05 17:58:05.027 D/PppoeNetworkFactory( 520): updateInterface: mIface: mPhyIface:eth0 iface:wlan0 link:up
11-05 17:58:05.027 D/PppoeNetworkFactory( 520): not tracker interface
11-05 17:58:05.027 I/EthernetTracker( 520): interfaceLinkStateChanged, iface: wlan0, up: true
11-05 17:58:05.030 D/wpa_supplicant( 858): Add interface wlan0 to a new radio phy0
11-05 17:58:05.032 D/wpa_supplicant( 858): nl80211: No channel number found for frequency 5920 MHz
11-05 17:58:05.033 D/wpa_supplicant( 858): nl80211: No channel number found for frequency 5940 MHz
11-05 17:58:05.033 D/wpa_supplicant( 858): nl80211: Regulatory information - country=CN (DFS-FCC)
11-05 17:58:05.033 D/wpa_supplicant( 858): nl80211: 2400-2483 @ 40 MHz 20 mBm
11-05 17:58:05.033 D/wpa_supplicant( 858): nl80211: 5150-5350 @ 80 MHz 20 mBm (DFS)
11-05 17:58:05.033 D/wpa_supplicant( 858): nl80211: 5725-5850 @ 80 MHz 33 mBm
11-05 17:58:05.033 D/wpa_supplicant( 858): nl80211: 57240-59400 @ 2160 MHz 28 mBm
11-05 17:58:05.033 D/wpa_supplicant( 858): nl80211: 59400-63720 @ 2160 MHz 44 mBm
11-05 17:58:05.033 D/wpa_supplicant( 858): nl80211: 63720-65880 @ 2160 MHz 28 mBm
11-05 17:58:05.033 D/wpa_supplicant( 858): nl80211: Added 802.11b mode based on 802.11g information
11-05 17:58:05.033 D/wpa_supplicant( 858): nl80211: Mode IEEE 802.11g: 2412 2417 2422 2427 2432 2437 2442 2447 2452 2457 2462 2467 2472 2484[DISABLED]
11-05 17:58:05.033 D/wpa_supplicant( 858): nl80211: Mode IEEE 802.11a: 5170[DISABLED] 5180 5200 5220 5240 5260[RADAR] 5280[RADAR] 5300[RADAR] 5320[RADAR] 5500[DISABLED][RADAR] 5520[DISABLED][RADAR] 5540[DISABLED][RADAR] 5560[DISABLED][RADAR] 5580[DISABLED][RADAR]
11-05 17:58:05.033 D/wpa_supplicant( 858): nl80211: Mode IEEE 802.11b: 2412 2417 2422 2427 2432 2437 2442 2447 2452 2457 2462 2467 2472 2484[DISABLED]
11-05 17:58:05.034 W/PppoeNetworkFactory( 520): interfaceLinkStateChanged
11-05 17:58:05.034 D/PppoeNetworkFactory( 520): updateInterface: mIface: mPhyIface:eth0 iface:wlan0 link:up
11-05 17:58:05.034 D/PppoeNetworkFactory( 520): not tracker interface
11-05 17:58:05.034 I/EthernetTracker( 520): interfaceLinkStateChanged, iface: wlan0, up: true
11-05 17:58:05.057 D/wpa_supplicant( 858): wlan0: Own MAC address: f4:ab:5c:b4:08:c0
11-05 17:58:05.057 D/wpa_supplicant( 858): wpa_driver_nl80211_set_key: ifindex=14 (wlan0) alg=0 addr=0x0 key_idx=0 set_tx=0 seq_len=0 key_len=0 key_flag=0x10
11-05 17:58:05.057 D/wpa_supplicant( 858): nl80211: DEL_KEY
11-05 17:58:05.057 D/wpa_supplicant( 858): broadcast key
11-05 17:58:05.058 D/wpa_supplicant( 858): wpa_driver_nl80211_set_key: ifindex=14 (wlan0) alg=0 addr=0x0 key_idx=1 set_tx=0 seq_len=0 key_len=0 key_flag=0x10
11-05 17:58:05.058 D/wpa_supplicant( 858): nl80211: DEL_KEY
11-05 17:58:05.058 D/wpa_supplicant( 858): broadcast key
11-05 17:58:05.058 D/wpa_supplicant( 858): wpa_driver_nl80211_set_key: ifindex=14 (wlan0) alg=0 addr=0x0 key_idx=2 set_tx=0 seq_len=0 key_len=0 key_flag=0x10
11-05 17:58:05.058 D/wpa_supplicant( 858): nl80211: DEL_KEY
11-05 17:58:05.058 D/wpa_supplicant( 858): broadcast key
11-05 17:58:05.058 D/wpa_supplicant( 858): wpa_driver_nl80211_set_key: ifindex=14 (wlan0) alg=0 addr=0x0 key_idx=3 set_tx=0 seq_len=0 key_len=0 key_flag=0x10
11-05 17:58:05.058 D/wpa_supplicant( 858): nl80211: DEL_KEY
11-05 17:58:05.058 D/wpa_supplicant( 858): broadcast key
11-05 17:58:05.058 D/wpa_supplicant( 858): wpa_driver_nl80211_set_key: ifindex=14 (wlan0) alg=0 addr=0x0 key_idx=4 set_tx=0 seq_len=0 key_len=0 key_flag=0x10
11-05 17:58:05.058 D/wpa_supplicant( 858): nl80211: DEL_KEY
11-05 17:58:05.058 D/wpa_supplicant( 858): broadcast key
11-05 17:58:05.058 D/wpa_supplicant( 858): wpa_driver_nl80211_set_key: ifindex=14 (wlan0) alg=0 addr=0x0 key_idx=5 set_tx=0 seq_len=0 key_len=0 key_flag=0x10
11-05 17:58:05.058 D/wpa_supplicant( 858): nl80211: DEL_KEY
11-05 17:58:05.058 D/wpa_supplicant( 858): broadcast key
11-05 17:58:05.059 D/wpa_supplicant( 858): wlan0: RSN: flushing PMKID list in the driver
11-05 17:58:05.059 D/wpa_supplicant( 858): nl80211: Flush PMKIDs
11-05 17:58:05.061 D/wpa_supplicant( 858): wlan0: State: DISCONNECTED -> INACTIVE
11-05 17:58:05.061 D/wpa_supplicant( 858): Notifying state change event to hidl control: 2
11-05 17:58:05.065 D/CompatibilityChangeReporter( 520): Compat change id reported: 168419799; UID 1000; state: DISABLED
11-05 17:58:05.077 I/ ( 406): DVI mode selected: packets not configured
11-05 17:58:05.077 I/ ( 406): Error: set vsif failed
11-05 17:58:05.073 W/ActivityManager( 520): Slow operation: 54ms so far, now at attachApplicationLocked: after updateOomAdjLocked
11-05 17:58:05.076 V/WebViewLibraryLoader( 871): RelroFileCreator (64bit = false), package: com.android.webview library: libwebviewchromium.so
11-05 17:58:05.089 D/wpa_supplicant( 858): TDLS: TDLS operation not supported by driver
11-05 17:58:05.089 D/wpa_supplicant( 858): TDLS: Driver uses internal link setup
11-05 17:58:05.089 D/wpa_supplicant( 858): TDLS: Driver does not support TDLS channel switching
11-05 17:58:05.090 D/wpa_supplicant( 858): wlan0: WPS: UUID based on MAC address: 48745f9b-aa8d-5dcd-be89-051e0dfa7fc7
11-05 17:58:05.091 D/wpa_supplicant( 858): EAPOL: SUPP_PAE entering state DISCONNECTED
11-05 17:58:05.091 D/wpa_supplicant( 858): EAPOL: Supplicant port status: Unauthorized
11-05 17:58:05.091 D/wpa_supplicant( 858): nl80211: Skip set_supp_port(unauthorized) while not associated
11-05 17:58:05.091 D/wpa_supplicant( 858): EAPOL: KEY_RX entering state NO_KEY_RECEIVE
11-05 17:58:05.091 D/wpa_supplicant( 858): EAPOL: SUPP_BE entering state INITIALIZE
11-05 17:58:05.091 D/wpa_supplicant( 858): EAP: EAP entering state DISABLED
11-05 17:58:05.091 D/wpa_supplicant( 858): Using existing control interface directory.
11-05 17:58:05.092 D/wpa_supplicant( 858): nl80211: Setting wowlan
11-05 17:58:05.093 I/SystemServerTiming( 520): MakeConnectivityServiceReady
11-05 17:58:05.094 D/PermissionMonitor( 520): Monitoring
11-05 17:58:05.094 D/wpa_supplicant( 858): MBO: Update non-preferred channels, non_pref_chan=N/A
11-05 17:58:05.094 D/wpa_supplicant( 858): Registering interface to hidl control: wlan0
11-05 17:58:05.094 D/wpa_supplicant( 858): wlan0: Added interface wlan0
11-05 17:58:05.094 D/wpa_supplicant( 858): wlan0: State: INACTIVE -> DISCONNECTED
11-05 17:58:05.094 D/wpa_supplicant( 858): nl80211: Set wlan0 operstate 0->0 (DORMANT)
11-05 17:58:05.094 D/wpa_supplicant( 858): netlink: Operstate: ifindex=14 linkmode=-1 (no change), operstate=5 (IF_OPER_DORMANT)
11-05 17:58:05.094 D/wpa_supplicant( 858): Notifying state change event to hidl control: 0
11-05 17:58:05.094 D/wpa_supplicant( 858): nl80211: Create interface iftype 10 (P2P_DEVICE)
11-05 17:58:05.094 D/wpa_supplicant( 858): nl80211: New P2P Device interface p2p-dev-wlan0 (0x3) created
11-05 17:58:05.095 D/wpa_supplicant( 858): Override interface parameter: ctrl_interface ('/data/vendor/wifi/wpa/sockets' -> '/data/vendor/wifi/wpa/sockets')
11-05 17:58:05.095 D/wpa_supplicant( 858): Initializing interface 'p2p-dev-wlan0' conf '/data/vendor/wifi/wpa/wpa_supplicant.conf' driver 'nl80211' ctrl_interface '/data/vendor/wifi/wpa/sockets' bridge 'N/A'
11-05 17:58:05.095 D/wpa_supplicant( 858): Configuration file '/data/vendor/wifi/wpa/wpa_supplicant.conf' -> '/data/vendor/wifi/wpa/wpa_supplicant.conf'
11-05 17:58:05.095 D/wpa_supplicant( 858): Reading configuration file '/data/vendor/wifi/wpa/wpa_supplicant.conf'
11-05 17:58:05.095 D/wpa_supplicant( 858): update_config=1
11-05 17:58:05.095 D/wpa_supplicant( 858): eapol_version=1
