11-05 17:57:55.810 D/StorageManagerService( 520): Thinking about reset, mBootCompleted=false, mDaemonConnected=true
11-05 17:57:55.812 D/XiriService( 313): check file name: /data/data/com.oranth.powerwindow/lib
11-05 17:57:55.812 D/XiriService( 313): check file name: /data/data/com.oranth.powerwindow/lib
11-05 17:57:55.813 D/installd( 352): Found quota mount /dev/block/by-name/userdata at /data
11-05 17:57:55.813 D/installd( 352): Found quota mount /dev/block/by-name/userdata at /data/user/0
11-05 17:57:55.813 D/XiriService( 313): check file name: /data/data/com.oranth.powerwindow/lib
11-05 17:57:55.815 D/installd( 352): Found quota mount /dev/block/by-name/userdata at /data
11-05 17:57:55.815 D/installd( 352): Found quota mount /dev/block/by-name/userdata at /data/user/0
11-05 17:57:55.816 D/XiriService( 313): check file name: /data/data/com.oranth.powerwindow/lib
11-05 17:57:55.816 D/XiriService( 313): check file name: /data/data/com.oranth.powerwindow/lib
11-05 17:57:55.819 I/SystemServerTiming( 520): StartUiModeManager
11-05 17:57:55.819 I/SystemServiceManager( 520): Starting com.android.server.UiModeManagerService
11-05 17:57:55.824 D/XiriService( 313): check file name: /data/data/com.android.storagemanager/lib
11-05 17:57:55.824 D/XiriService( 313): check file name: /data/data/com.android.storagemanager/lib
11-05 17:57:55.825 I/SystemServerTimingAsync( 520): InitThreadPoolExec:UiModeManager.onStart
11-05 17:57:55.825 D/SystemServerInitThreadPool( 520): Started executing UiModeManager.onStart
11-05 17:57:55.826 I/SystemServerTiming( 520): UpdatePackagesIfNeeded
11-05 17:57:55.826 I/Watchdog( 520): Pausing HandlerChecker: main thread for reason: dexopt. Pause count: 1
11-05 17:57:55.827 D/XiriService( 313): check file name: /data/data/com.android.storagemanager/lib
11-05 17:57:55.846 D/SystemServerInitThreadPool( 520): Finished executing UiModeManager.onStart
11-05 17:57:55.848 D/XiriService( 313): check file name: /data/data/com.android.storagemanager/lib
11-05 17:57:55.848 D/XiriService( 313): check file name: /data/data/com.android.storagemanager/lib
11-05 17:57:55.853 D/XiriService( 313): check file name: /data/data/com.android.bookmarkprovider/lib
11-05 17:57:55.853 D/XiriService( 313): check file name: /data/data/com.android.bookmarkprovider/lib
11-05 17:57:55.854 D/XiriService( 313): check file name: /data/data/com.android.bookmarkprovider/lib
11-05 17:57:55.852 I/xiriservice_All( 313): type=1400 audit(0.0:289): avc: denied { search } for name="com.android.bookmarkprovider" dev="mmcblk0p25" ino=1163 scontext=u:r:init:s0 tcontext=u:object_r:app_data_file:s0:c32,c256,c512,c768 tclass=dir permissive=1
11-05 17:57:55.857 D/XiriService( 313): check file name: /data/data/com.android.bookmarkprovider/lib
11-05 17:57:55.857 D/XiriService( 313): check file name: /data/data/com.android.bookmarkprovider/lib
11-05 17:57:55.863 D/XiriService( 313): check file name: /data/data/com.android.networkstack.permissionconfig/lib
11-05 17:57:55.863 D/XiriService( 313): check file name: /data/data/com.android.networkstack.permissionconfig/lib
11-05 17:57:55.864 D/XiriService( 313): check file name: /data/data/com.android.networkstack.permissionconfig/lib
11-05 17:57:55.860 I/rainbow_flow( 334): type=1400 audit(0.0:290): avc: denied { ioctl } for path="/dev/spidev1.0" dev="tmpfs" ino=3604 ioctlcmd=0x6b00 scontext=u:r:init:s0 tcontext=u:object_r:device:s0 tclass=chr_file permissive=1
11-05 17:57:55.867 D/XiriService( 313): check file name: /data/data/com.android.networkstack.permissionconfig/lib
11-05 17:57:55.867 D/XiriService( 313): check file name: /data/data/com.android.networkstack.permissionconfig/lib
11-05 17:57:55.875 D/XiriService( 313): check file name: /data/data/com.android.cts.ctsshim/lib
11-05 17:57:55.875 D/XiriService( 313): check file name: /data/data/com.android.cts.ctsshim/lib
11-05 17:57:55.876 D/XiriService( 313): check file name: /data/data/com.android.cts.ctsshim/lib
11-05 17:57:55.872 I/xiriservice_All( 313): type=1400 audit(0.0:291): avc: denied { search } for name="com.android.cts.ctsshim" dev="mmcblk0p25" ino=1179 scontext=u:r:init:s0 tcontext=u:object_r:app_data_file:s0:c48,c256,c512,c768 tclass=dir permissive=1
11-05 17:57:55.878 D/XiriService( 313): check file name: /data/data/com.android.cts.ctsshim/lib
11-05 17:57:55.879 D/XiriService( 313): check file name: /data/data/com.android.cts.ctsshim/lib
11-05 17:57:55.883 D/XiriService( 313): check file name: /data/data/com.dangbei.lerad.screensaver/lib
11-05 17:57:55.883 D/XiriService( 313): check file name: /data/data/com.dangbei.lerad.screensaver/lib
11-05 17:57:55.884 D/XiriService( 313): check file name: /data/data/com.dangbei.lerad.screensaver/lib
11-05 17:57:55.880 I/xiriservice_All( 313): type=1400 audit(0.0:292): avc: denied { search } for name="com.dangbei.lerad.screensaver" dev="mmcblk0p25" ino=1187 scontext=u:r:init:s0 tcontext=u:object_r:app_data_file:s0:c47,c256,c512,c768 tclass=dir permissive=1
11-05 17:57:55.887 D/XiriService( 313): check file name: /data/data/com.dangbei.lerad.screensaver/lib
11-05 17:57:55.887 D/XiriService( 313): check file name: /data/data/com.dangbei.lerad.screensaver/lib
11-05 17:57:55.892 D/XiriService( 313): check file name: /data/data/com.android.remoteprovisioner/lib
11-05 17:57:55.892 D/XiriService( 313): check file name: /data/data/com.android.remoteprovisioner/lib
11-05 17:57:55.893 D/XiriService( 313): check file name: /data/data/com.android.remoteprovisioner/lib
11-05 17:57:55.892 I/xiriservice_All( 313): type=1400 audit(0.0:293): avc: denied { search } for name="com.android.remoteprovisioner" dev="mmcblk0p25" ino=1195 scontext=u:r:init:s0 tcontext=u:object_r:app_data_file:s0:c61,c256,c512,c768 tclass=dir permissive=1
11-05 17:57:55.896 D/XiriService( 313): check file name: /data/data/com.android.remoteprovisioner/lib
11-05 17:57:55.896 D/XiriService( 313): check file name: /data/data/com.android.remoteprovisioner/lib
11-05 17:57:55.902 D/XiriService( 313): check file name: /data/data/com.softwinner.theme.icon/lib
11-05 17:57:55.902 D/XiriService( 313): check file name: /data/data/com.softwinner.theme.icon/lib
11-05 17:57:55.905 D/XiriService( 313): check file name: /data/data/com.softwinner.theme.icon/lib
11-05 17:57:55.909 D/XiriService( 313): check file name: /data/data/com.softwinner.theme.icon/lib
11-05 17:57:55.909 D/XiriService( 313): check file name: /data/data/com.softwinner.theme.icon/lib
11-05 17:57:55.908 I/xiriservice_All( 313): type=1400 audit(0.0:294): avc: denied { search } for name="com.softwinner.theme.icon" dev="mmcblk0p25" ino=1203 scontext=u:r:init:s0 tcontext=u:object_r:app_data_file:s0:c2,c256,c512,c768 tclass=dir permissive=1
11-05 17:57:55.914 D/XiriService( 313): check file name: /data/data/com.android.wallpaper/lib
11-05 17:57:55.914 D/XiriService( 313): check file name: /data/data/com.android.wallpaper/lib
11-05 17:57:55.915 D/XiriService( 313): check file name: /data/data/com.android.wallpaper/lib
11-05 17:57:55.918 D/XiriService( 313): check file name: /data/data/com.android.wallpaper/lib
11-05 17:57:55.918 D/XiriService( 313): check file name: /data/data/com.android.wallpaper/lib
11-05 17:57:55.923 D/XiriService( 313): check file name: /data/data/com.android.vpndialogs/lib
11-05 17:57:55.923 D/XiriService( 313): check file name: /data/data/com.android.vpndialogs/lib
11-05 17:57:55.924 D/XiriService( 313): check file name: /data/data/com.android.vpndialogs/lib
11-05 17:57:55.926 D/XiriService( 313): check file name: /data/data/com.android.vpndialogs/lib
11-05 17:57:55.926 D/XiriService( 313): check file name: /data/data/com.android.vpndialogs/lib
11-05 17:57:55.931 D/XiriService( 313): check file name: /data/data/com.android.music/lib
11-05 17:57:55.931 D/XiriService( 313): check file name: /data/data/com.android.music/lib
11-05 17:57:55.928 I/xiriservice_All( 313): type=1400 audit(0.0:295): avc: denied { search } for name="com.android.music" dev="mmcblk0p25" ino=1227 scontext=u:r:init:s0 tcontext=u:object_r:app_data_file:s0:c46,c256,c512,c768 tclass=dir permissive=1
11-05 17:57:55.932 D/XiriService( 313): check file name: /data/data/com.android.music/lib
11-05 17:57:55.935 D/XiriService( 313): check file name: /data/data/com.android.music/lib
11-05 17:57:55.935 D/XiriService( 313): check file name: /data/data/com.android.music/lib
11-05 17:57:55.941 D/XiriService( 313): check file name: /data/data/com.android.wallpaperbackup/lib
11-05 17:57:55.941 D/XiriService( 313): check file name: /data/data/com.android.wallpaperbackup/lib
11-05 17:57:55.942 D/XiriService( 313): check file name: /data/data/com.android.wallpaperbackup/lib
11-05 17:57:55.945 D/XiriService( 313): check file name: /data/data/com.android.wallpaperbackup/lib
11-05 17:57:55.945 D/XiriService( 313): check file name: /data/data/com.android.wallpaperbackup/lib
11-05 17:57:55.950 D/XiriService( 313): check file name: /data/data/com.android.providers.blockednumber/lib
11-05 17:57:55.950 D/XiriService( 313): check file name: /data/data/com.android.providers.blockednumber/lib
11-05 17:57:55.951 D/XiriService( 313): check file name: /data/data/com.android.providers.blockednumber/lib
11-05 17:57:55.955 D/XiriService( 313): check file name: /data/data/com.android.providers.blockednumber/lib
11-05 17:57:55.955 D/XiriService( 313): check file name: /data/data/com.android.providers.blockednumber/lib
11-05 17:57:55.961 D/XiriService( 313): check file name: /data/data/com.android.providers.userdictionary/lib
11-05 17:57:55.961 D/XiriService( 313): check file name: /data/data/com.android.providers.userdictionary/lib
11-05 17:57:55.962 D/XiriService( 313): check file name: /data/data/com.android.providers.userdictionary/lib
11-05 17:57:55.965 D/XiriService( 313): check file name: /data/data/com.android.providers.userdictionary/lib
11-05 17:57:55.965 D/XiriService( 313): check file name: /data/data/com.android.providers.userdictionary/lib
11-05 17:57:55.970 D/XiriService( 313): check file name: /data/data/com.android.providers.media.module/lib
11-05 17:57:55.970 D/XiriService( 313): check file name: /data/data/com.android.providers.media.module/lib
11-05 17:57:55.971 D/XiriService( 313): check file name: /data/data/com.android.providers.media.module/lib
11-05 17:57:55.968 I/xiriservice_All( 313): type=1400 audit(0.0:296): avc: denied { search } for name="com.android.providers.media.module" dev="mmcblk0p25" ino=1259 scontext=u:r:init:s0 tcontext=u:object_r:privapp_data_file:s0:c74,c256,c512,c768 tclass=dir permissive=1
11-05 17:57:55.974 D/XiriService( 313): check file name: /data/data/com.android.providers.media.module/lib
11-05 17:57:55.974 D/XiriService( 313): check file name: /data/data/com.android.providers.media.module/lib
11-05 17:57:55.980 D/XiriService( 313): check file name: /data/data/com.softwinner.theme.color/lib
11-05 17:57:55.980 D/XiriService( 313): check file name: /data/data/com.softwinner.theme.color/lib
11-05 17:57:55.980 I/xiriservice_All( 313): type=1400 audit(0.0:297): avc: denied { search } for name="com.softwinner.theme.color" dev="mmcblk0p25" ino=1267 scontext=u:r:init:s0 tcontext=u:object_r:app_data_file:s0:c10,c256,c512,c768 tclass=dir permissive=1
11-05 17:57:55.981 D/XiriService( 313): check file name: /data/data/com.softwinner.theme.color/lib
11-05 17:57:55.985 D/XiriService( 313): check file name: /data/data/com.softwinner.theme.color/lib
11-05 17:57:55.985 D/XiriService( 313): check file name: /data/data/com.softwinner.theme.color/lib
11-05 17:57:55.992 D/XiriService( 313): check file name: /data/data/com.oranth.storage/lib
11-05 17:57:55.992 D/XiriService( 313): check file name: /data/data/com.oranth.storage/lib
11-05 17:57:55.993 D/XiriService( 313): check file name: /data/data/com.oranth.storage/lib
11-05 17:57:55.995 D/XiriService( 313): check file name: /data/data/com.oranth.storage/lib
11-05 17:57:55.996 D/XiriService( 313): check file name: /data/data/com.oranth.storage/lib
11-05 17:57:56.000 D/XiriService( 313): check file name: /data/data/com.android.hotspot2.osulogin/lib
11-05 17:57:56.000 D/XiriService( 313): check file name: /data/data/com.android.hotspot2.osulogin/lib
11-05 17:57:56.001 D/XiriService( 313): check file name: /data/data/com.android.hotspot2.osulogin/lib
11-05 17:57:56.000 I/xiriservice_All( 313): type=1400 audit(0.0:298): avc: denied { search } for name="com.android.hotspot2.osulogin" dev="mmcblk0p25" ino=1283 scontext=u:r:init:s0 tcontext=u:object_r:app_data_file:s0:c71,c256,c512,c768 tclass=dir permissive=1
11-05 17:57:56.004 D/XiriService( 313): check file name: /data/data/com.android.hotspot2.osulogin/lib
11-05 17:57:56.004 D/XiriService( 313): check file name: /data/data/com.android.hotspot2.osulogin/lib
11-05 17:57:56.009 D/XiriService( 313): check file name: /data/data/com.android.internal.systemui.navbar.gestural/lib
11-05 17:57:56.010 D/XiriService( 313): check file name: /data/data/com.android.internal.systemui.navbar.gestural/lib
11-05 17:57:56.010 D/XiriService( 313): check file name: /data/data/com.android.internal.systemui.navbar.gestural/lib
11-05 17:57:56.008 I/xiriservice_All( 313): type=1400 audit(0.0:299): avc: denied { search } for name="com.android.internal.systemui.navbar.gestural" dev="mmcblk0p25" ino=1291 scontext=u:r:init:s0 tcontext=u:object_r:app_data_file:s0:c5,c256,c512,c768 tclass=dir permissive=1
11-05 17:57:56.014 D/XiriService( 313): check file name: /data/data/com.android.internal.systemui.navbar.gestural/lib
11-05 17:57:56.014 D/XiriService( 313): check file name: /data/data/com.android.internal.systemui.navbar.gestural/lib
11-05 17:57:56.020 D/XiriService( 313): check file name: /data/data/com.dangbei.haqusetting/lib
11-05 17:57:56.021 D/XiriService( 313): check file name: /data/data/com.dangbei.haqusetting/lib
11-05 17:57:56.024 D/XiriService( 313): check file name: /data/data/com.dangbei.haqusetting/lib
11-05 17:57:56.024 D/XiriService( 313): check file name: /data/data/com.dangbei.haqusetting/lib
11-05 17:57:56.029 D/XiriService( 313): check file name: /data/data/com.android.bluetoothmidiservice/lib
11-05 17:57:56.029 D/XiriService( 313): check file name: /data/data/com.android.bluetoothmidiservice/lib
11-05 17:57:56.030 D/XiriService( 313): check file name: /data/data/com.android.bluetoothmidiservice/lib
11-05 17:57:56.028 I/xiriservice_All( 313): type=1400 audit(0.0:300): avc: denied { search } for name="com.android.bluetoothmidiservice" dev="mmcblk0p25" ino=1307 scontext=u:r:init:s0 tcontext=u:object_r:app_data_file:s0:c53,c256,c512,c768 tclass=dir permissive=1
11-05 17:57:56.033 D/XiriService( 313): check file name: /data/data/com.android.bluetoothmidiservice/lib
11-05 17:57:56.034 D/XiriService( 313): check file name: /data/data/com.android.bluetoothmidiservice/lib
11-05 17:57:56.040 D/XiriService( 313): check file name: /data/data/com.softwinner.awmanager/lib
11-05 17:57:56.041 D/XiriService( 313): check file name: /data/data/com.softwinner.awmanager/lib
11-05 17:57:56.041 D/XiriService( 313): check file name: /data/data/com.softwinner.awmanager/lib
11-05 17:57:56.044 D/XiriService( 313): check file name: /data/data/com.softwinner.awmanager/lib
11-05 17:57:56.044 D/XiriService( 313): check file name: /data/data/com.softwinner.awmanager/lib
11-05 17:57:56.049 D/XiriService( 313): check file name: /data/data/com.softwinner.miracastReceiver/lib
11-05 17:57:56.049 D/XiriService( 313): check file name: /data/data/com.softwinner.miracastReceiver/lib
11-05 17:57:56.050 D/XiriService( 313): check file name: /data/data/com.softwinner.miracastReceiver/lib
11-05 17:57:56.053 D/XiriService( 313): check file name: /data/data/com.softwinner.miracastReceiver/lib
11-05 17:57:56.053 D/XiriService( 313): check file name: /data/data/com.softwinner.miracastReceiver/lib
11-05 17:57:56.058 D/XiriService( 313): check file name: /data/data/com.android.traceur/lib
11-05 17:57:56.058 D/XiriService( 313): check file name: /data/data/com.android.traceur/lib
11-05 17:57:56.059 D/XiriService( 313): check file name: /data/data/com.android.traceur/lib
11-05 17:57:56.056 I/xiriservice_All( 313): type=1400 audit(0.0:301): avc: denied { search } for name="com.android.traceur" dev="mmcblk0p25" ino=1331 scontext=u:r:init:s0 tcontext=u:object_r:app_data_file:s0:c31,c256,c512,c768 tclass=dir permissive=1
11-05 17:57:56.063 D/XiriService( 313): check file name: /data/data/com.android.traceur/lib
11-05 17:57:56.063 D/XiriService( 313): check file name: /data/data/com.android.traceur/lib
11-05 17:57:56.068 D/XiriService( 313): check file name: /data/data/com.android.bluetooth/lib
11-05 17:57:56.068 D/XiriService( 313): check file name: /data/data/com.android.bluetooth/lib
11-05 17:57:56.069 D/XiriService( 313): check file name: /data/data/com.android.bluetooth/lib
11-05 17:57:56.073 D/XiriService( 313): check file name: /data/data/com.android.bluetooth/lib
11-05 17:57:56.073 D/XiriService( 313): check file name: /data/data/com.android.bluetooth/lib
11-05 17:57:56.077 D/XiriService( 313): check file name: /data/data/com.android.providers.contacts/lib
11-05 17:57:56.077 D/XiriService( 313): check file name: /data/data/com.android.providers.contacts/lib
11-05 17:57:56.078 D/XiriService( 313): check file name: /data/data/com.android.providers.contacts/lib
11-05 17:57:56.081 D/XiriService( 313): check file name: /data/data/com.android.providers.contacts/lib
11-05 17:57:56.081 D/XiriService( 313): check file name: /data/data/com.android.providers.contacts/lib
11-05 17:57:56.086 D/XiriService( 313): check file name: /data/data/com.android.captiveportallogin/lib
11-05 17:57:56.086 D/XiriService( 313): check file name: /data/data/com.android.captiveportallogin/lib
11-05 17:57:56.087 D/XiriService( 313): check file name: /data/data/com.android.captiveportallogin/lib
11-05 17:57:56.084 I/xiriservice_All( 313): type=1400 audit(0.0:302): avc: denied { search } for name="com.android.captiveportallogin" dev="mmcblk0p25" ino=1355 scontext=u:r:init:s0 tcontext=u:object_r:app_data_file:s0:c41,c256,c512,c768 tclass=dir permissive=1
11-05 17:57:56.090 D/XiriService( 313): check file name: /data/data/com.android.captiveportallogin/lib
11-05 17:57:56.091 D/XiriService( 313): check file name: /data/data/com.android.captiveportallogin/lib
11-05 17:57:56.096 D/XiriService( 313): check file name: /data/data/com.android.internal.systemui.navbar.gestural_narrow_back/lib
11-05 17:57:56.096 D/XiriService( 313): check file name: /data/data/com.android.internal.systemui.navbar.gestural_narrow_back/lib
11-05 17:57:56.097 D/XiriService( 313): check file name: /data/data/com.android.internal.systemui.navbar.gestural_narrow_back/lib
11-05 17:57:56.096 I/xiriservice_All( 313): type=1400 audit(0.0:303): avc: denied { search } for name="com.android.internal.systemui.navbar.gestural_narrow_back" dev="mmcblk0p25" ino=1363 scontext=u:r:init:s0 tcontext=u:object_r:app_data_file:s0:c3,c256,c512,c768 tclass=dir permissive=1
11-05 17:57:56.101 D/XiriService( 313): check file name: /data/data/com.android.internal.systemui.navbar.gestural_narrow_back/lib
11-05 17:57:56.101 D/XiriService( 313): check file name: /data/data/com.android.internal.systemui.navbar.gestural_narrow_back/lib
11-05 17:57:56.109 D/XiriService( 313): check file name: /data/data/android.auto_generated_rro_vendor__/lib
11-05 17:57:56.109 D/XiriService( 313): check file name: /data/data/android.auto_generated_rro_vendor__/lib
11-05 17:57:56.110 D/XiriService( 313): check file name: /data/data/android.auto_generated_rro_vendor__/lib
11-05 17:57:56.108 I/xiriservice_All( 313): type=1400 audit(0.0:304): avc: denied { search } for name="android.auto_generated_rro_vendor__" dev="mmcblk0p25" ino=1371 scontext=u:r:init:s0 tcontext=u:object_r:app_data_file:s0:c12,c256,c512,c768 tclass=dir permissive=1
11-05 17:57:56.113 D/XiriService( 313): check file name: /data/data/android.auto_generated_rro_vendor__/lib
11-05 17:57:56.114 D/XiriService( 313): check file name: /data/data/android.auto_generated_rro_vendor__/lib
11-05 17:57:56.121 D/XiriService( 313): check file name: /data/data/com.dangbei.lerad.leradwatcher/lib
11-05 17:57:56.126 D/XiriService( 313): check file name: /data/data/com.android.cts.priv.ctsshim/lib
11-05 17:57:56.126 D/XiriService( 313): check file name: /data/data/com.android.cts.priv.ctsshim/lib
11-05 17:57:56.124 I/xiriservice_All( 313): type=1400 audit(0.0:305): avc: denied { read } for name="lib" dev="mmcblk0p25" ino=1380 scontext=u:r:init:s0 tcontext=u:object_r:privapp_data_file:s0 tclass=lnk_file permissive=1
11-05 17:57:56.124 I/xiriservice_All( 313): type=1400 audit(0.0:306): avc: denied { read } for name="lib" dev="mmcblk0p25" ino=1380 scontext=u:r:init:s0 tcontext=u:object_r:privapp_data_file:s0:c512,c768 tclass=lnk_file permissive=1
11-05 17:57:56.126 D/XiriService( 313): check file name: /data/data/com.android.cts.priv.ctsshim/lib
11-05 17:57:56.126 D/XiriService( 313): check file name: /data/data/com.android.cts.priv.ctsshim/lib
11-05 17:57:56.126 D/XiriService( 313): check file name: /data/data/com.android.cts.priv.ctsshim/lib
11-05 17:57:56.131 D/XiriService( 313): check file name: /data/data/com.android.cts.priv.ctsshim/lib
11-05 17:57:56.132 D/XiriService( 313): check file name: /data/data/com.android.cts.priv.ctsshim/lib
11-05 17:57:56.132 D/XiriService( 313): check file name: /data/data/com.android.cts.priv.ctsshim/lib
11-05 17:57:56.132 D/XiriService( 313): check file name: /data/data/com.android.cts.priv.ctsshim/lib
11-05 17:57:56.133 D/XiriService( 313): check file name: /data/data/com.android.dynsystem/lib
11-05 17:57:56.133 D/XiriService( 313): check file name: /data/data/com.android.dynsystem/lib
11-05 17:57:56.133 D/XiriService( 313): check file name: /data/data/com.android.dynsystem/lib
11-05 17:57:56.133 D/XiriService( 313): check file name: /data/data/com.android.dynsystem/lib
11-05 17:57:56.132 I/xiriservice_All( 313): type=1400 audit(0.0:307): avc: denied { read } for name="lib" dev="mmcblk0p25" ino=1383 scontext=u:r:init:s0 tcontext=u:object_r:system_app_data_file:s0 tclass=lnk_file permissive=1
11-05 17:57:56.134 D/XiriService( 313): check file name: /data/data/com.android.dynsystem/lib
11-05 17:57:56.139 D/XiriService( 313): check file name: /data/data/com.android.dynsystem/lib
11-05 17:57:56.139 D/XiriService( 313): check file name: /data/data/com.android.dynsystem/lib
11-05 17:57:56.139 D/XiriService( 313): check file name: /data/data/com.android.dynsystem/lib
11-05 17:57:56.139 D/XiriService( 313): check file name: /data/data/com.android.dynsystem/lib
11-05 17:57:56.140 D/XiriService( 313): check file name: /data/data/com.dangbei.lerad.rocky/lib
11-05 17:57:56.140 D/XiriService( 313): check file name: /data/data/com.dangbei.lerad.rocky/lib
11-05 17:57:56.140 D/XiriService( 313): check file name: /data/data/com.dangbei.lerad.rocky/lib
11-05 17:57:56.141 D/XiriService( 313): check file name: /data/data/com.dangbei.lerad.rocky/lib
11-05 17:57:56.147 D/XiriService( 313): check file name: /data/data/com.dangbei.lerad.rocky/lib
11-05 17:57:56.147 D/XiriService( 313): check file name: /data/data/com.dangbei.lerad.rocky/lib
11-05 17:57:56.147 D/XiriService( 313): check file name: /data/data/com.dangbei.lerad.rocky/lib
11-05 17:57:56.147 D/XiriService( 313): check file name: /data/data/com.dangbei.lerad.rocky/lib
11-05 17:57:56.148 D/XiriService( 313): check file name: /data/data/com.android.providers.calendar/lib
11-05 17:57:56.155 D/XiriService( 313): check file name: /data/data/com.android.tv.settings/lib
11-05 17:57:56.155 D/XiriService( 313): check file name: /data/data/com.android.tv.settings/lib
11-05 17:57:56.155 D/XiriService( 313): check file name: /data/data/com.android.tv.settings/lib
11-05 17:57:56.155 D/XiriService( 313): check file name: /data/data/com.android.tv.settings/lib
11-05 17:57:56.156 D/XiriService( 313): check file name: /data/data/com.android.tv.settings/lib
11-05 17:57:56.156 W/installd( 352): Requested default storage /data/user_de/0/com.android.tv.settings is not active; migrating from /data/data/com.android.tv.settings
11-05 17:57:56.157 D/XiriService( 313): check file name: /data/data/com.android.tv.settings/lib
11-05 17:57:56.157 D/XiriService( 313): check file name: /data/data/com.android.tv.settings/lib
11-05 17:57:56.158 D/XiriService( 313): check file name: /data/data/com.android.tv.settings/lib
11-05 17:57:56.161 D/XiriService( 313): check file name: /data/data/com.android.tv.settings/lib
11-05 17:57:56.161 D/XiriService( 313): check file name: /data/data/com.android.tv.settings/lib
11-05 17:57:56.163 D/XiriService( 313): check file name: /data/data/com.android.tv.settings/lib
11-05 17:57:56.163 D/XiriService( 313): check file name: /data/data/com.android.tv.settings/lib
11-05 17:57:56.164 D/XiriService( 313): check file name: /data/data/com.android.tv.settings/lib
11-05 17:57:56.164 D/XiriService( 313): check file name: /data/data/com.android.tv.settings/lib
11-05 17:57:56.164 D/XiriService( 313): check file name: /data/data/com.android.providers.media/lib
11-05 17:57:56.170 D/XiriService( 313): check file name: /data/data/com.oranth.factory/lib
11-05 17:57:56.170 D/XiriService( 313): check file name: /data/data/com.oranth.factory/lib
11-05 17:57:56.170 D/XiriService( 313): check file name: /data/data/com.oranth.factory/lib
11-05 17:57:56.170 D/XiriService( 313): check file name: /data/data/com.oranth.factory/lib
11-05 17:57:56.170 D/XiriService( 313): check file name: /data/data/com.oranth.factory/lib
11-05 17:57:56.175 D/XiriService( 313): check file name: /data/data/com.oranth.factory/lib
11-05 17:57:56.175 D/XiriService( 313): check file name: /data/data/com.oranth.factory/lib
11-05 17:57:56.175 D/XiriService( 313): check file name: /data/data/com.oranth.factory/lib
11-05 17:57:56.175 D/XiriService( 313): check file name: /data/data/com.oranth.factory/lib
11-05 17:57:56.176 D/XiriService( 313): check file name: /data/data/com.android.internal.systemui.navbar.gestural_wide_back/lib
11-05 17:57:56.183 D/XiriService( 313): check file name: /data/data/com.dangbei.zhushou.os/lib
11-05 17:57:56.183 D/XiriService( 313): check file name: /data/data/com.dangbei.zhushou.os/lib
11-05 17:57:56.183 D/XiriService( 313): check file name: /data/data/com.dangbei.zhushou.os/lib
11-05 17:57:56.183 D/XiriService( 313): check file name: /data/data/com.dangbei.zhushou.os/lib
11-05 17:57:56.183 D/XiriService( 313): check file name: /data/data/com.dangbei.zhushou.os/lib
11-05 17:57:56.189 D/XiriService( 313): check file name: /data/data/com.dangbei.zhushou.os/lib
11-05 17:57:56.189 D/XiriService( 313): check file name: /data/data/com.dangbei.zhushou.os/lib
11-05 17:57:56.190 D/XiriService( 313): check file name: /data/data/com.dangbei.zhushou.os/lib
11-05 17:57:56.190 D/XiriService( 313): check file name: /data/data/com.dangbei.zhushou.os/lib
11-05 17:57:56.190 D/XiriService( 313): check file name: /data/data/com.android.wallpapercropper/lib
11-05 17:57:56.196 D/XiriService( 313): check file name: /data/data/com.softwinner.provision/lib
11-05 17:57:56.201 D/XiriService( 313): check file name: /data/data/com.softwinner.awlogsettings/lib
11-05 17:57:56.206 D/XiriService( 313): check file name: /data/data/com.android.documentsui/lib
11-05 17:57:56.211 D/XiriService( 313): check file name: /data/data/com.sohu.inputmethod.sogou.tv/lib
11-05 17:57:56.212 D/XiriService( 313): check file name: /data/data/com.sohu.inputmethod.sogou.tv/lib
11-05 17:57:56.212 D/XiriService( 313): check file name: /data/data/com.sohu.inputmethod.sogou.tv/lib
11-05 17:57:56.212 D/XiriService( 313): check file name: /data/data/com.sohu.inputmethod.sogou.tv/lib
11-05 17:57:56.208 I/xiriservice_All( 313): type=1400 audit(0.0:308): avc: denied { read } for name="lib" dev="mmcblk0p25" ino=1407 scontext=u:r:init:s0 tcontext=u:object_r:app_data_file:s0 tclass=lnk_file permissive=1
11-05 17:57:56.212 D/XiriService( 313): check file name: /data/data/com.sohu.inputmethod.sogou.tv/lib
11-05 17:57:56.212 W/installd( 352): Requested default storage /data/user_de/0/com.sohu.inputmethod.sogou.tv is not active; migrating from /data/data/com.sohu.inputmethod.sogou.tv
11-05 17:57:56.208 I/xiriservice_All( 313): type=1400 audit(0.0:309): avc: denied { read } for name="lib" dev="mmcblk0p25" ino=1407 scontext=u:r:init:s0 tcontext=u:object_r:app_data_file:s0:c52,c256,c512,c768 tclass=lnk_file permissive=1
11-05 17:57:56.213 D/XiriService( 313): check file name: /data/data/com.sohu.inputmethod.sogou.tv/lib
11-05 17:57:56.213 D/XiriService( 313): check file name: /data/data/com.sohu.inputmethod.sogou.tv/lib
11-05 17:57:56.214 D/XiriService( 313): check file name: /data/data/com.sohu.inputmethod.sogou.tv/lib
11-05 17:57:56.217 D/XiriService( 313): check file name: /data/data/com.sohu.inputmethod.sogou.tv/lib
11-05 17:57:56.218 D/XiriService( 313): check file name: /data/data/com.sohu.inputmethod.sogou.tv/lib
11-05 17:57:56.221 D/XiriService( 313): check file name: /data/data/com.sohu.inputmethod.sogou.tv/lib
11-05 17:57:56.221 D/XiriService( 313): check file name: /data/data/com.sohu.inputmethod.sogou.tv/lib
11-05 17:57:56.221 D/XiriService( 313): check file name: /data/data/com.sohu.inputmethod.sogou.tv/lib
11-05 17:57:56.221 D/XiriService( 313): check file name: /data/data/com.sohu.inputmethod.sogou.tv/lib
11-05 17:57:56.222 D/XiriService( 313): check file name: /data/data/com.android.externalstorage/lib
11-05 17:57:56.228 D/XiriService( 313): check file name: /data/data/com.android.htmlviewer/lib
11-05 17:57:56.233 D/XiriService( 313): check file name: /data/data/com.android.companiondevicemanager/lib
11-05 17:57:56.240 D/XiriService( 313): check file name: /data/data/com.android.providers.downloads/lib
11-05 17:57:56.246 D/XiriService( 313): check file name: /data/data/com.android.providers.tv/lib
11-05 17:57:56.251 D/XiriService( 313): check file name: /data/data/com.android.internal.systemui.onehanded.gestural/lib
11-05 17:57:56.256 D/XiriService( 313): check file name: /data/data/com.oranth.ledstatus/lib
11-05 17:57:56.256 D/XiriService( 313): check file name: /data/data/com.oranth.ledstatus/lib
11-05 17:57:56.256 D/XiriService( 313): check file name: /data/data/com.oranth.ledstatus/lib
11-05 17:57:56.256 D/XiriService( 313): check file name: /data/data/com.oranth.ledstatus/lib
11-05 17:57:56.257 D/XiriService( 313): check file name: /data/data/com.oranth.ledstatus/lib
11-05 17:57:56.262 D/XiriService( 313): check file name: /data/data/com.oranth.ledstatus/lib
11-05 17:57:56.262 D/XiriService( 313): check file name: /data/data/com.oranth.ledstatus/lib
11-05 17:57:56.262 D/XiriService( 313): check file name: /data/data/com.oranth.ledstatus/lib
11-05 17:57:56.263 D/XiriService( 313): check file name: /data/data/com.oranth.ledstatus/lib
11-05 17:57:56.263 D/XiriService( 313): check file name: /data/data/com.dangbei.lerad.videoposter/lib
11-05 17:57:56.263 D/XiriService( 313): check file name: /data/data/com.dangbei.lerad.videoposter/lib
11-05 17:57:56.264 D/XiriService( 313): check file name: /data/data/com.dangbei.lerad.videoposter/lib
11-05 17:57:56.264 D/XiriService( 313): check file name: /data/data/com.dangbei.lerad.videoposter/lib
11-05 17:57:56.264 D/XiriService( 313): check file name: /data/data/com.dangbei.lerad.videoposter/lib
11-05 17:57:56.260 I/xiriservice_All( 313): type=1400 audit(0.0:310): avc: denied { read } for name="lib" dev="mmcblk0p25" ino=1421 scontext=u:r:init:s0 tcontext=u:object_r:app_data_file:s0:c512,c768 tclass=lnk_file permissive=1
11-05 17:57:56.270 D/XiriService( 313): check file name: /data/data/com.dangbei.lerad.videoposter/lib
11-05 17:57:56.271 D/XiriService( 313): check file name: /data/data/com.dangbei.lerad.videoposter/lib
11-05 17:57:56.272 D/XiriService( 313): check file name: /data/data/com.dangbei.lerad.videoposter/lib
11-05 17:57:56.272 D/XiriService( 313): check file name: /data/data/com.dangbei.lerad.videoposter/lib
11-05 17:57:56.273 D/XiriService( 313): check file name: /data/data/com.android.providers.downloads.ui/lib
11-05 17:57:56.278 W/installd( 352): Requested default storage /data/user_de/0/com.android.pacprocessor is not active; migrating from /data/data/com.android.pacprocessor
11-05 17:57:56.278 D/XiriService( 313): check file name: /data/data/com.android.pacprocessor/lib
11-05 17:57:56.279 D/XiriService( 313): check file name: /data/data/com.android.pacprocessor/lib
11-05 17:57:56.279 D/XiriService( 313): check file name: /data/data/com.android.pacprocessor/lib
11-05 17:57:56.280 D/XiriService( 313): check file name: /data/data/com.android.pacprocessor/lib
11-05 17:57:56.283 D/XiriService( 313): check file name: /data/data/com.android.pacprocessor/lib
11-05 17:57:56.283 D/XiriService( 313): check file name: /data/data/com.android.pacprocessor/lib
11-05 17:57:56.286 D/XiriService( 313): check file name: /data/data/com.android.simappdialog/lib
11-05 17:57:56.292 D/XiriService( 313): check file name: /data/data/com.android.networkstack/lib
11-05 17:57:56.288 I/xiriservice_All( 313): type=1400 audit(0.0:311): avc: denied { read } for name="lib" dev="mmcblk0p25" ino=1430 scontext=u:r:init:s0 tcontext=u:object_r:radio_data_file:s0 tclass=lnk_file permissive=1
11-05 17:57:56.292 D/XiriService( 313): check file name: /data/data/com.android.networkstack/lib
11-05 17:57:56.292 D/XiriService( 313): check file name: /data/data/com.android.networkstack/lib
11-05 17:57:56.292 D/XiriService( 313): check file name: /data/data/com.android.networkstack/lib
11-05 17:57:56.292 W/installd( 352): Requested default storage /data/user_de/0/com.android.networkstack is not active; migrating from /data/data/com.android.networkstack
11-05 17:57:56.294 D/XiriService( 313): check file name: /data/data/com.android.networkstack/lib
11-05 17:57:56.294 D/XiriService( 313): check file name: /data/data/com.android.networkstack/lib
11-05 17:57:56.295 D/XiriService( 313): check file name: /data/data/com.android.networkstack/lib
11-05 17:57:56.298 D/XiriService( 313): check file name: /data/data/com.android.networkstack/lib
11-05 17:57:56.298 D/XiriService( 313): check file name: /data/data/com.android.networkstack/lib
11-05 17:57:56.301 D/XiriService( 313): check file name: /data/data/com.android.networkstack/lib
11-05 17:57:56.301 D/XiriService( 313): check file name: /data/data/com.android.networkstack/lib
11-05 17:57:56.302 D/XiriService( 313): check file name: /data/data/com.android.modulemetadata/lib
11-05 17:57:56.310 D/XiriService( 313): check file name: /data/data/com.android.certinstaller/lib
11-05 17:57:56.315 D/XiriService( 313): check file name: /data/data/com.android.carrierconfig/lib
11-05 17:57:56.320 D/XiriService( 313): check file name: /data/data/com.google.android.apps.searchlite.overlay/lib
11-05 17:57:56.316 I/xiriservice_All( 313): type=1400 audit(0.0:312): avc: denied { search } for name="com.google.android.apps.searchlite.overlay" dev="mmcblk0p25" ino=816 scontext=u:r:init:s0 tcontext=u:object_r:app_data_file:s0:c9,c256,c512,c768 tclass=dir permissive=1
11-05 17:57:56.326 D/XiriService( 313): check file name: /data/data/com.android.internal.systemui.navbar.threebutton/lib
11-05 17:57:56.324 I/xiriservice_All( 313): type=1400 audit(0.0:313): avc: denied { search } for name="com.android.internal.systemui.navbar.threebutton" dev="mmcblk0p25" ino=824 scontext=u:r:init:s0 tcontext=u:object_r:app_data_file:s0:c1,c256,c512,c768 tclass=dir permissive=1
11-05 17:57:56.331 D/XiriService( 313): check file name: /data/data/com.google.android.networkstackconfig/lib
11-05 17:57:56.328 I/xiriservice_All( 313): type=1400 audit(0.0:314): avc: denied { search } for name="com.google.android.networkstackconfig" dev="mmcblk0p25" ino=832 scontext=u:r:init:s0 tcontext=u:object_r:app_data_file:s0:c0,c256,c512,c768 tclass=dir permissive=1
11-05 17:57:56.337 D/XiriService( 313): check file name: /data/data/com.softwinner.settingssetup/lib
11-05 17:57:56.343 D/XiriService( 313): check file name: /data/data/com.android.egg/lib
11-05 17:57:56.349 D/XiriService( 313): check file name: /data/data/com.android.mtp/lib
11-05 17:57:56.354 D/XiriService( 313): check file name: /data/data/com.android.backupconfirm/lib
11-05 17:57:56.360 D/XiriService( 313): check file name: /data/data/com.softwinner.timerswitch/lib
11-05 17:57:56.365 D/XiriService( 313): check file name: /data/data/com.android.statementservice/lib
11-05 17:57:56.371 D/XiriService( 313): check file name: /data/data/com.dangbei.screencast/lib
11-05 17:57:56.371 D/XiriService( 313): check file name: /data/data/com.dangbei.screencast/lib
11-05 17:57:56.371 D/XiriService( 313): check file name: /data/data/com.dangbei.screencast/lib
11-05 17:57:56.371 D/XiriService( 313): check file name: /data/data/com.dangbei.screencast/lib
11-05 17:57:56.371 D/XiriService( 313): check file name: /data/data/com.dangbei.screencast/lib
11-05 17:57:56.376 D/XiriService( 313): check file name: /data/data/com.dangbei.screencast/lib
11-05 17:57:56.376 D/XiriService( 313): check file name: /data/data/com.dangbei.screencast/lib
11-05 17:57:56.377 D/XiriService( 313): check file name: /data/data/com.dangbei.screencast/lib
11-05 17:57:56.377 D/XiriService( 313): check file name: /data/data/com.dangbei.screencast/lib
11-05 17:57:56.378 D/XiriService( 313): check file name: /data/data/com.android.settings.intelligence/lib
11-05 17:57:56.383 D/XiriService( 313): check file name: /data/data/com.android.internal.systemui.navbar.gestural_extra_wide_back/lib
11-05 17:57:56.380 I/xiriservice_All( 313): type=1400 audit(0.0:315): avc: denied { search } for name="com.android.internal.systemui.navbar.gestural_extra_wide_back" dev="mmcblk0p25" ino=907 scontext=u:r:init:s0 tcontext=u:object_r:app_data_file:s0:c11,c256,c512,c768 tclass=dir permissive=1
11-05 17:57:56.391 D/XiriService( 313): check file name: /data/data/com.dangbei.leard.leradlauncher/lib
11-05 17:57:56.391 D/XiriService( 313): check file name: /data/data/com.dangbei.leard.leradlauncher/lib
11-05 17:57:56.391 D/XiriService( 313): check file name: /data/data/com.dangbei.leard.leradlauncher/lib
11-05 17:57:56.391 D/XiriService( 313): check file name: /data/data/com.dangbei.leard.leradlauncher/lib
11-05 17:57:56.391 D/XiriService( 313): check file name: /data/data/com.dangbei.leard.leradlauncher/lib
11-05 17:57:56.396 D/XiriService( 313): check file name: /data/data/com.dangbei.leard.leradlauncher/lib
11-05 17:57:56.396 D/XiriService( 313): check file name: /data/data/com.dangbei.leard.leradlauncher/lib
11-05 17:57:56.397 D/XiriService( 313): check file name: /data/data/com.dangbei.leard.leradlauncher/lib
11-05 17:57:56.397 D/XiriService( 313): check file name: /data/data/com.dangbei.leard.leradlauncher/lib
11-05 17:57:56.397 D/XiriService( 313): check file name: /data/data/com.android.sharedstoragebackup/lib
11-05 17:57:56.403 D/XiriService( 313): check file name: /data/data/com.android.printspooler/lib
11-05 17:57:56.404 D/XiriService( 313): check file name: /data/data/com.android.printspooler/lib
11-05 17:57:56.404 D/XiriService( 313): check file name: /data/data/com.android.printspooler/lib
11-05 17:57:56.400 I/xiriservice_All( 313): type=1400 audit(0.0:316): avc: denied { search } for name="com.android.printspooler" dev="mmcblk0p25" ino=934 scontext=u:r:init:s0 tcontext=u:object_r:app_data_file:s0:c36,c256,c512,c768 tclass=dir permissive=1
11-05 17:57:56.400 I/xiriservice_All( 313): type=1400 audit(0.0:317): avc: denied { read } for name="lib" dev="mmcblk0p25" ino=1454 scontext=u:r:init:s0 tcontext=u:object_r:app_data_file:s0:c36,c256,c512,c768 tclass=lnk_file permissive=1
11-05 17:57:56.409 D/XiriService( 313): check file name: /data/data/com.android.printspooler/lib
11-05 17:57:56.409 D/XiriService( 313): check file name: /data/data/com.android.printspooler/lib
11-05 17:57:56.409 D/XiriService( 313): check file name: /data/data/com.android.printspooler/lib
11-05 17:57:56.410 D/XiriService( 313): check file name: /data/data/com.android.printspooler/lib
11-05 17:57:56.410 D/XiriService( 313): check file name: /data/data/com.android.dreams.basic/lib
11-05 17:57:56.408 I/xiriservice_All( 313): type=1400 audit(0.0:318): avc: denied { search } for name="com.android.dreams.basic" dev="mmcblk0p25" ino=944 scontext=u:r:init:s0 tcontext=u:object_r:app_data_file:s0:c45,c256,c512,c768 tclass=dir permissive=1
11-05 17:57:56.416 D/XiriService( 313): check file name: /data/data/com.android.webview/lib
11-05 17:57:56.416 D/XiriService( 313): check file name: /data/data/com.android.webview/lib
11-05 17:57:56.416 D/XiriService( 313): check file name: /data/data/com.android.webview/lib
11-05 17:57:56.412 I/xiriservice_All( 313): type=1400 audit(0.0:319): avc: denied { search } for name="com.android.webview" dev="mmcblk0p25" ino=953 scontext=u:r:init:s0 tcontext=u:object_r:app_data_file:s0:c60,c256,c512,c768 tclass=dir permissive=1
11-05 17:57:56.412 I/xiriservice_All( 313): type=1400 audit(0.0:320): avc: denied { read } for name="lib" dev="mmcblk0p25" ino=1458 scontext=u:r:init:s0 tcontext=u:object_r:app_data_file:s0:c60,c256,c512,c768 tclass=lnk_file permissive=1
11-05 17:57:56.417 D/XiriService( 313): check file name: /data/data/com.android.webview/lib
11-05 17:57:56.422 D/XiriService( 313): check file name: /data/data/com.android.webview/lib
11-05 17:57:56.422 D/XiriService( 313): check file name: /data/data/com.android.webview/lib
11-05 17:57:56.422 D/XiriService( 313): check file name: /data/data/com.android.webview/lib
11-05 17:57:56.422 D/XiriService( 313): check file name: /data/data/com.android.webview/lib
11-05 17:57:56.424 D/XiriService( 313): check file name: /data/data/com.android.se/lib
11-05 17:57:56.429 D/XiriService( 313): check file name: /data/data/com.android.tv/lib
11-05 17:57:56.434 D/XiriService( 313): check file name: /data/data/com.android.bips/lib
11-05 17:57:56.436 D/XiriService( 313): check file name: /data/data/com.android.bips/lib
11-05 17:57:56.436 D/XiriService( 313): check file name: /data/data/com.android.bips/lib
11-05 17:57:56.440 D/XiriService( 313): check file name: /data/data/com.android.bips/lib
11-05 17:57:56.440 D/XiriService( 313): check file name: /data/data/com.android.bips/lib
11-05 17:57:56.441 D/XiriService( 313): check file name: /data/data/com.android.bips/lib
11-05 17:57:56.441 D/XiriService( 313): check file name: /data/data/com.android.bips/lib
11-05 17:57:56.442 D/XiriService( 313): check file name: /data/data/com.oranth.inputmacsn/lib
11-05 17:57:56.442 D/XiriService( 313): check file name: /data/data/com.oranth.inputmacsn/lib
11-05 17:57:56.442 D/XiriService( 313): check file name: /data/data/com.oranth.inputmacsn/lib
11-05 17:57:56.442 D/XiriService( 313): check file name: /data/data/com.oranth.inputmacsn/lib
11-05 17:57:56.442 D/XiriService( 313): check file name: /data/data/com.oranth.inputmacsn/lib
11-05 17:57:56.447 D/XiriService( 313): check file name: /data/data/com.oranth.inputmacsn/lib
11-05 17:57:56.447 D/XiriService( 313): check file name: /data/data/com.oranth.inputmacsn/lib
11-05 17:57:56.447 D/XiriService( 313): check file name: /data/data/com.oranth.inputmacsn/lib
11-05 17:57:56.447 D/XiriService( 313): check file name: /data/data/com.oranth.inputmacsn/lib
11-05 17:57:56.448 D/XiriService( 313): check file name: /data/data/com.android.musicfx/lib
11-05 17:57:56.453 D/XiriService( 313): check file name: /data/data/com.dangbei.hqguide/lib
11-05 17:57:56.459 D/XiriService( 313): check file name: /data/data/com.android.onetimeinitializer/lib
11-05 17:57:56.465 D/XiriService( 313): check file name: /data/data/com.android.keychain/lib
11-05 17:57:56.465 D/XiriService( 313): check file name: /data/data/com.android.keychain/lib
11-05 17:57:56.465 D/XiriService( 313): check file name: /data/data/com.android.keychain/lib
11-05 17:57:56.465 D/XiriService( 313): check file name: /data/data/com.android.keychain/lib
11-05 17:57:56.466 D/XiriService( 313): check file name: /data/data/com.android.keychain/lib
11-05 17:57:56.471 D/XiriService( 313): check file name: /data/data/com.android.keychain/lib
11-05 17:57:56.471 D/XiriService( 313): check file name: /data/data/com.android.keychain/lib
11-05 17:57:56.472 D/XiriService( 313): check file name: /data/data/com.android.keychain/lib
11-05 17:57:56.472 D/XiriService( 313): check file name: /data/data/com.android.keychain/lib
11-05 17:57:56.473 D/XiriService( 313): check file name: /data/data/com.android.printservice.recommendation/lib
11-05 17:57:56.472 I/xiriservice_All( 313): type=1400 audit(0.0:321): avc: denied { search } for name="com.android.printservice.recommendation" dev="mmcblk0p25" ino=1025 scontext=u:r:init:s0 tcontext=u:object_r:app_data_file:s0:c51,c256,c512,c768 tclass=dir permissive=1
11-05 17:57:56.479 D/XiriService( 313): check file name: /data/data/com.google.android.networkstack.tetheringconfig/lib
11-05 17:57:56.476 I/xiriservice_All( 313): type=1400 audit(0.0:322): avc: denied { search } for name="com.google.android.networkstack.tetheringconfig" dev="mmcblk0p25" ino=1033 scontext=u:r:init:s0 tcontext=u:object_r:app_data_file:s0:c4,c256,c512,c768 tclass=dir permissive=1
11-05 17:57:56.485 D/XiriService( 313): check file name: /data/data/com.android.localtransport/lib
11-05 17:57:56.485 D/XiriService( 313): check file name: /data/data/com.android.localtransport/lib
11-05 17:57:56.485 D/XiriService( 313): check file name: /data/data/com.android.localtransport/lib
11-05 17:57:56.485 D/XiriService( 313): check file name: /data/data/com.android.localtransport/lib
11-05 17:57:56.485 D/XiriService( 313): check file name: /data/data/com.android.localtransport/lib
11-05 17:57:56.490 D/XiriService( 313): check file name: /data/data/com.android.localtransport/lib
11-05 17:57:56.490 D/XiriService( 313): check file name: /data/data/com.android.localtransport/lib
11-05 17:57:56.490 D/XiriService( 313): check file name: /data/data/com.android.localtransport/lib
11-05 17:57:56.490 D/XiriService( 313): check file name: /data/data/com.android.localtransport/lib
11-05 17:57:56.491 D/XiriService( 313): check file name: /data/data/com.android.packageinstaller/lib
11-05 17:57:56.491 D/XiriService( 313): check file name: /data/data/com.android.packageinstaller/lib
11-05 17:57:56.491 D/XiriService( 313): check file name: /data/data/com.android.packageinstaller/lib
11-05 17:57:56.491 D/XiriService( 313): check file name: /data/data/com.android.packageinstaller/lib
11-05 17:57:56.492 D/XiriService( 313): check file name: /data/data/com.android.packageinstaller/lib
11-05 17:57:56.492 W/installd( 352): Requested default storage /data/user_de/0/com.android.packageinstaller is not active; migrating from /data/data/com.android.packageinstaller
11-05 17:57:56.493 D/XiriService( 313): check file name: /data/data/com.android.packageinstaller/lib
11-05 17:57:56.493 D/XiriService( 313): check file name: /data/data/com.android.packageinstaller/lib
11-05 17:57:56.494 D/XiriService( 313): check file name: /data/data/com.android.packageinstaller/lib
11-05 17:57:56.497 D/XiriService( 313): check file name: /data/data/com.android.packageinstaller/lib
11-05 17:57:56.497 D/XiriService( 313): check file name: /data/data/com.android.packageinstaller/lib
11-05 17:57:56.500 D/XiriService( 313): check file name: /data/data/com.android.packageinstaller/lib
11-05 17:57:56.500 D/XiriService( 313): check file name: /data/data/com.android.packageinstaller/lib
11-05 17:57:56.500 D/XiriService( 313): check file name: /data/data/com.android.packageinstaller/lib
11-05 17:57:56.500 D/XiriService( 313): check file name: /data/data/com.android.packageinstaller/lib
11-05 17:57:56.501 D/XiriService( 313): check file name: /data/data/com.android.theme.font.notoserifsource/lib
11-05 17:57:56.510 D/XiriService( 313): check file name: /data/data/com.android.managedprovisioning/lib
11-05 17:57:56.515 D/XiriService( 313): check file name: /data/data/com.oranth.usbopenft/lib
11-05 17:57:56.515 D/XiriService( 313): check file name: /data/data/com.oranth.usbopenft/lib
11-05 17:57:56.515 D/XiriService( 313): check file name: /data/data/com.oranth.usbopenft/lib
11-05 17:57:56.515 D/XiriService( 313): check file name: /data/data/com.oranth.usbopenft/lib
11-05 17:57:56.516 D/XiriService( 313): check file name: /data/data/com.oranth.usbopenft/lib
11-05 17:57:56.521 D/XiriService( 313): check file name: /data/data/com.oranth.usbopenft/lib
11-05 17:57:56.521 D/XiriService( 313): check file name: /data/data/com.oranth.usbopenft/lib
11-05 17:57:56.521 D/XiriService( 313): check file name: /data/data/com.oranth.usbopenft/lib
11-05 17:57:56.521 D/XiriService( 313): check file name: /data/data/com.oranth.usbopenft/lib
11-05 17:57:56.522 D/XiriService( 313): check file name: /data/data/com.android.networkstack.tethering/lib
11-05 17:57:56.522 D/XiriService( 313): check file name: /data/data/com.android.networkstack.tethering/lib
11-05 17:57:56.522 D/XiriService( 313): check file name: /data/data/com.android.networkstack.tethering/lib
11-05 17:57:56.522 D/XiriService( 313): check file name: /data/data/com.android.networkstack.tethering/lib
11-05 17:57:56.522 D/XiriService( 313): check file name: /data/data/com.android.networkstack.tethering/lib
11-05 17:57:56.522 W/installd( 352): Requested default storage /data/user_de/0/com.android.networkstack.tethering is not active; migrating from /data/data/com.android.networkstack.tethering
11-05 17:57:56.523 D/XiriService( 313): check file name: /data/data/com.android.networkstack.tethering/lib
11-05 17:57:56.523 D/XiriService( 313): check file name: /data/data/com.android.networkstack.tethering/lib
11-05 17:57:56.524 D/XiriService( 313): check file name: /data/data/com.android.networkstack.tethering/lib
11-05 17:57:56.527 D/XiriService( 313): check file name: /data/data/com.android.networkstack.tethering/lib
11-05 17:57:56.527 D/XiriService( 313): check file name: /data/data/com.android.networkstack.tethering/lib
11-05 17:57:56.530 D/XiriService( 313): check file name: /data/data/com.android.networkstack.tethering/lib
