11-05 17:58:05.095 D/wpa_supplicant( 858): ap_scan=1
11-05 17:58:05.095 D/wpa_supplicant( 858): fast_reauth=1
11-05 17:58:05.095 D/wpa_supplicant( 858): pmf=1
11-05 17:58:05.095 D/wpa_supplicant( 858): p2p_add_cli_chan=1
11-05 17:58:05.095 D/wpa_supplicant( 858): oce=1
11-05 17:58:05.095 D/wpa_supplicant( 858): sae_pwe=2
11-05 17:58:05.096 D/wpa_supplicant( 858): nl80211: Supported cipher 00-0f-ac:1
11-05 17:58:05.096 D/wpa_supplicant( 858): nl80211: Supported cipher 00-0f-ac:5
11-05 17:58:05.096 D/wpa_supplicant( 858): nl80211: Supported cipher 00-0f-ac:2
11-05 17:58:05.096 D/wpa_supplicant( 858): nl80211: Supported cipher 00-0f-ac:4
11-05 17:58:05.096 D/wpa_supplicant( 858): nl80211: Supported cipher 00-14-72:1
11-05 17:58:05.096 D/wpa_supplicant( 858): nl80211: Supported cipher 00-0f-ac:6
11-05 17:58:05.096 D/wpa_supplicant( 858): nl80211: Supported cipher 00-0f-ac:255
11-05 17:58:05.096 D/wpa_supplicant( 858): nl80211: Supported vendor command: vendor_id=0x1374 subcmd=9
11-05 17:58:05.096 D/wpa_supplicant( 858): nl80211: Supported vendor command: vendor_id=0x1374 subcmd=12
11-05 17:58:05.096 D/wpa_supplicant( 858): nl80211: Supported vendor command: vendor_id=0x1374 subcmd=14
11-05 17:58:05.096 D/wpa_supplicant( 858): nl80211: Supported vendor command: vendor_id=0x1374 subcmd=15
11-05 17:58:05.096 D/wpa_supplicant( 858): nl80211: Supported vendor command: vendor_id=0x1374 subcmd=16
11-05 17:58:05.096 D/wpa_supplicant( 858): nl80211: Supported vendor command: vendor_id=0x1374 subcmd=20
11-05 17:58:05.096 D/wpa_supplicant( 858): nl80211: Supported vendor command: vendor_id=0x1a11 subcmd=6
11-05 17:58:05.096 D/wpa_supplicant( 858): nl80211: Supported vendor command: vendor_id=0x1374 subcmd=21
11-05 17:58:05.096 D/wpa_supplicant( 858): nl80211: Supported vendor command: vendor_id=0x1374 subcmd=22
11-05 17:58:05.096 D/wpa_supplicant( 858): nl80211: Supported vendor command: vendor_id=0x1374 subcmd=23
11-05 17:58:05.096 D/wpa_supplicant( 858): nl80211: Supported vendor command: vendor_id=0x1374 subcmd=24
11-05 17:58:05.096 D/wpa_supplicant( 858): nl80211: Supported vendor command: vendor_id=0x1374 subcmd=29
11-05 17:58:05.096 D/wpa_supplicant( 858): nl80211: Supported vendor command: vendor_id=0x1374 subcmd=30
11-05 17:58:05.096 D/wpa_supplicant( 858): nl80211: Supported vendor command: vendor_id=0x1374 subcmd=32
11-05 17:58:05.096 D/wpa_supplicant( 858): nl80211: Supported vendor command: vendor_id=0x1374 subcmd=33
11-05 17:58:05.096 D/wpa_supplicant( 858): nl80211: Supported vendor command: vendor_id=0x1374 subcmd=38
11-05 17:58:05.096 D/wpa_supplicant( 858): nl80211: Supported vendor command: vendor_id=0x1374 subcmd=39
11-05 17:58:05.096 D/wpa_supplicant( 858): nl80211: Supported vendor command: vendor_id=0x1374 subcmd=42
11-05 17:58:05.096 D/wpa_supplicant( 858): nl80211: Supported vendor command: vendor_id=0x1374 subcmd=55
11-05 17:58:05.096 D/wpa_supplicant( 858): nl80211: Supported vendor command: vendor_id=0x1374 subcmd=61
11-05 17:58:05.096 D/wpa_supplicant( 858): nl80211: Supported vendor command: vendor_id=0x1374 subcmd=62
11-05 17:58:05.096 D/wpa_supplicant( 858): nl80211: Supported vendor command: vendor_id=0x1374 subcmd=63
11-05 17:58:05.096 D/wpa_supplicant( 858): nl80211: Supported vendor command: vendor_id=0x1374 subcmd=64
11-05 17:58:05.096 D/wpa_supplicant( 858): nl80211: Supported vendor command: vendor_id=0x1374 subcmd=65
11-05 17:58:05.096 D/wpa_supplicant( 858): nl80211: Supported vendor command: vendor_id=0x1374 subcmd=66
11-05 17:58:05.096 D/wpa_supplicant( 858): nl80211: Supported vendor command: vendor_id=0x1374 subcmd=69
11-05 17:58:05.096 D/wpa_supplicant( 858): nl80211: Supported vendor command: vendor_id=0x1374 subcmd=70
11-05 17:58:05.096 D/wpa_supplicant( 858): nl80211: Supported vendor command: vendor_id=0x1374 subcmd=71
11-05 17:58:05.096 D/wpa_supplicant( 858): nl80211: Supported vendor command: vendor_id=0x1374 subcmd=76
11-05 17:58:05.097 D/wpa_supplicant( 858): nl80211: Supported vendor command: vendor_id=0x1374 subcmd=77
11-05 17:58:05.097 D/wpa_supplicant( 858): nl80211: Supported vendor command: vendor_id=0x1374 subcmd=79
11-05 17:58:05.097 D/wpa_supplicant( 858): nl80211: Supported vendor command: vendor_id=0x1374 subcmd=80
11-05 17:58:05.097 D/wpa_supplicant( 858): nl80211: Supported vendor command: vendor_id=0x1374 subcmd=82
11-05 17:58:05.097 D/wpa_supplicant( 858): nl80211: Supported vendor command: vendor_id=0x1374 subcmd=85
11-05 17:58:05.097 D/wpa_supplicant( 858): nl80211: Supported vendor command: vendor_id=0x1374 subcmd=146
11-05 17:58:05.097 D/wpa_supplicant( 858): nl80211: Supported vendor command: vendor_id=0x1374 subcmd=12
11-05 17:58:05.097 D/wpa_supplicant( 858): nl80211: Supported vendor command: vendor_id=0x1374 subcmd=128
11-05 17:58:05.097 D/wpa_supplicant( 858): nl80211: Supported vendor command: vendor_id=0x1374 subcmd=129
11-05 17:58:05.097 D/wpa_supplicant( 858): nl80211: Supported vendor command: vendor_id=0x1374 subcmd=130
11-05 17:58:05.097 D/wpa_supplicant( 858): nl80211: Supported vendor command: vendor_id=0x1374 subcmd=133
11-05 17:58:05.097 D/wpa_supplicant( 858): nl80211: Supported vendor command: vendor_id=0x1374 subcmd=176
11-05 17:58:05.097 D/wpa_supplicant( 858): nl80211: Supported vendor event: vendor_id=0x1374 subcmd=80
11-05 17:58:05.097 D/wpa_supplicant( 858): nl80211: Supported vendor event: vendor_id=0x1374 subcmd=1
11-05 17:58:05.097 D/wpa_supplicant( 858): nl80211: Supported vendor event: vendor_id=0x1374 subcmd=1
11-05 17:58:05.097 D/wpa_supplicant( 858): nl80211: Supported vendor event: vendor_id=0x1374 subcmd=1
11-05 17:58:05.097 D/wpa_supplicant( 858): nl80211: Supported vendor event: vendor_id=0x1374 subcmd=1
11-05 17:58:05.097 D/wpa_supplicant( 858): nl80211: Supported vendor event: vendor_id=0x1374 subcmd=1
11-05 17:58:05.097 D/wpa_supplicant( 858): nl80211: Supported vendor event: vendor_id=0x1374 subcmd=20
11-05 17:58:05.097 D/wpa_supplicant( 858): nl80211: Supported vendor event: vendor_id=0x1374 subcmd=21
11-05 17:58:05.097 D/wpa_supplicant( 858): nl80211: Supported vendor event: vendor_id=0x1374 subcmd=23
11-05 17:58:05.097 D/wpa_supplicant( 858): nl80211: Supported vendor event: vendor_id=0x1374 subcmd=24
11-05 17:58:05.097 D/wpa_supplicant( 858): nl80211: Supported vendor event: vendor_id=0x1374 subcmd=25
11-05 17:58:05.097 D/wpa_supplicant( 858): nl80211: Supported vendor event: vendor_id=0x1374 subcmd=26
11-05 17:58:05.097 D/wpa_supplicant( 858): nl80211: Supported vendor event: vendor_id=0x1374 subcmd=27
11-05 17:58:05.097 D/wpa_supplicant( 858): nl80211: Supported vendor event: vendor_id=0x1374 subcmd=28
11-05 17:58:05.097 D/wpa_supplicant( 858): nl80211: Supported vendor event: vendor_id=0x1374 subcmd=41
11-05 17:58:05.097 D/wpa_supplicant( 858): nl80211: Supported vendor event: vendor_id=0x1374 subcmd=29
11-05 17:58:05.097 D/wpa_supplicant( 858): nl80211: Supported vendor event: vendor_id=0x1374 subcmd=30
11-05 17:58:05.097 D/wpa_supplicant( 858): nl80211: Supported vendor event: vendor_id=0x1374 subcmd=31
11-05 17:58:05.097 D/wpa_supplicant( 858): nl80211: Supported vendor event: vendor_id=0x1374 subcmd=32
11-05 17:58:05.097 D/wpa_supplicant( 858): nl80211: Supported vendor event: vendor_id=0x1374 subcmd=33
11-05 17:58:05.097 D/wpa_supplicant( 858): nl80211: Supported vendor event: vendor_id=0x0 subcmd=0
11-05 17:58:05.097 D/wpa_supplicant( 858): nl80211: Supported vendor event: vendor_id=0x0 subcmd=0
11-05 17:58:05.097 D/wpa_supplicant( 858): nl80211: Supported vendor event: vendor_id=0x0 subcmd=0
11-05 17:58:05.097 D/wpa_supplicant( 858): nl80211: Supported vendor event: vendor_id=0x0 subcmd=0
11-05 17:58:05.097 D/wpa_supplicant( 858): nl80211: Supported vendor event: vendor_id=0x0 subcmd=0
11-05 17:58:05.097 D/wpa_supplicant( 858): nl80211: Supported vendor event: vendor_id=0x0 subcmd=0
11-05 17:58:05.097 D/wpa_supplicant( 858): nl80211: Supported vendor event: vendor_id=0x0 subcmd=0
11-05 17:58:05.097 D/wpa_supplicant( 858): nl80211: Supported vendor event: vendor_id=0x0 subcmd=0
11-05 17:58:05.097 D/wpa_supplicant( 858): nl80211: Supported vendor event: vendor_id=0x0 subcmd=0
11-05 17:58:05.097 D/wpa_supplicant( 858): nl80211: Supported vendor event: vendor_id=0x0 subcmd=0
11-05 17:58:05.097 D/wpa_supplicant( 858): nl80211: Supported vendor event: vendor_id=0x0 subcmd=0
11-05 17:58:05.097 D/wpa_supplicant( 858): nl80211: Supported vendor event: vendor_id=0x0 subcmd=0
11-05 17:58:05.097 D/wpa_supplicant( 858): nl80211: Supported vendor event: vendor_id=0x1374 subcmd=5120
11-05 17:58:05.097 D/wpa_supplicant( 858): nl80211: Supported vendor event: vendor_id=0x0 subcmd=0
11-05 17:58:05.097 D/wpa_supplicant( 858): nl80211: Supported vendor event: vendor_id=0x0 subcmd=0
11-05 17:58:05.097 D/wpa_supplicant( 858): nl80211: Supported vendor event: vendor_id=0x0 subcmd=0
11-05 17:58:05.097 D/wpa_supplicant( 858): nl80211: Supported vendor event: vendor_id=0x0 subcmd=0
11-05 17:58:05.097 D/wpa_supplicant( 858): nl80211: Supported vendor event: vendor_id=0x0 subcmd=0
11-05 17:58:05.097 D/wpa_supplicant( 858): nl80211: Supported vendor event: vendor_id=0x0 subcmd=0
11-05 17:58:05.097 D/wpa_supplicant( 858): nl80211: Supported vendor event: vendor_id=0x0 subcmd=0
11-05 17:58:05.097 D/wpa_supplicant( 858): nl80211: Supported vendor event: vendor_id=0x0 subcmd=0
11-05 17:58:05.097 D/wpa_supplicant( 858): nl80211: Supported vendor event: vendor_id=0x0 subcmd=0
11-05 17:58:05.097 D/wpa_supplicant( 858): nl80211: Supported vendor event: vendor_id=0x0 subcmd=0
11-05 17:58:05.097 D/wpa_supplicant( 858): nl80211: Supported vendor event: vendor_id=0x0 subcmd=0
11-05 17:58:05.097 D/wpa_supplicant( 858): nl80211: Supported vendor event: vendor_id=0x0 subcmd=0
11-05 17:58:05.097 D/wpa_supplicant( 858): nl80211: Supported vendor event: vendor_id=0x0 subcmd=0
11-05 17:58:05.097 D/wpa_supplicant( 858): nl80211: Supported vendor event: vendor_id=0x0 subcmd=0
11-05 17:58:05.097 D/wpa_supplicant( 858): nl80211: Supported vendor event: vendor_id=0x0 subcmd=0
11-05 17:58:05.097 D/wpa_supplicant( 858): nl80211: Supported vendor event: vendor_id=0x0 subcmd=0
11-05 17:58:05.097 D/wpa_supplicant( 858): nl80211: Supported vendor event: vendor_id=0x0 subcmd=0
11-05 17:58:05.097 D/wpa_supplicant( 858): nl80211: Supported vendor event: vendor_id=0x0 subcmd=0
11-05 17:58:05.097 D/wpa_supplicant( 858): nl80211: Supported vendor event: vendor_id=0x0 subcmd=0
11-05 17:58:05.097 D/wpa_supplicant( 858): nl80211: Supported vendor event: vendor_id=0x0 subcmd=0
11-05 17:58:05.097 D/wpa_supplicant( 858): nl80211: Supported vendor event: vendor_id=0x0 subcmd=0
11-05 17:58:05.097 D/wpa_supplicant( 858): nl80211: Supported vendor event: vendor_id=0x0 subcmd=0
11-05 17:58:05.097 D/wpa_supplicant( 858): nl80211: Supported vendor event: vendor_id=0x0 subcmd=0
11-05 17:58:05.097 D/wpa_supplicant( 858): nl80211: Supported vendor event: vendor_id=0x0 subcmd=0
11-05 17:58:05.097 D/wpa_supplicant( 858): nl80211: Supported vendor event: vendor_id=0x0 subcmd=0
11-05 17:58:05.097 D/wpa_supplicant( 858): nl80211: Supported vendor event: vendor_id=0x0 subcmd=0
11-05 17:58:05.097 D/wpa_supplicant( 858): nl80211: Supported vendor event: vendor_id=0x0 subcmd=0
11-05 17:58:05.097 D/wpa_supplicant( 858): nl80211: Supported vendor event: vendor_id=0x0 subcmd=0
11-05 17:58:05.097 D/wpa_supplicant( 858): nl80211: Supported vendor event: vendor_id=0x0 subcmd=0
11-05 17:58:05.097 D/wpa_supplicant( 858): nl80211: Supported vendor event: vendor_id=0x0 subcmd=0
11-05 17:58:05.097 D/wpa_supplicant( 858): nl80211: Supported vendor event: vendor_id=0x0 subcmd=0
11-05 17:58:05.097 D/wpa_supplicant( 858): nl80211: Supported vendor event: vendor_id=0x1374 subcmd=131
11-05 17:58:05.097 D/wpa_supplicant( 858): nl80211: Supported vendor event: vendor_id=0x1374 subcmd=132
11-05 17:58:05.097 D/wpa_supplicant( 858): nl80211: Supported vendor event: vendor_id=0x0 subcmd=0
11-05 17:58:05.097 D/wpa_supplicant( 858): nl80211: Supported vendor event: vendor_id=0x0 subcmd=0
11-05 17:58:05.097 D/wpa_supplicant( 858): nl80211: Supported vendor event: vendor_id=0x0 subcmd=0
11-05 17:58:05.097 D/wpa_supplicant( 858): nl80211: Supported vendor event: vendor_id=0x0 subcmd=0
11-05 17:58:05.097 D/wpa_supplicant( 858): nl80211: Supported vendor event: vendor_id=0x0 subcmd=0
11-05 17:58:05.097 D/wpa_supplicant( 858): nl80211: Supported vendor event: vendor_id=0x0 subcmd=0
11-05 17:58:05.097 D/wpa_supplicant( 858): nl80211: Supported vendor event: vendor_id=0x1374 subcmd=72
11-05 17:58:05.098 D/wpa_supplicant( 858): nl80211: Use separate P2P group interface (driver advertised support)
11-05 17:58:05.098 D/wpa_supplicant( 858): nl80211: Enable multi-channel concurrent (driver advertised support)
11-05 17:58:05.098 D/wpa_supplicant( 858): nl80211: use P2P_DEVICE support
11-05 17:58:05.098 D/wpa_supplicant( 858): nl80211: key_mgmt=0xd0f enc=0x10f auth=0x7 flags=0x100100007a007ac0 rrm_flags=0x0 probe_resp_offloads=0x0 max_stations=10 max_remain_on_chan=5000 max_scan_ssids=12
11-05 17:58:05.098 D/wpa_supplicant( 858): nl80211: interface p2p-dev-wlan0 in phy phy0
11-05 17:58:05.100 D/wpa_supplicant( 858): nl80211: Set mode ifindex 0 iftype 10 (P2P_DEVICE)
11-05 17:58:05.101 D/wpa_supplicant( 858): nl80211: Failed to set interface 0 to mode 10: -22 (Invalid argument)
11-05 17:58:05.101 D/wpa_supplicant( 858): nl80211: Subscribe to mgmt frames with non-AP handle 0xf6b99848
11-05 17:58:05.101 D/wpa_supplicant( 858): nl80211: Register frame type=0xb0 (WLAN_FC_STYPE_AUTH) nl_handle=0xf6b99848 match=0300 multicast=0
11-05 17:58:05.101 D/wpa_supplicant( 858): nl80211: Register frame command failed (type=176): ret=-22 (Invalid argument)
11-05 17:58:05.101 D/wpa_supplicant( 858): nl80211: Register frame match - hexdump(len=2): 03 00
11-05 17:58:05.101 D/wpa_supplicant( 858): nl80211: Register frame type=0xd0 (WLAN_FC_STYPE_ACTION) nl_handle=0xf6b99848 match=0104 multicast=0
11-05 17:58:05.101 D/wpa_supplicant( 858): nl80211: Register frame type=0xd0 (WLAN_FC_STYPE_ACTION) nl_handle=0xf6b99848 match=040a multicast=0
11-05 17:58:05.101 D/wpa_supplicant( 858): nl80211: Register frame type=0xd0 (WLAN_FC_STYPE_ACTION) nl_handle=0xf6b99848 match=040b multicast=0
11-05 17:58:05.101 D/wpa_supplicant( 858): nl80211: Register frame type=0xd0 (WLAN_FC_STYPE_ACTION) nl_handle=0xf6b99848 match=040c multicast=0
11-05 17:58:05.101 D/wpa_supplicant( 858): nl80211: Register frame type=0xd0 (WLAN_FC_STYPE_ACTION) nl_handle=0xf6b99848 match=040d multicast=0
11-05 17:58:05.101 D/wpa_supplicant( 858): nl80211: Register frame type=0xd0 (WLAN_FC_STYPE_ACTION) nl_handle=0xf6b99848 match=090a multicast=0
11-05 17:58:05.102 D/wpa_supplicant( 858): nl80211: Register frame type=0xd0 (WLAN_FC_STYPE_ACTION) nl_handle=0xf6b99848 match=090b multicast=0
11-05 17:58:05.102 D/wpa_supplicant( 858): nl80211: Register frame type=0xd0 (WLAN_FC_STYPE_ACTION) nl_handle=0xf6b99848 match=090c multicast=0
11-05 17:58:05.102 D/wpa_supplicant( 858): nl80211: Register frame type=0xd0 (WLAN_FC_STYPE_ACTION) nl_handle=0xf6b99848 match=090d multicast=0
11-05 17:58:05.102 D/wpa_supplicant( 858): nl80211: Register frame type=0xd0 (WLAN_FC_STYPE_ACTION) nl_handle=0xf6b99848 match=0409506f9a09 multicast=0
11-05 17:58:05.102 D/wpa_supplicant( 858): nl80211: Register frame type=0xd0 (WLAN_FC_STYPE_ACTION) nl_handle=0xf6b99848 match=7f506f9a09 multicast=0
11-05 17:58:05.102 D/wpa_supplicant( 858): nl80211: Register frame type=0xd0 (WLAN_FC_STYPE_ACTION) nl_handle=0xf6b99848 match=0409506f9a1a multicast=0
11-05 17:58:05.102 D/wpa_supplicant( 858): nl80211: Register frame type=0xd0 (WLAN_FC_STYPE_ACTION) nl_handle=0xf6b99848 match=0801 multicast=0
11-05 17:58:05.102 D/wpa_supplicant( 858): nl80211: Register frame type=0xd0 (WLAN_FC_STYPE_ACTION) nl_handle=0xf6b99848 match=06 multicast=0
11-05 17:58:05.105 D/wpa_supplicant( 858): nl80211: Register frame type=0xd0 (WLAN_FC_STYPE_ACTION) nl_handle=0xf6b99848 match=0a07 multicast=0
11-05 17:58:05.105 D/wpa_supplicant( 858): nl80211: Register frame type=0xd0 (WLAN_FC_STYPE_ACTION) nl_handle=0xf6b99848 match=0a11 multicast=0
11-05 17:58:05.105 D/wpa_supplicant( 858): nl80211: Register frame type=0xd0 (WLAN_FC_STYPE_ACTION) nl_handle=0xf6b99848 match=0a0b multicast=0
11-05 17:58:05.106 D/wpa_supplicant( 858): nl80211: Register frame type=0xd0 (WLAN_FC_STYPE_ACTION) nl_handle=0xf6b99848 match=0a1a multicast=0
11-05 17:58:05.106 D/wpa_supplicant( 858): nl80211: Register frame type=0xd0 (WLAN_FC_STYPE_ACTION) nl_handle=0xf6b99848 match=1101 multicast=0
11-05 17:58:05.106 D/wpa_supplicant( 858): nl80211: Register frame type=0xd0 (WLAN_FC_STYPE_ACTION) nl_handle=0xf6b99848 match=1102 multicast=0
11-05 17:58:05.106 D/wpa_supplicant( 858): nl80211: Register frame type=0xd0 (WLAN_FC_STYPE_ACTION) nl_handle=0xf6b99848 match=0505 multicast=0
11-05 17:58:05.106 D/wpa_supplicant( 858): nl80211: Register frame type=0xd0 (WLAN_FC_STYPE_ACTION) nl_handle=0xf6b99848 match=0500 multicast=0
11-05 17:58:05.106 D/wpa_supplicant( 858): nl80211: Register frame type=0xd0 (WLAN_FC_STYPE_ACTION) nl_handle=0xf6b99848 match=1305 multicast=0
11-05 17:58:05.107 I/wpa_supplicant( 858): rfkill: Cannot get wiphy information
11-05 17:58:05.107 D/wpa_supplicant( 858): nl80211: RFKILL status not available
11-05 17:58:05.111 I/ ( 406): DVI mode selected: packets not configured
11-05 17:58:05.111 I/ ( 406): Error: set vsif failed
11-05 17:58:05.110 D/wpa_supplicant( 858): nl80211: Start P2P Device p2p-dev-wlan0 (0x3): Success
11-05 17:58:05.111 D/wpa_supplicant( 858): Add interface p2p-dev-wlan0 to existing radio phy0
11-05 17:58:05.112 D/wpa_supplicant( 858): nl80211: No channel number found for frequency 5920 MHz
11-05 17:58:05.112 D/wpa_supplicant( 858): nl80211: No channel number found for frequency 5940 MHz
11-05 17:58:05.113 D/wpa_supplicant( 858): nl80211: Regulatory information - country=CN (DFS-FCC)
11-05 17:58:05.113 D/wpa_supplicant( 858): nl80211: 2400-2483 @ 40 MHz 20 mBm
11-05 17:58:05.113 D/wpa_supplicant( 858): nl80211: 5150-5350 @ 80 MHz 20 mBm (DFS)
11-05 17:58:05.113 D/wpa_supplicant( 858): nl80211: 5725-5850 @ 80 MHz 33 mBm
11-05 17:58:05.113 D/wpa_supplicant( 858): nl80211: 57240-59400 @ 2160 MHz 28 mBm
11-05 17:58:05.113 D/wpa_supplicant( 858): nl80211: 59400-63720 @ 2160 MHz 44 mBm
11-05 17:58:05.113 D/wpa_supplicant( 858): nl80211: 63720-65880 @ 2160 MHz 28 mBm
11-05 17:58:05.113 D/wpa_supplicant( 858): nl80211: Added 802.11b mode based on 802.11g information
11-05 17:58:05.113 D/wpa_supplicant( 858): nl80211: Mode IEEE 802.11g: 2412 2417 2422 2427 2432 2437 2442 2447 2452 2457 2462 2467 2472 2484[DISABLED]
11-05 17:58:05.113 D/wpa_supplicant( 858): nl80211: Mode IEEE 802.11a: 5170[DISABLED] 5180 5200 5220 5240 5260[RADAR] 5280[RADAR] 5300[RADAR] 5320[RADAR] 5500[DISABLED][RADAR] 5520[DISABLED][RADAR] 5540[DISABLED][RADAR] 5560[DISABLED][RADAR] 5580[DISABLED][RADAR]
11-05 17:58:05.113 D/wpa_supplicant( 858): nl80211: Mode IEEE 802.11b: 2412 2417 2422 2427 2432 2437 2442 2447 2452 2457 2462 2467 2472 2484[DISABLED]
11-05 17:58:05.113 D/wpa_supplicant( 858): p2p-dev-wlan0: Own MAC address: f6:ab:5c:b4:08:c0
11-05 17:58:05.113 D/wpa_supplicant( 858): p2p-dev-wlan0: RSN: flushing PMKID list in the driver
11-05 17:58:05.113 D/wpa_supplicant( 858): nl80211: Flush PMKIDs
11-05 17:58:05.113 D/wpa_supplicant( 858): p2p-dev-wlan0: State: DISCONNECTED -> INACTIVE
11-05 17:58:05.113 D/wpa_supplicant( 858): p2p-dev-wlan0: WPS: UUID from the first interface: 48745f9b-aa8d-5dcd-be89-051e0dfa7fc7
11-05 17:58:05.114 D/wpa_supplicant( 858): EAPOL: SUPP_PAE entering state DISCONNECTED
11-05 17:58:05.114 D/wpa_supplicant( 858): EAPOL: Supplicant port status: Unauthorized
11-05 17:58:05.114 D/wpa_supplicant( 858): nl80211: Skip set_supp_port(unauthorized) while not associated
11-05 17:58:05.114 D/wpa_supplicant( 858): EAPOL: KEY_RX entering state NO_KEY_RECEIVE
11-05 17:58:05.114 D/wpa_supplicant( 858): EAPOL: SUPP_BE entering state INITIALIZE
11-05 17:58:05.114 D/wpa_supplicant( 858): EAP: EAP entering state DISABLED
11-05 17:58:05.114 D/wpa_supplicant( 858): Using existing control interface directory.
11-05 17:58:05.114 D/wpa_supplicant( 858): P2P: Add operating class 81
11-05 17:58:05.114 D/wpa_supplicant( 858): P2P: Channels - hexdump(len=13): 01 02 03 04 05 06 07 08 09 0a 0b 0c 0d
11-05 17:58:05.114 D/wpa_supplicant( 858): P2P: Add operating class 115
11-05 17:58:05.114 D/wpa_supplicant( 858): P2P: Channels - hexdump(len=4): 24 28 2c 30
11-05 17:58:05.114 D/wpa_supplicant( 858): P2P: Add operating class 116
11-05 17:58:05.114 D/wpa_supplicant( 858): P2P: Channels - hexdump(len=2): 24 2c
11-05 17:58:05.114 D/wpa_supplicant( 858): P2P: Add operating class 117
11-05 17:58:05.114 D/wpa_supplicant( 858): P2P: Channels - hexdump(len=2): 28 30
11-05 17:58:05.114 D/wpa_supplicant( 858): P2P: Add operating class 124
11-05 17:58:05.114 D/wpa_supplicant( 858): P2P: Channels - hexdump(len=4): 95 99 9d a1
11-05 17:58:05.114 D/wpa_supplicant( 858): P2P: Add operating class 125
11-05 17:58:05.114 D/wpa_supplicant( 858): P2P: Channels - hexdump(len=5): 95 99 9d a1 a5
11-05 17:58:05.114 D/wpa_supplicant( 858): P2P: Add operating class 126
11-05 17:58:05.114 D/wpa_supplicant( 858): P2P: Channels - hexdump(len=2): 95 9d
11-05 17:58:05.114 D/wpa_supplicant( 858): P2P: Add operating class 127
11-05 17:58:05.114 D/wpa_supplicant( 858): P2P: Channels - hexdump(len=2): 99 a1
11-05 17:58:05.115 D/wpa_supplicant( 858): P2P: Add operating class 128
11-05 17:58:05.115 D/wpa_supplicant( 858): P2P: Channels - hexdump(len=8): 24 28 2c 30 95 99 9d a1
11-05 17:58:05.115 D/wpa_supplicant( 858): P2P: Add operating class 130
11-05 17:58:05.115 D/wpa_supplicant( 858): P2P: Channels - hexdump(len=9): 24 28 2c 30 95 99 9d a1 a5
11-05 17:58:05.115 D/wpa_supplicant( 858): P2P: Own listen channel: 81:6
11-05 17:58:05.115 D/wpa_supplicant( 858): P2P: Random operating channel: 81:11
11-05 17:58:05.115 D/wpa_supplicant( 858): P2P: initialized
11-05 17:58:05.115 D/wpa_supplicant( 858): P2P: channels: 81:1,2,3,4,5,6,7,8,9,10,11,12,13 115:36,40,44,48 116:36,44 117:40,48 124:149,153,157,161 125:149,153,157,161,165 126:149,157 127:153,161 128:36,40,44,48,149,153,157,161 130:36,40,44,48,149,153,157,161,165
11-05 17:58:05.115 D/wpa_supplicant( 858): P2P: cli_channels:
11-05 17:58:05.115 D/wpa_supplicant( 858): MBO: Update non-preferred channels, non_pref_chan=N/A
11-05 17:58:05.115 D/wpa_supplicant( 858): Registering interface to hidl control: p2p-dev-wlan0
11-05 17:58:05.116 D/wpa_supplicant( 858): p2p-dev-wlan0: Added interface p2p-dev-wlan0
11-05 17:58:05.116 D/wpa_supplicant( 858): p2p-dev-wlan0: State: INACTIVE -> DISCONNECTED
11-05 17:58:05.116 D/wpa_supplicant( 858): nl80211: Set p2p-dev-wlan0 operstate 0->0 (DORMANT)
11-05 17:58:05.116 D/wpa_supplicant( 858): netlink: Operstate: ifindex=0 linkmode=-1 (no change), operstate=5 (IF_OPER_DORMANT)
11-05 17:58:05.116 D/wpa_supplicant( 858): p2p-dev-wlan0: Determining shared radio frequencies (max len 2)
11-05 17:58:05.116 D/wpa_supplicant( 858): p2p-dev-wlan0: Shared frequencies (len=0): completed iteration
11-05 17:58:05.116 D/wpa_supplicant( 858): P2P: Add operating class 81
11-05 17:58:05.116 D/wpa_supplicant( 858): P2P: Channels - hexdump(len=13): 01 02 03 04 05 06 07 08 09 0a 0b 0c 0d
11-05 17:58:05.116 D/wpa_supplicant( 858): P2P: Add operating class 115
11-05 17:58:05.116 D/wpa_supplicant( 858): P2P: Channels - hexdump(len=4): 24 28 2c 30
11-05 17:58:05.116 D/wpa_supplicant( 858): P2P: Add operating class 116
11-05 17:58:05.116 D/wpa_supplicant( 858): P2P: Channels - hexdump(len=2): 24 2c
11-05 17:58:05.116 D/wpa_supplicant( 858): P2P: Add operating class 117
11-05 17:58:05.116 D/wpa_supplicant( 858): P2P: Channels - hexdump(len=2): 28 30
11-05 17:58:05.116 D/wpa_supplicant( 858): P2P: Add operating class 124
11-05 17:58:05.116 D/wpa_supplicant( 858): P2P: Channels - hexdump(len=4): 95 99 9d a1
11-05 17:58:05.116 D/wpa_supplicant( 858): P2P: Add operating class 125
11-05 17:58:05.116 D/wpa_supplicant( 858): P2P: Channels - hexdump(len=5): 95 99 9d a1 a5
11-05 17:58:05.116 D/wpa_supplicant( 858): P2P: Add operating class 126
11-05 17:58:05.116 D/wpa_supplicant( 858): P2P: Channels - hexdump(len=2): 95 9d
11-05 17:58:05.116 D/wpa_supplicant( 858): P2P: Add operating class 127
11-05 17:58:05.116 D/wpa_supplicant( 858): P2P: Channels - hexdump(len=2): 99 a1
11-05 17:58:05.116 D/wpa_supplicant( 858): P2P: Add operating class 128
11-05 17:58:05.116 D/wpa_supplicant( 858): P2P: Channels - hexdump(len=8): 24 28 2c 30 95 99 9d a1
11-05 17:58:05.116 D/wpa_supplicant( 858): P2P: Add operating class 130
11-05 17:58:05.116 D/wpa_supplicant( 858): P2P: Channels - hexdump(len=9): 24 28 2c 30 95 99 9d a1 a5
11-05 17:58:05.116 D/wpa_supplicant( 858): P2P: Update channel list
11-05 17:58:05.116 D/wpa_supplicant( 858): P2P: channels: 81:1,2,3,4,5,6,7,8,9,10,11,12,13 115:36,40,44,48 116:36,44 117:40,48 124:149,153,157,161 125:149,153,157,161,165 126:149,157 127:153,161 128:36,40,44,48,149,153,157,161 130:36,40,44,48,149,153,157,161,165
11-05 17:58:05.116 D/wpa_supplicant( 858): P2P: cli_channels:
11-05 17:58:05.121 D/wpa_supplicant( 858): RTM_NEWLINK: ifi_index=14 ifname=wlan0 operstate=5 linkmode=0 ifi_family=0 ifi_flags=0x11003 ([UP][LOWER_UP])
11-05 17:58:05.121 D/wpa_supplicant( 858): RTM_NEWLINK: ifi_index=14 ifname=wlan0 operstate=5 linkmode=1 ifi_family=0 ifi_flags=0x11003 ([UP][LOWER_UP])
11-05 17:58:05.126 D/SupplicantStaIfaceHal( 520): Newer HAL is found, skip V1_3 remaining init flow.
11-05 17:58:05.126 D/SupplicantStaIfaceHal( 520): Newer HAL is found, skip V1_2 remaining init flow.
11-05 17:58:05.127 D/SupplicantStaIfaceHal( 520): Newer HAL is found, skip V1_1 remaining init flow.
11-05 17:58:05.127 D/SupplicantStaIfaceHal( 520): Newer HAL is found, skip V1_0 remaining init flow.
11-05 17:58:05.127 D/CompatibilityChangeReporter( 520): Compat change id reported: 157233955; UID 10066; state: ENABLED
11-05 17:58:05.135 I/init ( 1): Sending signal 9 to service 'idmap2d' (pid 347) process group...
11-05 17:58:05.135 W/OverlayManager( 520): service 'idmap' died
11-05 17:58:05.141 I/libprocessgroup( 1): Successfully killed process cgroup uid 1000 pid 347 in 5ms
11-05 17:58:05.142 I/init ( 1): Control message: Processed ctl.stop for 'idmap2d' from pid: 520 (system_server)
11-05 17:58:05.142 I/init ( 1): Service 'idmap2d' (pid 347) received signal 9
11-05 17:58:05.139 D/nativeloader( 871): classloader namespace configured for unbundled product apk. library_path=/product/app/webview/lib/arm:/product/app/webview/webview.apk!/lib/armeabi-v7a:/product/lib:/system/product/lib
11-05 17:58:05.142 E/WifiHAL ( 720): wifi_get_logger_supported_feature_set: Error -5 happened.
11-05 17:58:05.143 E/WifiHAL ( 720): wifi_get_logger_supported_feature_set: Error -5 happened.
11-05 17:58:05.147 I/ieee80211 phy0( 720): sprdwl_vendor_get_support_feature
11-05 17:58:05.149 I/ieee80211 phy0( 720): sprdwl_vendor_get_support_feature
11-05 17:58:05.146 D/wpa_supplicant( 858): Driver capability mask: 0xd
11-05 17:58:05.152 I/WifiNative( 520): Successfully switched to connectivity mode on iface=Iface:{Name=wlan0,Id=0,Type=STA_CONNECTIVITY}
11-05 17:58:05.153 D/WifiClientModeManager[wlan0]( 520): entering ConnectModeState, starting ClientModeImpl
11-05 17:58:05.161 I/ ( 406): DVI mode selected: packets not configured
11-05 17:58:05.161 I/ ( 406): Error: set vsif failed
11-05 17:58:05.162 D/WifiScoreReport( 520): setShouldReduceNetworkScore=false mNetworkAgent is null? true
11-05 17:58:05.163 V/WifiClientModeManager[wlan0]( 520): ClientModeManager started in role: Role: ROLE_CLIENT_PRIMARY, RequestorWs: WorkSource{1000 com.android.tv.settings}, ModeListener: com.android.server.wifi.ActiveModeWarden$ClientListener@799a577
11-05 17:58:05.174 I/WifiScanningService( 520): Received a request to enable scanning, UID = 1000
11-05 17:58:05.182 D/PermissionMonitor( 520): Users: 1, Apps: 9
11-05 17:58:05.184 D/WifiScanRequestProxy( 520): Sending scan available broadcast: true
11-05 17:58:05.184 I/EventThread( 261): type=1400 audit(0.0:346): avc: denied { search } for name="extcon" dev="sysfs" ino=18103 scontext=u:r:hal_tv_cec_default:s0 tcontext=u:object_r:sysfs_extcon:s0 tclass=dir permissive=1
11-05 17:58:05.194 I/ ( 406): DVI mode selected: packets not configured
11-05 17:58:05.194 I/ ( 406): Error: set vsif failed
11-05 17:58:05.190 I/WifiScanningService( 520): Created a new impl for wlan0
11-05 17:58:05.196 E/WifiBackgroundScanStateMachine( 520): invalid max buckets in scan capabilities 0
11-05 17:58:05.196 I/SystemServerTiming( 520): MakeVpnManagerServiceReady
11-05 17:58:05.198 D/ConnectivityService( 520): NetReassign [no changes]
11-05 17:58:05.213 I/SystemServerTiming( 520): MakeVcnManagementServiceReady
11-05 17:58:05.216 D/ConnectivityService( 520): Got NetworkProvider Messenger for VcnNetworkProvider
11-05 17:58:05.224 W/Zygote ( 242): forkRepeatedly terminated due to non-simple command
11-05 17:58:05.225 D/Zygote ( 242): mbuffer starts with 14, nice name is webview_zygote, mEnd = 401, mNext = 159, mLinesLeft = 6, mFd = 4
11-05 17:58:05.231 I/WebViewLoader-( 871): System.exit called, status: 0
11-05 17:58:05.232 I/AndroidRuntime( 871): VM exiting with result code 0, cleanup skipped.
11-05 17:58:05.244 I/ ( 406): DVI mode selected: packets not configured
11-05 17:58:05.244 I/ ( 406): Error: set vsif failed
11-05 17:58:05.270 D/Zygote ( 242): Forked child process 896
11-05 17:58:05.275 W/ZygoteProcess( 520): Got error connecting to zygote, retrying. msg= Connection refused
11-05 17:58:05.277 W/PackageManager( 520): Loading a package that does not exist for the calling user. package=null, user=0
11-05 17:58:05.278 W/BestClock( 520): java.time.DateTimeException: Missing NTP fix
11-05 17:58:05.279 I/WifiScanRequestProxy( 520): Scanning is enabled
11-05 17:58:05.279 I/WifiScanRequestProxy( 520): Scanning for hidden networks is enabled
11-05 17:58:05.281 I/Zygote ( 896): seccomp disabled by setenforce 0
11-05 17:58:05.283 D/ConnectivityService( 520): NetReassign [no changes]
11-05 17:58:05.285 E/WifiVendorHal( 520): setMultiStaUseCase(l.3286) failed {.code = ERROR_NOT_SUPPORTED, .description = }
11-05 17:58:05.287 E/WifiVendorHal( 520): setMultiStaPrimaryConnection(l.3252) failed {.code = ERROR_NOT_SUPPORTED, .description = }
11-05 17:58:05.288 D/WifiCountryCode( 520): evaluateAllCmmStateAndApplyIfAllReady: {ConcreteClientModeManager{id=25525 iface=wlan0 role=ROLE_CLIENT_PRIMARY}=true}
11-05 17:58:05.289 D/WifiCountryCode( 520): Reading country code from telephony
11-05 17:58:05.302 D/WifiCountryCode( 520): Set telephony country code to:
11-05 17:58:05.303 D/WifiCountryCode( 520): updateCountryCode to CN
11-05 17:58:05.306 D/ConnectivityService( 520): NetReassign [no changes]
11-05 17:58:05.306 D/WifiHWInfo( 858): Start to load wireless module hardware info table...
11-05 17:58:05.306 D/WifiHWInfo( 858): Entry [01], BUS: SDIO, ID: 0x024C8179, Name: rtl8189es.
11-05 17:58:05.306 D/WifiHWInfo( 858): Entry [02], BUS: SDIO, ID: 0x024CB723, Name: rtl8723bs_vq0.
11-05 17:58:05.306 D/WifiHWInfo( 858): Entry [03], BUS: SDIO, ID: 0x024CB703, Name: rtl8723cs.
11-05 17:58:05.306 D/WifiHWInfo( 858): Entry [04], BUS: SDIO, ID: 0x024CD723, Name: rtl8723ds.
11-05 17:58:05.306 D/WifiHWInfo( 858): Entry [05], BUS: SDIO, ID: 0x024CF179, Name: rtl8189fs.
11-05 17:58:05.306 D/WifiHWInfo( 858): Entry [06], BUS: SDIO, ID: 0x024CB822, Name: rtl88x2bs.
11-05 17:58:05.307 D/WifiHWInfo( 858): Entry [07], BUS: USB, ID: 0x0BDAD723, Name: rtl8723du.
11-05 17:58:05.307 D/WifiHWInfo( 858): Entry [08], BUS: USB, ID: 0x0BDA8179, Name: rtl8188etv.
11-05 17:58:05.307 D/WifiHWInfo( 858): Entry [09], BUS: USB, ID: 0x0BDA0179, Name: rtl8188eu.
11-05 17:58:05.307 D/WifiHWInfo( 858): Entry [10], BUS: USB, ID: 0x0BDA818B, Name: rtl8192eu.
11-05 17:58:05.307 D/WifiHWInfo( 858): Entry [11], BUS: USB, ID: 0x0BDAB720, Name: rtl8723bu.
11-05 17:58:05.307 D/WifiHWInfo( 858): Entry [12], BUS: USB, ID: 0x0BDAC82C, Name: rtl8822cu.
11-05 17:58:05.307 D/WifiHWInfo( 858): Entry [13], BUS: USB, ID: 0x0BDAF179, Name: rtl8188fu.
11-05 17:58:05.307 D/WifiHWInfo( 858): Entry [14], BUS: SDIO, ID: 0x02D0A9A6, Name: ap6212.
11-05 17:58:05.307 D/WifiHWInfo( 858): Entry [15], BUS: SDIO, ID: 0x02D04330, Name: ap6330.
11-05 17:58:05.307 D/WifiHWInfo( 858): Entry [16], BUS: SDIO, ID: 0x02D04356, Name: ap6356s.
11-05 17:58:05.307 D/WifiHWInfo( 858): Entry [17], BUS: SDIO, ID: 0x02D0A9BF, Name: ap6255.
11-05 17:58:05.307 D/WifiHWInfo( 858): Entry [18], BUS: SDIO, ID: 0x02D04334, Name: bcm43342.
11-05 17:58:05.307 D/WifiHWInfo( 858): Entry [19], BUS: SDIO, ID: 0x00202281, Name: xr819.
11-05 17:58:05.307 D/WifiHWInfo( 858): Entry [20], BUS: SDIO, ID: 0x0A9E2282, Name: xr829.
11-05 17:58:05.307 D/WifiHWInfo( 858): Entry [21], BUS: SDIO, ID: 0x0271050A, Name: qca6174a.
11-05 17:58:05.307 D/WifiHWInfo( 858): Entry [22], BUS: SDIO, ID: 0x30303030, Name: ssv6x5x.
11-05 17:58:05.307 D/WifiHWInfo( 858): Entry [23], BUS: SDIO, ID: 0x00000000, Name: uwe5621.
11-05 17:58:05.307 D/WifiHWInfo( 858): Entry [24], BUS: SDIO, ID: 0x54490145, Name: aic8800.
11-05 17:58:05.307 D/WifiHWInfo( 858): Entry [25], BUS: SDIO, ID: 0xC8A1C08D, Name: aic8800.
11-05 17:58:05.307 D/WifiHWInfo( 858): Entry [26], BUS: USB, ID: 0xA69C8800, Name: aic8800.
11-05 17:58:05.307 D/WifiHWInfo( 858): Entry [27], BUS: USB, ID: 0x007A8888, Name: atbm6023is.
11-05 17:58:05.307 D/WifiHWInfo( 858): Entry [28], BUS: SDIO, ID: 0x02E79086, Name: 9012p.
11-05 17:58:05.307 D/WifiHWInfo( 858): Entry [29], BUS: SDIO, ID: 0x007A6011, Name: atbm613x_wifi_sdio.
11-05 17:58:05.307 D/WifiHWInfo( 858): Entry [30], BUS: SDIO, ID: 0x024CC822, Name: 88x2cs.
11-05 17:58:05.307 D/WifiHWInfo( 858): Entry [31], BUS: SDIO, ID: 0x000018F0, Name: dummy.
11-05 17:58:05.307 W/wpa_supplicant( 858): check_initialed for nl80211, use sprd wpa_supplicant_8_lib.
11-05 17:58:05.307 W/wpa_supplicant( 858): check_initialed found wpa_supplicant_8_lib vendor implement for sprd.
11-05 17:58:05.307 D/wpa_supplicant( 858): wlan0: Event CHANNEL_LIST_CHANGED (27) received
11-05 17:58:05.307 I/wpa_supplicant( 858): wlan0: CTRL-EVENT-REGDOM-CHANGE init=USER type=COUNTRY alpha2=CN
11-05 17:58:05.307 D/wpa_supplicant( 858): p2p-dev-wlan0: Updating hw mode
11-05 17:58:05.308 D/wpa_supplicant( 858): nl80211: No channel number found for frequency 5920 MHz
11-05 17:58:05.308 D/wpa_supplicant( 858): nl80211: No channel number found for frequency 5940 MHz
11-05 17:58:05.309 D/CompatibilityChangeReporter( 520): Compat change id reported: 182478738; UID 1000; state: ENABLED
11-05 17:58:05.309 D/wpa_supplicant( 858): nl80211: Regulatory information - country=CN (DFS-FCC)
11-05 17:58:05.309 D/wpa_supplicant( 858): nl80211: 2400-2483 @ 40 MHz 20 mBm
11-05 17:58:05.309 D/wpa_supplicant( 858): nl80211: 5150-5350 @ 80 MHz 20 mBm (DFS)
11-05 17:58:05.309 D/wpa_supplicant( 858): nl80211: 5725-5850 @ 80 MHz 33 mBm
11-05 17:58:05.309 D/wpa_supplicant( 858): nl80211: 57240-59400 @ 2160 MHz 28 mBm
11-05 17:58:05.309 D/wpa_supplicant( 858): nl80211: 59400-63720 @ 2160 MHz 44 mBm
11-05 17:58:05.309 D/wpa_supplicant( 858): nl80211: 63720-65880 @ 2160 MHz 28 mBm
11-05 17:58:05.309 D/wpa_supplicant( 858): nl80211: Added 802.11b mode based on 802.11g information
11-05 17:58:05.309 D/wpa_supplicant( 858): nl80211: Mode IEEE 802.11g: 2412 2417 2422 2427 2432 2437 2442 2447 2452 2457 2462 2467 2472 2484[DISABLED]
11-05 17:58:05.309 D/wpa_supplicant( 858): nl80211: Mode IEEE 802.11a: 5170[DISABLED] 5180 5200 5220 5240 5260[RADAR] 5280[RADAR] 5300[RADAR] 5320[RADAR] 5500[DISABLED][RADAR] 5520[DISABLED][RADAR] 5540[DISABLED][RADAR] 5560[DISABLED][RADAR] 5580[DISABLED][RADAR]
11-05 17:58:05.309 D/wpa_supplicant( 858): nl80211: Mode IEEE 802.11b: 2412 2417 2422 2427 2432 2437 2442 2447 2452 2457 2462 2467 2472 2484[DISABLED]
11-05 17:58:05.309 D/wpa_supplicant( 858): wlan0: Updating hw mode
11-05 17:58:05.310 D/wpa_supplicant( 858): nl80211: No channel number found for frequency 5920 MHz
11-05 17:58:05.310 D/wpa_supplicant( 858): nl80211: No channel number found for frequency 5940 MHz
11-05 17:58:05.311 D/wpa_supplicant( 858): nl80211: Regulatory information - country=CN (DFS-FCC)
11-05 17:58:05.311 D/wpa_supplicant( 858): nl80211: 2400-2483 @ 40 MHz 20 mBm
11-05 17:58:05.311 D/wpa_supplicant( 858): nl80211: 5150-5350 @ 80 MHz 20 mBm (DFS)
11-05 17:58:05.311 D/wpa_supplicant( 858): nl80211: 5725-5850 @ 80 MHz 33 mBm
11-05 17:58:05.311 D/wpa_supplicant( 858): nl80211: 57240-59400 @ 2160 MHz 28 mBm
11-05 17:58:05.311 D/wpa_supplicant( 858): nl80211: 59400-63720 @ 2160 MHz 44 mBm
11-05 17:58:05.311 D/wpa_supplicant( 858): nl80211: 63720-65880 @ 2160 MHz 28 mBm
11-05 17:58:05.311 I/SystemServerTiming( 520): MakeNetworkPolicyServiceReady
11-05 17:58:05.311 D/wpa_supplicant( 858): nl80211: Added 802.11b mode based on 802.11g information
11-05 17:58:05.311 D/wpa_supplicant( 858): nl80211: Mode IEEE 802.11g: 2412 2417 2422 2427 2432 2437 2442 2447 2452 2457 2462 2467 2472 2484[DISABLED]
11-05 17:58:05.311 D/wpa_supplicant( 858): nl80211: Mode IEEE 802.11a: 5170[DISABLED] 5180 5200 5220 5240 5260[RADAR] 5280[RADAR] 5300[RADAR] 5320[RADAR] 5500[DISABLED][RADAR] 5520[DISABLED][RADAR] 5540[DISABLED][RADAR] 5560[DISABLED][RADAR] 5580[DISABLED][RADAR]
11-05 17:58:05.311 D/wpa_supplicant( 858): nl80211: Mode IEEE 802.11b: 2412 2417 2422 2427 2432 2437 2442 2447 2452 2457 2462 2467 2472 2484[DISABLED]
11-05 17:58:05.311 D/wpa_supplicant( 858): wlan0: Determining shared radio frequencies (max len 2)
11-05 17:58:05.311 D/wpa_supplicant( 858): wlan0: Shared frequencies (len=0): completed iteration
11-05 17:58:05.311 D/wpa_supplicant( 858): P2P: Add operating class 81
11-05 17:58:05.311 D/wpa_supplicant( 858): P2P: Channels - hexdump(len=13): 01 02 03 04 05 06 07 08 09 0a 0b 0c 0d
11-05 17:58:05.311 D/wpa_supplicant( 858): P2P: Add operating class 115
11-05 17:58:05.311 D/wpa_supplicant( 858): P2P: Channels - hexdump(len=4): 24 28 2c 30
11-05 17:58:05.311 D/wpa_supplicant( 858): P2P: Add operating class 116
11-05 17:58:05.311 D/wpa_supplicant( 858): P2P: Channels - hexdump(len=2): 24 2c
11-05 17:58:05.311 D/wpa_supplicant( 858): P2P: Add operating class 117
11-05 17:58:05.311 D/wpa_supplicant( 858): P2P: Channels - hexdump(len=2): 28 30
11-05 17:58:05.311 D/wpa_supplicant( 858): P2P: Add operating class 124
11-05 17:58:05.311 I/WebViewZygoteInit( 896): Starting WebViewZygoteInit
11-05 17:58:05.311 D/wpa_supplicant( 858): P2P: Channels - hexdump(len=4): 95 99 9d a1
11-05 17:58:05.311 D/wpa_supplicant( 858): P2P: Add operating class 125
11-05 17:58:05.311 D/wpa_supplicant( 858): P2P: Channels - hexdump(len=5): 95 99 9d a1 a5
11-05 17:58:05.311 D/wpa_supplicant( 858): P2P: Add operating class 126
11-05 17:58:05.311 D/wpa_supplicant( 858): P2P: Channels - hexdump(len=2): 95 9d
11-05 17:58:05.311 D/wpa_supplicant( 858): P2P: Add operating class 127
11-05 17:58:05.311 D/wpa_supplicant( 858): P2P: Channels - hexdump(len=2): 99 a1
11-05 17:58:05.311 D/wpa_supplicant( 858): P2P: Add operating class 128
11-05 17:58:05.311 D/wpa_supplicant( 858): P2P: Channels - hexdump(len=8): 24 28 2c 30 95 99 9d a1
11-05 17:58:05.311 D/wpa_supplicant( 858): P2P: Add operating class 130
11-05 17:58:05.311 D/wpa_supplicant( 858): P2P: Channels - hexdump(len=9): 24 28 2c 30 95 99 9d a1 a5
11-05 17:58:05.311 D/wpa_supplicant( 858): P2P: Update channel list
11-05 17:58:05.311 D/wpa_supplicant( 858): P2P: channels: 81:1,2,3,4,5,6,7,8,9,10,11,12,13 115:36,40,44,48 116:36,44 117:40,48 124:149,153,157,161 125:149,153,157,161,165 126:149,157 127:153,161 128:36,40,44,48,149,153,157,161 130:36,40,44,48,149,153,157,161,165
11-05 17:58:05.311 D/wpa_supplicant( 858): P2P: cli_channels:
11-05 17:58:05.312 D/wpa_supplicant( 858): sprd_wpa_driver_nl80211_driver_cmd COUNTRY CN len = 0, 10
11-05 17:58:05.312 D/WifiNative( 520): onSetCountryCodeSucceeded: CN
11-05 17:58:05.312 I/WifiCountryCode( 520): Receive onSetCountryCodeSucceeded CN
11-05 17:58:05.314 I/SystemServerTiming( 520): PhaseThirdPartyAppsCanStart
11-05 17:58:05.314 I/SystemServiceManager( 520): Starting phase 600
11-05 17:58:05.314 I/SystemServerTiming( 520): OnBootPhase_600
11-05 17:58:05.316 D/WakeupController( 520): onWifiEnabled()
11-05 17:58:05.317 I/ExplicitHealthCheckController( 520): Explicit health checks enabled.
11-05 17:58:05.317 I/PackageWatchdog( 520): Syncing state, reason: health check state enabled
11-05 17:58:05.317 I/PackageWatchdog( 520): Not pruning observers, elapsed time: 0ms
11-05 17:58:05.317 I/PackageWatchdog( 520): Cancelling state sync, nothing to sync
11-05 17:58:05.318 D/ConnectivityService( 520): NetReassign [no changes]
11-05 17:58:05.318 I/PackageWatchdog( 520): Saving observer state to file
11-05 17:58:05.319 W/WifiClientModeImpl( 520): No cached packet filter to apply
11-05 17:58:05.318 I/Zygote ( 896): seccomp disabled by setenforce 0
11-05 17:58:05.323 I/ActivityManager( 520): Process WebViewLoader-armeabi-v7a (pid 871) has died: psvc PER
11-05 17:58:05.323 I/Zygote ( 242): Process 871 exited cleanly (0)
11-05 17:58:05.324 I/libprocessgroup( 520): Successfully killed process cgroup uid 1037 pid 871 in 0ms
11-05 17:58:05.326 W/ZygoteProcess( 520): Got error connecting to zygote, retrying. msg= Connection refused
11-05 17:58:05.329 D/WifiClientModeImpl[wlan0]( 520): entering ConnectableState: ifaceName = wlan0
11-05 17:58:05.332 D/wpa_supplicant( 858): sprd_wpa_driver_nl80211_driver_cmd SETSUSPENDMODE 1 len = 0, 16
11-05 17:58:05.332 D/WifiClientModeImpl[wlan0]( 520): Start makeIpClient ifaceName = wlan0
11-05 17:58:05.357 W/LocationManagerService( 520): no network location provider found
11-05 17:58:05.365 I/ServiceWatcher( 520): [fused] chose new implementation 1000/com.android.location.fused/.FusedLocationService@0
11-05 17:58:05.368 D/CompatibilityChangeReporter( 520): Compat change id reported: 168419799; UID 1000; state: DISABLED
11-05 17:58:05.374 E/servicemanager( 179): Could not find android.hardware.gnss.IGnss/default in the VINTF manifest.
11-05 17:58:05.374 D/GnssLocationProviderJni( 520): Trying IGnss_V2_1::getService()
11-05 17:58:05.375 I/hwservicemanager( 180): getTransport: Cannot find entry android.hardware.gnss@2.1::IGnss/default in either framework or device VINTF manifest.
11-05 17:58:05.376 I/rainbow_flow( 334): type=1400 audit(0.0:347): avc: denied { ioctl } for path="/dev/spidev1.0" dev="tmpfs" ino=3604 ioctlcmd=0x6b00 scontext=u:r:init:s0 tcontext=u:object_r:device:s0 tclass=chr_file permissive=1
11-05 17:58:05.384 I/WebViewZygoteInit( 896): Beginning application preload for com.android.webview
11-05 17:58:05.376 D/GnssLocationProviderJni( 520): gnssHal 2.1 was null, trying 2.0
11-05 17:58:05.387 I/hwservicemanager( 180): getTransport: Cannot find entry android.hardware.gnss@2.0::IGnss/default in either framework or device VINTF manifest.
11-05 17:58:05.387 D/GnssLocationProviderJni( 520): gnssHal 2.0 was null, trying 1.1
11-05 17:58:05.388 I/hwservicemanager( 180): getTransport: Cannot find entry android.hardware.gnss@1.1::IGnss/default in either framework or device VINTF manifest.
11-05 17:58:05.389 D/GnssLocationProviderJni( 520): gnssHal 1.1 was null, trying 1.0
11-05 17:58:05.389 I/hwservicemanager( 180): getTransport: Cannot find entry android.hardware.gnss@1.0::IGnss/default in either framework or device VINTF manifest.
11-05 17:58:05.406 E/LocationManagerService( 520): no geocoder provider found
11-05 17:58:05.407 E/ActivityRecognitionHardware( 520): activity_recognition HAL is deprecated. is_supported is effectively a no-op
11-05 17:58:05.408 E/LocationManagerService( 520): unable to bind ActivityRecognitionProxy
11-05 17:58:05.408 W/SystemServiceManager( 520): Service com.android.server.location.LocationManagerService$Lifecycle took 56 ms in onBootPhase
11-05 17:58:05.409 I/WallpaperManagerService( 520): switch-user-0
11-05 17:58:05.413 V/WallpaperManagerService( 520): bindWallpaperComponentLocked: componentName=null
11-05 17:58:05.413 V/WallpaperManagerService( 520): No default component; using image wallpaper
11-05 17:58:05.423 D/nativeloader( 896): classloader namespace configured for unbundled product apk. library_path=/product/app/webview/lib/arm:/product/app/webview/webview.apk!/lib/armeabi-v7a:/product/lib:/system/product/lib
11-05 17:58:05.426 D/SoundTriggerService( 520): onBootPhase: 600 : false
11-05 17:58:05.429 I/keystore2( 204): keystore2::authorization: on_lock_screen_event(LockScreenEvent(0), user_id=0, password.is_some()=false, unlocking_sids=Some([]))
11-05 17:58:05.466 I/hw-BpHwBinder( 520): onLastStrongRef automatically unlinking death recipients
11-05 17:58:05.488 W/AlarmManager( 520): Unrecognized alarm listener com.android.server.stats.StatsCompanionService$AnomalyAlarmListener@556d33
11-05 17:58:05.488 W/AlarmManager( 520): Unrecognized alarm listener com.android.server.stats.StatsCompanionService$PullingAlarmListener@41738f0
11-05 17:58:05.488 W/AlarmManager( 520): Unrecognized alarm listener com.android.server.stats.StatsCompanionService$PeriodicAlarmListener@adc8e69
11-05 17:58:05.497 D/MediaCodecList( 520): codecHandlesFormat: no format, so no extra checks
11-05 17:58:05.510 I/WebViewZygoteInit( 896): Application preload done
11-05 17:58:05.515 D/CCodec ( 520): allocate(c2.android.vorbis.decoder)
11-05 17:58:05.519 I/CCodec ( 520): Created component [c2.android.vorbis.decoder]
11-05 17:58:05.519 D/CCodecConfig( 520): read media type: audio/vorbis
11-05 17:58:05.522 D/ReflectedParamUpdater( 520): extent() != 1 for single value type: algo.buffers.max-count.values
11-05 17:58:05.523 D/ReflectedParamUpdater( 520): extent() != 1 for single value type: output.subscribed-indices.values
11-05 17:58:05.523 D/ReflectedParamUpdater( 520): extent() != 1 for single value type: input.buffers.allocator-ids.values
11-05 17:58:05.523 D/ReflectedParamUpdater( 520): extent() != 1 for single value type: output.buffers.allocator-ids.values
11-05 17:58:05.523 D/ReflectedParamUpdater( 520): extent() != 1 for single value type: algo.buffers.allocator-ids.values
11-05 17:58:05.523 D/ReflectedParamUpdater( 520): extent() != 1 for single value type: output.buffers.pool-ids.values
11-05 17:58:05.523 D/ReflectedParamUpdater( 520): extent() != 1 for single value type: algo.buffers.pool-ids.values
11-05 17:58:05.523 D/MediaResumeListener( 749): loaded resume components []
11-05 17:58:05.527 I/CCodecConfig( 520): query failed after returning 7 values (BAD_INDEX)
11-05 17:58:05.527 D/CCodecConfig( 520): c2 config diff is Dict {
11-05 17:58:05.527 D/CCodecConfig( 520): c2::u32 coded.bitrate.value = 64000
11-05 17:58:05.527 D/CCodecConfig( 520): c2::u32 input.buffers.max-size.value = 32768
11-05 17:58:05.527 D/CCodecConfig( 520): c2::u32 input.delay.value = 0
11-05 17:58:05.527 D/CCodecConfig( 520): string input.media-type.value = "audio/vorbis"
11-05 17:58:05.527 D/CCodecConfig( 520): string output.media-type.value = "audio/raw"
11-05 17:58:05.527 D/CCodecConfig( 520): c2::u32 raw.channel-count.value = 1
11-05 17:58:05.527 D/CCodecConfig( 520): c2::u32 raw.sample-rate.value = 48000
11-05 17:58:05.527 D/CCodecConfig( 520): }
11-05 17:58:05.529 D/CCodec ( 520): [c2.android.vorbis.decoder] buffers are bound to CCodec for this session
11-05 17:58:05.530 D/CCodecConfig( 520): no c2 equivalents for durationUs
11-05 17:58:05.530 D/CCodecConfig( 520): no c2 equivalents for track-id
11-05 17:58:05.530 D/CCodecConfig( 520): no c2 equivalents for csd-1
11-05 17:58:05.530 D/CCodecConfig( 520): no c2 equivalents for channel-mask
11-05 17:58:05.530 D/CCodecConfig( 520): no c2 equivalents for flags
11-05 17:58:05.531 D/CCodecConfig( 520): c2 config diff is c2::u32 coded.bitrate.value = 499821
11-05 17:58:05.531 D/CCodecConfig( 520): c2::u32 raw.channel-count.value = 2
11-05 17:58:05.531 D/CCodecConfig( 520): c2::u32 raw.sample-rate.value = 44100
11-05 17:58:05.532 W/Codec2Client( 520): query -- param skipped: index = 1107298332.
11-05 17:58:05.532 D/CCodec ( 520): setup formats input: AMessage(what = 0x00000000) = {
11-05 17:58:05.532 D/CCodec ( 520): int32_t bitrate = 499821
11-05 17:58:05.532 D/CCodec ( 520): int32_t channel-count = 2
11-05 17:58:05.532 D/CCodec ( 520): int32_t max-input-size = 32768
11-05 17:58:05.532 D/CCodec ( 520): string mime = "audio/vorbis"
11-05 17:58:05.532 D/CCodec ( 520): int32_t sample-rate = 44100
11-05 17:58:05.532 D/CCodec ( 520): }
11-05 17:58:05.533 D/CCodec ( 520): setup formats output: AMessage(what = 0x00000000) = {
11-05 17:58:05.533 D/CCodec ( 520): int32_t channel-count = 2
11-05 17:58:05.533 D/CCodec ( 520): string mime = "audio/raw"
11-05 17:58:05.533 D/CCodec ( 520): int32_t sample-rate = 44100
11-05 17:58:05.533 D/CCodec ( 520): int32_t channel-mask = 3
11-05 17:58:05.533 D/CCodec ( 520): }
11-05 17:58:05.533 I/CCodecConfig( 520): query failed after returning 7 values (BAD_INDEX)
11-05 17:58:05.533 I/StatsCompanionService( 520): Told statsd that StatsCompanionService is alive.
11-05 17:58:05.534 W/Codec2Client( 520): query -- param skipped: index = 1342179345.
11-05 17:58:05.534 W/Codec2Client( 520): query -- param skipped: index = 2415921170.
11-05 17:58:05.535 D/CCodecBufferChannel( 520): [c2.android.vorbis.decoder#700] Created input block pool with allocatorID 16 => poolID 19 - OK (0)
11-05 17:58:05.537 I/CCodecBufferChannel( 520): [c2.android.vorbis.decoder#700] Created output block pool with allocatorID 16 => poolID 19 - OK
11-05 17:58:05.537 D/CCodecBufferChannel( 520): [c2.android.vorbis.decoder#700] Configured output block pool ids 19 => OK
11-05 17:58:05.544 D/CCodecBufferChannel( 520): [c2.android.vorbis.decoder#420] MediaCodec discarded an unknown buffer
11-05 17:58:05.544 D/CCodecBufferChannel( 520): [c2.android.vorbis.decoder#420] MediaCodec discarded an unknown buffer
11-05 17:58:05.544 D/CCodecBufferChannel( 520): [c2.android.vorbis.decoder#420] MediaCodec discarded an unknown buffer
11-05 17:58:05.547 I/hw-BpHwBinder( 520): onLastStrongRef automatically unlinking death recipients
