11-05 17:58:52.168 D/ConnectivityService( 520): requestNetwork for uid/pid:1000/1799 activeRequest: null callbackRequest: 35 [NetworkRequest [ REQUEST id=36, [ Capabilities: INTERNET&NOT_RESTRICTED&TRUSTED&NOT_VCN_MANAGED Uid: 1000 RequestorUid: 1000 RequestorPkg: com.dangbei.leard.leradlauncher] ]] callback flags: 0 priority: 2147483647
11-05 17:58:52.169 D/ConnectivityService( 520): NetReassign [36 : null → 100]
11-05 17:58:52.169 I/cedarc ( 356): : *** ic_version = 0x3301000012011,
11-05 17:58:52.175 D/ ( 3819): enable_cedar_hw_clk,516
11-05 17:58:52.175 W/VE ( 3819): VE real_freq=648000000
11-05 17:58:52.172 D/Ethernet( 520): got request NetworkRequest [ REQUEST id=36, [ Capabilities: INTERNET&NOT_RESTRICTED&TRUSTED&NOT_VCN_MANAGED Uid: 1000 RequestorUid: 1000 RequestorPkg: com.dangbei.leard.leradlauncher] ]
11-05 17:58:52.174 D/EthernetNetworkFactory( 520): acceptRequest, request: NetworkRequest [ REQUEST id=36, [ Capabilities: INTERNET&NOT_RESTRICTED&TRUSTED&NOT_VCN_MANAGED Uid: 1000 RequestorUid: 1000 RequestorPkg: com.dangbei.leard.leradlauncher] ]
11-05 17:58:52.174 I/EthernetNetworkFactory( 520): networkForRequest, request: NetworkRequest [ REQUEST id=36, [ Capabilities: INTERNET&NOT_RESTRICTED&TRUSTED&NOT_VCN_MANAGED Uid: 1000 RequestorUid: 1000 RequestorPkg: com.dangbei.leard.leradlauncher] ], network: null
11-05 17:58:52.174 I/awplayer( 356): : xxxxxxxxxx video size: width = 1920, height = 1080
11-05 17:58:52.175 D/WifiNetworkFactory( 520): got request NetworkRequest [ REQUEST id=36, [ Capabilities: INTERNET&NOT_RESTRICTED&TRUSTED&NOT_VCN_MANAGED Uid: 1000 RequestorUid: 1000 RequestorPkg: com.dangbei.leard.leradlauncher] ]
11-05 17:58:52.175 D/UntrustedWifiNetworkFactory( 520): got request NetworkRequest [ REQUEST id=36, [ Capabilities: INTERNET&NOT_RESTRICTED&TRUSTED&NOT_VCN_MANAGED Uid: 1000 RequestorUid: 1000 RequestorPkg: com.dangbei.leard.leradlauncher] ]
11-05 17:58:52.175 D/OemPaidWifiNetworkFactory( 520): got request NetworkRequest [ REQUEST id=36, [ Capabilities: INTERNET&NOT_RESTRICTED&TRUSTED&NOT_VCN_MANAGED Uid: 1000 RequestorUid: 1000 RequestorPkg: com.dangbei.leard.leradlauncher] ]
11-05 17:58:52.177 E/Trigger ( 1799): ContinuousTrigger register 0: WelcomeCallback 队列name: launcer
11-05 17:58:52.178 E/Trigger ( 1799): ContinuousTrigger autoStart 队列name: launcer
11-05 17:58:52.178 E/Trigger ( 1799): ContinuousTrigger current:null next: WelcomeCallback 队列name: launcer
11-05 17:58:52.180 D/OsInitLaunch( 1799): send: mangoAuth, null, AUTH_START, null
11-05 17:58:52.189 E/martin ( 1799): onStart
11-05 17:58:52.189 I/awplayer( 356): : isPlaying
11-05 17:58:52.189 I/awplayer( 356): : isPlaying
11-05 17:58:52.189 E/martin ( 1799): onResume isState=0
11-05 17:58:52.191 I/hq ( 1799): 当小贝:::showMessage from=mActivityLifecycleCallbacks
11-05 17:58:52.191 I/hq ( 1799): 当小贝:::showMessage 新手引导不显示
11-05 17:58:52.196 I/awplayer( 356): : isPlaying
11-05 17:58:52.198 I/awplayer( 356): : isPlaying
11-05 17:58:52.198 I/awplayer( 356): : isPlaying
11-05 17:58:52.199 E/martin ( 1799): onResume isState=0
11-05 17:58:52.210 I/hq ( 1799): hq:::curl -X POST -H "Content-Type:application/x-www-form-urlencoded" -d 'nothings=pzcJgKapKRo%3D&rommodelnumber=40I2XonQAUU%3D&cpuserial=PlZpqfc1JpxOOZ0anAV38AcloAYinsDQ&pattern=4Beei9NZNdo%3D&rommodel=Pqlpla5YRarwmFg%2B5VG%2FRQ%3D%3D&sn=ia%2FaFKiHtUJo0HCvzs4gKS1PBA%2F2QVm5&lang=vT%2FCsDI%2Fr10%3D&brand=elfd%2FN0Mw6U%3D&theme=L%2B%2FPU%2FFQgEY%3D&vcode=o%2BppAkqptlQ%3D&vname=oql4Ml1tHJc%3D&license=Hs4jp68qr9I%3D&channel=TIQ8TWTDuwcufJjk0AcBhA%3D%3D&packagename=qzBdBNULiCmiu3CIMurjL7PIryC36aZ2YdCJzQtyjcQ%3D&romvercode=BhA8%2F38Giec%3D&romvername=UDOuEwwco6o%3D&network=4Beei9NZNdo%3D&deviceEid=uSuGjXxL1dquKF1QG%2BzuNgcKc1GMhNRjqypkEmW7WV4lQRKF1DwATA%3D%3D&mac=iP4TVZLko9UsEdSbENu6i8HfL7VxZFhy&userid=pctYUOG3RH0%3D' "https://ottdbui-tyapiqun7.yysh.mgtv.com/v1/mg/auth"
11-05 17:58:52.220 W/System.err( 2111): java.net.SocketException: Socket closed
11-05 17:58:52.222 E/martin ( 1799): 准备完毕 true
11-05 17:58:52.222 D/NsdService( 520): unregister service
11-05 17:58:52.222 D/NsdService( 520): mdnssd [stop-register, 3]
11-05 17:58:52.223 W/netd ( 241): dnssd_clientstub DNSServiceProcessResult called with NULL DNSServiceRef
11-05 17:58:52.224 W/System.err( 1799): java.lang.IllegalArgumentException: The surface has been released
11-05 17:58:52.224 D/NsdService( 520): unregister service
11-05 17:58:52.224 D/NsdService( 520): mdnssd [stop-register, 2]
11-05 17:58:52.226 W/System.err( 1799): at android.media.MediaPlayer._setVideoSurface(Native Method)
11-05 17:58:52.226 W/netd ( 241): dnssd_clientstub DNSServiceProcessResult called with NULL DNSServiceRef
11-05 17:58:52.226 W/System.err( 1799): at android.media.MediaPlayer.setDisplay(MediaPlayer.java:784)
11-05 17:58:52.226 W/System.err( 1799): at com.dangbei.launcher.home.callback.view.WelcomeView.play$lambda$17$lambda$14(SourceFile:69)
11-05 17:58:52.226 W/System.err( 1799): at com.dangbei.launcher.home.callback.view.WelcomeView.d(Unknown Source:0)
11-05 17:58:52.226 W/System.err( 1799): at a8.a.onPrepared(Unknown Source:4)
11-05 17:58:52.226 W/System.err( 1799): at android.media.MediaPlayer$EventHandler.handleMessage(MediaPlayer.java:3567)
11-05 17:58:52.226 W/System.err( 1799): at android.os.Handler.dispatchMessage(Handler.java:106)
11-05 17:58:52.226 W/System.err( 1799): at android.os.Looper.loopOnce(Looper.java:201)
11-05 17:58:52.226 W/System.err( 1799): at android.os.Looper.loop(Looper.java:288)
11-05 17:58:52.226 W/System.err( 1799): at android.app.ActivityThread.main(ActivityThread.java:7854)
11-05 17:58:52.226 W/System.err( 1799): at java.lang.reflect.Method.invoke(Native Method)
11-05 17:58:52.226 W/System.err( 1799): at com.android.internal.os.RuntimeInit$MethodAndArgsCaller.run(RuntimeInit.java:548)
11-05 17:58:52.226 W/System.err( 1799): at com.android.internal.os.ZygoteInit.main(ZygoteInit.java:1182)
11-05 17:58:52.226 E/martin ( 1799): setDisplay 异常
11-05 17:58:52.230 W/System.err( 2111): at java.net.PlainSocketImpl.socketAccept(PlainSocketImpl.java:213)
11-05 17:58:52.230 W/System.err( 2111): at java.net.AbstractPlainSocketImpl.accept(AbstractPlainSocketImpl.java:451)
11-05 17:58:52.230 D/MediaRouter( 520): onRestoreRoute() : route=RouteInfo{ name=手机, description=null, status=null, category=RouteCategory{ name=系统 types=ROUTE_TYPE_LIVE_AUDIO ROUTE_TYPE_LIVE_VIDEO groupable=false }, supportedTypes=ROUTE_TYPE_LIVE_AUDIO ROUTE_TYPE_LIVE_VIDEO , presentationDisplay=null }
11-05 17:58:52.230 W/System.err( 2111): at java.net.ServerSocket.implAccept(ServerSocket.java:547)
11-05 17:58:52.230 W/System.err( 2111): at java.net.ServerSocket.accept(ServerSocket.java:515)
11-05 17:58:52.230 V/MediaRouter( 520): Selecting route: RouteInfo{ name=手机, description=null, status=null, category=RouteCategory{ name=系统 types=ROUTE_TYPE_LIVE_AUDIO ROUTE_TYPE_LIVE_VIDEO groupable=false }, supportedTypes=ROUTE_TYPE_LIVE_AUDIO ROUTE_TYPE_LIVE_VIDEO , presentationDisplay=null }
11-05 17:58:52.230 W/System.err( 2111): at b.f.f.t.f.run(Unknown Source:40)
11-05 17:58:52.230 W/System.err( 2111): at java.lang.Thread.run(Thread.java:920)
11-05 17:58:52.231 D/NsdService( 520): unregister service
11-05 17:58:52.231 D/NsdService( 520): mdnssd [stop-register, 4]
11-05 17:58:52.232 W/netd ( 241): dnssd_clientstub DNSServiceProcessResult called with NULL DNSServiceRef
11-05 17:58:52.244 W/UpnpServiceImpl( 2111): >>> Shutting down UPnP service...
11-05 17:58:52.253 I/cedarc ( 356): : Video Stream Information:
11-05 17:58:52.253 I/cedarc ( 356): : codec = H264
11-05 17:58:52.253 I/cedarc ( 356): : width = 1920 pixels
11-05 17:58:52.253 I/cedarc ( 356): : height = 1080 pixels
11-05 17:58:52.253 I/cedarc ( 356): : frame rate = 25000
11-05 17:58:52.253 I/cedarc ( 356): : frame duration = 0 us
11-05 17:58:52.253 I/cedarc ( 356): : aspect ratio = 0
11-05 17:58:52.253 I/cedarc ( 356): : is 3D stream = no
11-05 17:58:52.253 W/awplayer( 356): : lc is NULL
11-05 17:58:52.258 W/Router ( 2111): disable lock:org.fourthline.cling.android.AndroidRouter@c243128_java.util.concurrent.locks.ReentrantReadWriteLock$WriteLock@f534e41[Unlocked]
11-05 17:58:52.259 W/Router ( 2111): disable unlock:org.fourthline.cling.android.AndroidRouter@c243128
11-05 17:58:52.259 W/UpnpServiceImpl( 2111): <<< UPnP service shutdown completed
11-05 17:58:52.261 D/CompatibilityChangeReporter( 520): Compat change id reported: 158002302; UID 1000; state: ENABLED
11-05 17:58:52.263 I/hq ( 1799): hq:::tag=requestMangoAuth 请求结果={"code":0,"data":{"auth":1,"mac":"2002FE1D15FA"},"message":"设备认证通过"}
11-05 17:58:52.277 E/StartupService( 2111): showToast: app is background
11-05 17:58:52.283 D/HiSight-SinkService( 2111): setDiscoverable true
11-05 17:58:52.290 W/AbstractChannel( 2111): Can't invoke task later as EventLoop rejected it
11-05 17:58:52.290 W/AbstractChannel( 2111): java.util.concurrent.RejectedExecutionException: event executor terminated
11-05 17:58:52.290 W/AbstractChannel( 2111): at io.netty.util.concurrent.SingleThreadEventExecutor.reject(Unknown Source:4)
11-05 17:58:52.290 W/AbstractChannel( 2111): at io.netty.util.concurrent.SingleThreadEventExecutor.offerTask(Unknown Source:6)
11-05 17:58:52.290 W/AbstractChannel( 2111): at io.netty.util.concurrent.SingleThreadEventExecutor.addTask(Unknown Source:5)
11-05 17:58:52.290 W/AbstractChannel( 2111): at io.netty.util.concurrent.SingleThreadEventExecutor.execute(Unknown Source:4)
11-05 17:58:52.290 W/AbstractChannel( 2111): at io.netty.util.concurrent.SingleThreadEventExecutor.execute(Unknown Source:18)
11-05 17:58:52.290 W/AbstractChannel( 2111): at io.netty.channel.AbstractChannel$AbstractUnsafe.invokeLater(Unknown Source:6)
11-05 17:58:52.290 W/AbstractChannel( 2111): at io.netty.channel.AbstractChannel$AbstractUnsafe.deregister(Unknown Source:24)
11-05 17:58:52.290 W/AbstractChannel( 2111): at io.netty.channel.AbstractChannel$AbstractUnsafe.fireChannelInactiveAndDeregister(Unknown Source:17)
11-05 17:58:52.290 W/AbstractChannel( 2111): at io.netty.channel.AbstractChannel$AbstractUnsafe.close(Unknown Source:112)
11-05 17:58:52.290 W/AbstractChannel( 2111): at io.netty.channel.AbstractChannel$AbstractUnsafe.close(Unknown Source:12)
11-05 17:58:52.290 W/AbstractChannel( 2111): at io.netty.channel.nio.NioEventLoop.closeAll(Unknown Source:86)
11-05 17:58:52.290 W/AbstractChannel( 2111): at io.netty.channel.nio.NioEventLoop.run(Unknown Source:202)
11-05 17:58:52.290 W/AbstractChannel( 2111): at io.netty.util.concurrent.SingleThreadEventExecutor$4.run(Unknown Source:41)
11-05 17:58:52.290 W/AbstractChannel( 2111): at io.netty.util.internal.ThreadExecutorMap$2.run(Unknown Source:8)
11-05 17:58:52.290 W/AbstractChannel( 2111): at io.netty.util.concurrent.FastThreadLocalRunnable.run(Unknown Source:2)
11-05 17:58:52.290 W/AbstractChannel( 2111): at java.lang.Thread.run(Thread.java:920)
11-05 17:58:52.291 D/HiSight-Discovery( 2111): set deviceInfo type:46
11-05 17:58:52.292 D/HiSight-Discovery( 2111): startAdvertise 3
11-05 17:58:52.292 D/HiSight-Discovery( 2111): stopAdvertise.
11-05 17:58:52.293 D/NearFieldManager( 2111): StopListen moduleId: CastPlusDiscoveryModule
11-05 17:58:52.294 D/NearFieldManagerImpl( 2697): stopListen: moduleId: CastPlusDiscoveryModule
11-05 17:58:52.294 D/NearFieldManagerImpl( 2697): registerCapability() called with: capabilityBitmapNum = 1, capabilityBitmap = [0]
11-05 17:58:52.294 I/HicomNf_java_to_c( 2697): registerCapability, capabilityBitmapNum: 1
11-05 17:58:52.294 I/HicomNfMainCtrlManager( 2697): RegisterCapability: 1, 0
11-05 17:58:52.294 I/hwservicemanager( 180): getTransport: Cannot find entry android.hardware.configstore@1.0::ISurfaceFlingerConfigs/default in either framework or device VINTF manifest.
11-05 17:58:52.294 D/NearFieldManagerImpl( 2697): Register capability succeed with capabilityBitmapNum = 1, capabilityBitmap = [0]
11-05 17:58:52.295 D/HiSight-Discovery( 2111): nearFieldStartListen deviceType 46
11-05 17:58:52.295 D/NearFieldManagerImpl( 2697): setServiceData, sServiceData=[32], serviceData=[32]
11-05 17:58:52.296 E/NearFieldManagerImpl( 2697): setServiceData, serviceData exists
11-05 17:58:52.296 E/NearFieldManager( 2111): setIdnNetworkPriority: networkPortPriority is empty
11-05 17:58:52.296 D/NearFieldManager( 2111): StartListen moduleId: CastPlusDiscoveryModule
11-05 17:58:52.297 D/NearFieldManagerImpl( 2697): startListen: moduleId: CastPlusDiscoveryModule
11-05 17:58:52.297 D/NearFieldUtils( 2697): getPreferredIpAddress exec
11-05 17:58:52.297 D/NearFieldUtils( 2697): getPreferredIpAddress by custom priority
11-05 17:58:52.297 D/NearFieldUtils( 2697): getIpByInterfaceSetting customIdnNetworkPriority:[]
11-05 17:58:52.297 D/NearFieldUtils( 2697): getPreferredIpAddress by default priority
11-05 17:58:52.296 I/Binder:2697_4( 2697): type=1400 audit(0.0:3045): avc: denied { search } for name="net" dev="sysfs" ino=10442 scontext=u:r:platform_app:s0:c512,c768 tcontext=u:object_r:sysfs_net:s0 tclass=dir permissive=1 app=com.dangbei.screencast
11-05 17:58:52.304 I/Binder:2697_4( 2697): type=1400 audit(0.0:3046): avc: denied { read } for name="address" dev="sysfs" ino=25873 scontext=u:r:platform_app:s0:c512,c768 tcontext=u:object_r:sysfs:s0 tclass=file permissive=1 app=com.dangbei.screencast
11-05 17:58:52.304 I/Binder:2697_4( 2697): type=1400 audit(0.0:3047): avc: denied { open } for path="/sys/devices/platform/unisoc_wifi/net/wlan1/address" dev="sysfs" ino=25873 scontext=u:r:platform_app:s0:c512,c768 tcontext=u:object_r:sysfs:s0 tclass=file permissive=1 app=com.dangbei.screencast
11-05 17:58:52.308 I/Binder:2697_4( 2697): type=1400 audit(0.0:3048): avc: denied { getattr } for path="/sys/devices/platform/unisoc_wifi/net/wlan1/address" dev="sysfs" ino=25873 scontext=u:r:platform_app:s0:c512,c768 tcontext=u:object_r:sysfs:s0 tclass=file permissive=1 app=com.dangbei.screencast
11-05 17:58:52.315 D/SurfaceUtils( 356): connecting to surface 0xf4174808, reason setVideoSurfaceTexture
11-05 17:58:52.315 E/HWComposer( 278): getSupportedContentTypes: getSupportedContentTypes failed for display 0: Unsupported (8)
11-05 17:58:52.318 I/cedarc ( 356): : Video Stream Information:
11-05 17:58:52.318 I/cedarc ( 356): : codec = H264
11-05 17:58:52.318 I/cedarc ( 356): : width = 1920 pixels
11-05 17:58:52.318 I/cedarc ( 356): : height = 1080 pixels
11-05 17:58:52.318 I/cedarc ( 356): : frame rate = 25000
11-05 17:58:52.318 I/cedarc ( 356): : frame duration = 0 us
11-05 17:58:52.318 I/cedarc ( 356): : aspect ratio = 0
11-05 17:58:52.318 I/cedarc ( 356): : is 3D stream = no
11-05 17:58:52.321 I/hwservicemanager( 180): getTransport: Cannot find entry android.hardware.graphics.mapper@4.0::IMapper/default in either framework or device VINTF manifest.
11-05 17:58:52.322 I/Gralloc4( 1799): mapper 4.x is not supported
11-05 17:58:52.323 I/hwservicemanager( 180): getTransport: Cannot find entry android.hardware.graphics.mapper@3.0::IMapper/default in either framework or device VINTF manifest.
11-05 17:58:52.323 W/Gralloc3( 1799): mapper 3.x is not supported
11-05 17:58:52.329 D/NearFieldUtils( 2697): to get wlan0 ip address
11-05 17:58:52.329 D/NearFieldUtils( 2697): get wlan0 IP succeed.
11-05 17:58:52.329 D/NearFieldManagerImpl( 2697): sDeviceType: 46
11-05 17:58:52.330 D/NearFieldManagerImpl( 2697): registerDevice() is called.
11-05 17:58:52.330 I/HicomNfMainCtrlManager( 2697): NSTACKX_RegisterDevice is called
11-05 17:58:52.330 D/NearFieldManagerImpl( 2697): Register device success.
11-05 17:58:52.330 I/nStackXDFinder( 2697): UpdateLocalNetworkInterface:[472] :UpdateLocalNetworkInterface exec,initerfaceName:wlan0
11-05 17:58:52.330 E/nStackXDFinder( 2697): GetLocalIp:[401] :GetLocalIp exec
11-05 17:58:52.330 I/nStackXDFinder( 2697): UpdateLocalNetworkInterface:[498] :UpdateLocalNetworkInterface copy ip value in default process
11-05 17:58:52.330 E/nStackXDFinder( 2697): GetLocalIp:[401] :GetLocalIp exec
11-05 17:58:52.330 I/nStackXDFinder( 2697): UpdateLocalNetworkInterface:[505] :UpdateLocalNetworkInterface: ip not change
11-05 17:58:52.330 I/NearFieldManagerImpl( 2697): serviceName is castPlus
11-05 17:58:52.330 D/NearFieldManagerImpl( 2697): registerCapability() called with: capabilityBitmapNum = 1, capabilityBitmap = [8]
11-05 17:58:52.330 I/HicomNf_java_to_c( 2697): registerCapability, capabilityBitmapNum: 1
11-05 17:58:52.330 I/HicomNfMainCtrlManager( 2697): RegisterCapability: 1, 8
11-05 17:58:52.331 D/NearFieldManagerImpl( 2697): Register capability succeed with capabilityBitmapNum = 1, capabilityBitmap = [8]
11-05 17:58:52.331 D/NearFieldManagerImpl( 2697): registerServiceData() called with: serviceData = 32
11-05 17:58:52.331 I/nStackXDFinder( 2697): RegisterServiceData:[728] :RegisterServiceData, serviceData=[32]
11-05 17:58:52.331 D/NearFieldManagerImpl( 2697): registerModule() called with: packageModuleName = com.huawei.connection+CastPlusDiscoveryModule
11-05 17:58:52.331 E/gralloc ( 1799): Arm Module v1.0
11-05 17:58:52.331 D/NearFieldManagerImpl( 2697): registerModule, registered before
11-05 17:58:52.331 I/HicomNf_java_to_c( 2697): registerModule, moduleName: com.huawei.connection+CastPlusDiscoveryModule
11-05 17:58:52.331 I/HicomNfMainCtrlManager( 2697): Enter RegisterModule
11-05 17:58:52.331 I/HicomNfRegManager( 2697): RegisterModule OK, already registered com.huawei.connection+CastPlusDiscoveryModule
11-05 17:58:52.338 I/hwservicemanager( 180): getTransport: Cannot find entry android.hardware.graphics.allocator@4.0::IAllocator/default in either framework or device VINTF manifest.
11-05 17:58:52.338 W/Gralloc4( 1799): allocator 4.x is not supported
11-05 17:58:52.345 I/hwservicemanager( 180): getTransport: Cannot find entry android.hardware.graphics.allocator@3.0::IAllocator/default in either framework or device VINTF manifest.
11-05 17:58:52.345 W/Gralloc3( 1799): allocator 3.x is not supported
11-05 17:58:52.347 I/WifiService( 520): acquireMulticastLock uid=10024
11-05 17:58:52.347 I/WifiService( 520): acquireMulticastLock uid=10024
11-05 17:58:52.350 I/gralloc ( 255): alloc buffer:W:1920 H:1088 S:1920 PL[1920 1088] SZ:3133504 fmt:842094169 if:0 af:842094169 usg:410960 fg:00000004
11-05 17:58:52.351 E/ion ( 1799): ioctl c0044901 failed with code -1: Inappropriate ioctl for device
11-05 17:58:52.353 I/hwservicemanager( 180): getTransport: Cannot find entry android.hardware.graphics.mapper@4.0::IMapper/default in either framework or device VINTF manifest.
11-05 17:58:52.354 I/Gralloc4( 356): mapper 4.x is not supported
11-05 17:58:52.355 I/gralloc ( 255): alloc buffer:W:1920 H:1080 S:1920 PL[1920 1080] SZ:8294400 fmt:1 if:0 af:1 usg:20000b00 fg:00000004
11-05 17:58:52.356 I/hwservicemanager( 180): getTransport: Cannot find entry android.hardware.graphics.mapper@3.0::IMapper/default in either framework or device VINTF manifest.
11-05 17:58:52.357 W/Gralloc3( 356): mapper 3.x is not supported
11-05 17:58:52.367 E/raop ( 2111): httpd_stop running 1 joined 0
11-05 17:58:52.367 E/raop ( 2111): httpd_stop connection->socket_fd=0
11-05 17:58:52.367 E/raop ( 2111): httpd_stop connection->socket_fd=0
11-05 17:58:52.367 E/raop ( 2111): httpd_stop connection->socket_fd=0
11-05 17:58:52.367 E/raop ( 2111): httpd_stop connection->socket_fd=0
11-05 17:58:52.367 E/raop ( 2111): httpd_stop connection->socket_fd=0
11-05 17:58:52.367 E/raop ( 2111): httpd_stop connection->socket_fd=0
11-05 17:58:52.367 E/HuaweiCastService( 2111): onStartCommand in 0
11-05 17:58:52.368 E/raop ( 2111): httpd_stop connection->socket_fd=0
11-05 17:58:52.368 E/raop ( 2111): httpd_stop connection->socket_fd=0
11-05 17:58:52.368 E/raop ( 2111): httpd_stop connection->socket_fd=0
11-05 17:58:52.368 E/raop ( 2111): httpd_stop connection->socket_fd=0
11-05 17:58:52.397 E/gralloc ( 356): Arm Module v1.0
11-05 17:58:52.399 E/ion ( 356): ioctl c0044901 failed with code -1: Inappropriate ioctl for device
11-05 17:58:52.443 W/[Gralloc-Warning]( 356): mali_gralloc_lock:288 Buffers with YUV compatible formats should be locked using GRALLOC1_FUNCTION_LOCK_FLEX. Requested format is:0x32315659
11-05 17:58:52.446 I/gralloc ( 255): alloc buffer:W:1920 H:1088 S:1920 PL[1920 1088] SZ:3133504 fmt:842094169 if:0 af:842094169 usg:410960 fg:00000004
11-05 17:58:52.448 W/[Gralloc-Warning]( 356): mali_gralloc_lock:288 Buffers with YUV compatible formats should be locked using GRALLOC1_FUNCTION_LOCK_FLEX. Requested format is:0x32315659
11-05 17:58:52.450 I/gralloc ( 255): alloc buffer:W:1920 H:1088 S:1920 PL[1920 1088] SZ:3133504 fmt:842094169 if:0 af:842094169 usg:410960 fg:00000004
11-05 17:58:52.451 W/SQLiteLog( 1799): (28) double-quoted string literal: "1762336732233"
11-05 17:58:52.451 W/[Gralloc-Warning]( 356): mali_gralloc_lock:288 Buffers with YUV compatible formats should be locked using GRALLOC1_FUNCTION_LOCK_FLEX. Requested format is:0x32315659
11-05 17:58:52.451 W/SQLiteLog( 1799): (28) double-quoted string literal: ""
11-05 17:58:52.451 W/SQLiteLog( 1799): (28) double-quoted string literal: ""
11-05 17:58:52.451 W/SQLiteLog( 1799): (28) double-quoted string literal: ""
11-05 17:58:52.452 I/gralloc ( 255): alloc buffer:W:1920 H:1088 S:1920 PL[1920 1088] SZ:3133504 fmt:842094169 if:0 af:842094169 usg:410960 fg:00000004
11-05 17:58:52.458 W/[Gralloc-Warning]( 356): mali_gralloc_lock:288 Buffers with YUV compatible formats should be locked using GRALLOC1_FUNCTION_LOCK_FLEX. Requested format is:0x32315659
11-05 17:58:52.460 I/gralloc ( 255): alloc buffer:W:1920 H:1088 S:1920 PL[1920 1088] SZ:3133504 fmt:842094169 if:0 af:842094169 usg:410960 fg:00000004
11-05 17:58:52.462 W/[Gralloc-Warning]( 356): mali_gralloc_lock:288 Buffers with YUV compatible formats should be locked using GRALLOC1_FUNCTION_LOCK_FLEX. Requested format is:0x32315659
11-05 17:58:52.466 I/gralloc ( 255): alloc buffer:W:1920 H:1088 S:1920 PL[1920 1088] SZ:3133504 fmt:842094169 if:0 af:842094169 usg:410960 fg:00000004
11-05 17:58:52.468 I/cedarc ( 356): : Video Stream Information:
11-05 17:58:52.468 W/[Gralloc-Warning]( 356): mali_gralloc_lock:288 Buffers with YUV compatible formats should be locked using GRALLOC1_FUNCTION_LOCK_FLEX. Requested format is:0x32315659
11-05 17:58:52.468 I/cedarc ( 356): : codec = H264
11-05 17:58:52.468 I/cedarc ( 356): : width = 1920 pixels
11-05 17:58:52.468 I/cedarc ( 356): : height = 1080 pixels
11-05 17:58:52.468 I/cedarc ( 356): : frame rate = 25000
11-05 17:58:52.468 I/cedarc ( 356): : frame duration = 0 us
11-05 17:58:52.468 I/cedarc ( 356): : aspect ratio = 0
11-05 17:58:52.469 I/cedarc ( 356): : is 3D stream = no
11-05 17:58:52.472 I/gralloc ( 255): alloc buffer:W:1920 H:1088 S:1920 PL[1920 1088] SZ:3133504 fmt:842094169 if:0 af:842094169 usg:410960 fg:00000004
11-05 17:58:52.474 W/[Gralloc-Warning]( 356): mali_gralloc_lock:288 Buffers with YUV compatible formats should be locked using GRALLOC1_FUNCTION_LOCK_FLEX. Requested format is:0x32315659
11-05 17:58:52.478 I/gralloc ( 255): alloc buffer:W:1920 H:1088 S:1920 PL[1920 1088] SZ:3133504 fmt:842094169 if:0 af:842094169 usg:410960 fg:00000004
11-05 17:58:52.481 W/[Gralloc-Warning]( 356): mali_gralloc_lock:288 Buffers with YUV compatible formats should be locked using GRALLOC1_FUNCTION_LOCK_FLEX. Requested format is:0x32315659
11-05 17:58:52.486 I/gralloc ( 255): alloc buffer:W:1920 H:1088 S:1920 PL[1920 1088] SZ:3133504 fmt:842094169 if:0 af:842094169 usg:410960 fg:00000004
11-05 17:58:52.489 W/[Gralloc-Warning]( 356): mali_gralloc_lock:288 Buffers with YUV compatible formats should be locked using GRALLOC1_FUNCTION_LOCK_FLEX. Requested format is:0x32315659
11-05 17:58:52.494 I/gralloc ( 255): alloc buffer:W:1920 H:1088 S:1920 PL[1920 1088] SZ:3133504 fmt:842094169 if:0 af:842094169 usg:410960 fg:00000004
11-05 17:58:52.497 W/[Gralloc-Warning]( 356): mali_gralloc_lock:288 Buffers with YUV compatible formats should be locked using GRALLOC1_FUNCTION_LOCK_FLEX. Requested format is:0x32315659
11-05 17:58:52.502 I/gralloc ( 255): alloc buffer:W:1920 H:1088 S:1920 PL[1920 1088] SZ:3133504 fmt:842094169 if:0 af:842094169 usg:410960 fg:00000004
11-05 17:58:52.506 W/[Gralloc-Warning]( 356): mali_gralloc_lock:288 Buffers with YUV compatible formats should be locked using GRALLOC1_FUNCTION_LOCK_FLEX. Requested format is:0x32315659
11-05 17:58:52.512 I/gralloc ( 255): alloc buffer:W:1920 H:1088 S:1920 PL[1920 1088] SZ:3133504 fmt:842094169 if:0 af:842094169 usg:410960 fg:00000004
11-05 17:58:52.517 W/[Gralloc-Warning]( 356): mali_gralloc_lock:288 Buffers with YUV compatible formats should be locked using GRALLOC1_FUNCTION_LOCK_FLEX. Requested format is:0x32315659
11-05 17:58:52.522 I/gralloc ( 255): alloc buffer:W:1920 H:1088 S:1920 PL[1920 1088] SZ:3133504 fmt:842094169 if:0 af:842094169 usg:410960 fg:00000004
11-05 17:58:52.524 W/[Gralloc-Warning]( 356): mali_gralloc_lock:288 Buffers with YUV compatible formats should be locked using GRALLOC1_FUNCTION_LOCK_FLEX. Requested format is:0x32315659
11-05 17:58:52.531 I/gralloc ( 255): alloc buffer:W:1920 H:1088 S:1920 PL[1920 1088] SZ:3133504 fmt:842094169 if:0 af:842094169 usg:410960 fg:00000004
11-05 17:58:52.535 W/[Gralloc-Warning]( 356): mali_gralloc_lock:288 Buffers with YUV compatible formats should be locked using GRALLOC1_FUNCTION_LOCK_FLEX. Requested format is:0x32315659
11-05 17:58:52.540 I/awplayer( 356): : xxxxxxxxxx video size : width = 1920, height = 1080
11-05 17:58:52.541 W/MediaPlayerNative( 1799): info/warning (3, 0)
11-05 17:58:52.661 D/UMLog ( 1799): 当前发送策略为:启动时发送。详见链接 https://developer.umeng.com/docs/66632/detail/66976?um_channel=sdk
11-05 17:58:52.719 W/audit ( 2138): audit_lost=2467 audit_rate_limit=5 audit_backlog_limit=64
11-05 17:58:52.719 E/audit ( 2138): rate limit exceeded
11-05 17:58:52.784 I/Choreographer( 1799): Skipped 31 frames! The application may be doing too much work on its main thread.
11-05 17:58:52.799 W/eventbuscore( 1799): post Event:com.dangbei.leard.base.proider.mango.MangoAutoStatus
11-05 17:58:52.805 I/gralloc ( 255): alloc buffer:W:1920 H:1080 S:1920 PL[1920 1080] SZ:8294400 fmt:1 if:0 af:1 usg:20000b00 fg:00000004
11-05 17:58:52.830 D/OsInitLaunch( 1799): send: mangoAuth, null, AUTH_SUCCEED, null
11-05 17:58:52.845 E/ActivityRecord( 520): real home.....com.dangbei.leard.leradlauncher/com.dangbei.launcher.home.LauncherActivity
11-05 17:58:52.846 E/+++ActivityRecord( 520): pre led_switch = 1
11-05 17:58:52.854 I/init ( 1): processing action (vendor.led_switch=*) from (/vendor/etc/init/hw/init.oranth.rc:149)
11-05 17:58:52.848 I/awplayer( 356): : isPlaying
11-05 17:58:52.857 I/init ( 1): starting service 'exec 20 (/vendor/bin/led_switch.sh 1)'...
11-05 17:58:52.868 I/init ( 1): SVC_EXEC service 'exec 20 (/vendor/bin/led_switch.sh 1)' pid 3883 (uid 0 gid 0+0 context default) started; waiting...
11-05 17:58:52.898 I/WindowManager( 520): ******* TELLING SURFACE FLINGER WE ARE BOOTED!
11-05 17:58:52.899 E/SurfaceFlinger( 278): Extra call to bootFinished
11-05 17:58:52.910 W/IorapForwardingService( 520): No service published for: iorapd
11-05 17:58:52.925 I/AW_PowerHAL( 260): Power setMode: SUSTAINED_PERFORMANCE to: 0
11-05 17:58:52.925 I/AW_PowerHAL( 260): BootCompleted
11-05 17:58:52.933 I/AW_PowerHAL( 260): cur-mode:SCHEDUTIL-Home
11-05 17:58:52.988 I/init ( 1): Sending signal 9 to service 'rainbow_flow' (pid 3582) process group...
11-05 17:58:52.986 I/ActivityTaskManager( 520): +++Displayed com.dangbei.leard.leradlauncher/com.dangbei.launcher.home.LauncherActivity: +990ms
11-05 17:58:52.995 I/libprocessgroup( 1): Successfully killed process cgroup uid 0 pid 3582 in 6ms
11-05 17:58:52.997 I/init ( 1): Control message: Processed ctl.stop for 'rainbow_flow' from pid: 3889 (stop rainbow_flow voice breathe flow_led net_disconnect)
11-05 17:58:52.998 I/init ( 1): Service 'rainbow_flow' (pid 3582) received signal 9 oneshot service took 6.068000 seconds in background
11-05 17:58:53.011 I/ActivityManager( 520): Killing 2082:com.oranth.usbopenft/1000 (adj 975): empty #17
11-05 17:58:53.003 I/init ( 1): Control message: Processed ctl.stop for 'voice' from pid: 3889 (stop rainbow_flow voice breathe flow_led net_disconnect)
11-05 17:58:53.005 I/init ( 1): Control message: Processed ctl.stop for 'breathe' from pid: 3889 (stop rainbow_flow voice breathe flow_led net_disconnect)
11-05 17:58:53.008 I/init ( 1): Control message: Processed ctl.stop for 'flow_led' from pid: 3889 (stop rainbow_flow voice breathe flow_led net_disconnect)
11-05 17:58:53.025 W/sunxihwc( 256): computeLayerMemoryFootprint: Unknown pixelformat(-1)
11-05 17:58:53.040 I/DefaultIMS( 2976): onStartInput attribute=android.view.inputmethod.EditorInfo@bab3396 restarting=false inputType: 0
11-05 17:58:53.043 I/libprocessgroup( 520): Successfully killed process cgroup uid 1000 pid 2082 in 14ms
11-05 17:58:53.116 I/EventThread( 261): type=1400 audit(0.0:3071): avc: denied { search } for name="extcon" dev="sysfs" ino=18103 scontext=u:r:hal_tv_cec_default:s0 tcontext=u:object_r:sysfs_extcon:s0 tclass=dir permissive=1
11-05 17:58:53.184 I/rainbow_flow( 3898): type=1400 audit(0.0:3072): avc: denied { write } for name="spidev1.0" dev="tmpfs" ino=3604 scontext=u:r:init:s0 tcontext=u:object_r:device:s0 tclass=chr_file permissive=1
11-05 17:58:53.184 I/rainbow_flow( 3898): type=1400 audit(0.0:3073): avc: denied { open } for path="/dev/spidev1.0" dev="tmpfs" ino=3604 scontext=u:r:init:s0 tcontext=u:object_r:device:s0 tclass=chr_file permissive=1
11-05 17:58:53.206 W/InputManager-JNI( 520): Input channel object 'ce3079f com.dangbei.hqguide/com.dangbei.hqguide.main.MainActivity (client)' was disposed without first being removed with the input manager!
11-05 17:58:53.223 E/raop ( 2111): httpd_stop running 0 joined 1
11-05 17:58:53.263 I/ActivityManager( 520): Killing 2500:com.android.dynsystem/1000 (adj 985): empty #17
11-05 17:58:53.271 I/ActivityManager( 520): Killing 2397:com.android.traceur/u0a31 (adj 985): empty #18
11-05 17:58:53.273 I/ActivityManager( 520): Killing 2370:com.softwinner.settingssetup/u0a62 (adj 995): empty #19
11-05 17:58:53.308 I/ActivityManager( 520): Killing 1649:android.process.acore/u0a20 (adj 995): empty #20
11-05 17:58:53.365 I/Zygote ( 242): Process 2082 exited due to signal 9 (Killed)
11-05 17:58:53.387 I/libprocessgroup( 520): Successfully killed process cgroup uid 1000 pid 2500 in 4ms
11-05 17:58:53.409 W/Looper ( 520): Slow dispatch took 470ms main h=com.android.server.job.JobSchedulerService$JobHandler c=null m=4
11-05 17:58:53.410 W/Looper ( 520): Slow delivery took 470ms main h=com.android.server.job.controllers.QuotaController$QcHandler c=null m=3
11-05 17:58:53.426 D/aaa ( 1918): LedStatusService onStartCommand begin
11-05 17:58:53.442 I/Zygote ( 242): Process 2397 exited due to signal 9 (Killed)
11-05 17:58:53.447 D/aaa ( 1918): topPkg is -------------- :com.dangbei.leard.leradlauncher
11-05 17:58:53.489 D/aaa ( 1918): WiFi is connect
11-05 17:58:53.503 D/UtilLog ( 2718): 日志批量上报 进行正常循环 !!!!!!本次有0次请求,共0条数据
11-05 17:58:53.545 W/Looper ( 520): Slow dispatch took 133ms main h=com.android.server.notification.NotificationManagerService$WorkerHandler c=null m=2
11-05 17:58:53.556 W/Looper ( 520): Drained
11-05 17:58:53.584 I/Zygote ( 242): Process 1649 exited due to signal 9 (Killed)
11-05 17:58:53.595 D/CountryDetector( 520): No listener is left
11-05 17:58:53.661 I/Zygote ( 242): Process 2370 exited due to signal 9 (Killed)
11-05 17:58:53.662 I/Process ( 975): Sending signal. PID: 975 SIG: 9
11-05 17:58:53.670 I/Zygote ( 242): Process 2500 exited due to signal 9 (Killed)
11-05 17:58:53.699 I/libprocessgroup( 520): Successfully killed process cgroup uid 10031 pid 2397 in 0ms
11-05 17:58:53.699 I/libprocessgroup( 520): Successfully killed process cgroup uid 10062 pid 2370 in 0ms
11-05 17:58:53.701 I/libprocessgroup( 520): Successfully killed process cgroup uid 10020 pid 1649 in 0ms
11-05 17:58:53.728 I/hq ( 1799): hq:::curl -X POST -H "Content-Type:application/x-www-form-urlencoded" -d 'nothing=pzcJgKapKRo%3D&rommodelnumber=40I2XonQAUU%3D&cpuserial=PlZpqfc1JpxOOZ0anAV38AcloAYinsDQ&pattern=4Beei9NZNdo%3D&rommodel=Pqlpla5YRarwmFg%2B5VG%2FRQ%3D%3D&sn=ia%2FaFKiHtUJo0HCvzs4gKS1PBA%2F2QVm5&lang=vT%2FCsDI%2Fr10%3D&brand=elfd%2FN0Mw6U%3D&theme=L%2B%2FPU%2FFQgEY%3D&vcode=o%2BppAkqptlQ%3D&vname=oql4Ml1tHJc%3D&license=Hs4jp68qr9I%3D&channel=TIQ8TWTDuwcufJjk0AcBhA%3D%3D&packagename=qzBdBNULiCmiu3CIMurjL7PIryC36aZ2YdCJzQtyjcQ%3D&romvercode=BhA8%2F38Giec%3D&romvername=UDOuEwwco6o%3D&network=4Beei9NZNdo%3D&deviceEid=uSuGjXxL1dquKF1QG%2BzuNgcKc1GMhNRjqypkEmW7WV4lQRKF1DwATA%3D%3D&mac=iP4TVZLko9UsEdSbENu6i8HfL7VxZFhy&userid=pctYUOG3RH0%3D' "https://ottdbui-tyapiqun7.yysh.mgtv.com/v1/boot/agreement"
11-05 17:58:53.782 I/hq ( 1799): hq:::tag=requestUserAgreement 请求结果={"code":0,"data":{"brief-btn-text":"《当贝OS用户协议》、《当贝OS隐私政策》 、《当贝OS儿童隐私政策》","brief-content":"\n\n\n \n \n \n 用户协议\n \n\n\n
\n
        · 请充分阅读并理解《当贝OS用户协议》、《当贝OS隐私政策》 、《当贝OS儿童隐私政策》,\n 您可借此了解我们收集、使用、存储和共享您个人信息的情况,以及您所享有的相关权利。
\n
        · 我们会收集设备信息、日志信息,用于信息推送和安全风控,及与我们的必要合作方共同向您提供特定功能和服务。
\n
        · 我们会按照《当贝OS隐私政策》、《当贝OS儿童隐私政策》 各项约定收集、使用、存储、保护、共享您的个人信息。
\n
\n\n","content-url":"http://dbosh5.qun7.com/v1/boot/agreement_content","version":20210615},"message":"success"}
11-05 17:58:53.783 E/UserProtocolInterceptorImpl( 1799): doNetWork: -1 20210615
11-05 17:58:53.784 E/Trigger ( 1799): ContinuousTrigger register 0: UserProtocolActivity 队列name: launcer
11-05 17:58:53.784 E/Trigger ( 1799): comparePriorities : WelcomeCallback proority:30 队列name: launcer
11-05 17:58:53.784 E/hq ( 1799): router:::startLauncher: JumpConfig{type=0, link='db://protocol', param=null, limitVipId=null, appInfo=null}
11-05 17:58:53.791 D/TheRouter::Navigator::navigationFragment( 1799): begin navigate db://protocol
11-05 17:58:53.791 D/TheRouter::Navigator::navigationFragment( 1799): path replace to db://protocol
11-05 17:58:53.791 D/TheRouter::Navigator::navigationFragment( 1799): match route RouteItem(path='db://protocol', className='com.dangbei.leard.base.proider.windows.user_protocol.UserProtocolActivity', action='', description='', extras=Bundle[{data=com.dangbei.leard.base.entity.currency.UserProtocolEntity@ed03634}])
11-05 17:58:53.792 D/TheRouter::Navigator::navigationFragment( 1799): route replace to RouteItem(path='db://protocol', className='com.dangbei.leard.base.proider.windows.user_protocol.UserProtocolActivity', action='', description='', extras=Bundle[{data=com.dangbei.leard.base.entity.currency.UserProtocolEntity@ed03634}])
11-05 17:58:53.793 I/fragmentlink( 1799): fragmentPaths onLost
11-05 17:58:53.794 E/ActivityLinkRouter( 1799): startDefault: path=db://protocol
11-05 17:58:53.794 D/TheRouter::Navigator::navigation( 1799): begin navigate db://protocol
11-05 17:58:53.795 D/TheRouter::Navigator::navigation( 1799): db://protocol replace to db://protocol
11-05 17:58:53.795 D/TheRouter::Navigator::navigation( 1799): match route RouteItem(path='db://protocol', className='com.dangbei.leard.base.proider.windows.user_protocol.UserProtocolActivity', action='', description='', extras=Bundle[{data=com.dangbei.leard.base.entity.currency.UserProtocolEntity@ed03634}])
11-05 17:58:53.795 D/TheRouter::Navigator::navigation( 1799): NavigationCallback on found
11-05 17:58:53.795 E/ActivityLinkRouter( 1799): onFound: path:db://protocol
11-05 17:58:53.796 I/MLoginRouterInterceptor( 1799): 登录拦截器 process: db://protocol
11-05 17:58:53.805 D/TheRouter::Navigator::navigation( 1799): startActivity com.dangbei.leard.base.proider.windows.user_protocol.UserProtocolActivity
11-05 17:58:53.808 W/ContextImpl( 1799): Calling a method in the system process without a qualified user: android.app.ContextImpl.startActivity:1067 android.content.ContextWrapper.startActivity:433 com.monster.therouter.router.Navigator$navigation$callback111$1.invoke:30 com.monster.therouter.router.Navigator$navigation$callback111$1.invoke:1 com.monster.therouter.router.NavigatorKt$setRouterInterceptor$1$1.onContinue:7
11-05 17:58:53.817 W/InputManager-JNI( 520): Input channel object '7c12940 Toast (client)' was disposed without first being removed with the input manager!
11-05 17:58:53.823 D/audio_hw_primary( 247): out_standby
11-05 17:58:53.825 I/ActivityStarter( 520): ---START u0 {flg=0x10000000 cmp=com.dangbei.leard.leradlauncher/com.dangbei.leard.base.proider.windows.user_protocol.UserProtocolActivity (has extras)} from uid 1000
11-05 17:58:53.828 W/ActivityTaskManager( 520): Can't find TaskDisplayArea to determine support for multi window. Task id=9 attached=false
11-05 17:58:53.829 W/NotificationService( 520): Toast already killed. pkg=com.dangbei.hqguide token=android.os.BinderProxy@98d7377
11-05 17:58:53.836 I/binder_alloc( 749): 975: binder_alloc_buf, no vma
11-05 17:58:53.836 I/binder ( 749): 749:749 transaction failed 29189/-3, size 104-0 line 2904
11-05 17:58:53.835 W/ToastPresenter( 749): Error calling back com.dangbei.hqguide to notify onToastHide()
11-05 17:58:53.835 W/ToastPresenter( 749): android.os.DeadObjectException
11-05 17:58:53.835 W/ToastPresenter( 749): at android.os.BinderProxy.transactNative(Native Method)
11-05 17:58:53.835 W/ToastPresenter( 749): at android.os.BinderProxy.transact(BinderProxy.java:571)
11-05 17:58:53.835 W/ToastPresenter( 749): at android.app.ITransientNotificationCallback$Stub$Proxy.onToastHidden(ITransientNotificationCallback.java:145)
11-05 17:58:53.835 W/ToastPresenter( 749): at android.widget.ToastPresenter.hide(ToastPresenter.java:262)
11-05 17:58:53.835 W/ToastPresenter( 749): at com.android.systemui.toast.ToastUI$ToastOutAnimatorListener.onAnimationEnd(ToastUI.java:216)
11-05 17:58:53.835 W/ToastPresenter( 749): at android.animation.Animator$AnimatorListener.onAnimationEnd(Animator.java:555)
11-05 17:58:53.835 W/ToastPresenter( 749): at android.animation.AnimatorSet.endAnimation(AnimatorSet.java:1301)
11-05 17:58:53.835 W/ToastPresenter( 749): at android.animation.AnimatorSet.doAnimationFrame(AnimatorSet.java:1086)
11-05 17:58:53.835 W/ToastPresenter( 749): at android.animation.AnimationHandler.doAnimationFrame(AnimationHandler.java:146)
11-05 17:58:53.835 W/ToastPresenter( 749): at android.animation.AnimationHandler.access$100(AnimationHandler.java:37)
11-05 17:58:53.835 W/ToastPresenter( 749): at android.animation.AnimationHandler$1.doFrame(AnimationHandler.java:54)
11-05 17:58:53.835 W/ToastPresenter( 749): at android.view.Choreographer$CallbackRecord.run(Choreographer.java:1035)
11-05 17:58:53.835 W/ToastPresenter( 749): at android.view.Choreographer.doCallbacks(Choreographer.java:845)
11-05 17:58:53.835 W/ToastPresenter( 749): at android.view.Choreographer.doFrame(Choreographer.java:775)
11-05 17:58:53.835 W/ToastPresenter( 749): at android.view.Choreographer$FrameDisplayEventReceiver.run(Choreographer.java:1022)
11-05 17:58:53.835 W/ToastPresenter( 749): at android.os.Handler.handleCallback(Handler.java:938)
11-05 17:58:53.835 W/ToastPresenter( 749): at android.os.Handler.dispatchMessage(Handler.java:99)
11-05 17:58:53.835 W/ToastPresenter( 749): at android.os.Looper.loopOnce(Looper.java:201)
11-05 17:58:53.835 W/ToastPresenter( 749): at android.os.Looper.loop(Looper.java:288)
11-05 17:58:53.835 W/ToastPresenter( 749): at android.app.ActivityThread.main(ActivityThread.java:7854)
11-05 17:58:53.835 W/ToastPresenter( 749): at java.lang.reflect.Method.invoke(Native Method)
11-05 17:58:53.835 W/ToastPresenter( 749): at com.android.internal.os.RuntimeInit$MethodAndArgsCaller.run(RuntimeInit.java:548)
11-05 17:58:53.835 W/ToastPresenter( 749): at com.android.internal.os.ZygoteInit.main(ZygoteInit.java:1182)
11-05 17:58:53.848 I/AW_PowerHAL( 260): Power setMode: LAUNCH to: 1
11-05 17:58:53.852 V/SplashScreenExceptionList( 520): SplashScreen checking exception for package com.dangbei.leard.leradlauncher (target sdk:28) -> false
11-05 17:58:53.865 I/AW_PowerHAL( 260): cur-mode:LAUNCH
11-05 17:58:53.868 I/ActivityManager( 520): Process com.dangbei.hqguide (pid 975) has died: cch+5 CEM
11-05 17:58:53.869 I/libprocessgroup( 520): Successfully killed process cgroup uid 10026 pid 975 in 0ms
11-05 17:58:53.870 I/bt_stack( 731): [INFO:gatt_api.cc(1231)] GATT_CancelConnect: gatt_if:6, address: c9:b5:96:5c:e3:c9, direct:0
11-05 17:58:53.871 I/bt_stack( 731): [INFO:gatt_api.cc(1286)] GATT_Disconnect conn_id=0x0006
11-05 17:58:53.871 I/bt_stack( 731): [INFO:gatt_api.cc(1042)] GATT_Deregister gatt_if=6
11-05 17:58:53.873 E/BtGatt.ContextMap( 731): Context not found for ID 6
11-05 17:58:53.874 I/Zygote ( 242): Process 975 exited due to signal 9 (Killed)
11-05 17:58:53.889 I/awplayer( 356): : isPlaying
11-05 17:58:53.892 E/martin ( 1799): 暂停播放
11-05 17:58:53.894 W/ActivityManager( 520): setHasOverlayUi called on unknown pid: 975
11-05 17:58:53.897 W/SQLiteLog( 1799): (28) double-quoted string literal: "2439D6F8C532F360B91C07AC65DD5853"
11-05 17:58:53.913 W/IorapForwardingService( 520): No service published for: iorapd
11-05 17:58:53.924 I/BLEAudioDrive_HV410( 247): data len: 9 1
11-05 17:58:53.925 D/TvWindowManager( 520): key event key = KEYCODE_BACK down = true
11-05 17:58:53.927 D/GpioService( 520): mFlickerEnable = true
11-05 17:58:53.942 E/BufferQueueProducer( 1799): [SurfaceView[com.dangbei.leard.leradlauncher/com.dangbei.launcher.home.LauncherActivity]#1(BLAST Consumer)1](id:70700000001,api:3,p:356,c:1799) connect: already connected (cur=3 req=3)
11-05 17:58:53.944 I/work_thread( 1799): type=1400 audit(0.0:3074): avc: denied { read } for name="address" dev="sysfs" ino=25873 scontext=u:r:system_app:s0 tcontext=u:object_r:sysfs:s0 tclass=file permissive=1
11-05 17:58:53.944 I/work_thread( 1799): type=1400 audit(0.0:3075): avc: denied { open } for path="/sys/devices/platform/unisoc_wifi/net/wlan1/address" dev="sysfs" ino=25873 scontext=u:r:system_app:s0 tcontext=u:object_r:sysfs:s0 tclass=file permissive=1
11-05 17:58:53.954 W/audit ( 2138): audit_lost=2489 audit_rate_limit=5 audit_backlog_limit=64
11-05 17:58:53.954 E/audit ( 2138): rate limit exceeded
11-05 17:58:53.962 I/cedarc ( 356): : DestroyVideoDecoder, pDecoder=0xf4169380
11-05 17:58:53.983 I/cedarc ( 356): : not malloc locks
11-05 17:58:53.989 D/ ( 3820): disable_cedar_hw_clk,546
11-05 17:58:53.995 W/ActivityTaskManager( 520): Tried to set launchTime (0) < mLastActivityLaunchTime (73809)
11-05 17:58:53.996 D/AW_CODE ( 520): rotation =0
11-05 17:58:54.020 I/BpBinder( 278): onLastStrongRef automatically unlinking death recipients:
11-05 17:58:54.023 I/System.out( 1799): true
11-05 17:58:54.036 W/SQLiteLog( 1799): (28) double-quoted string literal: "2439D6F8C532F360B91C07AC65DD5853"
11-05 17:58:54.052 W/SQLiteLog( 1799): (28) double-quoted string literal: "2439D6F8C532F360B91C07AC65DD5853"
11-05 17:58:54.052 W/SQLiteLog( 1799): (28) double-quoted string literal: ""
11-05 17:58:54.053 W/SQLiteLog( 1799): (28) double-quoted string literal: "2439D6F8C532F360B91C07AC65DD5853"
11-05 17:58:54.053 W/SQLiteLog( 1799): (28) double-quoted string literal: "-1"
11-05 17:58:54.070 D/UMLog ( 1799): 当前发送策略为:启动时发送。详见链接 https://developer.umeng.com/docs/66632/detail/66976?um_channel=sdk
11-05 17:58:54.070 D/MobclickAgent( 1799): Report policy : ReportAtLaunch
11-05 17:58:54.071 D/UMLog ( 1799): 当前发送策略为:启动时发送。详见链接 https://developer.umeng.com/docs/66632/detail/66976?um_channel=sdk
11-05 17:58:54.075 D/GpioService( 520): mFlickerEnable = true
11-05 17:58:54.080 I/BLEAudioDrive_HV410( 247): data len: 9 1
11-05 17:58:54.081 D/TvWindowManager( 520): key event key = KEYCODE_BACK down = false
11-05 17:58:54.081 I/BLEAudioDrive_HV410( 247): keyboard stop
11-05 17:58:54.082 D/AutofillManagerService( 520): onBackKeyPressed()
11-05 17:58:54.082 D/AutofillManagerServiceImpl( 520): Reset component for user 0:
11-05 17:58:54.083 D/AutofillUI( 520): destroySaveUiUiThread(): already destroyed
11-05 17:58:54.115 D/TvPipController( 749): onTaskStackChanged()
11-05 17:58:54.153 I/cr_LibraryLoader( 1799): Loaded native library version number "91.0.4472.114"
11-05 17:58:54.166 I/cr_CachingUmaRecorder( 1799): Flushed 9 samples from 9 histograms.
11-05 17:58:54.210 W/ContextImpl( 1799): Calling a method in the system process without a qualified user: android.app.ContextImpl.bindIsolatedService:1909 android.content.ContextWrapper.bindIsolatedService:822 android.content.ContextWrapper.bindIsolatedService:822 X3.a:1 od.b:2
11-05 17:58:54.217 D/CompatibilityChangeReporter( 520): Compat change id reported: 135634846; UID 1000; state: DISABLED
11-05 17:58:54.219 D/CompatibilityChangeReporter( 520): Compat change id reported: 143937733; UID 1000; state: ENABLED
11-05 17:58:54.223 W/ContextImpl( 1799): Calling a method in the system process without a qualified user: android.app.ContextImpl.bindIsolatedService:1909 android.content.ContextWrapper.bindIsolatedService:822 android.content.ContextWrapper.bindIsolatedService:822 X3.a:1 od.b:2
11-05 17:58:54.246 D/MobclickAgent( 1799): constructMessage:{"ekv":[{"2439D6F8C532F360B91C07AC65DD5853":[{"id":"launcher_start","ts":1762336695735,"launcher_start":"","ds":0,"pn":"com.dangbei.leard.leradlauncher"}]}],"sdk_version":"8.0.0","device_id":"6d1661e05ec09224","device_model":"DBBOX-A2","version":102944,"appkey":"5bc71fa4b465f5845d0001b8","channel":"HQOS_DBBOX-A2"}
11-05 17:58:54.246 D/Zygote ( 896): Forked child process 3961
11-05 17:58:54.252 I/Zygote ( 3961): seccomp disabled by setenforce 0
11-05 17:58:54.253 I/ActivityManager( 520): app.processName = com.android.webview:sandboxed_process0:org.chromium.content.app.SandboxedProcessService0:0
11-05 17:58:54.253 I/ActivityManager( 520): Start proc 3961:com.android.webview:sandboxed_process0:org.chromium.content.app.SandboxedProcessService0:0/u0ai9000 for {com.dangbei.leard.leradlauncher/org.chromium.content.app.SandboxedProcessService0:0}
11-05 17:58:54.255 I/MobclickAgent( 1799): Start new session: 2439D6F8C532F360B91C07AC65DD5853
11-05 17:58:54.268 I/rainbow_flow( 3898): type=1400 audit(0.0:3077): avc: denied { ioctl } for path="/dev/spidev1.0" dev="tmpfs" ino=3604 ioctlcmd=0x6b00 scontext=u:r:init:s0 tcontext=u:object_r:device:s0 tclass=chr_file permissive=1
11-05 17:58:54.273 I/adbd ( 384): jdwp connection from 3961
11-05 17:58:54.288 W/SQLiteLog( 1799): (28) double-quoted string literal: "2439D6F8C532F360B91C07AC65DD5853"
11-05 17:58:54.295 W/SQLiteLog( 1799): (28) double-quoted string literal: "E7z1Xdc5kyXbnkPJzjNWhEoXMikhuA34FRYdfKie8tMtCGEazQXFqXuEGA4xOw8vlkXYk2o4OX/m
11-05 17:58:54.295 W/SQLiteLog( 1799): WroZD0+LkdHraTovGG50bEBDx20BqWzZeHME6WRr0FlbOIb+tVys6RHA/mcCqdTeIc0ODx1nVrBb
11-05 17:58:54.295 W/SQLiteLog( 1799): kFjr2YW8gIZJXkqCja8=
11-05 17:58:54.295 W/SQLiteLog( 1799): "
11-05 17:58:54.296 W/SQLiteLog( 1799): (28) double-quoted string literal: "2439D6F8C532F360B91C07AC65DD5853"
11-05 17:58:54.292 I/preinstall.sh( 3979): type=1400 audit(0.0:3078): avc: denied { execute_no_trans } for path="/system/bin/pm" dev="dm-0" ino=1149 scontext=u:r:system_server:s0 tcontext=u:object_r:system_file:s0 tclass=file permissive=1
11-05 17:58:54.323 D/CompatibilityChangeReporter( 3961): Compat change id reported: 171979766; UID 99000; state: ENABLED
11-05 17:58:54.324 I/MobclickAgent( 1799): Send message to server. status code is: 200
11-05 17:58:54.347 I/MobclickAgent( 1799): send log:succeed
11-05 17:58:54.364 I/preinstall.sh( 3985): type=1400 audit(0.0:3079): avc: denied { execute } for name="sh" dev="dm-0" ino=1202 scontext=u:r:system_server:s0 tcontext=u:object_r:shell_exec:s0 tclass=file permissive=1
11-05 17:58:54.364 I/preinstall.sh( 3985): type=1400 audit(0.0:3080): avc: denied { read open } for path="/system/bin/sh" dev="dm-0" ino=1202 scontext=u:r:system_server:s0 tcontext=u:object_r:shell_exec:s0 tclass=file permissive=1
11-05 17:58:54.364 I/pm ( 3985): type=1400 audit(0.0:3081): avc: denied { map } for path="/system/bin/sh" dev="dm-0" ino=1202 scontext=u:r:system_server:s0 tcontext=u:object_r:shell_exec:s0 tclass=file permissive=1
11-05 17:58:54.371 D/NetworkSecurityConfig( 3961): No Network Security Config specified, using platform default
11-05 17:58:54.372 D/NetworkSecurityConfig( 3961): No Network Security Config specified, using platform default
11-05 17:58:54.373 I/System.out( 1799): true
11-05 17:58:54.384 I/cr_ChildProcessService( 3961): Creating new ChildProcessService pid=3961
11-05 17:58:54.394 E/SELinux ( 179): avc: denied { find } for pid=3961 uid=99000 name=content_capture scontext=u:r:isolated_app:s0:c512,c768 tcontext=u:object_r:content_capture_service:s0 tclass=service_manager permissive=1
11-05 17:58:54.477 I/d.leradlaunche( 1799): Background concurrent copying GC freed 257303(16MB) AllocSpace objects, 102(4468KB) LOS objects, 49% free, 4811KB/9623KB, paused 351us total 217.397ms
11-05 17:58:54.498 W/System ( 1799): A resource failed to call close.
11-05 17:58:54.499 W/System ( 1799): A resource failed to call close.
11-05 17:58:54.500 W/System ( 1799): A resource failed to call close.
11-05 17:58:54.585 W/InputDispatcher( 520): Dispatching key to 163d651 com.dangbei.leard.leradlauncher/com.dangbei.launcher.home.LauncherActivity even though there are other unprocessed events
11-05 17:58:54.644 D/CompatibilityChangeReporter( 1799): Compat change id reported: 171228096; UID 1000; state: ENABLED
11-05 17:58:54.669 D/ConnectivityService( 520): requestNetwork for uid/pid:1000/1799 activeRequest: null callbackRequest: 37 [NetworkRequest [ REQUEST id=38, [ Capabilities: INTERNET&NOT_RESTRICTED&TRUSTED&NOT_VCN_MANAGED Uid: 1000 RequestorUid: 1000 RequestorPkg: com.dangbei.leard.leradlauncher] ]] callback flags: 0 priority: 2147483647
11-05 17:58:54.670 D/ConnectivityService( 520): NetReassign [38 : null → 100]
11-05 17:58:54.672 D/Ethernet( 520): got request NetworkRequest [ REQUEST id=38, [ Capabilities: INTERNET&NOT_RESTRICTED&TRUSTED&NOT_VCN_MANAGED Uid: 1000 RequestorUid: 1000 RequestorPkg: com.dangbei.leard.leradlauncher] ]
11-05 17:58:54.673 D/EthernetNetworkFactory( 520): acceptRequest, request: NetworkRequest [ REQUEST id=38, [ Capabilities: INTERNET&NOT_RESTRICTED&TRUSTED&NOT_VCN_MANAGED Uid: 1000 RequestorUid: 1000 RequestorPkg: com.dangbei.leard.leradlauncher] ]
