11-05 17:58:12.711 V/GraphicsEnvironment( 1771): ANGLE Developer option for 'com.dangbei.lerad.rocky' set to: 'default'
11-05 17:58:12.711 V/GraphicsEnvironment( 1771): Neither updatable production driver nor prerelease driver is supported.
11-05 17:58:12.713 D/NetworkSecurityConfig( 1771): No Network Security Config specified, using platform default
11-05 17:58:12.714 D/NetworkSecurityConfig( 1771): No Network Security Config specified, using platform default
11-05 17:58:12.716 V/GraphicsEnvironment( 1763): ANGLE Developer option for 'com.dangbei.haqusetting' set to: 'default'
11-05 17:58:12.716 V/GraphicsEnvironment( 1763): Neither updatable production driver nor prerelease driver is supported.
11-05 17:58:12.718 D/NetworkSecurityConfig( 1763): No Network Security Config specified, using platform default
11-05 17:58:12.719 D/NetworkSecurityConfig( 1763): No Network Security Config specified, using platform default
11-05 17:58:12.721 I/MultiDex( 1771): VM with version 2.1.0 has multidex support
11-05 17:58:12.722 I/MultiDex( 1771): Installing application
11-05 17:58:12.722 I/MultiDex( 1771): VM has multidex support, MultiDex support library is disabled.
11-05 17:58:12.728 I/ContactDirectoryManager( 1649): deleted 0 stale rows which don't have any relevant directory
11-05 17:58:12.730 I/ContactDirectoryManager( 1649): Discovered 0 contact directories in 54ms
11-05 17:58:12.733 D/BluetoothPbapService( 731): onChange on contact uri
11-05 17:58:12.745 I/PreBootBroadcaster( 520): Pre-boot of {com.android.providers.media.module/com.android.providers.media.MediaUpgradeReceiver} for user 0
11-05 17:58:12.751 W/BroadcastQueue( 520): Background execution not allowed: receiving Intent { act=android.bluetooth.device.action.BOND_STATE_CHANGED flg=0x10 (has extras) } to com.dangbei.lerad.etna.haqu/com.dangbei.remotecontroller.RemoteControllerReceiver
11-05 17:58:12.758 I/MultiDex( 1763): VM with version 2.1.0 has multidex support
11-05 17:58:12.758 I/MultiDex( 1763): Installing application
11-05 17:58:12.758 I/MultiDex( 1763): VM has multidex support, MultiDex support library is disabled.
11-05 17:58:12.760 D/StrictMode( 1649): StrictMode policy violation; ~duration=910 ms: android.os.strictmode.DiskReadViolation
11-05 17:58:12.760 D/StrictMode( 1649): at android.os.StrictMode$AndroidBlockGuardPolicy.onReadFromDisk(StrictMode.java:1659)
11-05 17:58:12.760 D/StrictMode( 1649): at libcore.io.BlockGuardOs.access(BlockGuardOs.java:74)
11-05 17:58:12.760 D/StrictMode( 1649): at libcore.io.ForwardingOs.access(ForwardingOs.java:131)
11-05 17:58:12.760 D/StrictMode( 1649): at android.app.ActivityThread$AndroidOs.access(ActivityThread.java:7731)
11-05 17:58:12.760 D/StrictMode( 1649): at java.io.UnixFileSystem.checkAccess(UnixFileSystem.java:281)
11-05 17:58:12.760 D/StrictMode( 1649): at java.io.File.exists(File.java:813)
11-05 17:58:12.760 D/StrictMode( 1649): at android.app.ContextImpl.ensurePrivateDirExists(ContextImpl.java:743)
11-05 17:58:12.760 D/StrictMode( 1649): at android.app.ContextImpl.ensurePrivateDirExists(ContextImpl.java:734)
11-05 17:58:12.760 D/StrictMode( 1649): at android.app.ContextImpl.getPreferencesDir(ContextImpl.java:690)
11-05 17:58:12.760 D/StrictMode( 1649): at android.app.ContextImpl.getSharedPreferencesPath(ContextImpl.java:915)
11-05 17:58:12.760 D/StrictMode( 1649): at android.app.ContextImpl.getSharedPreferences(ContextImpl.java:537)
11-05 17:58:12.760 D/StrictMode( 1649): at android.content.ContextWrapper.getSharedPreferences(ContextWrapper.java:196)
11-05 17:58:12.760 D/StrictMode( 1649): at android.content.ContextWrapper.getSharedPreferences(ContextWrapper.java:196)
11-05 17:58:12.760 D/StrictMode( 1649): at com.android.providers.contacts.ContactsUpgradeReceiver.onReceive(ContactsUpgradeReceiver.java:55)
11-05 17:58:12.760 D/StrictMode( 1649): at android.app.ActivityThread.handleReceiver(ActivityThread.java:4308)
11-05 17:58:12.760 D/StrictMode( 1649): at android.app.ActivityThread.access$1600(ActivityThread.java:247)
11-05 17:58:12.760 D/StrictMode( 1649): at android.app.ActivityThread$H.handleMessage(ActivityThread.java:2064)
11-05 17:58:12.760 D/StrictMode( 1649): at android.os.Handler.dispatchMessage(Handler.java:106)
11-05 17:58:12.760 D/StrictMode( 1649): at android.os.Looper.loopOnce(Looper.java:201)
11-05 17:58:12.760 D/StrictMode( 1649): at android.os.Looper.loop(Looper.java:288)
11-05 17:58:12.760 D/StrictMode( 1649): at android.app.ActivityThread.main(ActivityThread.java:7854)
11-05 17:58:12.760 D/StrictMode( 1649): at java.lang.reflect.Method.invoke(Native Method)
11-05 17:58:12.760 D/StrictMode( 1649): at com.android.internal.os.RuntimeInit$MethodAndArgsCaller.run(RuntimeInit.java:548)
11-05 17:58:12.760 D/StrictMode( 1649): at com.android.internal.os.ZygoteInit.main(ZygoteInit.java:1182)
11-05 17:58:12.765 D/ExternalStorage( 1505): After updating volumes, found 1 active roots
11-05 17:58:12.768 D/StrictMode( 1649): StrictMode policy violation; ~duration=909 ms: android.os.strictmode.DiskReadViolation
11-05 17:58:12.768 D/StrictMode( 1649): at android.os.StrictMode$AndroidBlockGuardPolicy.onReadFromDisk(StrictMode.java:1659)
11-05 17:58:12.768 D/StrictMode( 1649): at android.app.SharedPreferencesImpl.awaitLoadedLocked(SharedPreferencesImpl.java:275)
11-05 17:58:12.768 D/StrictMode( 1649): at android.app.SharedPreferencesImpl.getInt(SharedPreferencesImpl.java:326)
11-05 17:58:12.768 D/StrictMode( 1649): at com.android.providers.contacts.ContactsUpgradeReceiver.onReceive(ContactsUpgradeReceiver.java:56)
11-05 17:58:12.768 D/StrictMode( 1649): at android.app.ActivityThread.handleReceiver(ActivityThread.java:4308)
11-05 17:58:12.768 D/StrictMode( 1649): at android.app.ActivityThread.access$1600(ActivityThread.java:247)
11-05 17:58:12.768 D/StrictMode( 1649): at android.app.ActivityThread$H.handleMessage(ActivityThread.java:2064)
11-05 17:58:12.768 D/StrictMode( 1649): at android.os.Handler.dispatchMessage(Handler.java:106)
11-05 17:58:12.768 D/StrictMode( 1649): at android.os.Looper.loopOnce(Looper.java:201)
11-05 17:58:12.768 D/StrictMode( 1649): at android.os.Looper.loop(Looper.java:288)
11-05 17:58:12.768 D/StrictMode( 1649): at android.app.ActivityThread.main(ActivityThread.java:7854)
11-05 17:58:12.768 D/StrictMode( 1649): at java.lang.reflect.Method.invoke(Native Method)
11-05 17:58:12.768 D/StrictMode( 1649): at com.android.internal.os.RuntimeInit$MethodAndArgsCaller.run(RuntimeInit.java:548)
11-05 17:58:12.768 D/StrictMode( 1649): at com.android.internal.os.ZygoteInit.main(ZygoteInit.java:1182)
11-05 17:58:12.768 V/GraphicsEnvironment( 1799): ANGLE Developer option for 'com.dangbei.leard.leradlauncher' set to: 'default'
11-05 17:58:12.769 V/GraphicsEnvironment( 1799): Neither updatable production driver nor prerelease driver is supported.
11-05 17:58:12.771 W/IorapForwardingService( 520): No service published for: iorapd
11-05 17:58:12.773 D/StrictMode( 1649): StrictMode policy violation; ~duration=908 ms: android.os.strictmode.DiskReadViolation
11-05 17:58:12.773 D/StrictMode( 1649): at android.os.StrictMode$AndroidBlockGuardPolicy.onReadFromDisk(StrictMode.java:1659)
11-05 17:58:12.773 D/StrictMode( 1649): at libcore.io.BlockGuardOs.access(BlockGuardOs.java:74)
11-05 17:58:12.773 D/StrictMode( 1649): at libcore.io.ForwardingOs.access(ForwardingOs.java:131)
11-05 17:58:12.773 D/StrictMode( 1649): at android.app.ActivityThread$AndroidOs.access(ActivityThread.java:7731)
11-05 17:58:12.773 D/StrictMode( 1649): at java.io.UnixFileSystem.checkAccess(UnixFileSystem.java:281)
11-05 17:58:12.773 D/StrictMode( 1649): at java.io.File.exists(File.java:813)
11-05 17:58:12.773 D/StrictMode( 1649): at android.app.SharedPreferencesImpl.writeToFile(SharedPreferencesImpl.java:769)
11-05 17:58:12.773 D/StrictMode( 1649): at android.app.SharedPreferencesImpl.access$900(SharedPreferencesImpl.java:59)
11-05 17:58:12.773 D/StrictMode( 1649): at android.app.SharedPreferencesImpl$2.run(SharedPreferencesImpl.java:703)
11-05 17:58:12.773 D/StrictMode( 1649): at android.app.SharedPreferencesImpl.enqueueDiskWrite(SharedPreferencesImpl.java:722)
11-05 17:58:12.773 D/StrictMode( 1649): at android.app.SharedPreferencesImpl.access$100(SharedPreferencesImpl.java:59)
11-05 17:58:12.773 D/StrictMode( 1649): at android.app.SharedPreferencesImpl$EditorImpl.commit(SharedPreferencesImpl.java:634)
11-05 17:58:12.773 D/StrictMode( 1649): at com.android.providers.contacts.ContactsUpgradeReceiver.onReceive(ContactsUpgradeReceiver.java:76)
11-05 17:58:12.773 D/StrictMode( 1649): at android.app.ActivityThread.handleReceiver(ActivityThread.java:4308)
11-05 17:58:12.773 D/StrictMode( 1649): at android.app.ActivityThread.access$1600(ActivityThread.java:247)
11-05 17:58:12.773 D/StrictMode( 1649): at android.app.ActivityThread$H.handleMessage(ActivityThread.java:2064)
11-05 17:58:12.773 D/StrictMode( 1649): at android.os.Handler.dispatchMessage(Handler.java:106)
11-05 17:58:12.773 D/StrictMode( 1649): at android.os.Looper.loopOnce(Looper.java:201)
11-05 17:58:12.773 D/StrictMode( 1649): at android.os.Looper.loop(Looper.java:288)
11-05 17:58:12.773 D/StrictMode( 1649): at android.app.ActivityThread.main(ActivityThread.java:7854)
11-05 17:58:12.773 D/StrictMode( 1649): at java.lang.reflect.Method.invoke(Native Method)
11-05 17:58:12.773 D/StrictMode( 1649): at com.android.internal.os.RuntimeInit$MethodAndArgsCaller.run(RuntimeInit.java:548)
11-05 17:58:12.773 D/StrictMode( 1649): at com.android.internal.os.ZygoteInit.main(ZygoteInit.java:1182)
11-05 17:58:12.775 D/StrictMode( 1649): StrictMode policy violation; ~duration=907 ms: android.os.strictmode.DiskReadViolation
11-05 17:58:12.775 D/StrictMode( 1649): at android.os.StrictMode$AndroidBlockGuardPolicy.onReadFromDisk(StrictMode.java:1659)
11-05 17:58:12.775 D/StrictMode( 1649): at libcore.io.BlockGuardOs.open(BlockGuardOs.java:268)
11-05 17:58:12.775 D/StrictMode( 1649): at libcore.io.ForwardingOs.open(ForwardingOs.java:567)
11-05 17:58:12.775 D/StrictMode( 1649): at android.app.ActivityThread$AndroidOs.open(ActivityThread.java:7740)
11-05 17:58:12.775 D/StrictMode( 1649): at libcore.io.IoBridge.open(IoBridge.java:561)
11-05 17:58:12.775 D/StrictMode( 1649): at java.io.FileOutputStream.(FileOutputStream.java:236)
11-05 17:58:12.775 D/StrictMode( 1649): at java.io.FileOutputStream.(FileOutputStream.java:186)
11-05 17:58:12.775 D/StrictMode( 1649): at android.app.SharedPreferencesImpl.createFileOutputStream(SharedPreferencesImpl.java:733)
11-05 17:58:12.775 D/StrictMode( 1649): at android.app.SharedPreferencesImpl.writeToFile(SharedPreferencesImpl.java:824)
11-05 17:58:12.775 D/StrictMode( 1649): at android.app.SharedPreferencesImpl.access$900(SharedPreferencesImpl.java:59)
11-05 17:58:12.775 D/StrictMode( 1649): at android.app.SharedPreferencesImpl$2.run(SharedPreferencesImpl.java:703)
11-05 17:58:12.775 D/StrictMode( 1649): at android.app.SharedPreferencesImpl.enqueueDiskWrite(SharedPreferencesImpl.java:722)
11-05 17:58:12.775 D/StrictMode( 1649): at android.app.SharedPreferencesImpl.access$100(SharedPreferencesImpl.java:59)
11-05 17:58:12.775 D/StrictMode( 1649): at android.app.SharedPreferencesImpl$EditorImpl.commit(SharedPreferencesImpl.java:634)
11-05 17:58:12.775 D/StrictMode( 1649): at com.android.providers.contacts.ContactsUpgradeReceiver.onReceive(ContactsUpgradeReceiver.java:76)
11-05 17:58:12.775 D/StrictMode( 1649): at android.app.ActivityThread.handleReceiver(ActivityThread.java:4308)
11-05 17:58:12.775 D/StrictMode( 1649): at android.app.ActivityThread.access$1600(ActivityThread.java:247)
11-05 17:58:12.775 D/StrictMode( 1649): at android.app.ActivityThread$H.handleMessage(ActivityThread.java:2064)
11-05 17:58:12.775 D/StrictMode( 1649): at android.os.Handler.dispatchMessage(Handler.java:106)
11-05 17:58:12.775 D/StrictMode( 1649): at android.os.Looper.loopOnce(Looper.java:201)
11-05 17:58:12.775 D/StrictMode( 1649): at android.os.Looper.loop(Looper.java:288)
11-05 17:58:12.775 D/StrictMode( 1649): at android.app.ActivityThread.main(ActivityThread.java:7854)
11-05 17:58:12.775 D/StrictMode( 1649): at java.lang.reflect.Method.invoke(Native Method)
11-05 17:58:12.775 D/StrictMode( 1649): at com.android.internal.os.RuntimeInit$MethodAndArgsCaller.run(RuntimeInit.java:548)
11-05 17:58:12.775 D/StrictMode( 1649): at com.android.internal.os.ZygoteInit.main(ZygoteInit.java:1182)
11-05 17:58:12.777 D/StrictMode( 1649): StrictMode policy violation; ~duration=907 ms: android.os.strictmode.DiskWriteViolation
11-05 17:58:12.777 D/StrictMode( 1649): at android.os.StrictMode$AndroidBlockGuardPolicy.onWriteToDisk(StrictMode.java:1615)
11-05 17:58:12.777 D/StrictMode( 1649): at libcore.io.BlockGuardOs.open(BlockGuardOs.java:271)
11-05 17:58:12.777 D/StrictMode( 1649): at libcore.io.ForwardingOs.open(ForwardingOs.java:567)
11-05 17:58:12.777 D/StrictMode( 1649): at android.app.ActivityThread$AndroidOs.open(ActivityThread.java:7740)
11-05 17:58:12.777 D/StrictMode( 1649): at libcore.io.IoBridge.open(IoBridge.java:561)
11-05 17:58:12.777 D/StrictMode( 1649): at java.io.FileOutputStream.(FileOutputStream.java:236)
11-05 17:58:12.777 D/StrictMode( 1649): at java.io.FileOutputStream.(FileOutputStream.java:186)
11-05 17:58:12.777 D/StrictMode( 1649): at android.app.SharedPreferencesImpl.createFileOutputStream(SharedPreferencesImpl.java:733)
11-05 17:58:12.777 D/StrictMode( 1649): at android.app.SharedPreferencesImpl.writeToFile(SharedPreferencesImpl.java:824)
11-05 17:58:12.777 D/StrictMode( 1649): at android.app.SharedPreferencesImpl.access$900(SharedPreferencesImpl.java:59)
11-05 17:58:12.777 D/StrictMode( 1649): at android.app.SharedPreferencesImpl$2.run(SharedPreferencesImpl.java:703)
11-05 17:58:12.777 D/StrictMode( 1649): at android.app.SharedPreferencesImpl.enqueueDiskWrite(SharedPreferencesImpl.java:722)
11-05 17:58:12.777 D/StrictMode( 1649): at android.app.SharedPreferencesImpl.access$100(SharedPreferencesImpl.java:59)
11-05 17:58:12.777 D/StrictMode( 1649): at android.app.SharedPreferencesImpl$EditorImpl.commit(SharedPreferencesImpl.java:634)
11-05 17:58:12.777 D/StrictMode( 1649): at com.android.providers.contacts.ContactsUpgradeReceiver.onReceive(ContactsUpgradeReceiver.java:76)
11-05 17:58:12.777 D/StrictMode( 1649): at android.app.ActivityThread.handleReceiver(ActivityThread.java:4308)
11-05 17:58:12.777 D/StrictMode( 1649): at android.app.ActivityThread.access$1600(ActivityThread.java:247)
11-05 17:58:12.777 D/StrictMode( 1649): at android.app.ActivityThread$H.handleMessage(ActivityThread.java:2064)
11-05 17:58:12.777 D/StrictMode( 1649): at android.os.Handler.dispatchMessage(Handler.java:106)
11-05 17:58:12.777 D/StrictMode( 1649): at android.os.Looper.loopOnce(Looper.java:201)
11-05 17:58:12.777 D/StrictMode( 1649): at android.os.Looper.loop(Looper.java:288)
11-05 17:58:12.777 D/StrictMode( 1649): at android.app.ActivityThread.main(ActivityThread.java:7854)
11-05 17:58:12.777 D/StrictMode( 1649): at java.lang.reflect.Method.invoke(Native Method)
11-05 17:58:12.777 D/StrictMode( 1649): at com.android.internal.os.RuntimeInit$MethodAndArgsCaller.run(RuntimeInit.java:548)
11-05 17:58:12.777 D/StrictMode( 1649): at com.android.internal.os.ZygoteInit.main(ZygoteInit.java:1182)
11-05 17:58:12.779 D/RockyApplication( 1771): init: false
11-05 17:58:12.779 D/StrictMode( 1649): StrictMode policy violation; ~duration=907 ms: android.os.strictmode.DiskReadViolation
11-05 17:58:12.779 D/StrictMode( 1649): at android.os.StrictMode$AndroidBlockGuardPolicy.onReadFromDisk(StrictMode.java:1659)
11-05 17:58:12.779 D/StrictMode( 1649): at libcore.io.BlockGuardOs.fstat(BlockGuardOs.java:193)
11-05 17:58:12.779 D/StrictMode( 1649): at libcore.io.ForwardingOs.fstat(ForwardingOs.java:264)
11-05 17:58:12.779 D/StrictMode( 1649): at libcore.io.IoBridge.open(IoBridge.java:564)
11-05 17:58:12.779 D/StrictMode( 1649): at java.io.FileOutputStream.(FileOutputStream.java:236)
11-05 17:58:12.779 D/StrictMode( 1649): at java.io.FileOutputStream.(FileOutputStream.java:186)
11-05 17:58:12.779 D/StrictMode( 1649): at android.app.SharedPreferencesImpl.createFileOutputStream(SharedPreferencesImpl.java:733)
11-05 17:58:12.779 D/StrictMode( 1649): at android.app.SharedPreferencesImpl.writeToFile(SharedPreferencesImpl.java:824)
11-05 17:58:12.779 D/StrictMode( 1649): at android.app.SharedPreferencesImpl.access$900(SharedPreferencesImpl.java:59)
11-05 17:58:12.779 D/StrictMode( 1649): at android.app.SharedPreferencesImpl$2.run(SharedPreferencesImpl.java:703)
11-05 17:58:12.779 D/StrictMode( 1649): at android.app.SharedPreferencesImpl.enqueueDiskWrite(SharedPreferencesImpl.java:722)
11-05 17:58:12.779 D/StrictMode( 1649): at android.app.SharedPreferencesImpl.access$100(SharedPreferencesImpl.java:59)
11-05 17:58:12.779 D/StrictMode( 1649): at android.app.SharedPreferencesImpl$EditorImpl.commit(SharedPreferencesImpl.java:634)
11-05 17:58:12.779 D/StrictMode( 1649): at com.android.providers.contacts.ContactsUpgradeReceiver.onReceive(ContactsUpgradeReceiver.java:76)
11-05 17:58:12.779 D/StrictMode( 1649): at android.app.ActivityThread.handleReceiver(ActivityThread.java:4308)
11-05 17:58:12.779 D/StrictMode( 1649): at android.app.ActivityThread.access$1600(ActivityThread.java:247)
11-05 17:58:12.779 D/StrictMode( 1649): at android.app.ActivityThread$H.handleMessage(ActivityThread.java:2064)
11-05 17:58:12.779 D/StrictMode( 1649): at android.os.Handler.dispatchMessage(Handler.java:106)
11-05 17:58:12.779 D/StrictMode( 1649): at android.os.Looper.loopOnce(Looper.java:201)
11-05 17:58:12.779 D/StrictMode( 1649): at android.os.Looper.loop(Looper.java:288)
11-05 17:58:12.779 D/StrictMode( 1649): at android.app.ActivityThread.main(ActivityThread.java:7854)
11-05 17:58:12.779 D/StrictMode( 1649): at java.lang.reflect.Method.invoke(Native Method)
11-05 17:58:12.779 D/StrictMode( 1649): at com.android.internal.os.RuntimeInit$MethodAndArgsCaller.run(RuntimeInit.java:548)
11-05 17:58:12.779 D/StrictMode( 1649): at com.android.internal.os.ZygoteInit.main(ZygoteInit.java:1182)
11-05 17:58:12.781 D/NetworkSecurityConfig( 1799): Using Network Security Config from resource network_permission_config debugBuild: false
11-05 17:58:12.784 D/StrictMode( 1649): StrictMode policy violation; ~duration=906 ms: android.os.strictmode.DiskWriteViolation
11-05 17:58:12.784 D/StrictMode( 1649): at android.os.StrictMode$AndroidBlockGuardPolicy.onWriteToDisk(StrictMode.java:1615)
11-05 17:58:12.784 D/StrictMode( 1649): at libcore.io.BlockGuardOs.write(BlockGuardOs.java:446)
11-05 17:58:12.784 D/StrictMode( 1649): at libcore.io.ForwardingOs.write(ForwardingOs.java:951)
11-05 17:58:12.784 D/StrictMode( 1649): at libcore.io.IoBridge.write(IoBridge.java:649)
11-05 17:58:12.784 D/StrictMode( 1649): at java.io.FileOutputStream.write(FileOutputStream.java:401)
11-05 17:58:12.784 D/StrictMode( 1649): at com.android.internal.util.FastXmlSerializer.flushBytes(FastXmlSerializer.java:253)
11-05 17:58:12.784 D/StrictMode( 1649): at com.android.internal.util.FastXmlSerializer.flush(FastXmlSerializer.java:274)
11-05 17:58:12.784 D/StrictMode( 1649): at com.android.internal.util.FastXmlSerializer.endDocument(FastXmlSerializer.java:219)
11-05 17:58:12.784 D/StrictMode( 1649): at com.android.internal.util.XmlSerializerWrapper.endDocument(XmlSerializerWrapper.java:68)
11-05 17:58:12.784 D/StrictMode( 1649): at com.android.internal.util.XmlUtils.writeMapXml(XmlUtils.java:408)
11-05 17:58:12.784 D/StrictMode( 1649): at android.app.SharedPreferencesImpl.writeToFile(SharedPreferencesImpl.java:834)
11-05 17:58:12.784 D/StrictMode( 1649): at android.app.SharedPreferencesImpl.access$900(SharedPreferencesImpl.java:59)
11-05 17:58:12.784 D/StrictMode( 1649): at android.app.SharedPreferencesImpl$2.run(SharedPreferencesImpl.java:703)
11-05 17:58:12.784 D/StrictMode( 1649): at android.app.SharedPreferencesImpl.enqueueDiskWrite(SharedPreferencesImpl.java:722)
11-05 17:58:12.784 D/StrictMode( 1649): at android.app.SharedPreferencesImpl.access$100(SharedPreferencesImpl.java:59)
11-05 17:58:12.784 D/StrictMode( 1649): at android.app.SharedPreferencesImpl$EditorImpl.commit(SharedPreferencesImpl.java:634)
11-05 17:58:12.784 D/StrictMode( 1649): at com.android.providers.contacts.ContactsUpgradeReceiver.onReceive(ContactsUpgradeReceiver.java:76)
11-05 17:58:12.784 D/StrictMode( 1649): at android.app.ActivityThread.handleReceiver(ActivityThread.java:4308)
11-05 17:58:12.784 D/StrictMode( 1649): at android.app.ActivityThread.access$1600(ActivityThread.java:247)
11-05 17:58:12.784 D/StrictMode( 1649): at android.app.ActivityThread$H.handleMessage(ActivityThread.java:2064)
11-05 17:58:12.784 D/StrictMode( 1649): at android.os.Handler.dispatchMessage(Handler.java:106)
11-05 17:58:12.784 D/StrictMode( 1649): at android.os.Looper.loopOnce(Looper.java:201)
11-05 17:58:12.784 D/StrictMode( 1649): at android.os.Looper.loop(Looper.java:288)
11-05 17:58:12.784 D/StrictMode( 1649): at android.app.ActivityThread.main(ActivityThread.java:7854)
11-05 17:58:12.784 D/StrictMode( 1649): at java.lang.reflect.Method.invoke(Native Method)
11-05 17:58:12.784 D/StrictMode( 1649): at com.android.internal.os.RuntimeInit$MethodAndArgsCaller.run(RuntimeInit.java:548)
11-05 17:58:12.784 D/StrictMode( 1649): at com.android.internal.os.ZygoteInit.main(ZygoteInit.java:1182)
11-05 17:58:12.785 D/StrictMode( 1649): StrictMode policy violation; ~duration=904 ms: android.os.strictmode.DiskWriteViolation
11-05 17:58:12.785 D/StrictMode( 1649): at android.os.StrictMode$AndroidBlockGuardPolicy.onWriteToDisk(StrictMode.java:1615)
11-05 17:58:12.785 D/StrictMode( 1649): at libcore.io.BlockGuardOs.chmod(BlockGuardOs.java:81)
11-05 17:58:12.785 D/StrictMode( 1649): at libcore.io.ForwardingOs.chmod(ForwardingOs.java:168)
11-05 17:58:12.785 D/StrictMode( 1649): at android.system.Os.chmod(Os.java:121)
11-05 17:58:12.785 D/StrictMode( 1649): at android.os.FileUtils.setPermissions(FileUtils.java:168)
11-05 17:58:12.785 D/StrictMode( 1649): at android.app.ContextImpl.setFilePermissionsFromMode(ContextImpl.java:3245)
11-05 17:58:12.785 D/StrictMode( 1649): at android.app.SharedPreferencesImpl.writeToFile(SharedPreferencesImpl.java:843)
11-05 17:58:12.785 D/StrictMode( 1649): at android.app.SharedPreferencesImpl.access$900(SharedPreferencesImpl.java:59)
11-05 17:58:12.785 D/StrictMode( 1649): at android.app.SharedPreferencesImpl$2.run(SharedPreferencesImpl.java:703)
11-05 17:58:12.785 D/StrictMode( 1649): at android.app.SharedPreferencesImpl.enqueueDiskWrite(SharedPreferencesImpl.java:722)
11-05 17:58:12.785 D/StrictMode( 1649): at android.app.SharedPreferencesImpl.access$100(SharedPreferencesImpl.java:59)
11-05 17:58:12.785 D/StrictMode( 1649): at android.app.SharedPreferencesImpl$EditorImpl.commit(SharedPreferencesImpl.java:634)
11-05 17:58:12.785 D/StrictMode( 1649): at com.android.providers.contacts.ContactsUpgradeReceiver.onReceive(ContactsUpgradeReceiver.java:76)
11-05 17:58:12.785 D/StrictMode( 1649): at android.app.ActivityThread.handleReceiver(ActivityThread.java:4308)
11-05 17:58:12.785 D/StrictMode( 1649): at android.app.ActivityThread.access$1600(ActivityThread.java:247)
11-05 17:58:12.785 D/StrictMode( 1649): at android.app.ActivityThread$H.handleMessage(ActivityThread.java:2064)
11-05 17:58:12.785 D/StrictMode( 1649): at android.os.Handler.dispatchMessage(Handler.java:106)
11-05 17:58:12.785 D/StrictMode( 1649): at android.os.Looper.loopOnce(Looper.java:201)
11-05 17:58:12.785 D/StrictMode( 1649): at android.os.Looper.loop(Looper.java:288)
11-05 17:58:12.785 D/StrictMode( 1649): at android.app.ActivityThread.main(ActivityThread.java:7854)
11-05 17:58:12.785 D/StrictMode( 1649): at java.lang.reflect.Method.invoke(Native Method)
11-05 17:58:12.785 D/StrictMode( 1649): at com.android.internal.os.RuntimeInit$MethodAndArgsCaller.run(RuntimeInit.java:548)
11-05 17:58:12.785 D/StrictMode( 1649): at com.android.internal.os.ZygoteInit.main(ZygoteInit.java:1182)
11-05 17:58:12.786 E/DiskReceiver( 1277): Missing fsUuid, not launching activity.
11-05 17:58:12.792 D/StrictMode( 1649): StrictMode policy violation; ~duration=904 ms: android.os.strictmode.DiskReadViolation
11-05 17:58:12.792 D/StrictMode( 1649): at android.os.StrictMode$AndroidBlockGuardPolicy.onReadFromDisk(StrictMode.java:1659)
11-05 17:58:12.792 D/StrictMode( 1649): at libcore.io.BlockGuardOs.stat(BlockGuardOs.java:418)
11-05 17:58:12.792 D/StrictMode( 1649): at libcore.io.ForwardingOs.stat(ForwardingOs.java:853)
11-05 17:58:12.792 D/StrictMode( 1649): at android.app.ActivityThread$AndroidOs.stat(ActivityThread.java:7754)
11-05 17:58:12.792 D/StrictMode( 1649): at android.system.Os.stat(Os.java:919)
11-05 17:58:12.792 D/StrictMode( 1649): at android.app.SharedPreferencesImpl.writeToFile(SharedPreferencesImpl.java:850)
11-05 17:58:12.792 D/StrictMode( 1649): at android.app.SharedPreferencesImpl.access$900(SharedPreferencesImpl.java:59)
11-05 17:58:12.792 D/StrictMode( 1649): at android.app.SharedPreferencesImpl$2.run(SharedPreferencesImpl.java:703)
11-05 17:58:12.792 D/StrictMode( 1649): at android.app.SharedPreferencesImpl.enqueueDiskWrite(SharedPreferencesImpl.java:722)
11-05 17:58:12.792 D/StrictMode( 1649): at android.app.SharedPreferencesImpl.access$100(SharedPreferencesImpl.java:59)
11-05 17:58:12.792 D/StrictMode( 1649): at android.app.SharedPreferencesImpl$EditorImpl.commit(SharedPreferencesImpl.java:634)
11-05 17:58:12.792 D/StrictMode( 1649): at com.android.providers.contacts.ContactsUpgradeReceiver.onReceive(ContactsUpgradeReceiver.java:76)
11-05 17:58:12.792 D/StrictMode( 1649): at android.app.ActivityThread.handleReceiver(ActivityThread.java:4308)
11-05 17:58:12.792 D/StrictMode( 1649): at android.app.ActivityThread.access$1600(ActivityThread.java:247)
11-05 17:58:12.792 D/StrictMode( 1649): at android.app.ActivityThread$H.handleMessage(ActivityThread.java:2064)
11-05 17:58:12.792 D/StrictMode( 1649): at android.os.Handler.dispatchMessage(Handler.java:106)
11-05 17:58:12.792 D/StrictMode( 1649): at android.os.Looper.loopOnce(Looper.java:201)
11-05 17:58:12.792 D/StrictMode( 1649): at android.os.Looper.loop(Looper.java:288)
11-05 17:58:12.792 D/StrictMode( 1649): at android.app.ActivityThread.main(ActivityThread.java:7854)
11-05 17:58:12.792 D/StrictMode( 1649): at java.lang.reflect.Method.invoke(Native Method)
11-05 17:58:12.792 D/StrictMode( 1649): at com.android.internal.os.RuntimeInit$MethodAndArgsCaller.run(RuntimeInit.java:548)
11-05 17:58:12.792 D/StrictMode( 1649): at com.android.internal.os.ZygoteInit.main(ZygoteInit.java:1182)
11-05 17:58:12.793 D/StrictMode( 1649): StrictMode policy violation; ~duration=903 ms: android.os.strictmode.DiskWriteViolation
11-05 17:58:12.793 D/StrictMode( 1649): at android.os.StrictMode$AndroidBlockGuardPolicy.onWriteToDisk(StrictMode.java:1615)
11-05 17:58:12.793 D/StrictMode( 1649): at libcore.io.BlockGuardOs.remove(BlockGuardOs.java:364)
11-05 17:58:12.793 D/StrictMode( 1649): at libcore.io.ForwardingOs.remove(ForwardingOs.java:678)
11-05 17:58:12.793 D/StrictMode( 1649): at android.app.ActivityThread$AndroidOs.remove(ActivityThread.java:7772)
11-05 17:58:12.793 D/StrictMode( 1649): at java.io.UnixFileSystem.delete(UnixFileSystem.java:331)
11-05 17:58:12.793 D/StrictMode( 1649): at java.io.File.delete(File.java:1035)
11-05 17:58:12.793 D/StrictMode( 1649): at android.app.SharedPreferencesImpl.writeToFile(SharedPreferencesImpl.java:864)
11-05 17:58:12.793 D/StrictMode( 1649): at android.app.SharedPreferencesImpl.access$900(SharedPreferencesImpl.java:59)
11-05 17:58:12.793 D/StrictMode( 1649): at android.app.SharedPreferencesImpl$2.run(SharedPreferencesImpl.java:703)
11-05 17:58:12.793 D/StrictMode( 1649): at android.app.SharedPreferencesImpl.enqueueDiskWrite(SharedPreferencesImpl.java:722)
11-05 17:58:12.793 D/StrictMode( 1649): at android.app.SharedPreferencesImpl.access$100(SharedPreferencesImpl.java:59)
11-05 17:58:12.793 D/StrictMode( 1649): at android.app.SharedPreferencesImpl$EditorImpl.commit(SharedPreferencesImpl.java:634)
11-05 17:58:12.793 D/StrictMode( 1649): at com.android.providers.contacts.ContactsUpgradeReceiver.onReceive(ContactsUpgradeReceiver.java:76)
11-05 17:58:12.793 D/StrictMode( 1649): at android.app.ActivityThread.handleReceiver(ActivityThread.java:4308)
11-05 17:58:12.793 D/StrictMode( 1649): at android.app.ActivityThread.access$1600(ActivityThread.java:247)
11-05 17:58:12.793 D/StrictMode( 1649): at android.app.ActivityThread$H.handleMessage(ActivityThread.java:2064)
11-05 17:58:12.793 D/StrictMode( 1649): at android.os.Handler.dispatchMessage(Handler.java:106)
11-05 17:58:12.793 D/StrictMode( 1649): at android.os.Looper.loopOnce(Looper.java:201)
11-05 17:58:12.793 D/StrictMode( 1649): at android.os.Looper.loop(Looper.java:288)
11-05 17:58:12.793 D/StrictMode( 1649): at android.app.ActivityThread.main(ActivityThread.java:7854)
11-05 17:58:12.793 D/StrictMode( 1649): at java.lang.reflect.Method.invoke(Native Method)
11-05 17:58:12.793 D/StrictMode( 1649): at com.android.internal.os.RuntimeInit$MethodAndArgsCaller.run(RuntimeInit.java:548)
11-05 17:58:12.793 D/StrictMode( 1649): at com.android.internal.os.ZygoteInit.main(ZygoteInit.java:1182)
11-05 17:58:12.795 D/ExternalStorage( 1505): After updating volumes, found 1 active roots
11-05 17:58:12.795 D/NetworkSecurityConfig( 1799): Using Network Security Config from resource network_permission_config debugBuild: false
11-05 17:58:12.812 D/DiskReceiver( 1277): Scanning volume: VolumeInfo{emulated;0}:
11-05 17:58:12.812 D/DiskReceiver( 1277): type=EMULATED diskId=null partGuid= mountFlags=PRIMARY|VISIBLE
11-05 17:58:12.812 D/DiskReceiver( 1277): mountUserId=0 state=MOUNTED
11-05 17:58:12.812 D/DiskReceiver( 1277): fsType=null fsUuid=null fsLabel=null
11-05 17:58:12.812 D/DiskReceiver( 1277): path=/storage/emulated internalPath=/data/media
11-05 17:58:12.816 I/preinstall.sh( 1345): type=1400 audit(0.0:611): avc: denied { getattr } for path="/vendor/bin/busybox" dev="dm-1" ino=22 scontext=u:r:preinstall:s0 tcontext=u:object_r:vendor_file:s0 tclass=file permissive=1
11-05 17:58:12.816 I/preinstall.sh( 1345): type=1400 audit(0.0:612): avc: denied { execute } for name="busybox" dev="dm-1" ino=22 scontext=u:r:preinstall:s0 tcontext=u:object_r:vendor_file:s0 tclass=file permissive=1
11-05 17:58:12.824 I/ActivityManager( 520): com.tv.filemanager.os is exempt from freezer
11-05 17:58:12.824 D/CompatibilityChangeReporter( 520): Compat change id reported: 135634846; UID 10054; state: DISABLED
11-05 17:58:12.824 D/CompatibilityChangeReporter( 520): Compat change id reported: 177438394; UID 10054; state: DISABLED
11-05 17:58:12.824 D/CompatibilityChangeReporter( 520): Compat change id reported: 135772972; UID 10054; state: DISABLED
11-05 17:58:12.825 D/CompatibilityChangeReporter( 520): Compat change id reported: 135754954; UID 10054; state: DISABLED
11-05 17:58:12.826 D/CompatibilityChangeReporter( 520): Compat change id reported: 143937733; UID 10054; state: DISABLED
11-05 17:58:12.816 I/preinstall.sh( 1851): type=1400 audit(0.0:613): avc: denied { read open } for path="/vendor/bin/busybox" dev="dm-1" ino=22 scontext=u:r:preinstall:s0 tcontext=u:object_r:vendor_file:s0 tclass=file permissive=1
11-05 17:58:12.816 I/preinstall.sh( 1851): type=1400 audit(0.0:614): avc: denied { execute_no_trans } for path="/vendor/bin/busybox" dev="dm-1" ino=22 scontext=u:r:preinstall:s0 tcontext=u:object_r:vendor_file:s0 tclass=file permissive=1
11-05 17:58:12.820 I/busybox ( 1851): type=1400 audit(0.0:615): avc: denied { map } for path="/vendor/bin/busybox" dev="dm-1" ino=22 scontext=u:r:preinstall:s0 tcontext=u:object_r:vendor_file:s0 tclass=file permissive=1
11-05 17:58:12.845 E/ccc ( 1763): cccccc HaquSettingApplication app onCreate start
11-05 17:58:12.857 D/Zygote ( 242): Forked child process 1857
11-05 17:58:12.858 D/RockyManager( 1771): initFarWakeStatus isMainFarSwitch: false
11-05 17:58:12.863 I/ActivityManager( 520): app.processName = com.tv.filemanager.os
11-05 17:58:12.863 I/ActivityManager( 520): Start proc 1857:com.tv.filemanager.os/u0a54 for broadcast {com.tv.filemanager.os/com.dangbei.lerad.filemanager.receives.USBReceiver}
11-05 17:58:12.865 I/RockyManager( 1771): isFarWake: false
11-05 17:58:12.867 I/Zygote ( 1857): seccomp disabled by setenforce 0
11-05 17:58:12.878 W/audit ( 1854): audit_lost=149 audit_rate_limit=5 audit_backlog_limit=64
11-05 17:58:12.878 E/audit ( 1854): rate limit exceeded
11-05 17:58:12.892 I/adbd ( 384): jdwp connection from 1857
11-05 17:58:12.901 I/MultiDex( 1799): VM with version 2.1.0 has multidex support
11-05 17:58:12.901 I/MultiDex( 1799): Installing application
11-05 17:58:12.901 I/MultiDex( 1799): VM has multidex support, MultiDex support library is disabled.
11-05 17:58:12.908 W/ContextImpl( 1771): Calling a method in the system process without a qualified user: android.app.ContextImpl.startService:1816 android.content.ContextWrapper.startService:774 com.cvte.tv.api.TvApiSDKManager.:177 com.cvte.tv.api.TvApiSDKManager.init:217 com.dangbei.rocky.component.system.SystemControlUtils.initSystemAidl:82
11-05 17:58:12.914 W/ActivityManager( 520): Unable to start service Intent { act=com.cvte.tv.api.TV_API_SERVICE pkg=com.cvte.tv.api.impl } U=0: not found
11-05 17:58:12.917 W/ContextImpl( 1771): Calling a method in the system process without a qualified user: android.app.ContextImpl.bindService:1895 android.content.ContextWrapper.bindService:810 com.cvte.tv.api.TvApiSDKManager.:178 com.cvte.tv.api.TvApiSDKManager.init:217 com.dangbei.rocky.component.system.SystemControlUtils.initSystemAidl:82
11-05 17:58:12.917 D/CompatibilityChangeReporter( 520): Compat change id reported: 168419799; UID 10054; state: DISABLED
11-05 17:58:12.930 W/System.err( 1771): java.io.FileNotFoundException: /storage/emulated/0/.db/secret: open failed: ENOENT (No such file or directory)
11-05 17:58:12.930 W/System.err( 1771): at libcore.io.IoBridge.open(IoBridge.java:575)
11-05 17:58:12.930 W/System.err( 1771): at java.io.FileInputStream.(FileInputStream.java:160)
11-05 17:58:12.930 W/System.err( 1771): at com.dangbei.statistics.UtilCommon.getStringFromLocal(UtilCommon.java:375)
11-05 17:58:12.930 W/System.err( 1771): at com.dangbei.statistics.UtilCommon.getDeviceId(UtilCommon.java:88)
11-05 17:58:12.930 W/System.err( 1771): at com.dangbei.statistics.HttpBasicParamsInterceptor.lambda$create$4(HttpBasicParamsInterceptor.java:73)
11-05 17:58:12.930 W/System.err( 1771): at com.dangbei.statistics.-$$Lambda$HttpBasicParamsInterceptor$_tb9qNiAVTCTpEdUHsiuIpumoN8.call(Unknown Source:2)
11-05 17:58:12.930 W/System.err( 1771): at com.dangbei.statistics.library.Helper.callBackSelf(Helper.java:9)
11-05 17:58:12.930 W/System.err( 1771): at com.dangbei.statistics.HttpBasicParamsInterceptor.create(HttpBasicParamsInterceptor.java:72)
11-05 17:58:12.931 W/System.err( 1771): at com.dangbei.statistics.HttpBasicParamsInterceptor.lambda$init$0(HttpBasicParamsInterceptor.java:40)
11-05 17:58:12.931 W/System.err( 1771): at com.dangbei.statistics.-$$Lambda$HttpBasicParamsInterceptor$wo_01s0EQtjtRA0FDaKTO2uOKHM.accept(Unknown Source:2)
11-05 17:58:12.931 W/System.err( 1771): at io.reactivex.internal.operators.single.SingleDoOnSuccess$DoOnSuccess.onSuccess(SingleDoOnSuccess.java:54)
11-05 17:58:12.931 W/System.err( 1771): at io.reactivex.internal.operators.single.SingleObserveOn$ObserveOnSingleObserver.run(SingleObserveOn.java:81)
11-05 17:58:12.931 W/System.err( 1771): at io.reactivex.Scheduler$DisposeTask.run(Scheduler.java:578)
11-05 17:58:12.931 W/System.err( 1771): at io.reactivex.internal.schedulers.ScheduledRunnable.run(ScheduledRunnable.java:66)
11-05 17:58:12.931 W/System.err( 1771): at io.reactivex.internal.schedulers.ScheduledRunnable.call(ScheduledRunnable.java:57)
11-05 17:58:12.931 W/System.err( 1771): at java.util.concurrent.FutureTask.run(FutureTask.java:266)
11-05 17:58:12.931 W/System.err( 1771): at java.util.concurrent.ScheduledThreadPoolExecutor$ScheduledFutureTask.run(ScheduledThreadPoolExecutor.java:301)
11-05 17:58:12.931 W/System.err( 1771): at java.util.concurrent.ThreadPoolExecutor.runWorker(ThreadPoolExecutor.java:1167)
11-05 17:58:12.931 W/System.err( 1771): at java.util.concurrent.ThreadPoolExecutor$Worker.run(ThreadPoolExecutor.java:641)
11-05 17:58:12.931 W/System.err( 1771): at java.lang.Thread.run(Thread.java:920)
11-05 17:58:12.931 W/System.err( 1771): Caused by: android.system.ErrnoException: open failed: ENOENT (No such file or directory)
11-05 17:58:12.931 W/System.err( 1771): at libcore.io.Linux.open(Native Method)
11-05 17:58:12.931 W/System.err( 1771): at libcore.io.ForwardingOs.open(ForwardingOs.java:567)
11-05 17:58:12.931 W/System.err( 1771): at libcore.io.BlockGuardOs.open(BlockGuardOs.java:273)
11-05 17:58:12.931 W/System.err( 1771): at libcore.io.ForwardingOs.open(ForwardingOs.java:567)
11-05 17:58:12.931 W/System.err( 1771): at android.app.ActivityThread$AndroidOs.open(ActivityThread.java:7740)
11-05 17:58:12.931 W/System.err( 1771): at libcore.io.IoBridge.open(IoBridge.java:561)
11-05 17:58:12.931 W/System.err( 1771): ... 19 more
11-05 17:58:12.946 D/CompatibilityChangeReporter( 1857): Compat change id reported: 171979766; UID 10054; state: DISABLED
11-05 17:58:12.951 E/ccc ( 1763): cccccc HaquSettingApplication app onCreate end
11-05 17:58:12.944 W/ActivityManager( 520): Unable to start service Intent { act=com.cvte.tv.api.TV_API_SERVICE pkg=com.cvte.tv.api.impl } U=0: not found
11-05 17:58:12.952 D/TvApiSDKManager( 1771): getTvApi getSystemService = false
11-05 17:58:12.953 D/TvApiSDKManager( 1771): getTvApi startService
11-05 17:58:12.953 W/ContextImpl( 1771): Calling a method in the system process without a qualified user: android.app.ContextImpl.startService:1816 android.content.ContextWrapper.startService:774 com.cvte.tv.api.TvApiSDKManager.getTvApi:361 com.dangbei.rocky.component.system.SystemControlUtils.initSystemAidl:83 com.dangbei.rocky.component.system.SystemComponent.onAttached:38
11-05 17:58:12.960 D/ApplicationLoaders( 1857): Returning zygote-cached class loader: /system/framework/android.test.base.jar
11-05 17:58:12.961 W/System.err( 1763): java.lang.NullPointerException: Attempt to invoke virtual method 'int java.lang.String.hashCode()' on a null object reference
11-05 17:58:12.962 W/ActivityManager( 520): Unable to start service Intent { act=com.cvte.tv.api.TV_API_SERVICE pkg=com.cvte.tv.api.impl } U=0: not found
11-05 17:58:12.964 I/ContactsProvider( 1649): Upgrading aggregation algorithm
11-05 17:58:12.965 W/ContextImpl( 1771): Calling a method in the system process without a qualified user: android.app.ContextImpl.bindService:1895 android.content.ContextWrapper.bindService:810 com.cvte.tv.api.TvApiSDKManager.getTvApi:362 com.dangbei.rocky.component.system.SystemControlUtils.initSystemAidl:83 com.dangbei.rocky.component.system.SystemComponent.onAttached:38
11-05 17:58:12.966 W/System.err( 1763): at com.dangbei.haqusetting.service.SettingService.onStartCommand(SettingService.java:35)
11-05 17:58:12.966 W/System.err( 1763): at android.app.ActivityThread.handleServiceArgs(ActivityThread.java:4639)
11-05 17:58:12.966 W/System.err( 1763): at android.app.ActivityThread.access$2000(ActivityThread.java:247)
11-05 17:58:12.966 W/System.err( 1763): at android.app.ActivityThread$H.handleMessage(ActivityThread.java:2091)
11-05 17:58:12.966 W/System.err( 1763): at android.os.Handler.dispatchMessage(Handler.java:106)
11-05 17:58:12.966 W/System.err( 1763): at android.os.Looper.loopOnce(Looper.java:201)
11-05 17:58:12.966 W/System.err( 1763): at android.os.Looper.loop(Looper.java:288)
11-05 17:58:12.966 W/System.err( 1763): at android.app.ActivityThread.main(ActivityThread.java:7854)
11-05 17:58:12.966 W/System.err( 1763): at java.lang.reflect.Method.invoke(Native Method)
11-05 17:58:12.966 W/System.err( 1763): at com.android.internal.os.RuntimeInit$MethodAndArgsCaller.run(RuntimeInit.java:548)
11-05 17:58:12.966 W/System.err( 1763): at com.android.internal.os.ZygoteInit.main(ZygoteInit.java:1182)
11-05 17:58:12.971 W/ActivityManager( 520): Unable to start service Intent { act=com.cvte.tv.api.TV_API_SERVICE pkg=com.cvte.tv.api.impl } U=0: not found
11-05 17:58:13.001 W/ContextImpl( 1763): Calling a method in the system process without a qualified user: android.app.ContextImpl.bindService:1895 android.content.ContextWrapper.bindService:810 com.dangbei.lerad.etna.lib.client.EtnaClient.bindServer:138 com.dangbei.lerad.etna.lib.client.EtnaClient.access$600:29 com.dangbei.lerad.etna.lib.client.EtnaClient$3.call:205
11-05 17:58:13.013 I/ContactAggregator( 1649): Marked all visible contacts for aggregation: 0 raw contacts, 40 ms
11-05 17:58:13.018 I/ContactsProvider( 1649): Aggregation algorithm upgraded for 0 raw contacts in 54ms
11-05 17:58:13.027 D/BluetoothPbapUtils( 731): primaryVersionCounter = 0, secondaryVersionCounter=0
11-05 17:58:13.044 W/ContextImpl( 1771): Calling a method in the system process without a qualified user: android.app.ContextImpl.startService:1816 android.content.ContextWrapper.startService:774 com.dangbei.phrike.core.DownloadManager.register:294 com.dangbei.component_appcontrol.phrike.XPhrikeAppCreator.register:47 com.dangbei.component_appcontrol.AppControlComponent.onAttached:65
11-05 17:58:13.053 I/RockyManager( 1771): initSDKDelegate:
11-05 17:58:13.079 I/ContactsFTS( 1649): Rebuild contact search index in 45ms, 0 contacts
11-05 17:58:13.099 I/ActivityManager( 520): com.android.localtransport is exempt from freezer
11-05 17:58:13.102 D/CompatibilityChangeReporter( 520): Compat change id reported: 135634846; UID 1000; state: DISABLED
11-05 17:58:13.113 D/CompatibilityChangeReporter( 520): Compat change id reported: 178209446; UID 1000; state: DISABLED
11-05 17:58:13.114 D/CompatibilityChangeReporter( 520): Compat change id reported: 178209446; UID 1000; state: ENABLED
11-05 17:58:13.123 D/Zygote ( 242): Forked child process 1889
11-05 17:58:13.125 I/ActivityManager( 520): app.processName = com.android.localtransport
11-05 17:58:13.125 I/ActivityManager( 520): Start proc 1889:com.android.localtransport/1000 for service {com.android.localtransport/com.android.localtransport.LocalTransportService}
11-05 17:58:13.133 I/Zygote ( 1889): seccomp disabled by setenforce 0
11-05 17:58:13.134 W/System.err( 1771): java.io.FileNotFoundException: /storage/emulated/0/.db/secret2: open failed: ENOENT (No such file or directory)
11-05 17:58:13.134 W/System.err( 1771): at libcore.io.IoBridge.open(IoBridge.java:575)
11-05 17:58:13.134 W/System.err( 1771): at java.io.FileInputStream.(FileInputStream.java:160)
11-05 17:58:13.134 W/System.err( 1771): at com.dangbei.statistics.UtilCommon.getStringFromLocal(UtilCommon.java:375)
11-05 17:58:13.134 W/System.err( 1771): at com.dangbei.statistics.UtilCommon.getDeviceId2(UtilCommon.java:124)
11-05 17:58:13.134 W/System.err( 1771): at com.dangbei.statistics.HttpBasicParamsInterceptor.lambda$create$5(HttpBasicParamsInterceptor.java:78)
11-05 17:58:13.135 W/System.err( 1771): at com.dangbei.statistics.-$$Lambda$HttpBasicParamsInterceptor$XcrsaYAVm49lyrqAztCPygs8nk8.call(Unknown Source:2)
11-05 17:58:13.135 W/System.err( 1771): at com.dangbei.statistics.library.Helper.callBackSelf(Helper.java:9)
11-05 17:58:13.135 W/System.err( 1771): at com.dangbei.statistics.HttpBasicParamsInterceptor.create(HttpBasicParamsInterceptor.java:77)
11-05 17:58:13.135 W/System.err( 1771): at com.dangbei.statistics.HttpBasicParamsInterceptor.lambda$init$0(HttpBasicParamsInterceptor.java:40)
11-05 17:58:13.135 W/System.err( 1771): at com.dangbei.statistics.-$$Lambda$HttpBasicParamsInterceptor$wo_01s0EQtjtRA0FDaKTO2uOKHM.accept(Unknown Source:2)
11-05 17:58:13.135 W/System.err( 1771): at io.reactivex.internal.operators.single.SingleDoOnSuccess$DoOnSuccess.onSuccess(SingleDoOnSuccess.java:54)
11-05 17:58:13.135 W/System.err( 1771): at io.reactivex.internal.operators.single.SingleObserveOn$ObserveOnSingleObserver.run(SingleObserveOn.java:81)
11-05 17:58:13.135 W/System.err( 1771): at io.reactivex.Scheduler$DisposeTask.run(Scheduler.java:578)
11-05 17:58:13.137 W/System.err( 1771): at io.reactivex.internal.schedulers.ScheduledRunnable.run(ScheduledRunnable.java:66)
11-05 17:58:13.137 W/System.err( 1771): at io.reactivex.internal.schedulers.ScheduledRunnable.call(ScheduledRunnable.java:57)
11-05 17:58:13.137 W/System.err( 1771): at java.util.concurrent.FutureTask.run(FutureTask.java:266)
11-05 17:58:13.137 W/System.err( 1771): at java.util.concurrent.ScheduledThreadPoolExecutor$ScheduledFutureTask.run(ScheduledThreadPoolExecutor.java:301)
11-05 17:58:13.137 W/System.err( 1771): at java.util.concurrent.ThreadPoolExecutor.runWorker(ThreadPoolExecutor.java:1167)
11-05 17:58:13.137 W/System.err( 1771): at java.util.concurrent.ThreadPoolExecutor$Worker.run(ThreadPoolExecutor.java:641)
11-05 17:58:13.137 W/System.err( 1771): at java.lang.Thread.run(Thread.java:920)
11-05 17:58:13.138 W/System.err( 1771): Caused by: android.system.ErrnoException: open failed: ENOENT (No such file or directory)
11-05 17:58:13.138 W/System.err( 1771): at libcore.io.Linux.open(Native Method)
11-05 17:58:13.138 W/System.err( 1771): at libcore.io.ForwardingOs.open(ForwardingOs.java:567)
11-05 17:58:13.138 W/System.err( 1771): at libcore.io.BlockGuardOs.open(BlockGuardOs.java:273)
11-05 17:58:13.138 W/System.err( 1771): at libcore.io.ForwardingOs.open(ForwardingOs.java:567)
11-05 17:58:13.138 W/System.err( 1771): at android.app.ActivityThread$AndroidOs.open(ActivityThread.java:7740)
11-05 17:58:13.138 W/System.err( 1771): at libcore.io.IoBridge.open(IoBridge.java:561)
11-05 17:58:13.138 W/System.err( 1771): ... 19 more
11-05 17:58:13.154 I/adbd ( 384): jdwp connection from 1889
11-05 17:58:13.184 W/System.err( 1771): java.io.FileNotFoundException: /storage/emulated/0/.db/app: open failed: ENOENT (No such file or directory)
11-05 17:58:13.185 W/System.err( 1771): at libcore.io.IoBridge.open(IoBridge.java:575)
11-05 17:58:13.185 W/System.err( 1771): at java.io.FileInputStream.(FileInputStream.java:160)
11-05 17:58:13.185 W/System.err( 1771): at com.dangbei.statistics.UtilCommon.getStringFromLocal(UtilCommon.java:375)
11-05 17:58:13.185 W/System.err( 1771): at com.dangbei.statistics.UtilCommon.getAppList(UtilCommon.java:160)
11-05 17:58:13.185 W/System.err( 1771): at com.dangbei.statistics.HttpBasicParamsInterceptor.lambda$create$7(HttpBasicParamsInterceptor.java:84)
11-05 17:58:13.185 W/System.err( 1771): at com.dangbei.statistics.-$$Lambda$HttpBasicParamsInterceptor$8jVQFlCEdHk9Aoydg7HR7g7A2Rk.call(Unknown Source:2)
11-05 17:58:13.185 W/System.err( 1771): at com.dangbei.statistics.library.Helper.callBackSelf(Helper.java:9)
11-05 17:58:13.185 W/System.err( 1771): at com.dangbei.statistics.HttpBasicParamsInterceptor.create(HttpBasicParamsInterceptor.java:84)
11-05 17:58:13.185 W/System.err( 1771): at com.dangbei.statistics.HttpBasicParamsInterceptor.lambda$init$0(HttpBasicParamsInterceptor.java:40)
11-05 17:58:13.185 W/System.err( 1771): at com.dangbei.statistics.-$$Lambda$HttpBasicParamsInterceptor$wo_01s0EQtjtRA0FDaKTO2uOKHM.accept(Unknown Source:2)
11-05 17:58:13.185 W/System.err( 1771): at io.reactivex.internal.operators.single.SingleDoOnSuccess$DoOnSuccess.onSuccess(SingleDoOnSuccess.java:54)
11-05 17:58:13.185 W/System.err( 1771): at io.reactivex.internal.operators.single.SingleObserveOn$ObserveOnSingleObserver.run(SingleObserveOn.java:81)
11-05 17:58:13.185 W/System.err( 1771): at io.reactivex.Scheduler$DisposeTask.run(Scheduler.java:578)
11-05 17:58:13.185 W/System.err( 1771): at io.reactivex.internal.schedulers.ScheduledRunnable.run(ScheduledRunnable.java:66)
11-05 17:58:13.185 W/System.err( 1771): at io.reactivex.internal.schedulers.ScheduledRunnable.call(ScheduledRunnable.java:57)
11-05 17:58:13.185 W/System.err( 1771): at java.util.concurrent.FutureTask.run(FutureTask.java:266)
11-05 17:58:13.185 W/System.err( 1771): at java.util.concurrent.ScheduledThreadPoolExecutor$ScheduledFutureTask.run(ScheduledThreadPoolExecutor.java:301)
11-05 17:58:13.185 W/System.err( 1771): at java.util.concurrent.ThreadPoolExecutor.runWorker(ThreadPoolExecutor.java:1167)
11-05 17:58:13.185 W/System.err( 1771): at java.util.concurrent.ThreadPoolExecutor$Worker.run(ThreadPoolExecutor.java:641)
11-05 17:58:13.185 W/System.err( 1771): at java.lang.Thread.run(Thread.java:920)
11-05 17:58:13.186 W/System.err( 1771): Caused by: android.system.ErrnoException: open failed: ENOENT (No such file or directory)
11-05 17:58:13.186 W/System.err( 1771): at libcore.io.Linux.open(Native Method)
11-05 17:58:13.186 W/System.err( 1771): at libcore.io.ForwardingOs.open(ForwardingOs.java:567)
11-05 17:58:13.186 W/System.err( 1771): at libcore.io.BlockGuardOs.open(BlockGuardOs.java:273)
11-05 17:58:13.186 W/System.err( 1771): at libcore.io.ForwardingOs.open(ForwardingOs.java:567)
11-05 17:58:13.186 W/System.err( 1771): at android.app.ActivityThread$AndroidOs.open(ActivityThread.java:7740)
11-05 17:58:13.186 W/System.err( 1771): at libcore.io.IoBridge.open(IoBridge.java:561)
11-05 17:58:13.186 W/System.err( 1771): ... 19 more
11-05 17:58:13.190 D/CompatibilityChangeReporter( 520): Compat change id reported: 168419799; UID 1000; state: DISABLED
11-05 17:58:13.202 E/SELinux ( 179): avc: denied { find } for pid=1900 uid=0 name=activity scontext=u:r:preinstall:s0 tcontext=u:object_r:activity_service:s0 tclass=service_manager permissive=1
11-05 17:58:13.204 D/CompatibilityChangeReporter( 1889): Compat change id reported: 171979766; UID 1000; state: ENABLED
11-05 17:58:13.210 I/ActivityManager( 520): com.oranth.ledstatus is exempt from freezer
11-05 17:58:13.211 D/CompatibilityChangeReporter( 520): Compat change id reported: 135634846; UID 1000; state: DISABLED
11-05 17:58:13.213 V/GraphicsEnvironment( 1857): ANGLE Developer option for 'com.tv.filemanager.os' set to: 'default'
11-05 17:58:13.214 V/GraphicsEnvironment( 1857): Neither updatable production driver nor prerelease driver is supported.
