05-28 10:09:55.382 1077 2676 W System.err: java.net.UnknownHostException: Unable to resolve host "zmimg.dangbei.net": No address associated with hostname
05-28 10:09:55.383 1077 2676 W System.err: at java.net.Inet6AddressImpl.lookupHostByName(Inet6AddressImpl.java:156)
05-28 10:09:55.383 1077 2676 W System.err: at java.net.Inet6AddressImpl.lookupAllHostAddr(Inet6AddressImpl.java:103)
05-28 10:09:55.383 1077 2676 W System.err: at java.net.InetAddress.getAllByName(InetAddress.java:1152)
05-28 10:09:55.383 1077 2676 W System.err: at okhttp3.Dns$Companion$DnsSystem.lookup(SourceFile:6)
05-28 10:09:55.383 1077 2676 W System.err: at okhttp3.internal.connection.RouteSelector.resetNextInetSocketAddress(SourceFile:153)
05-28 10:09:55.383 1077 2676 W System.err: at okhttp3.internal.connection.RouteSelector.nextProxy(SourceFile:21)
05-28 10:09:55.384 1077 2676 W System.err: at okhttp3.internal.connection.RouteSelector.next(SourceFile:18)
05-28 10:09:55.384 1077 2676 W System.err: at okhttp3.internal.connection.ExchangeFinder.findConnection(SourceFile:197)
05-28 10:09:55.384 1077 2676 W System.err: at okhttp3.internal.connection.ExchangeFinder.findHealthyConnection(SourceFile:1)
05-28 10:09:55.384 1077 2676 W System.err: at okhttp3.internal.connection.ExchangeFinder.find(SourceFile:52)
05-28 10:09:55.384 1077 2676 W System.err: at okhttp3.internal.connection.RealCall.initExchange$okhttp(SourceFile:32)
05-28 10:09:55.384 1077 2676 W System.err: at okhttp3.internal.connection.ConnectInterceptor.intercept(SourceFile:12)
05-28 10:09:55.384 1077 2676 W System.err: at okhttp3.internal.http.RealInterceptorChain.proceed(SourceFile:155)
05-28 10:09:55.384 1077 2676 W System.err: at okhttp3.internal.cache.CacheInterceptor.intercept(SourceFile:190)
05-28 10:09:55.384 1077 2676 W System.err: at okhttp3.internal.http.RealInterceptorChain.proceed(SourceFile:155)
05-28 10:09:55.384 1077 2676 W System.err: at okhttp3.internal.http.BridgeInterceptor.intercept(SourceFile:168)
05-28 10:09:55.384 1077 2676 W System.err: at okhttp3.internal.http.RealInterceptorChain.proceed(SourceFile:155)
05-28 10:09:55.384 1077 2676 W System.err: at okhttp3.internal.http.RetryAndFollowUpInterceptor.intercept(SourceFile:35)
05-28 10:09:55.384 1077 2676 W System.err: at okhttp3.internal.http.RealInterceptorChain.proceed(SourceFile:155)
05-28 10:09:55.384 1077 2676 W System.err: at okhttp3.internal.connection.RealCall.getResponseWithInterceptorChain$okhttp(SourceFile:114)
05-28 10:09:55.384 1077 2676 W System.err: at okhttp3.internal.connection.RealCall.execute(SourceFile:28)
05-28 10:09:55.385 1077 2676 W System.err: at v5.a.a(SourceFile:54)
05-28 10:09:55.385 1077 2676 W System.err: at v5.e$a.doInBackground(SourceFile:39)
05-28 10:09:55.385 1077 2676 W System.err: at com.blankj.utilcode.util.ThreadUtils$f.run(SourceFile:83)
05-28 10:09:55.385 1077 2676 W System.err: at java.util.concurrent.ThreadPoolExecutor.runWorker(ThreadPoolExecutor.java:1167)
05-28 10:09:55.385 1077 2676 W System.err: at java.util.concurrent.ThreadPoolExecutor$Worker.run(ThreadPoolExecutor.java:641)
05-28 10:09:55.385 1077 2676 W System.err: at java.lang.Thread.run(Thread.java:920)
05-28 10:09:55.385 1077 2676 W System.err: at com.blankj.utilcode.util.ThreadUtils$UtilsThreadFactory$a.run(SourceFile:1)
05-28 10:09:55.386 1077 2676 W System.err: Caused by: android.system.GaiException: android_getaddrinfo failed: EAI_NODATA (No address associated with hostname)
05-28 10:09:55.386 1077 2676 W System.err: at libcore.io.Linux.android_getaddrinfo(Native Method)
05-28 10:09:55.386 1077 2676 W System.err: at libcore.io.ForwardingOs.android_getaddrinfo(ForwardingOs.java:136)
05-28 10:09:55.386 1077 2676 W System.err: at libcore.io.BlockGuardOs.android_getaddrinfo(BlockGuardOs.java:221)
05-28 10:09:55.386 1077 2676 W System.err: at libcore.io.ForwardingOs.android_getaddrinfo(ForwardingOs.java:136)
05-28 10:09:55.386 1077 2676 W System.err: at java.net.Inet6AddressImpl.lookupHostByName(Inet6AddressImpl.java:135)
05-28 10:09:55.386 1077 2676 W System.err: ... 27 more
05-28 10:09:55.412 1077 1448 I OpenGLRenderer: Davey! duration=9223371971531ms; Flags=0, FrameTimelineVsyncId=1913, IntendedVsync=65322637868, Vsync=65322637868, InputEventId=0, HandleInputStart=65323204739, AnimationStart=65323210989, PerformTraversalsStart=65323922447, DrawStart=65324455239, FrameDeadline=65355971200, FrameInterval=65323193572, FrameStartTime=16666666, SyncQueued=65324967655, SyncStart=65325230989, IssueDrawCommandsStart=65326448489, SwapBuffers=65333675447, FrameCompleted=9223372036854775807, DequeueBufferDuration=59959, QueueBufferDuration=1116708, GpuCompleted=9223372036854775807, SwapBuffersCompleted=65335703322, DisplayPresentTime=0,
05-28 10:09:55.428 1077 1448 I OpenGLRenderer: Davey! duration=9223371971515ms; Flags=0, FrameTimelineVsyncId=1915, IntendedVsync=65339304534, Vsync=65339304534, InputEventId=0, HandleInputStart=65340137447, AnimationStart=65340143655, PerformTraversalsStart=65341180239, DrawStart=65342112614, FrameDeadline=65372637866, FrameInterval=65340125614, FrameStartTime=16666666, SyncQueued=65342817489, SyncStart=65343082114, IssueDrawCommandsStart=65344537530, SwapBuffers=65351640739, FrameCompleted=9223372036854775807, DequeueBufferDuration=54667, QueueBufferDuration=1192916, GpuCompleted=9223372036854775807, SwapBuffersCompleted=65353551572, DisplayPresentTime=0,
05-28 10:09:55.447 1077 1448 I OpenGLRenderer: Davey! duration=9223371971498ms; Flags=0, FrameTimelineVsyncId=1917, IntendedVsync=65356325801, Vsync=65356325801, InputEventId=0, HandleInputStart=65356814780, AnimationStart=65356819405, PerformTraversalsStart=65357344947, DrawStart=65357691405, FrameDeadline=65389659133, FrameInterval=65356805572, FrameStartTime=16666666, SyncQueued=65358032780, SyncStart=65358358114, IssueDrawCommandsStart=65360356322, SwapBuffers=65370444530, FrameCompleted=9223372036854775807, DequeueBufferDuration=50958, QueueBufferDuration=3694583, GpuCompleted=9223372036854775807, SwapBuffersCompleted=65374802489, DisplayPresentTime=0,
05-28 10:09:55.470 1077 1448 I OpenGLRenderer: Davey! duration=9223371971481ms; Flags=0, FrameTimelineVsyncId=1919, IntendedVsync=65372992467, Vsync=65372992467, InputEventId=0, HandleInputStart=65373549364, AnimationStart=65373554614, PerformTraversalsStart=65374030489, DrawStart=65374454739, FrameDeadline=65406325799, FrameInterval=65373540030, FrameStartTime=16666666, SyncQueued=65374906989, SyncStart=65375051239, IssueDrawCommandsStart=65376371989, SwapBuffers=65386400905, FrameCompleted=9223372036854775807, DequeueBufferDuration=54083, QueueBufferDuration=11028833, GpuCompleted=9223372036854775807, SwapBuffersCompleted=65398226197, DisplayPresentTime=0,
05-28 10:09:55.495 1077 1448 I OpenGLRenderer: Davey! duration=9223371971459ms; Flags=0, FrameTimelineVsyncId=1921, IntendedVsync=65389659133, Vsync=65389659133, InputEventId=0, HandleInputStart=65390289697, AnimationStart=65390297197, PerformTraversalsStart=65390934989, DrawStart=65392286530, FrameDeadline=65422992465, FrameInterval=65390277822, FrameStartTime=16666666, SyncQueued=65392779530, SyncStart=65398434572, IssueDrawCommandsStart=65399579364, SwapBuffers=65410938989, FrameCompleted=9223372036854775807, DequeueBufferDuration=44167, QueueBufferDuration=9661500, GpuCompleted=9223372036854775807, SwapBuffersCompleted=65421378322, DisplayPresentTime=0,
05-28 10:09:55.502 476 520 W IorapForwardingService: No service published for: iorapd
05-28 10:09:55.517 1077 1448 I OpenGLRenderer: Davey! duration=9223371971435ms; Flags=0, FrameTimelineVsyncId=1922, IntendedVsync=65406325799, Vsync=65406325799, InputEventId=0, HandleInputStart=65406888822, AnimationStart=65406895364, PerformTraversalsStart=65407495697, DrawStart=65407952655, FrameDeadline=65439659131, FrameInterval=65406875697, FrameStartTime=16666666, SyncQueued=65408401030, SyncStart=65421571947, IssueDrawCommandsStart=65422675364, SwapBuffers=65433112239, FrameCompleted=9223372036854775807, DequeueBufferDuration=39916, QueueBufferDuration=10985750, GpuCompleted=9223372036854775807, SwapBuffersCompleted=65445226364, DisplayPresentTime=0,
05-28 10:09:55.545 1077 1448 I OpenGLRenderer: Davey! duration=9223371971413ms; Flags=0, FrameTimelineVsyncId=1924, IntendedVsync=65422942482, Vsync=65422942482, InputEventId=0, HandleInputStart=65423521864, AnimationStart=65423526989, PerformTraversalsStart=65424286489, DrawStart=65425674614, FrameDeadline=65456275814, FrameInterval=65423514572, FrameStartTime=16666666, SyncQueued=65427375030, SyncStart=65445527072, IssueDrawCommandsStart=65447277864, SwapBuffers=65457917655, FrameCompleted=9223372036854775807, DequeueBufferDuration=59625, QueueBufferDuration=9482625, GpuCompleted=9223372036854775807, SwapBuffersCompleted=65468300197, DisplayPresentTime=0,
05-28 10:09:55.561 1077 1448 I OpenGLRenderer: Davey! duration=9223371971398ms; Flags=0, FrameTimelineVsyncId=1926, IntendedVsync=65439601667, Vsync=65439601667, InputEventId=0, HandleInputStart=65447767530, AnimationStart=65447772780, PerformTraversalsStart=65448683072, DrawStart=65451056405, FrameDeadline=65472934999, FrameInterval=65447757530, FrameStartTime=16666666, SyncQueued=65451789739, SyncStart=65468500239, IssueDrawCommandsStart=65469867072, SwapBuffers=65479410030, FrameCompleted=9223372036854775807, DequeueBufferDuration=38708, QueueBufferDuration=9686250, GpuCompleted=9223372036854775807, SwapBuffersCompleted=65490459280, DisplayPresentTime=0,
05-28 10:09:55.578 1077 1098 I OpenGLRenderer: Davey! duration=9223371971381ms; Flags=0, FrameTimelineVsyncId=1927, IntendedVsync=65456260852, Vsync=65456260852, InputEventId=0, HandleInputStart=65470274947, AnimationStart=65470279030, PerformTraversalsStart=65470929197, DrawStart=65472212030, FrameDeadline=65489594184, FrameInterval=65470268030, FrameStartTime=16666666, SyncQueued=65473520780, SyncStart=65490731780, IssueDrawCommandsStart=65492603072, SwapBuffers=65503755905, FrameCompleted=9223372036854775807, DequeueBufferDuration=57083, QueueBufferDuration=1618750, GpuCompleted=9223372036854775807, SwapBuffersCompleted=65506323905, DisplayPresentTime=0,
05-28 10:09:55.595 1077 1448 I OpenGLRenderer: Davey! duration=9223371971372ms; Flags=0, FrameTimelineVsyncId=1929, IntendedVsync=65472920037, Vsync=65489586703, InputEventId=0, HandleInputStart=65493313280, AnimationStart=65493317614, PerformTraversalsStart=65494551239, DrawStart=65496196197, FrameDeadline=65506253369, FrameInterval=65493304864, FrameStartTime=16666666, SyncQueued=65496982655, SyncStart=65506619072, IssueDrawCommandsStart=65509339780, SwapBuffers=65517831489, FrameCompleted=9223372036854775807, DequeueBufferDuration=40083, QueueBufferDuration=1390125, GpuCompleted=9223372036854775807, SwapBuffersCompleted=65520249364, DisplayPresentTime=0,
05-28 10:09:55.613 1077 1448 I OpenGLRenderer: Davey! duration=9223371971341ms; Flags=0, FrameTimelineVsyncId=1933, IntendedVsync=65505776135, Vsync=65505776135, InputEventId=0, HandleInputStart=65509732280, AnimationStart=65509735572, PerformTraversalsStart=65510356239, DrawStart=65512317280, FrameDeadline=65539109467, FrameInterval=65509724030, FrameStartTime=16666666, SyncQueued=65512997780, SyncStart=65520489572, IssueDrawCommandsStart=65522314947, SwapBuffers=65532167947, FrameCompleted=9223372036854775807, DequeueBufferDuration=64541, QueueBufferDuration=922375, GpuCompleted=9223372036854775807, SwapBuffersCompleted=65533767572, DisplayPresentTime=0,
05-28 10:09:55.630 1077 1448 I OpenGLRenderer: Davey! duration=9223371971326ms; Flags=0, FrameTimelineVsyncId=1935, IntendedVsync=65522427627, Vsync=65522427627, InputEventId=0, HandleInputStart=65523508239, AnimationStart=65523515864, PerformTraversalsStart=65524579155, DrawStart=65526911989, FrameDeadline=65555760959, FrameInterval=65523491280, FrameStartTime=16666666, SyncQueued=65527829489, SyncStart=65533941447, IssueDrawCommandsStart=65535056697, SwapBuffers=65546638864, FrameCompleted=9223372036854775807, DequeueBufferDuration=33000, QueueBufferDuration=794458, GpuCompleted=9223372036854775807, SwapBuffersCompleted=65549327197, DisplayPresentTime=0,
05-28 10:09:55.645 1077 1448 I OpenGLRenderer: Davey! duration=9223371971312ms; Flags=0, FrameTimelineVsyncId=1937, IntendedVsync=65539064359, Vsync=65539064359, InputEventId=0, HandleInputStart=65540229572, AnimationStart=65540238822, PerformTraversalsStart=65541442072, DrawStart=65543992530, FrameDeadline=65572397691, FrameInterval=65540211030, FrameStartTime=16666666, SyncQueued=65545937780, SyncStart=65549490364, IssueDrawCommandsStart=65550684030, SwapBuffers=65561145655, FrameCompleted=9223372036854775807, DequeueBufferDuration=38709, QueueBufferDuration=1355583, GpuCompleted=9223372036854775807, SwapBuffersCompleted=65564588905, DisplayPresentTime=0,
05-28 10:09:55.712 1077 1098 I OpenGLRenderer: Davey! duration=9223371971248ms; Flags=0, FrameTimelineVsyncId=1945, IntendedVsync=65605724189, Vsync=65605724189, InputEventId=0, HandleInputStart=65606479572, AnimationStart=65606485072, PerformTraversalsStart=65607191239, DrawStart=65608766656, FrameDeadline=65639057521, FrameInterval=65606465447, FrameStartTime=16666666, SyncQueued=65609319864, SyncStart=65609460364, IssueDrawCommandsStart=65610542697, SwapBuffers=65616633239, FrameCompleted=9223372036854775807, DequeueBufferDuration=638625, QueueBufferDuration=1241083, GpuCompleted=9223372036854775807, SwapBuffersCompleted=65618406906, DisplayPresentTime=0,
05-28 10:09:55.728 1077 1448 I OpenGLRenderer: Davey! duration=9223371971232ms; Flags=0, FrameTimelineVsyncId=1947, IntendedVsync=65622380646, Vsync=65622380646, InputEventId=0, HandleInputStart=65623010614, AnimationStart=65623017281, PerformTraversalsStart=65623603739, DrawStart=65625407572, FrameDeadline=65655713978, FrameInterval=65622999781, FrameStartTime=16666666, SyncQueued=65626140072, SyncStart=65626348031, IssueDrawCommandsStart=65627797864, SwapBuffers=65647351947, FrameCompleted=9223372036854775807, DequeueBufferDuration=8868375, QueueBufferDuration=1232625, GpuCompleted=9223372036854775807, SwapBuffersCompleted=65649735114, DisplayPresentTime=0,
05-28 10:09:55.744 1077 1448 I OpenGLRenderer: Davey! duration=9223371971211ms; Flags=0, FrameTimelineVsyncId=1949, IntendedVsync=65639051183, Vsync=65639051183, InputEventId=0, HandleInputStart=65639853406, AnimationStart=65639859322, PerformTraversalsStart=65641150322, DrawStart=65643706781, FrameDeadline=65672384515, FrameInterval=65639838781, FrameStartTime=16666666, SyncQueued=65645981614, SyncStart=65649970489, IssueDrawCommandsStart=65651477156, SwapBuffers=65661292947, FrameCompleted=9223372036854775807, DequeueBufferDuration=37000, QueueBufferDuration=1181583, GpuCompleted=9223372036854775807, SwapBuffersCompleted=65663714947, DisplayPresentTime=0,
05-28 10:09:55.776 1077 1098 I OpenGLRenderer: Davey! duration=9223371971180ms; Flags=0, FrameTimelineVsyncId=1953, IntendedVsync=65672389264, Vsync=65672389264, InputEventId=0, HandleInputStart=65673236572, AnimationStart=65673244697, PerformTraversalsStart=65674124322, DrawStart=65676195406, FrameDeadline=65705722596, FrameInterval=65673219781, FrameStartTime=16666666, SyncQueued=65676795364, SyncStart=65678659864, IssueDrawCommandsStart=65679688156, SwapBuffers=65690277447, FrameCompleted=9223372036854775807, DequeueBufferDuration=29709, QueueBufferDuration=1435500, GpuCompleted=9223372036854775807, SwapBuffersCompleted=65694155156, DisplayPresentTime=0,
05-28 10:09:55.812 1077 1098 I OpenGLRenderer: Davey! duration=9223371971148ms; Flags=0, FrameTimelineVsyncId=1957, IntendedVsync=65705722503, Vsync=65705722503, InputEventId=0, HandleInputStart=65707153031, AnimationStart=65707159614, PerformTraversalsStart=65709735614, DrawStart=65711868781, FrameDeadline=65739055835, FrameInterval=65707136864, FrameStartTime=16666666, SyncQueued=65713354989, SyncStart=65713771572, IssueDrawCommandsStart=65715466406, SwapBuffers=65730051322, FrameCompleted=9223372036854775807, DequeueBufferDuration=57000, QueueBufferDuration=990291, GpuCompleted=9223372036854775807, SwapBuffersCompleted=65732082239, DisplayPresentTime=0,
05-28 10:09:55.826 1077 1098 I OpenGLRenderer: Davey! duration=9223371971127ms; Flags=0, FrameTimelineVsyncId=1959, IntendedVsync=65722396568, Vsync=65722396568, InputEventId=0, HandleInputStart=65723636072, AnimationStart=65723645947, PerformTraversalsStart=65724735197, DrawStart=65727172447, FrameDeadline=65755729900, FrameInterval=65723615906, FrameStartTime=16666666, SyncQueued=65727918864, SyncStart=65732301822, IssueDrawCommandsStart=65733663364, SwapBuffers=65745202906, FrameCompleted=9223372036854775807, DequeueBufferDuration=32833, QueueBufferDuration=773042, GpuCompleted=9223372036854775807, SwapBuffersCompleted=65746468781, DisplayPresentTime=0,
05-28 10:09:56.012 1077 1098 I OpenGLRenderer: Davey! duration=9223371970948ms; Flags=0, FrameTimelineVsyncId=1981, IntendedVsync=65905905997, Vsync=65905905997, InputEventId=0, HandleInputStart=65906816031, AnimationStart=65906821614, PerformTraversalsStart=65907709489, DrawStart=65909265947, FrameDeadline=65939239329, FrameInterval=65906791406, FrameStartTime=16666666, SyncQueued=65910713614, SyncStart=65911398572, IssueDrawCommandsStart=65912731489, SwapBuffers=65922500531, FrameCompleted=9223372036854775807, DequeueBufferDuration=39541, QueueBufferDuration=1423625, GpuCompleted=9223372036854775807, SwapBuffersCompleted=65930222656, DisplayPresentTime=0,
05-28 10:09:56.028 1077 1098 I OpenGLRenderer: Davey! duration=9223371970927ms; Flags=0, FrameTimelineVsyncId=1983, IntendedVsync=65922573040, Vsync=65922573040, InputEventId=0, HandleInputStart=65923246697, AnimationStart=65923253447, PerformTraversalsStart=65923897156, DrawStart=65925382697, FrameDeadline=65955906372, FrameInterval=65923234947, FrameStartTime=16666666, SyncQueued=65926135447, SyncStart=65930463447, IssueDrawCommandsStart=65932374947, SwapBuffers=65938294531, FrameCompleted=9223372036854775807, DequeueBufferDuration=462500, QueueBufferDuration=6886917, GpuCompleted=9223372036854775807, SwapBuffersCompleted=65946543614, DisplayPresentTime=0,
05-28 10:09:56.080 1077 1448 I OpenGLRenderer: Davey! duration=9223371970882ms; Flags=0, FrameTimelineVsyncId=1989, IntendedVsync=65972571986, Vsync=65972571986, InputEventId=0, HandleInputStart=65973766656, AnimationStart=65973772822, PerformTraversalsStart=65974644406, DrawStart=65976458739, FrameDeadline=66005905318, FrameInterval=65973622322, FrameStartTime=16666666, SyncQueued=65977077156, SyncStart=65977208322, IssueDrawCommandsStart=65978326739, SwapBuffers=65984332406, FrameCompleted=9223372036854775807, DequeueBufferDuration=195417, QueueBufferDuration=1612042, GpuCompleted=9223372036854775807, SwapBuffersCompleted=65986613364, DisplayPresentTime=0,
05-28 10:09:56.096 1077 1448 I OpenGLRenderer: Davey! duration=9223371970865ms; Flags=0, FrameTimelineVsyncId=1991, IntendedVsync=65989240602, Vsync=65989240602, InputEventId=0, HandleInputStart=65989870697, AnimationStart=65989876906, PerformTraversalsStart=65990462322, DrawStart=65992726947, FrameDeadline=66022573934, FrameInterval=65989858656, FrameStartTime=16666666, SyncQueued=65993490197, SyncStart=65993698322, IssueDrawCommandsStart=65995080531, SwapBuffers=66011186864, FrameCompleted=9223372036854775807, DequeueBufferDuration=5671959, QueueBufferDuration=1328000, GpuCompleted=9223372036854775807, SwapBuffersCompleted=66014273947, DisplayPresentTime=0,
05-28 10:09:56.110 1077 1448 I OpenGLRenderer: Davey! duration=9223371970847ms; Flags=0, FrameTimelineVsyncId=1993, IntendedVsync=66005908315, Vsync=66005908315, InputEventId=0, HandleInputStart=66007290447, AnimationStart=66007297489, PerformTraversalsStart=66009235197, DrawStart=66010888656, FrameDeadline=66039241647, FrameInterval=66007270447, FrameStartTime=16666666, SyncQueued=66013238697, SyncStart=66014912656, IssueDrawCommandsStart=66016513614, SwapBuffers=66026511489, FrameCompleted=9223372036854775807, DequeueBufferDuration=46833, QueueBufferDuration=1665958, GpuCompleted=9223372036854775807, SwapBuffersCompleted=66029336114, DisplayPresentTime=0,
05-28 10:09:56.129 1077 1448 I OpenGLRenderer: Davey! duration=9223371970831ms; Flags=0, FrameTimelineVsyncId=1995, IntendedVsync=66022576905, Vsync=66022576905, InputEventId=0, HandleInputStart=66023455947, AnimationStart=66023461822, PerformTraversalsStart=66024742281, DrawStart=66027472614, FrameDeadline=66055910237, FrameInterval=66023440697, FrameStartTime=16666666, SyncQueued=66028542656, SyncStart=66029594364, IssueDrawCommandsStart=66031176822, SwapBuffers=66039104739, FrameCompleted=9223372036854775807, DequeueBufferDuration=46458, QueueBufferDuration=3757666, GpuCompleted=9223372036854775807, SwapBuffersCompleted=66043720447, DisplayPresentTime=0,
05-28 10:09:56.227 1077 1448 I OpenGLRenderer: Davey! duration=9223371970732ms; Flags=0, FrameTimelineVsyncId=2007, IntendedVsync=66122577320, Vsync=66122577320, InputEventId=0, HandleInputStart=66123521447, AnimationStart=66123529072, PerformTraversalsStart=66124626989, DrawStart=66126363989, FrameDeadline=66155910652, FrameInterval=66123506906, FrameStartTime=16666666, SyncQueued=66127481781, SyncStart=66127619822, IssueDrawCommandsStart=66128831364, SwapBuffers=66135900781, FrameCompleted=9223372036854775807, DequeueBufferDuration=31667, QueueBufferDuration=1201416, GpuCompleted=9223372036854775807, SwapBuffersCompleted=66137976781, DisplayPresentTime=0,
05-28 10:09:56.245 1077 1448 I OpenGLRenderer: Davey! duration=9223371970715ms; Flags=0, FrameTimelineVsyncId=2009, IntendedVsync=66139243030, Vsync=66139243030, InputEventId=0, HandleInputStart=66139859489, AnimationStart=66139866614, PerformTraversalsStart=66140558281, DrawStart=66142387739, FrameDeadline=66172576362, FrameInterval=66139848239, FrameStartTime=16666666, SyncQueued=66143157906, SyncStart=66143362197, IssueDrawCommandsStart=66144860239, SwapBuffers=66161056822, FrameCompleted=9223372036854775807, DequeueBufferDuration=7786958, QueueBufferDuration=3234584, GpuCompleted=9223372036854775807, SwapBuffersCompleted=66165099864, DisplayPresentTime=0,
05-28 10:09:56.262 1077 1448 I OpenGLRenderer: Davey! duration=9223371970694ms; Flags=0, FrameTimelineVsyncId=2011, IntendedVsync=66155909549, Vsync=66155909549, InputEventId=0, HandleInputStart=66156952697, AnimationStart=66156958864, PerformTraversalsStart=66157794572, DrawStart=66159759114, FrameDeadline=66189242881, FrameInterval=66156935697, FrameStartTime=16666666, SyncQueued=66161119947, SyncStart=66165332781, IssueDrawCommandsStart=66166862656, SwapBuffers=66178301364, FrameCompleted=9223372036854775807, DequeueBufferDuration=43791, QueueBufferDuration=728042, GpuCompleted=9223372036854775807, SwapBuffersCompleted=66179560322, DisplayPresentTime=0,
05-28 10:09:56.326 1077 1448 I OpenGLRenderer: Davey! duration=9223371970632ms; Flags=0, FrameTimelineVsyncId=2019, IntendedVsync=66222576526, Vsync=66222576526, InputEventId=0, HandleInputStart=66223472697, AnimationStart=66223481406, PerformTraversalsStart=66224313406, DrawStart=66225907406, FrameDeadline=66255909858, FrameInterval=66223456822, FrameStartTime=16666666, SyncQueued=66227570906, SyncStart=66227731114, IssueDrawCommandsStart=66228928072, SwapBuffers=66237257239, FrameCompleted=9223372036854775807, DequeueBufferDuration=35000, QueueBufferDuration=1423792, GpuCompleted=9223372036854775807, SwapBuffersCompleted=66246347614, DisplayPresentTime=0,
05-28 10:09:56.345 1077 1448 I OpenGLRenderer: Davey! duration=9223371970612ms; Flags=0, FrameTimelineVsyncId=2021, IntendedVsync=66239241817, Vsync=66239241817, InputEventId=0, HandleInputStart=66239893489, AnimationStart=66239900489, PerformTraversalsStart=66240531697, DrawStart=66242796322, FrameDeadline=66272575149, FrameInterval=66239882572, FrameStartTime=16666666, SyncQueued=66243953156, SyncStart=66246587281, IssueDrawCommandsStart=66248515322, SwapBuffers=66254617072, FrameCompleted=9223372036854775807, DequeueBufferDuration=377250, QueueBufferDuration=6384292, GpuCompleted=9223372036854775807, SwapBuffersCompleted=66261517822, DisplayPresentTime=0,
05-28 10:09:56.396 1077 1448 I OpenGLRenderer: Davey! duration=9223371970564ms; Flags=0, FrameTimelineVsyncId=2027, IntendedVsync=66289241171, Vsync=66289241171, InputEventId=0, HandleInputStart=66290112614, AnimationStart=66290120239, PerformTraversalsStart=66290838739, DrawStart=66292946698, FrameDeadline=66322574503, FrameInterval=66290096406, FrameStartTime=16666666, SyncQueued=66294950406, SyncStart=66295609823, IssueDrawCommandsStart=66297170489, SwapBuffers=66308134823, FrameCompleted=9223372036854775807, DequeueBufferDuration=47542, QueueBufferDuration=1486583, GpuCompleted=9223372036854775807, SwapBuffersCompleted=66310689864, DisplayPresentTime=0,
05-28 10:09:56.446 1077 1448 I OpenGLRenderer: Davey! duration=9223371970515ms; Flags=0, FrameTimelineVsyncId=2033, IntendedVsync=66339241505, Vsync=66339241505, InputEventId=0, HandleInputStart=66340390031, AnimationStart=66340398198, PerformTraversalsStart=66341632573, DrawStart=66343451031, FrameDeadline=66372574837, FrameInterval=66340373406, FrameStartTime=16666666, SyncQueued=66345410948, SyncStart=66345616448, IssueDrawCommandsStart=66347068489, SwapBuffers=66357159364, FrameCompleted=9223372036854775807, DequeueBufferDuration=41625, QueueBufferDuration=1436583, GpuCompleted=9223372036854775807, SwapBuffersCompleted=66361844531, DisplayPresentTime=0,
05-28 10:09:56.504 476 520 W IorapForwardingService: No service published for: iorapd
05-28 10:09:56.529 1077 1448 I OpenGLRenderer: Davey! duration=9223371970432ms; Flags=0, FrameTimelineVsyncId=2043, IntendedVsync=66422575971, Vsync=66422575971, InputEventId=0, HandleInputStart=66423320156, AnimationStart=66423325614, PerformTraversalsStart=66424112114, DrawStart=66425699239, FrameDeadline=66455909303, FrameInterval=66423305156, FrameStartTime=16666666, SyncQueued=66426253323, SyncStart=66426392989, IssueDrawCommandsStart=66427460739, SwapBuffers=66434594906, FrameCompleted=9223372036854775807, DequeueBufferDuration=309541, QueueBufferDuration=1391083, GpuCompleted=9223372036854775807, SwapBuffersCompleted=66436825531, DisplayPresentTime=0,
05-28 10:09:56.694 264 278 D hdmi-cec: receive invalid cec message!
05-28 10:09:56.694 264 278 D hdmi-cec: receive poll message [04], skip!
05-28 10:09:56.696 1077 1448 I OpenGLRenderer: Davey! duration=9223371970265ms; Flags=0, FrameTimelineVsyncId=2063, IntendedVsync=66589238817, Vsync=66589238817, InputEventId=0, HandleInputStart=66590133906, AnimationStart=66590139948, PerformTraversalsStart=66590914656, DrawStart=66592965031, FrameDeadline=66622572149, FrameInterval=66590118906, FrameStartTime=16666666, SyncQueued=66594083948, SyncStart=66594230739, IssueDrawCommandsStart=66595334864, SwapBuffers=66604987781, FrameCompleted=9223372036854775807, DequeueBufferDuration=33041, QueueBufferDuration=1316834, GpuCompleted=9223372036854775807, SwapBuffersCompleted=66611662739, DisplayPresentTime=0,
05-28 10:09:56.912 1077 1448 I OpenGLRenderer: Davey! duration=9223371970048ms; Flags=0, FrameTimelineVsyncId=2089, IntendedVsync=66805909418, Vsync=66805909418, InputEventId=0, HandleInputStart=66806655823, AnimationStart=66806661156, PerformTraversalsStart=66807367989, DrawStart=66808318864, FrameDeadline=66839242750, FrameInterval=66806641656, FrameStartTime=16666666, SyncQueued=66808757198, SyncStart=66809037739, IssueDrawCommandsStart=66810240489, SwapBuffers=66815119198, FrameCompleted=9223372036854775807, DequeueBufferDuration=636500, QueueBufferDuration=3993917, GpuCompleted=9223372036854775807, SwapBuffersCompleted=66819786406, DisplayPresentTime=0,
05-28 10:09:56.927 1077 1448 I OpenGLRenderer: Davey! duration=9223371970031ms; Flags=0, FrameTimelineVsyncId=2091, IntendedVsync=66822575136, Vsync=66822575136, InputEventId=0, HandleInputStart=66823190448, AnimationStart=66823197114, PerformTraversalsStart=66824069573, DrawStart=66825477031, FrameDeadline=66855908468, FrameInterval=66823179073, FrameStartTime=16666666, SyncQueued=66826063239, SyncStart=66826267281, IssueDrawCommandsStart=66827503698, SwapBuffers=66845710698, FrameCompleted=9223372036854775807, DequeueBufferDuration=9469750, QueueBufferDuration=3269083, GpuCompleted=9223372036854775807, SwapBuffersCompleted=66849951448, DisplayPresentTime=0,
05-28 10:09:56.943 1077 1448 I OpenGLRenderer: Davey! duration=9223371970006ms; Flags=0, FrameTimelineVsyncId=2093, IntendedVsync=66839241692, Vsync=66839241692, InputEventId=0, HandleInputStart=66840434531, AnimationStart=66840444364, PerformTraversalsStart=66840452406, DrawStart=66840636989, FrameDeadline=66872575024, FrameInterval=66840416198, FrameStartTime=16666666, SyncQueued=66840987198, SyncStart=66850122031, IssueDrawCommandsStart=66851004448, SwapBuffers=66855827614, FrameCompleted=9223372036854775807, DequeueBufferDuration=28750, QueueBufferDuration=7218167, GpuCompleted=9223372036854775807, SwapBuffersCompleted=66864373573, DisplayPresentTime=0,
05-28 10:09:57.185 1077 1527 D hq : NetWorkStateReceiver:::检查网络,并且持续更新 isConnect=false
05-28 10:09:57.506 476 520 W IorapForwardingService: No service published for: iorapd
05-28 10:09:57.562 1162 1162 D bbb : onStartCommand begin !!!!!!! data分区剩余 24985MB
05-28 10:09:57.567 1118 1118 D aaa : LedStatusService onStartCommand begin
05-28 10:09:57.569 1118 2702 D aaa : topPkg is -------------- :com.dangbei.leard.leradlauncher
05-28 10:09:58.508 476 520 W IorapForwardingService: No service published for: iorapd
05-28 10:09:58.887 1077 2713 W System.err: java.net.UnknownHostException: Unable to resolve host "zmimg.dangbei.net": No address associated with hostname
05-28 10:09:58.888 1077 2713 W System.err: at java.net.Inet6AddressImpl.lookupHostByName(Inet6AddressImpl.java:156)
05-28 10:09:58.888 1077 2713 W System.err: at java.net.Inet6AddressImpl.lookupAllHostAddr(Inet6AddressImpl.java:103)
05-28 10:09:58.888 1077 2713 W System.err: at java.net.InetAddress.getAllByName(InetAddress.java:1152)
05-28 10:09:58.888 1077 2713 W System.err: at okhttp3.Dns$Companion$DnsSystem.lookup(SourceFile:6)
05-28 10:09:58.888 1077 2713 W System.err: at okhttp3.internal.connection.RouteSelector.resetNextInetSocketAddress(SourceFile:153)
05-28 10:09:58.888 1077 2713 W System.err: at okhttp3.internal.connection.RouteSelector.nextProxy(SourceFile:21)
05-28 10:09:58.888 1077 2713 W System.err: at okhttp3.internal.connection.RouteSelector.next(SourceFile:18)
05-28 10:09:58.888 1077 2713 W System.err: at okhttp3.internal.connection.ExchangeFinder.findConnection(SourceFile:197)
05-28 10:09:58.888 1077 2713 W System.err: at okhttp3.internal.connection.ExchangeFinder.findHealthyConnection(SourceFile:1)
05-28 10:09:58.888 1077 2713 W System.err: at okhttp3.internal.connection.ExchangeFinder.find(SourceFile:52)
05-28 10:09:58.888 1077 2713 W System.err: at okhttp3.internal.connection.RealCall.initExchange$okhttp(SourceFile:32)
05-28 10:09:58.888 1077 2713 W System.err: at okhttp3.internal.connection.ConnectInterceptor.intercept(SourceFile:12)
05-28 10:09:58.888 1077 2713 W System.err: at okhttp3.internal.http.RealInterceptorChain.proceed(SourceFile:155)
05-28 10:09:58.888 1077 2713 W System.err: at okhttp3.internal.cache.CacheInterceptor.intercept(SourceFile:190)
05-28 10:09:58.888 1077 2713 W System.err: at okhttp3.internal.http.RealInterceptorChain.proceed(SourceFile:155)
05-28 10:09:58.889 1077 2713 W System.err: at okhttp3.internal.http.BridgeInterceptor.intercept(SourceFile:168)
05-28 10:09:58.889 1077 2713 W System.err: at okhttp3.internal.http.RealInterceptorChain.proceed(SourceFile:155)
05-28 10:09:58.889 1077 2713 W System.err: at okhttp3.internal.http.RetryAndFollowUpInterceptor.intercept(SourceFile:35)
05-28 10:09:58.889 1077 2713 W System.err: at okhttp3.internal.http.RealInterceptorChain.proceed(SourceFile:155)
05-28 10:09:58.889 1077 2713 W System.err: at okhttp3.internal.connection.RealCall.getResponseWithInterceptorChain$okhttp(SourceFile:114)
05-28 10:09:58.889 1077 2713 W System.err: at okhttp3.internal.connection.RealCall.execute(SourceFile:28)
05-28 10:09:58.889 1077 2713 W System.err: at v5.a.a(SourceFile:54)
05-28 10:09:58.889 1077 2713 W System.err: at v5.e$a.doInBackground(SourceFile:39)
05-28 10:09:58.889 1077 2713 W System.err: at com.blankj.utilcode.util.ThreadUtils$f.run(SourceFile:83)
05-28 10:09:58.889 1077 2713 W System.err: at java.util.concurrent.ThreadPoolExecutor.runWorker(ThreadPoolExecutor.java:1167)
05-28 10:09:58.889 1077 2713 W System.err: at java.util.concurrent.ThreadPoolExecutor$Worker.run(ThreadPoolExecutor.java:641)
05-28 10:09:58.889 1077 2713 W System.err: at java.lang.Thread.run(Thread.java:920)
05-28 10:09:58.889 1077 2713 W System.err: at com.blankj.utilcode.util.ThreadUtils$UtilsThreadFactory$a.run(SourceFile:1)
05-28 10:09:58.889 1077 2713 W System.err: Caused by: android.system.GaiException: android_getaddrinfo failed: EAI_NODATA (No address associated with hostname)
05-28 10:09:58.890 1077 2713 W System.err: at libcore.io.Linux.android_getaddrinfo(Native Method)
05-28 10:09:58.890 1077 2713 W System.err: at libcore.io.ForwardingOs.android_getaddrinfo(ForwardingOs.java:136)
05-28 10:09:58.890 1077 2713 W System.err: at libcore.io.BlockGuardOs.android_getaddrinfo(BlockGuardOs.java:221)
05-28 10:09:58.890 1077 2713 W System.err: at libcore.io.ForwardingOs.android_getaddrinfo(ForwardingOs.java:136)
05-28 10:09:58.890 1077 2713 W System.err: at java.net.Inet6AddressImpl.lookupHostByName(Inet6AddressImpl.java:135)
05-28 10:09:58.890 1077 2713 W System.err: ... 27 more
05-28 10:09:58.912 1077 1448 I OpenGLRenderer: Davey! duration=9223371968032ms; Flags=0, FrameTimelineVsyncId=2097, IntendedVsync=68822581411, Vsync=68822581411, InputEventId=0, HandleInputStart=68822974115, AnimationStart=68822978490, PerformTraversalsStart=68823387657, DrawStart=68823779532, FrameDeadline=68855914743, FrameInterval=68822965199, FrameStartTime=16666666, SyncQueued=68824240115, SyncStart=68824428907, IssueDrawCommandsStart=68825364782, SwapBuffers=68831182240, FrameCompleted=9223372036854775807, DequeueBufferDuration=47625, QueueBufferDuration=1180834, GpuCompleted=9223372036854775807, SwapBuffersCompleted=68833257365, DisplayPresentTime=0,
05-28 10:09:58.926 1077 1448 I OpenGLRenderer: Davey! duration=9223371968015ms; Flags=0, FrameTimelineVsyncId=2099, IntendedVsync=68839248077, Vsync=68839248077, InputEventId=0, HandleInputStart=68839747407, AnimationStart=68839752199, PerformTraversalsStart=68840611615, DrawStart=68841384615, FrameDeadline=68872581409, FrameInterval=68839737449, FrameStartTime=16666666, SyncQueued=68841837699, SyncStart=68842091407, IssueDrawCommandsStart=68843417490, SwapBuffers=68851843532, FrameCompleted=9223372036854775807, DequeueBufferDuration=54666, QueueBufferDuration=1167542, GpuCompleted=9223372036854775807, SwapBuffersCompleted=68853814949, DisplayPresentTime=0,
05-28 10:09:58.946 1077 1448 I OpenGLRenderer: Davey! duration=9223371967998ms; Flags=0, FrameTimelineVsyncId=2101, IntendedVsync=68856327803, Vsync=68856327803, InputEventId=0, HandleInputStart=68856779740, AnimationStart=68856784699, PerformTraversalsStart=68857224115, DrawStart=68857820615, FrameDeadline=68889661135, FrameInterval=68856771449, FrameStartTime=16666666, SyncQueued=68858134574, SyncStart=68858273532, IssueDrawCommandsStart=68859237407, SwapBuffers=68868603407, FrameCompleted=9223372036854775807, DequeueBufferDuration=92833, QueueBufferDuration=2797125, GpuCompleted=9223372036854775807, SwapBuffersCompleted=68872294157, DisplayPresentTime=0,
05-28 10:09:58.978 1077 1448 I OpenGLRenderer: Davey! duration=9223371967981ms; Flags=0, FrameTimelineVsyncId=2103, IntendedVsync=68872994469, Vsync=68872994469, InputEventId=0, HandleInputStart=68874466115, AnimationStart=68874474157, PerformTraversalsStart=68875192324, DrawStart=68876273699, FrameDeadline=68906327801, FrameInterval=68874452615, FrameStartTime=16666666, SyncQueued=68876715740, SyncStart=68877363449, IssueDrawCommandsStart=68878907365, SwapBuffers=68888823949, FrameCompleted=9223372036854775807, DequeueBufferDuration=62375, QueueBufferDuration=5987292, GpuCompleted=9223372036854775807, SwapBuffersCompleted=68895929865, DisplayPresentTime=0,
05-28 10:09:58.994 1077 1448 I OpenGLRenderer: Davey! duration=9223371967961ms; Flags=0, FrameTimelineVsyncId=2104, IntendedVsync=68889661135, Vsync=68889661135, InputEventId=0, HandleInputStart=68890285699, AnimationStart=68890292490, PerformTraversalsStart=68890914782, DrawStart=68892250990, FrameDeadline=68922994467, FrameInterval=68890273740, FrameStartTime=16666666, SyncQueued=68892673699, SyncStart=68896179449, IssueDrawCommandsStart=68897502782, SwapBuffers=68904682949, FrameCompleted=9223372036854775807, DequeueBufferDuration=43250, QueueBufferDuration=13428542, GpuCompleted=9223372036854775807, SwapBuffersCompleted=68918898907, DisplayPresentTime=0,
05-28 10:09:59.015 1077 1448 I OpenGLRenderer: Davey! duration=9223371967939ms; Flags=0, FrameTimelineVsyncId=2106, IntendedVsync=68906327801, Vsync=68906327801, InputEventId=0, HandleInputStart=68908184032, AnimationStart=68908190949, PerformTraversalsStart=68908827449, DrawStart=68909246365, FrameDeadline=68939661133, FrameInterval=68908172240, FrameStartTime=16666666, SyncQueued=68909684449, SyncStart=68919083032, IssueDrawCommandsStart=68920152074, SwapBuffers=68927444657, FrameCompleted=9223372036854775807, DequeueBufferDuration=51333, QueueBufferDuration=14023250, GpuCompleted=9223372036854775807, SwapBuffersCompleted=68942574907, DisplayPresentTime=0,
05-28 10:09:59.045 1077 1448 I OpenGLRenderer: Davey! duration=9223371967916ms; Flags=0, FrameTimelineVsyncId=2108, IntendedVsync=68922976675, Vsync=68922976675, InputEventId=0, HandleInputStart=68923586532, AnimationStart=68923590740, PerformTraversalsStart=68924323824, DrawStart=68925905824, FrameDeadline=68956310007, FrameInterval=68923575157, FrameStartTime=16666666, SyncQueued=68927636949, SyncStart=68942821365, IssueDrawCommandsStart=68944282282, SwapBuffers=68957482115, FrameCompleted=9223372036854775807, DequeueBufferDuration=51750, QueueBufferDuration=7570291, GpuCompleted=9223372036854775807, SwapBuffersCompleted=68965856324, DisplayPresentTime=0,
05-28 10:09:59.063 1077 1098 I OpenGLRenderer: Davey! duration=9223371967898ms; Flags=0, FrameTimelineVsyncId=2110, IntendedVsync=68939643499, Vsync=68939643499, InputEventId=0, HandleInputStart=68944692574, AnimationStart=68944696365, PerformTraversalsStart=68945327782, DrawStart=68946543699, FrameDeadline=68972976831, FrameInterval=68944685782, FrameStartTime=16666666, SyncQueued=68949115699, SyncStart=68966023990, IssueDrawCommandsStart=68967234032, SwapBuffers=68978004699, FrameCompleted=9223372036854775807, DequeueBufferDuration=35875, QueueBufferDuration=10855333, GpuCompleted=9223372036854775807, SwapBuffersCompleted=68989952157, DisplayPresentTime=0,
05-28 10:09:59.086 1077 1098 I OpenGLRenderer: Davey! duration=9223371967879ms; Flags=0, FrameTimelineVsyncId=2111, IntendedVsync=68955961730, Vsync=68955961730, InputEventId=0, HandleInputStart=68967685699, AnimationStart=68967691199, PerformTraversalsStart=68968532574, DrawStart=68970167199, FrameDeadline=68989295062, FrameInterval=68967676032, FrameStartTime=16666666, SyncQueued=68970945699, SyncStart=68990299365, IssueDrawCommandsStart=68992488949, SwapBuffers=69003702949, FrameCompleted=9223372036854775807, DequeueBufferDuration=254250, QueueBufferDuration=9047042, GpuCompleted=9223372036854775807, SwapBuffersCompleted=69013735574, DisplayPresentTime=0,
05-28 10:09:59.110 1077 1448 I OpenGLRenderer: Davey! duration=9223371967865ms; Flags=0, FrameTimelineVsyncId=2113, IntendedVsync=68972584023, Vsync=68989250689, InputEventId=0, HandleInputStart=68993024949, AnimationStart=68993031032, PerformTraversalsStart=68994142240, DrawStart=68996491407, FrameDeadline=69005917355, FrameInterval=68993008407, FrameStartTime=16666666, SyncQueued=68997320282, SyncStart=69014063907, IssueDrawCommandsStart=69015851615, SwapBuffers=69025631782, FrameCompleted=9223372036854775807, DequeueBufferDuration=58542, QueueBufferDuration=6441375, GpuCompleted=9223372036854775807, SwapBuffersCompleted=69033003032, DisplayPresentTime=0,
05-28 10:09:59.129 1077 1448 I OpenGLRenderer: Davey! duration=9223371967837ms; Flags=0, FrameTimelineVsyncId=2117, IntendedVsync=69005706981, Vsync=69005706981, InputEventId=0, HandleInputStart=69016439865, AnimationStart=69016445324, PerformTraversalsStart=69017304115, DrawStart=69020784782, FrameDeadline=69039040313, FrameInterval=69016430074, FrameStartTime=16666666, SyncQueued=69021449324, SyncStart=69033400615, IssueDrawCommandsStart=69035457407, SwapBuffers=69045900407, FrameCompleted=9223372036854775807, DequeueBufferDuration=55666, QueueBufferDuration=1164416, GpuCompleted=9223372036854775807, SwapBuffersCompleted=69047799699, DisplayPresentTime=0,
05-28 10:09:59.146 1077 1448 I OpenGLRenderer: Davey! duration=9223371967825ms; Flags=0, FrameTimelineVsyncId=2118, IntendedVsync=69022366917, Vsync=69022366917, InputEventId=0, HandleInputStart=69036285115, AnimationStart=69036291199, PerformTraversalsStart=69037000657, DrawStart=69038502740, FrameDeadline=69055700249, FrameInterval=69036275574, FrameStartTime=16666666, SyncQueued=69040878615, SyncStart=69048068324, IssueDrawCommandsStart=69049444490, SwapBuffers=69060544532, FrameCompleted=9223372036854775807, DequeueBufferDuration=47209, QueueBufferDuration=2028542, GpuCompleted=9223372036854775807, SwapBuffersCompleted=69063148449, DisplayPresentTime=0,
05-28 10:09:59.186 1915 1991 D UtilLog : 日志批量上报 进行正常循环 !!!!!!本次有0次请求,共0条数据
05-28 10:09:59.187 1077 1527 D hq : NetWorkStateReceiver:::检查网络,并且持续更新 isConnect=false
05-28 10:09:59.278 1077 1448 I OpenGLRenderer: Davey! duration=9223371967683ms; Flags=0, FrameTimelineVsyncId=2134, IntendedVsync=69155729434, Vsync=69155729434, InputEventId=0, HandleInputStart=69156798282, AnimationStart=69156800782, PerformTraversalsStart=69157303949, DrawStart=69158194324, FrameDeadline=69189062766, FrameInterval=69156791991, FrameStartTime=16666666, SyncQueued=69158791366, SyncStart=69173841324, IssueDrawCommandsStart=69175008824, SwapBuffers=69185993241, FrameCompleted=9223372036854775807, DequeueBufferDuration=2669458, QueueBufferDuration=1000875, GpuCompleted=9223372036854775807, SwapBuffersCompleted=69202243949, DisplayPresentTime=0,
05-28 10:09:59.294 1077 1448 I OpenGLRenderer: Davey! duration=9223371967659ms; Flags=0, FrameTimelineVsyncId=2136, IntendedVsync=69172397534, Vsync=69172397534, InputEventId=0, HandleInputStart=69175365074, AnimationStart=69175367532, PerformTraversalsStart=69176676157, DrawStart=69178093282, FrameDeadline=69205730866, FrameInterval=69175358324, FrameStartTime=16666666, SyncQueued=69179417157, SyncStart=69202534491, IssueDrawCommandsStart=69204641157, SwapBuffers=69218016199, FrameCompleted=9223372036854775807, DequeueBufferDuration=34666, QueueBufferDuration=917000, GpuCompleted=9223372036854775807, SwapBuffersCompleted=69219622782, DisplayPresentTime=0,
05-28 10:09:59.512 1077 1448 I OpenGLRenderer: Davey! duration=9223371967456ms; Flags=0, FrameTimelineVsyncId=2161, IntendedVsync=69389239726, Vsync=69389239726, InputEventId=0, HandleInputStart=69394647157, AnimationStart=69394652366, PerformTraversalsStart=69396408991, DrawStart=69397805366, FrameDeadline=69422573058, FrameInterval=69394637949, FrameStartTime=16666666, SyncQueued=69398617324, SyncStart=69407436991, IssueDrawCommandsStart=69408707282, SwapBuffers=69419605949, FrameCompleted=9223372036854775807, DequeueBufferDuration=2514125, QueueBufferDuration=1103916, GpuCompleted=9223372036854775807, SwapBuffersCompleted=69430054532, DisplayPresentTime=0,
05-28 10:09:59.512 476 520 W IorapForwardingService: No service published for: iorapd
05-28 10:09:59.579 1077 1448 I OpenGLRenderer: Davey! duration=9223371967385ms; Flags=0, FrameTimelineVsyncId=2169, IntendedVsync=69455908800, Vsync=69455908800, InputEventId=0, HandleInputStart=69458338699, AnimationStart=69458344324, PerformTraversalsStart=69458983782, DrawStart=69460577407, FrameDeadline=69489242132, FrameInterval=69458329949, FrameStartTime=16666666, SyncQueued=69461726366, SyncStart=69474738616, IssueDrawCommandsStart=69476224449, SwapBuffers=69490359074, FrameCompleted=9223372036854775807, DequeueBufferDuration=1897333, QueueBufferDuration=1073916, GpuCompleted=9223372036854775807, SwapBuffersCompleted=69493704699, DisplayPresentTime=0,
05-28 10:09:59.762 1077 1098 I OpenGLRenderer: Davey! duration=9223371967204ms; Flags=0, FrameTimelineVsyncId=2191, IntendedVsync=69639242473, Vsync=69639242473, InputEventId=0, HandleInputStart=69640911741, AnimationStart=69640914241, PerformTraversalsStart=69641387616, DrawStart=69642408741, FrameDeadline=69672575805, FrameInterval=69640904991, FrameStartTime=16666666, SyncQueued=69643326824, SyncStart=69654459699, IssueDrawCommandsStart=69656346366, SwapBuffers=69668512532, FrameCompleted=9223372036854775807, DequeueBufferDuration=6039625, QueueBufferDuration=1209500, GpuCompleted=9223372036854775807, SwapBuffersCompleted=69682525532, DisplayPresentTime=0,
05-28 10:09:59.777 1077 1098 I OpenGLRenderer: Davey! duration=9223371967178ms; Flags=0, FrameTimelineVsyncId=2193, IntendedVsync=69655909033, Vsync=69655909033, InputEventId=0, HandleInputStart=69656750324, AnimationStart=69656755699, PerformTraversalsStart=69657443032, DrawStart=69660535657, FrameDeadline=69689242365, FrameInterval=69656741991, FrameStartTime=16666666, SyncQueued=69662181991, SyncStart=69682820074, IssueDrawCommandsStart=69684385824, SwapBuffers=69696858616, FrameCompleted=9223372036854775807, DequeueBufferDuration=218500, QueueBufferDuration=1590958, GpuCompleted=9223372036854775807, SwapBuffersCompleted=69699521741, DisplayPresentTime=0,
05-28 10:09:59.794 1077 1098 I OpenGLRenderer: Davey! duration=9223371967169ms; Flags=0, FrameTimelineVsyncId=2195, IntendedVsync=69672575502, Vsync=69672575502, InputEventId=0, HandleInputStart=69685220782, AnimationStart=69685223324, PerformTraversalsStart=69685694991, DrawStart=69686623032, FrameDeadline=69705908834, FrameInterval=69685215949, FrameStartTime=16666666, SyncQueued=69687081657, SyncStart=69699757616, IssueDrawCommandsStart=69700992449, SwapBuffers=69707765241, FrameCompleted=9223372036854775807, DequeueBufferDuration=27750, QueueBufferDuration=2265500, GpuCompleted=9223372036854775807, SwapBuffersCompleted=69711085657, DisplayPresentTime=0,
05-28 10:09:59.879 1077 1448 I OpenGLRenderer: Davey! duration=9223371967084ms; Flags=0, FrameTimelineVsyncId=2205, IntendedVsync=69755909319, Vsync=69755909319, InputEventId=0, HandleInputStart=69757509449, AnimationStart=69757511866, PerformTraversalsStart=69757969199, DrawStart=69758967407, FrameDeadline=69789242651, FrameInterval=69757503532, FrameStartTime=16666666, SyncQueued=69759781741, SyncStart=69774406074, IssueDrawCommandsStart=69779816533, SwapBuffers=69788542033, FrameCompleted=9223372036854775807, DequeueBufferDuration=40834, QueueBufferDuration=1003250, GpuCompleted=9223372036854775807, SwapBuffersCompleted=69797825116, DisplayPresentTime=0,
05-28 10:09:59.896 1077 1448 I OpenGLRenderer: Davey! duration=9223371967063ms; Flags=0, FrameTimelineVsyncId=2207, IntendedVsync=69772575185, Vsync=69772575185, InputEventId=0, HandleInputStart=69776205783, AnimationStart=69776210283, PerformTraversalsStart=69777150783, DrawStart=69778612491, FrameDeadline=69805908517, FrameInterval=69776196783, FrameStartTime=16666666, SyncQueued=69779778616, SyncStart=69798107866, IssueDrawCommandsStart=69799912866, SwapBuffers=69809570408, FrameCompleted=9223372036854775807, DequeueBufferDuration=202459, QueueBufferDuration=1692875, GpuCompleted=9223372036854775807, SwapBuffersCompleted=69812428658, DisplayPresentTime=0,
05-28 10:10:00.029 1077 1098 I OpenGLRenderer: Davey! duration=9223371966938ms; Flags=0, FrameTimelineVsyncId=2223, IntendedVsync=69905908821, Vsync=69905908821, InputEventId=0, HandleInputStart=69907754033, AnimationStart=69907757074, PerformTraversalsStart=69908320158, DrawStart=69909486491, FrameDeadline=69939242153, FrameInterval=69907747824, FrameStartTime=16666666, SyncQueued=69910316366, SyncStart=69921178616, IssueDrawCommandsStart=69923007366, SwapBuffers=69935401783, FrameCompleted=9223372036854775807, DequeueBufferDuration=6232375, QueueBufferDuration=1228666, GpuCompleted=9223372036854775807, SwapBuffersCompleted=69946510241, DisplayPresentTime=0,
05-28 10:10:00.112 1077 1098 I OpenGLRenderer: Davey! duration=9223371966855ms; Flags=0, FrameTimelineVsyncId=2233, IntendedVsync=69989243844, Vsync=69989243844, InputEventId=0, HandleInputStart=69991642866, AnimationStart=69991645741, PerformTraversalsStart=69992200324, DrawStart=69993410533, FrameDeadline=70022577176, FrameInterval=69991636449, FrameStartTime=16666666, SyncQueued=69994291116, SyncStart=70004447074, IssueDrawCommandsStart=70005904116, SwapBuffers=70019829949, FrameCompleted=9223372036854775807, DequeueBufferDuration=6994667, QueueBufferDuration=1241708, GpuCompleted=9223372036854775807, SwapBuffersCompleted=70030482783, DisplayPresentTime=0,
05-28 10:10:00.127 1077 1098 I OpenGLRenderer: Davey! duration=9223371966827ms; Flags=0, FrameTimelineVsyncId=2235, IntendedVsync=70005911446, Vsync=70005911446, InputEventId=0, HandleInputStart=70006500158, AnimationStart=70006505283, PerformTraversalsStart=70007180949, DrawStart=70008713741, FrameDeadline=70039244778, FrameInterval=70006491866, FrameStartTime=16666666, SyncQueued=70009499866, SyncStart=70030768074, IssueDrawCommandsStart=70032297408, SwapBuffers=70038761199, FrameCompleted=9223372036854775807, DequeueBufferDuration=46000, QueueBufferDuration=4289500, GpuCompleted=9223372036854775807, SwapBuffersCompleted=70044759408, DisplayPresentTime=0,
