05-28 10:09:06.319 476 476 I WindowManager: Override config changes=60007dfc {1.0 ?mcc?mnc [zh_CN] ldltr sw720dp w1280dp h696dp 240dpi xlrg long land ?uimode ?night -touch qwerty/v/v dpad/v winConfig={ mBounds=Rect(0, 0 - 1920, 1080) mAppBounds=Rect(0, 0 - 1920, 1080) mMaxBounds=Rect(0, 0 - 1920, 1080) mWindowingMode=fullscreen mDisplayWindowingMode=fullscreen mActivityType=undefined mAlwaysOnTop=undefined mRotation=ROTATION_0} s.2 ?fontWeightAdjustment} for displayId=0
05-28 10:09:06.330 314 314 D XiriService: check file name: /data/data/com.sohu.inputmethod.sogou.tv/lib
05-28 10:09:06.328 314 314 I xiriservice_All: type=1400 audit(0.0:315): avc: denied { search } for name="com.sohu.inputmethod.sogou.tv" dev="mmcblk0p25" ino=1409 scontext=u:r:init:s0 tcontext=u:object_r:app_data_file:s0:c39,c256,c512,c768 tclass=dir permissive=1
05-28 10:09:06.328 314 314 I xiriservice_All: type=1400 audit(0.0:316): avc: denied { read } for name="lib" dev="mmcblk0p25" ino=3427 scontext=u:r:init:s0 tcontext=u:object_r:app_data_file:s0:c39,c256,c512,c768 tclass=lnk_file permissive=1
01-01 08:00:18.345 1 1 I init : processing action (sys.sysctl.extra_free_kbytes=*) from (/system/etc/init/hw/init.rc:1139)
05-28 10:09:06.338 476 521 I InputManager-JNI: Viewport [0] to add: local:0, isActive: false
05-28 10:09:06.339 314 314 D XiriService: check file name: /data/data/com.sohu.inputmethod.sogou.tv/lib
05-28 10:09:06.339 314 314 D XiriService: check file name: /data/data/com.sohu.inputmethod.sogou.tv/lib
05-28 10:09:06.339 476 595 I InputReader: Reconfiguring input devices, changes=DISPLAY_INFO |
05-28 10:09:06.340 314 314 D XiriService: check file name: /data/data/com.sohu.inputmethod.sogou.tv/lib
05-28 10:09:06.340 314 314 D XiriService: check file name: /data/data/com.sohu.inputmethod.sogou.tv/lib
05-28 10:09:06.341 245 245 D MtpDeviceJNI: register_android_mtp_MtpDevice
05-28 10:09:06.361 476 476 I SystemServerTiming: StartStorageManagerService
05-28 10:09:06.361 476 476 I SystemServiceManager: Starting com.android.server.StorageManagerService$Lifecycle
05-28 10:09:06.367 351 370 D installd: Found quota mount /dev/block/by-name/userdata at /data
05-28 10:09:06.367 351 370 D installd: Found quota mount /dev/block/by-name/userdata at /data/user/0
05-28 10:09:06.373 476 601 D StorageManagerService: Thinking about init, mBootCompleted=false, mDaemonConnected=true
05-28 10:09:06.373 476 601 D StorageManagerService: Thinking about reset, mBootCompleted=false, mDaemonConnected=true
05-28 10:09:06.374 476 601 D StorageManagerService: Thinking about init, mBootCompleted=false, mDaemonConnected=true
05-28 10:09:06.374 476 601 D StorageManagerService: Thinking about reset, mBootCompleted=false, mDaemonConnected=true
05-28 10:09:06.374 476 476 I SystemServerTiming: StartStorageStatsService
05-28 10:09:06.374 476 476 I SystemServiceManager: Starting com.android.server.usage.StorageStatsService$Lifecycle
05-28 10:09:06.377 351 582 D installd: Found quota mount /dev/block/by-name/userdata at /data
05-28 10:09:06.377 351 582 D installd: Found quota mount /dev/block/by-name/userdata at /data/user/0
05-28 10:09:06.379 314 314 D XiriService: check file name: /data/data/com.oranth.ledstatus/lib
05-28 10:09:06.379 314 314 D XiriService: check file name: /data/data/com.oranth.ledstatus/lib
05-28 10:09:06.379 351 582 D installd: Found quota mount /dev/block/by-name/userdata at /data
05-28 10:09:06.379 351 582 D installd: Found quota mount /dev/block/by-name/userdata at /data/user/0
05-28 10:09:06.379 314 314 D XiriService: check file name: /data/data/com.oranth.ledstatus/lib
05-28 10:09:06.379 314 314 D XiriService: check file name: /data/data/com.oranth.ledstatus/lib
05-28 10:09:06.384 476 476 I SystemServerTiming: StartUiModeManager
05-28 10:09:06.384 476 476 I SystemServiceManager: Starting com.android.server.UiModeManagerService
05-28 10:09:06.385 476 515 I SystemServerTimingAsync: InitThreadPoolExec:UiModeManager.onStart
05-28 10:09:06.385 476 515 D SystemServerInitThreadPool: Started executing UiModeManager.onStart
05-28 10:09:06.386 476 476 I SystemServerTiming: UpdatePackagesIfNeeded
05-28 10:09:06.386 476 476 I Watchdog: Pausing HandlerChecker: main thread for reason: dexopt. Pause count: 1
05-28 10:09:06.386 476 476 I Watchdog: Resuming HandlerChecker: main thread for reason: dexopt. Pause count: 0
05-28 10:09:06.386 476 476 I SystemServerTiming: PerformFstrimIfNeeded
05-28 10:09:06.387 476 476 I SystemServerTiming: StartLockSettingsService
05-28 10:09:06.387 476 476 I SystemServiceManager: Starting com.android.server.locksettings.LockSettingsService$Lifecycle
05-28 10:09:06.390 314 314 D XiriService: check file name: /data/data/com.oranth.ledstatus/lib
05-28 10:09:06.391 314 314 D XiriService: check file name: /data/data/com.oranth.ledstatus/lib
05-28 10:09:06.399 476 515 D SystemServerInitThreadPool: Finished executing UiModeManager.onStart
05-28 10:09:06.400 314 314 D XiriService: check file name: /data/data/com.oranth.ledstatus/lib
05-28 10:09:06.404 314 314 D XiriService: check file name: /data/data/com.dangbei.lerad.videoposter/lib
05-28 10:09:06.405 314 314 D XiriService: check file name: /data/data/com.dangbei.lerad.videoposter/lib
05-28 10:09:06.400 314 314 I xiriservice_All: type=1400 audit(0.0:317): avc: denied { search } for name="com.dangbei.lerad.videoposter" dev="mmcblk0p25" ino=749 scontext=u:r:init:s0 tcontext=u:object_r:app_data_file:s0:c512,c768 tclass=dir permissive=1
05-28 10:09:06.405 314 314 D XiriService: check file name: /data/data/com.dangbei.lerad.videoposter/lib
05-28 10:09:06.404 314 314 I xiriservice_All: type=1400 audit(0.0:318): avc: denied { read } for name="lib" dev="mmcblk0p25" ino=3434 scontext=u:r:init:s0 tcontext=u:object_r:app_data_file:s0:c512,c768 tclass=lnk_file permissive=1
05-28 10:09:06.413 314 314 D XiriService: check file name: /data/data/com.dangbei.lerad.videoposter/lib
05-28 10:09:06.413 314 314 D XiriService: check file name: /data/data/com.dangbei.lerad.videoposter/lib
05-28 10:09:06.414 314 314 D XiriService: check file name: /data/data/com.dangbei.lerad.videoposter/lib
05-28 10:09:06.414 314 314 D XiriService: check file name: /data/data/com.dangbei.lerad.videoposter/lib
05-28 10:09:06.417 476 476 I SystemServerTiming: StartPersistentDataBlock
05-28 10:09:06.417 476 476 I SystemServiceManager: Starting com.android.server.PersistentDataBlockService
05-28 10:09:06.418 476 576 I SystemServerTimingAsync: InitThreadPoolExec:PersistentDataBlockService.onStart
05-28 10:09:06.418 476 576 D SystemServerInitThreadPool: Started executing PersistentDataBlockService.onStart
05-28 10:09:06.419 476 476 I SystemServerTiming: StartTestHarnessMode
05-28 10:09:06.419 476 476 I SystemServiceManager: Starting com.android.server.testharness.TestHarnessModeService
05-28 10:09:06.420 476 476 I SystemServerTiming: StartOemLockService
05-28 10:09:06.420 476 476 I SystemServiceManager: Starting com.android.server.oemlock.OemLockService
05-28 10:09:06.421 183 183 I hwservicemanager: getTransport: Cannot find entry android.hardware.oemlock@1.0::IOemLock/default in either framework or device VINTF manifest.
05-28 10:09:06.421 476 476 I OemLock : OemLock HAL not present on device
05-28 10:09:06.421 476 476 I OemLock : Using persistent data block based lock
05-28 10:09:06.423 476 476 I SystemServerTiming: StartDeviceIdleController
05-28 10:09:06.424 476 476 I SystemServiceManager: Starting com.android.server.DeviceIdleController
05-28 10:09:06.432 476 476 I SystemServerTiming: StartDevicePolicyManager
05-28 10:09:06.432 476 476 I SystemServiceManager: Starting com.android.server.devicepolicy.DevicePolicyManagerService$Lifecycle
05-28 10:09:06.441 314 314 D XiriService: check file name: /data/data/com.android.networkstack/lib
05-28 10:09:06.436 314 314 I xiriservice_All: type=1400 audit(0.0:319): avc: denied { read } for name="lib" dev="mmcblk0p25" ino=2274 scontext=u:r:init:s0 tcontext=u:object_r:radio_data_file:s0 tclass=lnk_file permissive=1
05-28 10:09:06.441 314 314 D XiriService: check file name: /data/data/com.android.networkstack/lib
05-28 10:09:06.442 314 314 D XiriService: check file name: /data/data/com.android.networkstack/lib
05-28 10:09:06.442 314 314 D XiriService: check file name: /data/data/com.android.networkstack/lib
05-28 10:09:06.442 476 576 D SystemServerInitThreadPool: Finished executing PersistentDataBlockService.onStart
05-28 10:09:06.446 476 476 I SystemServerTiming: StartStatusBarManagerService
05-28 10:09:06.447 476 476 D SystemServer: MusicRecognitionManagerService not defined by OEM or disabled by flag
05-28 10:09:06.449 476 476 D SystemServer: ContentCaptureService disabled because resource is not overlaid
05-28 10:09:06.449 476 476 D SystemServer: AttentionService is not configured on this device
05-28 10:09:06.449 314 314 D XiriService: check file name: /data/data/com.android.networkstack/lib
05-28 10:09:06.449 476 476 D SystemServer: RotationResolverService is not configured on this device
05-28 10:09:06.449 314 314 D XiriService: check file name: /data/data/com.android.networkstack/lib
05-28 10:09:06.449 476 476 D SystemServer: SystemCaptionsManagerService disabled because resource is not overlaid
05-28 10:09:06.449 476 476 I SystemServerTiming: StartTextToSpeechManagerService
05-28 10:09:06.449 476 476 I SystemServiceManager: Starting com.android.server.texttospeech.TextToSpeechManagerService
05-28 10:09:06.449 314 314 D XiriService: check file name: /data/data/com.android.networkstack/lib
05-28 10:09:06.449 314 314 D XiriService: check file name: /data/data/com.android.networkstack/lib
05-28 10:09:06.451 476 476 I SystemServerTiming: StartSpeechRecognitionManagerService
05-28 10:09:06.452 476 476 I SystemServiceManager: Starting com.android.server.speech.SpeechRecognitionManagerService
05-28 10:09:06.455 476 476 D SystemServer: AppPredictionService not defined by OEM
05-28 10:09:06.455 476 476 D SystemServer: ContentSuggestionsService not defined by OEM
05-28 10:09:06.455 476 476 I SystemServerTiming: StartSearchUiService
05-28 10:09:06.455 476 476 I SystemServiceManager: Starting com.android.server.searchui.SearchUiManagerService
05-28 10:09:06.457 476 476 I SystemServerTiming: StartSmartspaceService
05-28 10:09:06.457 476 476 I SystemServiceManager: Starting com.android.server.smartspace.SmartspaceManagerService
05-28 10:09:06.459 476 476 I SystemServerTiming: InitConnectivityModuleConnector
05-28 10:09:06.459 476 476 D ConnectivityModuleConnector: Network stack init
05-28 10:09:06.465 476 476 I SystemServerTiming: InitNetworkStackClient
05-28 10:09:06.467 476 476 I SystemServerTiming: StartNetworkManagementService
05-28 10:09:06.476 476 476 I SystemServerTiming: StartIpSecService
05-28 10:09:06.480 476 476 I SystemServerTiming: StartTextServicesManager
05-28 10:09:06.480 476 476 I SystemServiceManager: Starting com.android.server.textservices.TextServicesManagerService$Lifecycle
05-28 10:09:06.482 476 476 I SystemServerTiming: StartTextClassificationManagerService
05-28 10:09:06.482 476 476 I SystemServiceManager: Starting com.android.server.textclassifier.TextClassificationManagerService$Lifecycle
05-28 10:09:06.484 476 515 I SystemServerTimingAsync: InitThreadPoolExec:START_FONT_MANAGER_SERVICE
05-28 10:09:06.484 476 515 D SystemServerInitThreadPool: Started executing START_FONT_MANAGER_SERVICE
05-28 10:09:06.484 476 515 I SystemServerTimingAsync: START_FONT_MANAGER_SERVICE
05-28 10:09:06.485 476 476 I SystemServerTiming: StartNetworkScoreService
05-28 10:09:06.485 476 476 I SystemServiceManager: Starting com.android.server.NetworkScoreService$Lifecycle
05-28 10:09:06.487 476 476 I NetworkScoreService: Registering network_score
05-28 10:09:06.488 476 476 I SystemServerTiming: StartNetworkStatsService
05-28 10:09:06.495 476 476 I SystemServerTiming: StartNetworkPolicyManagerService
05-28 10:09:06.508 476 476 I SystemServerTiming: StartWifi
05-28 10:09:06.534 314 314 D XiriService: check file name: /data/data/com.dangbei.screencast/lib
05-28 10:09:06.535 314 314 D XiriService: check file name: /data/data/com.dangbei.screencast/lib
05-28 10:09:06.535 314 314 D XiriService: check file name: /data/data/com.dangbei.screencast/lib
05-28 10:09:06.535 314 314 D XiriService: check file name: /data/data/com.dangbei.screencast/lib
05-28 10:09:06.538 379 379 I update_engine: [INFO:cleanup_previous_update_action.cc(112)] Executing task 4
05-28 10:09:06.542 379 379 I update_engine: [INFO:cleanup_previous_update_action.cc(124)] CleanupPreviousUpdateAction scheduled task ID 5 for WaitBootCompleted
05-28 10:09:06.545 314 314 D XiriService: check file name: /data/data/com.dangbei.screencast/lib
05-28 10:09:06.547 314 314 D XiriService: check file name: /data/data/com.dangbei.screencast/lib
05-28 10:09:06.547 314 314 D XiriService: check file name: /data/data/com.dangbei.screencast/lib
05-28 10:09:06.549 476 476 I SystemServiceManager: Starting com.android.server.wifi.WifiService
05-28 10:09:06.571 314 314 D XiriService: check file name: /data/data/com.dangbei.leard.leradlauncher/lib
05-28 10:09:06.571 314 314 D XiriService: check file name: /data/data/com.dangbei.leard.leradlauncher/lib
05-28 10:09:06.571 314 314 D XiriService: check file name: /data/data/com.dangbei.leard.leradlauncher/lib
05-28 10:09:06.579 314 314 D XiriService: check file name: /data/data/com.dangbei.leard.leradlauncher/lib
05-28 10:09:06.579 314 314 D XiriService: check file name: /data/data/com.dangbei.leard.leradlauncher/lib
05-28 10:09:06.579 314 314 D XiriService: check file name: /data/data/com.dangbei.leard.leradlauncher/lib
05-28 10:09:06.579 314 314 D XiriService: check file name: /data/data/com.dangbei.leard.leradlauncher/lib
05-28 10:09:06.584 476 476 I WifiContext: Found Wifi Resources APK at: com.android.wifi.resources
05-28 10:09:06.589 314 314 D XiriService: check file name: /data/data/com.android.printspooler/lib
05-28 10:09:06.589 314 314 D XiriService: check file name: /data/data/com.android.printspooler/lib
05-28 10:09:06.584 314 314 I xiriservice_All: type=1400 audit(0.0:320): avc: denied { search } for name="com.android.printspooler" dev="mmcblk0p25" ino=937 scontext=u:r:init:s0 tcontext=u:object_r:app_data_file:s0:c53,c256,c512,c768 tclass=dir permissive=1
05-28 10:09:06.590 314 314 D XiriService: check file name: /data/data/com.android.printspooler/lib
05-28 10:09:06.590 314 314 D XiriService: check file name: /data/data/com.android.printspooler/lib
05-28 10:09:06.588 314 314 I xiriservice_All: type=1400 audit(0.0:321): avc: denied { read } for name="lib" dev="mmcblk0p25" ino=3442 scontext=u:r:init:s0 tcontext=u:object_r:app_data_file:s0:c53,c256,c512,c768 tclass=lnk_file permissive=1
05-28 10:09:06.595 476 476 V NetworkScoreManager: registerNetworkScoreCallback: callback=com.android.server.wifi.WifiNetworkScoreCache@2bc268e, executor=com.android.wifi.x.android.os.HandlerExecutor@dafdeaf
05-28 10:09:06.599 314 314 D XiriService: check file name: /data/data/com.android.printspooler/lib
05-28 10:09:06.604 245 245 W Zygote : Class not found for preloading: android.view.SurfaceView$2
05-28 10:09:06.605 314 314 D XiriService: check file name: /data/data/com.android.printspooler/lib
05-28 10:09:06.605 314 314 D XiriService: check file name: /data/data/com.android.printspooler/lib
05-28 10:09:06.614 314 314 D XiriService: check file name: /data/data/com.android.webview/lib
05-28 10:09:06.612 314 314 I xiriservice_All: type=1400 audit(0.0:322): avc: denied { search } for name="com.android.webview" dev="mmcblk0p25" ino=953 scontext=u:r:init:s0 tcontext=u:object_r:app_data_file:s0:c60,c256,c512,c768 tclass=dir permissive=1
05-28 10:09:06.615 314 314 D XiriService: check file name: /data/data/com.android.webview/lib
05-28 10:09:06.615 314 314 D XiriService: check file name: /data/data/com.android.webview/lib
05-28 10:09:06.612 314 314 I xiriservice_All: type=1400 audit(0.0:323): avc: denied { read } for name="lib" dev="mmcblk0p25" ino=3444 scontext=u:r:init:s0 tcontext=u:object_r:app_data_file:s0 tclass=lnk_file permissive=1
05-28 10:09:06.612 314 314 I xiriservice_All: type=1400 audit(0.0:324): avc: denied { read } for name="lib" dev="mmcblk0p25" ino=3444 scontext=u:r:init:s0 tcontext=u:object_r:app_data_file:s0:c60,c256,c512,c768 tclass=lnk_file permissive=1
05-28 10:09:06.621 476 476 D ScanMetrics: Settings package: com.android.tv.settings
05-28 10:09:06.621 476 476 E ScanMetrics: Can't get GMS uid
05-28 10:09:06.624 314 314 D XiriService: check file name: /data/data/com.android.webview/lib
05-28 10:09:06.625 314 314 D XiriService: check file name: /data/data/com.android.webview/lib
05-28 10:09:06.625 314 314 D XiriService: check file name: /data/data/com.android.webview/lib
05-28 10:09:06.646 314 314 D XiriService: check file name: /data/data/com.android.bips/lib
05-28 10:09:06.646 314 314 D XiriService: check file name: /data/data/com.android.bips/lib
05-28 10:09:06.647 314 314 D XiriService: check file name: /data/data/com.android.bips/lib
05-28 10:09:06.647 476 476 I WifiCoexManager: Default coex algorithm is disabled.
05-28 10:09:06.648 314 314 D XiriService: check file name: /data/data/com.android.bips/lib
05-28 10:09:06.656 314 314 D XiriService: check file name: /data/data/com.android.bips/lib
05-28 10:09:06.658 314 314 D XiriService: check file name: /data/data/com.oranth.inputmacsn/lib
05-28 10:09:06.658 314 314 D XiriService: check file name: /data/data/com.oranth.inputmacsn/lib
05-28 10:09:06.659 314 314 D XiriService: check file name: /data/data/com.oranth.inputmacsn/lib
05-28 10:09:06.659 314 314 D XiriService: check file name: /data/data/com.oranth.inputmacsn/lib
05-28 10:09:06.675 314 314 D XiriService: check file name: /data/data/com.oranth.inputmacsn/lib
05-28 10:09:06.697 314 314 D XiriService: check file name: /data/data/com.android.keychain/lib
05-28 10:09:06.697 314 314 D XiriService: check file name: /data/data/com.android.keychain/lib
05-28 10:09:06.698 314 314 D XiriService: check file name: /data/data/com.android.keychain/lib
05-28 10:09:06.710 314 314 D XiriService: check file name: /data/data/com.android.keychain/lib
05-28 10:09:06.710 314 314 D XiriService: check file name: /data/data/com.android.keychain/lib
05-28 10:09:06.710 314 314 D XiriService: check file name: /data/data/com.android.keychain/lib
05-28 10:09:06.710 314 314 D XiriService: check file name: /data/data/com.android.keychain/lib
05-28 10:09:06.711 476 476 D WifiOpenNetworkNotifier: Settings toggle enabled=true
05-28 10:09:06.726 476 476 D WifiNl80211Manager: registerCountryCodeEventListener called
05-28 10:09:06.726 359 359 I wificond: New wificond event callback registered
05-28 10:09:06.726 476 476 D WifiCountryCode: Default country code from system property ro.boot.wificountrycode is CN
05-28 10:09:06.732 314 314 D XiriService: check file name: /data/data/com.android.localtransport/lib
05-28 10:09:06.732 314 314 D XiriService: check file name: /data/data/com.android.localtransport/lib
05-28 10:09:06.732 314 314 D XiriService: check file name: /data/data/com.android.localtransport/lib
05-28 10:09:06.732 314 314 D XiriService: check file name: /data/data/com.android.localtransport/lib
05-28 10:09:06.737 476 476 D WakeupController: WifiWake enabled
05-28 10:09:06.740 476 476 V HistoricalRegistry: Interaction before persistence initialized
05-28 10:09:06.741 314 314 D XiriService: check file name: /data/data/com.android.localtransport/lib
05-28 10:09:06.741 314 314 D XiriService: check file name: /data/data/com.android.localtransport/lib
05-28 10:09:06.742 314 314 D XiriService: check file name: /data/data/com.android.localtransport/lib
05-28 10:09:06.743 314 314 D XiriService: check file name: /data/data/com.android.packageinstaller/lib
05-28 10:09:06.754 314 314 D XiriService: check file name: /data/data/com.android.packageinstaller/lib
05-28 10:09:06.754 314 314 D XiriService: check file name: /data/data/com.android.packageinstaller/lib
05-28 10:09:06.754 314 314 D XiriService: check file name: /data/data/com.android.packageinstaller/lib
05-28 10:09:06.759 476 476 I WifiService: Registering wifi
05-28 10:09:06.760 476 476 I SystemServerTiming: StartWifiScanning
05-28 10:09:06.761 476 476 I SystemServiceManager: Starting com.android.server.wifi.scanner.WifiScanningService
05-28 10:09:06.761 476 476 I WifiScanningService: Creating wifiscanner
05-28 10:09:06.770 476 476 I WifiScanningService: Publishing wifiscanner
05-28 10:09:06.771 314 314 D XiriService: check file name: /data/data/com.oranth.usbopenft/lib
05-28 10:09:06.771 314 314 D XiriService: check file name: /data/data/com.oranth.usbopenft/lib
05-28 10:09:06.772 314 314 D XiriService: check file name: /data/data/com.oranth.usbopenft/lib
05-28 10:09:06.772 314 314 D XiriService: check file name: /data/data/com.oranth.usbopenft/lib
05-28 10:09:06.772 476 476 I SystemServerTiming: StartWifiP2P
05-28 10:09:06.773 476 476 I SystemServiceManager: Starting com.android.server.wifi.p2p.WifiP2pService
05-28 10:09:06.781 476 476 I WifiP2pService: Registering wifip2p
05-28 10:09:06.781 314 314 D XiriService: check file name: /data/data/com.oranth.usbopenft/lib
05-28 10:09:06.782 476 476 I SystemServerTiming: StartEthernet
05-28 10:09:06.783 476 476 I SystemServiceManager: Starting com.android.server.ethernet.EthernetService
05-28 10:09:06.783 476 476 I EthernetService: Registering service ethernet
05-28 10:09:06.785 476 476 I SystemServerTiming: StartPacProxyService
05-28 10:09:06.785 314 314 D XiriService: check file name: /data/data/com.android.networkstack.tethering/lib
05-28 10:09:06.789 476 476 I SystemServerTiming: StartPppoe
05-28 10:09:06.790 476 476 I SystemServiceManager: Starting com.android.server.pppoe.PppoeService
05-28 10:09:06.791 476 476 I PppoeServiceImpl: Creating PppoeServiceImpl
05-28 10:09:06.794 314 314 D XiriService: check file name: /data/data/com.android.networkstack.tethering/lib
05-28 10:09:06.794 314 314 D XiriService: check file name: /data/data/com.android.networkstack.tethering/lib
05-28 10:09:06.794 314 314 D XiriService: check file name: /data/data/com.android.networkstack.tethering/lib
05-28 10:09:06.795 314 314 D XiriService: check file name: /data/data/com.android.networkstack.tethering/lib
05-28 10:09:06.802 314 314 D XiriService: check file name: /data/data/com.dangbei.lerad.etna.haqu/lib
05-28 10:09:06.803 314 314 D XiriService: check file name: /data/data/com.dangbei.lerad.etna.haqu/lib
05-28 10:09:06.804 314 314 D XiriService: check file name: /data/data/com.dangbei.lerad.etna.haqu/lib
05-28 10:09:06.804 314 314 D XiriService: check file name: /data/data/com.dangbei.lerad.etna.haqu/lib
05-28 10:09:06.809 476 476 I PppoeService: Registering service pppoe
05-28 10:09:06.810 476 476 I SystemServerTiming: StartConnectivityService
05-28 10:09:06.811 314 314 D XiriService: check file name: /data/data/com.dangbei.lerad.etna.haqu/lib
05-28 10:09:06.812 314 314 D XiriService: check file name: /data/data/com.dangbei.lerad.etna.haqu/lib
05-28 10:09:06.812 314 314 D XiriService: check file name: /data/data/com.dangbei.lerad.etna.haqu/lib
05-28 10:09:06.826 476 515 D SystemServerInitThreadPool: Finished executing START_FONT_MANAGER_SERVICE
05-28 10:09:06.832 476 476 I SystemServiceManager: Starting com.android.server.ConnectivityServiceInitializer
05-28 10:09:06.847 314 314 D XiriService: check file name: /data/data/com.oranth.powerwindow/lib
05-28 10:09:06.847 314 314 D XiriService: check file name: /data/data/com.oranth.powerwindow/lib
05-28 10:09:06.850 314 314 D XiriService: check file name: /data/data/com.oranth.powerwindow/lib
05-28 10:09:06.851 314 314 D XiriService: check file name: /data/data/com.oranth.powerwindow/lib
05-28 10:09:06.851 245 245 I Zygote : ...preloaded 7337 classes in 891ms.
05-28 10:09:06.857 476 476 D ConnectivityService: ConnectivityService starting up
05-28 10:09:06.858 314 314 D XiriService: check file name: /data/data/com.oranth.powerwindow/lib
05-28 10:09:06.858 314 314 D XiriService: check file name: /data/data/com.oranth.powerwindow/lib
05-28 10:09:06.858 245 245 D ApplicationLoaders: Created zygote-cached class loader: /system/framework/android.hidl.base-V1.0-java.jar
05-28 10:09:06.858 314 314 D XiriService: check file name: /data/data/com.oranth.powerwindow/lib
05-28 10:09:06.858 314 314 D XiriService: check file name: /data/data/com.oranth.powerwindow/lib
05-28 10:09:06.861 476 476 D pppoeNRI:: uid/pid:1000/476 activeRequest: null callbackRequest: 5 [NetworkRequest [ REQUEST id=5, [ Transports: PPPOE Capabilities: INTERNET&NOT_RESTRICTED&TRUSTED&NOT_VPN&NOT_VCN_MANAGED RequestorUid: 1000 RequestorPkg: android] ]] callback flags: 1 priority: 2147483647
05-28 10:09:06.863 245 245 D ApplicationLoaders: Created zygote-cached class loader: /system/framework/android.hidl.manager-V1.0-java.jar
05-28 10:09:06.867 245 245 D ApplicationLoaders: Created zygote-cached class loader: /system/framework/android.test.base.jar
05-28 10:09:06.868 245 245 I Zygote : Preloading resources...
05-28 10:09:06.874 476 476 E TAG : Exception = android.content.pm.PackageManager$NameNotFoundException: android.telephony.cts
05-28 10:09:06.874 314 314 D XiriService: check file name: /data/data/com.android.networkstack.permissionconfig/lib
05-28 10:09:06.875 314 314 D XiriService: check file name: /data/data/com.android.networkstack.permissionconfig/lib
05-28 10:09:06.875 476 476 E TAG : Exception = android.content.pm.PackageManager$NameNotFoundException: android.net.cts
05-28 10:09:06.875 314 314 D XiriService: check file name: /data/data/com.android.networkstack.permissionconfig/lib
05-28 10:09:06.875 314 314 D XiriService: check file name: /data/data/com.android.networkstack.permissionconfig/lib
05-28 10:09:06.887 314 314 D XiriService: check file name: /data/data/com.android.networkstack.permissionconfig/lib
05-28 10:09:06.887 314 314 D XiriService: check file name: /data/data/com.android.networkstack.permissionconfig/lib
05-28 10:09:06.888 314 314 D XiriService: check file name: /data/data/com.android.networkstack.permissionconfig/lib
05-28 10:09:06.888 314 314 D XiriService: check file name: /data/data/com.android.networkstack.permissionconfig/lib
05-28 10:09:06.890 245 245 W Resources: Preloaded drawable resource #0x1080286 (android:drawable/dialog_background_material) that varies with configuration!!
05-28 10:09:06.897 314 314 D XiriService: check file name: /data/data/com.dangbei.lerad.screensaver/lib
05-28 10:09:06.897 314 314 D XiriService: check file name: /data/data/com.dangbei.lerad.screensaver/lib
05-28 10:09:06.892 314 314 I xiriservice_All: type=1400 audit(0.0:325): avc: denied { search } for name="com.dangbei.lerad.screensaver" dev="mmcblk0p25" ino=1185 scontext=u:r:init:s0 tcontext=u:object_r:app_data_file:s0:c47,c256,c512,c768 tclass=dir permissive=1
05-28 10:09:06.896 314 314 I xiriservice_All: type=1400 audit(0.0:326): avc: denied { read } for name="lib" dev="mmcblk0p25" ino=3466 scontext=u:r:init:s0 tcontext=u:object_r:app_data_file:s0:c47,c256,c512,c768 tclass=lnk_file permissive=1
05-28 10:09:06.898 314 314 D XiriService: check file name: /data/data/com.dangbei.lerad.screensaver/lib
05-28 10:09:06.898 314 314 D XiriService: check file name: /data/data/com.dangbei.lerad.screensaver/lib
05-28 10:09:06.904 476 476 D CompatibilityChangeReporter: Compat change id reported: 182478738; UID 1000; state: ENABLED
05-28 10:09:06.906 314 314 D XiriService: check file name: /data/data/com.dangbei.lerad.screensaver/lib
05-28 10:09:06.907 314 314 D XiriService: check file name: /data/data/com.dangbei.lerad.screensaver/lib
05-28 10:09:06.915 476 476 I ConnectivityServiceInitializer: Registering connectivity
05-28 10:09:06.921 476 476 I SystemServerTiming: StartVpnManagerService
05-28 10:09:06.925 476 476 D VpnManagerService: VpnManagerService starting up
05-28 10:09:06.926 476 476 I SystemServerTiming: StartVcnManagementService
05-28 10:09:06.931 476 476 I SystemServerTiming: StartNsdService
05-28 10:09:06.932 476 476 D NsdService: Network service discovery is enabled
05-28 10:09:06.934 245 245 I Zygote : ...preloaded 64 resources in 66ms.
05-28 10:09:06.935 476 476 I SystemServerTiming: StartSystemUpdateManagerService
05-28 10:09:06.936 476 476 I SystemUpdateManagerService: No existing info file /data/system/system-update-info.xml
05-28 10:09:06.937 476 476 I SystemServerTiming: StartUpdateLockService
05-28 10:09:06.939 476 476 I SystemServerTiming: StartNotificationManager
05-28 10:09:06.939 476 476 I SystemServiceManager: Starting com.android.server.notification.NotificationManagerService
05-28 10:09:06.945 245 245 I Zygote : ...preloaded 41 resources in 10ms.
05-28 10:09:06.946 314 314 D XiriService: check file name: /data/data/com.android.wallpaperbackup/lib
05-28 10:09:06.946 314 314 D XiriService: check file name: /data/data/com.android.wallpaperbackup/lib
05-28 10:09:06.946 314 314 D XiriService: check file name: /data/data/com.android.wallpaperbackup/lib
05-28 10:09:06.946 314 314 D XiriService: check file name: /data/data/com.android.wallpaperbackup/lib
05-28 10:09:06.956 476 476 D ConditionProviders.SCP: new ScheduleConditionProvider()
05-28 10:09:06.959 314 314 D XiriService: check file name: /data/data/com.android.wallpaperbackup/lib
05-28 10:09:06.960 314 314 D XiriService: check file name: /data/data/com.android.wallpaperbackup/lib
05-28 10:09:06.960 314 314 D XiriService: check file name: /data/data/com.android.wallpaperbackup/lib
05-28 10:09:06.960 314 314 D XiriService: check file name: /data/data/com.android.wallpaperbackup/lib
05-28 10:09:06.974 314 314 D XiriService: check file name: /data/data/com.android.providers.media.module/lib
05-28 10:09:06.974 314 314 D XiriService: check file name: /data/data/com.android.providers.media.module/lib
05-28 10:09:06.974 245 245 D libEGL : loaded /vendor/lib/egl/libGLES_mali.so
05-28 10:09:06.972 314 314 I xiriservice_All: type=1400 audit(0.0:327): avc: denied { search } for name="com.android.providers.media.module" dev="mmcblk0p25" ino=1259 scontext=u:r:init:s0 tcontext=u:object_r:privapp_data_file:s0:c74,c256,c512,c768 tclass=dir permissive=1
05-28 10:09:06.975 314 314 D XiriService: check file name: /data/data/com.android.providers.media.module/lib
05-28 10:09:06.972 314 314 I xiriservice_All: type=1400 audit(0.0:328): avc: denied { read } for name="lib" dev="mmcblk0p25" ino=3470 scontext=u:r:init:s0 tcontext=u:object_r:privapp_data_file:s0:c74,c256,c512,c768 tclass=lnk_file permissive=1
05-28 10:09:06.978 476 476 I NotificationAssistants: Read notification assistant permissions from xml
05-28 10:09:06.978 476 476 I ConditionProviders: Read condition provider permissions from xml
05-28 10:09:06.978 476 476 I ConditionProviders: Read condition provider permissions from xml
05-28 10:09:06.979 476 476 D NotificationAssistants: Approving default notification assistant for user 0
05-28 10:09:06.979 476 476 I ConditionProviders: Allowing condition provider android.ext.services/android.ext.services.notification.Assistant (userSet: true)
05-28 10:09:06.982 476 476 D CompatibilityChangeReporter: Compat change id reported: 147600208; UID 1000; state: ENABLED
05-28 10:09:06.982 314 314 D XiriService: check file name: /data/data/com.android.providers.media.module/lib
05-28 10:09:06.982 314 314 D XiriService: check file name: /data/data/com.android.providers.media.module/lib
05-28 10:09:06.982 314 314 D XiriService: check file name: /data/data/com.android.providers.media.module/lib
05-28 10:09:06.984 476 476 D CompatibilityChangeReporter: Compat change id reported: 157233955; UID 1000; state: ENABLED
05-28 10:09:06.990 314 314 D XiriService: check file name: /data/data/com.oranth.storage/lib
05-28 10:09:06.990 314 314 D XiriService: check file name: /data/data/com.oranth.storage/lib
05-28 10:09:06.991 314 314 D XiriService: check file name: /data/data/com.oranth.storage/lib
05-28 10:09:06.991 314 314 D XiriService: check file name: /data/data/com.oranth.storage/lib
05-28 10:09:06.994 476 476 I SystemServerTiming: StartDeviceMonitor
05-28 10:09:06.994 476 476 I SystemServiceManager: Starting com.android.server.storage.DeviceStorageMonitorService
05-28 10:09:06.996 476 476 I SystemServerTiming: StartLocationManagerService
05-28 10:09:06.996 476 476 I SystemServiceManager: Starting com.android.server.location.LocationManagerService$Lifecycle
05-28 10:09:06.998 314 314 D XiriService: check file name: /data/data/com.oranth.storage/lib
05-28 10:09:06.998 314 314 D XiriService: check file name: /data/data/com.oranth.storage/lib
05-28 10:09:06.999 314 314 D XiriService: check file name: /data/data/com.oranth.storage/lib
05-28 10:09:06.999 314 314 D XiriService: check file name: /data/data/com.oranth.storage/lib
05-28 10:09:07.005 476 476 I SystemServerTiming: StartCountryDetectorService
05-28 10:09:07.007 476 476 I SystemServerTiming: StartTimeDetectorService
05-28 10:09:07.007 476 476 I SystemServiceManager: Starting com.android.server.timedetector.TimeDetectorService$Lifecycle
05-28 10:09:07.009 476 476 I SystemServerTiming: StartTimeZoneDetectorService
05-28 10:09:07.010 476 476 I SystemServiceManager: Starting com.android.server.timezonedetector.TimeZoneDetectorService$Lifecycle
05-28 10:09:07.012 476 476 I SystemServerTiming: StartLocationTimeZoneManagerService
05-28 10:09:07.012 476 476 I SystemServiceManager: Starting com.android.server.timezonedetector.location.LocationTimeZoneManagerService$Lifecycle
05-28 10:09:07.013 476 476 I SystemServerTiming: StartSearchManagerService
05-28 10:09:07.014 476 476 I SystemServiceManager: Starting com.android.server.search.SearchManagerService$Lifecycle
05-28 10:09:07.016 476 476 I SystemServerTiming: StartWallpaperManagerService
05-28 10:09:07.016 476 476 I SystemServiceManager: Starting com.android.server.wallpaper.WallpaperManagerService$Lifecycle
05-28 10:09:07.017 476 476 I SystemServerTiming: StartAudioService
05-28 10:09:07.017 476 476 I SystemServiceManager: Starting com.android.server.audio.AudioService$Lifecycle
05-28 10:09:07.019 314 314 D XiriService: check file name: /data/data/com.dangbei.haqusetting/lib
05-28 10:09:07.019 314 314 D XiriService: check file name: /data/data/com.dangbei.haqusetting/lib
05-28 10:09:07.020 314 314 D XiriService: check file name: /data/data/com.dangbei.haqusetting/lib
05-28 10:09:07.020 314 314 D XiriService: check file name: /data/data/com.dangbei.haqusetting/lib
05-28 10:09:07.027 314 314 D XiriService: check file name: /data/data/com.dangbei.haqusetting/lib
05-28 10:09:07.027 314 314 D XiriService: check file name: /data/data/com.dangbei.haqusetting/lib
05-28 10:09:07.027 314 314 D XiriService: check file name: /data/data/com.dangbei.haqusetting/lib
05-28 10:09:07.027 314 314 D XiriService: check file name: /data/data/com.dangbei.haqusetting/lib
05-28 10:09:07.034 476 476 I android_os_HwBinder: HwBinder: Starting thread pool for getting: android.hidl.manager@1.0::IServiceManager/default
05-28 10:09:07.042 269 447 W AudioFlinger: no wake lock to update, system not ready yet
05-28 10:09:07.044 314 314 D XiriService: check file name: /data/data/com.softwinner.miracastReceiver/lib
05-28 10:09:07.044 314 314 D XiriService: check file name: /data/data/com.softwinner.miracastReceiver/lib
05-28 10:09:07.044 314 314 D XiriService: check file name: /data/data/com.softwinner.miracastReceiver/lib
05-28 10:09:07.044 314 314 D XiriService: check file name: /data/data/com.softwinner.miracastReceiver/lib
05-28 10:09:07.051 314 314 D XiriService: check file name: /data/data/com.softwinner.miracastReceiver/lib
05-28 10:09:07.051 314 314 D XiriService: check file name: /data/data/com.softwinner.miracastReceiver/lib
05-28 10:09:07.051 314 314 D XiriService: check file name: /data/data/com.softwinner.miracastReceiver/lib
05-28 10:09:07.051 269 570 D PermissionCache: checking android.permission.MODIFY_AUDIO_ROUTING for uid=1000 => granted (1819 us)
05-28 10:09:07.051 314 314 D XiriService: check file name: /data/data/com.softwinner.miracastReceiver/lib
05-28 10:09:07.058 314 314 D XiriService: check file name: /data/data/com.android.bluetooth/lib
05-28 10:09:07.058 314 314 D XiriService: check file name: /data/data/com.android.bluetooth/lib
05-28 10:09:07.056 314 314 I xiriservice_All: type=1400 audit(0.0:329): avc: denied { read } for name="lib" dev="mmcblk0p25" ino=3478 scontext=u:r:init:s0 tcontext=u:object_r:bluetooth_data_file:s0 tclass=lnk_file permissive=1
05-28 10:09:07.059 314 314 D XiriService: check file name: /data/data/com.android.bluetooth/lib
05-28 10:09:07.059 314 314 D XiriService: check file name: /data/data/com.android.bluetooth/lib
05-28 10:09:07.065 269 442 D PermissionCache: checking android.permission.MODIFY_AUDIO_SETTINGS for uid=1000 => granted (143 us)
05-28 10:09:07.065 314 314 D XiriService: check file name: /data/data/com.android.bluetooth/lib
05-28 10:09:07.066 314 314 D XiriService: check file name: /data/data/com.android.bluetooth/lib
05-28 10:09:07.066 314 314 D XiriService: check file name: /data/data/com.android.bluetooth/lib
05-28 10:09:07.067 314 314 D XiriService: check file name: /data/data/com.android.bluetooth/lib
05-28 10:09:07.073 245 245 I Zygote : Preloading shared libraries...
05-28 10:09:07.073 269 442 D AudioFlinger: isLowRamDevice:false totalMemory:2055442432 mClientSharedHeapSize:4194304
05-28 10:09:07.075 476 476 I SystemServerTiming: StartSoundTriggerMiddlewareService
05-28 10:09:07.075 476 476 I SystemServiceManager: Starting com.android.server.soundtrigger_middleware.SoundTriggerMiddlewareService$Lifecycle
05-28 10:09:07.076 476 476 D SoundTriggerMiddlewareService: Connecting to default ISoundTriggerHw
05-28 10:09:07.077 183 183 I hwservicemanager: getTransport: Cannot find entry android.hardware.soundtrigger@2.0::ISoundTriggerHw/default in either framework or device VINTF manifest.
05-28 10:09:07.081 245 245 I Zygote : Called ZygoteHooks.endPreload()
05-28 10:09:07.082 476 476 E SoundTriggerMiddlewareImpl: Failed to add a SoundTriggerModule instance
05-28 10:09:07.082 476 476 E SoundTriggerMiddlewareImpl: java.util.NoSuchElementException
05-28 10:09:07.082 476 476 E SoundTriggerMiddlewareImpl: at android.os.HwBinder.getService(Native Method)
05-28 10:09:07.082 476 476 E SoundTriggerMiddlewareImpl: at android.hardware.soundtrigger.V2_0.ISoundTriggerHw.getService(ISoundTriggerHw.java:57)
05-28 10:09:07.082 476 476 E SoundTriggerMiddlewareImpl: at android.hardware.soundtrigger.V2_0.ISoundTriggerHw.getService(ISoundTriggerHw.java:64)
05-28 10:09:07.082 476 476 E SoundTriggerMiddlewareImpl: at com.android.server.soundtrigger_middleware.SoundTriggerMiddlewareService$Lifecycle.lambda$onStart$0(SoundTriggerMiddlewareService.java:238)
05-28 10:09:07.082 476 476 E SoundTriggerMiddlewareImpl: at com.android.server.soundtrigger_middleware.SoundTriggerMiddlewareService$Lifecycle$$ExternalSyntheticLambda0.create(Unknown Source:0)
05-28 10:09:07.082 476 476 E SoundTriggerMiddlewareImpl: at com.android.server.soundtrigger_middleware.SoundTriggerModule.attachToHal(SoundTriggerModule.java:222)
05-28 10:09:07.082 476 476 E SoundTriggerMiddlewareImpl: at com.android.server.soundtrigger_middleware.SoundTriggerModule.(SoundTriggerModule.java:112)
05-28 10:09:07.082 476 476 E SoundTriggerMiddlewareImpl: at com.android.server.soundtrigger_middleware.SoundTriggerMiddlewareImpl.(SoundTriggerMiddlewareImpl.java:89)
05-28 10:09:07.082 476 476 E SoundTriggerMiddlewareImpl: at com.android.server.soundtrigger_middleware.SoundTriggerMiddlewareService$Lifecycle.onStart(SoundTriggerMiddlewareService.java:244)
05-28 10:09:07.082 476 476 E SoundTriggerMiddlewareImpl: at com.android.server.SystemServiceManager.startService(SystemServiceManager.java:205)
05-28 10:09:07.082 476 476 E SoundTriggerMiddlewareImpl: at com.android.server.SystemServiceManager.startService(SystemServiceManager.java:192)
05-28 10:09:07.082 476 476 E SoundTriggerMiddlewareImpl: at com.android.server.SystemServer.startOtherServices(SystemServer.java:2161)
05-28 10:09:07.082 476 476 E SoundTriggerMiddlewareImpl: at com.android.server.SystemServer.run(SystemServer.java:928)
05-28 10:09:07.082 476 476 E SoundTriggerMiddlewareImpl: at com.android.server.SystemServer.main(SystemServer.java:628)
05-28 10:09:07.082 476 476 E SoundTriggerMiddlewareImpl: at java.lang.reflect.Method.invoke(Native Method)
05-28 10:09:07.082 476 476 E SoundTriggerMiddlewareImpl: at com.android.internal.os.RuntimeInit$MethodAndArgsCaller.run(RuntimeInit.java:548)
05-28 10:09:07.082 476 476 E SoundTriggerMiddlewareImpl: at com.android.internal.os.ZygoteInit.main(ZygoteInit.java:1160)
05-28 10:09:07.083 245 245 I Zygote : Installed AndroidKeyStoreProvider in 1ms.
05-28 10:09:07.087 476 476 I SystemServerTiming: StartDockObserver
05-28 10:09:07.087 476 476 I SystemServiceManager: Starting com.android.server.DockObserver
05-28 10:09:07.088 269 442 I CaptureStateNotifier: Registering a listener
05-28 10:09:07.088 476 476 W DockObserver: This kernel does not have dock station support
05-28 10:09:07.090 476 629 I SoundTriggerMiddlewareLogging: setCaptureState[this=com.android.server.soundtrigger_middleware.SoundTriggerMiddlewareImpl@32be318, client=null](false)
05-28 10:09:07.092 476 476 I SystemServerTiming: StartWiredAccessoryManager
05-28 10:09:07.093 476 476 I SystemServer: Audio device manager Observer
05-28 10:09:07.093 476 476 E Environment: Path requests must specify a user by using UserEnvironment
05-28 10:09:07.093 476 476 E Environment: java.lang.Throwable
05-28 10:09:07.093 476 476 E Environment: at android.os.Environment.throwIfUserRequired(Environment.java:1449)
05-28 10:09:07.093 476 476 E Environment: at android.os.Environment.getExternalStorageDirectory(Environment.java:707)
05-28 10:09:07.093 476 476 E Environment: at com.android.server.SystemServer.startOtherServices(SystemServer.java:2192)
05-28 10:09:07.093 476 476 E Environment: at com.android.server.SystemServer.run(SystemServer.java:928)
05-28 10:09:07.093 476 476 E Environment: at com.android.server.SystemServer.main(SystemServer.java:628)
05-28 10:09:07.093 476 476 E Environment: at java.lang.reflect.Method.invoke(Native Method)
05-28 10:09:07.093 476 476 E Environment: at com.android.internal.os.RuntimeInit$MethodAndArgsCaller.run(RuntimeInit.java:548)
05-28 10:09:07.093 476 476 E Environment: at com.android.internal.os.ZygoteInit.main(ZygoteInit.java:1160)
05-28 10:09:07.097 476 476 W StorageManagerService: No primary storage defined yet; hacking together a stub
05-28 10:09:07.098 476 537 I DropBoxManagerService: add tag=system_server_wtf isTagEnabled=true flags=0x2
05-28 10:09:07.099 245 245 I Zygote : Warmed up JCA providers in 16ms.
05-28 10:09:07.099 476 568 I PackageManager: Deferred reconcileAppsData finished 98 packages
05-28 10:09:07.099 476 568 D SystemServerInitThreadPool: Finished executing prepareAppData
05-28 10:09:07.099 245 245 D Zygote : end preload
05-28 10:09:07.100 476 525 D SystemServerInitThreadPool: Finished executing SecondaryZygotePreload
05-28 10:09:07.107 476 476 W system_server: ClassLoaderContext parent mismatch. (PCL[] | PCL[];PCL[/system/framework/com.android.location.provider.jar*3633238673:/system/framework/services.jar*324275400:/system/framework/services.jar!classes2.dex*606410504:/system/framework/ethernet-service.jar*655162001:/system/framework/pppoe-service.jar*2082030846:/apex/com.android.appsearch/javalib/service-appsearch.jar*4100577803:/apex/com.android.media/javalib/service-media-s.jar*3881732923:/apex/com.android.permission/javalib/service-permission.jar*62506796])
05-28 10:09:07.114 476 476 D DisplayOutputManager: ro.build.characteristics=homlet
05-28 10:09:07.116 182 182 E SELinux : avc: denied { find } for pid=476 uid=1000 name=vendor.display.output.IDisplayOutputManager/default scontext=u:r:system_server:s0 tcontext=u:object_r:hal_awdisplayoutput_service:s0 tclass=service_manager permissive=1
05-28 10:09:07.116 182 182 I servicemanager: Found vendor.display.output.IDisplayOutputManager/default in device VINTF manifest.
05-28 10:09:07.119 476 476 D HomletDisplayOutputManager: get IDisplayOutputManager service success
05-28 10:09:07.120 476 476 D AudioManagerEx: AudioManagerEx
05-28 10:09:07.120 476 476 D AudioDeviceManagerObserver: AudioDeviceManagerObserver construct
05-28 10:09:07.121 476 476 I SystemServerTiming: StartMidiManager
05-28 10:09:07.121 476 476 I SystemServiceManager: Starting com.android.server.midi.MidiService$Lifecycle
05-28 10:09:07.122 476 476 I SystemServerTiming: StartAdbService
05-28 10:09:07.122 476 476 I SystemServiceManager: Starting com.android.server.adb.AdbService$Lifecycle
05-28 10:09:07.125 476 476 I SystemServerTiming: StartUsbService
05-28 10:09:07.125 476 476 I SystemServiceManager: Starting com.android.server.usb.UsbService$Lifecycle
05-28 10:09:07.125 476 476 I SystemServerTiming: StartSerialService
05-28 10:09:07.125 476 576 I SystemServerTimingAsync: InitThreadPoolExec:UsbService$Lifecycle#onStart
05-28 10:09:07.125 476 576 D SystemServerInitThreadPool: Started executing UsbService$Lifecycle#onStart
05-28 10:09:07.126 476 476 I SystemServerTiming: StartHardwarePropertiesManagerService
05-28 10:09:07.127 183 183 I hwservicemanager: getTransport: Cannot find entry android.hardware.thermal@1.0::IThermal/default in either framework or device VINTF manifest.
05-28 10:09:07.128 476 476 E HardwarePropertiesManagerService-JNI: Unable to get Thermal service.
05-28 10:09:07.129 476 476 I SystemServerTiming: StartTwilightService
05-28 10:09:07.129 476 476 I SystemServiceManager: Starting com.android.server.twilight.TwilightService
05-28 10:09:07.129 476 576 E UsbDeviceManager: failed to write to /sys/class/android_usb/android0/f_rndis/ethaddr
05-28 10:09:07.129 476 476 I SystemServerTiming: StartColorDisplay
05-28 10:09:07.129 476 476 I SystemServiceManager: Starting com.android.server.display.color.ColorDisplayService
05-28 10:09:07.131 476 576 I android_os_HwBinder: HwBinder: Starting thread pool for getting: android.hardware.usb.gadget@1.0::IUsbGadget/default
05-28 10:09:07.132 476 476 I SystemServerTiming: StartJobScheduler
05-28 10:09:07.133 476 476 I SystemServiceManager: Starting com.android.server.job.JobSchedulerService
01-01 08:00:19.142 576 576 I : read descriptors
01-01 08:00:19.142 576 576 I : read strings
01-01 08:00:19.142 576 576 I : read descriptors
01-01 08:00:19.142 576 576 I : read strings
05-28 10:09:07.139 476 576 W StorageManagerService: No primary storage defined yet; hacking together a stub
05-28 10:09:07.140 476 576 I android_os_HwBinder: HwBinder: Starting thread pool for getting: android.hidl.manager@1.0::IServiceManager/default
05-28 10:09:07.141 476 554 I UsbDeviceManager: Usb gadget hal service started android.hardware.usb.gadget@1.0::IUsbGadget default
05-28 10:09:07.142 476 576 I android_os_HwBinder: HwBinder: Starting thread pool for getting: android.hardware.usb.gadget@1.0::IUsbGadget/default
05-28 10:09:07.146 476 518 I android_os_HwBinder: HwBinder: Starting thread pool for getting: android.hardware.usb.gadget@1.0::IUsbGadget/default
05-28 10:09:07.147 476 476 D JobStore: Start tag: job-info
05-28 10:09:07.149 476 476 W JobStore: Periodic job for uid='10073' persisted run-time is too big [361:36:03, 721:36:03]. Clamping to [360:00:17,720:00:17]
05-28 10:09:07.150 476 518 E UsbDeviceManager: prcessing MSG_GET_CURRENT_USB_FUNCTIONS
05-28 10:09:07.150 476 518 E UsbDeviceManager: updating mCurrentFunctions
05-28 10:09:07.150 476 518 E UsbDeviceManager: mCurrentFunctions:0applied:1
05-28 10:09:07.152 476 576 I android_os_HwBinder: HwBinder: Starting thread pool for getting: android.hidl.manager@1.0::IServiceManager/default
05-28 10:09:07.154 476 633 I UsbPortManager: Usb hal service started android.hardware.usb@1.0::IUsb default
05-28 10:09:07.155 476 476 W JobStore: Periodic job for uid='10057' persisted run-time is too big [26:36:05, 51:36:05]. Clamping to [25:00:17,50:00:17]
05-28 10:09:07.156 476 576 I android_os_HwBinder: HwBinder: Starting thread pool for getting: android.hardware.usb@1.0::IUsb/default
05-28 10:09:07.157 476 476 W JobStore: Periodic job for uid='10057' persisted run-time is too big [1:56:05, 2:06:05]. Clamping to [15:17,25:17]
05-28 10:09:07.158 265 265 I android.hardware.usb@1.0-service: registering callback
05-28 10:09:07.158 265 265 E android.hardware.usb@1.0-service: Failed to open /sys/class/typec
05-28 10:09:07.159 265 634 E android.hardware.usb@1.0-service: creating thread
05-28 10:09:07.162 476 476 W JobStore: Periodic job for uid='1000' persisted run-time is too big [25:35:59, 49:35:59]. Clamping to [24:00:17,48:00:17]
05-28 10:09:07.162 476 576 I UsbPortManager: USB HAL version: 10
05-28 10:09:07.163 476 476 I JobStore: Read 5 jobs
05-28 10:09:07.167 476 576 D SystemServerInitThreadPool: Finished executing UsbService$Lifecycle#onStart
05-28 10:09:07.169 476 615 D ConnectivityService: NetReassign [no changes]
05-28 10:09:07.175 476 476 V HistoricalRegistry: Interaction before persistence initialized
05-28 10:09:07.175 476 476 V HistoricalRegistry: Interaction before persistence initialized
05-28 10:09:07.175 476 476 W JobScheduler: !!! RTC not yet good; tracking time updates for job scheduling
05-28 10:09:07.176 476 476 I SystemServerTiming: StartSoundTrigger
05-28 10:09:07.177 476 476 I SystemServiceManager: Starting com.android.server.soundtrigger.SoundTriggerService
05-28 10:09:07.178 476 476 I SystemServerTiming: StartTrustManager
05-28 10:09:07.178 476 476 I SystemServiceManager: Starting com.android.server.trust.TrustManagerService
05-28 10:09:07.180 476 476 I SystemServerTiming: StartBackupManager
05-28 10:09:07.180 476 476 I SystemServiceManager: Starting com.android.server.backup.BackupManagerService$Lifecycle
05-28 10:09:07.188 476 476 I SystemServerTiming: StartAppWidgetService
05-28 10:09:07.188 476 476 I SystemServiceManager: Starting com.android.server.appwidget.AppWidgetService
05-28 10:09:07.192 476 476 I SystemServerTiming: StartVoiceRecognitionManager
