05-28 10:09:08.503 753 753 V GraphicsEnvironment: Neither updatable production driver nor prerelease driver is supported.
05-28 10:09:08.504 369 369 V C2Store : in ~ComponentModule
05-28 10:09:08.504 369 369 V C2Store : unloading dll
05-28 10:09:08.504 369 369 V C2Store : in init
05-28 10:09:08.504 369 369 V C2Store : loading dll
05-28 10:09:08.506 753 753 D NetworkSecurityConfig: No Network Security Config specified, using platform default
05-28 10:09:08.507 753 753 D NetworkSecurityConfig: No Network Security Config specified, using platform default
05-28 10:09:08.510 476 476 I system_server: getDeviceHalManifest: Successfully processed VINTF information
05-28 10:09:08.510 476 476 I system_server: getFrameworkHalManifest: Successfully processed VINTF information
05-28 10:09:08.510 476 476 I system_server: getFrameworkCompatibilityMatrix: Reading VINTF information.
01-01 08:00:20.514 311 311 E : get_key_map_info()187 - Failed to find "oe" in dts.
05-28 10:09:08.521 476 536 W BestClock: java.time.DateTimeException: Missing NTP fix
01-01 08:00:20.528 311 311 I : sunxi-gmac 5030000.eth eth0: eth0: Type(7) PHY ID 00441400 at 0 IRQ poll (5030000.eth-0:00)
05-28 10:09:08.526 476 536 W BestClock: java.time.DateTimeException: Missing NTP fix
05-28 10:09:08.529 369 369 V C2Store : in ~ComponentModule
05-28 10:09:08.529 369 369 V C2Store : unloading dll
05-28 10:09:08.530 369 369 V C2Store : in init
05-28 10:09:08.530 369 369 V C2Store : loading dll
05-28 10:09:08.532 476 518 W PppoeNetworkFactory: interfaceLinkStateChanged
05-28 10:09:08.532 476 518 D PppoeNetworkFactory: updateInterface: mIface: mPhyIface:eth0 iface:eth0 link:down
05-28 10:09:08.532 319 321 D XM_HIDREAD: add@ add@/devices/platform/unisoc_wifi/ieee80211/phy0
05-28 10:09:08.533 476 518 I EthernetTracker: interfaceLinkStateChanged, iface: eth0, up: false
05-28 10:09:08.538 319 321 D XM_HIDREAD: add@ add@/devices/platform/unisoc_wifi/ieee80211/phy0/rfkill2
05-28 10:09:08.541 476 518 W PppoeNetworkFactory: interfaceLinkStateChanged
05-28 10:09:08.542 476 518 D PppoeNetworkFactory: updateInterface: mIface: mPhyIface:eth0 iface:eth0 link:down
05-28 10:09:08.542 476 518 I EthernetTracker: interfaceLinkStateChanged, iface: eth0, up: false
05-28 10:09:08.543 369 369 V C2Store : in ~ComponentModule
05-28 10:09:08.543 369 369 V C2Store : unloading dll
05-28 10:09:08.544 369 369 V C2Store : in init
05-28 10:09:08.544 369 369 V C2Store : loading dll
05-28 10:09:08.550 379 379 I update_engine: [INFO:cleanup_previous_update_action.cc(112)] Executing task 5
05-28 10:09:08.552 663 663 E droid.bluetoot: [0528/100908.548464:ERROR:hal_version_manager.h(125)] HalVersionManager No supported HAL version
01-01 08:00:20.551 655 655 E sprdwl : __sprdwl_cmd_getbuf cant't get vif, ctx_id: 0
05-28 10:09:08.555 379 379 I update_engine: [INFO:cleanup_previous_update_action.cc(124)] CleanupPreviousUpdateAction scheduled task ID 6 for WaitBootCompleted
05-28 10:09:08.560 663 663 I droid.bluetoot: [0528/100908.557482:INFO:btif_config_cache.cc(61)] BtifConfigCache, capacity: 10000
05-28 10:09:08.562 476 536 W BestClock: java.time.DateTimeException: Missing NTP fix
05-28 10:09:08.562 369 369 V C2Store : in ~ComponentModule
05-28 10:09:08.563 369 369 V C2Store : unloading dll
05-28 10:09:08.563 369 369 V C2Store : in init
05-28 10:09:08.563 369 369 V C2Store : loading dll
05-28 10:09:08.570 319 321 D XM_HIDREAD: add@ add@/devices/platform/unisoc_wifi/net/wlan0
05-28 10:09:08.570 319 321 D XM_HIDREAD: add@ add@/devices/platform/unisoc_wifi/net/wlan0/queues/rx-0
05-28 10:09:08.570 319 321 D XM_HIDREAD: add@ add@/devices/platform/unisoc_wifi/net/wlan0/queues/tx-0
05-28 10:09:08.570 319 321 D XM_HIDREAD: add@ add@/devices/platform/unisoc_wifi/net/wlan1
05-28 10:09:08.570 319 321 D XM_HIDREAD: add@ add@/devices/platform/unisoc_wifi/net/wlan1/queues/rx-0
05-28 10:09:08.570 319 321 D XM_HIDREAD: add@ add@/devices/platform/unisoc_wifi/net/wlan1/queues/tx-0
05-28 10:09:08.572 476 536 W BestClock: java.time.DateTimeException: Missing NTP fix
05-28 10:09:08.573 476 518 W PppoeNetworkFactory: interfaceAdded
01-01 08:00:20.575 655 655 W unisoc_wifi wlan0: mixed HW and IP checksum settings.
01-01 08:00:20.576 655 655 W unisoc_wifi wlan1: mixed HW and IP checksum settings.
01-01 08:00:20.576 655 655 E unisoc_wifi wlan1: netif_napi_add() called with weight 128
05-28 10:09:08.579 319 321 D XM_HIDREAD: add@ add@/module/sprdwl_ng
05-28 10:09:08.580 476 649 D EthernetTracker: Tracking interface in client mode: eth0
05-28 10:09:08.580 655 655 D wifi_hal-auto-detect: libwifi hal name: libwifi-hal-sprd.so
05-28 10:09:08.580 476 649 D EthernetNetworkFactory: addInterface, iface: eth0, capabilities: [ Transports: ETHERNET Capabilities: NOT_METERED&INTERNET&NOT_RESTRICTED&TRUSTED&NOT_VPN&NOT_ROAMING&NOT_CONGESTED&NOT_SUSPENDED&NOT_VCN_MANAGED LinkUpBandwidth>=100000Kbps LinkDnBandwidth>=100000Kbps]
05-28 10:09:08.582 476 649 D EthernetNetworkFactory: updateCapabilityFilter: [ Transports: ETHERNET Capabilities: NOT_METERED&INTERNET&NOT_RESTRICTED&TRUSTED&NOT_VPN&NOT_ROAMING&NOT_CONGESTED&NOT_SUSPENDED&NOT_VCN_MANAGED]
05-28 10:09:08.583 476 649 D EthernetNetworkFactory: updateInterfaceLinkState, iface: eth0, up: false
05-28 10:09:08.583 476 649 D EthernetNetworkFactory: updateInterfaceLinkState, iface: eth0, up: false
05-28 10:09:08.584 476 649 D Ethernet: got request NetworkRequest [ REQUEST id=4, [ Transports: ETHERNET Capabilities: INTERNET&NOT_RESTRICTED&TRUSTED&NOT_VPN&NOT_VCN_MANAGED RequestorUid: 1000 RequestorPkg: android] ]
05-28 10:09:08.584 476 649 D EthernetNetworkFactory: acceptRequest, request: NetworkRequest [ REQUEST id=4, [ Transports: ETHERNET Capabilities: INTERNET&NOT_RESTRICTED&TRUSTED&NOT_VPN&NOT_VCN_MANAGED RequestorUid: 1000 RequestorPkg: android] ]
05-28 10:09:08.584 476 649 I EthernetNetworkFactory: networkForRequest, request: NetworkRequest [ REQUEST id=4, [ Transports: ETHERNET Capabilities: INTERNET&NOT_RESTRICTED&TRUSTED&NOT_VPN&NOT_VCN_MANAGED RequestorUid: 1000 RequestorPkg: android] ], network: null
05-28 10:09:08.584 476 649 D Ethernet: got request NetworkRequest [ REQUEST id=1, [ Capabilities: INTERNET&NOT_RESTRICTED&TRUSTED&NOT_VPN&NOT_VCN_MANAGED RequestorUid: 1000 RequestorPkg: android] ]
05-28 10:09:08.586 476 649 D EthernetNetworkFactory: acceptRequest, request: NetworkRequest [ REQUEST id=1, [ Capabilities: INTERNET&NOT_RESTRICTED&TRUSTED&NOT_VPN&NOT_VCN_MANAGED RequestorUid: 1000 RequestorPkg: android] ]
05-28 10:09:08.586 476 649 I EthernetNetworkFactory: networkForRequest, request: NetworkRequest [ REQUEST id=1, [ Capabilities: INTERNET&NOT_RESTRICTED&TRUSTED&NOT_VPN&NOT_VCN_MANAGED RequestorUid: 1000 RequestorPkg: android] ], network: null
05-28 10:09:08.587 476 649 D Ethernet: got request NetworkRequest [ REQUEST id=17, [ Capabilities: INTERNET&NOT_RESTRICTED&TRUSTED&NOT_VCN_MANAGED Uid: 1000 RequestorUid: 1000 RequestorPkg: android] ]
05-28 10:09:08.587 476 649 D EthernetNetworkFactory: acceptRequest, request: NetworkRequest [ REQUEST id=17, [ Capabilities: INTERNET&NOT_RESTRICTED&TRUSTED&NOT_VCN_MANAGED Uid: 1000 RequestorUid: 1000 RequestorPkg: android] ]
05-28 10:09:08.587 476 649 I EthernetNetworkFactory: networkForRequest, request: NetworkRequest [ REQUEST id=17, [ Capabilities: INTERNET&NOT_RESTRICTED&TRUSTED&NOT_VCN_MANAGED Uid: 1000 RequestorUid: 1000 RequestorPkg: android] ], network: null
05-28 10:09:08.587 476 649 D Ethernet: got request NetworkRequest [ REQUEST id=10, [ Capabilities: INTERNET&NOT_RESTRICTED&TRUSTED&NOT_VCN_MANAGED Uid: 1000 RequestorUid: 1000 RequestorPkg: android] ]
05-28 10:09:08.587 476 649 D EthernetNetworkFactory: acceptRequest, request: NetworkRequest [ REQUEST id=10, [ Capabilities: INTERNET&NOT_RESTRICTED&TRUSTED&NOT_VCN_MANAGED Uid: 1000 RequestorUid: 1000 RequestorPkg: android] ]
05-28 10:09:08.587 476 649 I EthernetNetworkFactory: networkForRequest, request: NetworkRequest [ REQUEST id=10, [ Capabilities: INTERNET&NOT_RESTRICTED&TRUSTED&NOT_VCN_MANAGED Uid: 1000 RequestorUid: 1000 RequestorPkg: android] ], network: null
05-28 10:09:08.588 655 655 I wifi@1.0-servic: type=1400 audit(0.0:344): avc: denied { read } for name="u:object_r:persist_vendor_debug_wifi_prop:s0" dev="tmpfs" ino=3874 scontext=u:r:hal_wifi_default:s0 tcontext=u:object_r:persist_vendor_debug_wifi_prop:s0 tclass=file permissive=1
05-28 10:09:08.588 655 655 I wifi@1.0-servic: type=1400 audit(0.0:345): avc: denied { open } for path="/dev/__properties__/u:object_r:persist_vendor_debug_wifi_prop:s0" dev="tmpfs" ino=3874 scontext=u:r:hal_wifi_default:s0 tcontext=u:object_r:persist_vendor_debug_wifi_prop:s0 tclass=file permissive=1
05-28 10:09:08.588 655 655 I wifi@1.0-servic: type=1400 audit(0.0:346): avc: denied { getattr } for path="/dev/__properties__/u:object_r:persist_vendor_debug_wifi_prop:s0" dev="tmpfs" ino=3874 scontext=u:r:hal_wifi_default:s0 tcontext=u:object_r:persist_vendor_debug_wifi_prop:s0 tclass=file permissive=1
05-28 10:09:08.588 655 655 I wifi@1.0-servic: type=1400 audit(0.0:347): avc: denied { map } for path="/dev/__properties__/u:object_r:persist_vendor_debug_wifi_prop:s0" dev="tmpfs" ino=3874 scontext=u:r:hal_wifi_default:s0 tcontext=u:object_r:persist_vendor_debug_wifi_prop:s0 tclass=file permissive=1
05-28 10:09:08.593 655 655 I android.hardware.wifi@1.0-service-lazy: Wifi HAL started
05-28 10:09:08.595 476 518 W PppoeNetworkFactory: interfaceAdded
05-28 10:09:08.597 476 518 W PppoeNetworkFactory: interfaceLinkStateChanged
05-28 10:09:08.599 779 779 I WebViewZygoteInit: Application preload done
05-28 10:09:08.599 476 608 I WifiVendorHal: Vendor Hal started successfully
05-28 10:09:08.600 476 518 D PppoeNetworkFactory: updateInterface: mIface: mPhyIface:eth0 iface:wlan0 link:down
05-28 10:09:08.601 476 518 D PppoeNetworkFactory: not tracker interface
05-28 10:09:08.602 476 536 W BestClock: java.time.DateTimeException: Missing NTP fix
05-28 10:09:08.605 476 518 I EthernetTracker: interfaceLinkStateChanged, iface: wlan0, up: false
05-28 10:09:08.606 369 369 V C2Store : in ~ComponentModule
05-28 10:09:08.606 476 518 W PppoeNetworkFactory: interfaceLinkStateChanged
05-28 10:09:08.606 476 518 D PppoeNetworkFactory: updateInterface: mIface: mPhyIface:eth0 iface:wlan1 link:down
05-28 10:09:08.606 476 518 D PppoeNetworkFactory: not tracker interface
05-28 10:09:08.606 476 518 I EthernetTracker: interfaceLinkStateChanged, iface: wlan1, up: false
05-28 10:09:08.607 369 369 V C2Store : unloading dll
05-28 10:09:08.607 369 369 V C2Store : in init
05-28 10:09:08.607 369 369 V C2Store : loading dll
05-28 10:09:08.609 476 536 W BestClock: java.time.DateTimeException: Missing NTP fix
05-28 10:09:08.616 655 655 W android.hardware.wifi@1.0-service-lazy: No active wlan interfaces in use! Using default
05-28 10:09:08.616 655 655 E android.hardware.wifi@1.0-service-lazy: Unknown iface name: wlan0
05-28 10:09:08.616 655 655 E android.hardware.wifi@1.0-service-lazy: Unknown iface name: wlan0
05-28 10:09:08.618 369 369 V C2Store : in ~ComponentModule
05-28 10:09:08.619 369 369 V C2Store : unloading dll
05-28 10:09:08.619 369 369 V C2Store : in init
05-28 10:09:08.619 369 369 V C2Store : loading dll
05-28 10:09:08.622 476 493 I system_server: Background concurrent copying GC freed 111927(5676KB) AllocSpace objects, 22(728KB) LOS objects, 49% free, 10138KB/19MB, paused 291us total 775.009ms
05-28 10:09:08.623 655 655 I WifiHAL : Initializing wifi
05-28 10:09:08.627 476 518 W PppoeNetworkFactory: interfaceLinkStateChanged
05-28 10:09:08.627 655 655 E WifiHAL : wifi_get_logger_supported_feature_set: Error -5 happened.
05-28 10:09:08.627 655 655 E WifiHAL : Failed to get supported logger feature set: -5
05-28 10:09:08.627 655 655 E WifiHAL : wifi_get_firmware_version: Error -5 happened.
05-28 10:09:08.627 655 655 E WifiHAL : Failed to get supported logger feature set: -5
05-28 10:09:08.628 655 655 E WifiHAL : get_firmware_bus_max_size_supported: requestResponse Error:-3
05-28 10:09:08.628 655 655 E WifiHAL : Failed to get supported bus size, error : -3
05-28 10:09:08.628 655 655 E WifiHAL : wifi_logger_ring_buffers_init: Ring buffer logging feature not supported 0
05-28 10:09:08.628 655 655 E WifiHAL : Wifi Logger Ring Initialization Failed
05-28 10:09:08.628 476 518 D PppoeNetworkFactory: updateInterface: mIface: mPhyIface:eth0 iface:wlan0 link:up
05-28 10:09:08.628 476 518 D PppoeNetworkFactory: not tracker interface
05-28 10:09:08.628 655 655 E WifiHAL : wifiGetCapabilities: Failed to send request, Error:-5
05-28 10:09:08.628 655 655 E WifiHAL : Failed to get wifi Capabilities, error: -5
05-28 10:09:08.628 476 518 I EthernetTracker: interfaceLinkStateChanged, iface: wlan0, up: true
05-28 10:09:08.628 655 655 I android.hardware.wifi@1.0-service-lazy: Adding interface handle for wlan1
05-28 10:09:08.629 655 655 I android.hardware.wifi@1.0-service-lazy: Adding interface handle for wlan0
05-28 10:09:08.629 655 655 W android.hardware.wifi@1.0-service-lazy: No active wlan interfaces in use! Using default
01-01 08:00:20.636 655 655 I ieee80211 phy0: sprdwl_vendor_get_support_feature
05-28 10:09:08.630 655 655 W android.hardware.wifi@1.0-service-lazy: No active wlan interfaces in use! Using default
05-28 10:09:08.630 655 655 E WifiHAL : wifi_get_driver_version: Error -5 happened.
05-28 10:09:08.630 655 655 E android.hardware.wifi@1.0-service-lazy: Failed to get driver version: INVALID_ARGS
05-28 10:09:08.630 655 655 I android.hardware.wifi@1.0-service-lazy: Configured chip in mode 3
05-28 10:09:08.630 655 655 W android.hardware.wifi@1.0-service-lazy: No active wlan interfaces in use! Using default
05-28 10:09:08.631 663 663 I BluetoothServiceJni: hal_util_load_bt_library: loaded Bluetooth library successfully
05-28 10:09:08.632 476 494 W JHwRemoteBinder: BinderProxy is being destroyed but the application did not call unlinkToDeath to unlink all of its death recipients beforehand. Releasing leaked death recipient: com.android.server.usb.UsbDeviceManager$UsbHandlerHal$UsbGadgetDeathRecipient
05-28 10:09:08.634 476 608 D HalDevMgr: updateRttController: no one is interested in RTT controllers
05-28 10:09:08.634 663 663 D BluetoothAdapterService: onCreate()
05-28 10:09:08.635 655 655 D WifiHAL : wifi_virtual_interface_create: ifname=wlan0 create
05-28 10:09:08.635 655 655 I android.hardware.wifi@1.0-service-lazy: Adding interface handle for wlan1
05-28 10:09:08.635 655 655 I android.hardware.wifi@1.0-service-lazy: Adding interface handle for wlan0
05-28 10:09:08.636 655 655 E android.hardware.wifi@1.0-service-lazy: Failed to set DFS flag; DFS channels may be unavailable.
05-28 10:09:08.642 369 369 V C2Store : in ~ComponentModule
05-28 10:09:08.643 369 369 V C2Store : unloading dll
05-28 10:09:08.643 369 369 V C2Store : in init
05-28 10:09:08.643 369 369 V C2Store : loading dll
05-28 10:09:08.644 655 655 I WifiHAL : mpdu_size_threshold : 128, aggressive_statistics_gathering : 0
05-28 10:09:08.644 655 655 E WifiHAL : wifi_set_link_stats: requestResponse Error:-5
05-28 10:09:08.647 476 608 E WifiVendorHal: enableLinkLayerStats(l.1461) failed {.code = ERROR_INVALID_ARGS, .description = }
05-28 10:09:08.647 476 476 I system_server: getFrameworkCompatibilityMatrix: Successfully processed VINTF information
05-28 10:09:08.647 476 476 I system_server: getDeviceCompatibilityMatrix: Reading VINTF information.
05-28 10:09:08.648 476 608 E WifiVendorHal: unable to enable link layer stats collection
05-28 10:09:08.648 476 608 D WifiNl80211Manager: Setting up interface for client mode: wlan0
05-28 10:09:08.649 359 359 I wificond: createClientInterface: wiphy_index 0 iface_name wlan0
05-28 10:09:08.652 369 369 I mediaswcodec: missing struct descriptor #Param::CoreIndex(--004) for field values of struct #Param::CoreIndex(F-12004)
05-28 10:09:08.653 476 476 I system_server: getDeviceCompatibilityMatrix: Successfully processed VINTF information
05-28 10:09:08.654 369 369 D C2SoftHevcEnc: Given level 6000 does not cover current configuration: adjusting to 6001
05-28 10:09:08.654 359 359 I wificond: create scanner for interface with index: 14
05-28 10:09:08.655 359 359 I wificond: subscribe scan result for interface with index: 14
05-28 10:09:08.655 369 369 V C2Store : in ~ComponentModule
05-28 10:09:08.655 369 369 V C2Store : unloading dll
05-28 10:09:08.655 369 369 V C2Store : in init
05-28 10:09:08.655 369 369 V C2Store : loading dll
05-28 10:09:08.661 476 536 W BestClock: java.time.DateTimeException: Missing NTP fix
05-28 10:09:08.661 369 369 V C2Store : in ~ComponentModule
05-28 10:09:08.661 369 369 V C2Store : unloading dll
05-28 10:09:08.661 359 359 I wificond: add channel type 0 support at wiphy index: 0
05-28 10:09:08.661 359 359 I wificond: add channel type 1 support at wiphy index: 0
05-28 10:09:08.663 476 536 W BestClock: java.time.DateTimeException: Missing NTP fix
05-28 10:09:08.665 476 608 I WifiNative: Interface state changed on Iface:{Name=wlan0,Id=0,Type=STA_SCAN}, isUp=true
05-28 10:09:08.665 369 369 V C2Store : in init
05-28 10:09:08.665 369 369 V C2Store : loading dll
05-28 10:09:08.666 476 608 I WifiNative: Successfully setup Iface:{Name=wlan0,Id=0,Type=STA_SCAN}
05-28 10:09:08.666 476 608 E SupplicantStaIfaceHal: checkHalVersionByInterfaceName: called but mServiceManager is null
05-28 10:09:08.666 476 608 E SupplicantStaIfaceHal: checkHalVersionByInterfaceName: called but mServiceManager is null
05-28 10:09:08.666 476 608 E SupplicantStaIfaceHal: Method getKeyMgmtCapabilities is not supported in existing HAL
05-28 10:09:08.666 476 608 E SupplicantStaIfaceHal: checkHalVersionByInterfaceName: called but mServiceManager is null
05-28 10:09:08.667 476 476 I SystemServerTiming: sendUserStartBroadcast
05-28 10:09:08.667 476 476 I SystemServerTiming: resumeTopActivities
05-28 10:09:08.668 476 476 I SystemServerTiming: sendUserSwitchBroadcasts
05-28 10:09:08.669 655 655 E WifiHAL : wifi_get_logger_supported_feature_set: Error -5 happened.
05-28 10:09:08.669 476 476 I SystemServerTiming: setBinderProxies
05-28 10:09:08.669 476 476 I SystemServerTiming: StartSystemUI
01-01 08:00:20.678 655 655 I ieee80211 phy0: sprdwl_vendor_get_support_feature
05-28 10:09:08.670 476 751 I ActivityManager: Process WebViewLoader-armeabi-v7a (pid 712) has died: psvc PER
05-28 10:09:08.670 476 539 I libprocessgroup: Successfully killed process cgroup uid 1037 pid 712 in 0ms
05-28 10:09:08.671 655 655 E WifiHAL : wifi_get_logger_supported_feature_set: Error -5 happened.
05-28 10:09:08.672 369 369 V C2Store : in ~ComponentModule
05-28 10:09:08.672 369 369 V C2Store : unloading dll
05-28 10:09:08.672 369 369 V C2Store : in init
05-28 10:09:08.672 369 369 V C2Store : loading dll
01-01 08:00:20.680 655 655 I ieee80211 phy0: sprdwl_vendor_get_support_feature
05-28 10:09:08.676 655 655 E WifiHAL : wifi_get_logger_supported_feature_set: Error -5 happened.
05-28 10:09:08.676 476 538 W ActivityManager: Slow operation: 272ms so far, now at startProcess: done updating battery stats
05-28 10:09:08.677 476 538 W ActivityManager: Slow operation: 272ms so far, now at startProcess: building log message
05-28 10:09:08.677 476 538 I ActivityManager: app.processName = com.android.se
05-28 10:09:08.677 476 538 I ActivityManager: Start proc 790:com.android.se/1068 for added application com.android.se
05-28 10:09:08.677 476 538 W ActivityManager: Slow operation: 272ms so far, now at startProcess: starting to update pids map
05-28 10:09:08.677 476 538 W ActivityManager: Slow operation: 272ms so far, now at startProcess: done updating pids map
05-28 10:09:08.678 476 521 I ActivityManager: com.android.tv.settings is exempt from freezer
05-28 10:09:08.679 476 521 D CompatibilityChangeReporter: Compat change id reported: 135634846; UID 1000; state: DISABLED
05-28 10:09:08.679 369 369 V C2Store : in ~ComponentModule
05-28 10:09:08.679 369 369 V C2Store : unloading dll
05-28 10:09:08.679 369 369 V C2Store : in init
05-28 10:09:08.679 369 369 V C2Store : loading dll
01-01 08:00:20.685 655 655 I ieee80211 phy0: sprdwl_vendor_get_support_feature
05-28 10:09:08.680 476 608 E SupplicantStaIfaceHal: checkHalVersionByInterfaceName: called but mServiceManager is null
05-28 10:09:08.680 476 608 E SupplicantStaIfaceHal: checkHalVersionByInterfaceName: called but mServiceManager is null
05-28 10:09:08.680 476 608 I SupplicantStaIfaceHal: Method getWpaDriverFeatureSet is not supported in existing HAL
05-28 10:09:08.681 476 608 D WifiClientModeManager[wlan0]: entering StartedState
05-28 10:09:08.687 369 369 V C2Store : in ~ComponentModule
05-28 10:09:08.687 369 369 V C2Store : unloading dll
05-28 10:09:08.688 369 369 V C2Store : in init
05-28 10:09:08.688 369 369 V C2Store : loading dll
05-28 10:09:08.688 476 750 D CompatibilityChangeReporter: Compat change id reported: 168419799; UID 1068; state: DISABLED
05-28 10:09:08.697 369 369 V C2Store : in ~ComponentModule
05-28 10:09:08.697 369 369 V C2Store : unloading dll
05-28 10:09:08.697 369 369 V C2Store : in init
05-28 10:09:08.697 369 369 V C2Store : loading dll
05-28 10:09:08.698 245 245 D Zygote : Forked child process 813
05-28 10:09:08.702 369 369 V C2Store : in ~ComponentModule
05-28 10:09:08.702 369 369 V C2Store : unloading dll
05-28 10:09:08.703 369 369 V C2Store : in init
05-28 10:09:08.703 369 369 V C2Store : loading dll
05-28 10:09:08.706 813 813 I Zygote : seccomp disabled by setenforce 0
05-28 10:09:08.707 790 790 D CompatibilityChangeReporter: Compat change id reported: 171979766; UID 1068; state: ENABLED
05-28 10:09:08.709 369 369 V C2Store : in ~ComponentModule
05-28 10:09:08.710 369 369 V C2Store : unloading dll
05-28 10:09:08.710 369 369 V C2Store : in init
05-28 10:09:08.710 369 369 V C2Store : loading dll
05-28 10:09:08.711 476 606 W BestClock: java.time.DateTimeException: Missing NTP fix
05-28 10:09:08.712 476 536 W BestClock: java.time.DateTimeException: Missing NTP fix
05-28 10:09:08.714 476 606 W BestClock: java.time.DateTimeException: Missing NTP fix
05-28 10:09:08.717 476 615 D ConnectivityService: Got NetworkProvider Messenger for VpnNetworkProvider:0
05-28 10:09:08.720 369 369 V C2Store : in ~ComponentModule
05-28 10:09:08.720 369 369 V C2Store : unloading dll
05-28 10:09:08.720 369 369 V C2Store : in init
05-28 10:09:08.720 369 369 V C2Store : loading dll
05-28 10:09:08.720 326 326 I rainbow_flow: type=1400 audit(0.0:348): avc: denied { ioctl } for path="/dev/spidev1.0" dev="tmpfs" ino=6381 ioctlcmd=0x6b00 scontext=u:r:init:s0 tcontext=u:object_r:device:s0 tclass=chr_file permissive=1
05-28 10:09:08.725 476 536 W BestClock: java.time.DateTimeException: Missing NTP fix
05-28 10:09:08.728 264 264 I EventThread: type=1400 audit(0.0:349): avc: denied { search } for name="extcon" dev="sysfs" ino=18109 scontext=u:r:hal_tv_cec_default:s0 tcontext=u:object_r:sysfs_extcon:s0 tclass=dir permissive=1
05-28 10:09:08.735 476 538 W ActivityManager: Slow operation: 58ms so far, now at startProcess: done updating battery stats
05-28 10:09:08.743 476 538 W ActivityManager: Slow operation: 66ms so far, now at startProcess: building log message
05-28 10:09:08.743 476 538 I ActivityManager: app.processName = com.android.tv.settings
05-28 10:09:08.743 476 538 I ActivityManager: Start proc 813:com.android.tv.settings/1000 for top-activity {com.android.tv.settings/com.android.tv.settings.system.FallbackHome}
05-28 10:09:08.744 476 538 W ActivityManager: Slow operation: 67ms so far, now at startProcess: starting to update pids map
05-28 10:09:08.744 476 538 W ActivityManager: Slow operation: 67ms so far, now at startProcess: done updating pids map
05-28 10:09:08.745 476 606 W BestClock: java.time.DateTimeException: Missing NTP fix
05-28 10:09:08.746 383 396 I adbd : jdwp connection from 813
05-28 10:09:08.749 476 606 W BestClock: java.time.DateTimeException: Missing NTP fix
05-28 10:09:08.754 476 606 W BestClock: java.time.DateTimeException: Missing NTP fix
05-28 10:09:08.756 476 476 D JNIMultiir: Multiir JNI_OnLoad()
05-28 10:09:08.757 663 663 D AdapterState: make() - Creating AdapterState
05-28 10:09:08.759 476 536 W BestClock: java.time.DateTimeException: Missing NTP fix
05-28 10:09:08.759 476 608 I android_os_HwBinder: HwBinder: Starting thread pool for getting: android.hidl.manager@1.0::IServiceManager/default
05-28 10:09:08.759 369 369 V C2Store : in ~ComponentModule
05-28 10:09:08.759 369 369 V C2Store : unloading dll
05-28 10:09:08.759 476 476 D JNIMultiir: init
05-28 10:09:08.759 369 369 V C2Store : in init
05-28 10:09:08.759 369 369 V C2Store : loading dll
05-28 10:09:08.762 476 536 W BestClock: java.time.DateTimeException: Missing NTP fix
05-28 10:09:08.770 476 606 W BestClock: java.time.DateTimeException: Missing NTP fix
05-28 10:09:08.772 369 369 I C2SoftVp8Enc: setting temporal layering 0 + 0
05-28 10:09:08.774 476 606 W BestClock: java.time.DateTimeException: Missing NTP fix
05-28 10:09:08.775 476 606 W BestClock: java.time.DateTimeException: Missing NTP fix
05-28 10:09:08.780 663 828 I AdapterState: OFF : entered
05-28 10:09:08.780 476 608 I SupplicantStaIfaceHal: Starting supplicant using HIDL
05-28 10:09:08.780 663 828 D AdapterProperties: Setting state to OFF
05-28 10:09:08.780 369 369 V C2Store : in ~ComponentModule
05-28 10:09:08.780 369 369 V C2Store : unloading dll
05-28 10:09:08.781 183 183 I hwservicemanager: Since android.hardware.wifi.supplicant@1.0::ISupplicant/default is not registered, trying to start it as a lazy HAL.
05-28 10:09:08.782 369 369 V C2Store : in init
05-28 10:09:08.782 369 369 V C2Store : loading dll
05-28 10:09:08.783 476 608 D SupplicantStaIfaceHal: Successfully triggered start of supplicant using HIDL
01-01 08:00:20.795 1 1 I init : starting service 'wpa_supplicant'...
01-01 08:00:20.796 1 1 I init : Created socket '/dev/socket/wpa_wlan0', mode 660, user 1010, group 1010
05-28 10:09:08.785 663 663 D BluetoothKeystoreService: new BluetoothKeystoreService isCommonCriteriaMode: false
05-28 10:09:08.786 663 663 D BluetoothKeystoreService: start
05-28 10:09:08.788 663 663 I droid.bluetoot: [0528/100908.788512:INFO:com_android_bluetooth_btservice_BluetoothKeystore.cpp(97)] classInitNative: succeeds
05-28 10:09:08.789 663 663 D BluetoothKeystoreService: setBluetoothKeystoreService(): set to: com.android.bluetooth.btservice.bluetoothkeystore.BluetoothKeystoreService@c0dac5b
05-28 10:09:08.790 476 521 I InputManager: Enabling motion classifier because user switched: feature enabled, long press timeout = 400
05-28 10:09:08.790 476 521 I InputClassifier: Enabling motion classifier
05-28 10:09:08.791 476 750 D CompatibilityChangeReporter: Compat change id reported: 181136395; UID 1000; state: DISABLED
05-28 10:09:08.791 183 183 I hwservicemanager: getTransport: Cannot find entry android.hardware.input.classifier@1.0::IInputClassifier/default in either framework or device VINTF manifest.
05-28 10:09:08.791 476 835 I InputClassifier: Could not obtain InputClassifier HAL
05-28 10:09:08.794 369 369 V C2Store : in ~ComponentModule
05-28 10:09:08.794 369 369 V C2Store : unloading dll
05-28 10:09:08.794 369 369 V C2Store : in init
05-28 10:09:08.794 369 369 V C2Store : loading dll
01-01 08:00:20.810 1 1 I init : Control message: Processed ctl.interface_start for 'android.hardware.wifi.supplicant@1.0::ISupplicant/default' from pid: 183 (/system/bin/hwservicemanager)
05-28 10:09:08.799 369 369 I C2SoftVp9Enc: setting temporal layering 0 + 0
05-28 10:09:08.802 369 369 V C2Store : in ~ComponentModule
05-28 10:09:08.802 369 369 V C2Store : unloading dll
05-28 10:09:08.803 476 750 D CompatibilityChangeReporter: Compat change id reported: 174042936; UID 1000; state: DISABLED
05-28 10:09:08.804 355 468 D MediaCodecsXmlParser: parsing /apex/com.android.media.swcodec/etc/media_codecs.xml...
05-28 10:09:08.805 355 468 D MediaCodecsXmlParser: disabling c2.android.gsm.decoder
05-28 10:09:08.806 355 468 D MediaCodecsXmlParser: disabling c2.android.mpeg2.decoder
05-28 10:09:08.807 663 663 D BluetoothKeystoreService: loadConfigData
05-28 10:09:08.808 355 468 I MediaCodecsXmlParser: Did not find media_codecs_performance.xml in search path
05-28 10:09:08.808 355 468 I MediaCodecsXmlParser: Did not find media_codecs_c2.xml in search path
05-28 10:09:08.808 355 468 I MediaCodecsXmlParser: Did not find media_codecs_performance_c2.xml in search path
05-28 10:09:08.809 355 468 D MediaCodecsXmlParser: parsing /vendor/etc/media_codecs.xml...
05-28 10:09:08.810 790 790 V GraphicsEnvironment: ANGLE Developer option for 'com.android.se' set to: 'default'
05-28 10:09:08.810 355 468 D MediaCodecsXmlParser: parsing /vendor/etc/media_codecs_google_audio.xml...
05-28 10:09:08.810 355 468 D MediaCodecsXmlParser: unable to open media codecs configuration xml file: /vendor/etc/media_codecs_google_audio.xml
05-28 10:09:08.810 790 790 V GraphicsEnvironment: Neither updatable production driver nor prerelease driver is supported.
05-28 10:09:08.810 355 468 D MediaCodecsXmlParser: Setting: updating existing setting at line 97 of /vendor/etc/media_codecs.xml
05-28 10:09:08.812 790 790 D NetworkSecurityConfig: No Network Security Config specified, using platform default
05-28 10:09:08.812 790 790 D NetworkSecurityConfig: No Network Security Config specified, using platform default
05-28 10:09:08.812 355 468 D MediaCodecsXmlParser: parsing /vendor/etc/media_codecs_google_video.xml...
05-28 10:09:08.812 355 468 D MediaCodecsXmlParser: unable to open media codecs configuration xml file: /vendor/etc/media_codecs_google_video.xml
05-28 10:09:08.813 355 468 D MediaCodecsXmlParser: parsing /vendor/etc/media_codecs_performance.xml...
05-28 10:09:08.813 355 468 D MediaCodecsXmlParser: MediaCodec: cannot update non-existing codec: OMX.google.h264.encoder at line 25 of /vendor/etc/media_codecs_performance.xml
05-28 10:09:08.813 355 468 D MediaCodecsXmlParser: MediaCodec: cannot update non-existing codec: OMX.google.h263.encoder at line 31 of /vendor/etc/media_codecs_performance.xml
05-28 10:09:08.813 476 536 W BestClock: java.time.DateTimeException: Missing NTP fix
05-28 10:09:08.813 355 468 D MediaCodecsXmlParser: MediaCodec: cannot update non-existing codec: OMX.google.mpeg4.encoder at line 34 of /vendor/etc/media_codecs_performance.xml
05-28 10:09:08.813 355 468 D MediaCodecsXmlParser: MediaCodec: cannot update non-existing codec: OMX.google.vp8.encoder at line 37 of /vendor/etc/media_codecs_performance.xml
05-28 10:09:08.813 355 468 D MediaCodecsXmlParser: MediaCodec: cannot update non-existing codec: OMX.allwinner.video.decoder.h263 at line 59 of /vendor/etc/media_codecs_performance.xml
05-28 10:09:08.816 476 606 W BestClock: java.time.DateTimeException: Missing NTP fix
05-28 10:09:08.817 476 606 W BestClock: java.time.DateTimeException: Missing NTP fix
05-28 10:09:08.817 355 468 D MediaCodecsXmlParser: MediaCodec: cannot update non-existing codec: OMX.google.mpeg4.decoder at line 80 of /vendor/etc/media_codecs_performance.xml
05-28 10:09:08.818 355 468 D MediaCodecsXmlParser: MediaCodec: cannot update non-existing codec: OMX.google.h264.decoder at line 83 of /vendor/etc/media_codecs_performance.xml
05-28 10:09:08.818 355 468 D MediaCodecsXmlParser: MediaCodec: cannot update non-existing codec: OMX.google.h263.decoder at line 89 of /vendor/etc/media_codecs_performance.xml
05-28 10:09:08.818 355 468 D MediaCodecsXmlParser: MediaCodec: cannot update non-existing codec: OMX.google.hevc.decoder at line 93 of /vendor/etc/media_codecs_performance.xml
05-28 10:09:08.818 355 468 D MediaCodecsXmlParser: MediaCodec: cannot update non-existing codec: OMX.google.vp8.decoder at line 101 of /vendor/etc/media_codecs_performance.xml
05-28 10:09:08.818 355 468 D MediaCodecsXmlParser: MediaCodec: cannot update non-existing codec: OMX.google.vp9.decoder at line 107 of /vendor/etc/media_codecs_performance.xml
05-28 10:09:08.818 355 468 I MediaCodecsXmlParser: Did not find media_codecs_shaping.xml in search path
05-28 10:09:08.819 355 468 I MediaCodecsXmlParser: Did not find media_codecs_shaping.xml in search path
05-28 10:09:08.819 369 369 V C2Store : in init
05-28 10:09:08.819 369 369 V C2Store : loading dll
05-28 10:09:08.820 476 536 W BestClock: java.time.DateTimeException: Missing NTP fix
05-28 10:09:08.821 476 606 W BestClock: java.time.DateTimeException: Missing NTP fix
05-28 10:09:08.822 476 750 W ActivityManager: Slow operation: 56ms so far, now at attachApplicationLocked: after mServices.attachApplicationLocked
05-28 10:09:08.823 476 476 D SystemServer: VMRuntime.setVerifierEnabled(true)
05-28 10:09:08.825 813 813 D CompatibilityChangeReporter: Compat change id reported: 171979766; UID 1000; state: ENABLED
05-28 10:09:08.830 476 476 W Looper : Slow delivery took 5268ms main h=android.app.PropertyInvalidatedCache$AutoCorker$1 c=null m=0
05-28 10:09:08.831 476 808 D ConnectivityService: requestNetwork for uid/pid:1073/753 activeRequest: null callbackRequest: 18 [NetworkRequest [ REQUEST id=19, [ Capabilities: INTERNET&NOT_RESTRICTED&TRUSTED&NOT_VCN_MANAGED Uid: 1073 RequestorUid: 1073 RequestorPkg: com.android.networkstack] ]] callback flags: 0 priority: 2147483647
05-28 10:09:08.833 476 615 D ConnectivityService: NetReassign [no changes]
05-28 10:09:08.835 476 650 D PPPOE : got request NetworkRequest [ REQUEST id=19, [ Capabilities: INTERNET&NOT_RESTRICTED&TRUSTED&NOT_VCN_MANAGED Uid: 1073 RequestorUid: 1073 RequestorPkg: com.android.networkstack] ]
05-28 10:09:08.837 476 649 D Ethernet: got request NetworkRequest [ REQUEST id=19, [ Capabilities: INTERNET&NOT_RESTRICTED&TRUSTED&NOT_VCN_MANAGED Uid: 1073 RequestorUid: 1073 RequestorPkg: com.android.networkstack] ]
05-28 10:09:08.838 476 649 D EthernetNetworkFactory: acceptRequest, request: NetworkRequest [ REQUEST id=19, [ Capabilities: INTERNET&NOT_RESTRICTED&TRUSTED&NOT_VCN_MANAGED Uid: 1073 RequestorUid: 1073 RequestorPkg: com.android.networkstack] ]
05-28 10:09:08.839 476 649 I EthernetNetworkFactory: networkForRequest, request: NetworkRequest [ REQUEST id=19, [ Capabilities: INTERNET&NOT_RESTRICTED&TRUSTED&NOT_VCN_MANAGED Uid: 1073 RequestorUid: 1073 RequestorPkg: com.android.networkstack] ], network: null
05-28 10:09:08.843 273 330 D PermissionCache: checking android.permission.ACCESS_SURFACE_FLINGER for uid=10067 => granted (3050 us)
05-28 10:09:08.846 355 468 I Codec2InfoBuilder: adding type 'audio/mp4a-latm'
05-28 10:09:08.851 476 476 D ConditionProviders.SCP: onConnected
05-28 10:09:08.853 790 790 I SecureElementService: main onCreate
05-28 10:09:08.856 476 536 W BestClock: java.time.DateTimeException: Missing NTP fix
05-28 10:09:08.857 369 403 V C2Store : in init
05-28 10:09:08.857 369 403 V C2Store : loading dll
05-28 10:09:08.861 790 790 I SecureElementService: Check if terminal eSE1 is available.
05-28 10:09:08.862 476 536 W BestClock: java.time.DateTimeException: Missing NTP fix
05-28 10:09:08.863 476 606 W BestClock: java.time.DateTimeException: Missing NTP fix
05-28 10:09:08.863 476 476 D ConditionProviders: Subscribing to condition://android/event?userId=-10000&calendar=&reply=1 with ComponentInfo{android/com.android.server.notification.EventConditionProvider}
05-28 10:09:08.863 183 183 I hwservicemanager: getTransport: Cannot find entry android.hardware.secure_element@1.2::ISecureElement/eSE1 in either framework or device VINTF manifest.
05-28 10:09:08.864 476 606 W BestClock: java.time.DateTimeException: Missing NTP fix
05-28 10:09:08.865 369 369 V C2Store : in ~ComponentModule
05-28 10:09:08.866 476 615 D ConnectivityService: NetReassign [no changes]
05-28 10:09:08.868 355 468 I Codec2InfoBuilder: adding type 'audio/mp4a-latm'
05-28 10:09:08.869 476 476 D ConditionProviders: Subscribing to condition://android/schedule?days=1.2.3.4.5.6.7&start=22.0&end=7.0&exitAtAlarm=true with ComponentInfo{android/com.android.server.notification.ScheduleConditionProvider}
05-28 10:09:08.865 369 369 V C2Store : unloading dll
05-28 10:09:08.873 264 264 D hdmi-cec: cec physical address: 1.0.0.0
05-28 10:09:08.874 264 264 D hdmi-cec: cec physical address: 1.0.0.0
05-28 10:09:08.874 264 264 D hdmi-cec: cec physical address: 1.0.0.0
05-28 10:09:08.875 790 790 D SecureElement-Terminal-eSE1: SE Hal V1.2 is not supported
05-28 10:09:08.876 183 183 I hwservicemanager: getTransport: Cannot find entry android.hardware.secure_element@1.1::ISecureElement/eSE1 in either framework or device VINTF manifest.
05-28 10:09:08.877 790 790 D SecureElement-Terminal-eSE1: SE Hal V1.1 is not supported
05-28 10:09:08.878 183 183 I hwservicemanager: getTransport: Cannot find entry android.hardware.secure_element@1.0::ISecureElement/eSE1 in either framework or device VINTF manifest.
05-28 10:09:08.879 790 790 I SecureElementService: No HAL implementation for eSE1
05-28 10:09:08.880 790 790 I SecureElementService: Check if terminal SIM1 is available.
05-28 10:09:08.881 183 183 I hwservicemanager: getTransport: Cannot find entry android.hardware.secure_element@1.2::ISecureElement/SIM1 in either framework or device VINTF manifest.
05-28 10:09:08.882 753 753 D ApplicationLoaders: Returning zygote-cached class loader: /system/framework/android.test.base.jar
05-28 10:09:08.882 264 264 D hdmi-cec: addLogicalAddress (4)
01-01 08:00:20.886 264 264 E : [CEC]cec_CfgLogicAddr failed
05-28 10:09:08.889 369 405 V C2Store : in init
05-28 10:09:08.891 369 403 V C2Store : in ~ComponentModule
05-28 10:09:08.891 369 405 V C2Store : loading dll
05-28 10:09:08.893 369 403 V C2Store : unloading dll
05-28 10:09:08.895 663 663 I droid.bluetoot: [0528/100908.895832:INFO:com_android_bluetooth_btservice_ActivityAttribution.cpp(96)] classInitNative: succeeds
05-28 10:09:08.896 355 468 I Codec2InfoBuilder: adding type 'audio/3gpp'
05-28 10:09:08.896 663 663 D BluetoothKeystoreService: getCompareResult: 0
05-28 10:09:08.896 369 403 V C2Store : in init
05-28 10:09:08.896 369 403 V C2Store : loading dll
05-28 10:09:08.898 790 790 D SecureElement-Terminal-SIM1: SE Hal V1.2 is not supported
05-28 10:09:08.898 476 536 W BestClock: java.time.DateTimeException: Missing NTP fix
05-28 10:09:08.901 369 405 V C2Store : in ~ComponentModule
05-28 10:09:08.901 369 405 V C2Store : unloading dll
05-28 10:09:08.903 355 468 I Codec2InfoBuilder: adding type 'audio/3gpp'
05-28 10:09:08.904 369 840 V C2Store : in init
05-28 10:09:08.904 369 840 V C2Store : loading dll
05-28 10:09:08.907 476 536 D CountryDetector: Using custom country detector class: com.android.server.location.ComprehensiveCountryDetector
05-28 10:09:08.907 476 536 E CountryDetector: Could not instantiate the custom country detector class
05-28 10:09:08.907 476 536 D CountryDetector: Using default country detector
05-28 10:09:08.910 183 183 I hwservicemanager: getTransport: Cannot find entry android.hardware.secure_element@1.1::ISecureElement/SIM1 in either framework or device VINTF manifest.
05-28 10:09:08.915 355 468 I Codec2InfoBuilder: adding type 'audio/amr-wb'
05-28 10:09:08.916 369 369 V C2Store : in init
05-28 10:09:08.917 369 369 V C2Store : loading dll
05-28 10:09:08.918 476 606 W BestClock: java.time.DateTimeException: Missing NTP fix
05-28 10:09:08.921 264 264 D hdmi-cec: cec physical address: 1.0.0.0
05-28 10:09:08.923 476 606 W BestClock: java.time.DateTimeException: Missing NTP fix
05-28 10:09:08.923 476 644 W HdmiCecController: Failed to send 40:8F with errorCode=3
05-28 10:09:08.924 369 403 V C2Store : in ~ComponentModule
05-28 10:09:08.926 369 403 V C2Store : unloading dll
05-28 10:09:08.927 355 468 I Codec2InfoBuilder: adding type 'audio/amr-wb'
05-28 10:09:08.928 369 839 V C2Store : in ~ComponentModule
05-28 10:09:08.928 476 606 W BestClock: java.time.DateTimeException: Missing NTP fix
05-28 10:09:08.929 369 839 V C2Store : unloading dll
05-28 10:09:08.929 369 405 V C2Store : in init
05-28 10:09:08.929 369 405 V C2Store : loading dll
05-28 10:09:08.930 476 606 W BestClock: java.time.DateTimeException: Missing NTP fix
05-28 10:09:08.932 790 790 D SecureElement-Terminal-SIM1: SE Hal V1.1 is not supported
05-28 10:09:08.928 663 663 I bt_btif : system/bt/btif/src/bluetooth.cc:162 init: init: start restricted = 0 ; common criteria mode = 0, config compare result = 0
05-28 10:09:08.934 369 840 V C2Store : in ~ComponentModule
05-28 10:09:08.935 665 665 D CompatibilityChangeReporter: Compat change id reported: 160794467; UID 10067; state: ENABLED
05-28 10:09:08.935 369 840 V C2Store : unloading dll
05-28 10:09:08.940 183 183 I hwservicemanager: getTransport: Cannot find entry android.hardware.secure_element@1.0::ISecureElement/SIM1 in either framework or device VINTF manifest.
05-28 10:09:08.941 790 790 I SecureElementService: No HAL implementation for SIM1
05-28 10:09:08.941 355 468 D Codec2InfoBuilder: component 'c2.android.av1.decoder' not found in xml
05-28 10:09:08.942 663 663 I bt : bt_common::init_flags: Flags loaded: gd_core=false gd_advertising=false gd_scanning=false gd_security=false gd_acl=false gd_l2cap=false gd_hci=false gd_controller=false gatt_robust_caching=false btaa_hci=false gd_rust=false gd_link_policy=false
05-28 10:09:08.942 476 644 W HdmiCecController: Failed to send 4F:84:10:00:04 with errorCode=3
05-28 10:09:08.942 369 840 V C2Store : in init
05-28 10:09:08.942 369 840 V C2Store : loading dll
05-28 10:09:08.943 369 841 V C2Store : in ~ComponentModule
05-28 10:09:08.943 369 841 V C2Store : unloading dll
05-28 10:09:08.943 476 606 W BestClock: java.time.DateTimeException: Missing NTP fix
05-28 10:09:08.944 476 644 W HdmiCecController: Failed to send 4F:87:76:93:94 with errorCode=3
05-28 10:09:08.945 753 753 D NetworkSecurityConfig: No Network Security Config specified, using platform default
05-28 10:09:08.945 663 842 I droid.bluetoot: [0528/100908.945504:INFO:message_loop_thread.cc(224)] Run: message loop starting for thread bt_stack_manager_thread
05-28 10:09:08.947 476 644 W HdmiCecController: Failed to send 40:47 with errorCode=3
05-28 10:09:08.948 663 842 I bt_stack_manager: system/bt/btif/src/stack_manager.cc:200 event_init_stack: is initializing the stack
05-28 10:09:08.950 476 606 W BestClock: java.time.DateTimeException: Missing NTP fix
05-28 10:09:08.950 476 644 W HdmiCecController: Failed to send 45:7D with errorCode=3
05-28 10:09:08.952 355 468 I Codec2InfoBuilder: adding type 'video/avc'
05-28 10:09:08.953 476 606 W BestClock: java.time.DateTimeException: Missing NTP fix
05-28 10:09:08.954 476 606 W BestClock: java.time.DateTimeException: Missing NTP fix
05-28 10:09:08.960 369 403 V C2Store : in init
05-28 10:09:08.960 369 403 V C2Store : loading dll
05-28 10:09:08.960 369 405 V C2Store : in ~ComponentModule
05-28 10:09:08.960 369 405 V C2Store : unloading dll
05-28 10:09:08.961 476 476 D CompatibilityChangeReporter: Compat change id reported: 135634846; UID 10075; state: DISABLED
05-28 10:09:08.963 476 538 D CompatibilityChangeReporter: Compat change id reported: 143937733; UID 10075; state: ENABLED
05-28 10:09:08.963 369 403 I mediaswcodec: missing struct descriptor #Param::CoreIndex(--004) for field values of struct #Param::CoreIndex(F-12004)
05-28 10:09:08.963 369 403 I mediaswcodec: missing struct descriptor #Param::CoreIndex(--1812) for field values of struct #Param::CoreIndex(F-11812)
01-01 08:00:20.973 834 834 I capability: warning: `wpa_supplicant' uses 32-bit capabilities (legacy support in use)
05-28 10:09:08.975 834 834 D wpa_supplicant: wpa_supplicant v2.10-devel-12
05-28 10:09:08.976 369 403 I mediaswcodec: missing struct descriptor #Param::CoreIndex(--004) for field values of struct #Param::CoreIndex(F-12004)
05-28 10:09:08.976 369 403 I mediaswcodec: missing struct descriptor #Param::CoreIndex(--1812) for field values of struct #Param::CoreIndex(F-11812)
05-28 10:09:08.977 834 834 D wpa_supplicant: Global control interface '@android:wpa_wlan0'
05-28 10:09:08.977 834 834 D wpa_supplicant: Using Android control socket 'wpa_wlan0'
05-28 10:09:08.977 834 834 D wpa_supplicant: Initing hidl control
05-28 10:09:08.977 663 846 I bt_osi_thread: system/bt/osi/src/thread.cc:209 run_thread: run_thread: thread id 846, thread name alarm_default_ca started
05-28 10:09:08.977 834 834 I wpa_supplicant: Processing hidl events on FD 4
05-28 10:09:08.978 834 834 E cutils-trace: Error opening trace file: No such file or directory (2)
05-28 10:09:08.978 663 848 I bt_osi_thread: system/bt/osi/src/thread.cc:209 run_thread: run_thread: thread id 848, thread name alarm_dispatcher started
05-28 10:09:08.978 663 842 I bt_btif_core: system/bt/btif/src/btif_core.cc:235 btif_init_bluetooth: btif_init_bluetooth entered
05-28 10:09:08.979 476 606 W BestClock: java.time.DateTimeException: Missing NTP fix
05-28 10:09:08.980 663 849 I droid.bluetoot: [0528/100908.980005:INFO:message_loop_thread.cc(224)] Run: message loop starting for thread bt_jni_thread
05-28 10:09:08.980 663 842 I bt_btif_core: system/bt/btif/src/btif_core.cc:239 btif_init_bluetooth: btif_init_bluetooth finished
05-28 10:09:08.981 355 468 I Codec2InfoBuilder: adding type 'video/avc'
05-28 10:09:08.981 663 842 I bt_stack_config: system/bt/main/stack_config.cc:51 init: init attempt to load stack conf from /etc/bluetooth/bt_stack.conf
05-28 10:09:08.982 663 842 I bt_stack_manager: system/bt/btif/src/stack_manager.cc:223 event_init_stack: finished
05-28 10:09:08.983 663 663 I bt_osi_wakelock: system/bt/osi/src/wakelock.cc:98 wakelock_set_os_callouts: wakelock_set_os_callouts set to non-native
05-28 10:09:08.983 663 663 I bt_btif : system/bt/btif/src/bluetooth.cc:417 get_profile_interface: get_profile_interface: id = socket
05-28 10:09:08.984 663 663 E droid.bluetoot: [0528/100908.984399:ERROR:message_loop_thread.cc(102)] DoInThreadDelayed: message loop is null for thread bt_main_thread(-1), from pc:0xbcf0d3bb
05-28 10:09:08.984 663 663 E droid.bluetoot: [0528/100908.984712:ERROR:btu_task.cc(94)] do_in_main_thread: failed from pc:0xbcf0d3bb
05-28 10:09:08.984 663 663 E droid.bluetoot: [0528/100908.984836:ERROR:message_loop_thread.cc(102)] DoInThreadDelayed: message loop is null for thread bt_main_thread(-1), from pc:0xbcf0d3bb
05-28 10:09:08.984 369 405 V C2Store : in init
05-28 10:09:08.984 369 405 V C2Store : loading dll
05-28 10:09:08.985 663 663 E droid.bluetoot: [0528/100908.984979:ERROR:btu_task.cc(94)] do_in_main_thread: failed from pc:0xbcf0d3bb
05-28 10:09:08.985 663 663 E droid.bluetoot: [0528/100908.985083:ERROR:message_loop_thread.cc(102)] DoInThreadDelayed: message loop is null for thread bt_main_thread(-1), from pc:0xbcf0d3bb
05-28 10:09:08.985 663 663 E droid.bluetoot: [0528/100908.985173:ERROR:btu_task.cc(94)] do_in_main_thread: failed from pc:0xbcf0d3bb
05-28 10:09:08.985 245 245 D Zygote : Forked child process 850
05-28 10:09:08.986 834 834 I HidlServiceManagement: Registered android.hardware.wifi.supplicant@1.4::ISupplicant/default
05-28 10:09:08.987 834 834 I wpa_supplicant: Successfully initialized wpa_supplicant
05-28 10:09:08.987 476 538 I ActivityManager: app.processName = android.ext.services
05-28 10:09:08.987 476 538 I ActivityManager: Start proc 850:android.ext.services/u0a75 for service {android.ext.services/android.ext.services.autofill.InlineSuggestionRenderServiceImpl}
05-28 10:09:08.989 663 663 D BluetoothKeystoreService: initJni()
05-28 10:09:08.989 355 468 I Codec2InfoBuilder: adding type 'audio/flac'
05-28 10:09:08.990 369 841 V C2Store : in init
05-28 10:09:08.990 663 663 I bt_btif : system/bt/btif/src/bluetooth.cc:417 get_profile_interface: get_profile_interface: id = bluetooth_keystore
05-28 10:09:08.990 369 841 V C2Store : loading dll
05-28 10:09:08.991 663 663 I bt_btif : system/bt/btif/src/bluetooth.cc:417 get_profile_interface: get_profile_interface: id = sdp
05-28 10:09:08.994 369 405 V C2Store : in ~ComponentModule
05-28 10:09:08.995 355 468 I Codec2InfoBuilder: adding type 'audio/flac'
05-28 10:09:08.996 369 369 V C2Store : in init
05-28 10:09:08.996 369 369 V C2Store : loading dll
05-28 10:09:08.997 665 665 D TvPipMenuController: onMediaActionsChanged()
05-28 10:09:09.001 850 850 I Zygote : seccomp disabled by setenforce 0
05-28 10:09:09.001 355 468 I Codec2InfoBuilder: adding type 'audio/g711-alaw'
05-28 10:09:09.001 476 554 I android_os_HwBinder: HwBinder: Starting thread pool for getting: android.hardware.wifi.supplicant@1.0::ISupplicant/default
05-28 10:09:09.001 369 839 V C2Store : in init
05-28 10:09:09.001 369 839 V C2Store : loading dll
05-28 10:09:09.005 476 554 I SupplicantStaIfaceHal: Completed initialization of ISupplicant.
05-28 10:09:09.005 813 813 V GraphicsEnvironment: ANGLE Developer option for 'com.android.tv.settings' set to: 'default'
05-28 10:09:09.005 813 813 V GraphicsEnvironment: Neither updatable production driver nor prerelease driver is supported.
05-28 10:09:09.006 369 854 V C2Store : in ~ComponentModule
05-28 10:09:09.006 476 608 E SupplicantStaIfaceHal: Can't call setupIface, ISupplicantStaIface is null for iface=wlan0
05-28 10:09:09.008 355 468 I Codec2InfoBuilder: adding type 'audio/g711-mlaw'
05-28 10:09:09.008 665 665 D TvPipNotification: setDelegate(), delegate=com.android.wm.shell.pip.tv.TvPipController@58a5274
05-28 10:09:09.008 369 854 V C2Store : unloading dll
05-28 10:09:09.008 369 405 V C2Store : unloading dll
05-28 10:09:09.008 665 665 D TvPipMenuController: setDelegate(), delegate=com.android.wm.shell.pip.tv.TvPipController@58a5274
05-28 10:09:09.009 369 841 V C2Store : in ~ComponentModule
05-28 10:09:09.009 369 841 V C2Store : unloading dll
05-28 10:09:09.009 369 405 V C2Store : in init
05-28 10:09:09.010 813 813 D NetworkSecurityConfig: No Network Security Config specified, using platform default
05-28 10:09:09.010 369 405 V C2Store : loading dll
05-28 10:09:09.010 813 813 D NetworkSecurityConfig: No Network Security Config specified, using platform default
05-28 10:09:09.011 476 608 I android_os_HwBinder: HwBinder: Starting thread pool for getting: android.hardware.wifi.supplicant@1.0::ISupplicant/default
05-28 10:09:09.011 369 403 V C2Store : in ~ComponentModule
05-28 10:09:09.013 369 369 V C2Store : in ~ComponentModule
05-28 10:09:09.014 369 369 V C2Store : unloading dll
05-28 10:09:09.015 369 403 V C2Store : unloading dll
