05-28 10:09:08.103 360 360 W omx_vdec: <__AwOmxVdecGetExtensionIndex:1741>: GetExtensionIndex OMX.google.android.index.describeColorFormat, err [0x80001001].
05-28 10:09:08.103 360 360 W omx_vdec: <__AwOmxVdecGetExtensionIndex:1741>: GetExtensionIndex OMX.google.android.index.describeColorFormat2, err [0x80001001].
05-28 10:09:08.104 360 360 E omx_vdec: : erro: pParamData->nIndex > m_sPortFormatType.nIndex
05-28 10:09:08.104 360 360 W omx_vdec: <__AwOmxVdecGetExtensionIndex:1741>: GetExtensionIndex OMX.google.android.index.describeColorFormat, err [0x80001001].
05-28 10:09:08.104 360 360 W omx_vdec: <__AwOmxVdecGetExtensionIndex:1741>: GetExtensionIndex OMX.google.android.index.describeColorFormat2, err [0x80001001].
05-28 10:09:08.104 360 360 E omx_vdec: : erro: pParamData->nIndex > m_sPortFormatType.nIndex
05-28 10:09:08.104 360 360 W omx_vdec: <__AwOmxVdecGetExtensionIndex:1741>: GetExtensionIndex OMX.google.android.index.describeColorFormat, err [0x80001001].
05-28 10:09:08.104 360 360 W omx_vdec: <__AwOmxVdecGetExtensionIndex:1741>: GetExtensionIndex OMX.google.android.index.describeColorFormat2, err [0x80001001].
05-28 10:09:08.104 360 360 E omx_vdec: : erro: pParamData->nIndex > m_sPortFormatType.nIndex
05-28 10:09:08.104 360 360 W omx_vdec: <__AwOmxVdecGetExtensionIndex:1741>: GetExtensionIndex OMX.google.android.index.describeColorFormat, err [0x80001001].
05-28 10:09:08.104 360 360 W omx_vdec: <__AwOmxVdecGetExtensionIndex:1741>: GetExtensionIndex OMX.google.android.index.describeColorFormat2, err [0x80001001].
05-28 10:09:08.104 360 360 E omx_vdec: : erro: pParamData->nIndex > m_sPortFormatType.nIndex
05-28 10:09:08.105 360 360 W omx_vdec: <__AwOmxVdecGetExtensionIndex:1741>: GetExtensionIndex OMX.google.android.index.describeColorFormat, err [0x80001001].
05-28 10:09:08.105 360 360 W omx_vdec: <__AwOmxVdecGetExtensionIndex:1741>: GetExtensionIndex OMX.google.android.index.describeColorFormat2, err [0x80001001].
05-28 10:09:08.105 360 360 E omx_vdec: : erro: pParamData->nIndex > m_sPortFormatType.nIndex
05-28 10:09:08.105 360 360 W omx_vdec: <__AwOmxVdecGetExtensionIndex:1741>: GetExtensionIndex OMX.google.android.index.describeColorFormat, err [0x80001001].
05-28 10:09:08.105 360 360 W omx_vdec: <__AwOmxVdecGetExtensionIndex:1741>: GetExtensionIndex OMX.google.android.index.describeColorFormat2, err [0x80001001].
05-28 10:09:08.105 360 360 E omx_vdec: : erro: pParamData->nIndex > m_sPortFormatType.nIndex
05-28 10:09:08.105 360 360 W omx_vdec: <__AwOmxVdecGetExtensionIndex:1741>: GetExtensionIndex OMX.google.android.index.describeColorFormat, err [0x80001001].
05-28 10:09:08.105 360 360 W omx_vdec: <__AwOmxVdecGetExtensionIndex:1741>: GetExtensionIndex OMX.google.android.index.describeColorFormat2, err [0x80001001].
05-28 10:09:08.105 360 360 E omx_vdec: : erro: pParamData->nIndex > m_sPortFormatType.nIndex
05-28 10:09:08.106 360 360 W omx_vdec: <__AwOmxVdecGetExtensionIndex:1741>: GetExtensionIndex OMX.google.android.index.describeColorFormat, err [0x80001001].
05-28 10:09:08.106 360 360 W omx_vdec: <__AwOmxVdecGetExtensionIndex:1741>: GetExtensionIndex OMX.google.android.index.describeColorFormat2, err [0x80001001].
05-28 10:09:08.106 360 360 E omx_vdec: : erro: pParamData->nIndex > m_sPortFormatType.nIndex
05-28 10:09:08.106 360 360 W omx_vdec: <__AwOmxVdecGetExtensionIndex:1741>: GetExtensionIndex OMX.google.android.index.describeColorFormat, err [0x80001001].
05-28 10:09:08.106 360 360 W omx_vdec: <__AwOmxVdecGetExtensionIndex:1741>: GetExtensionIndex OMX.google.android.index.describeColorFormat2, err [0x80001001].
05-28 10:09:08.106 360 360 E omx_vdec: : erro: pParamData->nIndex > m_sPortFormatType.nIndex
05-28 10:09:08.106 360 360 W omx_vdec: <__AwOmxVdecGetExtensionIndex:1741>: GetExtensionIndex OMX.google.android.index.describeColorFormat, err [0x80001001].
05-28 10:09:08.106 360 360 W omx_vdec: <__AwOmxVdecGetExtensionIndex:1741>: GetExtensionIndex OMX.google.android.index.describeColorFormat2, err [0x80001001].
05-28 10:09:08.106 360 360 E omx_vdec: : erro: pParamData->nIndex > m_sPortFormatType.nIndex
05-28 10:09:08.107 360 360 W omx_vdec: <__AwOmxVdecGetExtensionIndex:1741>: GetExtensionIndex OMX.google.android.index.describeColorFormat, err [0x80001001].
05-28 10:09:08.107 360 360 W omx_vdec: <__AwOmxVdecGetExtensionIndex:1741>: GetExtensionIndex OMX.google.android.index.describeColorFormat2, err [0x80001001].
05-28 10:09:08.107 360 360 E omx_vdec: : erro: pParamData->nIndex > m_sPortFormatType.nIndex
05-28 10:09:08.107 360 360 W omx_vdec: <__AwOmxVdecGetExtensionIndex:1741>: GetExtensionIndex OMX.google.android.index.describeColorFormat, err [0x80001001].
05-28 10:09:08.107 360 360 W omx_vdec: <__AwOmxVdecGetExtensionIndex:1741>: GetExtensionIndex OMX.google.android.index.describeColorFormat2, err [0x80001001].
05-28 10:09:08.107 360 360 E omx_vdec: : erro: pParamData->nIndex > m_sPortFormatType.nIndex
05-28 10:09:08.107 360 360 W omx_vdec: <__AwOmxVdecGetExtensionIndex:1741>: GetExtensionIndex OMX.google.android.index.describeColorFormat, err [0x80001001].
05-28 10:09:08.107 360 360 W omx_vdec: <__AwOmxVdecGetExtensionIndex:1741>: GetExtensionIndex OMX.google.android.index.describeColorFormat2, err [0x80001001].
05-28 10:09:08.107 360 360 E omx_vdec: : erro: pParamData->nIndex > m_sPortFormatType.nIndex
05-28 10:09:08.107 665 665 V GraphicsEnvironment: ANGLE Developer option for 'com.android.systemui' set to: 'default'
05-28 10:09:08.108 360 360 W omx_vdec: <__AwOmxVdecGetExtensionIndex:1741>: GetExtensionIndex OMX.google.android.index.describeColorFormat, err [0x80001001].
05-28 10:09:08.108 360 360 W omx_vdec: <__AwOmxVdecGetExtensionIndex:1741>: GetExtensionIndex OMX.google.android.index.describeColorFormat2, err [0x80001001].
05-28 10:09:08.108 360 360 E omx_vdec: : erro: pParamData->nIndex > m_sPortFormatType.nIndex
05-28 10:09:08.108 360 360 W omx_vdec: <__AwOmxVdecGetExtensionIndex:1741>: GetExtensionIndex OMX.google.android.index.describeColorFormat, err [0x80001001].
05-28 10:09:08.108 360 360 W omx_vdec: <__AwOmxVdecGetExtensionIndex:1741>: GetExtensionIndex OMX.google.android.index.describeColorFormat2, err [0x80001001].
05-28 10:09:08.108 360 360 E omx_vdec: : erro: pParamData->nIndex > m_sPortFormatType.nIndex
05-28 10:09:08.108 665 665 V GraphicsEnvironment: Neither updatable production driver nor prerelease driver is supported.
05-28 10:09:08.108 360 360 W omx_vdec: <__AwOmxVdecGetExtensionIndex:1741>: GetExtensionIndex OMX.google.android.index.describeColorFormat, err [0x80001001].
05-28 10:09:08.108 360 360 W omx_vdec: <__AwOmxVdecGetExtensionIndex:1741>: GetExtensionIndex OMX.google.android.index.describeColorFormat2, err [0x80001001].
05-28 10:09:08.109 360 360 E omx_vdec: : erro: pParamData->nIndex > m_sPortFormatType.nIndex
05-28 10:09:08.109 360 360 W omx_vdec: <__AwOmxVdecGetExtensionIndex:1741>: GetExtensionIndex OMX.google.android.index.describeColorFormat, err [0x80001001].
05-28 10:09:08.109 360 360 W omx_vdec: <__AwOmxVdecGetExtensionIndex:1741>: GetExtensionIndex OMX.google.android.index.describeColorFormat2, err [0x80001001].
05-28 10:09:08.109 360 360 E omx_vdec: : erro: pParamData->nIndex > m_sPortFormatType.nIndex
05-28 10:09:08.109 360 360 W omx_vdec: <__AwOmxVdecGetExtensionIndex:1741>: GetExtensionIndex OMX.google.android.index.describeColorFormat, err [0x80001001].
05-28 10:09:08.109 360 360 W omx_vdec: <__AwOmxVdecGetExtensionIndex:1741>: GetExtensionIndex OMX.google.android.index.describeColorFormat2, err [0x80001001].
05-28 10:09:08.109 360 360 E omx_vdec: : erro: pParamData->nIndex > m_sPortFormatType.nIndex
05-28 10:09:08.109 360 360 W omx_vdec: <__AwOmxVdecGetExtensionIndex:1741>: GetExtensionIndex OMX.google.android.index.describeColorFormat, err [0x80001001].
05-28 10:09:08.110 360 360 W omx_vdec: <__AwOmxVdecGetExtensionIndex:1741>: GetExtensionIndex OMX.google.android.index.describeColorFormat2, err [0x80001001].
05-28 10:09:08.110 355 468 W ACodec : [OMX.allwinner.video.decoder.vp9] stopping checking formats after 32: COLOR_FormatYUV420Planar(13)
05-28 10:09:08.110 360 360 W omx_vdec: <__AwOmxVdecGetExtensionIndex:1741>: GetExtensionIndex OMX.google.android.index.configureVideoTunnelMode, err [0x80001001].
05-28 10:09:08.110 360 360 E OMXNodeInstance: getExtensionIndex(0xeaaa3000:allwinner.decoder.vp9, OMX.google.android.index.configureVideoTunnelMode) ERROR: Undefined(0x80001001)
05-28 10:09:08.110 355 468 D MediaCodecInfo: detail feature-tunneled-playback wasn't present to remove
05-28 10:09:08.110 360 360 W omx_vdec: <__AwOmxVdecGetExtensionIndex:1741>: GetExtensionIndex OMX.google.android.index.storeANWBufferInMetadata, err [0x80001001].
05-28 10:09:08.110 360 360 W omx_vdec_aw: <__anSetExtPara:3004>: Setparameter: unknown param 2131755011
05-28 10:09:08.110 360 360 W OMXNodeInstance: [0xeaaa3000:allwinner.decoder.vp9] component does not support metadata mode; using fallback
05-28 10:09:08.110 360 740 W libc : invalid pthread_t (0) passed to pthread_join
05-28 10:09:08.110 665 665 D NetworkSecurityConfig: No Network Security Config specified, using platform default
05-28 10:09:08.111 360 740 W libc : invalid pthread_t (0) passed to pthread_join
05-28 10:09:08.111 360 740 W libc : invalid pthread_t (0) passed to pthread_join
05-28 10:09:08.111 360 360 I cedarc : : not malloc locks
05-28 10:09:08.112 355 468 I OMXClient: IOmx service obtained
05-28 10:09:08.113 360 418 I OMXStore: makeComponentInstance(OMX.allwinner.video.decoder.vp9.secure) in android.hardwar process
01-01 08:00:20.119 128 128 I WCN : marlin_write_cali_data sync init_state:0x0
01-01 08:00:20.120 360 360 D : disable_cedar_hw_clk,546
05-28 10:09:08.114 360 418 E omx_vdec: : This platform does not support secure video playback
05-28 10:09:08.114 360 418 E omx_sem : : handle is null
05-28 10:09:08.114 360 418 E omx_sem : : handle is null
05-28 10:09:08.114 360 418 E omx_sem : : handle is null
05-28 10:09:08.114 360 418 E omx_sem : : handle is null
05-28 10:09:08.114 360 418 E omx_sem : : handle is null
05-28 10:09:08.114 360 418 W omx_vdec_aw: : pdec is null
05-28 10:09:08.114 360 418 E android.hardware.media.omx@1.0-service: Failed to allocate omx component 'OMX.allwinner.video.decoder.vp9.secure' err=InvalidComponentName(0x80001002)
05-28 10:09:08.114 665 665 D NetworkSecurityConfig: No Network Security Config specified, using platform default
05-28 10:09:08.115 355 468 W OmxInfoBuilder: Fail to add media type video/x-vnd.on2.vp9 to codec OMX.allwinner.video.decoder.vp9.secure
05-28 10:09:08.116 355 468 I OMXClient: IOmx service obtained
05-28 10:09:08.116 360 418 I OMXStore: makeComponentInstance(OMX.allwinner.video.encoder.avc) in android.hardwar process
05-28 10:09:08.128 360 418 W cedarc : : cannot open /dev/sunxi_soc_info, it maybe ok!
05-28 10:09:08.128 360 418 I cedarc : : *** ic_version = 0x3301000012011,
05-28 10:09:08.129 360 418 E OMXNodeInstance: getParameter(0xeaaa1000:allwinner.encoder.avc, ParamVideoProfileLevelQuerySupported(0x600000f)) ERROR: BadParameter(0x80001005)
01-01 08:00:20.137 418 418 D : enable_cedar_hw_clk,516
05-28 10:09:08.130 355 468 W OMXUtils: do not know color format 0x7f000789 = 2130708361
05-28 10:09:08.130 355 468 W OMXUtils: do not know color format 0x7f000001 = 2130706433
05-28 10:09:08.130 360 418 E omx_venc: <__AwOmxVencGetParameter:882>: get_parameter erro: pParamData->nIndex > m_sInPortFormatType.nIndex, param index 3. impl in->index 2.
05-28 10:09:08.130 360 418 E OMXNodeInstance: getConfig(0xeaaa1000:allwinner.encoder.avc, ConfigAndroidIntraRefresh(0x6f60000a)) ERROR: UnsupportedIndex(0x8000101a)
05-28 10:09:08.131 360 418 E omx_venc: : get_parameter: unknown param 0xeac35d00
05-28 10:09:08.131 360 418 E omx_venc: 
05-28 10:09:08.131 360 418 E OMXNodeInstance: getParameter(0xeaaa1000:allwinner.encoder.avc, ParamVideoIntraRefresh(0x6000006)) ERROR: UnsupportedIndex(0x8000101a)
05-28 10:09:08.131 355 468 D MediaCodecInfo: detail feature-frame-parsing wasn't present to remove
05-28 10:09:08.139 360 418 I cedarc : : not malloc locks
01-01 08:00:20.147 128 128 I WCN : marlin_write_cali_data sync init_state:0xf0f0f0f1
01-01 08:00:20.147 128 128 I WCN : sdio_config bt_wake_host trigger:[high]
01-01 08:00:20.147 128 128 I WCN : sdio_config irq:[inband]
01-01 08:00:20.147 128 128 I WCN : sdio_config wake_host_level_duration_time:[20ms]
01-01 08:00:20.147 128 128 I WCN : sdio_config wake_host_data_separation:[bt/wifi reuse]
01-01 08:00:20.147 128 128 I WCN : marlin_send_sdio_config_to_cp sdio_config:0x80f01 (enable config)
01-01 08:00:20.147 128 128 I WCN : marlin_write_cali_data finish
01-01 08:00:20.147 128 128 I WCN : check_cp_ready sync val:0xf0f0f0f2, prj_type val:0xe0e0e0e0
01-01 08:00:20.149 418 418 D : disable_cedar_hw_clk,546
01-01 08:00:20.149 406 406 I : DVI mode selected: packets not configured
01-01 08:00:20.149 406 406 I : Error: set vsif failed
05-28 10:09:08.143 182 182 E servicemanager: Could not find android.hardware.gnss.IGnss/default in the VINTF manifest.
05-28 10:09:08.144 476 476 D GnssLocationProviderJni: Trying IGnss_V2_1::getService()
05-28 10:09:08.145 183 183 I hwservicemanager: getTransport: Cannot find entry android.hardware.gnss@2.1::IGnss/default in either framework or device VINTF manifest.
05-28 10:09:08.145 476 476 D GnssLocationProviderJni: gnssHal 2.1 was null, trying 2.0
05-28 10:09:08.145 183 183 I hwservicemanager: getTransport: Cannot find entry android.hardware.gnss@2.0::IGnss/default in either framework or device VINTF manifest.
05-28 10:09:08.145 476 476 D GnssLocationProviderJni: gnssHal 2.0 was null, trying 1.1
05-28 10:09:08.146 183 183 I hwservicemanager: getTransport: Cannot find entry android.hardware.gnss@1.1::IGnss/default in either framework or device VINTF manifest.
05-28 10:09:08.146 476 476 D GnssLocationProviderJni: gnssHal 1.1 was null, trying 1.0
05-28 10:09:08.146 183 183 I hwservicemanager: getTransport: Cannot find entry android.hardware.gnss@1.0::IGnss/default in either framework or device VINTF manifest.
05-28 10:09:08.146 355 468 I Codec2Client: Available Codec2 services: "software"
05-28 10:09:08.149 369 369 V C2Store : in init
05-28 10:09:08.149 369 369 V C2Store : loading dll
05-28 10:09:08.151 476 476 E LocationManagerService: no geocoder provider found
05-28 10:09:08.151 476 476 E ActivityRecognitionHardware: activity_recognition HAL is deprecated. is_supported is effectively a no-op
05-28 10:09:08.151 476 476 E LocationManagerService: unable to bind ActivityRecognitionProxy
05-28 10:09:08.152 476 476 W SystemServiceManager: Service com.android.server.location.LocationManagerService$Lifecycle took 67 ms in onBootPhase
05-28 10:09:08.152 476 476 I WallpaperManagerService: switch-user-0
05-28 10:09:08.152 476 476 V WallpaperManagerService: bindWallpaperComponentLocked: componentName=ComponentInfo{com.android.systemui/com.android.systemui.ImageWallpaper}
05-28 10:09:08.159 665 665 V SystemUIService: SystemUIApplication constructed.
05-28 10:09:08.161 476 476 D SoundTriggerService: onBootPhase: 600 : false
05-28 10:09:08.168 207 207 I keystore2: keystore2::authorization: on_lock_screen_event(LockScreenEvent(0), user_id=0, password.is_some()=false, unlocking_sids=Some([]))
01-01 08:00:20.175 128 128 I WCN : check_cp_ready sync val:0xf0f0f0f2, prj_type val:0xe0e0e0e0
01-01 08:00:20.183 406 406 I : DVI mode selected: packets not configured
01-01 08:00:20.183 406 406 I : Error: set vsif failed
05-28 10:09:08.186 476 476 W AlarmManager: Unrecognized alarm listener com.android.server.stats.StatsCompanionService$AnomalyAlarmListener@778f884
05-28 10:09:08.187 476 476 W AlarmManager: Unrecognized alarm listener com.android.server.stats.StatsCompanionService$PullingAlarmListener@452386d
05-28 10:09:08.187 476 476 W AlarmManager: Unrecognized alarm listener com.android.server.stats.StatsCompanionService$PeriodicAlarmListener@3cf18f0
05-28 10:09:08.190 369 369 V C2Store : in ~ComponentModule
05-28 10:09:08.190 369 369 V C2Store : unloading dll
05-28 10:09:08.190 369 369 V C2Store : in init
05-28 10:09:08.191 369 369 V C2Store : loading dll
01-01 08:00:20.203 128 128 I WCN : check_cp_ready sync val:0xf0f0f0f2, prj_type val:0xe0e0e0e0
05-28 10:09:08.202 476 476 I StatsCompanionService: Told statsd that StatsCompanionService is alive.
05-28 10:09:08.205 476 499 W StorageManagerService: No primary storage defined yet; hacking together a stub
05-28 10:09:08.209 476 536 D StatsPullAtomService: Registering NetworkStats pullers with statsd
01-01 08:00:20.216 406 406 I : DVI mode selected: packets not configured
01-01 08:00:20.216 406 406 I : Error: set vsif failed
05-28 10:09:08.211 476 476 I SystemServerTiming: StartNetworkStack
05-28 10:09:08.211 476 476 D ConnectivityModuleConnector: Starting networking module android.net.INetworkStackConnector
05-28 10:09:08.212 476 476 D ConnectivityModuleConnector: Starting networking module in network_stack process
05-28 10:09:08.217 476 536 W BestClock: java.time.DateTimeException: Missing NTP fix
05-28 10:09:08.219 369 369 V C2Store : in ~ComponentModule
05-28 10:09:08.219 369 369 V C2Store : unloading dll
05-28 10:09:08.219 369 369 V C2Store : in init
05-28 10:09:08.219 369 369 V C2Store : loading dll
05-28 10:09:08.220 476 476 D CompatibilityChangeReporter: Compat change id reported: 135634846; UID 1073; state: DISABLED
05-28 10:09:08.222 476 476 D ConnectivityModuleConnector: Networking module service start requested
05-28 10:09:08.223 476 476 I SystemServerTiming: StartTethering
05-28 10:09:08.223 476 476 D ConnectivityModuleConnector: Starting networking module android.net.ITetheringConnector
05-28 10:09:08.225 476 476 D ConnectivityModuleConnector: Starting networking module in network_stack process
01-01 08:00:20.231 128 128 I WCN : check_cp_ready sync val:0xf0f0f0f2, prj_type val:0xe0e0e0e0
05-28 10:09:08.230 476 476 D ConnectivityModuleConnector: Networking module service start requested
05-28 10:09:08.231 476 476 I SystemServerTiming: MakeCountryDetectionServiceReady
05-28 10:09:08.231 476 476 I SystemServerTiming: MakeNetworkTimeUpdateReady
05-28 10:09:08.228 264 264 I EventThread: type=1400 audit(0.0:337): avc: denied { search } for name="extcon" dev="sysfs" ino=18109 scontext=u:r:hal_tv_cec_default:s0 tcontext=u:object_r:sysfs_extcon:s0 tclass=dir permissive=1
05-28 10:09:08.234 476 476 D ConnectivityService: requestNetwork for uid/pid:1000/476 activeRequest: null callbackRequest: 16 [NetworkRequest [ REQUEST id=17, [ Capabilities: INTERNET&NOT_RESTRICTED&TRUSTED&NOT_VCN_MANAGED Uid: 1000 RequestorUid: 1000 RequestorPkg: android] ]] callback flags: 0 priority: 2147483647
05-28 10:09:08.235 476 615 D ConnectivityService: NetReassign [no changes]
05-28 10:09:08.237 476 476 I SystemServerTiming: MakeInputManagerServiceReady
05-28 10:09:08.237 476 650 D PPPOE : got request NetworkRequest [ REQUEST id=17, [ Capabilities: INTERNET&NOT_RESTRICTED&TRUSTED&NOT_VCN_MANAGED Uid: 1000 RequestorUid: 1000 RequestorPkg: android] ]
05-28 10:09:08.233 245 245 D Zygote : Forked child process 753
05-28 10:09:08.240 476 538 I ActivityManager: app.processName = com.android.networkstack.process
05-28 10:09:08.240 476 538 I ActivityManager: Start proc 753:com.android.networkstack.process/1073 for service {com.android.networkstack/com.android.server.NetworkStackService}
05-28 10:09:08.246 753 753 I Zygote : seccomp disabled by setenforce 0
01-01 08:00:20.261 128 128 I WCN : check_cp_ready sync val:0xf0f0f0ff, prj_type val:0xe0e0e0e0
01-01 08:00:20.261 128 128 I sdiohal : sdiohal_runtime_get entry
01-01 08:00:20.261 128 128 D : [xw] before reg = 0x1
01-01 08:00:20.261 128 128 D : [xw] after reg = 0x3
01-01 08:00:20.263 128 128 I WCN : get_cp2_version entry!
05-28 10:09:08.254 476 536 W BestClock: java.time.DateTimeException: Missing NTP fix
05-28 10:09:08.252 655 655 I wifi@1.0-servic: type=1400 audit(0.0:338): avc: denied { search } for name="wifi" dev="mmcblk0p25" ino=54 scontext=u:r:hal_wifi_default:s0 tcontext=u:object_r:wifi_data_file:s0 tclass=dir permissive=1
01-01 08:00:20.264 346 346 I WCN : WCND at cmd read:WCN_VER:Platform Version:MARLIN3E_20A_W23.44.5~Project Version:uwe5623_marlin3E_ott~11-03-2023 13:20:16~
01-01 08:00:20.265 128 128 I WCN : switch_cp2_log - close entry!
01-01 08:00:20.265 346 346 I WCN : WCND at cmd read:OK
01-01 08:00:20.266 655 655 I WCN : then marlin download finished and run ok
01-01 08:00:20.266 406 406 I : DVI mode selected: packets not configured
05-28 10:09:08.256 327 327 I xiriservice_All: type=1400 audit(0.0:339): avc: denied { read } for scontext=u:r:init:s0 tcontext=u:r:init:s0 tclass=netlink_kobject_uevent_socket permissive=1
01-01 08:00:20.266 406 406 I : Error: set vsif failed
05-28 10:09:08.258 319 321 D XM_HIDREAD: add@ add@/devices/platform/unisoc_wifi/wakeup/wakeup25
05-28 10:09:08.264 326 326 I rainbow_flow: type=1400 audit(0.0:340): avc: denied { ioctl } for path="/dev/spidev1.0" dev="tmpfs" ino=6381 ioctlcmd=0x6b00 scontext=u:r:init:s0 tcontext=u:object_r:device:s0 tclass=chr_file permissive=1
05-28 10:09:08.268 476 536 W BestClock: java.time.DateTimeException: Missing NTP fix
05-28 10:09:08.272 476 606 W BestClock: java.time.DateTimeException: Missing NTP fix
05-28 10:09:08.273 476 606 W BestClock: java.time.DateTimeException: Missing NTP fix
05-28 10:09:08.277 369 369 V C2Store : in ~ComponentModule
05-28 10:09:08.277 369 369 V C2Store : unloading dll
05-28 10:09:08.277 369 369 V C2Store : in init
05-28 10:09:08.278 369 369 V C2Store : loading dll
05-28 10:09:08.279 383 396 I adbd : jdwp connection from 753
05-28 10:09:08.281 245 245 W Zygote : forkRepeatedly terminated due to non-simple command
05-28 10:09:08.281 712 712 I WebViewLoader-: System.exit called, status: 0
01-01 08:00:20.281 655 655 E sprdwl : __sprdwl_cmd_getbuf cant't get vif, ctx_id: 0
05-28 10:09:08.281 712 712 I AndroidRuntime: VM exiting with result code 0, cleanup skipped.
05-28 10:09:08.282 245 245 D Zygote : mbuffer starts with 14, nice name is webview_zygote, mEnd = 401, mNext = 159, mLinesLeft = 6, mFd = 4
01-01 08:00:20.296 346 346 I WCN : WCND at cmd read:3
05-28 10:09:08.291 476 520 W IorapForwardingService: No service published for: iorapd
05-28 10:09:08.291 476 595 I InputReader: Reconfiguring input devices, changes=DEVICE_ALIAS |
05-28 10:09:08.291 663 663 V AdapterServiceConfig: Adding HeadsetService
05-28 10:09:08.292 663 663 V AdapterServiceConfig: Adding A2dpService
05-28 10:09:08.293 476 595 I InputReader: Reconfiguring input devices, changes=KEYBOARD_LAYOUTS |
05-28 10:09:08.293 663 663 V AdapterServiceConfig: Adding HidHostService
05-28 10:09:08.293 663 663 V AdapterServiceConfig: Adding PanService
01-01 08:00:20.300 406 406 I : DVI mode selected: packets not configured
01-01 08:00:20.300 406 406 I : Error: set vsif failed
05-28 10:09:08.295 663 663 V AdapterServiceConfig: Adding GattService
05-28 10:09:08.295 663 663 V AdapterServiceConfig: Adding BluetoothMapService
05-28 10:09:08.295 663 663 V AdapterServiceConfig: Adding AvrcpTargetService
05-28 10:09:08.298 476 476 I SystemServerTiming: MakeTelephonyRegistryReady
05-28 10:09:08.298 663 663 V AdapterServiceConfig: Adding HidDeviceService
05-28 10:09:08.298 663 663 V AdapterServiceConfig: Adding BluetoothOppService
05-28 10:09:08.298 663 663 V AdapterServiceConfig: Adding BluetoothPbapService
05-28 10:09:08.298 476 476 I SystemServerTiming: MakeMediaRouterServiceReady
05-28 10:09:08.300 476 536 W BestClock: java.time.DateTimeException: Missing NTP fix
05-28 10:09:08.303 476 476 I SystemServerTiming: MakeMmsServiceReady
05-28 10:09:08.303 476 476 I MmsServiceBroker: Delay connecting to MmsService until an API is called
05-28 10:09:08.303 476 476 I SystemServerTiming: IncidentDaemonReady
05-28 10:09:08.302 369 369 V C2Store : in ~ComponentModule
05-28 10:09:08.304 369 369 V C2Store : unloading dll
05-28 10:09:08.304 369 369 V C2Store : in init
05-28 10:09:08.305 476 536 W BestClock: java.time.DateTimeException: Missing NTP fix
05-28 10:09:08.305 369 369 V C2Store : loading dll
05-28 10:09:08.305 476 606 W BestClock: java.time.DateTimeException: Missing NTP fix
05-28 10:09:08.306 476 606 W BestClock: java.time.DateTimeException: Missing NTP fix
01-01 08:00:20.315 655 655 I WCN : get_board_ant_num [three_ant]
01-01 08:00:20.315 655 655 E : wifi ini path = /vendor/etc/wifi_56630001_3ant.ini
05-28 10:09:08.324 369 369 V C2Store : in ~ComponentModule
05-28 10:09:08.324 369 369 V C2Store : unloading dll
05-28 10:09:08.324 369 369 V C2Store : in init
05-28 10:09:08.324 369 369 V C2Store : loading dll
01-01 08:00:20.325 655 655 E sprdwl : __sprdwl_cmd_getbuf cant't get vif, ctx_id: 0
05-28 10:09:08.328 476 476 I SystemServerTiming: MakeIncrementalServiceReady
05-28 10:09:08.328 245 245 D Zygote : Forked child process 779
05-28 10:09:08.328 476 476 I SystemServerTiming: getCurrentUser
05-28 10:09:08.328 476 476 I ActivityManager: Current user:0
05-28 10:09:08.328 476 476 I SystemServerTiming: ActivityManagerStartApps
05-28 10:09:08.330 476 476 I SystemServerTiming: ssm.StartUser-0
05-28 10:09:08.330 476 476 I SystemServiceManager: Calling onStartUser 0
05-28 10:09:08.337 476 710 W ZygoteProcess: Got error connecting to zygote, retrying. msg= Connection refused
01-01 08:00:20.342 655 655 E sprdwl : __sprdwl_cmd_getbuf cant't get vif, ctx_id: 0
05-28 10:09:08.340 476 536 W BestClock: java.time.DateTimeException: Missing NTP fix
05-28 10:09:08.345 779 779 I Zygote : seccomp disabled by setenforce 0
05-28 10:09:08.347 476 536 W BestClock: java.time.DateTimeException: Missing NTP fix
05-28 10:09:08.354 476 751 D CompatibilityChangeReporter: Compat change id reported: 168419799; UID 1073; state: DISABLED
05-28 10:09:08.356 476 476 V StorageManagerService: Package com.dangbei.lerad.leradwatcher has legacy storage
05-28 10:09:08.356 476 476 V StorageManagerService: Package com.android.cts.priv.ctsshim does not have legacy storage
05-28 10:09:08.356 476 476 V StorageManagerService: Package com.android.dynsystem does not have legacy storage
05-28 10:09:08.356 476 476 V StorageManagerService: Package com.dangbei.lerad.rocky does not have legacy storage
05-28 10:09:08.356 476 476 V StorageManagerService: Package com.android.providers.calendar does not have legacy storage
05-28 10:09:08.356 476 476 V StorageManagerService: Package com.android.tv.settings does not have legacy storage
05-28 10:09:08.356 476 476 V StorageManagerService: Package com.android.providers.media does not have legacy storage
05-28 10:09:08.356 476 476 V StorageManagerService: Package com.oranth.factory does not have legacy storage
05-28 10:09:08.356 476 476 V StorageManagerService: Package com.android.internal.systemui.navbar.gestural_wide_back does not have legacy storage
05-28 10:09:08.356 476 476 V StorageManagerService: Package com.dangbei.zhushou.os does not have legacy storage
05-28 10:09:08.356 476 476 V StorageManagerService: Package com.android.wallpapercropper does not have legacy storage
05-28 10:09:08.357 476 476 V StorageManagerService: Package com.softwinner.provision does not have legacy storage
05-28 10:09:08.357 476 476 V StorageManagerService: Package com.softwinner.awlogsettings does not have legacy storage
05-28 10:09:08.357 476 476 V StorageManagerService: Package com.android.documentsui does not have legacy storage
05-28 10:09:08.357 476 476 V StorageManagerService: Package com.sohu.inputmethod.sogou.tv has legacy storage
05-28 10:09:08.357 779 779 I WebViewZygoteInit: Starting WebViewZygoteInit
05-28 10:09:08.357 476 476 V StorageManagerService: Package com.android.externalstorage does not have legacy storage
05-28 10:09:08.357 476 476 V StorageManagerService: Package com.android.htmlviewer does not have legacy storage
05-28 10:09:08.357 476 476 V StorageManagerService: Package com.android.companiondevicemanager does not have legacy storage
05-28 10:09:08.357 476 476 V StorageManagerService: Package com.android.mms.service does not have legacy storage
05-28 10:09:08.357 476 476 V StorageManagerService: Package com.android.providers.downloads does not have legacy storage
05-28 10:09:08.357 476 476 V StorageManagerService: Package com.android.providers.tv does not have legacy storage
05-28 10:09:08.361 369 369 V C2Store : in ~ComponentModule
05-28 10:09:08.361 369 369 V C2Store : unloading dll
05-28 10:09:08.362 369 369 V C2Store : in init
05-28 10:09:08.362 369 369 V C2Store : loading dll
05-28 10:09:08.362 476 476 V StorageManagerService: Package com.android.internal.systemui.onehanded.gestural does not have legacy storage
05-28 10:09:08.362 476 476 V StorageManagerService: Package com.oranth.ledstatus does not have legacy storage
05-28 10:09:08.362 476 476 V StorageManagerService: Package com.dangbei.lerad.videoposter has legacy storage
05-28 10:09:08.362 476 476 V StorageManagerService: Package com.android.providers.downloads.ui does not have legacy storage
05-28 10:09:08.363 476 476 V StorageManagerService: Package com.android.pacprocessor does not have legacy storage
05-28 10:09:08.363 476 476 V StorageManagerService: Package com.android.simappdialog does not have legacy storage
05-28 10:09:08.363 476 476 V StorageManagerService: Package com.android.networkstack does not have legacy storage
05-28 10:09:08.363 476 476 V StorageManagerService: Package com.android.connectivity.resources does not have legacy storage
05-28 10:09:08.363 476 476 V StorageManagerService: Package com.android.modulemetadata does not have legacy storage
05-28 10:09:08.363 476 476 V StorageManagerService: Package com.android.certinstaller does not have legacy storage
05-28 10:09:08.363 476 476 V StorageManagerService: Package com.android.carrierconfig does not have legacy storage
05-28 10:09:08.363 476 476 V StorageManagerService: Package com.google.android.apps.searchlite.overlay does not have legacy storage
05-28 10:09:08.363 476 476 V StorageManagerService: Package com.android.internal.systemui.navbar.threebutton does not have legacy storage
05-28 10:09:08.363 476 476 V StorageManagerService: Package android does not have legacy storage
05-28 10:09:08.363 476 476 V StorageManagerService: Package com.google.android.networkstackconfig does not have legacy storage
05-28 10:09:08.364 476 476 V StorageManagerService: Package com.softwinner.settingssetup does not have legacy storage
05-28 10:09:08.364 476 476 V StorageManagerService: Package com.android.egg does not have legacy storage
05-28 10:09:08.364 476 476 V StorageManagerService: Package com.android.mtp does not have legacy storage
05-28 10:09:08.364 476 476 V StorageManagerService: Package com.android.backupconfirm does not have legacy storage
05-28 10:09:08.364 476 476 V StorageManagerService: Package com.softwinner.timerswitch does not have legacy storage
05-28 10:09:08.364 476 476 V StorageManagerService: Package com.android.statementservice does not have legacy storage
05-28 10:09:08.364 476 476 V StorageManagerService: Package com.dangbei.screencast has legacy storage
05-28 10:09:08.364 476 476 V StorageManagerService: Package com.android.settings.intelligence does not have legacy storage
05-28 10:09:08.364 476 476 V StorageManagerService: Package com.android.internal.systemui.navbar.gestural_extra_wide_back does not have legacy storage
05-28 10:09:08.364 476 476 V StorageManagerService: Package com.dangbei.leard.leradlauncher does not have legacy storage
05-28 10:09:08.364 476 476 V StorageManagerService: Package com.android.providers.settings does not have legacy storage
05-28 10:09:08.364 779 779 I Zygote : seccomp disabled by setenforce 0
05-28 10:09:08.360 665 665 I ndroid.systemui: type=1400 audit(0.0:341): avc: denied { search } for name="com.android.systemui" dev="mmcblk0p25" ino=486 scontext=u:r:platform_app:s0:c512,c768 tcontext=u:object_r:app_data_file:s0:c512,c768 tclass=dir permissive=1 app=com.softwinner.screenshot
05-28 10:09:08.365 476 476 V StorageManagerService: Package com.android.sharedstoragebackup does not have legacy storage
05-28 10:09:08.365 476 476 V StorageManagerService: Package com.android.printspooler does not have legacy storage
05-28 10:09:08.365 476 476 V StorageManagerService: Package com.android.dreams.basic does not have legacy storage
05-28 10:09:08.365 476 476 V StorageManagerService: Package com.android.webview does not have legacy storage
05-28 10:09:08.366 476 476 V StorageManagerService: Package com.android.se does not have legacy storage
05-28 10:09:08.366 476 476 V StorageManagerService: Package com.android.tv does not have legacy storage
05-28 10:09:08.366 476 476 V StorageManagerService: Package com.android.inputdevices does not have legacy storage
05-28 10:09:08.366 476 476 V StorageManagerService: Package com.android.bips does not have legacy storage
05-28 10:09:08.366 476 476 V StorageManagerService: Package com.oranth.inputmacsn does not have legacy storage
05-28 10:09:08.366 476 476 V StorageManagerService: Package com.android.musicfx does not have legacy storage
05-28 10:09:08.366 476 476 V StorageManagerService: Package com.dangbei.hqguide does not have legacy storage
05-28 10:09:08.366 476 476 V StorageManagerService: Package android.ext.shared does not have legacy storage
05-28 10:09:08.366 476 476 V StorageManagerService: Package com.android.onetimeinitializer does not have legacy storage
05-28 10:09:08.366 476 476 V StorageManagerService: Package com.android.keychain does not have legacy storage
05-28 10:09:08.366 476 476 V StorageManagerService: Package com.android.printservice.recommendation does not have legacy storage
05-28 10:09:08.366 476 476 V StorageManagerService: Package com.google.android.networkstack.tetheringconfig does not have legacy storage
05-28 10:09:08.367 476 476 V StorageManagerService: Package android.ext.services does not have legacy storage
05-28 10:09:08.367 476 476 V StorageManagerService: Package com.android.wifi.resources does not have legacy storage
05-28 10:09:08.367 476 476 V StorageManagerService: Package com.android.localtransport does not have legacy storage
05-28 10:09:08.367 476 476 V StorageManagerService: Package com.android.packageinstaller does not have legacy storage
05-28 10:09:08.367 476 476 V StorageManagerService: Package com.android.theme.font.notoserifsource does not have legacy storage
05-28 10:09:08.367 476 476 V StorageManagerService: Package com.android.proxyhandler does not have legacy storage
01-01 08:00:20.360 655 655 E sprdwl : sprdwl_get_fw_info, drv_version=1, fw_version=2, compat_ver=0
01-01 08:00:20.372 655 655 E sprdwl : chip_model:0x2355, chip_ver:0x0
05-28 10:09:08.368 476 476 V StorageManagerService: Package com.softwinner.screenshot does not have legacy storage
05-28 10:09:08.368 476 476 V StorageManagerService: Package com.android.managedprovisioning does not have legacy storage
05-28 10:09:08.368 476 476 V StorageManagerService: Package com.oranth.usbopenft does not have legacy storage
05-28 10:09:08.368 476 476 V StorageManagerService: Package com.android.networkstack.tethering does not have legacy storage
05-28 10:09:08.369 476 476 V StorageManagerService: Package com.android.soundpicker does not have legacy storage
05-28 10:09:08.369 476 476 V StorageManagerService: Package com.dangbei.lerad.etna.haqu does not have legacy storage
05-28 10:09:08.369 476 476 V StorageManagerService: Package com.allwinnertech.packageoverride does not have legacy storage
05-28 10:09:08.369 476 476 V StorageManagerService: Package com.android.smspush does not have legacy storage
05-28 10:09:08.372 476 476 V StorageManagerService: Package com.android.wallpaper.livepicker does not have legacy storage
05-28 10:09:08.372 476 476 V StorageManagerService: Package com.tv.filemanager.os has legacy storage
05-28 10:09:08.372 476 476 V StorageManagerService: Package com.oranth.powerwindow does not have legacy storage
05-28 10:09:08.372 476 476 V StorageManagerService: Package com.android.storagemanager does not have legacy storage
05-28 10:09:08.372 476 476 V StorageManagerService: Package com.android.bookmarkprovider does not have legacy storage
05-28 10:09:08.373 476 476 V StorageManagerService: Package com.android.networkstack.permissionconfig does not have legacy storage
05-28 10:09:08.373 476 476 V StorageManagerService: Package com.android.cts.ctsshim does not have legacy storage
05-28 10:09:08.373 476 476 V StorageManagerService: Package com.dangbei.lerad.screensaver does not have legacy storage
05-28 10:09:08.373 476 476 V StorageManagerService: Package com.android.remoteprovisioner does not have legacy storage
05-28 10:09:08.373 476 476 V StorageManagerService: Package com.softwinner.theme.icon does not have legacy storage
05-28 10:09:08.373 476 476 V StorageManagerService: Package com.android.wallpaper does not have legacy storage
05-28 10:09:08.373 476 476 V StorageManagerService: Package com.android.vpndialogs does not have legacy storage
05-28 10:09:08.373 476 476 V StorageManagerService: Package com.android.music does not have legacy storage
05-28 10:09:08.373 476 476 V StorageManagerService: Package com.android.shell does not have legacy storage
05-28 10:09:08.373 476 476 V StorageManagerService: Package com.android.wallpaperbackup does not have legacy storage
05-28 10:09:08.373 476 476 V StorageManagerService: Package com.android.providers.blockednumber does not have legacy storage
05-28 10:09:08.374 476 476 V StorageManagerService: Package com.android.providers.userdictionary does not have legacy storage
05-28 10:09:08.374 476 476 V StorageManagerService: Package com.android.providers.media.module does not have legacy storage
05-28 10:09:08.374 476 476 V StorageManagerService: Package com.softwinner.theme.color does not have legacy storage
05-28 10:09:08.374 476 476 V StorageManagerService: Package com.oranth.storage does not have legacy storage
05-28 10:09:08.374 476 476 V StorageManagerService: Package com.android.hotspot2.osulogin does not have legacy storage
05-28 10:09:08.374 476 476 V StorageManagerService: Package com.android.internal.systemui.navbar.gestural does not have legacy storage
05-28 10:09:08.374 476 476 V StorageManagerService: Package com.android.location.fused does not have legacy storage
05-28 10:09:08.374 476 476 V StorageManagerService: Package com.android.systemui does not have legacy storage
05-28 10:09:08.374 476 476 V StorageManagerService: Package com.dangbei.haqusetting does not have legacy storage
05-28 10:09:08.374 476 476 V StorageManagerService: Package com.android.bluetoothmidiservice does not have legacy storage
05-28 10:09:08.376 476 536 W BestClock: java.time.DateTimeException: Missing NTP fix
01-01 08:00:20.379 655 655 E sprdwl : fw_ver:0, fw_std:0x53, fw_capa:0x120f4f
05-28 10:09:08.378 476 476 V StorageManagerService: Package com.softwinner.awmanager does not have legacy storage
05-28 10:09:08.378 476 476 V StorageManagerService: Package com.android.permissioncontroller does not have legacy storage
05-28 10:09:08.378 476 476 V StorageManagerService: Package com.softwinner.miracastReceiver does not have legacy storage
05-28 10:09:08.378 476 476 V StorageManagerService: Package com.android.traceur does not have legacy storage
05-28 10:09:08.378 476 476 V StorageManagerService: Package com.android.bluetooth does not have legacy storage
05-28 10:09:08.378 476 476 V StorageManagerService: Package com.android.providers.contacts does not have legacy storage
05-28 10:09:08.378 476 476 V StorageManagerService: Package com.android.captiveportallogin does not have legacy storage
05-28 10:09:08.378 476 476 V StorageManagerService: Package com.android.internal.systemui.navbar.gestural_narrow_back does not have legacy storage
05-28 10:09:08.378 476 476 V StorageManagerService: Package android.auto_generated_rro_vendor__ does not have legacy storage
05-28 10:09:08.381 476 536 W BestClock: java.time.DateTimeException: Missing NTP fix
05-28 10:09:08.382 476 751 D CompatibilityChangeReporter: Compat change id reported: 168419799; UID 1073; state: DISABLED
01-01 08:00:20.386 655 655 E sprdwl : mac_addr:b4:2f:03:16:18:c0
05-28 10:09:08.383 476 751 W ActivityManager: Slow operation: 51ms so far, now at attachApplicationLocked: after mServices.attachApplicationLocked
05-28 10:09:08.388 476 606 W BestClock: java.time.DateTimeException: Missing NTP fix
05-28 10:09:08.389 476 606 W BestClock: java.time.DateTimeException: Missing NTP fix
05-28 10:09:08.389 753 753 D CompatibilityChangeReporter: Compat change id reported: 171979766; UID 1073; state: ENABLED
01-01 08:00:20.393 655 655 E sprdwl : credit_capa:TX_WITH_CREDIT, extend_feature:0x1
05-28 10:09:08.393 476 476 W VoiceInteractionManager: no available voice recognition services found for user 0
05-28 10:09:08.393 476 476 W AppBindingService: [Default SMS app] u0 Target package not found
01-01 08:00:20.401 655 655 E sprdwl : ott support:1
05-28 10:09:08.399 476 476 V GameManagerService: Settings file doesn't exists, skip reading
05-28 10:09:08.400 476 476 I SystemServerTiming: startPersistentApps
05-28 10:09:08.401 245 245 I Zygote : Process 712 exited cleanly (0)
05-28 10:09:08.406 369 369 V C2Store : in ~ComponentModule
05-28 10:09:08.406 476 476 D CompatibilityChangeReporter: Compat change id reported: 135634846; UID 1068; state: DISABLED
05-28 10:09:08.406 369 369 V C2Store : unloading dll
05-28 10:09:08.406 369 369 V C2Store : in init
05-28 10:09:08.406 369 369 V C2Store : loading dll
05-28 10:09:08.407 476 476 I SystemServerTiming: startHomeOnAllDisplays
05-28 10:09:08.411 476 476 I ActivityStarter: ---START u0 {act=android.intent.action.MAIN cat=[android.intent.category.HOME] flg=0x10000100 cmp=com.android.tv.settings/.system.FallbackHome (has extras)} from uid 0
05-28 10:09:08.414 476 536 W BestClock: java.time.DateTimeException: Missing NTP fix
05-28 10:09:08.419 779 779 I WebViewZygoteInit: Beginning application preload for com.android.webview
05-28 10:09:08.419 476 536 W BestClock: java.time.DateTimeException: Missing NTP fix
05-28 10:09:08.420 476 606 W BestClock: java.time.DateTimeException: Missing NTP fix
05-28 10:09:08.421 476 606 W BestClock: java.time.DateTimeException: Missing NTP fix
05-28 10:09:08.425 369 369 V C2Store : in ~ComponentModule
05-28 10:09:08.426 369 369 V C2Store : unloading dll
05-28 10:09:08.426 369 369 V C2Store : in init
05-28 10:09:08.426 369 369 V C2Store : loading dll
05-28 10:09:08.427 476 476 D CompatibilityChangeReporter: Compat change id reported: 174042980; UID 1000; state: DISABLED
05-28 10:09:08.430 779 779 D nativeloader: classloader namespace configured for unbundled product apk. library_path=/product/app/webview/lib/arm:/product/app/webview/webview.apk!/lib/armeabi-v7a:/product/lib:/system/product/lib
05-28 10:09:08.434 245 245 D Zygote : Forked child process 790
05-28 10:09:08.439 476 476 D libcheckfile: checkfile_init
05-28 10:09:08.440 476 476 D ActivityTaskManager: isHomeLauncher info= ActivityInfo{6c87307 com.android.tv.settings.system.FallbackHome}
05-28 10:09:08.441 369 369 I mediaswcodec: missing struct descriptor #Param::CoreIndex(--004) for field values of struct #Param::CoreIndex(F-12004)
05-28 10:09:08.449 790 790 I Zygote : seccomp disabled by setenforce 0
05-28 10:09:08.450 369 369 I mediaswcodec: missing struct descriptor #Param::CoreIndex(--1812) for field values of struct #Param::CoreIndex(F-11812)
05-28 10:09:08.451 476 476 W System.err: java.io.IOException: Cannot run program "su": error=2, No such file or directory
05-28 10:09:08.454 476 476 W System.err: at java.lang.ProcessBuilder.start(ProcessBuilder.java:1050)
05-28 10:09:08.455 476 476 W System.err: at java.lang.Runtime.exec(Runtime.java:694)
05-28 10:09:08.455 476 476 W System.err: at java.lang.Runtime.exec(Runtime.java:524)
05-28 10:09:08.455 476 476 W System.err: at java.lang.Runtime.exec(Runtime.java:421)
05-28 10:09:08.455 476 476 W System.err: at com.android.server.wm.ActivityRecord.executeCMD(ActivityRecord.java:5940)
05-28 10:09:08.455 476 476 W System.err: at com.android.server.wm.ActivityRecord.isHomeLauncher(ActivityRecord.java:2431)
05-28 10:09:08.455 476 476 W System.err: at com.android.server.wm.RootWindowContainer.startPowerModeLaunchIfNeeded(RootWindowContainer.java:3653)
05-28 10:09:08.455 476 476 W System.err: at com.android.server.wm.ActivityStarter.startActivityInner(ActivityStarter.java:1786)
05-28 10:09:08.455 476 476 W System.err: at com.android.server.wm.ActivityStarter.startActivityUnchecked(ActivityStarter.java:1579)
05-28 10:09:08.455 476 476 W System.err: at com.android.server.wm.ActivityStarter.executeRequest(ActivityStarter.java:1186)
05-28 10:09:08.455 476 476 W System.err: at com.android.server.wm.ActivityStarter.execute(ActivityStarter.java:667)
05-28 10:09:08.455 476 476 W System.err: at com.android.server.wm.ActivityStartController.startHomeActivity(ActivityStartController.java:177)
05-28 10:09:08.455 476 476 W System.err: at com.android.server.wm.RootWindowContainer.startHomeOnTaskDisplayArea(RootWindowContainer.java:1565)
05-28 10:09:08.455 476 476 W System.err: at com.android.server.wm.RootWindowContainer.lambda$startHomeOnDisplay$12$RootWindowContainer(RootWindowContainer.java:1506)
05-28 10:09:08.455 476 476 W System.err: at com.android.server.wm.RootWindowContainer$$ExternalSyntheticLambda10.apply(Unknown Source:16)
05-28 10:09:08.455 476 476 W System.err: at com.android.server.wm.TaskDisplayArea.reduceOnAllTaskDisplayAreas(TaskDisplayArea.java:543)
05-28 10:09:08.455 476 476 W System.err: at com.android.server.wm.DisplayArea.reduceOnAllTaskDisplayAreas(DisplayArea.java:392)
05-28 10:09:08.455 476 476 W System.err: at com.android.server.wm.DisplayArea.reduceOnAllTaskDisplayAreas(DisplayArea.java:392)
05-28 10:09:08.455 476 476 W System.err: at com.android.server.wm.DisplayArea.reduceOnAllTaskDisplayAreas(DisplayArea.java:392)
05-28 10:09:08.455 476 476 W System.err: at com.android.server.wm.DisplayArea.reduceOnAllTaskDisplayAreas(DisplayArea.java:392)
05-28 10:09:08.452 326 326 I rainbow_flow: type=1400 audit(0.0:342): avc: denied { ioctl } for path="/dev/spidev1.0" dev="tmpfs" ino=6381 ioctlcmd=0x6b00 scontext=u:r:init:s0 tcontext=u:object_r:device:s0 tclass=chr_file permissive=1
05-28 10:09:08.455 476 476 W System.err: at com.android.server.wm.DisplayArea.reduceOnAllTaskDisplayAreas(DisplayArea.java:392)
05-28 10:09:08.455 476 476 W System.err: at com.android.server.wm.WindowContainer.reduceOnAllTaskDisplayAreas(WindowContainer.java:2018)
05-28 10:09:08.455 476 476 W System.err: at com.android.server.wm.RootWindowContainer.startHomeOnDisplay(RootWindowContainer.java:1505)
05-28 10:09:08.455 476 476 W System.err: at com.android.server.wm.RootWindowContainer.startHomeOnDisplay(RootWindowContainer.java:1492)
05-28 10:09:08.455 476 476 W System.err: at com.android.server.wm.RootWindowContainer.startHomeOnAllDisplays(RootWindowContainer.java:1477)
05-28 10:09:08.455 476 476 W System.err: at com.android.server.wm.ActivityTaskManagerService$LocalService.startHomeOnAllDisplays(ActivityTaskManagerService.java:5728)
05-28 10:09:08.455 476 476 W System.err: at com.android.server.am.ActivityManagerService.systemReady(ActivityManagerService.java:7748)
05-28 10:09:08.456 476 476 W System.err: at com.android.server.SystemServer.startOtherServices(SystemServer.java:2798)
05-28 10:09:08.456 476 476 W System.err: at com.android.server.SystemServer.run(SystemServer.java:928)
05-28 10:09:08.456 476 476 W System.err: at com.android.server.SystemServer.main(SystemServer.java:628)
05-28 10:09:08.456 476 476 W System.err: at java.lang.reflect.Method.invoke(Native Method)
05-28 10:09:08.456 476 476 W System.err: at com.android.internal.os.RuntimeInit$MethodAndArgsCaller.run(RuntimeInit.java:548)
05-28 10:09:08.456 476 476 W System.err: at com.android.internal.os.ZygoteInit.main(ZygoteInit.java:1160)
05-28 10:09:08.458 476 476 W System.err: Caused by: java.io.IOException: error=2, No such file or directory
05-28 10:09:08.458 476 476 W System.err: at java.lang.UNIXProcess.forkAndExec(Native Method)
05-28 10:09:08.458 476 476 W System.err: at java.lang.UNIXProcess.(UNIXProcess.java:133)
05-28 10:09:08.458 476 476 W System.err: at java.lang.ProcessImpl.start(ProcessImpl.java:141)
05-28 10:09:08.458 476 476 W System.err: at java.lang.ProcessBuilder.start(ProcessBuilder.java:1029)
05-28 10:09:08.458 476 476 W System.err: ... 32 more
05-28 10:09:08.458 369 369 V C2Store : in ~ComponentModule
05-28 10:09:08.458 369 369 V C2Store : unloading dll
05-28 10:09:08.458 369 369 V C2Store : in init
05-28 10:09:08.458 369 369 V C2Store : loading dll
05-28 10:09:08.459 263 263 I AW_PowerHAL: Power setMode: SUSTAINED_PERFORMANCE to: 1
05-28 10:09:08.462 263 263 W AW_PowerHAL: Could not open nsi-bw: No such file or directory
05-28 10:09:08.462 263 263 I AW_PowerHAL: cur-mode:PERFORMANCE
05-28 10:09:08.466 476 536 W BestClock: java.time.DateTimeException: Missing NTP fix
05-28 10:09:08.472 476 476 I SystemServerTiming: showSystemReadyErrorDialogs
05-28 10:09:08.474 476 536 W BestClock: java.time.DateTimeException: Missing NTP fix
05-28 10:09:08.475 476 476 I system_server: getFrameworkHalManifest: Reading VINTF information.
05-28 10:09:08.477 369 369 V C2Store : in ~ComponentModule
05-28 10:09:08.479 369 369 V C2Store : unloading dll
05-28 10:09:08.479 369 369 V C2Store : in init
05-28 10:09:08.479 369 369 V C2Store : loading dll
05-28 10:09:08.484 476 476 I system_server: getDeviceHalManifest: Reading VINTF information.
05-28 10:09:08.489 383 396 I adbd : jdwp connection from 790
05-28 10:09:08.492 327 327 I xiriservice_All: type=1400 audit(0.0:343): avc: denied { read } for scontext=u:r:init:s0 tcontext=u:r:init:s0 tclass=netlink_kobject_uevent_socket permissive=1
01-01 08:00:20.505 311 311 I libphy : 5030000.eth: probed
05-28 10:09:08.500 319 321 D XM_HIDREAD: add@ add@/devices/platform/soc@3000000/5030000.eth/mdio_bus/5030000.eth-0/5030000.eth-0:00
05-28 10:09:08.503 753 753 V GraphicsEnvironment: ANGLE Developer option for 'com.android.networkstack' set to: 'default'
