05-28 10:09:14.631 476 608 D UntrustedWifiNetworkFactory: got request NetworkRequest [ REQUEST id=28, [ Capabilities: INTERNET&NOT_RESTRICTED&TRUSTED&NOT_VCN_MANAGED Uid: 1000 RequestorUid: 1000 RequestorPkg: com.dangbei.leard.leradlauncher] ]
05-28 10:09:14.631 476 608 D OemPaidWifiNetworkFactory: got request NetworkRequest [ REQUEST id=28, [ Capabilities: INTERNET&NOT_RESTRICTED&TRUSTED&NOT_VCN_MANAGED Uid: 1000 RequestorUid: 1000 RequestorPkg: com.dangbei.leard.leradlauncher] ]
05-28 10:09:14.634 1077 1091 W System : A resource failed to call close.
05-28 10:09:14.634 476 650 D PPPOE : got request NetworkRequest [ REQUEST id=28, [ Capabilities: INTERNET&NOT_RESTRICTED&TRUSTED&NOT_VCN_MANAGED Uid: 1000 RequestorUid: 1000 RequestorPkg: com.dangbei.leard.leradlauncher] ]
05-28 10:09:14.634 476 649 D Ethernet: got request NetworkRequest [ REQUEST id=28, [ Capabilities: INTERNET&NOT_RESTRICTED&TRUSTED&NOT_VCN_MANAGED Uid: 1000 RequestorUid: 1000 RequestorPkg: com.dangbei.leard.leradlauncher] ]
05-28 10:09:14.634 476 649 D EthernetNetworkFactory: acceptRequest, request: NetworkRequest [ REQUEST id=28, [ Capabilities: INTERNET&NOT_RESTRICTED&TRUSTED&NOT_VCN_MANAGED Uid: 1000 RequestorUid: 1000 RequestorPkg: com.dangbei.leard.leradlauncher] ]
05-28 10:09:14.634 476 649 I EthernetNetworkFactory: networkForRequest, request: NetworkRequest [ REQUEST id=28, [ Capabilities: INTERNET&NOT_RESTRICTED&TRUSTED&NOT_VCN_MANAGED Uid: 1000 RequestorUid: 1000 RequestorPkg: com.dangbei.leard.leradlauncher] ], network: null
05-28 10:09:14.641 1261 1261 D RockyNetMessageUtil: initMediaControlPage pageEntity = null isRequestPageControlSuccess = false
05-28 10:09:14.674 1261 1411 D XHttpObservable: handleRequest: start https://tyapi.qun7.com/v1/voice/getsoundshowmsg ,,, isCache = false
05-28 10:09:14.678 264 264 D hdmi-cec: cec physical address: 1.0.0.0
05-28 10:09:14.681 264 264 D hdmi-cec: cec physical address: 1.0.0.0
05-28 10:09:14.682 476 1021 I ActivityManager: com.android.localtransport is exempt from freezer
05-28 10:09:14.697 1022 1354 V MediaProvider: onOpen() for internal.db
05-28 10:09:14.720 245 245 D Zygote : Forked child process 1417
05-28 10:09:14.720 476 538 W ActivityManager: Slow operation: 80ms so far, now at startProcess: returned from zygote!
05-28 10:09:14.729 1417 1417 I Zygote : seccomp disabled by setenforce 0
05-28 10:09:14.732 476 577 W WindowManager: Failed looking up window session=Session{49b1e9e 1077:1000} callers=com.android.server.wm.WindowManagerService.windowForClientLocked:5702 com.android.server.wm.Session.insetsModified:629 android.view.IWindowSession$Stub.onTransact:1151
05-28 10:09:14.736 476 751 D CompatibilityChangeReporter: Compat change id reported: 168419799; UID 1000; state: DISABLED
05-28 10:09:14.743 476 522 D CompatibilityChangeReporter: Compat change id reported: 158002302; UID 1000; state: ENABLED
05-28 10:09:14.753 1077 1077 I Choreographer: Skipped 131 frames! The application may be doing too much work on its main thread.
05-28 10:09:14.755 1261 1416 D XHttpObservable: handleRequest: start https://tyapi.qun7.com/v1/voice/getResponseControlPage ,,, isCache = false
05-28 10:09:14.756 1424 1424 I init : type=1400 audit(0.0:454): avc: denied { execute } for name="net_disconnect.sh" dev="dm-1" ino=158 scontext=u:r:init:s0 tcontext=u:object_r:vendor_file:s0 tclass=file permissive=1
05-28 10:09:14.760 1424 1424 I init : type=1400 audit(0.0:455): avc: denied { execute_no_trans } for path="/vendor/bin/net_disconnect.sh" dev="dm-1" ino=158 scontext=u:r:init:s0 tcontext=u:object_r:vendor_file:s0 tclass=file permissive=1
05-28 10:09:14.760 476 499 W ActivityManager: Slow operation: 57ms so far, now at attachApplicationLocked: after mServices.attachApplicationLocked
05-28 10:09:14.775 383 396 I adbd : jdwp connection from 1417
05-28 10:09:14.800 476 498 D CompatibilityChangeReporter: Compat change id reported: 168419799; UID 10027; state: DISABLED
05-28 10:09:14.796 1261 1261 I com.dangbei.lerad.rocky: type=1400 audit(0.0:456): avc: denied { read } for comm=5278546872656164204E4554202331 name="address" dev="sysfs" ino=25879 scontext=u:r:system_app:s0 tcontext=u:object_r:sysfs:s0 tclass=file permissive=1
05-28 10:09:14.800 1261 1261 I com.dangbei.lerad.rocky: type=1400 audit(0.0:457): avc: denied { open } for comm=5278546872656164204E4554202331 path="/sys/devices/platform/unisoc_wifi/net/wlan1/address" dev="sysfs" ino=25879 scontext=u:r:system_app:s0 tcontext=u:object_r:sysfs:s0 tclass=file permissive=1
05-28 10:09:14.800 1261 1261 I com.dangbei.lerad.rocky: type=1400 audit(0.0:458): avc: denied { getattr } for comm=5278546872656164204E4554202331 path="/sys/devices/platform/unisoc_wifi/net/wlan1/address" dev="sysfs" ino=25879 scontext=u:r:system_app:s0 tcontext=u:object_r:sysfs:s0 tclass=file permissive=1
05-28 10:09:14.834 1379 1379 D CompatibilityChangeReporter: Compat change id reported: 171979766; UID 1000; state: ENABLED
05-28 10:09:14.836 476 498 W ActivityManager: Slow operation: 65ms so far, now at attachApplicationLocked: after sendPendingBroadcastsLocked
05-28 10:09:14.850 1386 1386 D CompatibilityChangeReporter: Compat change id reported: 171979766; UID 10027; state: ENABLED
05-28 10:09:14.854 476 538 W ActivityManager: Slow operation: 214ms so far, now at startProcess: done updating battery stats
05-28 10:09:14.855 476 538 W ActivityManager: Slow operation: 215ms so far, now at startProcess: building log message
05-28 10:09:14.855 476 538 I ActivityManager: app.processName = com.android.localtransport
05-28 10:09:14.855 476 538 I ActivityManager: Start proc 1417:com.android.localtransport/1000 for service {com.android.localtransport/com.android.localtransport.LocalTransportService}
05-28 10:09:14.855 476 538 W ActivityManager: Slow operation: 215ms so far, now at startProcess: starting to update pids map
05-28 10:09:14.860 476 538 W ActivityManager: Slow operation: 220ms so far, now at startProcess: done updating pids map
05-28 10:09:14.870 264 264 D hdmi-cec: cec physical address: 1.0.0.0
05-28 10:09:14.870 476 476 W Looper : Slow dispatch took 426ms main h=android.os.Handler c=com.android.server.hdmi.WorkSourceUidPreservingRunnable@fd49626 m=0
05-28 10:09:14.871 476 476 W Looper : Slow delivery took 429ms main h=android.os.Handler c=com.android.server.hdmi.WorkSourceUidPreservingRunnable@aa7b267 m=0
05-28 10:09:14.872 476 476 W Looper : Drained
05-28 10:09:14.897 1022 1354 V MediaProvider: onOpen() finished for internal.db
05-28 10:09:14.906 1261 1261 W SoundPool: Use of stream types is deprecated for operations other than volume control
05-28 10:09:14.906 1261 1261 W SoundPool: See the documentation of SoundPool() for what to use instead with android.media.AudioAttributes to qualify your playback use case
05-28 10:09:14.938 1261 1261 D RockyReceiver: action: android.net.wifi.WIFI_STATE_CHANGED
05-28 10:09:14.952 476 577 E ConnectivityService: Exception = android.content.pm.PackageManager$NameNotFoundException: android.net.cts
05-28 10:09:14.958 1379 1379 V GraphicsEnvironment: ANGLE Developer option for 'com.android.dynsystem' set to: 'default'
05-28 10:09:14.958 1379 1379 V GraphicsEnvironment: Neither updatable production driver nor prerelease driver is supported.
05-28 10:09:14.962 183 183 I hwservicemanager: getTransport: Cannot find entry android.hardware.configstore@1.0::ISurfaceFlingerConfigs/default in either framework or device VINTF manifest.
05-28 10:09:14.966 1379 1379 D NetworkSecurityConfig: No Network Security Config specified, using platform default
05-28 10:09:14.967 1379 1379 D NetworkSecurityConfig: No Network Security Config specified, using platform default
05-28 10:09:14.985 1379 1379 D DynamicSystemInstallationService: onStartCommand(): action=android.os.image.action.NOTIFY_IF_IN_USE
05-28 10:09:14.996 476 498 W ActivityManager: Slow operation: 55ms so far, now at attachApplicationLocked: after mServices.attachApplicationLocked
05-28 10:09:14.999 476 1284 I DynamicSystemService: isInstalled(): false
05-28 10:09:15.000 1417 1417 D CompatibilityChangeReporter: Compat change id reported: 171979766; UID 1000; state: ENABLED
05-28 10:09:15.005 1386 1386 V GraphicsEnvironment: ANGLE Developer option for 'com.android.managedprovisioning' set to: 'default'
05-28 10:09:15.006 1386 1386 V GraphicsEnvironment: Neither updatable production driver nor prerelease driver is supported.
05-28 10:09:15.014 1386 1386 D NetworkSecurityConfig: No Network Security Config specified, using platform default
05-28 10:09:15.015 1386 1386 D NetworkSecurityConfig: No Network Security Config specified, using platform default
05-28 10:09:15.041 1196 1213 I d.process.acor: Background young concurrent copying GC freed 27344(1251KB) AllocSpace objects, 4(72KB) LOS objects, 87% free, 3389KB/27MB, paused 156us total 342.997ms
05-28 10:09:15.042 273 329 E HWComposer: getSupportedContentTypes: getSupportedContentTypes failed for display 0: Unsupported (8)
05-28 10:09:15.047 183 183 I hwservicemanager: getTransport: Cannot find entry android.hardware.graphics.mapper@4.0::IMapper/default in either framework or device VINTF manifest.
05-28 10:09:15.047 1077 1459 I Gralloc4: mapper 4.x is not supported
05-28 10:09:15.048 183 183 I hwservicemanager: getTransport: Cannot find entry android.hardware.graphics.mapper@3.0::IMapper/default in either framework or device VINTF manifest.
05-28 10:09:15.048 1077 1459 W Gralloc3: mapper 3.x is not supported
05-28 10:09:15.053 1077 1459 E gralloc : Arm Module v1.0
05-28 10:09:15.062 183 183 I hwservicemanager: getTransport: Cannot find entry android.hardware.graphics.allocator@4.0::IAllocator/default in either framework or device VINTF manifest.
05-28 10:09:15.063 1077 1459 W Gralloc4: allocator 4.x is not supported
05-28 10:09:15.063 183 183 I hwservicemanager: getTransport: Cannot find entry android.hardware.graphics.allocator@3.0::IAllocator/default in either framework or device VINTF manifest.
05-28 10:09:15.063 1077 1459 W Gralloc3: allocator 3.x is not supported
05-28 10:09:15.071 255 289 I gralloc : alloc buffer:W:1920 H:1080 S:1920 PL[1920 1080] SZ:8294400 fmt:1 if:0 af:1 usg:20000b00 fg:00000004
05-28 10:09:15.073 1077 1459 E ion : ioctl c0044901 failed with code -1: Inappropriate ioctl for device
05-28 10:09:15.077 255 289 I gralloc : alloc buffer:W:1920 H:1080 S:1920 PL[1920 1080] SZ:8294400 fmt:1 if:0 af:1 usg:20000b00 fg:00000004
05-28 10:09:15.084 255 289 I gralloc : alloc buffer:W:1920 H:1080 S:1920 PL[1920 1080] SZ:8294400 fmt:1 if:0 af:1 usg:20000b00 fg:00000004
05-28 10:09:15.091 1386 1386 I CarUiInstaller: CarUiInstaller started for com.android.managedprovisioning
05-28 10:09:15.108 1077 1186 E hq : ErrorCoroutineExceptionHandler:::runTry error:java.net.UnknownHostException: Unable to resolve host "ottdbui-tyapiqun7.yysh.mgtv.com": No address associated with hostname from=requestAppBarData_loadData
05-28 10:09:15.120 1077 1187 D hq : NetWorkStateReceiver:::检查网络,并且持续更新 isConnect=false
05-28 10:09:15.155 476 1284 D CompatibilityChangeReporter: Compat change id reported: 168419799; UID 10013; state: DISABLED
05-28 10:09:15.158 264 264 D hdmi-cec: cec physical address: 1.0.0.0
05-28 10:09:15.158 1326 1326 D NetworkSecurityConfig: No Network Security Config specified, using platform default
05-28 10:09:15.159 264 264 D hdmi-cec: cec physical address: 1.0.0.0
05-28 10:09:15.160 264 264 D hdmi-cec: cec physical address: 1.0.0.0
05-28 10:09:15.161 264 264 D hdmi-cec: cec physical address: 1.0.0.0
05-28 10:09:15.173 1077 1306 D MobclickAgent: 延续上一个会话: 4D8302C8F65919068668D8418C10BA62
05-28 10:09:15.192 476 1284 D CompatibilityChangeReporter: Compat change id reported: 135634846; UID 10055; state: DISABLED
05-28 10:09:15.193 476 1284 D CompatibilityChangeReporter: Compat change id reported: 177438394; UID 10055; state: DISABLED
05-28 10:09:15.193 476 1284 D CompatibilityChangeReporter: Compat change id reported: 135772972; UID 10055; state: DISABLED
05-28 10:09:15.193 476 1284 D CompatibilityChangeReporter: Compat change id reported: 135754954; UID 10055; state: ENABLED
05-28 10:09:15.196 476 538 D CompatibilityChangeReporter: Compat change id reported: 143937733; UID 10055; state: ENABLED
05-28 10:09:15.217 655 655 E WifiHAL : wifi_get_link_stats: requestResponse Error:-5
05-28 10:09:15.217 245 245 D Zygote : Forked child process 1477
05-28 10:09:15.220 476 538 I ActivityManager: app.processName = com.android.onetimeinitializer
05-28 10:09:15.220 476 538 I ActivityManager: Start proc 1477:com.android.onetimeinitializer/u0a55 for broadcast {com.android.onetimeinitializer/com.android.onetimeinitializer.OneTimeInitializerReceiver}
05-28 10:09:15.222 476 608 E WifiVendorHal: getWifiLinkLayerStats_1_5_Internal(l.1191) failed {.code = ERROR_INVALID_ARGS, .description = }
05-28 10:09:15.250 1477 1477 I Zygote : seccomp disabled by setenforce 0
05-28 10:09:15.260 1417 1417 V GraphicsEnvironment: ANGLE Developer option for 'com.android.localtransport' set to: 'default'
05-28 10:09:15.260 1417 1417 V GraphicsEnvironment: Neither updatable production driver nor prerelease driver is supported.
05-28 10:09:15.264 1077 1448 I OpenGLRenderer: Davey! duration=2683ms; Flags=1, FrameTimelineVsyncId=408, IntendedVsync=22499827803, Vsync=24683161049, InputEventId=0, HandleInputStart=24688110053, AnimationStart=24688116136, PerformTraversalsStart=24688794011, DrawStart=24980861553, FrameDeadline=22516494469, FrameInterval=24687831511, FrameStartTime=16666666, SyncQueued=24989111344, SyncStart=24989251719, IssueDrawCommandsStart=25019766469, SwapBuffers=25149769595, FrameCompleted=25183627845, DequeueBufferDuration=42708, QueueBufferDuration=9410834, GpuCompleted=25183627845, SwapBuffersCompleted=25178483470, DisplayPresentTime=0,
05-28 10:09:15.268 1417 1417 D NetworkSecurityConfig: No Network Security Config specified, using platform default
05-28 10:09:15.270 1077 1077 E xxxxxxxxxxxxxxx: onReceive:mIsHDMIPlugged = true
05-28 10:09:15.271 1077 1077 E hq : USBReceiver:::USBReceiver onReceive: action=android.intent.action.MEDIA_MOUNTED
05-28 10:09:15.271 1077 1077 E hq : USBReceiver:::USBReceiver onReceive: action=android.intent.action.MEDIA_MOUNTED
05-28 10:09:15.275 1077 1306 W SQLiteLog: (28) double-quoted string literal: "4D8302C8F65919068668D8418C10BA62"
05-28 10:09:15.275 1077 1306 W SQLiteLog: (28) double-quoted string literal: ""
05-28 10:09:15.275 1077 1306 W SQLiteLog: (28) double-quoted string literal: "4D8302C8F65919068668D8418C10BA62"
05-28 10:09:15.275 1077 1306 W SQLiteLog: (28) double-quoted string literal: "-1"
05-28 10:09:15.283 1040 1059 E ccc : cccccc etnaService addListener com.dangbei.lerad.etna.aidl.IEtnaAidlListener$Stub$Proxy@67fb1b8 com.dangbei.leard.leradlauncher
05-28 10:09:15.284 1077 1077 E hq : Etna:::etnaClient connectState=true
05-28 10:09:15.284 1417 1417 D NetworkSecurityConfig: No Network Security Config specified, using platform default
05-28 10:09:15.284 1077 1077 E getHdmiStatus: sourceInputStatus=null mEtnaAdapter=com.dangbei.launcher.etna.EtnaAdapter@ac4308b
05-28 10:09:15.285 1077 1077 E hq : AdHelper:::启动延迟检查,支持广告的最长播放时间:25000 isLoadAd=false
05-28 10:09:15.287 1077 1077 D OsInitLaunch: send cache: launchAd, playAd, start, null
05-28 10:09:15.291 1077 1077 I dangbei ad sdk: ADSDK::play splash ad
05-28 10:09:15.292 1077 1077 E hq : AdHelper:::notFetchAd: main
05-28 10:09:15.292 1077 1077 E hq : AdHelper:::onComplete:main
05-28 10:09:15.292 1077 1077 E hq : AdHelper:::adFinish: com.dangbei.launcher.home.callback.LauncherCallback$onAttach$1$1@17d9d81
05-28 10:09:15.295 1077 1077 E hq : LauncherCallback:::onDetach
05-28 10:09:15.295 476 522 E ActivityRecord: real home.....com.dangbei.leard.leradlauncher/com.dangbei.launcher.home.LauncherActivity
05-28 10:09:15.295 476 522 E +++ActivityRecord: pre led_switch = 5
05-28 10:09:15.296 1077 1077 E hq : AdHelper:::handleFinishAd: true
05-28 10:09:15.319 383 396 I adbd : jdwp connection from 1477
05-28 10:09:15.331 1077 1186 E hq : ErrorCoroutineExceptionHandler:::runTry error:java.net.UnknownHostException: Unable to resolve host "ottdbui-tyapiqun7.yysh.mgtv.com": No address associated with hostname from=requestUserAgreement
05-28 10:09:15.332 1077 1186 E UserProtocolInterceptorImpl: isAgree: 20210615 20210615 true
05-28 10:09:15.339 1077 1077 E DangXiaoBeiManager: setMessageList: false
05-28 10:09:15.340 1077 1077 E hq : 当小贝:::显示消息type=SIMPLE_TEXT ,data.isShowInCur=false ,delay=60000 ,message.mandatoryMessage=null , message=null
05-28 10:09:15.340 1077 1077 E hq : 当小贝:::当前显示了消息,不显示新消息
05-28 10:09:15.342 1077 1186 E UserProtocolInterceptorImpl: version===>0
05-28 10:09:15.346 264 264 D hdmi-cec: cec physical address: 1.0.0.0
05-28 10:09:15.347 476 476 W Looper : Slow dispatch took 304ms main h=android.os.Handler c=com.android.server.hdmi.WorkSourceUidPreservingRunnable@8dde8bf m=0
05-28 10:09:15.353 476 476 W Looper : Slow delivery took 304ms main h=android.os.Handler c=com.android.server.hdmi.WorkSourceUidPreservingRunnable@6207b8c m=0
05-28 10:09:15.353 476 476 W Looper : Drained
05-28 10:09:15.356 476 498 D CompatibilityChangeReporter: Compat change id reported: 149924527; UID 10074; state: ENABLED
05-28 10:09:15.369 476 522 W System.err: java.io.IOException: Cannot run program "su": error=2, No such file or directory
05-28 10:09:15.372 1077 1077 D OsInitLaunch: send cache: launchAd, playAd, complete, null
05-28 10:09:15.374 513 513 D BootAnimation: BootAnimationStopTiming start time: 25308ms
05-28 10:09:15.377 1261 1273 W System : A resource failed to call close.
05-28 10:09:15.380 476 522 W System.err: at java.lang.ProcessBuilder.start(ProcessBuilder.java:1050)
05-28 10:09:15.380 476 522 W System.err: at java.lang.Runtime.exec(Runtime.java:694)
05-28 10:09:15.380 476 522 W System.err: at java.lang.Runtime.exec(Runtime.java:524)
05-28 10:09:15.380 476 522 W System.err: at java.lang.Runtime.exec(Runtime.java:421)
05-28 10:09:15.380 476 522 W System.err: at com.android.server.wm.ActivityRecord.executeCMD(ActivityRecord.java:5940)
05-28 10:09:15.380 476 522 W System.err: at com.android.server.wm.ActivityRecord.onWindowsDrawn(ActivityRecord.java:5992)
05-28 10:09:15.380 476 522 W System.err: at com.android.server.wm.ActivityRecord.updateReportedVisibilityLocked(ActivityRecord.java:6126)
05-28 10:09:15.380 476 522 W System.err: at com.android.server.wm.AppTransitionController.handleOpeningApps(AppTransitionController.java:757)
05-28 10:09:15.380 476 522 W System.err: at com.android.server.wm.AppTransitionController.handleAppTransitionReady(AppTransitionController.java:227)
05-28 10:09:15.380 476 522 W System.err: at com.android.server.wm.RootWindowContainer.checkAppTransitionReady(RootWindowContainer.java:1045)
05-28 10:09:15.380 476 522 W System.err: at com.android.server.wm.RootWindowContainer.performSurfacePlacementNoTrace(RootWindowContainer.java:884)
05-28 10:09:15.380 476 522 W System.err: at com.android.server.wm.RootWindowContainer.performSurfacePlacement(RootWindowContainer.java:820)
05-28 10:09:15.380 476 522 W System.err: at com.android.server.wm.WindowSurfacePlacer.performSurfacePlacementLoop(WindowSurfacePlacer.java:177)
05-28 10:09:15.380 476 522 W System.err: at com.android.server.wm.WindowSurfacePlacer.performSurfacePlacement(WindowSurfacePlacer.java:126)
05-28 10:09:15.380 476 522 W System.err: at com.android.server.wm.WindowSurfacePlacer.performSurfacePlacement(WindowSurfacePlacer.java:115)
05-28 10:09:15.380 476 522 W System.err: at com.android.server.wm.WindowSurfacePlacer$Traverser.run(WindowSurfacePlacer.java:57)
05-28 10:09:15.380 476 522 W System.err: at android.os.Handler.handleCallback(Handler.java:938)
05-28 10:09:15.380 476 522 W System.err: at android.os.Handler.dispatchMessage(Handler.java:99)
05-28 10:09:15.380 476 522 W System.err: at android.os.Looper.loopOnce(Looper.java:201)
05-28 10:09:15.380 476 522 W System.err: at android.os.Looper.loop(Looper.java:288)
05-28 10:09:15.380 476 522 W System.err: at android.os.HandlerThread.run(HandlerThread.java:67)
05-28 10:09:15.380 476 522 W System.err: at com.android.server.ServiceThread.run(ServiceThread.java:44)
05-28 10:09:15.381 476 522 W System.err: Caused by: java.io.IOException: error=2, No such file or directory
05-28 10:09:15.381 476 522 W System.err: at java.lang.UNIXProcess.forkAndExec(Native Method)
05-28 10:09:15.381 476 522 W System.err: at java.lang.UNIXProcess.(UNIXProcess.java:133)
05-28 10:09:15.381 476 522 W System.err: at java.lang.ProcessImpl.start(ProcessImpl.java:141)
05-28 10:09:15.381 476 522 W System.err: at java.lang.ProcessBuilder.start(ProcessBuilder.java:1029)
05-28 10:09:15.381 476 522 W System.err: ... 21 more
05-28 10:09:15.400 476 522 W System.err: java.io.IOException: Cannot run program "su": error=2, No such file or directory
05-28 10:09:15.400 476 522 W System.err: at java.lang.ProcessBuilder.start(ProcessBuilder.java:1050)
05-28 10:09:15.400 476 522 W System.err: at java.lang.Runtime.exec(Runtime.java:694)
05-28 10:09:15.400 476 522 W System.err: at java.lang.Runtime.exec(Runtime.java:524)
05-28 10:09:15.400 476 522 W System.err: at java.lang.Runtime.exec(Runtime.java:421)
05-28 10:09:15.400 476 522 W System.err: at com.android.server.wm.ActivityRecord.executeCMD(ActivityRecord.java:5940)
05-28 10:09:15.400 476 522 W System.err: at com.android.server.wm.ActivityRecord.onWindowsDrawn(ActivityRecord.java:6001)
05-28 10:09:15.400 476 522 W System.err: at com.android.server.wm.ActivityRecord.updateReportedVisibilityLocked(ActivityRecord.java:6126)
05-28 10:09:15.400 476 522 W System.err: at com.android.server.wm.AppTransitionController.handleOpeningApps(AppTransitionController.java:757)
05-28 10:09:15.400 476 522 W System.err: at com.android.server.wm.AppTransitionController.handleAppTransitionReady(AppTransitionController.java:227)
05-28 10:09:15.400 476 522 W System.err: at com.android.server.wm.RootWindowContainer.checkAppTransitionReady(RootWindowContainer.java:1045)
05-28 10:09:15.400 476 522 W System.err: at com.android.server.wm.RootWindowContainer.performSurfacePlacementNoTrace(RootWindowContainer.java:884)
05-28 10:09:15.400 476 522 W System.err: at com.android.server.wm.RootWindowContainer.performSurfacePlacement(RootWindowContainer.java:820)
05-28 10:09:15.400 476 522 W System.err: at com.android.server.wm.WindowSurfacePlacer.performSurfacePlacementLoop(WindowSurfacePlacer.java:177)
05-28 10:09:15.400 476 522 W System.err: at com.android.server.wm.WindowSurfacePlacer.performSurfacePlacement(WindowSurfacePlacer.java:126)
05-28 10:09:15.400 476 522 W System.err: at com.android.server.wm.WindowSurfacePlacer.performSurfacePlacement(WindowSurfacePlacer.java:115)
05-28 10:09:15.400 476 522 W System.err: at com.android.server.wm.WindowSurfacePlacer$Traverser.run(WindowSurfacePlacer.java:57)
05-28 10:09:15.400 476 522 W System.err: at android.os.Handler.handleCallback(Handler.java:938)
05-28 10:09:15.400 476 522 W System.err: at android.os.Handler.dispatchMessage(Handler.java:99)
05-28 10:09:15.400 476 522 W System.err: at android.os.Looper.loopOnce(Looper.java:201)
05-28 10:09:15.400 476 522 W System.err: at android.os.Looper.loop(Looper.java:288)
05-28 10:09:15.400 476 522 W System.err: at android.os.HandlerThread.run(HandlerThread.java:67)
05-28 10:09:15.400 476 522 W System.err: at com.android.server.ServiceThread.run(ServiceThread.java:44)
05-28 10:09:15.401 476 522 W System.err: Caused by: java.io.IOException: error=2, No such file or directory
05-28 10:09:15.401 476 522 W System.err: at java.lang.UNIXProcess.forkAndExec(Native Method)
05-28 10:09:15.401 476 522 W System.err: at java.lang.UNIXProcess.(UNIXProcess.java:133)
05-28 10:09:15.401 476 522 W System.err: at java.lang.ProcessImpl.start(ProcessImpl.java:141)
05-28 10:09:15.401 476 522 W System.err: at java.lang.ProcessBuilder.start(ProcessBuilder.java:1029)
05-28 10:09:15.401 476 522 W System.err: ... 21 more
05-28 10:09:15.404 476 522 I WindowManager: ******* TELLING SURFACE FLINGER WE ARE BOOTED!
05-28 10:09:15.405 273 329 I SurfaceFlinger: Boot is finished (15837 ms)
05-28 10:09:15.407 476 520 W IorapForwardingService: No service published for: iorapd
05-28 10:09:15.410 476 476 I TransportClient: LocalTransportService#0: Notifying [TransportManager.registerTransport()] transport = IBackupTransport
05-28 10:09:15.414 1077 1294 E hq : ErrorCoroutineExceptionHandler:::runTry error:java.net.UnknownHostException: Unable to resolve host "ottdbui-tyapiqun7.yysh.mgtv.com": No address associated with hostname from=requestMessageDialog
05-28 10:09:15.418 182 182 I servicemanager: Found android.hardware.power.IPower/default in device VINTF manifest.
05-28 10:09:15.419 273 329 I PowerAdvisor: Loaded AIDL Power HAL service
05-28 10:09:15.420 263 263 I AW_PowerHAL: check: Mode 6 not Supported ,do nothing
05-28 10:09:15.420 263 263 I AW_PowerHAL: isBoostSupported: 1
05-28 10:09:15.424 476 1284 D CompatibilityChangeReporter: Compat change id reported: 132649864; UID 10074; state: DISABLED
05-28 10:09:15.462 369 746 D BufferPoolAccessor2.0: bufferpool2 0xef7ca318 : 0(0 size) total buffers - 0(0 size) used buffers - 28/32 (recycle/alloc) - 4/31 (fetch/transfer)
05-28 10:09:15.462 369 746 D BufferPoolAccessor2.0: bufferpool2 0xef7c9418 : 0(0 size) total buffers - 0(0 size) used buffers - 138/145 (recycle/alloc) - 7/144 (fetch/transfer)
05-28 10:09:15.463 369 746 D BufferPoolAccessor2.0: bufferpool2 0xef7c9558 : 0(0 size) total buffers - 0(0 size) used buffers - 40/44 (recycle/alloc) - 4/43 (fetch/transfer)
05-28 10:09:15.463 369 746 D BufferPoolAccessor2.0: bufferpool2 0xef7c9698 : 0(0 size) total buffers - 0(0 size) used buffers - 29/36 (recycle/alloc) - 8/35 (fetch/transfer)
05-28 10:09:15.463 369 746 D BufferPoolAccessor2.0: bufferpool2 0xef7ca098 : 0(0 size) total buffers - 0(0 size) used buffers - 18/21 (recycle/alloc) - 3/20 (fetch/transfer)
05-28 10:09:15.463 369 746 D BufferPoolAccessor2.0: bufferpool2 0xef7c9b98 : 0(0 size) total buffers - 0(0 size) used buffers - 42/46 (recycle/alloc) - 4/45 (fetch/transfer)
05-28 10:09:15.463 369 746 D BufferPoolAccessor2.0: bufferpool2 0xef7c92d8 : 0(0 size) total buffers - 0(0 size) used buffers - 13/19 (recycle/alloc) - 6/18 (fetch/transfer)
05-28 10:09:15.463 369 746 D BufferPoolAccessor2.0: evictor expired: 7, evicted: 7
05-28 10:09:15.471 476 1021 D BackupTransportManager: Transport com.android.localtransport/.LocalTransportService registered
05-28 10:09:15.471 476 1021 D BackupManagerService: [UserID:0] Transport com.android.localtransport/.LocalTransport registered 3944ms after first request (delay = 3000ms)
05-28 10:09:15.471 1077 1077 E hq : NetWorkStateReceiver:::NetWorkStateReceiver onReceive: 网络变化广播 >>>> intent.action=android.net.wifi.SCAN_RESULTS
05-28 10:09:15.479 476 750 D CompatibilityChangeReporter: Compat change id reported: 168419799; UID 10055; state: DISABLED
05-28 10:09:15.506 476 924 D BufferPoolAccessor2.0: bufferpool2 0xe7dff1d8 : 0(0 size) total buffers - 0(0 size) used buffers - 2/7 (recycle/alloc) - 5/46 (fetch/transfer)
05-28 10:09:15.506 476 924 D BufferPoolAccessor2.0: bufferpool2 0xe7e005d8 : 0(0 size) total buffers - 0(0 size) used buffers - 2/7 (recycle/alloc) - 5/68 (fetch/transfer)
05-28 10:09:15.506 476 924 D BufferPoolAccessor2.0: bufferpool2 0xe76c3c18 : 0(0 size) total buffers - 0(0 size) used buffers - 2/7 (recycle/alloc) - 9/294 (fetch/transfer)
05-28 10:09:15.508 476 750 W ActivityManager: Slow operation: 62ms so far, now at attachApplicationLocked: immediately after bindApplication
05-28 10:09:15.508 476 750 W ActivityManager: Slow operation: 62ms so far, now at attachApplicationLocked: after updateLruProcessLocked
05-28 10:09:15.509 476 750 W ActivityManager: Slow operation: 63ms so far, now at attachApplicationLocked: after mServices.attachApplicationLocked
05-28 10:09:15.510 476 924 D BufferPoolAccessor2.0: bufferpool2 0xe7dfe698 : 0(0 size) total buffers - 0(0 size) used buffers - 2/7 (recycle/alloc) - 9/76 (fetch/transfer)
05-28 10:09:15.511 476 924 D BufferPoolAccessor2.0: bufferpool2 0xe76c3718 : 0(0 size) total buffers - 0(0 size) used buffers - 2/7 (recycle/alloc) - 9/42 (fetch/transfer)
05-28 10:09:15.511 476 924 D BufferPoolAccessor2.0: evictor expired: 5, evicted: 5
05-28 10:09:15.557 1077 1077 W eventbuscore: post Event:com.dangbei.leard.base.entity.event.NetWifiRssiEvent
05-28 10:09:15.571 476 750 W ActivityManager: Slow operation: 125ms so far, now at attachApplicationLocked: after sendPendingBroadcastsLocked
05-28 10:09:15.575 1077 1448 I OpenGLRenderer: Davey! duration=9223372012014ms; Flags=0, FrameTimelineVsyncId=572, IntendedVsync=24839250870, Vsync=25305917518, InputEventId=0, HandleInputStart=25310421428, AnimationStart=25310425470, PerformTraversalsStart=25310430303, DrawStart=25383539636, FrameDeadline=24872584202, FrameInterval=25310409261, FrameStartTime=16666666, SyncQueued=25386864011, SyncStart=25387561970, IssueDrawCommandsStart=25388218761, SwapBuffers=25475647428, FrameCompleted=9223372036854775807, DequeueBufferDuration=43500, QueueBufferDuration=4005459, GpuCompleted=9223372036854775807, SwapBuffersCompleted=25485338720, DisplayPresentTime=0,
05-28 10:09:15.578 1477 1477 D CompatibilityChangeReporter: Compat change id reported: 171979766; UID 10055; state: ENABLED
01-01 08:00:27.576 278 278 W audit : audit_lost=77 audit_rate_limit=5 audit_backlog_limit=64
01-01 08:00:27.576 278 278 E audit : rate limit exceeded
05-28 10:09:15.590 813 920 D BufferPoolAccessor2.0: bufferpool2 0xe7ec9dd8 : 0(0 size) total buffers - 0(0 size) used buffers - 1/7 (recycle/alloc) - 6/96 (fetch/transfer)
05-28 10:09:15.591 813 920 D BufferPoolAccessor2.0: evictor expired: 1, evicted: 1
05-28 10:09:15.669 476 518 W Looper : Slow dispatch took 245ms android.fg h=android.os.Handler c=com.android.server.wm.ActivityMetricsLogger$$ExternalSyntheticLambda1@addf29a m=0
05-28 10:09:15.669 476 518 I ActivityTaskManager: +++Displayed com.dangbei.leard.leradlauncher/com.dangbei.launcher.home.LauncherActivity: +3s589ms
05-28 10:09:15.669 476 518 W Looper : Slow delivery took 246ms android.fg h=android.os.Handler c=com.android.server.wm.ActivityMetricsLogger$$ExternalSyntheticLambda2@6493ba8 m=0
05-28 10:09:15.670 1477 1477 D nativeloader: classloader namespace configured for unbundled product apk. library_path=/product/priv-app/OneTimeInitializer/lib/arm:/product/lib:/system/product/lib
05-28 10:09:15.701 476 1021 I BackupManagerService: [UserID:0] Found 2 stale backup journal(s), scheduling.
05-28 10:09:15.727 264 264 D hdmi-cec: cec physical address: 1.0.0.0
05-28 10:09:15.727 264 264 D hdmi-cec: cec physical address: 1.0.0.0
05-28 10:09:15.728 264 264 D hdmi-cec: cec physical address: 1.0.0.0
05-28 10:09:15.730 264 264 D hdmi-cec: cec physical address: 1.0.0.0
05-28 10:09:15.733 476 810 W OverlayManager: service 'idmap' died
05-28 10:09:15.739 476 518 W Looper : Drained
05-28 10:09:15.749 476 1021 I BackupManagerService: [UserID:0] Stale backup journals: Scheduled 7 package(s) total
05-28 10:09:15.752 1477 1477 V GraphicsEnvironment: ANGLE Developer option for 'com.android.onetimeinitializer' set to: 'default'
05-28 10:09:15.753 1477 1477 V GraphicsEnvironment: Neither updatable production driver nor prerelease driver is supported.
05-28 10:09:15.755 1477 1477 D NetworkSecurityConfig: No Network Security Config specified, using platform default
05-28 10:09:15.755 1477 1477 D NetworkSecurityConfig: No Network Security Config specified, using platform default
05-28 10:09:15.758 1477 1477 V OneTimeInitializerReceiver: OneTimeInitializerReceiver.onReceive
05-28 10:09:15.778 476 1284 W InputManager-JNI: Input channel object '8d596b7 com.android.tv.settings/com.android.tv.settings.system.FallbackHome (client)' was disposed without first being removed with the input manager!
05-28 10:09:15.784 476 810 I ActivityManager: com.android.packageinstaller is exempt from freezer
05-28 10:09:15.785 476 810 D CompatibilityChangeReporter: Compat change id reported: 135634846; UID 1000; state: DISABLED
05-28 10:09:15.816 245 245 D Zygote : Forked child process 1530
05-28 10:09:15.818 476 538 I ActivityManager: app.processName = com.android.packageinstaller
05-28 10:09:15.818 476 538 I ActivityManager: Start proc 1530:com.android.packageinstaller/1000 for broadcast {com.android.packageinstaller/com.android.packageinstaller.TemporaryFileManager}
05-28 10:09:15.827 1530 1530 I Zygote : seccomp disabled by setenforce 0
05-28 10:09:15.852 383 396 I adbd : jdwp connection from 1530
05-28 10:09:15.868 264 264 D hdmi-cec: cec physical address: 1.0.0.0
05-28 10:09:15.869 476 476 W Looper : Slow dispatch took 287ms main h=android.os.Handler c=com.android.server.hdmi.WorkSourceUidPreservingRunnable@e16ded8 m=0
05-28 10:09:15.872 1077 1077 E hq : USBReceiver:::USBReceiver onReceive: list=1
05-28 10:09:15.912 1512 1512 I net_disconnect.: type=1400 audit(0.0:477): avc: denied { execute } for name="rgb_led_ctl" dev="dm-1" ino=188 scontext=u:r:init:s0 tcontext=u:object_r:vendor_file:s0 tclass=file permissive=1
05-28 10:09:15.916 1548 1548 I net_disconnect.: type=1400 audit(0.0:478): avc: denied { execute_no_trans } for path="/vendor/bin/rgb_led_ctl" dev="dm-1" ino=188 scontext=u:r:init:s0 tcontext=u:object_r:vendor_file:s0 tclass=file permissive=1
05-28 10:09:15.926 1077 1448 I OpenGLRenderer: Davey! duration=9223372011062ms; Flags=0, FrameTimelineVsyncId=647, IntendedVsync=25789254230, Vsync=25805920896, InputEventId=0, HandleInputStart=25809458512, AnimationStart=25809464428, PerformTraversalsStart=25809468220, DrawStart=25809628512, FrameDeadline=25822587562, FrameInterval=25809441303, FrameStartTime=16666666, SyncQueued=25810598262, SyncStart=25813509887, IssueDrawCommandsStart=25815658678, SwapBuffers=25825751345, FrameCompleted=9223372036854775807, DequeueBufferDuration=93417, QueueBufferDuration=2326000, GpuCompleted=9223372036854775807, SwapBuffersCompleted=25830392595, DisplayPresentTime=0,
05-28 10:09:15.932 1548 1548 I rgb_led_ctl: type=1400 audit(0.0:479): avc: denied { write } for name="spidev1.0" dev="tmpfs" ino=6381 scontext=u:r:init:s0 tcontext=u:object_r:device:s0 tclass=chr_file permissive=1
05-28 10:09:15.932 1548 1548 I rgb_led_ctl: type=1400 audit(0.0:480): avc: denied { open } for path="/dev/spidev1.0" dev="tmpfs" ino=6381 scontext=u:r:init:s0 tcontext=u:object_r:device:s0 tclass=chr_file permissive=1
05-28 10:09:15.932 1548 1548 I rgb_led_ctl: type=1400 audit(0.0:481): avc: denied { ioctl } for path="/dev/spidev1.0" dev="tmpfs" ino=6381 ioctlcmd=0x6b01 scontext=u:r:init:s0 tcontext=u:object_r:device:s0 tclass=chr_file permissive=1
05-28 10:09:15.952 476 810 D CompatibilityChangeReporter: Compat change id reported: 168419799; UID 1000; state: DISABLED
05-28 10:09:15.962 1530 1530 D CompatibilityChangeReporter: Compat change id reported: 171979766; UID 1000; state: ENABLED
05-28 10:09:15.971 476 493 I system_server: Background young concurrent copying GC freed 168048(7732KB) AllocSpace objects, 32(1216KB) LOS objects, 33% free, 13MB/19MB, paused 9.383ms total 1.468s
05-28 10:09:15.988 1326 1338 I d.process.medi: Background young concurrent copying GC freed 10609(596KB) AllocSpace objects, 0(0B) LOS objects, 89% free, 3031KB/26MB, paused 30.694ms total 109.759ms
05-28 10:09:16.011 1022 1354 D ModernMediaScanner: Parsing date with millis failed for [2021-03-09 16:21]. We will retry without millis
05-28 10:09:16.012 1022 1354 D ModernMediaScanner: Parsing date without millis failed for [2021-03-09 16:21]
05-28 10:09:16.038 665 665 D CompatibilityChangeReporter: Compat change id reported: 150939131; UID 10067; state: ENABLED
05-28 10:09:16.040 476 519 D AutofillUI: destroySaveUiUiThread(): already destroyed
05-28 10:09:16.040 476 536 D AutofillManagerServiceImpl: Reset component for user 0:
05-28 10:09:16.042 476 536 D AutofillManagerServiceImpl: Reset component for user 0:
05-28 10:09:16.044 476 519 D AutofillUI: destroySaveUiUiThread(): already destroyed
05-28 10:09:16.046 665 665 D DeviceProvisionedControllerImpl: Setting change: content://settings/secure/user_setup_complete
05-28 10:09:16.056 1261 1261 D CompatibilityChangeReporter: Compat change id reported: 150939131; UID 1000; state: DISABLED
05-28 10:09:16.056 1261 1261 D RockyVoice: Far status onChange
05-28 10:09:16.056 1261 1261 D RockyManager: initFarWakeStatus isMainFarSwitch: false
05-28 10:09:16.056 476 536 D FieldClassificationStrategy: reset(): service is not bound. Do nothing.
05-28 10:09:16.068 1530 1530 V GraphicsEnvironment: ANGLE Developer option for 'com.android.packageinstaller' set to: 'default'
05-28 10:09:16.068 1530 1530 V GraphicsEnvironment: Neither updatable production driver nor prerelease driver is supported.
05-28 10:09:16.071 1530 1530 D NetworkSecurityConfig: No Network Security Config specified, using platform default
05-28 10:09:16.071 1530 1530 D NetworkSecurityConfig: No Network Security Config specified, using platform default
05-28 10:09:16.083 476 536 D PinnerService: pinRangeStream: null
05-28 10:09:16.084 476 810 D CompatibilityChangeReporter: Compat change id reported: 135634846; UID 10073; state: DISABLED
05-28 10:09:16.084 476 810 D CompatibilityChangeReporter: Compat change id reported: 177438394; UID 10073; state: DISABLED
05-28 10:09:16.084 476 810 D CompatibilityChangeReporter: Compat change id reported: 135772972; UID 10073; state: DISABLED
05-28 10:09:16.085 476 810 D CompatibilityChangeReporter: Compat change id reported: 135754954; UID 10073; state: DISABLED
05-28 10:09:16.085 476 538 D CompatibilityChangeReporter: Compat change id reported: 143937733; UID 10073; state: DISABLED
05-28 10:09:16.093 1022 1354 D ModernMediaScanner: Parsing date with millis failed for [2021-03-09 16:20]. We will retry without millis
05-28 10:09:16.094 1022 1354 D ModernMediaScanner: Parsing date without millis failed for [2021-03-09 16:20]
05-28 10:09:16.112 245 245 D Zygote : Forked child process 1563
05-28 10:09:16.114 476 538 I ActivityManager: app.processName = com.android.permissioncontroller
05-28 10:09:16.114 476 538 I ActivityManager: Start proc 1563:com.android.permissioncontroller/u0a73 for broadcast {com.android.permissioncontroller/com.android.permissioncontroller.permission.service.LocationAccessCheck$SetupPeriodicBackgroundLocationAccessCheck}
05-28 10:09:16.122 1563 1563 I Zygote : seccomp disabled by setenforce 0
05-28 10:09:16.128 1077 1559 I OpenGLRenderer: Davey! duration=9223372010813ms; Flags=0, FrameTimelineVsyncId=668, IntendedVsync=26039256140, Vsync=26039256140, InputEventId=0, HandleInputStart=26039830470, AnimationStart=26039834053, PerformTraversalsStart=26039837387, DrawStart=26042706178, FrameDeadline=26055922806, FrameInterval=26039820512, FrameStartTime=16666666, SyncQueued=26044533928, SyncStart=26046706928, IssueDrawCommandsStart=26047477512, SwapBuffers=26051940345, FrameCompleted=9223372036854775807, DequeueBufferDuration=80334, QueueBufferDuration=1419042, GpuCompleted=9223372036854775807, SwapBuffersCompleted=26054711387, DisplayPresentTime=0,
05-28 10:09:16.153 383 396 I adbd : jdwp connection from 1563
05-28 10:09:16.170 1022 1354 D ModernMediaScanner: Parsing date with millis failed for [2021-03-09 16:21]. We will retry without millis
05-28 10:09:16.171 1022 1354 D ModernMediaScanner: Parsing date without millis failed for [2021-03-09 16:21]
05-28 10:09:16.195 665 665 D DeviceProvisionedControllerImpl: Setting change: content://settings/global/device_provisioned
05-28 10:09:16.188 476 536 D PinnerService: pinRangeStream: null
05-28 10:09:16.198 476 1284 D CompatibilityChangeReporter: Compat change id reported: 168419799; UID 10073; state: DISABLED
05-28 10:09:16.198 476 536 D PinnerService: pinRangeStream: null
05-28 10:09:16.221 1563 1563 D CompatibilityChangeReporter: Compat change id reported: 171979766; UID 10073; state: DISABLED
05-28 10:09:16.230 1563 1563 D ApplicationLoaders: Returning zygote-cached class loader: /system/framework/android.test.base.jar
05-28 10:09:16.234 476 810 D CompatibilityChangeReporter: Compat change id reported: 172100307; UID 10074; state: DISABLED
05-28 10:09:16.284 1563 1563 V GraphicsEnvironment: ANGLE Developer option for 'com.android.permissioncontroller' set to: 'default'
05-28 10:09:16.284 1563 1563 V GraphicsEnvironment: Neither updatable production driver nor prerelease driver is supported.
05-28 10:09:16.286 1563 1563 D NetworkSecurityConfig: No Network Security Config specified, using platform default
05-28 10:09:16.286 1563 1563 D NetworkSecurityConfig: No Network Security Config specified, using platform default
05-28 10:09:16.297 1022 1140 W MediaProvider: getVolumePath for unknown volume: internal
05-28 10:09:16.304 1022 1140 W MediaProvider: getVolumePath for unknown volume: internal
05-28 10:09:16.304 1022 1354 I MediaProvider: Scanned internal due to REASON_MOUNTED, found 5 items in 1333ms, 0 inserts 4 updates 0 deletes
05-28 10:09:16.306 1022 1140 W MediaProvider: getVolumePath for unknown volume: internal
05-28 10:09:16.307 1022 1140 W MediaProvider: getVolumePath for unknown volume: internal
05-28 10:09:16.315 1022 1354 W ModernMediaScanner: Failed to visit /oem/media: java.nio.file.NoSuchFileException: /oem/media
05-28 10:09:16.320 1022 1354 I MediaProvider: Scanned internal due to REASON_MOUNTED, found 0 items in 7ms, 0 inserts 0 updates 0 deletes
05-28 10:09:16.321 1563 1563 I CarUiInstaller: CarUiInstaller started for com.android.permissioncontroller
05-28 10:09:16.353 1563 1563 W Role : Cannot get ApplicationInfo for default holder: com.android.messaging
05-28 10:09:16.386 1563 1563 I HibernationPolicy: scheduleHibernationJob with frequency 1296000000ms and threshold 7776000000ms
05-28 10:09:16.388 1563 1563 I HibernationPolicy: user 0 is a profileowner. Running hibernation job.
05-28 10:09:16.389 1563 1563 I HibernationPolicy: Job already scheduled.
05-28 10:09:16.392 476 1284 D CompatibilityChangeReporter: Compat change id reported: 135634846; UID 10025; state: DISABLED
05-28 10:09:16.392 476 1284 D CompatibilityChangeReporter: Compat change id reported: 177438394; UID 10025; state: DISABLED
05-28 10:09:16.392 476 1284 D CompatibilityChangeReporter: Compat change id reported: 135772972; UID 10025; state: DISABLED
05-28 10:09:16.392 476 1284 D CompatibilityChangeReporter: Compat change id reported: 135754954; UID 10025; state: ENABLED
05-28 10:09:16.393 476 538 D CompatibilityChangeReporter: Compat change id reported: 143937733; UID 10025; state: ENABLED
05-28 10:09:16.409 476 520 W IorapForwardingService: No service published for: iorapd
05-28 10:09:16.412 245 245 D Zygote : Forked child process 1604
05-28 10:09:16.413 476 538 I ActivityManager: app.processName = com.android.providers.calendar
05-28 10:09:16.413 476 538 I ActivityManager: Start proc 1604:com.android.providers.calendar/u0a25 for broadcast {com.android.providers.calendar/com.android.providers.calendar.CalendarReceiver}
05-28 10:09:16.433 1604 1604 I Zygote : seccomp disabled by setenforce 0
05-28 10:09:16.460 1077 1448 I OpenGLRenderer: Davey! duration=9223372010515ms; Flags=0, FrameTimelineVsyncId=688, IntendedVsync=26339250179, Vsync=26339250179, InputEventId=0, HandleInputStart=26349337678, AnimationStart=26349341595, PerformTraversalsStart=26349535678, DrawStart=26350022928, FrameDeadline=26372583511, FrameInterval=26349327428, FrameStartTime=16666666, SyncQueued=26352196178, SyncStart=26352321220, IssueDrawCommandsStart=26353568595, SwapBuffers=26384344720, FrameCompleted=9223372036854775807, DequeueBufferDuration=105000, QueueBufferDuration=1525584, GpuCompleted=9223372036854775807, SwapBuffersCompleted=26388168178, DisplayPresentTime=0,
05-28 10:09:16.477 1077 1448 I OpenGLRenderer: Davey! duration=9223372010467ms; Flags=0, FrameTimelineVsyncId=689, IntendedVsync=26355916870, Vsync=26355916870, InputEventId=0, HandleInputStart=26356565845, AnimationStart=26356569803, PerformTraversalsStart=26356779803, DrawStart=26356879262, FrameDeadline=26389250202, FrameInterval=26356555678, FrameStartTime=16666666, SyncQueued=26357120178, SyncStart=26388301762, IssueDrawCommandsStart=26388714220, SwapBuffers=26392239345, FrameCompleted=9223372036854775807, DequeueBufferDuration=38709, QueueBufferDuration=8687833, GpuCompleted=9223372036854775807, SwapBuffersCompleted=26402148637, DisplayPresentTime=0,
05-28 10:09:16.483 383 396 I adbd : jdwp connection from 1604
05-28 10:09:16.496 1077 1448 I OpenGLRenderer: Davey! duration=9223372010474ms; Flags=0, FrameTimelineVsyncId=690, IntendedVsync=26372583561, Vsync=26389250227, InputEventId=0, HandleInputStart=26391117470, AnimationStart=26391120845, PerformTraversalsStart=26393308762, DrawStart=26393497970, FrameDeadline=26405916893, FrameInterval=26391104720, FrameStartTime=16666666, SyncQueued=26394624012, SyncStart=26402280262, IssueDrawCommandsStart=26402772970, SwapBuffers=26407568470, FrameCompleted=9223372036854775807, DequeueBufferDuration=60625, QueueBufferDuration=13500584, GpuCompleted=9223372036854775807, SwapBuffersCompleted=26422171804, DisplayPresentTime=0,
05-28 10:09:16.511 476 1284 D CompatibilityChangeReporter: Compat change id reported: 168419799; UID 10025; state: DISABLED
05-28 10:09:16.519 1077 1448 I OpenGLRenderer: Davey! duration=9223372010439ms; Flags=0, FrameTimelineVsyncId=694, IntendedVsync=26405916119, Vsync=26405916119, InputEventId=0, HandleInputStart=26412804845, AnimationStart=26412808678, PerformTraversalsStart=26413053845, DrawStart=26413152345, FrameDeadline=26439249451, FrameInterval=26412794428, FrameStartTime=16666666, SyncQueued=26413388303, SyncStart=26422313304, IssueDrawCommandsStart=26422774970, SwapBuffers=26427413762, FrameCompleted=9223372036854775807, DequeueBufferDuration=54292, QueueBufferDuration=14721917, GpuCompleted=9223372036854775807, SwapBuffersCompleted=26444263262, DisplayPresentTime=0,
05-28 10:09:16.535 1604 1604 D CompatibilityChangeReporter: Compat change id reported: 171979766; UID 10025; state: ENABLED
05-28 10:09:16.545 1077 1448 I OpenGLRenderer: Davey! duration=9223372010404ms; Flags=0, FrameTimelineVsyncId=696, IntendedVsync=26422582790, Vsync=26422582790, InputEventId=0, HandleInputStart=26427231845, AnimationStart=26427235804, PerformTraversalsStart=26428693179, DrawStart=26429235887, FrameDeadline=26455916122, FrameInterval=26427219720, FrameStartTime=16666666, SyncQueued=26429566845, SyncStart=26457321429, IssueDrawCommandsStart=26457725887, SwapBuffers=26461576179, FrameCompleted=9223372036854775807, DequeueBufferDuration=57125, QueueBufferDuration=5452542, GpuCompleted=9223372036854775807, SwapBuffersCompleted=26468239345, DisplayPresentTime=0,
01-01 08:00:28.597 278 278 W audit : audit_lost=101 audit_rate_limit=5 audit_backlog_limit=64
01-01 08:00:28.597 278 278 E audit : rate limit exceeded
05-28 10:09:16.596 1604 1604 V GraphicsEnvironment: ANGLE Developer option for 'com.android.providers.calendar' set to: 'default'
05-28 10:09:16.596 1604 1604 V GraphicsEnvironment: Neither updatable production driver nor prerelease driver is supported.
05-28 10:09:16.599 1604 1604 D NetworkSecurityConfig: No Network Security Config specified, using platform default
05-28 10:09:16.600 1604 1604 D NetworkSecurityConfig: No Network Security Config specified, using platform default
05-28 10:09:16.618 1077 1521 D AppManager: checkLocalAppsIsValid:
05-28 10:09:16.733 1604 1604 I CalendarProvider2: Created com.android.providers.calendar.CalendarAlarmManager@ed9004f(com.android.providers.calendar.CalendarProvider2@c9763dc)
05-28 10:09:16.761 1604 1661 D CompatibilityChangeReporter: Compat change id reported: 160794467; UID 10025; state: ENABLED
05-28 10:09:16.795 476 810 D CompatibilityChangeReporter: Compat change id reported: 143231523; UID 10025; state: DISABLED
05-28 10:09:16.795 476 577 D CompatibilityChangeReporter: Compat change id reported: 171306433; UID 10025; state: ENABLED
05-28 10:09:16.827 1077 1188 E hq : ErrorCoroutineExceptionHandler:::runTry error:java.net.UnknownHostException: Unable to resolve host "ottdbui-tyapiqun7.yysh.mgtv.com": No address associated with hostname from=requestAppAdInfo
05-28 10:09:16.844 1077 1448 I OpenGLRenderer: Davey! duration=9223372010355ms; Flags=0, FrameTimelineVsyncId=700, IntendedVsync=26489265931, Vsync=26589265927, InputEventId=0, HandleInputStart=26594967054, AnimationStart=26594970887, PerformTraversalsStart=26599420929, DrawStart=26633213679, FrameDeadline=26522599263, FrameInterval=26594956137, FrameStartTime=16666666, SyncQueued=26638439929, SyncStart=26648240012, IssueDrawCommandsStart=26655513887, SwapBuffers=26761774137, FrameCompleted=9223372036854775807, DequeueBufferDuration=47208, QueueBufferDuration=1098666, GpuCompleted=9223372036854775807, SwapBuffersCompleted=26765622179, DisplayPresentTime=0,
05-28 10:09:16.854 476 577 D CompatibilityChangeReporter: Compat change id reported: 135634846; UID 10015; state: DISABLED
05-28 10:09:16.855 476 577 D CompatibilityChangeReporter: Compat change id reported: 177438394; UID 10015; state: DISABLED
05-28 10:09:16.855 476 577 D CompatibilityChangeReporter: Compat change id reported: 135772972; UID 10015; state: DISABLED
05-28 10:09:16.856 476 577 D CompatibilityChangeReporter: Compat change id reported: 135754954; UID 10015; state: ENABLED
05-28 10:09:16.862 476 538 D CompatibilityChangeReporter: Compat change id reported: 143937733; UID 10015; state: ENABLED
05-28 10:09:16.882 1077 1448 I OpenGLRenderer: Davey! duration=9223372010201ms; Flags=0, FrameTimelineVsyncId=702, IntendedVsync=26605935120, Vsync=26655935118, InputEventId=0, HandleInputStart=26663326970, AnimationStart=26663330220, PerformTraversalsStart=26663558012, DrawStart=26710640970, FrameDeadline=26639268452, FrameInterval=26663315345, FrameStartTime=16666666, SyncQueued=26718129012, SyncStart=26765764095, IssueDrawCommandsStart=26769766387, SwapBuffers=26794921845, FrameCompleted=9223372036854775807, DequeueBufferDuration=43166, QueueBufferDuration=2891042, GpuCompleted=9223372036854775807, SwapBuffersCompleted=26799031470, DisplayPresentTime=0,
