01-01 08:00:10.810 241 241 E bpfloader: Failed to load object: /system/etc/bpf/gpu_mem.o, ret: Operation not permitted
01-01 08:00:10.846 242 242 I update_verifier: Started with arg 1: nonencrypted
01-01 08:00:10.846 242 242 E cutils-trace: Error opening trace file: No such file or directory (2)
01-01 08:00:10.858 242 242 I update_verifier: Booting slot 0: isSlotMarkedSuccessful=1
01-01 08:00:10.858 242 242 I update_verifier: Leaving update_verifier.
01-01 08:00:10.905 243 243 I ServiceManager: Waiting for service 'statscompanion' on '/dev/binder'...
01-01 08:00:10.930 244 244 I netdClient: Skipping libnetd_client init since *we* are netd
01-01 08:00:10.936 244 244 I netd : netd 1.0 starting
01-01 08:00:10.940 244 244 I netd : Pid file removed
01-01 08:00:10.940 244 244 I netd : SIGPIPE is blocked
01-01 08:00:10.940 244 244 I netd : setCloseOnExec(dnsproxyd)
01-01 08:00:10.941 244 244 I netd : setCloseOnExec(fwmarkd)
01-01 08:00:10.941 244 244 I netd : setCloseOnExec(mdns)
01-01 08:00:10.941 244 244 I netd : BPF programs are loaded
01-01 08:00:10.941 244 244 I netd : NetlinkManager instanced
01-01 08:00:10.941 244 244 I netd : enter NetworkController ctor
01-01 08:00:10.944 244 244 I netd : leave NetworkController ctor
01-01 08:00:10.944 244 244 I netd : enter TetherController ctor
01-01 08:00:10.945 244 244 D TetherController: Setting IP forward enable = 0
01-01 08:00:10.954 249 249 E cutils-trace: Error opening trace file: No such file or directory (2)
01-01 08:00:10.955 244 244 I netd : leave TetherController ctor
01-01 08:00:10.956 244 244 D FirewallController: Could not read /proc/self/uid_map, max uid defaulting to 4294967294
01-01 08:00:10.958 249 249 I HidlServiceManagement: Registered android.hidl.allocator@1.0::IAllocator/ashmem
01-01 08:00:10.959 249 249 I HidlServiceManagement: Removing namespace from process name android.hidl.allocator@1.0-service to allocator@1.0-service.
01-01 08:00:10.997 250 250 E cutils-trace: Error opening trace file: No such file or directory (2)
01-01 08:00:11.064 255 255 E cutils-trace: Error opening trace file: No such file or directory (2)
01-01 08:00:11.120 254 254 E cutils-trace: Error opening trace file: No such file or directory (2)
01-01 08:00:11.123 244 244 I netd : Creating child chains: 96199us
01-01 08:00:11.123 244 244 I netd : Setting up OEM hooks: 355us
01-01 08:00:11.123 244 244 I netd : Setting up FirewallController hooks: 51us
01-01 08:00:11.131 244 244 I netd : Setting up TetherController hooks: 8150us
01-01 08:00:11.137 244 244 I netd : Setting up BandwidthController hooks: 5316us
01-01 08:00:11.137 244 244 I netd : Setting up IdletimerController hooks: 233us
01-01 08:00:11.142 260 260 E cutils-trace: Error opening trace file: No such file or directory (2)
01-01 08:00:11.144 254 254 D Module_SUNXI: hardware/aw/gatekeeper/teeGateKeeper/module_sunxi.cpp 34, trusty_gatekeeper_open
01-01 08:00:11.144 254 254 V SUNXI_TrustyGateKeeper: Gatekeeper_Initialize
01-01 08:00:11.145 210 210 D tee_supplicant: Spawning a new thread
01-01 08:00:11.145 182 182 I servicemanager: Found android.hardware.rebootescrow.IRebootEscrow/default in device VINTF manifest.
01-01 08:00:11.147 210 210 D tee_supplicant: failed to open the ta /vendor/lib/optee_armtz/2233b43b-cec6-449a-9509-469f5023e425.ta TA-file
01-01 08:00:11.147 210 210 D tee_supplicant: looping
01-01 08:00:11.149 210 210 D tee_supplicant: looping
01-01 08:00:11.153 210 274 D tee_supplicant: looping
01-01 08:00:11.150 264 264 E cutils-trace: Error opening trace file: No such file or directory (2)
01-01 08:00:11.159 251 251 E cutils-trace: Error opening trace file: No such file or directory (2)
01-01 08:00:11.163 261 261 I android.hardware.lights-service: Light Hal current version V2.0.0
01-01 08:00:11.164 261 261 D lights_device: success open disp device type=0.
01-01 08:00:11.165 210 210 D tee_supplicant: failed to open the ta /vendor/lib/optee_armtz/2233b43b-cec6-449a-9509-469f5023e425.ta TA-file
01-01 08:00:11.166 252 252 I android.hardware.camera.provider@2.4-external-service: External camera provider service is starting.
01-01 08:00:11.170 210 210 D tee_supplicant: looping
01-01 08:00:11.176 244 244 I netd : Setting up StrictController hooks: 39208us
01-01 08:00:11.177 244 244 I netd : Initializing ClatdController: 268us
01-01 08:00:11.176 253 253 E cutils-trace: Error opening trace file: No such file or directory (2)
01-01 08:00:11.180 252 252 E cutils-trace: Error opening trace file: No such file or directory (2)
01-01 08:00:11.181 182 182 I servicemanager: Found android.hardware.light.ILights/default in device VINTF manifest.
01-01 08:00:11.187 260 260 W healthd : No battery devices found
01-01 08:00:11.190 244 244 I netd : Initializing traffic control: 13530us
01-01 08:00:11.191 260 260 I android.hardware.health@2.1-service: default instance initializing with healthd_config...
01-01 08:00:11.192 165 165 I init : type=1400 audit(0.0:14): avc: denied { add_name } for name="runtime_enable" scontext=u:r:vendor_init:s0 tcontext=u:object_r:sysfs_disp:s0 tclass=dir permissive=1
01-01 08:00:11.192 165 165 I init : type=1400 audit(0.0:15): avc: denied { create } for name="runtime_enable" scontext=u:r:vendor_init:s0 tcontext=u:object_r:sysfs_disp:s0 tclass=file permissive=1
01-01 08:00:11.202 264 264 D hdmi-cec: Loading: sunxi HDMI CEC module
01-01 08:00:11.203 263 263 I AW_PowerHAL: AW Power HAL AIDL Service is starting.
01-01 08:00:11.209 263 263 I AW_PowerHAL: PowerHAL initiated
01-01 08:00:11.218 255 255 E gralloc : Arm Module v1.0
01-01 08:00:11.222 264 278 I hdmi-cec: HDMI-CEC EventThread start
01-01 08:00:11.226 182 182 I servicemanager: Found android.hardware.power.IPower/default in device VINTF manifest.
01-01 08:00:11.229 257 257 I sunxihwc: open: Loading: sunxi hwcomposer module
01-01 08:00:11.229 257 257 E cutils-trace: Error opening trace file: No such file or directory (2)
01-01 08:00:11.234 260 260 I HidlServiceManagement: Registered android.hardware.health@2.1::IHealth/default
01-01 08:00:11.234 260 260 I HidlServiceManagement: Removing namespace from process name android.hardware.health@2.1-service to health@2.1-service.
01-01 08:00:11.235 260 260 I android.hardware.health@2.1-service: default: Hal init done
01-01 08:00:11.243 260 260 W healthd : battery none chg=
01-01 08:00:11.243 165 165 I : file system registered
01-01 08:00:11.241 244 244 I netd : Enabling bandwidth control: 50555us
01-01 08:00:11.243 265 265 E android.hardware.usb.gadget@1.1-service.aw: configfs setup not done yet
01-01 08:00:11.244 265 265 E cutils-trace: Error opening trace file: No such file or directory (2)
01-01 08:00:11.244 253 253 I HidlServiceManagement: Registered android.hardware.cas@1.2::IMediaCasService/default
01-01 08:00:11.245 253 253 I HidlServiceManagement: Removing namespace from process name android.hardware.cas@1.2-service to cas@1.2-service.
01-01 08:00:11.245 244 244 I netd : Initializing RouteController: 4353us
01-01 08:00:11.245 244 244 D XfrmController: XfrmController::ipSecAddXfrmInterface, line=1479
01-01 08:00:11.247 210 274 D tee_supplicant: looping
01-01 08:00:11.247 244 244 D XfrmController: XfrmController::ipSecRemoveTunnelInterface, line=1692
01-01 08:00:11.247 244 244 D XfrmController: deviceName=ipsec_test
01-01 08:00:11.264 267 267 I display.output-service: DisplayOutputManagerService is started
01-01 08:00:11.266 267 267 I display.output-service: DisplayOutputManagerService current version V2.2.0
01-01 08:00:11.267 267 267 E cutils-trace: Error opening trace file: No such file or directory (2)
01-01 08:00:11.267 276 276 D Sunxi_PQ: ic_id=2, de_version=201 0x2
01-01 08:00:11.267 276 276 D Sunxi_PQ: /vendor/lib/libde201.so
01-01 08:00:11.271 276 276 D Sunxi_PQ: maybe /vendor/etc/firmware/disp_firmware, fd:-1 @O_RDONLY.
01-01 08:00:11.268 276 276 I pqd : type=1400 audit(0.0:16): avc: denied { read write } for name="disp_firmware" dev="mmcblk0p25" ino=218 scontext=u:r:pqd:s0 tcontext=u:object_r:system_data_root_file:s0 tclass=file permissive=1
01-01 08:00:11.268 276 276 I pqd : type=1400 audit(0.0:17): avc: denied { open } for path="/data/disp_firmware" dev="mmcblk0p25" ino=218 scontext=u:r:pqd:s0 tcontext=u:object_r:system_data_root_file:s0 tclass=file permissive=1
01-01 08:00:11.268 276 276 I pqd : type=1400 audit(0.0:18): avc: denied { map } for path="/data/disp_firmware" dev="mmcblk0p25" ino=218 scontext=u:r:pqd:s0 tcontext=u:object_r:system_data_root_file:s0 tclass=file permissive=1
01-01 08:00:11.272 276 276 D Sunxi_PQ: config display firmware completed...
01-01 08:00:11.273 276 276 D Sunxi_PQ: There is not the /vendor/etc/firmware/disp_firmware, creat it.
01-01 08:00:11.273 276 276 D Sunxi_PQ: sunxi PQ wait for client connect from tcp port:5005...
01-01 08:00:11.275 276 287 D Sunxi_PQ: Sunxi PQ entry tanslate thread.
01-01 08:00:11.277 270 270 I credstore: Registered binder service
01-01 08:00:11.279 264 264 I HidlServiceManagement: Registered android.hardware.tv.cec@1.0::IHdmiCec/default
01-01 08:00:11.279 264 264 I HidlServiceManagement: Removing namespace from process name android.hardware.tv.cec@1.0-service to cec@1.0-service.
01-01 08:00:11.279 264 264 I LegacySupport: Registration complete for android.hardware.tv.cec@1.0::IHdmiCec/default.
01-01 08:00:11.281 276 288 D Sunxi_PQ: creat a connect thread to deal the socket.
01-01 08:00:11.281 251 251 I HidlServiceManagement: Registered android.hardware.bluetooth@1.0::IBluetoothHci/default
01-01 08:00:11.281 251 251 I HidlServiceManagement: Removing namespace from process name android.hardware.bluetooth@1.0-service to bluetooth@1.0-service.
01-01 08:00:11.282 251 251 I LegacySupport: Registration complete for android.hardware.bluetooth@1.0::IBluetoothHci/default.
01-01 08:00:11.284 257 257 I HidlServiceManagement: Registered android.hardware.graphics.composer@2.2::IComposer/default
01-01 08:00:11.284 257 257 I HidlServiceManagement: Removing namespace from process name android.hardware.graphics.composer@2.2-service to composer@2.2-service.
01-01 08:00:11.284 265 265 I HidlServiceManagement: Registered android.hardware.usb@1.0::IUsb/default
01-01 08:00:11.285 265 265 I HidlServiceManagement: Removing namespace from process name android.hardware.usb@1.0-service.aw to usb@1.0-service.aw.
01-01 08:00:11.287 255 255 I HidlServiceManagement: Registered android.hardware.graphics.allocator@2.0::IAllocator/default
01-01 08:00:11.287 255 255 I HidlServiceManagement: Removing namespace from process name android.hardware.graphics.allocator@2.0-service to allocator@2.0-service.
01-01 08:00:11.288 255 255 I LegacySupport: Registration complete for android.hardware.graphics.allocator@2.0::IAllocator/default.
01-01 08:00:11.288 183 183 I hwservicemanager: Since vendor.display.config@1.0::IDisplayConfig/default is not registered, trying to start it as a lazy HAL.
01-01 08:00:11.291 271 290 E GpuMem : Failed to retrieve pinned program from /sys/fs/bpf/prog_gpu_mem_tracepoint_gpu_mem_gpu_mem_total [2(No such file or directory)]
01-01 08:00:11.292 183 291 W libc : Unable to set property "ctl.interface_start" to "vendor.display.config@1.0::IDisplayConfig/default": error code: 0x20
01-01 08:00:11.292 183 291 I hwservicemanager: Tried to start vendor.display.config@1.0::IDisplayConfig/default as a lazy service, but was unable to. Usually this happens when a service is not installed, but if the service is intended to be used as a lazy service, then it may be configured incorrectly.
01-01 08:00:11.292 271 290 E GpuMemTracer: Cannot initialize GpuMemTracer before GpuMem
01-01 08:00:11.294 254 254 I HidlServiceManagement: Registered android.hardware.gatekeeper@1.0::IGatekeeper/default
01-01 08:00:11.294 254 254 I HidlServiceManagement: Removing namespace from process name android.hardware.gatekeeper@1.0-service-aw to gatekeeper@1.0-service-aw.
01-01 08:00:11.294 254 254 I LegacySupport: Registration complete for android.hardware.gatekeeper@1.0::IGatekeeper/default.
01-01 08:00:11.297 265 265 I HidlServiceManagement: Registered android.hardware.usb.gadget@1.1::IUsbGadget/default
01-01 08:00:11.297 265 265 I android.hardware.usb@1.0-service: USB HAL Ready.
01-01 08:00:11.298 183 183 I hwservicemanager: Since vendor.display.config@1.0::IDisplayConfig/default is not registered, trying to start it as a lazy HAL.
01-01 08:00:11.298 267 267 I HidlServiceManagement: getService: Trying again for vendor.display.config@1.0::IDisplayConfig/default...
01-01 08:00:11.301 244 244 D XfrmController: Sending Netlink XFRM Message: XFRM_MSG_FLUSHSA
01-01 08:00:11.301 183 295 W libc : Unable to set property "ctl.interface_start" to "vendor.display.config@1.0::IDisplayConfig/default": error code: 0x20
01-01 08:00:11.301 183 295 I hwservicemanager: Tried to start vendor.display.config@1.0::IDisplayConfig/default as a lazy service, but was unable to. Usually this happens when a service is not installed, but if the service is intended to be used as a lazy service, then it may be configured incorrectly.
01-01 08:00:11.301 244 244 D XfrmController: Sending Netlink XFRM Message: XFRM_MSG_FLUSHPOLICY
01-01 08:00:11.302 244 244 I netd : Initializing XfrmController: 57044us
01-01 08:00:11.304 301 301 I init : type=1400 audit(0.0:19): avc: denied { execute_no_trans } for path="/system/bin/xiriservice.sh" dev="dm-0" ino=1296 scontext=u:r:init:s0 tcontext=u:object_r:system_file:s0 tclass=file permissive=1
01-01 08:00:11.316 294 294 I onstartup.sh: type=1400 audit(0.0:20): avc: denied { write search } for name="tmp" dev="mmcblk0p25" ino=85 scontext=u:r:onstartup:s0 tcontext=u:object_r:shell_data_file:s0 tclass=dir permissive=1
01-01 08:00:11.316 294 294 I onstartup.sh: type=1400 audit(0.0:21): avc: denied { getattr } for path="/data/local/tmp" dev="mmcblk0p25" ino=85 scontext=u:r:onstartup:s0 tcontext=u:object_r:shell_data_file:s0 tclass=dir permissive=1
01-01 08:00:11.323 244 244 E cutils-trace: Error opening trace file: No such file or directory (2)
01-01 08:00:11.324 1 1 I init : type=1400 audit(0.0:22): avc: denied { setattr } for name="ext_csd" dev="debugfs" ino=6272 scontext=u:r:init:s0 tcontext=u:object_r:debugfs_mmc:s0 tclass=file permissive=1
01-01 08:00:11.332 302 302 I check_xm_hidraw: type=1400 audit(0.0:23): avc: denied { write } for name="tmp" dev="mmcblk0p25" ino=85 scontext=u:r:init:s0 tcontext=u:object_r:shell_data_file:s0 tclass=dir permissive=1 bug=b/77873135
01-01 08:00:11.340 165 165 I sunxi-rfkill soc@3000000: rfkill: set block: 0
01-01 08:00:11.340 165 165 I sunxi-rfkill soc@3000000: rfkill: bt power on success
01-01 08:00:11.344 313 313 I init : type=1400 audit(0.0:24): avc: denied { write } for name="kmsg_debug" dev="tmpfs" ino=97 scontext=u:r:init:s0 tcontext=u:object_r:kmsg_debug_device:s0 tclass=chr_file permissive=1
01-01 08:00:11.344 313 313 I init : type=1400 audit(0.0:25): avc: denied { open } for path="/dev/kmsg_debug" dev="tmpfs" ino=97 scontext=u:r:init:s0 tcontext=u:object_r:kmsg_debug_device:s0 tclass=chr_file permissive=1
01-01 08:00:11.355 250 250 I HidlServiceManagement: Registered android.hardware.audio@7.0::IDevicesFactory/default
01-01 08:00:11.359 250 250 I HidlServiceManagement: Removing namespace from process name android.hardware.audio.service to audio.service.
01-01 08:00:11.365 250 250 I LegacySupport: Registration complete for android.hardware.audio@7.0::IDevicesFactory/default.
01-01 08:00:11.384 312 312 I pgrep : type=1400 audit(0.0:26): avc: denied { read } for scontext=u:r:toolbox:s0 tcontext=u:r:init:s0 tclass=file permissive=1
01-01 08:00:11.399 314 314 D XiriService: XiriService version 2.5.0.11258
01-01 08:00:11.404 309 309 I gsid : no DSU: No such file or directory
01-01 08:00:11.388 312 312 I pgrep : type=1400 audit(0.0:27): avc: denied { read } for scontext=u:r:toolbox:s0 tcontext=u:r:kernel:s0 tclass=file permissive=1
01-01 08:00:11.392 294 294 I onstartup.sh: type=1400 audit(0.0:28): avc: denied { getattr } for path="/data/local/fast_apks_installed" dev="mmcblk0p25" ino=222 scontext=u:r:onstartup:s0 tcontext=u:object_r:onstartup_system_file:s0 tclass=file permissive=1
01-01 08:00:11.392 312 312 I pgrep : type=1400 audit(0.0:29): avc: denied { read } for scontext=u:r:toolbox:s0 tcontext=u:r:vendor_init:s0 tclass=file permissive=1
01-01 08:00:11.400 312 312 I pgrep : type=1400 audit(0.0:30): avc: denied { sys_ptrace } for capability=19 scontext=u:r:toolbox:s0 tcontext=u:r:toolbox:s0 tclass=capability permissive=1
01-01 08:00:11.400 312 312 I pgrep : type=1400 audit(0.0:31): avc: denied { read } for scontext=u:r:toolbox:s0 tcontext=u:r:ueventd:s0 tclass=file permissive=1
01-01 08:00:11.400 312 312 I pgrep : type=1400 audit(0.0:32): avc: denied { read } for scontext=u:r:toolbox:s0 tcontext=u:r:logd:s0 tclass=file permissive=1
01-01 08:00:11.400 312 312 I pgrep : type=1400 audit(0.0:33): avc: denied { getattr } for path="/proc/1" dev="proc" ino=111 scontext=u:r:toolbox:s0 tcontext=u:r:init:s0 tclass=dir permissive=1
01-01 08:00:11.400 312 312 I pgrep : type=1400 audit(0.0:34): avc: denied { search } for name="1" dev="proc" ino=111 scontext=u:r:toolbox:s0 tcontext=u:r:init:s0 tclass=dir permissive=1
01-01 08:00:11.400 312 312 I pgrep : type=1400 audit(0.0:35): avc: denied { open } for path="/proc/1/stat" dev="proc" ino=9286 scontext=u:r:toolbox:s0 tcontext=u:r:init:s0 tclass=file permissive=1
01-01 08:00:11.400 312 312 I pgrep : type=1400 audit(0.0:36): avc: denied { getattr } for path="/proc/2" dev="proc" ino=7143 scontext=u:r:toolbox:s0 tcontext=u:r:kernel:s0 tclass=dir permissive=1
01-01 08:00:11.400 312 312 I pgrep : type=1400 audit(0.0:37): avc: denied { search } for name="2" dev="proc" ino=7143 scontext=u:r:toolbox:s0 tcontext=u:r:kernel:s0 tclass=dir permissive=1
01-01 08:00:11.400 312 312 I pgrep : type=1400 audit(0.0:38): avc: denied { open } for path="/proc/2/stat" dev="proc" ino=9287 scontext=u:r:toolbox:s0 tcontext=u:r:kernel:s0 tclass=file permissive=1
01-01 08:00:11.416 318 318 I init : type=1400 audit(0.0:39): avc: denied { execute } for name="led_switch.sh" dev="dm-1" ino=129 scontext=u:r:init:s0 tcontext=u:object_r:vendor_file:s0 tclass=file permissive=1
01-01 08:00:11.416 314 314 I xiriservice_All: type=1400 audit(0.0:40): avc: denied { search } for name="com.android.connectivity.resources" dev="mmcblk0p25" ino=503 scontext=u:r:init:s0 tcontext=u:object_r:privapp_data_file:s0:c512,c768 tclass=dir permissive=1
01-01 08:00:11.416 314 314 I xiriservice_All: type=1400 audit(0.0:41): avc: denied { search } for name="android" dev="mmcblk0p25" ino=507 scontext=u:r:init:s0 tcontext=u:object_r:system_app_data_file:s0 tclass=dir permissive=1
01-01 08:00:11.416 314 314 I xiriservice_All: type=1400 audit(0.0:42): avc: denied { read } for name="lib" dev="mmcblk0p25" ino=2276 scontext=u:r:init:s0 tcontext=u:object_r:system_app_data_file:s0 tclass=lnk_file permissive=1
01-01 08:00:11.416 318 318 I init : type=1400 audit(0.0:43): avc: denied { execute_no_trans } for path="/vendor/bin/led_switch.sh" dev="dm-1" ino=129 scontext=u:r:init:s0 tcontext=u:object_r:vendor_file:s0 tclass=file permissive=1
01-01 08:00:11.416 312 312 I pgrep : type=1400 audit(0.0:44): avc: denied { getattr } for path="/proc/165" dev="proc" ino=2149 scontext=u:r:toolbox:s0 tcontext=u:r:vendor_init:s0 tclass=dir permissive=1
01-01 08:00:11.416 312 312 I pgrep : type=1400 audit(0.0:45): avc: denied { read } for scontext=u:r:toolbox:s0 tcontext=u:r:vendor_init:s0 tclass=file permissive=1
01-01 08:00:11.416 312 312 I pgrep : type=1400 audit(0.0:46): avc: denied { search } for name="165" dev="proc" ino=2149 scontext=u:r:toolbox:s0 tcontext=u:r:vendor_init:s0 tclass=dir permissive=1
01-01 08:00:11.416 312 312 I pgrep : type=1400 audit(0.0:47): avc: denied { open } for path="/proc/165/stat" dev="proc" ino=9379 scontext=u:r:toolbox:s0 tcontext=u:r:vendor_init:s0 tclass=file permissive=1
01-01 08:00:11.416 312 312 I pgrep : type=1400 audit(0.0:48): avc: denied { getattr } for path="/proc/168" dev="proc" ino=162 scontext=u:r:toolbox:s0 tcontext=u:r:ueventd:s0 tclass=dir permissive=1
01-01 08:00:11.416 312 312 I pgrep : type=1400 audit(0.0:49): avc: denied { search } for name="168" dev="proc" ino=162 scontext=u:r:toolbox:s0 tcontext=u:r:ueventd:s0 tclass=dir permissive=1
01-01 08:00:11.416 312 312 I pgrep : type=1400 audit(0.0:50): avc: denied { open } for path="/proc/168/stat" dev="proc" ino=9380 scontext=u:r:toolbox:s0 tcontext=u:r:ueventd:s0 tclass=file permissive=1
01-01 08:00:11.420 312 312 I pgrep : type=1400 audit(0.0:51): avc: denied { read } for scontext=u:r:toolbox:s0 tcontext=u:r:logd:s0 tclass=file permissive=1
01-01 08:00:11.420 312 312 I pgrep : type=1400 audit(0.0:52): avc: denied { read } for scontext=u:r:toolbox:s0 tcontext=u:r:lmkd:s0 tclass=file permissive=1
01-01 08:00:11.420 312 312 I pgrep : type=1400 audit(0.0:53): avc: denied { read } for scontext=u:r:toolbox:s0 tcontext=u:r:servicemanager:s0 tclass=file permissive=1
01-01 08:00:11.420 312 312 I pgrep : type=1400 audit(0.0:54): avc: denied { read } for scontext=u:r:toolbox:s0 tcontext=u:r:hwservicemanager:s0 tclass=file permissive=1
01-01 08:00:11.420 312 312 I pgrep : type=1400 audit(0.0:55): avc: denied { read } for scontext=u:r:toolbox:s0 tcontext=u:r:vndservicemanager:s0 tclass=file permissive=1
01-01 08:00:11.420 312 312 I pgrep : type=1400 audit(0.0:56): avc: denied { read } for scontext=u:r:toolbox:s0 tcontext=u:r:shell:s0 tclass=file permissive=1
01-01 08:00:11.420 312 312 I pgrep : type=1400 audit(0.0:57): avc: denied { read } for scontext=u:r:toolbox:s0 tcontext=u:r:vold:s0 tclass=file permissive=1
01-01 08:00:11.420 312 312 I pgrep : type=1400 audit(0.0:58): avc: denied { read } for scontext=u:r:toolbox:s0 tcontext=u:r:system_suspend:s0 tclass=file permissive=1
01-01 08:00:11.420 312 312 I pgrep : type=1400 audit(0.0:59): avc: denied { read } for scontext=u:r:toolbox:s0 tcontext=u:r:keystore:s0 tclass=file permissive=1
01-01 08:00:11.420 312 312 I pgrep : type=1400 audit(0.0:60): avc: denied { read } for scontext=u:r:toolbox:s0 tcontext=u:r:hal_bootctl_default:s0 tclass=file permissive=1
01-01 08:00:11.420 312 312 I pgrep : type=1400 audit(0.0:61): avc: denied { read } for scontext=u:r:toolbox:s0 tcontext=u:r:hal_keymint_default:s0 tclass=file permissive=1
01-01 08:00:11.420 312 312 I pgrep : type=1400 audit(0.0:62): avc: denied { read } for scontext=u:r:toolbox:s0 tcontext=u:r:tee:s0 tclass=file permissive=1
01-01 08:00:11.424 312 312 I pgrep : type=1400 audit(0.0:63): avc: denied { read } for scontext=u:r:toolbox:s0 tcontext=u:r:tombstoned:s0 tclass=file permissive=1
01-01 08:00:11.424 314 314 I xiriservice_All: type=1400 audit(0.0:64): avc: denied { search } for name="android.ext.shared" dev="mmcblk0p25" ino=524 scontext=u:r:init:s0 tcontext=u:object_r:app_data_file:s0:c512,c768 tclass=dir permissive=1
01-01 08:00:11.424 314 314 I xiriservice_All: type=1400 audit(0.0:65): avc: denied { read } for name="lib" dev="mmcblk0p25" ino=2296 scontext=u:r:init:s0 tcontext=u:object_r:app_data_file:s0:c512,c768 tclass=lnk_file permissive=1
01-01 08:00:11.428 312 312 I pgrep : type=1400 audit(0.0:66): avc: denied { read } for scontext=u:r:toolbox:s0 tcontext=u:r:statsd:s0 tclass=file permissive=1
01-01 08:00:11.428 314 314 I xiriservice_All: type=1400 audit(0.0:67): avc: denied { search } for name="com.android.permissioncontroller" dev="mmcblk0p25" ino=553 scontext=u:r:init:s0 tcontext=u:object_r:privapp_data_file:s0:c73,c256,c512,c768 tclass=dir permissive=1
01-01 08:00:11.428 312 312 I pgrep : type=1400 audit(0.0:68): avc: denied { read } for scontext=u:r:toolbox:s0 tcontext=u:r:netd:s0 tclass=file permissive=1
01-01 08:00:11.428 312 312 I pgrep : type=1400 audit(0.0:69): avc: denied { read } for scontext=u:r:toolbox:s0 tcontext=u:r:zygote:s0 tclass=file permissive=1
01-01 08:00:11.428 312 312 I pgrep : type=1400 audit(0.0:70): avc: denied { read } for scontext=u:r:toolbox:s0 tcontext=u:r:hal_allocator_default:s0 tclass=file permissive=1
01-01 08:00:11.428 312 312 I pgrep : type=1400 audit(0.0:71): avc: denied { read } for scontext=u:r:toolbox:s0 tcontext=u:r:hal_audio_default:s0 tclass=file permissive=1
01-01 08:00:11.428 312 312 I pgrep : type=1400 audit(0.0:72): avc: denied { read } for scontext=u:r:toolbox:s0 tcontext=u:r:hal_bluetooth_default:s0 tclass=file permissive=1
01-01 08:00:11.428 312 312 I pgrep : type=1400 audit(0.0:73): avc: denied { read } for scontext=u:r:toolbox:s0 tcontext=u:r:hal_camera_default:s0 tclass=file permissive=1
01-01 08:00:11.428 312 312 I pgrep : type=1400 audit(0.0:74): avc: denied { read } for scontext=u:r:toolbox:s0 tcontext=u:r:hal_cas_default:s0 tclass=file permissive=1
01-01 08:00:11.428 312 312 I pgrep : type=1400 audit(0.0:75): avc: denied { read } for scontext=u:r:toolbox:s0 tcontext=u:r:hal_gatekeeper_default:s0 tclass=file permissive=1
01-01 08:00:11.428 312 312 I pgrep : type=1400 audit(0.0:76): avc: denied { read } for scontext=u:r:toolbox:s0 tcontext=u:r:hal_graphics_allocator_default:s0 tclass=file permissive=1
01-01 08:00:11.428 312 312 I pgrep : type=1400 audit(0.0:77): avc: denied { read } for scontext=u:r:toolbox:s0 tcontext=u:r:hal_graphics_composer_default:s0 tclass=file permissive=1
01-01 08:00:11.428 312 312 I pgrep : type=1400 audit(0.0:78): avc: denied { read } for scontext=u:r:toolbox:s0 tcontext=u:r:hal_health_default:s0 tclass=file permissive=1
01-01 08:00:11.428 312 312 I pgrep : type=1400 audit(0.0:79): avc: denied { read } for scontext=u:r:toolbox:s0 tcontext=u:r:hal_light_default:s0 tclass=file permissive=1
01-01 08:00:11.428 312 312 I pgrep : type=1400 audit(0.0:80): avc: denied { read } for scontext=u:r:toolbox:s0 tcontext=u:r:hal_power_default:s0 tclass=file permissive=1
01-01 08:00:11.428 312 312 I pgrep : type=1400 audit(0.0:81): avc: denied { read } for scontext=u:r:toolbox:s0 tcontext=u:r:hal_tv_cec_default:s0 tclass=file permissive=1
01-01 08:00:11.428 312 312 I pgrep : type=1400 audit(0.0:82): avc: denied { read } for scontext=u:r:toolbox:s0 tcontext=u:r:hal_usb_impl:s0 tclass=file permissive=1
01-01 08:00:11.428 312 312 I pgrep : type=1400 audit(0.0:83): avc: denied { read } for scontext=u:r:toolbox:s0 tcontext=u:r:hal_awdisplayoutput_default:s0 tclass=file permissive=1
01-01 08:00:11.432 312 312 I pgrep : type=1400 audit(0.0:84): avc: denied { read } for scontext=u:r:toolbox:s0 tcontext=u:r:hal_rebootescrow_default:s0 tclass=file permissive=1
01-01 08:00:11.432 312 312 I pgrep : type=1400 audit(0.0:85): avc: denied { read } for scontext=u:r:toolbox:s0 tcontext=u:r:audioserver:s0 tclass=file permissive=1
01-01 08:00:11.432 312 312 I pgrep : type=1400 audit(0.0:86): avc: denied { read } for scontext=u:r:toolbox:s0 tcontext=u:r:credstore:s0 tclass=file permissive=1
01-01 08:00:11.432 312 312 I pgrep : type=1400 audit(0.0:87): avc: denied { read } for scontext=u:r:toolbox:s0 tcontext=u:r:gpuservice:s0 tclass=file permissive=1
01-01 08:00:11.432 312 312 I pgrep : type=1400 audit(0.0:88): avc: denied { read } for scontext=u:r:toolbox:s0 tcontext=u:r:surfaceflinger:s0 tclass=file permissive=1
01-01 08:00:11.432 312 312 I pgrep : type=1400 audit(0.0:89): avc: denied { read } for scontext=u:r:toolbox:s0 tcontext=u:r:pqd:s0 tclass=file permissive=1
01-01 08:00:11.432 312 312 I pgrep : type=1400 audit(0.0:90): avc: denied { read } for scontext=u:r:toolbox:s0 tcontext=u:r:onstartup:s0 tclass=file permissive=1
01-01 08:00:11.432 312 312 I pgrep : type=1400 audit(0.0:91): avc: denied { read } for scontext=u:r:toolbox:s0 tcontext=u:r:init:s0 tclass=file permissive=1
01-01 08:00:11.436 314 314 I xiriservice_All: type=1400 audit(0.0:92): avc: denied { read } for name="lib" dev="mmcblk0p25" ino=2251 scontext=u:r:init:s0 tcontext=u:object_r:privapp_data_file:s0:c512,c768 tclass=lnk_file permissive=1
01-01 08:00:11.436 312 312 I pgrep : type=1400 audit(0.0:93): avc: denied { getattr } for path="/proc/180" dev="proc" ino=6406 scontext=u:r:toolbox:s0 tcontext=u:r:logd:s0 tclass=dir permissive=1
01-01 08:00:11.436 312 312 I pgrep : type=1400 audit(0.0:94): avc: denied { search } for name="180" dev="proc" ino=6406 scontext=u:r:toolbox:s0 tcontext=u:r:logd:s0 tclass=dir permissive=1
01-01 08:00:11.436 312 312 I pgrep : type=1400 audit(0.0:95): avc: denied { open } for path="/proc/180/stat" dev="proc" ino=9421 scontext=u:r:toolbox:s0 tcontext=u:r:logd:s0 tclass=file permissive=1
01-01 08:00:11.436 312 312 I pgrep : type=1400 audit(0.0:96): avc: denied { getattr } for path="/proc/181" dev="proc" ino=265 scontext=u:r:toolbox:s0 tcontext=u:r:lmkd:s0 tclass=dir permissive=1
01-01 08:00:11.436 312 312 I pgrep : type=1400 audit(0.0:97): avc: denied { search } for name="181" dev="proc" ino=265 scontext=u:r:toolbox:s0 tcontext=u:r:lmkd:s0 tclass=dir permissive=1
01-01 08:00:11.436 312 312 I pgrep : type=1400 audit(0.0:98): avc: denied { open } for path="/proc/181/stat" dev="proc" ino=9422 scontext=u:r:toolbox:s0 tcontext=u:r:lmkd:s0 tclass=file permissive=1
01-01 08:00:11.436 312 312 I pgrep : type=1400 audit(0.0:99): avc: denied { getattr } for path="/proc/182" dev="proc" ino=6414 scontext=u:r:toolbox:s0 tcontext=u:r:servicemanager:s0 tclass=dir permissive=1
01-01 08:00:11.436 312 312 I pgrep : type=1400 audit(0.0:100): avc: denied { search } for name="182" dev="proc" ino=6414 scontext=u:r:toolbox:s0 tcontext=u:r:servicemanager:s0 tclass=dir permissive=1
01-01 08:00:11.436 312 312 I pgrep : type=1400 audit(0.0:101): avc: denied { open } for path="/proc/182/stat" dev="proc" ino=9423 scontext=u:r:toolbox:s0 tcontext=u:r:servicemanager:s0 tclass=file permissive=1
01-01 08:00:11.436 312 312 I pgrep : type=1400 audit(0.0:102): avc: denied { getattr } for path="/proc/183" dev="proc" ino=7206 scontext=u:r:toolbox:s0 tcontext=u:r:hwservicemanager:s0 tclass=dir permissive=1
01-01 08:00:11.441 250 250 I HidlServiceManagement: Registered android.hardware.audio.effect@7.0::IEffectsFactory/default
01-01 08:00:11.442 250 250 I LegacySupport: Registration complete for android.hardware.audio.effect@7.0::IEffectsFactory/default.
01-01 08:00:11.443 183 183 I hwservicemanager: getTransport: Cannot find entry android.hardware.soundtrigger@2.3::ISoundTriggerHw/default in either framework or device VINTF manifest.
01-01 08:00:11.446 250 250 E LegacySupport: Could not get passthrough implementation for android.hardware.soundtrigger@2.3::ISoundTriggerHw/default.
01-01 08:00:11.436 312 312 I pgrep : type=1400 audit(0.0:103): avc: denied { search } for name="183" dev="proc" ino=7206 scontext=u:r:toolbox:s0 tcontext=u:r:hwservicemanager:s0 tclass=dir permissive=1
01-01 08:00:11.436 312 312 I pgrep : type=1400 audit(0.0:104): avc: denied { open } for path="/proc/183/stat" dev="proc" ino=9424 scontext=u:r:toolbox:s0 tcontext=u:r:hwservicemanager:s0 tclass=file permissive=1
01-01 08:00:11.440 312 312 I pgrep : type=1400 audit(0.0:105): avc: denied { getattr } for path="/proc/184" dev="proc" ino=6444 scontext=u:r:toolbox:s0 tcontext=u:r:vndservicemanager:s0 tclass=dir permissive=1
01-01 08:00:11.440 312 312 I pgrep : type=1400 audit(0.0:106): avc: denied { read } for scontext=u:r:toolbox:s0 tcontext=u:r:vndservicemanager:s0 tclass=file permissive=1
01-01 08:00:11.440 312 312 I pgrep : type=1400 audit(0.0:107): avc: denied { search } for name="184" dev="proc" ino=6444 scontext=u:r:toolbox:s0 tcontext=u:r:vndservicemanager:s0 tclass=dir permissive=1
01-01 08:00:11.440 312 312 I pgrep : type=1400 audit(0.0:108): avc: denied { open } for path="/proc/184/stat" dev="proc" ino=9425 scontext=u:r:toolbox:s0 tcontext=u:r:vndservicemanager:s0 tclass=file permissive=1
01-01 08:00:11.440 314 314 I xiriservice_All: type=1400 audit(0.0:109): avc: denied { search } for name="com.android.internal.systemui.navbar.gestural_wide_back" dev="mmcblk0p25" ino=628 scontext=u:r:init:s0 tcontext=u:object_r:app_data_file:s0:c1,c256,c512,c768 tclass=dir permissive=1
01-01 08:00:11.440 314 314 I xiriservice_All: type=1400 audit(0.0:110): avc: denied { search } for name="com.sohu.inputmethod.sogou.tv" dev="mmcblk0p25" ino=1409 scontext=u:r:init:s0 tcontext=u:object_r:app_data_file:s0:c39,c256,c512,c768 tclass=dir permissive=1
01-01 08:00:11.440 314 314 I xiriservice_All: type=1400 audit(0.0:111): avc: denied { read } for name="lib" dev="mmcblk0p25" ino=2268 scontext=u:r:init:s0 tcontext=u:object_r:app_data_file:s0:c39,c256,c512,c768 tclass=lnk_file permissive=1
01-01 08:00:11.440 312 312 I pgrep : type=1400 audit(0.0:112): avc: denied { getattr } for path="/proc/186" dev="proc" ino=2389 scontext=u:r:toolbox:s0 tcontext=u:r:shell:s0 tclass=dir permissive=1
01-01 08:00:11.440 312 312 I pgrep : type=1400 audit(0.0:113): avc: denied { read } for scontext=u:r:toolbox:s0 tcontext=u:r:shell:s0 tclass=file permissive=1
01-01 08:00:11.440 312 312 I pgrep : type=1400 audit(0.0:114): avc: denied { search } for name="186" dev="proc" ino=2389 scontext=u:r:toolbox:s0 tcontext=u:r:shell:s0 tclass=dir permissive=1
01-01 08:00:11.440 312 312 I pgrep : type=1400 audit(0.0:115): avc: denied { open } for path="/proc/186/stat" dev="proc" ino=9427 scontext=u:r:toolbox:s0 tcontext=u:r:shell:s0 tclass=file permissive=1
01-01 08:00:11.448 183 183 I hwservicemanager: getTransport: Cannot find entry android.hardware.soundtrigger@2.2::ISoundTriggerHw/default in either framework or device VINTF manifest.
01-01 08:00:11.449 250 250 E LegacySupport: Could not get passthrough implementation for android.hardware.soundtrigger@2.2::ISoundTriggerHw/default.
01-01 08:00:11.440 314 314 I xiriservice_All: type=1400 audit(0.0:116): avc: denied { search } for name="com.android.htmlviewer" dev="mmcblk0p25" ino=700 scontext=u:r:init:s0 tcontext=u:object_r:app_data_file:s0:c33,c256,c512,c768 tclass=dir permissive=1
01-01 08:00:11.440 314 314 I xiriservice_All: type=1400 audit(0.0:117): avc: denied { search } for name="com.android.companiondevicemanager" dev="mmcblk0p25" ino=708 scontext=u:r:init:s0 tcontext=u:object_r:app_data_file:s0:c35,c256,c512,c768 tclass=dir permissive=1
01-01 08:00:11.451 183 183 I hwservicemanager: getTransport: Cannot find entry android.hardware.soundtrigger@2.1::ISoundTriggerHw/default in either framework or device VINTF manifest.
01-01 08:00:11.440 312 312 I pgrep : type=1400 audit(0.0:118): avc: denied { getattr } for path="/proc/190" dev="proc" ino=333 scontext=u:r:toolbox:s0 tcontext=u:r:vold:s0 tclass=dir permissive=1
01-01 08:00:11.440 314 314 I xiriservice_All: type=1400 audit(0.0:119): avc: denied { search } for name="com.android.providers.tv" dev="mmcblk0p25" ino=725 scontext=u:r:init:s0 tcontext=u:object_r:privapp_data_file:s0:c512,c768 tclass=dir permissive=1
01-01 08:00:11.440 312 312 I pgrep : type=1400 audit(0.0:120): avc: denied { read } for scontext=u:r:toolbox:s0 tcontext=u:r:vold:s0 tclass=file permissive=1
01-01 08:00:11.440 312 312 I pgrep : type=1400 audit(0.0:121): avc: denied { search } for name="190" dev="proc" ino=333 scontext=u:r:toolbox:s0 tcontext=u:r:vold:s0 tclass=dir permissive=1
01-01 08:00:11.452 250 250 E LegacySupport: Could not get passthrough implementation for android.hardware.soundtrigger@2.1::ISoundTriggerHw/default.
01-01 08:00:11.440 314 314 I xiriservice_All: type=1400 audit(0.0:122): avc: denied { search } for name="com.android.internal.systemui.onehanded.gestural" dev="mmcblk0p25" ino=733 scontext=u:r:init:s0 tcontext=u:object_r:app_data_file:s0:c8,c256,c512,c768 tclass=dir permissive=1
01-01 08:00:11.440 312 312 I pgrep : type=1400 audit(0.0:123): avc: denied { open } for path="/proc/190/stat" dev="proc" ino=9428 scontext=u:r:toolbox:s0 tcontext=u:r:vold:s0 tclass=file permissive=1
01-01 08:00:11.453 183 183 I hwservicemanager: getTransport: Cannot find entry android.hardware.soundtrigger@2.0::ISoundTriggerHw/default in either framework or device VINTF manifest.
01-01 08:00:11.444 312 312 I pgrep : type=1400 audit(0.0:124): avc: denied { getattr } for path="/proc/206" dev="proc" ino=2463 scontext=u:r:toolbox:s0 tcontext=u:r:system_suspend:s0 tclass=dir permissive=1
01-01 08:00:11.444 312 312 I pgrep : type=1400 audit(0.0:125): avc: denied { search } for name="206" dev="proc" ino=2463 scontext=u:r:toolbox:s0 tcontext=u:r:system_suspend:s0 tclass=dir permissive=1
01-01 08:00:11.444 312 312 I pgrep : type=1400 audit(0.0:126): avc: denied { open } for path="/proc/206/stat" dev="proc" ino=9435 scontext=u:r:toolbox:s0 tcontext=u:r:system_suspend:s0 tclass=file permissive=1
01-01 08:00:11.444 314 314 I xiriservice_All: type=1400 audit(0.0:127): avc: denied { read } for name="lib" dev="mmcblk0p25" ino=2272 scontext=u:r:init:s0 tcontext=u:object_r:app_data_file:s0:c512,c768 tclass=lnk_file permissive=1
01-01 08:00:11.444 312 312 I pgrep : type=1400 audit(0.0:128): avc: denied { getattr } for path="/proc/207" dev="proc" ino=6534 scontext=u:r:toolbox:s0 tcontext=u:r:keystore:s0 tclass=dir permissive=1
01-01 08:00:11.444 312 312 I pgrep : type=1400 audit(0.0:129): avc: denied { search } for name="207" dev="proc" ino=6534 scontext=u:r:toolbox:s0 tcontext=u:r:keystore:s0 tclass=dir permissive=1
01-01 08:00:11.454 250 250 E LegacySupport: Could not get passthrough implementation for android.hardware.soundtrigger@2.0::ISoundTriggerHw/default.
01-01 08:00:11.444 312 312 I pgrep : type=1400 audit(0.0:130): avc: denied { open } for path="/proc/207/stat" dev="proc" ino=9436 scontext=u:r:toolbox:s0 tcontext=u:r:keystore:s0 tclass=file permissive=1
01-01 08:00:11.444 312 312 I pgrep : type=1400 audit(0.0:131): avc: denied { getattr } for path="/proc/208" dev="proc" ino=7266 scontext=u:r:toolbox:s0 tcontext=u:r:hal_bootctl_default:s0 tclass=dir permissive=1
01-01 08:00:11.444 312 312 I pgrep : type=1400 audit(0.0:132): avc: denied { search } for name="208" dev="proc" ino=7266 scontext=u:r:toolbox:s0 tcontext=u:r:hal_bootctl_default:s0 tclass=dir permissive=1
01-01 08:00:11.444 312 312 I pgrep : type=1400 audit(0.0:133): avc: denied { open } for path="/proc/208/stat" dev="proc" ino=9437 scontext=u:r:toolbox:s0 tcontext=u:r:hal_bootctl_default:s0 tclass=file permissive=1
01-01 08:00:11.444 312 312 I pgrep : type=1400 audit(0.0:134): avc: denied { getattr } for path="/proc/209" dev="proc" ino=7271 scontext=u:r:toolbox:s0 tcontext=u:r:hal_keymint_default:s0 tclass=dir permissive=1
01-01 08:00:11.454 250 250 W audiohalservice: Could not register Soundtrigger API
01-01 08:00:11.444 314 314 I xiriservice_All: type=1400 audit(0.0:135): avc: denied { search } for name="com.android.simappdialog" dev="mmcblk0p25" ino=773 scontext=u:r:init:s0 tcontext=u:object_r:app_data_file:s0:c50,c256,c512,c768 tclass=dir permissive=1
01-01 08:00:11.444 312 312 I pgrep : type=1400 audit(0.0:136): avc: denied { search } for name="209" dev="proc" ino=7271 scontext=u:r:toolbox:s0 tcontext=u:r:hal_keymint_default:s0 tclass=dir permissive=1
01-01 08:00:11.444 312 312 I pgrep : type=1400 audit(0.0:137): avc: denied { open } for path="/proc/209/stat" dev="proc" ino=9438 scontext=u:r:toolbox:s0 tcontext=u:r:hal_keymint_default:s0 tclass=file permissive=1
01-01 08:00:11.444 312 312 I pgrep : type=1400 audit(0.0:138): avc: denied { getattr } for path="/proc/210" dev="proc" ino=376 scontext=u:r:toolbox:s0 tcontext=u:r:tee:s0 tclass=dir permissive=1
01-01 08:00:11.444 312 312 I pgrep : type=1400 audit(0.0:139): avc: denied { search } for name="210" dev="proc" ino=376 scontext=u:r:toolbox:s0 tcontext=u:r:tee:s0 tclass=dir permissive=1
01-01 08:00:11.444 312 312 I pgrep : type=1400 audit(0.0:140): avc: denied { open } for path="/proc/210/stat" dev="proc" ino=9439 scontext=u:r:toolbox:s0 tcontext=u:r:tee:s0 tclass=file permissive=1
01-01 08:00:11.444 314 314 I xiriservice_All: type=1400 audit(0.0:141): avc: denied { read } for name="lib" dev="mmcblk0p25" ino=2274 scontext=u:r:init:s0 tcontext=u:object_r:radio_data_file:s0 tclass=lnk_file permissive=1
01-01 08:00:11.444 314 314 I xiriservice_All: type=1400 audit(0.0:142): avc: denied { search } for name="com.android.modulemetadata" dev="mmcblk0p25" ino=791 scontext=u:r:init:s0 tcontext=u:object_r:app_data_file:s0:c58,c256,c512,c768 tclass=dir permissive=1
01-01 08:00:11.444 314 314 I xiriservice_All: type=1400 audit(0.0:143): avc: denied { search } for name="com.android.certinstaller" dev="mmcblk0p25" ino=799 scontext=u:r:init:s0 tcontext=u:object_r:app_data_file:s0:c512,c768 tclass=dir permissive=1
01-01 08:00:11.444 314 314 I xiriservice_All: type=1400 audit(0.0:144): avc: denied { search } for name="com.google.android.apps.searchlite.overlay" dev="mmcblk0p25" ino=816 scontext=u:r:init:s0 tcontext=u:object_r:app_data_file:s0:c10,c256,c512,c768 tclass=dir permissive=1
01-01 08:00:11.444 314 314 I xiriservice_All: type=1400 audit(0.0:145): avc: denied { search } for name="com.android.internal.systemui.navbar.threebutton" dev="mmcblk0p25" ino=824 scontext=u:r:init:s0 tcontext=u:object_r:app_data_file:s0:c11,c256,c512,c768 tclass=dir permissive=1
01-01 08:00:11.444 314 314 I xiriservice_All: type=1400 audit(0.0:146): avc: denied { search } for name="com.google.android.networkstackconfig" dev="mmcblk0p25" ino=832 scontext=u:r:init:s0 tcontext=u:object_r:app_data_file:s0:c0,c256,c512,c768 tclass=dir permissive=1
01-01 08:00:11.444 314 314 I xiriservice_All: type=1400 audit(0.0:147): avc: denied { search } for name="com.dangbei.leard.leradlauncher" dev="mmcblk0p25" ino=919 scontext=u:r:init:s0 tcontext=u:object_r:system_app_data_file:s0 tclass=dir permissive=1
01-01 08:00:11.456 183 183 I hwservicemanager: getTransport: Cannot find entry android.hardware.bluetooth.audio@2.1::IBluetoothAudioProvidersFactory/default in either framework or device VINTF manifest.
01-01 08:00:11.444 312 312 I pgrep : type=1400 audit(0.0:148): avc: denied { getattr } for path="/proc/222" dev="proc" ino=2657 scontext=u:r:toolbox:s0 tcontext=u:r:tombstoned:s0 tclass=dir permissive=1
01-01 08:00:11.444 312 312 I pgrep : type=1400 audit(0.0:149): avc: denied { search } for name="222" dev="proc" ino=2657 scontext=u:r:toolbox:s0 tcontext=u:r:tombstoned:s0 tclass=dir permissive=1
01-01 08:00:11.444 312 312 I pgrep : type=1400 audit(0.0:150): avc: denied { open } for path="/proc/222/stat" dev="proc" ino=9443 scontext=u:r:toolbox:s0 tcontext=u:r:tombstoned:s0 tclass=file permissive=1
01-01 08:00:11.448 312 312 I pgrep : type=1400 audit(0.0:151): avc: denied { getattr } for path="/proc/243" dev="proc" ino=7543 scontext=u:r:toolbox:s0 tcontext=u:r:statsd:s0 tclass=dir permissive=1
01-01 08:00:11.448 312 312 I pgrep : type=1400 audit(0.0:152): avc: denied { search } for name="243" dev="proc" ino=7543 scontext=u:r:toolbox:s0 tcontext=u:r:statsd:s0 tclass=dir permissive=1
01-01 08:00:11.448 312 312 I pgrep : type=1400 audit(0.0:153): avc: denied { open } for path="/proc/243/stat" dev="proc" ino=9444 scontext=u:r:toolbox:s0 tcontext=u:r:statsd:s0 tclass=file permissive=1
01-01 08:00:11.448 314 314 I xiriservice_All: type=1400 audit(0.0:154): avc: denied { search } for name="com.android.internal.systemui.navbar.gestural_extra_wide_back" dev="mmcblk0p25" ino=909 scontext=u:r:init:s0 tcontext=u:object_r:app_data_file:s0:c2,c256,c512,c768 tclass=dir permissive=1
01-01 08:00:11.448 312 312 I pgrep : type=1400 audit(0.0:155): avc: denied { getattr } for path="/proc/244" dev="proc" ino=2798 scontext=u:r:toolbox:s0 tcontext=u:r:netd:s0 tclass=dir permissive=1
01-01 08:00:11.457 250 250 E LegacySupport: Could not get passthrough implementation for android.hardware.bluetooth.audio@2.1::IBluetoothAudioProvidersFactory/default.
01-01 08:00:11.459 183 183 I hwservicemanager: getTransport: Cannot find entry android.hardware.bluetooth.audio@2.0::IBluetoothAudioProvidersFactory/default in either framework or device VINTF manifest.
01-01 08:00:11.460 250 250 E LegacySupport: Could not get passthrough implementation for android.hardware.bluetooth.audio@2.0::IBluetoothAudioProvidersFactory/default.
01-01 08:00:11.460 250 250 W audiohalservice: Could not register Bluetooth Audio API
01-01 08:00:11.460 183 183 I hwservicemanager: getTransport: Cannot find entry android.hardware.bluetooth.a2dp@1.0::IBluetoothAudioOffload/default in either framework or device VINTF manifest.
01-01 08:00:11.461 250 250 E LegacySupport: Could not get passthrough implementation for android.hardware.bluetooth.a2dp@1.0::IBluetoothAudioOffload/default.
01-01 08:00:11.448 312 312 I pgrep : type=1400 audit(0.0:156): avc: denied { search } for name="244" dev="proc" ino=2798 scontext=u:r:toolbox:s0 tcontext=u:r:netd:s0 tclass=dir permissive=1
01-01 08:00:11.448 312 312 I pgrep : type=1400 audit(0.0:157): avc: denied { open } for path="/proc/244/stat" dev="proc" ino=9445 scontext=u:r:toolbox:s0 tcontext=u:r:netd:s0 tclass=file permissive=1
01-01 08:00:11.448 314 314 I xiriservice_All: type=1400 audit(0.0:158): avc: denied { search } for name="com.android.printspooler" dev="mmcblk0p25" ino=937 scontext=u:r:init:s0 tcontext=u:object_r:app_data_file:s0:c53,c256,c512,c768 tclass=dir permissive=1
01-01 08:00:11.448 312 312 I pgrep : type=1400 audit(0.0:159): avc: denied { getattr } for path="/proc/245" dev="proc" ino=7547 scontext=u:r:toolbox:s0 tcontext=u:r:zygote:s0 tclass=dir permissive=1
01-01 08:00:11.448 312 312 I pgrep : type=1400 audit(0.0:160): avc: denied { search } for name="245" dev="proc" ino=7547 scontext=u:r:toolbox:s0 tcontext=u:r:zygote:s0 tclass=dir permissive=1
01-01 08:00:11.448 312 312 I pgrep : type=1400 audit(0.0:161): avc: denied { open } for path="/proc/245/stat" dev="proc" ino=9446 scontext=u:r:toolbox:s0 tcontext=u:r:zygote:s0 tclass=file permissive=1
01-01 08:00:11.448 312 312 I pgrep : type=1400 audit(0.0:162): avc: denied { getattr } for path="/proc/249" dev="proc" ino=505 scontext=u:r:toolbox:s0 tcontext=u:r:hal_allocator_default:s0 tclass=dir permissive=1
01-01 08:00:11.448 312 312 I pgrep : type=1400 audit(0.0:163): avc: denied { search } for name="249" dev="proc" ino=505 scontext=u:r:toolbox:s0 tcontext=u:r:hal_allocator_default:s0 tclass=dir permissive=1
01-01 08:00:11.448 312 312 I pgrep : type=1400 audit(0.0:164): avc: denied { open } for path="/proc/249/stat" dev="proc" ino=9447 scontext=u:r:toolbox:s0 tcontext=u:r:hal_allocator_default:s0 tclass=file permissive=1
01-01 08:00:11.448 312 312 I pgrep : type=1400 audit(0.0:165): avc: denied { getattr } for path="/proc/250" dev="proc" ino=6737 scontext=u:r:toolbox:s0 tcontext=u:r:hal_audio_default:s0 tclass=dir permissive=1
01-01 08:00:11.448 312 312 I pgrep : type=1400 audit(0.0:166): avc: denied { search } for name="250" dev="proc" ino=6737 scontext=u:r:toolbox:s0 tcontext=u:r:hal_audio_default:s0 tclass=dir permissive=1
01-01 08:00:11.448 312 312 I pgrep : type=1400 audit(0.0:167): avc: denied { open } for path="/proc/250/stat" dev="proc" ino=9448 scontext=u:r:toolbox:s0 tcontext=u:r:hal_audio_default:s0 tclass=file permissive=1
01-01 08:00:11.448 314 314 I xiriservice_All: type=1400 audit(0.0:168): avc: denied { read } for name="lib" dev="mmcblk0p25" ino=2284 scontext=u:r:init:s0 tcontext=u:object_r:app_data_file:s0:c53,c256,c512,c768 tclass=lnk_file permissive=1
01-01 08:00:11.448 312 312 I pgrep : type=1400 audit(0.0:169): avc: denied { getattr } for path="/proc/251" dev="proc" ino=6757 scontext=u:r:toolbox:s0 tcontext=u:r:hal_bluetooth_default:s0 tclass=dir permissive=1
01-01 08:00:11.448 312 312 I pgrep : type=1400 audit(0.0:170): avc: denied { search } for name="251" dev="proc" ino=6757 scontext=u:r:toolbox:s0 tcontext=u:r:hal_bluetooth_default:s0 tclass=dir permissive=1
01-01 08:00:11.448 312 312 I pgrep : type=1400 audit(0.0:171): avc: denied { open } for path="/proc/251/stat" dev="proc" ino=9449 scontext=u:r:toolbox:s0 tcontext=u:r:hal_bluetooth_default:s0 tclass=file permissive=1
01-01 08:00:11.448 312 312 I pgrep : type=1400 audit(0.0:172): avc: denied { getattr } for path="/proc/252" dev="proc" ino=6765 scontext=u:r:toolbox:s0 tcontext=u:r:hal_camera_default:s0 tclass=dir permissive=1
01-01 08:00:11.448 312 312 I pgrep : type=1400 audit(0.0:173): avc: denied { search } for name="252" dev="proc" ino=6765 scontext=u:r:toolbox:s0 tcontext=u:r:hal_camera_default:s0 tclass=dir permissive=1
01-01 08:00:11.448 314 314 I xiriservice_All: type=1400 audit(0.0:174): avc: denied { search } for name="com.android.dreams.basic" dev="mmcblk0p25" ino=945 scontext=u:r:init:s0 tcontext=u:object_r:app_data_file:s0:c42,c256,c512,c768 tclass=dir permissive=1
01-01 08:00:11.465 250 250 W audiohalservice: Could not register Bluetooth Audio Offload API
01-01 08:00:11.448 312 312 I pgrep : type=1400 audit(0.0:175): avc: denied { open } for path="/proc/252/stat" dev="proc" ino=9450 scontext=u:r:toolbox:s0 tcontext=u:r:hal_camera_default:s0 tclass=file permissive=1
01-01 08:00:11.448 314 314 I xiriservice_All: type=1400 audit(0.0:176): avc: denied { search } for name="com.android.webview" dev="mmcblk0p25" ino=953 scontext=u:r:init:s0 tcontext=u:object_r:app_data_file:s0:c60,c256,c512,c768 tclass=dir permissive=1
01-01 08:00:11.448 312 312 I pgrep : type=1400 audit(0.0:177): avc: denied { getattr } for path="/proc/253" dev="proc" ino=6761 scontext=u:r:toolbox:s0 tcontext=u:r:hal_cas_default:s0 tclass=dir permissive=1
01-01 08:00:11.448 312 312 I pgrep : type=1400 audit(0.0:178): avc: denied { search } for name="253" dev="proc" ino=6761 scontext=u:r:toolbox:s0 tcontext=u:r:hal_cas_default:s0 tclass=dir permissive=1
01-01 08:00:11.448 312 312 I pgrep : type=1400 audit(0.0:179): avc: denied { open } for path="/proc/253/stat" dev="proc" ino=9451 scontext=u:r:toolbox:s0 tcontext=u:r:hal_cas_default:s0 tclass=file permissive=1
01-01 08:00:11.448 312 312 I pgrep : type=1400 audit(0.0:180): avc: denied { getattr } for path="/proc/254" dev="proc" ino=6763 scontext=u:r:toolbox:s0 tcontext=u:r:hal_gatekeeper_default:s0 tclass=dir permissive=1
01-01 08:00:11.448 312 312 I pgrep : type=1400 audit(0.0:181): avc: denied { search } for name="254" dev="proc" ino=6763 scontext=u:r:toolbox:s0 tcontext=u:r:hal_gatekeeper_default:s0 tclass=dir permissive=1
01-01 08:00:11.448 312 312 I pgrep : type=1400 audit(0.0:182): avc: denied { open } for path="/proc/254/stat" dev="proc" ino=9452 scontext=u:r:toolbox:s0 tcontext=u:r:hal_gatekeeper_default:s0 tclass=file permissive=1
