05-28 10:09:37.374 369 746 D BufferPoolAccessor2.0: evictor expired: 5, evicted: 0
05-28 10:09:37.460 476 520 W IorapForwardingService: No service published for: iorapd
05-28 10:09:37.513 813 920 D BufferPoolAccessor2.0: evictor expired: 2, evicted: 0
05-28 10:09:38.374 476 924 D BufferPoolAccessor2.0: bufferpool2 0xe76c3ad8 : 0(0 size) total buffers - 0(0 size) used buffers - 2/7 (recycle/alloc) - 5/50 (fetch/transfer)
05-28 10:09:38.374 476 924 D BufferPoolAccessor2.0: bufferpool2 0xc0d2c858 : 0(0 size) total buffers - 0(0 size) used buffers - 2/7 (recycle/alloc) - 5/60 (fetch/transfer)
05-28 10:09:38.374 476 924 D BufferPoolAccessor2.0: evictor expired: 8, evicted: 2
05-28 10:09:38.375 369 746 D BufferPoolAccessor2.0: bufferpool2 0xef7c92d8 : 0(0 size) total buffers - 0(0 size) used buffers - 26/28 (recycle/alloc) - 2/27 (fetch/transfer)
05-28 10:09:38.375 369 746 D BufferPoolAccessor2.0: bufferpool2 0xef7c9198 : 0(0 size) total buffers - 0(0 size) used buffers - 16/19 (recycle/alloc) - 3/18 (fetch/transfer)
05-28 10:09:38.375 369 746 D BufferPoolAccessor2.0: bufferpool2 0xef7c9418 : 0(0 size) total buffers - 0(0 size) used buffers - 20/23 (recycle/alloc) - 3/22 (fetch/transfer)
05-28 10:09:38.375 369 746 D BufferPoolAccessor2.0: evictor expired: 4, evicted: 3
05-28 10:09:38.462 476 520 W IorapForwardingService: No service published for: iorapd
05-28 10:09:39.150 1915 1991 D UtilLog : 日志批量上报 进行正常循环 !!!!!!本次有0次请求,共0条数据
05-28 10:09:39.162 1077 1527 D hq : NetWorkStateReceiver:::检查网络,并且持续更新 isConnect=false
05-28 10:09:39.465 476 520 W IorapForwardingService: No service published for: iorapd
05-28 10:09:39.791 663 849 I bt_btif_dm: system/bt/btif/src/btif_dm.cc:548 btif_update_remote_properties: cod from storage is also unclassified
05-28 10:09:40.106 2026 2079 I efs.send_log: log cann't be send because net status is disconnected
05-28 10:09:40.467 476 520 W IorapForwardingService: No service published for: iorapd
05-28 10:09:40.627 476 997 W ZramWriteback: Writeback device is not set
05-28 10:09:40.627 476 997 D ZramWriteback: wait to flush
05-28 10:09:40.752 1512 1512 I net_disconnect.: type=1400 audit(0.0:1006): avc: denied { execute } for name="rgb_led_ctl" dev="dm-1" ino=188 scontext=u:r:init:s0 tcontext=u:object_r:vendor_file:s0 tclass=file permissive=1
05-28 10:09:40.752 2532 2532 I net_disconnect.: type=1400 audit(0.0:1007): avc: denied { execute_no_trans } for path="/vendor/bin/rgb_led_ctl" dev="dm-1" ino=188 scontext=u:r:init:s0 tcontext=u:object_r:vendor_file:s0 tclass=file permissive=1
05-28 10:09:41.164 1077 1527 D hq : NetWorkStateReceiver:::检查网络,并且持续更新 isConnect=false
05-28 10:09:41.400 2538 2538 I Thread-2: type=1400 audit(0.0:1008): avc: denied { execute } for name="am" dev="dm-1" ino=1160 scontext=u:r:system_app:s0 tcontext=u:object_r:vendor_file:s0 tclass=file permissive=1
05-28 10:09:41.400 2538 2538 I Thread-2: type=1400 audit(0.0:1009): avc: denied { read open } for path="/vendor/xbin/am" dev="dm-1" ino=1160 scontext=u:r:system_app:s0 tcontext=u:object_r:vendor_file:s0 tclass=file permissive=1
05-28 10:09:41.400 2538 2538 I Thread-2: type=1400 audit(0.0:1010): avc: denied { execute_no_trans } for path="/vendor/xbin/am" dev="dm-1" ino=1160 scontext=u:r:system_app:s0 tcontext=u:object_r:vendor_file:s0 tclass=file permissive=1
05-28 10:09:41.470 476 520 W IorapForwardingService: No service published for: iorapd
05-28 10:09:41.480 1162 1162 D bbb : onStartCommand begin !!!!!!! data分区剩余 24985MB
05-28 10:09:41.480 1118 1118 D aaa : LedStatusService onStartCommand begin
05-28 10:09:41.481 1118 2546 D aaa : topPkg is -------------- :com.dangbei.leard.leradlauncher
05-28 10:09:41.668 264 278 D hdmi-cec: receive invalid cec message!
05-28 10:09:41.668 264 278 D hdmi-cec: receive poll message [04], skip!
05-28 10:09:42.472 476 520 W IorapForwardingService: No service published for: iorapd
05-28 10:09:42.617 1077 1098 I OpenGLRenderer: Davey! duration=9223371984348ms; Flags=0, FrameTimelineVsyncId=1339, IntendedVsync=52505917912, Vsync=52505917912, InputEventId=0, HandleInputStart=52506609524, AnimationStart=52506616649, PerformTraversalsStart=52507099274, DrawStart=52507564774, FrameDeadline=52539251244, FrameInterval=52506598441, FrameStartTime=16666666, SyncQueued=52508067816, SyncStart=52508448066, IssueDrawCommandsStart=52510058441, SwapBuffers=52522725899, FrameCompleted=9223372036854775807, DequeueBufferDuration=60667, QueueBufferDuration=1299958, GpuCompleted=9223372036854775807, SwapBuffersCompleted=52524961316, DisplayPresentTime=0,
05-28 10:09:42.646 1077 1559 I OpenGLRenderer: Davey! duration=9223371984331ms; Flags=0, FrameTimelineVsyncId=1340, IntendedVsync=52522584578, Vsync=52522584578, InputEventId=0, HandleInputStart=52523194608, AnimationStart=52523200941, PerformTraversalsStart=52523917024, DrawStart=52526102191, FrameDeadline=52555917910, FrameInterval=52523185441, FrameStartTime=16666666, SyncQueued=52531073941, SyncStart=52531301733, IssueDrawCommandsStart=52533224358, SwapBuffers=52563768733, FrameCompleted=9223372036854775807, DequeueBufferDuration=48334, QueueBufferDuration=1441250, GpuCompleted=9223372036854775807, SwapBuffersCompleted=52566400649, DisplayPresentTime=0,
05-28 10:09:42.662 1077 1559 I OpenGLRenderer: Davey! duration=9223371984302ms; Flags=0, FrameTimelineVsyncId=1342, IntendedVsync=52539603569, Vsync=52539603569, InputEventId=0, HandleInputStart=52540794608, AnimationStart=52540805274, PerformTraversalsStart=52542848066, DrawStart=52547246941, FrameDeadline=52572936901, FrameInterval=52540773399, FrameStartTime=16666666, SyncQueued=52553918233, SyncStart=52566643691, IssueDrawCommandsStart=52568435941, SwapBuffers=52579548774, FrameCompleted=9223372036854775807, DequeueBufferDuration=40583, QueueBufferDuration=3268708, GpuCompleted=9223372036854775807, SwapBuffersCompleted=52584688524, DisplayPresentTime=0,
05-28 10:09:42.682 1077 1559 I OpenGLRenderer: Davey! duration=9223371984295ms; Flags=0, FrameTimelineVsyncId=1343, IntendedVsync=52556270235, Vsync=52556270235, InputEventId=0, HandleInputStart=52569050691, AnimationStart=52569055358, PerformTraversalsStart=52569860649, DrawStart=52572739358, FrameDeadline=52589603567, FrameInterval=52569041149, FrameStartTime=16666666, SyncQueued=52582139149, SyncStart=52584973858, IssueDrawCommandsStart=52586743899, SwapBuffers=52599484149, FrameCompleted=9223372036854775807, DequeueBufferDuration=48750, QueueBufferDuration=8037042, GpuCompleted=9223372036854775807, SwapBuffersCompleted=52608716233, DisplayPresentTime=0,
05-28 10:09:42.712 1077 1559 I OpenGLRenderer: Davey! duration=9223371984272ms; Flags=0, FrameTimelineVsyncId=1345, IntendedVsync=52572936901, Vsync=52572936901, InputEventId=0, HandleInputStart=52587276566, AnimationStart=52587280441, PerformTraversalsStart=52588365441, DrawStart=52598321441, FrameDeadline=52606270233, FrameInterval=52587266941, FrameStartTime=16666666, SyncQueued=52599777858, SyncStart=52609040108, IssueDrawCommandsStart=52610814858, SwapBuffers=52622497066, FrameCompleted=9223372036854775807, DequeueBufferDuration=52584, QueueBufferDuration=8427000, GpuCompleted=9223372036854775807, SwapBuffersCompleted=52632319733, DisplayPresentTime=0,
05-28 10:09:42.729 1077 1559 I OpenGLRenderer: Davey! duration=9223371984251ms; Flags=0, FrameTimelineVsyncId=1347, IntendedVsync=52589603567, Vsync=52606270233, InputEventId=0, HandleInputStart=52611323399, AnimationStart=52611327441, PerformTraversalsStart=52612301858, DrawStart=52618022774, FrameDeadline=52622936899, FrameInterval=52611310358, FrameStartTime=16666666, SyncQueued=52619430483, SyncStart=52632680483, IssueDrawCommandsStart=52634655483, SwapBuffers=52646856108, FrameCompleted=9223372036854775807, DequeueBufferDuration=67084, QueueBufferDuration=8259750, GpuCompleted=9223372036854775807, SwapBuffersCompleted=52656050691, DisplayPresentTime=0,
05-28 10:09:42.752 1077 1559 I OpenGLRenderer: Davey! duration=9223371984222ms; Flags=0, FrameTimelineVsyncId=1350, IntendedVsync=52623021849, Vsync=52623021849, InputEventId=0, HandleInputStart=52635205358, AnimationStart=52635210899, PerformTraversalsStart=52636259649, DrawStart=52639246941, FrameDeadline=52656355181, FrameInterval=52635194691, FrameStartTime=16666666, SyncQueued=52647582899, SyncStart=52656465316, IssueDrawCommandsStart=52659158733, SwapBuffers=52669631524, FrameCompleted=9223372036854775807, DequeueBufferDuration=60000, QueueBufferDuration=8956833, GpuCompleted=9223372036854775807, SwapBuffersCompleted=52679500983, DisplayPresentTime=0,
05-28 10:09:42.779 1077 1098 I OpenGLRenderer: Davey! duration=9223371984201ms; Flags=0, FrameTimelineVsyncId=1352, IntendedVsync=52639694653, Vsync=52656361319, InputEventId=0, HandleInputStart=52659688024, AnimationStart=52659693066, PerformTraversalsStart=52661475524, DrawStart=52664713941, FrameDeadline=52673027985, FrameInterval=52659674483, FrameStartTime=16666666, SyncQueued=52665927691, SyncStart=52679815774, IssueDrawCommandsStart=52681968066, SwapBuffers=52699556483, FrameCompleted=9223372036854775807, DequeueBufferDuration=59833, QueueBufferDuration=2635750, GpuCompleted=9223372036854775807, SwapBuffersCompleted=52703327191, DisplayPresentTime=0,
05-28 10:09:42.799 1077 1098 I OpenGLRenderer: Davey! duration=9223371984167ms; Flags=0, FrameTimelineVsyncId=1356, IntendedVsync=52672452857, Vsync=52672452857, InputEventId=0, HandleInputStart=52682511774, AnimationStart=52682518441, PerformTraversalsStart=52683484149, DrawStart=52687579274, FrameDeadline=52705786189, FrameInterval=52682503024, FrameStartTime=16666666, SyncQueued=52689283191, SyncStart=52703647816, IssueDrawCommandsStart=52705825441, SwapBuffers=52716185108, FrameCompleted=9223372036854775807, DequeueBufferDuration=65375, QueueBufferDuration=9816375, GpuCompleted=9223372036854775807, SwapBuffersCompleted=52726943774, DisplayPresentTime=0,
05-28 10:09:42.827 1077 1098 I OpenGLRenderer: Davey! duration=9223371984150ms; Flags=0, FrameTimelineVsyncId=1357, IntendedVsync=52689086840, Vsync=52705753506, InputEventId=0, HandleInputStart=52706394858, AnimationStart=52706401066, PerformTraversalsStart=52708199691, DrawStart=52711189649, FrameDeadline=52722420172, FrameInterval=52706381316, FrameStartTime=16666666, SyncQueued=52712580983, SyncStart=52727280983, IssueDrawCommandsStart=52729575774, SwapBuffers=52738673399, FrameCompleted=9223372036854775807, DequeueBufferDuration=69458, QueueBufferDuration=10525167, GpuCompleted=9223372036854775807, SwapBuffersCompleted=52750469899, DisplayPresentTime=0,
05-28 10:09:42.913 1077 1559 I OpenGLRenderer: Davey! duration=9223371984117ms; Flags=0, FrameTimelineVsyncId=1361, IntendedVsync=52722348489, Vsync=52722348489, InputEventId=0, HandleInputStart=52730092066, AnimationStart=52730097358, PerformTraversalsStart=52731783774, DrawStart=52734981649, FrameDeadline=52755681821, FrameInterval=52730082024, FrameStartTime=16666666, SyncQueued=52736239274, SyncStart=52750757191, IssueDrawCommandsStart=52752998149, SwapBuffers=52832204274, FrameCompleted=9223372036854775807, DequeueBufferDuration=59125, QueueBufferDuration=1140542, GpuCompleted=9223372036854775807, SwapBuffersCompleted=52834298941, DisplayPresentTime=0,
05-28 10:09:42.926 1077 1559 I OpenGLRenderer: Davey! duration=9223371984039ms; Flags=0, FrameTimelineVsyncId=1362, IntendedVsync=52739033432, Vsync=52739033432, InputEventId=0, HandleInputStart=52753507816, AnimationStart=52753513441, PerformTraversalsStart=52755166983, DrawStart=52757781108, FrameDeadline=52772366764, FrameInterval=52753499274, FrameStartTime=16666666, SyncQueued=52758889858, SyncStart=52834963649, IssueDrawCommandsStart=52836602108, SwapBuffers=52847032066, FrameCompleted=9223372036854775807, DequeueBufferDuration=39667, QueueBufferDuration=959167, GpuCompleted=9223372036854775807, SwapBuffersCompleted=52853465566, DisplayPresentTime=0,
05-28 10:09:42.960 1077 1559 I OpenGLRenderer: Davey! duration=9223371984091ms; Flags=0, FrameTimelineVsyncId=1364, IntendedVsync=52755657348, Vsync=52822324012, InputEventId=0, HandleInputStart=52837023274, AnimationStart=52837026399, PerformTraversalsStart=52838117691, DrawStart=52842512858, FrameDeadline=52788990680, FrameInterval=52837013608, FrameStartTime=16666666, SyncQueued=52846123858, SyncStart=52853659066, IssueDrawCommandsStart=52855112941, SwapBuffers=52873582274, FrameCompleted=9223372036854775807, DequeueBufferDuration=44750, QueueBufferDuration=955791, GpuCompleted=9223372036854775807, SwapBuffersCompleted=52875342524, DisplayPresentTime=0,
05-28 10:09:42.977 1077 1559 I OpenGLRenderer: Davey! duration=9223371983980ms; Flags=0, FrameTimelineVsyncId=1368, IntendedVsync=52855623461, Vsync=52855623461, InputEventId=0, HandleInputStart=52856067358, AnimationStart=52856071316, PerformTraversalsStart=52856075733, DrawStart=52856190358, FrameDeadline=52888956793, FrameInterval=52856056649, FrameStartTime=16666666, SyncQueued=52856877858, SyncStart=52875506858, IssueDrawCommandsStart=52876479524, SwapBuffers=52881377274, FrameCompleted=9223372036854775807, DequeueBufferDuration=32250, QueueBufferDuration=11307292, GpuCompleted=9223372036854775807, SwapBuffersCompleted=52893664608, DisplayPresentTime=0,
05-28 10:09:43.166 1077 1527 D hq : NetWorkStateReceiver:::检查网络,并且持续更新 isConnect=false
05-28 10:09:43.474 476 520 W IorapForwardingService: No service published for: iorapd
05-28 10:09:43.820 663 849 I bt_btif_dm: system/bt/btif/src/btif_dm.cc:548 btif_update_remote_properties: cod from storage is also unclassified
05-28 10:09:44.477 476 520 W IorapForwardingService: No service published for: iorapd
05-28 10:09:44.874 1077 2576 W System.err: java.net.UnknownHostException: Unable to resolve host "zmimg.dangbei.net": No address associated with hostname
05-28 10:09:44.875 1077 2576 W System.err: at java.net.Inet6AddressImpl.lookupHostByName(Inet6AddressImpl.java:156)
05-28 10:09:44.875 1077 2576 W System.err: at java.net.Inet6AddressImpl.lookupAllHostAddr(Inet6AddressImpl.java:103)
05-28 10:09:44.875 1077 2576 W System.err: at java.net.InetAddress.getAllByName(InetAddress.java:1152)
05-28 10:09:44.875 1077 2576 W System.err: at okhttp3.Dns$Companion$DnsSystem.lookup(SourceFile:6)
05-28 10:09:44.875 1077 2576 W System.err: at okhttp3.internal.connection.RouteSelector.resetNextInetSocketAddress(SourceFile:153)
05-28 10:09:44.875 1077 2576 W System.err: at okhttp3.internal.connection.RouteSelector.nextProxy(SourceFile:21)
05-28 10:09:44.875 1077 2576 W System.err: at okhttp3.internal.connection.RouteSelector.next(SourceFile:18)
05-28 10:09:44.875 1077 2576 W System.err: at okhttp3.internal.connection.ExchangeFinder.findConnection(SourceFile:197)
05-28 10:09:44.875 1077 2576 W System.err: at okhttp3.internal.connection.ExchangeFinder.findHealthyConnection(SourceFile:1)
05-28 10:09:44.875 1077 2576 W System.err: at okhttp3.internal.connection.ExchangeFinder.find(SourceFile:52)
05-28 10:09:44.875 1077 2576 W System.err: at okhttp3.internal.connection.RealCall.initExchange$okhttp(SourceFile:32)
05-28 10:09:44.875 1077 2576 W System.err: at okhttp3.internal.connection.ConnectInterceptor.intercept(SourceFile:12)
05-28 10:09:44.875 1077 2576 W System.err: at okhttp3.internal.http.RealInterceptorChain.proceed(SourceFile:155)
05-28 10:09:44.875 1077 2576 W System.err: at okhttp3.internal.cache.CacheInterceptor.intercept(SourceFile:190)
05-28 10:09:44.875 1077 2576 W System.err: at okhttp3.internal.http.RealInterceptorChain.proceed(SourceFile:155)
05-28 10:09:44.875 1077 2576 W System.err: at okhttp3.internal.http.BridgeInterceptor.intercept(SourceFile:168)
05-28 10:09:44.875 1077 2576 W System.err: at okhttp3.internal.http.RealInterceptorChain.proceed(SourceFile:155)
05-28 10:09:44.875 1077 2576 W System.err: at okhttp3.internal.http.RetryAndFollowUpInterceptor.intercept(SourceFile:35)
05-28 10:09:44.875 1077 2576 W System.err: at okhttp3.internal.http.RealInterceptorChain.proceed(SourceFile:155)
05-28 10:09:44.875 1077 2576 W System.err: at okhttp3.internal.connection.RealCall.getResponseWithInterceptorChain$okhttp(SourceFile:114)
05-28 10:09:44.875 1077 2576 W System.err: at okhttp3.internal.connection.RealCall.execute(SourceFile:28)
05-28 10:09:44.875 1077 2576 W System.err: at v5.a.a(SourceFile:54)
05-28 10:09:44.876 1077 2576 W System.err: at v5.e$a.doInBackground(SourceFile:39)
05-28 10:09:44.876 1077 2576 W System.err: at com.blankj.utilcode.util.ThreadUtils$f.run(SourceFile:83)
05-28 10:09:44.876 1077 2576 W System.err: at java.util.concurrent.ThreadPoolExecutor.runWorker(ThreadPoolExecutor.java:1167)
05-28 10:09:44.876 1077 2576 W System.err: at java.util.concurrent.ThreadPoolExecutor$Worker.run(ThreadPoolExecutor.java:641)
05-28 10:09:44.876 1077 2576 W System.err: at java.lang.Thread.run(Thread.java:920)
05-28 10:09:44.876 1077 2576 W System.err: at com.blankj.utilcode.util.ThreadUtils$UtilsThreadFactory$a.run(SourceFile:1)
05-28 10:09:44.876 1077 2576 W System.err: Caused by: android.system.GaiException: android_getaddrinfo failed: EAI_NODATA (No address associated with hostname)
05-28 10:09:44.876 1077 2576 W System.err: at libcore.io.Linux.android_getaddrinfo(Native Method)
05-28 10:09:44.876 1077 2576 W System.err: at libcore.io.ForwardingOs.android_getaddrinfo(ForwardingOs.java:136)
05-28 10:09:44.876 1077 2576 W System.err: at libcore.io.BlockGuardOs.android_getaddrinfo(BlockGuardOs.java:221)
05-28 10:09:44.876 1077 2576 W System.err: at libcore.io.ForwardingOs.android_getaddrinfo(ForwardingOs.java:136)
05-28 10:09:44.876 1077 2576 W System.err: at java.net.Inet6AddressImpl.lookupHostByName(Inet6AddressImpl.java:135)
05-28 10:09:44.876 1077 2576 W System.err: ... 27 more
05-28 10:09:44.913 1077 1559 I OpenGLRenderer: Davey! duration=9223371982048ms; Flags=0, FrameTimelineVsyncId=1373, IntendedVsync=54805908615, Vsync=54805908615, InputEventId=0, HandleInputStart=54806441609, AnimationStart=54806448359, PerformTraversalsStart=54807544067, DrawStart=54810353234, FrameDeadline=54839241947, FrameInterval=54806429817, FrameStartTime=16666666, SyncQueued=54811001525, SyncStart=54811201067, IssueDrawCommandsStart=54812177359, SwapBuffers=54829442234, FrameCompleted=9223372036854775807, DequeueBufferDuration=49084, QueueBufferDuration=1766417, GpuCompleted=9223372036854775807, SwapBuffersCompleted=54832639859, DisplayPresentTime=0,
05-28 10:09:44.929 1077 1559 I OpenGLRenderer: Davey! duration=9223371982024ms; Flags=0, FrameTimelineVsyncId=1374, IntendedVsync=54822575281, Vsync=54822575281, InputEventId=0, HandleInputStart=54823200275, AnimationStart=54823207192, PerformTraversalsStart=54824346150, DrawStart=54825473692, FrameDeadline=54855908613, FrameInterval=54823188859, FrameStartTime=16666666, SyncQueued=54826002734, SyncStart=54833428692, IssueDrawCommandsStart=54834443692, SwapBuffers=54842566234, FrameCompleted=9223372036854775807, DequeueBufferDuration=38042, QueueBufferDuration=3962708, GpuCompleted=9223372036854775807, SwapBuffersCompleted=54847471734, DisplayPresentTime=0,
05-28 10:09:44.961 1077 1559 I OpenGLRenderer: Davey! duration=9223371982010ms; Flags=0, FrameTimelineVsyncId=1376, IntendedVsync=54839661171, Vsync=54839661171, InputEventId=0, HandleInputStart=54840469859, AnimationStart=54840477400, PerformTraversalsStart=54842309400, DrawStart=54842815317, FrameDeadline=54872994503, FrameInterval=54840458692, FrameStartTime=16666666, SyncQueued=54843285650, SyncStart=54848251900, IssueDrawCommandsStart=54849849817, SwapBuffers=54872922567, FrameCompleted=9223372036854775807, DequeueBufferDuration=44834, QueueBufferDuration=1001083, GpuCompleted=9223372036854775807, SwapBuffersCompleted=54874853317, DisplayPresentTime=0,
05-28 10:09:44.978 1077 1559 I OpenGLRenderer: Davey! duration=9223371981982ms; Flags=0, FrameTimelineVsyncId=1378, IntendedVsync=54856327837, Vsync=54856327837, InputEventId=0, HandleInputStart=54856894942, AnimationStart=54856900109, PerformTraversalsStart=54857886984, DrawStart=54858242234, FrameDeadline=54889661169, FrameInterval=54856884442, FrameStartTime=16666666, SyncQueued=54858595234, SyncStart=54875013692, IssueDrawCommandsStart=54875995692, SwapBuffers=54881150525, FrameCompleted=9223372036854775807, DequeueBufferDuration=31875, QueueBufferDuration=12529875, GpuCompleted=9223372036854775807, SwapBuffersCompleted=54894515400, DisplayPresentTime=0,
05-28 10:09:44.995 1077 1559 I OpenGLRenderer: Davey! duration=9223371981965ms; Flags=0, FrameTimelineVsyncId=1379, IntendedVsync=54872994503, Vsync=54872994503, InputEventId=0, HandleInputStart=54876330234, AnimationStart=54876332567, PerformTraversalsStart=54877147609, DrawStart=54878117609, FrameDeadline=54906327835, FrameInterval=54876324192, FrameStartTime=16666666, SyncQueued=54878499609, SyncStart=54894773442, IssueDrawCommandsStart=54896293484, SwapBuffers=54919853192, FrameCompleted=9223372036854775807, DequeueBufferDuration=46709, QueueBufferDuration=1380000, GpuCompleted=9223372036854775807, SwapBuffersCompleted=54922805525, DisplayPresentTime=0,
05-28 10:09:45.011 1077 1098 I OpenGLRenderer: Davey! duration=9223371981940ms; Flags=0, FrameTimelineVsyncId=1381, IntendedVsync=54889661169, Vsync=54889661169, InputEventId=0, HandleInputStart=54896681692, AnimationStart=54896684900, PerformTraversalsStart=54897807900, DrawStart=54898245442, FrameDeadline=54922994501, FrameInterval=54896673025, FrameStartTime=16666666, SyncQueued=54898685650, SyncStart=54923018275, IssueDrawCommandsStart=54924269109, SwapBuffers=54933460650, FrameCompleted=9223372036854775807, DequeueBufferDuration=44125, QueueBufferDuration=6679209, GpuCompleted=9223372036854775807, SwapBuffersCompleted=54940983942, DisplayPresentTime=0,
05-28 10:09:45.029 1077 1559 I OpenGLRenderer: Davey! duration=9223371981938ms; Flags=0, FrameTimelineVsyncId=1383, IntendedVsync=54906313512, Vsync=54922980178, InputEventId=0, HandleInputStart=54925114192, AnimationStart=54925119942, PerformTraversalsStart=54926232442, DrawStart=54930205817, FrameDeadline=54939646844, FrameInterval=54925101234, FrameStartTime=16666666, SyncQueued=54931015192, SyncStart=54941230942, IssueDrawCommandsStart=54942958400, SwapBuffers=54951668525, FrameCompleted=9223372036854775807, DequeueBufferDuration=54292, QueueBufferDuration=1518625, GpuCompleted=9223372036854775807, SwapBuffersCompleted=54954156275, DisplayPresentTime=0,
05-28 10:09:45.047 1077 1559 I OpenGLRenderer: Davey! duration=9223371981908ms; Flags=0, FrameTimelineVsyncId=1387, IntendedVsync=54939280345, Vsync=54939280345, InputEventId=0, HandleInputStart=54943483317, AnimationStart=54943486525, PerformTraversalsStart=54945185192, DrawStart=54946478609, FrameDeadline=54972613677, FrameInterval=54943474025, FrameStartTime=16666666, SyncQueued=54946954150, SyncStart=54954385734, IssueDrawCommandsStart=54956525234, SwapBuffers=54965945359, FrameCompleted=9223372036854775807, DequeueBufferDuration=60583, QueueBufferDuration=1101125, GpuCompleted=9223372036854775807, SwapBuffersCompleted=54967660900, DisplayPresentTime=0,
05-28 10:09:45.063 1077 1559 I OpenGLRenderer: Davey! duration=9223371981894ms; Flags=0, FrameTimelineVsyncId=1389, IntendedVsync=54955802965, Vsync=54955802965, InputEventId=0, HandleInputStart=54957116025, AnimationStart=54957121692, PerformTraversalsStart=54959106984, DrawStart=54962721650, FrameDeadline=54989136297, FrameInterval=54957101942, FrameStartTime=16666666, SyncQueued=54963471359, SyncStart=54967819984, IssueDrawCommandsStart=54969066692, SwapBuffers=54981476067, FrameCompleted=9223372036854775807, DequeueBufferDuration=34000, QueueBufferDuration=896250, GpuCompleted=9223372036854775807, SwapBuffersCompleted=54983224525, DisplayPresentTime=0,
05-28 10:09:45.079 1077 1559 I OpenGLRenderer: Davey! duration=9223371981880ms; Flags=0, FrameTimelineVsyncId=1391, IntendedVsync=54972412975, Vsync=54972412975, InputEventId=0, HandleInputStart=54973544775, AnimationStart=54973555859, PerformTraversalsStart=54976516150, DrawStart=54979371442, FrameDeadline=55005746307, FrameInterval=54973525900, FrameStartTime=16666666, SyncQueued=54981325359, SyncStart=54983381234, IssueDrawCommandsStart=54984546067, SwapBuffers=54994392275, FrameCompleted=9223372036854775807, DequeueBufferDuration=32542, QueueBufferDuration=1613833, GpuCompleted=9223372036854775807, SwapBuffersCompleted=54997442317, DisplayPresentTime=0,
05-28 10:09:45.168 1077 1527 D hq : NetWorkStateReceiver:::检查网络,并且持续更新 isConnect=false
05-28 10:09:45.212 1077 1559 I OpenGLRenderer: Davey! duration=9223371981748ms; Flags=0, FrameTimelineVsyncId=1407, IntendedVsync=55105696522, Vsync=55105696522, InputEventId=0, HandleInputStart=55106592901, AnimationStart=55106599192, PerformTraversalsStart=55108430442, DrawStart=55109724692, FrameDeadline=55139029854, FrameInterval=55106576901, FrameStartTime=16666666, SyncQueued=55110832151, SyncStart=55110978151, IssueDrawCommandsStart=55111981692, SwapBuffers=55117864151, FrameCompleted=9223372036854775807, DequeueBufferDuration=37959, QueueBufferDuration=1314041, GpuCompleted=9223372036854775807, SwapBuffersCompleted=55120156026, DisplayPresentTime=0,
05-28 10:09:45.296 1077 1559 I OpenGLRenderer: Davey! duration=9223371981665ms; Flags=0, FrameTimelineVsyncId=1417, IntendedVsync=55189073426, Vsync=55189073426, InputEventId=0, HandleInputStart=55190109817, AnimationStart=55190116234, PerformTraversalsStart=55191391401, DrawStart=55193397651, FrameDeadline=55222406758, FrameInterval=55190094692, FrameStartTime=16666666, SyncQueued=55193967692, SyncStart=55194097901, IssueDrawCommandsStart=55195143109, SwapBuffers=55201071359, FrameCompleted=9223372036854775807, DequeueBufferDuration=32667, QueueBufferDuration=1373708, GpuCompleted=9223372036854775807, SwapBuffersCompleted=55203345984, DisplayPresentTime=0,
05-28 10:09:45.313 1077 1559 I OpenGLRenderer: Davey! duration=9223371981648ms; Flags=0, FrameTimelineVsyncId=1419, IntendedVsync=55205767446, Vsync=55205767446, InputEventId=0, HandleInputStart=55206338776, AnimationStart=55206345067, PerformTraversalsStart=55207339734, DrawStart=55209147026, FrameDeadline=55239100778, FrameInterval=55206327234, FrameStartTime=16666666, SyncQueued=55209920484, SyncStart=55210226317, IssueDrawCommandsStart=55211621609, SwapBuffers=55227681234, FrameCompleted=9223372036854775807, DequeueBufferDuration=5140625, QueueBufferDuration=1800791, GpuCompleted=9223372036854775807, SwapBuffersCompleted=55230610651, DisplayPresentTime=0,
05-28 10:09:45.327 1077 1559 I OpenGLRenderer: Davey! duration=9223371981631ms; Flags=0, FrameTimelineVsyncId=1421, IntendedVsync=55222471314, Vsync=55222471314, InputEventId=0, HandleInputStart=55223869317, AnimationStart=55223876942, PerformTraversalsStart=55226543526, DrawStart=55229107151, FrameDeadline=55255804646, FrameInterval=55223849192, FrameStartTime=16666666, SyncQueued=55229976609, SyncStart=55231142776, IssueDrawCommandsStart=55232665442, SwapBuffers=55239441651, FrameCompleted=9223372036854775807, DequeueBufferDuration=60583, QueueBufferDuration=4032083, GpuCompleted=9223372036854775807, SwapBuffersCompleted=55245194109, DisplayPresentTime=0,
05-28 10:09:45.396 1077 1559 I OpenGLRenderer: Davey! duration=9223371981565ms; Flags=0, FrameTimelineVsyncId=1429, IntendedVsync=55289240521, Vsync=55289240521, InputEventId=0, HandleInputStart=55290062067, AnimationStart=55290067276, PerformTraversalsStart=55291307151, DrawStart=55293266859, FrameDeadline=55322573853, FrameInterval=55290048776, FrameStartTime=16666666, SyncQueued=55293829442, SyncStart=55293960526, IssueDrawCommandsStart=55294964442, SwapBuffers=55300558484, FrameCompleted=9223372036854775807, DequeueBufferDuration=31250, QueueBufferDuration=1720333, GpuCompleted=9223372036854775807, SwapBuffersCompleted=55302802234, DisplayPresentTime=0,
05-28 10:09:45.411 1077 1559 I OpenGLRenderer: Davey! duration=9223371981548ms; Flags=0, FrameTimelineVsyncId=1431, IntendedVsync=55305907114, Vsync=55305907114, InputEventId=0, HandleInputStart=55306522026, AnimationStart=55306528192, PerformTraversalsStart=55307549692, DrawStart=55309262026, FrameDeadline=55339240446, FrameInterval=55306510734, FrameStartTime=16666666, SyncQueued=55309993859, SyncStart=55310201651, IssueDrawCommandsStart=55311559401, SwapBuffers=55332312776, FrameCompleted=9223372036854775807, DequeueBufferDuration=9099959, QueueBufferDuration=1321625, GpuCompleted=9223372036854775807, SwapBuffersCompleted=55334681734, DisplayPresentTime=0,
05-28 10:09:45.427 1077 1559 I OpenGLRenderer: Davey! duration=9223371981526ms; Flags=0, FrameTimelineVsyncId=1433, IntendedVsync=55322574974, Vsync=55322574974, InputEventId=0, HandleInputStart=55323369734, AnimationStart=55323375817, PerformTraversalsStart=55325838526, DrawStart=55327772442, FrameDeadline=55355908306, FrameInterval=55323355234, FrameStartTime=16666666, SyncQueued=55328792776, SyncStart=55334926817, IssueDrawCommandsStart=55336548692, SwapBuffers=55346192817, FrameCompleted=9223372036854775807, DequeueBufferDuration=60542, QueueBufferDuration=1330250, GpuCompleted=9223372036854775807, SwapBuffersCompleted=55348637817, DisplayPresentTime=0,
05-28 10:09:45.443 1077 1559 I OpenGLRenderer: Davey! duration=9223371981510ms; Flags=0, FrameTimelineVsyncId=1435, IntendedVsync=55339241631, Vsync=55339241631, InputEventId=0, HandleInputStart=55340095526, AnimationStart=55340103317, PerformTraversalsStart=55341437359, DrawStart=55343475901, FrameDeadline=55372574963, FrameInterval=55340078276, FrameStartTime=16666666, SyncQueued=55344238942, SyncStart=55348853276, IssueDrawCommandsStart=55350323442, SwapBuffers=55361089026, FrameCompleted=9223372036854775807, DequeueBufferDuration=40333, QueueBufferDuration=760542, GpuCompleted=9223372036854775807, SwapBuffersCompleted=55362785817, DisplayPresentTime=0,
05-28 10:09:45.478 476 520 W IorapForwardingService: No service published for: iorapd
05-28 10:09:45.510 1077 1559 I OpenGLRenderer: Davey! duration=9223371981448ms; Flags=0, FrameTimelineVsyncId=1443, IntendedVsync=55405909058, Vsync=55405909058, InputEventId=0, HandleInputStart=55406895359, AnimationStart=55406901526, PerformTraversalsStart=55408667192, DrawStart=55409949026, FrameDeadline=55439242390, FrameInterval=55406880526, FrameStartTime=16666666, SyncQueued=55411063276, SyncStart=55411205442, IssueDrawCommandsStart=55412285401, SwapBuffers=55427368817, FrameCompleted=9223372036854775807, DequeueBufferDuration=43333, QueueBufferDuration=1243625, GpuCompleted=9223372036854775807, SwapBuffersCompleted=55429308567, DisplayPresentTime=0,
05-28 10:09:45.630 1077 1559 I OpenGLRenderer: Davey! duration=9223371981332ms; Flags=0, FrameTimelineVsyncId=1457, IntendedVsync=55522573266, Vsync=55522573266, InputEventId=0, HandleInputStart=55523645151, AnimationStart=55523653317, PerformTraversalsStart=55526341609, DrawStart=55528666984, FrameDeadline=55555906598, FrameInterval=55523626109, FrameStartTime=16666666, SyncQueued=55529749401, SyncStart=55529886317, IssueDrawCommandsStart=55531161984, SwapBuffers=55541336109, FrameCompleted=9223372036854775807, DequeueBufferDuration=45291, QueueBufferDuration=1625916, GpuCompleted=9223372036854775807, SwapBuffersCompleted=55550424276, DisplayPresentTime=0,
05-28 10:09:45.645 1077 1559 I OpenGLRenderer: Davey! duration=9223371981309ms; Flags=0, FrameTimelineVsyncId=1459, IntendedVsync=55539240231, Vsync=55539240231, InputEventId=0, HandleInputStart=55539937359, AnimationStart=55539944192, PerformTraversalsStart=55541676359, DrawStart=55543641692, FrameDeadline=55572573563, FrameInterval=55539925317, FrameStartTime=16666666, SyncQueued=55544485942, SyncStart=55550675026, IssueDrawCommandsStart=55552795859, SwapBuffers=55565231067, FrameCompleted=9223372036854775807, DequeueBufferDuration=411666, QueueBufferDuration=830625, GpuCompleted=9223372036854775807, SwapBuffersCompleted=55569473067, DisplayPresentTime=0,
05-28 10:09:45.660 1077 1559 I OpenGLRenderer: Davey! duration=9223371981292ms; Flags=0, FrameTimelineVsyncId=1461, IntendedVsync=55555907952, Vsync=55555907952, InputEventId=0, HandleInputStart=55557198067, AnimationStart=55557205859, PerformTraversalsStart=55559281984, DrawStart=55561389776, FrameDeadline=55589241284, FrameInterval=55557179734, FrameStartTime=16666666, SyncQueued=55563425984, SyncStart=55569617442, IssueDrawCommandsStart=55570644359, SwapBuffers=55579438859, FrameCompleted=9223372036854775807, DequeueBufferDuration=26791, QueueBufferDuration=2359167, GpuCompleted=9223372036854775807, SwapBuffersCompleted=55582985734, DisplayPresentTime=0,
05-28 10:09:45.676 1077 1559 I OpenGLRenderer: Davey! duration=9223371981277ms; Flags=0, FrameTimelineVsyncId=1463, IntendedVsync=55572577145, Vsync=55572577145, InputEventId=0, HandleInputStart=55573364692, AnimationStart=55573369817, PerformTraversalsStart=55575082651, DrawStart=55576589192, FrameDeadline=55605910477, FrameInterval=55573349817, FrameStartTime=16666666, SyncQueued=55578735359, SyncStart=55583220734, IssueDrawCommandsStart=55584795859, SwapBuffers=55594616109, FrameCompleted=9223372036854775807, DequeueBufferDuration=40334, QueueBufferDuration=1901625, GpuCompleted=9223372036854775807, SwapBuffersCompleted=55597151484, DisplayPresentTime=0,
05-28 10:09:45.695 1077 1559 I OpenGLRenderer: Davey! duration=9223371981262ms; Flags=0, FrameTimelineVsyncId=1465, IntendedVsync=55589244349, Vsync=55589244349, InputEventId=0, HandleInputStart=55590070734, AnimationStart=55590077109, PerformTraversalsStart=55591359859, DrawStart=55593600942, FrameDeadline=55622577681, FrameInterval=55590056526, FrameStartTime=16666666, SyncQueued=55594206276, SyncStart=55597309651, IssueDrawCommandsStart=55598299984, SwapBuffers=55603806234, FrameCompleted=9223372036854775807, DequeueBufferDuration=25291, QueueBufferDuration=7155417, GpuCompleted=9223372036854775807, SwapBuffersCompleted=55611490317, DisplayPresentTime=0,
05-28 10:09:45.762 1077 1559 I OpenGLRenderer: Davey! duration=9223371981198ms; Flags=0, FrameTimelineVsyncId=1473, IntendedVsync=55655908885, Vsync=55655908885, InputEventId=0, HandleInputStart=55657032401, AnimationStart=55657040942, PerformTraversalsStart=55658925942, DrawStart=55660386192, FrameDeadline=55689242217, FrameInterval=55657016234, FrameStartTime=16666666, SyncQueued=55660951901, SyncStart=55661086901, IssueDrawCommandsStart=55662147651, SwapBuffers=55671557401, FrameCompleted=9223372036854775807, DequeueBufferDuration=101459, QueueBufferDuration=1279333, GpuCompleted=9223372036854775807, SwapBuffersCompleted=55679978317, DisplayPresentTime=0,
05-28 10:09:45.794 1077 1559 I OpenGLRenderer: Davey! duration=9223371981165ms; Flags=0, FrameTimelineVsyncId=1477, IntendedVsync=55689242529, Vsync=55689242529, InputEventId=0, HandleInputStart=55690004442, AnimationStart=55690009692, PerformTraversalsStart=55691896859, DrawStart=55695021526, FrameDeadline=55722575861, FrameInterval=55689991026, FrameStartTime=16666666, SyncQueued=55695928442, SyncStart=55696216526, IssueDrawCommandsStart=55697722776, SwapBuffers=55708715276, FrameCompleted=9223372036854775807, DequeueBufferDuration=54583, QueueBufferDuration=1426625, GpuCompleted=9223372036854775807, SwapBuffersCompleted=55711166484, DisplayPresentTime=0,
05-28 10:09:45.827 1077 1559 I OpenGLRenderer: Davey! duration=9223371981132ms; Flags=0, FrameTimelineVsyncId=1481, IntendedVsync=55722576860, Vsync=55722576860, InputEventId=0, HandleInputStart=55723446901, AnimationStart=55723453442, PerformTraversalsStart=55725616234, DrawStart=55727559567, FrameDeadline=55755910192, FrameInterval=55723430151, FrameStartTime=16666666, SyncQueued=55728257276, SyncStart=55728380776, IssueDrawCommandsStart=55729405526, SwapBuffers=55737194442, FrameCompleted=9223372036854775807, DequeueBufferDuration=34541, QueueBufferDuration=1475625, GpuCompleted=9223372036854775807, SwapBuffersCompleted=55746492609, DisplayPresentTime=0,
05-28 10:09:45.929 1077 1559 I OpenGLRenderer: Davey! duration=9223371981032ms; Flags=0, FrameTimelineVsyncId=1493, IntendedVsync=55822573221, Vsync=55822573221, InputEventId=0, HandleInputStart=55823500609, AnimationStart=55823506318, PerformTraversalsStart=55825224901, DrawStart=55826485401, FrameDeadline=55855906553, FrameInterval=55823482859, FrameStartTime=16666666, SyncQueued=55827553109, SyncStart=55827689859, IssueDrawCommandsStart=55828747984, SwapBuffers=55836597276, FrameCompleted=9223372036854775807, DequeueBufferDuration=35084, QueueBufferDuration=1665292, GpuCompleted=9223372036854775807, SwapBuffersCompleted=55846776193, DisplayPresentTime=0,
05-28 10:09:45.978 1077 1559 I OpenGLRenderer: Davey! duration=9223371980982ms; Flags=0, FrameTimelineVsyncId=1499, IntendedVsync=55872573366, Vsync=55872573366, InputEventId=0, HandleInputStart=55873346984, AnimationStart=55873351568, PerformTraversalsStart=55874571859, DrawStart=55876676734, FrameDeadline=55905906698, FrameInterval=55873333859, FrameStartTime=16666666, SyncQueued=55877266318, SyncStart=55877406943, IssueDrawCommandsStart=55878430318, SwapBuffers=55888974943, FrameCompleted=9223372036854775807, DequeueBufferDuration=32666, QueueBufferDuration=1200958, GpuCompleted=9223372036854775807, SwapBuffersCompleted=55895385193, DisplayPresentTime=0,
05-28 10:09:46.078 1077 1559 I OpenGLRenderer: Davey! duration=9223371980882ms; Flags=0, FrameTimelineVsyncId=1511, IntendedVsync=55972572979, Vsync=55972572979, InputEventId=0, HandleInputStart=55973433484, AnimationStart=55973440526, PerformTraversalsStart=55974981859, DrawStart=55976916984, FrameDeadline=56005906311, FrameInterval=55973416984, FrameStartTime=16666666, SyncQueued=55977631818, SyncStart=55977811901, IssueDrawCommandsStart=55978880609, SwapBuffers=55984335776, FrameCompleted=9223372036854775807, DequeueBufferDuration=29833, QueueBufferDuration=1807791, GpuCompleted=9223372036854775807, SwapBuffersCompleted=55986761318, DisplayPresentTime=0,
05-28 10:09:46.094 1077 1559 I OpenGLRenderer: Davey! duration=9223371980865ms; Flags=0, FrameTimelineVsyncId=1513, IntendedVsync=55989240131, Vsync=55989240131, InputEventId=0, HandleInputStart=55989863026, AnimationStart=55989870068, PerformTraversalsStart=55990873984, DrawStart=55992567276, FrameDeadline=56022573463, FrameInterval=55989851818, FrameStartTime=16666666, SyncQueued=55993298818, SyncStart=55993507734, IssueDrawCommandsStart=55994850234, SwapBuffers=56017265401, FrameCompleted=9223372036854775807, DequeueBufferDuration=9958417, QueueBufferDuration=1563875, GpuCompleted=9223372036854775807, SwapBuffersCompleted=56019948484, DisplayPresentTime=0,
05-28 10:09:46.111 1077 1559 I OpenGLRenderer: Davey! duration=9223371980840ms; Flags=0, FrameTimelineVsyncId=1515, IntendedVsync=56005907227, Vsync=56005907227, InputEventId=0, HandleInputStart=56006688526, AnimationStart=56006695734, PerformTraversalsStart=56008130068, DrawStart=56010923526, FrameDeadline=56039240559, FrameInterval=56006672943, FrameStartTime=16666666, SyncQueued=56011838401, SyncStart=56020228984, IssueDrawCommandsStart=56021343568, SwapBuffers=56031313693, FrameCompleted=9223372036854775807, DequeueBufferDuration=35542, QueueBufferDuration=1514500, GpuCompleted=9223372036854775807, SwapBuffersCompleted=56033831818, DisplayPresentTime=0,
05-28 10:09:46.128 1077 1098 I OpenGLRenderer: Davey! duration=9223371980825ms; Flags=0, FrameTimelineVsyncId=1517, IntendedVsync=56022573827, Vsync=56022573827, InputEventId=0, HandleInputStart=56023442526, AnimationStart=56023447568, PerformTraversalsStart=56024823276, DrawStart=56027250151, FrameDeadline=56055907159, FrameInterval=56023427026, FrameStartTime=16666666, SyncQueued=56027868318, SyncStart=56034084026, IssueDrawCommandsStart=56035632818, SwapBuffers=56046120901, FrameCompleted=9223372036854775807, DequeueBufferDuration=45459, QueueBufferDuration=1916583, GpuCompleted=9223372036854775807, SwapBuffersCompleted=56048861776, DisplayPresentTime=0,
05-28 10:09:46.144 1077 1098 I OpenGLRenderer: Davey! duration=9223371980811ms; Flags=0, FrameTimelineVsyncId=1519, IntendedVsync=56039240625, Vsync=56039240625, InputEventId=0, HandleInputStart=56040342443, AnimationStart=56040347651, PerformTraversalsStart=56041835234, DrawStart=56044533484, FrameDeadline=56072573957, FrameInterval=56040328276, FrameStartTime=16666666, SyncQueued=56045236818, SyncStart=56049038318, IssueDrawCommandsStart=56050485318, SwapBuffers=56062039568, FrameCompleted=9223372036854775807, DequeueBufferDuration=51917, QueueBufferDuration=1028250, GpuCompleted=9223372036854775807, SwapBuffersCompleted=56063936734, DisplayPresentTime=0,
05-28 10:09:46.160 1077 1098 I OpenGLRenderer: Davey! duration=9223371980796ms; Flags=0, FrameTimelineVsyncId=1521, IntendedVsync=56055909414, Vsync=56055909414, InputEventId=0, HandleInputStart=56057029734, AnimationStart=56057038859, PerformTraversalsStart=56059135526, DrawStart=56061615068, FrameDeadline=56089242746, FrameInterval=56057011943, FrameStartTime=16666666, SyncQueued=56062316568, SyncStart=56064194026, IssueDrawCommandsStart=56065249318, SwapBuffers=56071336776, FrameCompleted=9223372036854775807, DequeueBufferDuration=32833, QueueBufferDuration=7024584, GpuCompleted=9223372036854775807, SwapBuffersCompleted=56079248401, DisplayPresentTime=0,
05-28 10:09:46.179 1077 1098 I OpenGLRenderer: Davey! duration=9223371980780ms; Flags=0, FrameTimelineVsyncId=1523, IntendedVsync=56072577710, Vsync=56072577710, InputEventId=0, HandleInputStart=56073720193, AnimationStart=56073726359, PerformTraversalsStart=56075051859, DrawStart=56077269401, FrameDeadline=56105911042, FrameInterval=56073704484, FrameStartTime=16666666, SyncQueued=56077847693, SyncStart=56079406526, IssueDrawCommandsStart=56080445943, SwapBuffers=56086076526, FrameCompleted=9223372036854775807, DequeueBufferDuration=36209, QueueBufferDuration=7739333, GpuCompleted=9223372036854775807, SwapBuffersCompleted=56094301276, DisplayPresentTime=0,
05-28 10:09:46.379 1077 1098 I OpenGLRenderer: Davey! duration=9223371980582ms; Flags=0, FrameTimelineVsyncId=1547, IntendedVsync=56272576125, Vsync=56272576125, InputEventId=0, HandleInputStart=56273606151, AnimationStart=56273614151, PerformTraversalsStart=56275432818, DrawStart=56276370234, FrameDeadline=56305909457, FrameInterval=56273590401, FrameStartTime=16666666, SyncQueued=56276974401, SyncStart=56277157943, IssueDrawCommandsStart=56278451859, SwapBuffers=56288721776, FrameCompleted=9223372036854775807, DequeueBufferDuration=37333, QueueBufferDuration=1336167, GpuCompleted=9223372036854775807, SwapBuffersCompleted=56294686276, DisplayPresentTime=0,
05-28 10:09:46.479 476 520 W IorapForwardingService: No service published for: iorapd
05-28 10:09:46.794 663 849 I bt_btif_dm: system/bt/btif/src/btif_dm.cc:548 btif_update_remote_properties: cod from storage is also unclassified
05-28 10:09:47.171 1077 1527 D hq : NetWorkStateReceiver:::检查网络,并且持续更新 isConnect=false
05-28 10:09:47.194 476 608 E WifiScoringParams: Invalid frequency(-1), using 5G as default rssi array
05-28 10:09:47.206 476 590 D CompatibilityChangeReporter: Compat change id reported: 168419799; UID 10015; state: DISABLED
05-28 10:09:47.210 1671 2596 D EpgDataCleanupService: Received intent: Intent { act=com.android.providers.tv.intent.CLEAN_UP_EPG_DATA cmp=com.android.providers.tv/.EpgDataCleanupService }
05-28 10:09:47.211 476 605 W BestClock: java.time.DateTimeException: Missing NTP fix
05-28 10:09:47.214 476 608 E WifiHealthMonitor: Hit PackageManager exception
05-28 10:09:47.214 476 608 E WifiHealthMonitor: android.content.pm.PackageManager$NameNotFoundException: No module info for package: com.android.wifi
05-28 10:09:47.214 476 608 E WifiHealthMonitor: at android.app.ApplicationPackageManager.getModuleInfo(ApplicationPackageManager.java:1079)
05-28 10:09:47.214 476 608 E WifiHealthMonitor: at com.android.server.wifi.WifiHealthMonitor.getWifiStackVersion(WifiHealthMonitor.java:366)
05-28 10:09:47.214 476 608 E WifiHealthMonitor: at com.android.server.wifi.WifiHealthMonitor.extractCurrentSoftwareBuildInfo(WifiHealthMonitor.java:587)
05-28 10:09:47.214 476 608 E WifiHealthMonitor: at com.android.server.wifi.WifiHealthMonitor.postBootSwBuildCheck(WifiHealthMonitor.java:522)
05-28 10:09:47.214 476 608 E WifiHealthMonitor: at com.android.server.wifi.WifiHealthMonitor.postBootDetectionHandler(WifiHealthMonitor.java:513)
05-28 10:09:47.214 476 608 E WifiHealthMonitor: at com.android.server.wifi.WifiHealthMonitor.access$500(WifiHealthMonitor.java:71)
05-28 10:09:47.214 476 608 E WifiHealthMonitor: at com.android.server.wifi.WifiHealthMonitor$2.onAlarm(WifiHealthMonitor.java:190)
05-28 10:09:47.214 476 608 E WifiHealthMonitor: at android.app.AlarmManager$ListenerWrapper.run(AlarmManager.java:323)
05-28 10:09:47.214 476 608 E WifiHealthMonitor: at android.os.Handler.handleCallback(Handler.java:938)
05-28 10:09:47.214 476 608 E WifiHealthMonitor: at android.os.Handler.dispatchMessage(Handler.java:99)
05-28 10:09:47.214 476 608 E WifiHealthMonitor: at android.os.Looper.loopOnce(Looper.java:201)
05-28 10:09:47.214 476 608 E WifiHealthMonitor: at android.os.Looper.loop(Looper.java:288)
05-28 10:09:47.214 476 608 E WifiHealthMonitor: at android.os.HandlerThread.run(HandlerThread.java:67)
05-28 10:09:47.216 655 655 E WifiHAL : wifi_get_driver_version: Error -5 happened.
05-28 10:09:47.216 655 655 E android.hardware.wifi@1.0-service-lazy: Failed to get driver version: INVALID_ARGS
05-28 10:09:47.218 476 608 E WifiVendorHal: requestChipDebugInfo(l.2167) failed {.code = ERROR_INVALID_ARGS, .description = failed to get driver version}
05-28 10:09:47.218 476 608 I WifiVendorHal: Driver: null Firmware: null
05-28 10:09:47.219 655 655 E WifiHAL : wifi_get_driver_version: Error -5 happened.
05-28 10:09:47.219 655 655 E android.hardware.wifi@1.0-service-lazy: Failed to get driver version: INVALID_ARGS
05-28 10:09:47.220 476 608 E WifiVendorHal: requestChipDebugInfo(l.2167) failed {.code = ERROR_INVALID_ARGS, .description = failed to get driver version}
05-28 10:09:47.221 476 608 I WifiVendorHal: Driver: null Firmware: null
05-28 10:09:47.229 476 1514 I ActivityManager: Killing 1355:com.android.dynsystem/1000 (adj 985): empty #17
05-28 10:09:47.235 476 539 I libprocessgroup: Successfully killed process cgroup uid 1000 pid 1355 in 0ms
05-28 10:09:47.264 245 245 I Zygote : Process 1355 exited due to signal 9 (Killed)
05-28 10:09:47.274 476 1514 I ActivityManager: Killing 1379:com.android.dynsystem:dynsystem/1000 (adj 985): empty #17
05-28 10:09:47.277 476 1514 I ActivityManager: Killing 1386:com.android.managedprovisioning/u0a27 (adj 995): empty #18
05-28 10:09:47.280 476 1514 I ActivityManager: Killing 1196:android.process.acore/u0a14 (adj 995): empty #19
05-28 10:09:47.284 476 608 W UnsafeUtil: platform method missing - proto runtime falling back to safer methods: java.lang.NoSuchMethodException: sun.misc.Unsafe.copyMemory [class java.lang.Object, long, class java.lang.Object, long, long]
05-28 10:09:47.285 476 605 W BestClock: java.time.DateTimeException: Missing NTP fix
05-28 10:09:47.284 244 244 I Binder:244_1: type=1400 audit(0.0:1011): avc: denied { add_name } for name="globalAlert" scontext=u:r:netd:s0 tcontext=u:object_r:proc_net:s0 tclass=dir permissive=1
05-28 10:09:47.284 244 244 I Binder:244_1: type=1400 audit(0.0:1012): avc: denied { create } for name="globalAlert" scontext=u:r:netd:s0 tcontext=u:object_r:proc_net:s0 tclass=file permissive=1
05-28 10:09:47.291 476 539 I libprocessgroup: Successfully killed process cgroup uid 1000 pid 1379 in 0ms
05-28 10:09:47.303 476 606 W BestClock: java.time.DateTimeException: Missing NTP fix
05-28 10:09:47.306 476 606 W BestClock: java.time.DateTimeException: Missing NTP fix
05-28 10:09:47.320 245 245 I Zygote : Process 1386 exited due to signal 9 (Killed)
05-28 10:09:47.335 476 750 D CountryDetector: No listener is left
05-28 10:09:47.337 245 245 I Zygote : Process 1196 exited due to signal 9 (Killed)
01-01 08:00:59.343 34 34 I binder : undelivered transaction 80845, process died.
05-28 10:09:47.354 245 245 I Zygote : Process 1379 exited due to signal 9 (Killed)
05-28 10:09:47.382 476 539 I libprocessgroup: Successfully killed process cgroup uid 10027 pid 1386 in 0ms
05-28 10:09:47.382 476 539 I libprocessgroup: Successfully killed process cgroup uid 10014 pid 1196 in 0ms
05-28 10:09:47.481 476 520 W IorapForwardingService: No service published for: iorapd
05-28 10:09:48.382 1077 2606 W System.err: java.net.UnknownHostException: Unable to resolve host "zmimg.dangbei.net": No address associated with hostname
05-28 10:09:48.382 1077 2606 W System.err: at java.net.Inet6AddressImpl.lookupHostByName(Inet6AddressImpl.java:156)
05-28 10:09:48.382 1077 2606 W System.err: at java.net.Inet6AddressImpl.lookupAllHostAddr(Inet6AddressImpl.java:103)
05-28 10:09:48.382 1077 2606 W System.err: at java.net.InetAddress.getAllByName(InetAddress.java:1152)
05-28 10:09:48.382 1077 2606 W System.err: at okhttp3.Dns$Companion$DnsSystem.lookup(SourceFile:6)
05-28 10:09:48.382 1077 2606 W System.err: at okhttp3.internal.connection.RouteSelector.resetNextInetSocketAddress(SourceFile:153)
05-28 10:09:48.382 1077 2606 W System.err: at okhttp3.internal.connection.RouteSelector.nextProxy(SourceFile:21)
05-28 10:09:48.382 1077 2606 W System.err: at okhttp3.internal.connection.RouteSelector.next(SourceFile:18)
05-28 10:09:48.383 1077 2606 W System.err: at okhttp3.internal.connection.ExchangeFinder.findConnection(SourceFile:197)
05-28 10:09:48.383 1077 2606 W System.err: at okhttp3.internal.connection.ExchangeFinder.findHealthyConnection(SourceFile:1)
05-28 10:09:48.383 1077 2606 W System.err: at okhttp3.internal.connection.ExchangeFinder.find(SourceFile:52)
05-28 10:09:48.383 1077 2606 W System.err: at okhttp3.internal.connection.RealCall.initExchange$okhttp(SourceFile:32)
05-28 10:09:48.383 1077 2606 W System.err: at okhttp3.internal.connection.ConnectInterceptor.intercept(SourceFile:12)
05-28 10:09:48.383 1077 2606 W System.err: at okhttp3.internal.http.RealInterceptorChain.proceed(SourceFile:155)
