05-28 10:09:12.659 663 849 D AdapterProperties: mLocalIOCapability set to 1
05-28 10:09:12.659 663 849 D AdapterProperties: mLocalIOCapabilityBLE set to 4
05-28 10:09:12.661 250 250 D audio_hw_primary: getAudioDevices()
05-28 10:09:12.661 250 250 D audio_hw_primary: out dev:AUDIO_CODEC
05-28 10:09:12.661 250 250 D audio_hw_primary: in dev:AUDIO_SPDIF
05-28 10:09:12.661 250 250 D audio_hw_primary: out dev:AUDIO_SPDIF
05-28 10:09:12.661 250 250 D audio_hw_primary: in dev:AUDIO_HDMI
05-28 10:09:12.661 250 250 D audio_hw_primary: out dev:AUDIO_HDMI
05-28 10:09:12.661 250 250 D audio_hw_primary: in dev:AUDIO_I2S2
05-28 10:09:12.661 250 250 D audio_hw_primary: out playback: AUDIO_CODEC,AUDIO_SPDIF,AUDIO_HDMI
05-28 10:09:12.662 663 828 I AdapterState: ON : entered
05-28 10:09:12.662 663 828 D AdapterProperties: Setting state to ON
05-28 10:09:12.663 663 828 D BluetoothAdapterService: updateAdapterState() - Broadcasting state ON to 1 receivers.
05-28 10:09:12.663 250 250 D xm_audio: adev_get_parameters
05-28 10:09:12.663 269 570 I hash_map_utils: system/bt/osi/src/hash_map_utils.cc:81 hash_map_utils_dump_string_keys_string_values: key: 'audio_devices_out' value: ''
05-28 10:09:12.664 1040 1040 D AudioManagerEx: type audio_devices_out list AUDIO_CODEC,AUDIO_SPDIF,AUDIO_HDMI=
05-28 10:09:12.666 476 520 D BluetoothManagerService: MESSAGE_BLUETOOTH_STATE_CHANGE: TURNING_ON > ON
05-28 10:09:12.666 476 520 D BluetoothManagerService: Broadcasting onBluetoothStateChange(true) to 11 receivers.
05-28 10:09:12.666 476 520 D BluetoothHeadset: onBluetoothStateChange: up=true
05-28 10:09:12.666 476 520 D BluetoothManagerService: Creating new ProfileServiceConnections object for profile: 1
05-28 10:09:12.667 665 862 D BluetoothHeadset: onBluetoothStateChange: up=true
05-28 10:09:12.669 663 663 I BluetoothPhonePolicy: Received ACTION_UUID for device E4:BB:D3:57:C0:7A
05-28 10:09:12.670 663 663 I BluetoothPhonePolicy: index=0uuid=00001812-0000-1000-8000-00805f9b34fb
05-28 10:09:12.670 663 663 I BluetoothPhonePolicy: processInitProfilePriorities() - device E4:BB:D3:57:C0:7A
05-28 10:09:12.670 663 663 W HearingAidService: getHearingAidService(): service is NULL
05-28 10:09:12.671 663 663 V BluetoothDatabase: getProfileConnectionPolicy: E4:BB:D3:57:C0:7A, profile=4, connectionPolicy = 100
05-28 10:09:12.671 476 520 D BluetoothManagerService: Sending BLE State Change: TURNING_ON > ON
05-28 10:09:12.672 476 520 D BluetoothManagerService: Sending State Change: TURNING_ON > ON
05-28 10:09:12.674 1196 1196 I Zygote : seccomp disabled by setenforce 0
05-28 10:09:12.680 1040 1198 W ContextImpl: Calling a method in the system process without a qualified user: android.app.ContextImpl.bindService:1895 android.content.ContextWrapper.bindService:810 com.dangbei.lerad.etna.lib.client.EtnaClient.bindServer:138 com.dangbei.lerad.etna.lib.client.EtnaClient.access$600:29 com.dangbei.lerad.etna.lib.client.EtnaClient$3.call:205
05-28 10:09:12.682 476 615 D ConnectivityService: NetReassign [no changes]
05-28 10:09:12.684 476 577 W ActivityManager: Receiver with filter android.content.IntentFilter@9005c3b already registered for pid 665, callerPackage is com.android.systemui
05-28 10:09:12.684 663 873 D BluetoothActiveDeviceManager: handleMessage(MESSAGE_ADAPTER_ACTION_STATE_CHANGED): newState=12
05-28 10:09:12.690 476 615 D ConnectivityService: NetReassign [no changes]
05-28 10:09:12.695 245 245 D Zygote : Forked child process 1202
05-28 10:09:12.696 476 538 W ActivityManager: Slow operation: 62ms so far, now at startProcess: returned from zygote!
05-28 10:09:12.696 476 538 W ActivityManager: Slow operation: 62ms so far, now at startProcess: done updating battery stats
05-28 10:09:12.696 476 538 W ActivityManager: Slow operation: 62ms so far, now at startProcess: building log message
05-28 10:09:12.696 476 538 I ActivityManager: app.processName = com.android.music
05-28 10:09:12.696 476 538 I ActivityManager: Start proc 1202:com.android.music/u0a46 for service {com.android.music/com.android.music.MediaPlaybackService}
05-28 10:09:12.696 476 538 W ActivityManager: Slow operation: 63ms so far, now at startProcess: starting to update pids map
05-28 10:09:12.698 476 538 W ActivityManager: Slow operation: 64ms so far, now at startProcess: done updating pids map
05-28 10:09:12.698 663 663 D BluetoothAdapterService: isQuetModeEnabled() - Enabled = false
05-28 10:09:12.698 663 663 I BluetoothPhonePolicy: autoConnect: Initiate auto connection on BT on...
05-28 10:09:12.698 663 663 D BluetoothDatabase: getMostRecentlyConnectedA2dpDevice: Invalid address for device LocalStorage
05-28 10:09:12.698 663 663 E BluetoothPhonePolicy: autoConnect: most recently active a2dp device is null
05-28 10:09:12.699 663 663 D BtOppService: start Socket Listeners
05-28 10:09:12.699 663 663 D BtOppService: stopListeners: mServerSocket is null
05-28 10:09:12.699 663 663 D ObexServerSockets: create(rfcomm = -2, l2capPsm = -2)
05-28 10:09:12.701 663 663 I bt_btif_sock_rfcomm: system/bt/btif/src/btif_sock_rfc.cc:303 btsock_rfc_listen: Adding listening socket service_name: (null) - channel: -2
05-28 10:09:12.702 663 951 I bt_stack: [INFO:port_api.cc(234)] RFCOMM_CreateConnection: bd_addr=ff:ff:ff:ff:ff:ff, scn=5, is_server=1, mtu=990, uuid=000000, dlci=10, signal_state=0x0b, p_port=0xbd3a6e1c
05-28 10:09:12.702 663 663 D BluetoothAdapter: listenUsingInsecureL2capOn: port=-2
05-28 10:09:12.703 1202 1202 I Zygote : seccomp disabled by setenforce 0
05-28 10:09:12.704 663 663 I bluetooth: system/bt/btif/src/btif_sock_l2cap.cc:316 btsock_l2cap_alloc_l: Allocated l2cap socket structure socket_id:2
05-28 10:09:12.705 663 951 I bt_l2cap: system/bt/stack/l2cap/l2c_api.cc:134 L2CA_Register: L2CAP Registered service classic PSM: 0x1003
05-28 10:09:12.705 663 951 I bluetooth: system/bt/btif/src/btif_sock_l2cap.cc:341 send_app_psm_or_chan_l: Sending l2cap socket socket_id:2 channel:4099
05-28 10:09:12.705 663 663 D BluetoothAdapter: listenUsingInsecureL2capOn: set assigned channel to 4099
05-28 10:09:12.705 663 663 D ObexServerSockets: Succeed to create listening sockets
05-28 10:09:12.705 663 663 D ObexServerSockets1: startAccept()
05-28 10:09:12.706 663 663 D BluetoothSdpJni: sdpCreateOppOpsRecordNative
05-28 10:09:12.708 665 886 D LocalBluetoothProfileManager: Current Profiles[]
05-28 10:09:12.715 665 886 D BluetoothMap: getConnectionState(E4:BB:D3:57:C0:7A)
05-28 10:09:12.716 663 951 I bt_bta_dm: system/bt/bta/dm/bta_dm_act.cc:3198 bta_dm_eir_update_uuid: EIR Adding UUID=0x1105 into extended inquiry response
05-28 10:09:12.716 663 951 I bt_bta_dm: system/bt/bta/dm/bta_dm_act.cc:2897 bta_dm_set_eir: Generating extended inquiry response packet EIR
05-28 10:09:12.716 663 663 D BluetoothSdpJni: SDP Create record success - handle: 1
05-28 10:09:12.716 663 663 D BtOppService: mOppSdpHandle :1
05-28 10:09:12.717 383 396 I adbd : jdwp connection from 1196
05-28 10:09:12.721 663 1199 D BluetoothPbapService: getConnectionState: E4:BB:D3:57:C0:7A
05-28 10:09:12.726 383 396 I adbd : jdwp connection from 1202
05-28 10:09:12.726 663 1210 D ObexServerSockets1: Accepting socket connection...
05-28 10:09:12.727 663 1209 D ObexServerSockets1: Accepting socket connection...
05-28 10:09:12.735 665 886 D LocalBluetoothProfileManager: New Profiles[HID]
05-28 10:09:12.736 1162 1162 D CompatibilityChangeReporter: Compat change id reported: 171979766; UID 1000; state: ENABLED
05-28 10:09:12.744 476 499 D CompatibilityChangeReporter: Compat change id reported: 168419799; UID 10014; state: DISABLED
05-28 10:09:12.746 665 886 D CachedBluetoothDevice: updating profiles for Dangbei
05-28 10:09:12.755 476 810 D CompatibilityChangeReporter: Compat change id reported: 168419799; UID 10046; state: DISABLED
05-28 10:09:12.757 1196 1196 D CompatibilityChangeReporter: Compat change id reported: 171979766; UID 10014; state: ENABLED
05-28 10:09:12.768 1202 1202 D CompatibilityChangeReporter: Compat change id reported: 171979766; UID 10046; state: DISABLED
05-28 10:09:12.773 476 520 D BluetoothHeadset: Proxy object connected
05-28 10:09:12.773 665 862 D BluetoothHeadset: Proxy object connected
05-28 10:09:12.776 476 626 I AS.BtHelper: setBtScoActiveDevice: (null) -> (null)
05-28 10:09:12.779 1202 1202 D ApplicationLoaders: Returning zygote-cached class loader: /system/framework/android.test.base.jar
05-28 10:09:12.781 665 886 V CachedBluetoothDevice: Class: 1f00
05-28 10:09:12.781 665 886 V CachedBluetoothDevice: UUID:
05-28 10:09:12.781 665 886 V CachedBluetoothDevice: 00001812-0000-1000-8000-00805f9b34fb
05-28 10:09:12.784 665 665 I SysUiBg : type=1400 audit(0.0:405): avc: denied { search } for name="com.android.systemui" dev="mmcblk0p25" ino=486 scontext=u:r:platform_app:s0:c512,c768 tcontext=u:object_r:app_data_file:s0:c512,c768 tclass=dir permissive=1 app=com.softwinner.screenshot
05-28 10:09:12.807 1196 1196 V GraphicsEnvironment: ANGLE Developer option for 'com.android.providers.contacts' set to: 'default'
05-28 10:09:12.807 1040 1238 W ContextImpl: Calling a method in the system process without a qualified user: android.app.ContextImpl.bindService:1895 android.content.ContextWrapper.bindService:810 com.dangbei.lerad.etna.lib.client.EtnaClient.bindServer:138 com.dangbei.lerad.etna.lib.client.EtnaClient.access$600:29 com.dangbei.lerad.etna.lib.client.EtnaClient$3.call:205
05-28 10:09:12.807 1196 1196 V GraphicsEnvironment: Neither updatable production driver nor prerelease driver is supported.
05-28 10:09:12.809 1196 1196 D NetworkSecurityConfig: No Network Security Config specified, using platform default
05-28 10:09:12.810 1196 1196 D NetworkSecurityConfig: No Network Security Config specified, using platform default
05-28 10:09:12.838 1162 1162 V GraphicsEnvironment: ANGLE Developer option for 'com.oranth.storage' set to: 'default'
05-28 10:09:12.839 1162 1162 V GraphicsEnvironment: Neither updatable production driver nor prerelease driver is supported.
05-28 10:09:12.840 1202 1202 V GraphicsEnvironment: ANGLE Developer option for 'com.android.music' set to: 'default'
05-28 10:09:12.840 1202 1202 V GraphicsEnvironment: Neither updatable production driver nor prerelease driver is supported.
05-28 10:09:12.844 1202 1202 D NetworkSecurityConfig: No Network Security Config specified, using platform default
05-28 10:09:12.844 1202 1202 D NetworkSecurityConfig: No Network Security Config specified, using platform default
05-28 10:09:12.845 1162 1162 D NetworkSecurityConfig: No Network Security Config specified, using platform default
05-28 10:09:12.848 1162 1162 D NetworkSecurityConfig: No Network Security Config specified, using platform default
05-28 10:09:12.853 1162 1162 I aaa : low stroage service is start !!!
05-28 10:09:12.853 1202 1202 D music_MediaPlaybackSer: onCreate()
05-28 10:09:12.853 1202 1202 D music_MediaPlaybackSer: Create MusicProvider
05-28 10:09:12.854 1202 1202 D music_MediaPlaybackSer: Create MediaSession
05-28 10:09:12.855 1162 1162 W ContextImpl: Calling a method in the system process without a qualified user: android.app.ContextImpl.startService:1816 android.content.ContextWrapper.startService:774 android.content.ContextWrapper.startService:774 com.oranth.storage.BootCompletedReceiver.onReceive:15 android.app.ActivityThread.handleReceiver:4308
05-28 10:09:12.860 663 663 V MediaPlayerList: onActiveSessionsChanged: number of controllers: 0
05-28 10:09:12.865 665 665 V SystemUIService: BOOT_COMPLETED received
05-28 10:09:12.867 665 665 D SystemUIBootTiming: SystemUIService: bootcomplete com.android.systemui.util.NotificationChannels took 0 ms
05-28 10:09:12.867 665 665 D SystemUIService: loading: com.android.systemui.volume.VolumeUI
05-28 10:09:12.867 1162 1162 D bbb : onCreate()
05-28 10:09:12.869 1162 1162 D CompatibilityChangeReporter: Compat change id reported: 160794467; UID 1000; state: ENABLED
05-28 10:09:12.870 379 379 E update_engine: [ERROR:update_attempter_android.cc(-1)] unknown(...): Domain=update_engine, Code=generic_error, Message=No ongoing update to cancel.
05-28 10:09:12.873 665 665 I vol.Events: writeEvent collection_started
05-28 10:09:12.875 379 379 E update_engine: [ERROR:update_attempter_android.cc(90)] Replying with failure: pc:0xa3e1a79: No ongoing update to cancel.
05-28 10:09:12.880 1040 1040 E ccc : cccccc 故意做的cancel 捕获 No ongoing update to cancel.
05-28 10:09:12.880 1040 1040 W System.err: android.os.ServiceSpecificException: No ongoing update to cancel. (code 1)
05-28 10:09:12.881 1162 1162 D bbb : onStartCommand begin !!!!!!! data分区剩余 24985MB
05-28 10:09:12.882 1040 1040 W System.err: at android.os.Parcel.createExceptionOrNull(Parcel.java:2439)
05-28 10:09:12.882 1040 1040 W System.err: at android.os.Parcel.createException(Parcel.java:2409)
05-28 10:09:12.882 1040 1040 W System.err: at android.os.Parcel.readException(Parcel.java:2392)
05-28 10:09:12.882 1040 1040 W System.err: at android.os.Parcel.readException(Parcel.java:2334)
05-28 10:09:12.882 1040 1040 W System.err: at android.os.IUpdateEngine$Stub$Proxy.cancel(IUpdateEngine.java:480)
05-28 10:09:12.882 1040 1040 W System.err: at android.os.UpdateEngine.cancel(UpdateEngine.java:381)
05-28 10:09:12.882 1040 1040 W System.err: at com.oranth.otalibrary.OTAManager.cancel(OTAManager.java:54)
05-28 10:09:12.882 1040 1040 W System.err: at com.dangbei.etna.update.ota.OtaUpdateHelper.cancelInstalling(OtaUpdateHelper.kt:134)
05-28 10:09:12.882 1040 1040 W System.err: at com.dangbei.etna.update.ota.OtaUpdateHelper.init(OtaUpdateHelper.kt:72)
05-28 10:09:12.882 1040 1040 W System.err: at com.dangbei.etna.update.UpdateHelper.init(UpdateHelper.kt:60)
05-28 10:09:12.882 1040 1040 W System.err: at com.dangbei.lerad.etna.haqu.EtnaApplication.init(EtnaApplication.kt:97)
05-28 10:09:12.882 1040 1040 W System.err: at com.dangbei.lerad.etna.haqu.EtnaApplication.onCreate(EtnaApplication.kt:59)
05-28 10:09:12.882 1040 1040 W System.err: at android.app.Instrumentation.callApplicationOnCreate(Instrumentation.java:1211)
05-28 10:09:12.882 1040 1040 W System.err: at android.app.ActivityThread.handleBindApplication(ActivityThread.java:6740)
05-28 10:09:12.882 1040 1040 W System.err: at android.app.ActivityThread.access$1500(ActivityThread.java:247)
05-28 10:09:12.882 1040 1040 W System.err: at android.app.ActivityThread$H.handleMessage(ActivityThread.java:2053)
05-28 10:09:12.882 1040 1040 W System.err: at android.os.Handler.dispatchMessage(Handler.java:106)
05-28 10:09:12.882 1040 1040 W System.err: at android.os.Looper.loopOnce(Looper.java:201)
05-28 10:09:12.882 1040 1040 W System.err: at android.os.Looper.loop(Looper.java:288)
05-28 10:09:12.882 1040 1040 W System.err: at android.app.ActivityThread.main(ActivityThread.java:7854)
05-28 10:09:12.882 1040 1040 W System.err: at java.lang.reflect.Method.invoke(Native Method)
05-28 10:09:12.882 1040 1040 W System.err: at com.android.internal.os.RuntimeInit$MethodAndArgsCaller.run(RuntimeInit.java:548)
05-28 10:09:12.882 1040 1040 W System.err: at com.android.internal.os.ZygoteInit.main(ZygoteInit.java:1182)
05-28 10:09:12.883 379 379 I update_engine: [INFO:update_attempter_android.cc(365)] Attempting to reset state from UPDATE_STATUS_IDLE to UpdateStatus::IDLE
05-28 10:09:12.884 1196 1196 I ContactsPerf: VoicemailContentProvider.onCreate start
05-28 10:09:12.885 379 379 I update_engine: [INFO:update_attempter_android.cc(369)] Cleaning up reserved space for compressed APEX (if any)
05-28 10:09:12.888 476 809 D CompatibilityChangeReporter: Compat change id reported: 171306433; UID 1000; state: ENABLED
05-28 10:09:12.890 379 379 I update_engine: [INFO:dynamic_partition_control_android.cc(1284)] ResetUpdate resetting update state and deleting snapshots.
05-28 10:09:12.892 264 264 I EventThread: type=1400 audit(0.0:406): avc: denied { search } for name="extcon" dev="sysfs" ino=18109 scontext=u:r:hal_tv_cec_default:s0 tcontext=u:object_r:sysfs_extcon:s0 tclass=dir permissive=1
05-28 10:09:12.892 326 326 I rainbow_flow: type=1400 audit(0.0:407): avc: denied { ioctl } for path="/dev/spidev1.0" dev="tmpfs" ino=6381 ioctlcmd=0x6b00 scontext=u:r:init:s0 tcontext=u:object_r:device:s0 tclass=chr_file permissive=1
05-28 10:09:12.898 379 379 I update_engine: [INFO:delta_performer.cc(1389)] Resetting recorded hash for prepared partitions.
05-28 10:09:12.900 379 379 E update_engine: Read state file failed: No such file or directory
05-28 10:09:12.902 1202 1202 D CompatibilityChangeReporter: Compat change id reported: 160794467; UID 10046; state: DISABLED
05-28 10:09:12.903 1040 1040 E ccc : cccccc 只是做下reset 哈
05-28 10:09:12.904 1202 1202 D music_MediaPlaybackSer: updatePlaybackState, playback state=0
05-28 10:09:12.905 1040 1040 I MMKV : loading [mmkv.default] with 1291 actual size, file size 4096, InterProcess 0, meta info version:3
05-28 10:09:12.905 1040 1040 I MMKV : loading [mmkv.default] with crc 1585216046 sequence 1 version 3
05-28 10:09:12.905 1040 1040 I MMKV : loaded [mmkv.default] with 9 key-values
05-28 10:09:12.911 1196 1196 I ContactsPerf: VoicemailContentProvider.onCreate finish
05-28 10:09:12.915 1202 1202 D music_MusicApp: add mount callback: com.android.music.MediaPlaybackService@8d05044
05-28 10:09:12.919 1202 1202 D music_MediaPlaybackSer: OnGetRoot: clientPackageName=com.android.bluetooth; clientUid=1002 ; rootHints=null
05-28 10:09:12.920 663 663 I AvrcpBrowsedPlayerWrapper: onConnected: com.android.music is connected
05-28 10:09:12.920 663 663 D AvrcpBrowsablePlayerConnector: Browse player callback called: package=com.android.music : status=0
05-28 10:09:12.920 663 663 D AvrcpBrowsablePlayerConnector: Received a message: msg.what=1
05-28 10:09:12.922 663 663 I AvrcpBrowsablePlayerConnector: Checking root contents for com.android.music
05-28 10:09:12.925 1202 1202 D music_MediaPlaybackSer: onDestroy
05-28 10:09:12.926 1202 1202 D music_MusicApp: remove mount callback: com.android.music.MediaPlaybackService@8d05044
05-28 10:09:12.926 1202 1202 D music_MediaPlaybackSer: handleStopRequest: mState=0 error=destroy
05-28 10:09:12.926 1202 1202 D music_MediaPlaybackSer: updatePlaybackState, playback state=1
05-28 10:09:12.930 1202 1202 D Playback: giveUpAudioFocus
05-28 10:09:12.930 1202 1202 D Playback: relaxResources. releaseMediaPlayer=true
05-28 10:09:12.930 1202 1202 D music_MediaPlaybackSer: updatePlaybackState, playback state=1
05-28 10:09:12.935 1040 1040 E ccc : cccccc updateHelper 通知更新
05-28 10:09:12.936 1040 1040 E ccc : cccccc updateHelper 通知更新
05-28 10:09:12.943 663 663 V MediaPlayerList: onActiveSessionsChanged: number of controllers: 0
05-28 10:09:12.944 1202 1202 D music_MediaPlaybackSer: onCreate()
05-28 10:09:12.944 1202 1202 D music_MediaPlaybackSer: Create MusicProvider
05-28 10:09:12.944 1202 1202 D music_MediaPlaybackSer: Create MediaSession
05-28 10:09:12.948 1040 1040 E ccc : cccccc updateHelper 通知更新
05-28 10:09:12.949 663 663 V MediaPlayerList: onActiveSessionsChanged: number of controllers: 0
05-28 10:09:12.954 1202 1202 D music_MediaPlaybackSer: updatePlaybackState, playback state=0
05-28 10:09:12.968 1040 1040 E ccc : cccccc etna-service onCreate
05-28 10:09:12.971 1202 1202 D music_MusicApp: add mount callback: com.android.music.MediaPlaybackService@e72d7f3
05-28 10:09:12.974 1202 1202 D music_MediaPlaybackSer: OnGetRoot: clientPackageName=com.android.bluetooth; clientUid=1002 ; rootHints=null
05-28 10:09:12.974 663 663 I AvrcpBrowsedPlayerWrapper: onConnected: com.android.music is connected
05-28 10:09:12.974 663 663 I AvrcpBrowsedPlayerWrapper: getFolderItems: Connected to browsable player: com.android.music
05-28 10:09:12.974 1040 1040 W ContextImpl: Calling a method in the system process without a qualified user: android.app.ContextImpl.sendBroadcast:1173 android.content.ContextWrapper.sendBroadcast:479 com.dangbei.lerad.etna.core.EtnaManager.sendRebootBroadcast:82 com.dangbei.lerad.etna.core.EtnaService.onStartCommand:89 android.app.ActivityThread.handleServiceArgs:4639
05-28 10:09:12.976 476 810 E ActivityManager: Sending non-protected broadcast lerad.service.etna.haqu from system 1040:com.dangbei.lerad.etna.haqu/1000 pkg com.dangbei.lerad.etna.haqu
05-28 10:09:12.976 476 810 E ActivityManager: java.lang.Throwable
05-28 10:09:12.976 476 810 E ActivityManager: at com.android.server.am.ActivityManagerService.checkBroadcastFromSystem(ActivityManagerService.java:12816)
05-28 10:09:12.976 476 810 E ActivityManager: at com.android.server.am.ActivityManagerService.broadcastIntentLocked(ActivityManagerService.java:13416)
05-28 10:09:12.976 476 810 E ActivityManager: at com.android.server.am.ActivityManagerService.broadcastIntentLocked(ActivityManagerService.java:12833)
05-28 10:09:12.976 476 810 E ActivityManager: at com.android.server.am.ActivityManagerService.broadcastIntentWithFeature(ActivityManagerService.java:13670)
05-28 10:09:12.976 476 810 E ActivityManager: at android.app.IActivityManager$Stub.onTransact(IActivityManager.java:2326)
05-28 10:09:12.976 476 810 E ActivityManager: at com.android.server.am.ActivityManagerService.onTransact(ActivityManagerService.java:2509)
05-28 10:09:12.976 476 810 E ActivityManager: at android.os.Binder.execTransactInternal(Binder.java:1179)
05-28 10:09:12.976 476 810 E ActivityManager: at android.os.Binder.execTransact(Binder.java:1143)
05-28 10:09:12.976 1202 1202 D music_MediaPlaybackSer: OnLoadChildren: parentMediaId=__ROOT__
05-28 10:09:12.976 1202 1202 D MusicProvider: retrieveMediaAsync called
05-28 10:09:12.977 476 810 E ActivityManager: Sending non-protected broadcast lerad.service.etna.haqu from system 1040:com.dangbei.lerad.etna.haqu/1000 pkg com.dangbei.lerad.etna.haqu
05-28 10:09:12.977 476 810 E ActivityManager: java.lang.Throwable
05-28 10:09:12.977 476 810 E ActivityManager: at com.android.server.am.ActivityManagerService.checkBroadcastFromSystem(ActivityManagerService.java:12816)
05-28 10:09:12.977 476 810 E ActivityManager: at com.android.server.am.ActivityManagerService.broadcastIntentLocked(ActivityManagerService.java:13513)
05-28 10:09:12.977 476 810 E ActivityManager: at com.android.server.am.ActivityManagerService.broadcastIntentLocked(ActivityManagerService.java:12833)
05-28 10:09:12.977 476 810 E ActivityManager: at com.android.server.am.ActivityManagerService.broadcastIntentWithFeature(ActivityManagerService.java:13670)
05-28 10:09:12.977 476 810 E ActivityManager: at android.app.IActivityManager$Stub.onTransact(IActivityManager.java:2326)
05-28 10:09:12.977 476 810 E ActivityManager: at com.android.server.am.ActivityManagerService.onTransact(ActivityManagerService.java:2509)
05-28 10:09:12.977 476 810 E ActivityManager: at android.os.Binder.execTransactInternal(Binder.java:1179)
05-28 10:09:12.977 476 810 E ActivityManager: at android.os.Binder.execTransact(Binder.java:1143)
05-28 10:09:12.979 1040 1040 E ccc : cccccc etna-service onStartCommand
05-28 10:09:12.984 1040 1040 E CoreService: onStartCommand
05-28 10:09:12.988 1040 1040 E ccc : cccccc etnaService addListener com.dangbei.lerad.etna.lib.client.EtnaServerListener@64b556e com.dangbei.etna.setting
05-28 10:09:12.989 1040 1040 E ccc : cccccc SettingHelper onServerConnected
05-28 10:09:12.989 1040 1238 W ContextImpl: Calling a method in the system process without a qualified user: android.app.ContextImpl.bindService:1895 android.content.ContextWrapper.bindService:810 com.dangbei.lerad.etna.lib.client.EtnaClient.bindServer:138 com.dangbei.lerad.etna.lib.client.EtnaClient.access$600:29 com.dangbei.lerad.etna.lib.client.EtnaClient$3.call:205
05-28 10:09:12.990 1040 1198 W ContextImpl: Calling a method in the system process without a qualified user: android.app.ContextImpl.bindService:1895 android.content.ContextWrapper.bindService:810 com.dangbei.lerad.etna.lib.client.EtnaClient.bindServer:138 com.dangbei.lerad.etna.lib.client.EtnaClient.access$600:29 com.dangbei.lerad.etna.lib.client.EtnaClient$3.call:205
05-28 10:09:12.994 1040 1040 E ccc : cccccc etnaService addListener com.dangbei.lerad.etna.lib.client.EtnaServerListener@55b5a7a com.dangbei.etna.update
05-28 10:09:12.994 1040 1040 E ccc : cccccc UpdateHelper onServerConnected
05-28 10:09:12.994 1040 1256 W ContextImpl: Calling a method in the system process without a qualified user: android.app.ContextImpl.bindService:1895 android.content.ContextWrapper.bindService:810 com.dangbei.lerad.etna.lib.client.EtnaClient.bindServer:138 com.dangbei.lerad.etna.lib.client.EtnaClient.access$600:29 com.dangbei.lerad.etna.lib.client.EtnaClient$3.call:205
05-28 10:09:12.995 1040 1040 E ccc : cccccc etnaService addListener com.dangbei.lerad.etna.lib.client.EtnaServerListener@ff59688 com.dangbei.etna.setting
05-28 10:09:12.996 1040 1040 E ccc : cccccc SettingHelper onServerConnected
05-28 10:09:13.004 1040 1040 E ccc : cccccc etnaService addListener com.dangbei.lerad.etna.lib.client.EtnaServerListener@55b5a7a com.dangbei.etna.update
05-28 10:09:13.005 1040 1040 E ccc : cccccc UpdateHelper onServerConnected
01-01 08:00:25.015 408 408 W [DISP] disp_register_irq,line: 496:
01-01 08:00:25.015 408 408 W : irq for 0 already registered
05-28 10:09:13.007 1040 1236 E ccc : cccccc sendCycleCheckBootGuideStatusMessage
05-28 10:09:13.008 476 809 D CountryDetector: The first listener is added
05-28 10:09:13.008 1040 1040 E ccc : cccccc etnaService addListener com.dangbei.lerad.etna.lib.client.EtnaServerListener@49eb821 com.dangbei.lerad.etna.haqu.andes
05-28 10:09:13.009 1196 1196 I ContactsDatabaseHelper: updateUseStrictPhoneNumberComparison: CN
05-28 10:09:13.010 1040 1239 E ccc : cccccc sendCycleCheckBootGuideStatusMessage
05-28 10:09:13.011 1040 1239 W ContextImpl: Calling a method in the system process without a qualified user: android.app.ContextImpl.startService:1816 android.content.ContextWrapper.startService:774 com.dangbei.etna.setting.core.SettingHelper.startRocky:260 com.dangbei.etna.setting.core.SettingHelper.sendCycleCheckBootGuideStatusMessage:206 com.dangbei.etna.setting.core.SettingHelper.startLoop:195
05-28 10:09:13.013 1040 1236 W ContextImpl: Calling a method in the system process without a qualified user: android.app.ContextImpl.startService:1816 android.content.ContextWrapper.startService:774 com.dangbei.etna.setting.core.SettingHelper.startRocky:260 com.dangbei.etna.setting.core.SettingHelper.sendCycleCheckBootGuideStatusMessage:206 com.dangbei.etna.setting.core.SettingHelper.startLoop:195
05-28 10:09:13.013 476 499 I ActivityManager: com.dangbei.lerad.rocky is exempt from freezer
05-28 10:09:13.014 476 499 D CompatibilityChangeReporter: Compat change id reported: 135634846; UID 1000; state: DISABLED
05-28 10:09:13.030 1040 1239 E ccc : cccccc sendCycleCheckBroadcast
05-28 10:09:13.031 1040 1239 W ContextImpl: Calling a method in the system process without a qualified user: android.app.ContextImpl.sendBroadcast:1173 android.content.ContextWrapper.sendBroadcast:479 com.dangbei.etna.setting.core.SettingHelper.sendCycleToProjector:250 com.dangbei.etna.setting.core.SettingHelper.sendCycleCheckBroadcast:219 com.dangbei.etna.setting.core.SettingHelper.sendCycleCheckBootGuideStatusMessage:207
01-01 08:00:25.039 408 408 W [DISP] de_rtmx_mgr_apply,line: 456:
01-01 08:00:25.039 408 408 W : ctx->output.hdr_type=0
01-01 08:00:25.039 408 408 W [DISP] de_rtmx_mgr_apply,line: 474:
01-01 08:00:25.039 408 408 W : ctx->output.hdr_type=0
05-28 10:09:13.034 1040 1236 E ccc : cccccc sendCycleCheckBroadcast
05-28 10:09:13.034 1040 1236 W ContextImpl: Calling a method in the system process without a qualified user: android.app.ContextImpl.sendBroadcast:1173 android.content.ContextWrapper.sendBroadcast:479 com.dangbei.etna.setting.core.SettingHelper.sendCycleToProjector:250 com.dangbei.etna.setting.core.SettingHelper.sendCycleCheckBroadcast:219 com.dangbei.etna.setting.core.SettingHelper.sendCycleCheckBootGuideStatusMessage:207
05-28 10:09:13.040 245 245 D Zygote : Forked child process 1261
05-28 10:09:13.041 1040 1236 W ContextImpl: Calling a method in the system process without a qualified user: android.app.ContextImpl.sendBroadcast:1173 android.content.ContextWrapper.sendBroadcast:479 com.dangbei.etna.setting.core.SettingHelper.sendCycleToVoice:235 com.dangbei.etna.setting.core.SettingHelper.sendCycleCheckBroadcast:220 com.dangbei.etna.setting.core.SettingHelper.sendCycleCheckBootGuideStatusMessage:207
05-28 10:09:13.042 1040 1239 W ContextImpl: Calling a method in the system process without a qualified user: android.app.ContextImpl.sendBroadcast:1173 android.content.ContextWrapper.sendBroadcast:479 com.dangbei.etna.setting.core.SettingHelper.sendCycleToVoice:235 com.dangbei.etna.setting.core.SettingHelper.sendCycleCheckBroadcast:220 com.dangbei.etna.setting.core.SettingHelper.sendCycleCheckBootGuideStatusMessage:207
05-28 10:09:13.044 476 808 E ActivityManager: Sending non-protected broadcast com.dangbei.etna.setting.action_cycle_check_broadcast from system 1040:com.dangbei.lerad.etna.haqu/1000 pkg com.dangbei.lerad.etna.haqu
05-28 10:09:13.044 476 808 E ActivityManager: java.lang.Throwable
05-28 10:09:13.044 476 808 E ActivityManager: at com.android.server.am.ActivityManagerService.checkBroadcastFromSystem(ActivityManagerService.java:12816)
05-28 10:09:13.044 476 808 E ActivityManager: at com.android.server.am.ActivityManagerService.broadcastIntentLocked(ActivityManagerService.java:13513)
05-28 10:09:13.044 476 808 E ActivityManager: at com.android.server.am.ActivityManagerService.broadcastIntentLocked(ActivityManagerService.java:12833)
05-28 10:09:13.044 476 808 E ActivityManager: at com.android.server.am.ActivityManagerService.broadcastIntentWithFeature(ActivityManagerService.java:13670)
05-28 10:09:13.044 476 808 E ActivityManager: at android.app.IActivityManager$Stub.onTransact(IActivityManager.java:2326)
05-28 10:09:13.044 476 808 E ActivityManager: at com.android.server.am.ActivityManagerService.onTransact(ActivityManagerService.java:2509)
05-28 10:09:13.044 476 808 E ActivityManager: at android.os.Binder.execTransactInternal(Binder.java:1179)
05-28 10:09:13.044 476 808 E ActivityManager: at android.os.Binder.execTransact(Binder.java:1143)
05-28 10:09:13.049 476 538 I ActivityManager: app.processName = com.dangbei.lerad.rocky
05-28 10:09:13.049 476 538 I ActivityManager: Start proc 1261:com.dangbei.lerad.rocky/1000 for service {com.dangbei.lerad.rocky/com.dangbei.rocky.RockyService}
05-28 10:09:13.051 1261 1261 I Zygote : seccomp disabled by setenforce 0
05-28 10:09:13.053 476 809 E ActivityManager: Sending non-protected broadcast com.dangbei.etna.setting.action_cycle_check_broadcast from system 1040:com.dangbei.lerad.etna.haqu/1000 pkg com.dangbei.lerad.etna.haqu
05-28 10:09:13.053 476 809 E ActivityManager: java.lang.Throwable
05-28 10:09:13.053 476 809 E ActivityManager: at com.android.server.am.ActivityManagerService.checkBroadcastFromSystem(ActivityManagerService.java:12816)
05-28 10:09:13.053 476 809 E ActivityManager: at com.android.server.am.ActivityManagerService.broadcastIntentLocked(ActivityManagerService.java:13513)
05-28 10:09:13.053 476 809 E ActivityManager: at com.android.server.am.ActivityManagerService.broadcastIntentLocked(ActivityManagerService.java:12833)
05-28 10:09:13.053 476 809 E ActivityManager: at com.android.server.am.ActivityManagerService.broadcastIntentWithFeature(ActivityManagerService.java:13670)
05-28 10:09:13.053 476 809 E ActivityManager: at android.app.IActivityManager$Stub.onTransact(IActivityManager.java:2326)
05-28 10:09:13.053 476 809 E ActivityManager: at com.android.server.am.ActivityManagerService.onTransact(ActivityManagerService.java:2509)
05-28 10:09:13.053 476 809 E ActivityManager: at android.os.Binder.execTransactInternal(Binder.java:1179)
05-28 10:09:13.053 476 809 E ActivityManager: at android.os.Binder.execTransact(Binder.java:1143)
05-28 10:09:13.055 476 618 D NsdService: New client listening to asynchronous messages
05-28 10:09:13.056 476 618 D NsdService: New client, channel: com.android.internal.util.AsyncChannel@7d9dbbb messenger: android.os.Messenger@657b8d8
05-28 10:09:13.056 1040 1040 D CompatibilityChangeReporter: Compat change id reported: 191844585; UID 1000; state: DISABLED
05-28 10:09:13.059 476 618 D NsdService: mdnssd [start-service]
05-28 10:09:13.063 476 618 E NsdService: Failed to execute mdnssd [start-service]
05-28 10:09:13.063 476 618 E NsdService: com.android.server.NativeDaemonConnector$NativeDaemonFailureException: command '1 mdnssd start-service' failed with '402 1 Service already running'
05-28 10:09:13.063 476 618 E NsdService: at com.android.server.NativeDaemonConnector.executeForList(NativeDaemonConnector.java:516)
05-28 10:09:13.063 476 618 E NsdService: at com.android.server.NativeDaemonConnector.execute(NativeDaemonConnector.java:412)
05-28 10:09:13.063 476 618 E NsdService: at com.android.server.NativeDaemonConnector.execute(NativeDaemonConnector.java:407)
05-28 10:09:13.063 476 618 E NsdService: at com.android.server.NsdService$DaemonConnection.execute(NsdService.java:743)
05-28 10:09:13.063 476 618 E NsdService: at com.android.server.NsdService$DaemonConnection.maybeStart(NsdService.java:758)
05-28 10:09:13.063 476 618 E NsdService: at com.android.server.NsdService$NsdStateMachine.maybeStartDaemon(NsdService.java:100)
05-28 10:09:13.063 476 618 E NsdService: at com.android.server.NsdService$NsdStateMachine.access$1600(NsdService.java:88)
05-28 10:09:13.063 476 618 E NsdService: at com.android.server.NsdService$NsdStateMachine$DefaultState.processMessage(NsdService.java:223)
05-28 10:09:13.063 476 618 E NsdService: at com.android.internal.util.StateMachine$SmHandler.processMsg(StateMachine.java:993)
05-28 10:09:13.063 476 618 E NsdService: at com.android.internal.util.StateMachine$SmHandler.handleMessage(StateMachine.java:810)
05-28 10:09:13.063 476 618 E NsdService: at android.os.Handler.dispatchMessage(Handler.java:106)
05-28 10:09:13.063 476 618 E NsdService: at android.os.Looper.loopOnce(Looper.java:201)
05-28 10:09:13.063 476 618 E NsdService: at android.os.Looper.loop(Looper.java:288)
05-28 10:09:13.063 476 618 E NsdService: at android.os.HandlerThread.run(HandlerThread.java:67)
05-28 10:09:13.070 257 406 D sunxihwc: checkPerformance: PerfMonitor total[w]: 1118 acquire: 13 submit: 32 release: 1073
05-28 10:09:13.075 476 577 W StorageManagerService: Reporting emulated;0 unmounted due to system locked
05-28 10:09:13.077 1077 1077 E hq : USBReceiver:::USBReceiver onReceive: list=1
05-28 10:09:13.079 1077 1099 I hq : getCurrentUser: visitorBean=Users{userId=-1, nickName='游客', avatarUrl='null', wxToken='null', vip='null', mobile='null', sex=null, description='null', city='null', province='null', country='null', launcherMode=null, token='null', token='null'}
05-28 10:09:13.082 383 396 I adbd : jdwp connection from 1261
05-28 10:09:13.084 1040 1040 D WanCommander: handleConnection:
05-28 10:09:13.086 1077 1186 D hq : NetWorkStateReceiver:::检查网络,并且持续更新 isConnect=false
05-28 10:09:13.088 1040 1040 E EtnaListener: onServerConnected
05-28 10:09:13.097 1077 1077 E DispatcherManager: publishMode=DBBOX-A2 piDispatcher=com.dangbei.launcher.dispatcher.function.BOXAXDispatcher@9e0743b
05-28 10:09:13.100 1077 1077 I hq : 当前的服务模式是,serviceMode=0
05-28 10:09:13.125 476 809 D CompatibilityChangeReporter: Compat change id reported: 168419799; UID 1000; state: DISABLED
05-28 10:09:13.125 665 1245 I vol.Events: writeEvent level_changed STREAM_VOICE_CALL 15
05-28 10:09:13.129 665 1245 I vol.Events: writeEvent level_changed STREAM_SYSTEM 5
05-28 10:09:13.130 665 1245 I vol.Events: writeEvent level_changed STREAM_RING 5
05-28 10:09:13.131 665 1245 I vol.Events: writeEvent level_changed STREAM_MUSIC 6
05-28 10:09:13.132 665 1245 I vol.Events: writeEvent level_changed STREAM_ALARM 17
05-28 10:09:13.135 665 1245 I vol.Events: writeEvent level_changed STREAM_BLUETOOTH_SCO 7
05-28 10:09:13.141 1261 1261 D CompatibilityChangeReporter: Compat change id reported: 171979766; UID 1000; state: DISABLED
05-28 10:09:13.150 1022 1075 E MediaProvider: Volume external_primary not found, calling identity: UserHandle{0}, attached volumes: {MediaVolume name: [internal] id: [null] user: [null] path: [null]}
05-28 10:09:13.159 665 665 D SystemUIService: running: com.android.systemui.volume.VolumeUI@b18213e
05-28 10:09:13.161 1261 1261 D ApplicationLoaders: Returning zygote-cached class loader: /system/framework/android.test.base.jar
05-28 10:09:13.161 1261 1261 D ApplicationLoaders: Returning zygote-cached class loader: /system/framework/android.hidl.manager-V1.0-java.jar
05-28 10:09:13.161 1261 1261 D ApplicationLoaders: Returning zygote-cached class loader: /system/framework/android.hidl.base-V1.0-java.jar
05-28 10:09:13.165 665 1245 I vol.Events: writeEvent zen_mode_config_changed [disallowAlarms=false disallowMedia=false disallowSystem=true disallowRinger=false]
05-28 10:09:13.168 1022 1075 E DatabaseUtils: Writing exception to parcel
05-28 10:09:13.168 1022 1075 E DatabaseUtils: java.lang.IllegalArgumentException: Volume external_primary not found
05-28 10:09:13.168 1022 1075 E DatabaseUtils: at com.android.providers.media.MediaProvider.query(MediaProvider.java:2726)
05-28 10:09:13.168 1022 1075 E DatabaseUtils: at com.android.providers.media.MediaProvider.query(MediaProvider.java:2717)
05-28 10:09:13.168 1022 1075 E DatabaseUtils: at android.content.ContentProvider$Transport.query(ContentProvider.java:272)
05-28 10:09:13.168 1022 1075 E DatabaseUtils: at android.content.ContentProviderNative.onTransact(ContentProviderNative.java:107)
05-28 10:09:13.168 1022 1075 E DatabaseUtils: at android.os.Binder.execTransactInternal(Binder.java:1179)
05-28 10:09:13.168 1022 1075 E DatabaseUtils: at android.os.Binder.execTransact(Binder.java:1143)
05-28 10:09:13.169 665 665 D SystemUIBootTiming: SystemUIService: bootcomplete com.android.systemui.volume.VolumeUI took 302 ms
05-28 10:09:13.169 665 665 D SystemUIService: loading: com.android.systemui.privacy.television.TvOngoingPrivacyChip
05-28 10:09:13.180 1196 1249 I CallLogProvider: Syncing call composer pics -- source user=0, isShadow=true, forAllUser=false
05-28 10:09:13.181 1196 1249 I CallLogProvider: Fetching list of Uris to sync
05-28 10:09:13.185 665 665 D SystemUIService: running: com.android.systemui.privacy.television.TvOngoingPrivacyChip@b2b83d8
05-28 10:09:13.186 665 665 D SystemUIBootTiming: SystemUIService: bootcomplete com.android.systemui.privacy.television.TvOngoingPrivacyChip took 17 ms
05-28 10:09:13.186 665 665 D SystemUIService: loading: com.android.systemui.statusbar.tv.TvStatusBar
05-28 10:09:13.186 665 665 D SystemUIService: running: com.android.systemui.statusbar.tv.TvStatusBar@4c32331
05-28 10:09:13.188 476 499 I StatusBarManagerService: registerStatusBar bar=com.android.internal.statusbar.IStatusBar$Stub$Proxy@3406baa
05-28 10:09:13.191 665 665 D SystemUIBootTiming: SystemUIService: bootcomplete com.android.systemui.statusbar.tv.TvStatusBar took 5 ms
05-28 10:09:13.191 665 665 D SystemUIService: loading: com.android.systemui.statusbar.tv.notifications.TvNotificationPanel
05-28 10:09:13.192 665 665 D SystemUIService: running: com.android.systemui.statusbar.tv.notifications.TvNotificationPanel@4b51a16
05-28 10:09:13.192 665 665 D SystemUIBootTiming: SystemUIService: bootcomplete com.android.systemui.statusbar.tv.notifications.TvNotificationPanel took 1 ms
05-28 10:09:13.192 665 665 D SystemUIService: loading: com.android.systemui.statusbar.tv.notifications.TvNotificationHandler
05-28 10:09:13.195 1196 1260 D ContactsDatabaseHelper: WAL enabled for contacts2.db: true --------- beginning of crash
05-28 10:09:13.233 1202 1254 E AndroidRuntime: FATAL EXCEPTION: AsyncTask #1
05-28 10:09:13.233 1202 1254 E AndroidRuntime: Process: com.android.music, PID: 1202
05-28 10:09:13.233 1202 1254 E AndroidRuntime: java.lang.RuntimeException: An error occurred while executing doInBackground()
05-28 10:09:13.233 1202 1254 E AndroidRuntime: at android.os.AsyncTask$4.done(AsyncTask.java:415)
05-28 10:09:13.233 1202 1254 E AndroidRuntime: at java.util.concurrent.FutureTask.finishCompletion(FutureTask.java:383)
05-28 10:09:13.233 1202 1254 E AndroidRuntime: at java.util.concurrent.FutureTask.setException(FutureTask.java:252)
05-28 10:09:13.233 1202 1254 E AndroidRuntime: at java.util.concurrent.FutureTask.run(FutureTask.java:271)
05-28 10:09:13.233 1202 1254 E AndroidRuntime: at android.os.AsyncTask$SerialExecutor$1.run(AsyncTask.java:305)
05-28 10:09:13.233 1202 1254 E AndroidRuntime: at java.util.concurrent.ThreadPoolExecutor.runWorker(ThreadPoolExecutor.java:1167)
05-28 10:09:13.233 1202 1254 E AndroidRuntime: at java.util.concurrent.ThreadPoolExecutor$Worker.run(ThreadPoolExecutor.java:641)
05-28 10:09:13.233 1202 1254 E AndroidRuntime: at java.lang.Thread.run(Thread.java:920)
05-28 10:09:13.233 1202 1254 E AndroidRuntime: Caused by: java.lang.IllegalArgumentException: Volume external_primary not found
05-28 10:09:13.233 1202 1254 E AndroidRuntime: at android.database.DatabaseUtils.readExceptionFromParcel(DatabaseUtils.java:172)
05-28 10:09:13.233 1202 1254 E AndroidRuntime: at android.database.DatabaseUtils.readExceptionFromParcel(DatabaseUtils.java:142)
05-28 10:09:13.233 1202 1254 E AndroidRuntime: at android.content.ContentProviderProxy.query(ContentProviderNative.java:481)
05-28 10:09:13.233 1202 1254 E AndroidRuntime: at android.content.ContentResolver.query(ContentResolver.java:1219)
05-28 10:09:13.233 1202 1254 E AndroidRuntime: at android.content.ContentResolver.query(ContentResolver.java:1151)
05-28 10:09:13.233 1202 1254 E AndroidRuntime: at android.content.ContentResolver.query(ContentResolver.java:1107)
05-28 10:09:13.233 1202 1254 E AndroidRuntime: at com.android.music.utils.MusicProvider.retrieveMedia(MusicProvider.java:357)
05-28 10:09:13.233 1202 1254 E AndroidRuntime: at com.android.music.utils.MusicProvider.access$100(MusicProvider.java:51)
05-28 10:09:13.233 1202 1254 E AndroidRuntime: at com.android.music.utils.MusicProvider$1.doInBackground(MusicProvider.java:246)
05-28 10:09:13.233 1202 1254 E AndroidRuntime: at com.android.music.utils.MusicProvider$1.doInBackground(MusicProvider.java:237)
05-28 10:09:13.233 1202 1254 E AndroidRuntime: at android.os.AsyncTask$3.call(AsyncTask.java:394)
05-28 10:09:13.233 1202 1254 E AndroidRuntime: at java.util.concurrent.FutureTask.run(FutureTask.java:266)
05-28 10:09:13.233 1202 1254 E AndroidRuntime: ... 4 more
05-28 10:09:13.232 665 665 I queued-work-loo: type=1400 audit(0.0:408): avc: denied { search } for name="com.android.systemui" dev="mmcblk0p25" ino=486 scontext=u:r:platform_app:s0:c512,c768 tcontext=u:object_r:app_data_file:s0:c512,c768 tclass=dir permissive=1 app=com.softwinner.screenshot
05-28 10:09:13.249 665 665 D SystemUIService: running: com.android.systemui.statusbar.tv.notifications.TvNotificationHandler@212ff97
05-28 10:09:13.253 665 665 D SystemUIBootTiming: SystemUIService: bootcomplete com.android.systemui.statusbar.tv.notifications.TvNotificationHandler took 60 ms
05-28 10:09:13.254 665 665 D SystemUIService: loading: com.android.systemui.statusbar.tv.VpnStatusObserver
05-28 10:09:13.265 476 1281 I DropBoxManagerService: add tag=system_app_crash isTagEnabled=true flags=0x2
05-28 10:09:13.267 1202 1254 I Process : Sending signal. PID: 1202 SIG: 9
05-28 10:09:13.274 1077 1077 E hq : 检查user:::switchDao id=-1
05-28 10:09:13.278 476 615 D ConnectivityService: NetReassign [no changes]
05-28 10:09:13.286 665 665 D SystemUIService: running: com.android.systemui.statusbar.tv.VpnStatusObserver@79ce2fa
05-28 10:09:13.287 665 665 D SystemUIBootTiming: SystemUIService: bootcomplete com.android.systemui.statusbar.tv.VpnStatusObserver took 33 ms
05-28 10:09:13.287 665 665 D SystemUIService: loading: com.android.systemui.globalactions.GlobalActionsComponent
05-28 10:09:13.303 665 665 D SystemUIService: running: com.android.systemui.globalactions.GlobalActionsComponent@25100ab
05-28 10:09:13.306 476 520 W IorapForwardingService: No service published for: iorapd
05-28 10:09:13.309 665 665 D SystemUIBootTiming: SystemUIService: bootcomplete com.android.systemui.globalactions.GlobalActionsComponent took 22 ms
05-28 10:09:13.309 665 665 D SystemUIService: loading: com.android.systemui.usb.StorageNotification
05-28 10:09:13.312 665 665 D SystemUIService: running: com.android.systemui.usb.StorageNotification@7b2d7b4
05-28 10:09:13.319 257 408 W displayd: xxxxxxx: Device config: type[4] mode[35] pixelformat[3] bits[0] eotf[4] colorspace[257]
05-28 10:09:13.321 1261 1261 V GraphicsEnvironment: ANGLE Developer option for 'com.dangbei.lerad.rocky' set to: 'default'
01-01 08:00:25.329 408 408 I : HDMI Audio Enable Successfully
01-01 08:00:25.329 408 408 W [DISP] disp_device_attached_and_enable,line: 235:
01-01 08:00:25.329 408 408 W : attached ok, mgr0<-->dev0
01-01 08:00:25.329 408 408 W [DISP] disp_device_attached_and_enable,line: 248:
01-01 08:00:25.329 408 408 W type : 4,mode:35,fmt:yuv420,bits:8bits,eotf:4,cs:257 dvi_hdmi:2, range:2 scan:0 ratio:8
05-28 10:09:13.322 257 408 D displayd: xxxxxxx: Update config to boot
05-28 10:09:13.324 1261 1261 V GraphicsEnvironment: Neither updatable production driver nor prerelease driver is supported.
01-01 08:00:25.334 164 164 W audit : audit_lost=21 audit_rate_limit=5 audit_backlog_limit=64
01-01 08:00:25.334 164 164 E audit : rate limit exceeded
05-28 10:09:13.334 476 539 I libprocessgroup: Successfully killed process cgroup uid 10046 pid 1202 in 0ms
05-28 10:09:13.335 476 577 I ActivityManager: Process com.android.music (pid 1202) has died: vis IMPF
05-28 10:09:13.335 257 408 I sunxihwc: switchDevice: display[1]: type=2 mode=0 enable=0
05-28 10:09:13.335 257 408 I sunxihwc: switchDevice: display[0]: type=4 mode=35 enable=1
05-28 10:09:13.335 257 408 D sunxihwc: setHotplugState: mbHotplug = 1
05-28 10:09:13.335 257 408 I sunxihwc: updateConnectedDevices: display[0] connected=1 type=4 device=0xf30b400c
05-28 10:09:13.335 257 408 I sunxihwc: updateConnectedDevices: display[1] connected=0 type=2 device=0x0
05-28 10:09:13.335 257 408 D sunxihwc: enqueueEvent: enqueueEvent: event 1
05-28 10:09:13.336 257 408 I sunxihwc: setMargin: display[0]: margin 100 100 100 100
05-28 10:09:13.336 257 386 D sunxihwc: setHotplugState: mbHotplug = 0
05-28 10:09:13.336 257 408 W displayd: xxxxxxx: Turen on display(0), margin(100,100,100,100)
05-28 10:09:13.336 257 408 W displayd: xxxxxxx: reset layer mode: 2D-ORIGINAL
05-28 10:09:13.336 257 408 W displayd: xxxxxxx: Request layer mode: 2D-ORIGINAL
05-28 10:09:13.336 257 408 I sunxihwc: set3DMode: display[0]: mode=0
05-28 10:09:13.336 257 408 W displayd: xxxxxxx: Current device mapping:
05-28 10:09:13.336 257 408 W displayd: + display [1]: enable=0 type=2 mode=0
05-28 10:09:13.336 257 408 W displayd: + display [0]: enable=1 type=4 mode=35
05-28 10:09:13.337 476 577 W ActivityManager: Scheduling restart of crashed service com.android.music/.MediaPlaybackService in 1000ms for connection
05-28 10:09:13.344 245 245 I Zygote : Process 1202 exited due to signal 9 (Killed)
05-28 10:09:13.349 663 663 I AvrcpBrowsedPlayerWrapper: getFolderItems: Connected to browsable player: com.android.music
05-28 10:09:13.349 663 663 I AvrcpBrowsedPlayerWrapper: onConnectionSuspended: Connection Suspended with com.android.music
05-28 10:09:13.349 663 663 V MediaPlayerList: onActiveSessionsChanged: number of controllers: 0
05-28 10:09:13.349 1077 1077 E hq : 检查user:::更新前的信息: null
05-28 10:09:13.349 1077 1077 E hq : 更新后的信息: Users{userId=-1, nickName='游客', avatarUrl='null', wxToken='null', vip='null', mobile='null', sex=null, description='null', city='null', province='null', country='null', launcherMode=null, token='null', token='null'}
05-28 10:09:13.350 1261 1261 D NetworkSecurityConfig: No Network Security Config specified, using platform default
05-28 10:09:13.351 1261 1261 D NetworkSecurityConfig: No Network Security Config specified, using platform default
05-28 10:09:13.353 665 665 D StorageNotification: Notifying about private volume: VolumeInfo{private}:
05-28 10:09:13.353 665 665 D StorageNotification: type=PRIVATE diskId=null partGuid=null mountFlags=0 mountUserId=-10000
05-28 10:09:13.353 665 665 D StorageNotification: state=MOUNTED
05-28 10:09:13.353 665 665 D StorageNotification: fsType=null fsUuid=null fsLabel=null
05-28 10:09:13.353 665 665 D StorageNotification: path=/data internalPath=null
05-28 10:09:13.358 1261 1261 I MultiDex: VM with version 2.1.0 has multidex support
05-28 10:09:13.358 1261 1261 I MultiDex: Installing application
05-28 10:09:13.358 1261 1261 I MultiDex: VM has multidex support, MultiDex support library is disabled.
05-28 10:09:13.359 665 665 D SystemUIBootTiming: SystemUIService: bootcomplete com.android.systemui.usb.StorageNotification took 50 ms
05-28 10:09:13.359 665 665 D SystemUIService: loading: com.android.systemui.power.PowerUI
05-28 10:09:13.360 665 665 D SystemUIService: running: com.android.systemui.power.PowerUI@1c2da23
05-28 10:09:13.365 1077 1077 D AdHelper: ad server environment is official? false
05-28 10:09:13.365 1077 1077 D AdHelper: ad server environment is official? false
05-28 10:09:13.365 1077 1077 D AdHelper: ad server environment is official? false
05-28 10:09:13.365 1077 1077 D AdHelper: ad server environment is official? false
05-28 10:09:13.376 190 232 I vold : Bind mounting //data/media/0/Android/data on /mnt/user/0/emulated/0/Android/data
05-28 10:09:13.377 190 232 I vold : Bind mounted //data/media/0/Android/data on /mnt/user/0/emulated/0/Android/data
05-28 10:09:13.378 190 232 I vold : Bind mounting //data/media/0/Android/obb on /mnt/user/0/emulated/0/Android/obb
05-28 10:09:13.380 1196 1249 I CallLogProvider: Will sync following Uris:[]
05-28 10:09:13.382 1196 1249 I CallLogProvider: Syncing call composer pics -- got []
05-28 10:09:13.383 1077 1077 D AdHelper: AdHelper init: end
05-28 10:09:13.384 190 232 I vold : Bind mounted //data/media/0/Android/obb on /mnt/user/0/emulated/0/Android/obb
05-28 10:09:13.385 190 232 I vold : Configuring read_ahead of /mnt/user/0/emulated fuse filesystem to 256kb
05-28 10:09:13.386 190 232 I vold : Writing 256 to /sys/class/bdi/0:47/read_ahead_kb
