05-28 10:10:10.025 1077 1559 I OpenGLRenderer: Davey! duration=9223371956934ms; Flags=0, FrameTimelineVsyncId=2712, IntendedVsync=79905908703, Vsync=79905908703, InputEventId=0, HandleInputStart=79912690579, AnimationStart=79912695871, PerformTraversalsStart=79913676704, DrawStart=79915247829, FrameDeadline=79939242035, FrameInterval=79912676329, FrameStartTime=16666666, SyncQueued=79916263287, SyncStart=79930371162, IssueDrawCommandsStart=79931496496, SwapBuffers=79944092162, FrameCompleted=9223372036854775807, DequeueBufferDuration=36167, QueueBufferDuration=1096208, GpuCompleted=9223372036854775807, SwapBuffersCompleted=79947593787, DisplayPresentTime=0,
05-28 10:10:10.043 1077 1559 I OpenGLRenderer: Davey! duration=9223371956918ms; Flags=0, FrameTimelineVsyncId=2714, IntendedVsync=79922575464, Vsync=79922575464, InputEventId=0, HandleInputStart=79932120162, AnimationStart=79932124954, PerformTraversalsStart=79932805037, DrawStart=79933884246, FrameDeadline=79955908796, FrameInterval=79932109787, FrameStartTime=16666666, SyncQueued=79934439829, SyncStart=79947864329, IssueDrawCommandsStart=79949325121, SwapBuffers=79955055329, FrameCompleted=9223372036854775807, DequeueBufferDuration=32792, QueueBufferDuration=3891583, GpuCompleted=9223372036854775807, SwapBuffersCompleted=79959789537, DisplayPresentTime=0,
05-28 10:10:10.129 1077 1559 I OpenGLRenderer: Davey! duration=9223371956839ms; Flags=0, FrameTimelineVsyncId=2724, IntendedVsync=80005908140, Vsync=80005908140, InputEventId=0, HandleInputStart=80008397287, AnimationStart=80008399912, PerformTraversalsStart=80008965871, DrawStart=80010840204, FrameDeadline=80039241472, FrameInterval=80008391246, FrameStartTime=16666666, SyncQueued=80011677454, SyncStart=80020796537, IssueDrawCommandsStart=80022321662, SwapBuffers=80035474871, FrameCompleted=9223372036854775807, DequeueBufferDuration=7163541, QueueBufferDuration=1097417, GpuCompleted=9223372036854775807, SwapBuffersCompleted=80045764454, DisplayPresentTime=0,
05-28 10:10:10.145 1077 1559 I OpenGLRenderer: Davey! duration=9223371956812ms; Flags=0, FrameTimelineVsyncId=2726, IntendedVsync=80022575338, Vsync=80022575338, InputEventId=0, HandleInputStart=80023255662, AnimationStart=80023261412, PerformTraversalsStart=80023908412, DrawStart=80025392162, FrameDeadline=80055908670, FrameInterval=80023246996, FrameStartTime=16666666, SyncQueued=80026202871, SyncStart=80046025912, IssueDrawCommandsStart=80047862537, SwapBuffers=80054731662, FrameCompleted=9223372036854775807, DequeueBufferDuration=49750, QueueBufferDuration=3593166, GpuCompleted=9223372036854775807, SwapBuffersCompleted=80059056746, DisplayPresentTime=0,
05-28 10:10:10.250 2026 2079 I efs.send_log: log cann't be send because net status is disconnected
05-28 10:10:10.279 1077 1559 I OpenGLRenderer: Davey! duration=9223371956686ms; Flags=0, FrameTimelineVsyncId=2742, IntendedVsync=80155906551, Vsync=80155906551, InputEventId=0, HandleInputStart=80159498746, AnimationStart=80159502287, PerformTraversalsStart=80160619287, DrawStart=80163144996, FrameDeadline=80189239883, FrameInterval=80159487954, FrameStartTime=16666666, SyncQueued=80164161704, SyncStart=80176631162, IssueDrawCommandsStart=80178529454, SwapBuffers=80192540246, FrameCompleted=9223372036854775807, DequeueBufferDuration=1205334, QueueBufferDuration=2020666, GpuCompleted=9223372036854775807, SwapBuffersCompleted=80195478704, DisplayPresentTime=0,
05-28 10:10:10.343 1077 1559 I OpenGLRenderer: Davey! duration=9223371956620ms; Flags=0, FrameTimelineVsyncId=2750, IntendedVsync=80222576857, Vsync=80222576857, InputEventId=0, HandleInputStart=80225072079, AnimationStart=80225074912, PerformTraversalsStart=80225986662, DrawStart=80227456912, FrameDeadline=80255910189, FrameInterval=80225066621, FrameStartTime=16666666, SyncQueued=80228958412, SyncStart=80240391454, IssueDrawCommandsStart=80241875621, SwapBuffers=80254123038, FrameCompleted=9223372036854775807, DequeueBufferDuration=2843542, QueueBufferDuration=888792, GpuCompleted=9223372036854775807, SwapBuffersCompleted=80261394871, DisplayPresentTime=0,
05-28 10:10:10.538 476 520 W IorapForwardingService: No service published for: iorapd
05-28 10:10:10.592 1077 1559 I OpenGLRenderer: Davey! duration=9223371956367ms; Flags=0, FrameTimelineVsyncId=2780, IntendedVsync=80472574095, Vsync=80472574095, InputEventId=0, HandleInputStart=80472978079, AnimationStart=80472981913, PerformTraversalsStart=80473411538, DrawStart=80474643288, FrameDeadline=80505907427, FrameInterval=80472969079, FrameStartTime=16666666, SyncQueued=80475161579, SyncStart=80490230788, IssueDrawCommandsStart=80491495038, SwapBuffers=80503545329, FrameCompleted=9223372036854775807, DequeueBufferDuration=4076916, QueueBufferDuration=1468458, GpuCompleted=9223372036854775807, SwapBuffersCompleted=80514238246, DisplayPresentTime=0,
05-28 10:10:10.611 1077 1559 I OpenGLRenderer: Davey! duration=9223371956346ms; Flags=0, FrameTimelineVsyncId=2782, IntendedVsync=80489240247, Vsync=80489240247, InputEventId=0, HandleInputStart=80491872371, AnimationStart=80491875579, PerformTraversalsStart=80492433288, DrawStart=80494420788, FrameDeadline=80522573579, FrameInterval=80491866538, FrameStartTime=16666666, SyncQueued=80495356288, SyncStart=80514513079, IssueDrawCommandsStart=80516182496, SwapBuffers=80522518329, FrameCompleted=9223372036854775807, DequeueBufferDuration=32541, QueueBufferDuration=3893250, GpuCompleted=9223372036854775807, SwapBuffersCompleted=80527043329, DisplayPresentTime=0,
05-28 10:10:10.630 1077 1559 I OpenGLRenderer: Davey! duration=9223371956339ms; Flags=0, FrameTimelineVsyncId=2784, IntendedVsync=80505906160, Vsync=80505906160, InputEventId=0, HandleInputStart=80516512871, AnimationStart=80516515329, PerformTraversalsStart=80516959288, DrawStart=80517866079, FrameDeadline=80539239492, FrameInterval=80516507329, FrameStartTime=16666666, SyncQueued=80518347329, SyncStart=80527254663, IssueDrawCommandsStart=80528805371, SwapBuffers=80540260871, FrameCompleted=9223372036854775807, DequeueBufferDuration=53500, QueueBufferDuration=1587708, GpuCompleted=9223372036854775807, SwapBuffersCompleted=80542562496, DisplayPresentTime=0,
05-28 10:10:10.630 476 997 W ZramWriteback: Writeback device is not set
05-28 10:10:10.630 476 997 D ZramWriteback: wait to flush
05-28 10:10:10.762 1077 1448 I OpenGLRenderer: Davey! duration=9223371956202ms; Flags=0, FrameTimelineVsyncId=2800, IntendedVsync=80639240960, Vsync=80639240960, InputEventId=0, HandleInputStart=80641505371, AnimationStart=80641507996, PerformTraversalsStart=80642021329, DrawStart=80643518413, FrameDeadline=80672574292, FrameInterval=80641498996, FrameStartTime=16666666, SyncQueued=80644626579, SyncStart=80657939454, IssueDrawCommandsStart=80659134371, SwapBuffers=80670751913, FrameCompleted=9223372036854775807, DequeueBufferDuration=2414209, QueueBufferDuration=1183750, GpuCompleted=9223372036854775807, SwapBuffersCompleted=80680226704, DisplayPresentTime=0,
05-28 10:10:11.203 1077 1525 D hq : NetWorkStateReceiver:::检查网络,并且持续更新 isConnect=false
05-28 10:10:11.540 476 520 W IorapForwardingService: No service published for: iorapd
05-28 10:10:11.719 264 278 D hdmi-cec: receive invalid cec message!
05-28 10:10:11.719 264 278 D hdmi-cec: receive poll message [04], skip!
05-28 10:10:12.543 476 520 W IorapForwardingService: No service published for: iorapd
05-28 10:10:12.907 1077 2483 W System.err: java.net.UnknownHostException: Unable to resolve host "zmimg.dangbei.net": No address associated with hostname
05-28 10:10:12.907 1077 2483 W System.err: at java.net.Inet6AddressImpl.lookupHostByName(Inet6AddressImpl.java:156)
05-28 10:10:12.907 1077 2483 W System.err: at java.net.Inet6AddressImpl.lookupAllHostAddr(Inet6AddressImpl.java:103)
05-28 10:10:12.907 1077 2483 W System.err: at java.net.InetAddress.getAllByName(InetAddress.java:1152)
05-28 10:10:12.907 1077 2483 W System.err: at okhttp3.Dns$Companion$DnsSystem.lookup(SourceFile:6)
05-28 10:10:12.907 1077 2483 W System.err: at okhttp3.internal.connection.RouteSelector.resetNextInetSocketAddress(SourceFile:153)
05-28 10:10:12.907 1077 2483 W System.err: at okhttp3.internal.connection.RouteSelector.nextProxy(SourceFile:21)
05-28 10:10:12.907 1077 2483 W System.err: at okhttp3.internal.connection.RouteSelector.next(SourceFile:18)
05-28 10:10:12.907 1077 2483 W System.err: at okhttp3.internal.connection.ExchangeFinder.findConnection(SourceFile:197)
05-28 10:10:12.907 1077 2483 W System.err: at okhttp3.internal.connection.ExchangeFinder.findHealthyConnection(SourceFile:1)
05-28 10:10:12.907 1077 2483 W System.err: at okhttp3.internal.connection.ExchangeFinder.find(SourceFile:52)
05-28 10:10:12.907 1077 2483 W System.err: at okhttp3.internal.connection.RealCall.initExchange$okhttp(SourceFile:32)
05-28 10:10:12.907 1077 2483 W System.err: at okhttp3.internal.connection.ConnectInterceptor.intercept(SourceFile:12)
05-28 10:10:12.907 1077 2483 W System.err: at okhttp3.internal.http.RealInterceptorChain.proceed(SourceFile:155)
05-28 10:10:12.907 1077 2483 W System.err: at okhttp3.internal.cache.CacheInterceptor.intercept(SourceFile:190)
05-28 10:10:12.907 1077 2483 W System.err: at okhttp3.internal.http.RealInterceptorChain.proceed(SourceFile:155)
05-28 10:10:12.907 1077 2483 W System.err: at okhttp3.internal.http.BridgeInterceptor.intercept(SourceFile:168)
05-28 10:10:12.908 1077 2483 W System.err: at okhttp3.internal.http.RealInterceptorChain.proceed(SourceFile:155)
05-28 10:10:12.908 1077 2483 W System.err: at okhttp3.internal.http.RetryAndFollowUpInterceptor.intercept(SourceFile:35)
05-28 10:10:12.908 1077 2483 W System.err: at okhttp3.internal.http.RealInterceptorChain.proceed(SourceFile:155)
05-28 10:10:12.908 1077 2483 W System.err: at okhttp3.internal.connection.RealCall.getResponseWithInterceptorChain$okhttp(SourceFile:114)
05-28 10:10:12.908 1077 2483 W System.err: at okhttp3.internal.connection.RealCall.execute(SourceFile:28)
05-28 10:10:12.908 1077 2483 W System.err: at v5.a.a(SourceFile:54)
05-28 10:10:12.908 1077 2483 W System.err: at v5.e$a.doInBackground(SourceFile:39)
05-28 10:10:12.908 1077 2483 W System.err: at com.blankj.utilcode.util.ThreadUtils$f.run(SourceFile:83)
05-28 10:10:12.908 1077 2483 W System.err: at java.util.concurrent.ThreadPoolExecutor.runWorker(ThreadPoolExecutor.java:1167)
05-28 10:10:12.908 1077 2483 W System.err: at java.util.concurrent.ThreadPoolExecutor$Worker.run(ThreadPoolExecutor.java:641)
05-28 10:10:12.908 1077 2483 W System.err: at java.lang.Thread.run(Thread.java:920)
05-28 10:10:12.908 1077 2483 W System.err: at com.blankj.utilcode.util.ThreadUtils$UtilsThreadFactory$a.run(SourceFile:1)
05-28 10:10:12.908 1077 2483 W System.err: Caused by: android.system.GaiException: android_getaddrinfo failed: EAI_NODATA (No address associated with hostname)
05-28 10:10:12.908 1077 2483 W System.err: at libcore.io.Linux.android_getaddrinfo(Native Method)
05-28 10:10:12.908 1077 2483 W System.err: at libcore.io.ForwardingOs.android_getaddrinfo(ForwardingOs.java:136)
05-28 10:10:12.908 1077 2483 W System.err: at libcore.io.BlockGuardOs.android_getaddrinfo(BlockGuardOs.java:221)
05-28 10:10:12.908 1077 2483 W System.err: at libcore.io.ForwardingOs.android_getaddrinfo(ForwardingOs.java:136)
05-28 10:10:12.908 1077 2483 W System.err: at java.net.Inet6AddressImpl.lookupHostByName(Inet6AddressImpl.java:135)
05-28 10:10:12.908 1077 2483 W System.err: ... 27 more
05-28 10:10:12.929 1077 1448 I OpenGLRenderer: Davey! duration=9223371954015ms; Flags=0, FrameTimelineVsyncId=2831, IntendedVsync=82839302585, Vsync=82839302585, InputEventId=0, HandleInputStart=82839861372, AnimationStart=82839868039, PerformTraversalsStart=82840452247, DrawStart=82840870705, FrameDeadline=82855969251, FrameInterval=82839850247, FrameStartTime=16666666, SyncQueued=82841266330, SyncStart=82841426039, IssueDrawCommandsStart=82842245122, SwapBuffers=82846980664, FrameCompleted=9223372036854775807, DequeueBufferDuration=44292, QueueBufferDuration=967584, GpuCompleted=9223372036854775807, SwapBuffersCompleted=82848624914, DisplayPresentTime=0,
05-28 10:10:12.945 1077 1448 I OpenGLRenderer: Davey! duration=9223371953998ms; Flags=0, FrameTimelineVsyncId=2833, IntendedVsync=82855969251, Vsync=82855969251, InputEventId=0, HandleInputStart=82856624539, AnimationStart=82856631164, PerformTraversalsStart=82858107372, DrawStart=82859113455, FrameDeadline=82889302583, FrameInterval=82856611622, FrameStartTime=16666666, SyncQueued=82859755080, SyncStart=82860076289, IssueDrawCommandsStart=82861482622, SwapBuffers=82869086205, FrameCompleted=9223372036854775807, DequeueBufferDuration=50250, QueueBufferDuration=966541, GpuCompleted=9223372036854775807, SwapBuffersCompleted=82870786247, DisplayPresentTime=0,
05-28 10:10:12.961 1077 1448 I OpenGLRenderer: Davey! duration=9223371953981ms; Flags=0, FrameTimelineVsyncId=2835, IntendedVsync=82872984620, Vsync=82872984620, InputEventId=0, HandleInputStart=82873611414, AnimationStart=82873618330, PerformTraversalsStart=82874248747, DrawStart=82875152997, FrameDeadline=82906317952, FrameInterval=82873599789, FrameStartTime=16666666, SyncQueued=82875593039, SyncStart=82875823122, IssueDrawCommandsStart=82877255705, SwapBuffers=82887526122, FrameCompleted=9223372036854775807, DequeueBufferDuration=48541, QueueBufferDuration=1150667, GpuCompleted=9223372036854775807, SwapBuffersCompleted=82889245455, DisplayPresentTime=0,
05-28 10:10:12.985 1077 1448 I OpenGLRenderer: Davey! duration=9223371953964ms; Flags=0, FrameTimelineVsyncId=2837, IntendedVsync=82889651286, Vsync=82889651286, InputEventId=0, HandleInputStart=82890349580, AnimationStart=82890355539, PerformTraversalsStart=82890966164, DrawStart=82891828872, FrameDeadline=82922984618, FrameInterval=82890338580, FrameStartTime=16666666, SyncQueued=82892388080, SyncStart=82892568705, IssueDrawCommandsStart=82894598039, SwapBuffers=82904404497, FrameCompleted=9223372036854775807, DequeueBufferDuration=34042, QueueBufferDuration=7594958, GpuCompleted=9223372036854775807, SwapBuffersCompleted=82912596330, DisplayPresentTime=0,
05-28 10:10:13.012 1077 1559 I OpenGLRenderer: Davey! duration=9223371953944ms; Flags=0, FrameTimelineVsyncId=2839, IntendedVsync=82906317952, Vsync=82906317952, InputEventId=0, HandleInputStart=82906821747, AnimationStart=82906825622, PerformTraversalsStart=82907249789, DrawStart=82908476330, FrameDeadline=82939651284, FrameInterval=82906811580, FrameStartTime=16666666, SyncQueued=82908897122, SyncStart=82912806039, IssueDrawCommandsStart=82913959455, SwapBuffers=82925960205, FrameCompleted=9223372036854775807, DequeueBufferDuration=46208, QueueBufferDuration=9047792, GpuCompleted=9223372036854775807, SwapBuffersCompleted=82935733330, DisplayPresentTime=0,
05-28 10:10:13.031 1077 1559 I OpenGLRenderer: Davey! duration=9223371953921ms; Flags=0, FrameTimelineVsyncId=2840, IntendedVsync=82922984618, Vsync=82922984618, InputEventId=0, HandleInputStart=82923559247, AnimationStart=82923565914, PerformTraversalsStart=82924407455, DrawStart=82924822455, FrameDeadline=82956317950, FrameInterval=82923546414, FrameStartTime=16666666, SyncQueued=82925634122, SyncStart=82935927997, IssueDrawCommandsStart=82937206539, SwapBuffers=82949350289, FrameCompleted=9223372036854775807, DequeueBufferDuration=46916, QueueBufferDuration=9119958, GpuCompleted=9223372036854775807, SwapBuffersCompleted=82959571914, DisplayPresentTime=0,
05-28 10:10:13.060 1077 1448 I OpenGLRenderer: Davey! duration=9223371953899ms; Flags=0, FrameTimelineVsyncId=2842, IntendedVsync=82939621671, Vsync=82939621671, InputEventId=0, HandleInputStart=82940583955, AnimationStart=82940590247, PerformTraversalsStart=82941295872, DrawStart=82943152705, FrameDeadline=82972955003, FrameInterval=82940570080, FrameStartTime=16666666, SyncQueued=82943947664, SyncStart=82959879747, IssueDrawCommandsStart=82961775414, SwapBuffers=82972108622, FrameCompleted=9223372036854775807, DequeueBufferDuration=53167, QueueBufferDuration=9639084, GpuCompleted=9223372036854775807, SwapBuffersCompleted=82982463914, DisplayPresentTime=0,
05-28 10:10:13.079 1077 1448 I OpenGLRenderer: Davey! duration=9223371953883ms; Flags=0, FrameTimelineVsyncId=2844, IntendedVsync=82956283007, Vsync=82956283007, InputEventId=0, HandleInputStart=82962255455, AnimationStart=82962260497, PerformTraversalsStart=82963024997, DrawStart=82966446955, FrameDeadline=82989616339, FrameInterval=82962246039, FrameStartTime=16666666, SyncQueued=82967455580, SyncStart=82982727622, IssueDrawCommandsStart=82984495164, SwapBuffers=82994386789, FrameCompleted=9223372036854775807, DequeueBufferDuration=47708, QueueBufferDuration=10553916, GpuCompleted=9223372036854775807, SwapBuffersCompleted=83005732914, DisplayPresentTime=0,
05-28 10:10:13.095 1077 1559 I OpenGLRenderer: Davey! duration=9223371953864ms; Flags=0, FrameTimelineVsyncId=2845, IntendedVsync=82972944343, Vsync=82972944343, InputEventId=0, HandleInputStart=82985042205, AnimationStart=82985048080, PerformTraversalsStart=82985791414, DrawStart=82987434330, FrameDeadline=83006277675, FrameInterval=82985031497, FrameStartTime=16666666, SyncQueued=82988222080, SyncStart=83005999372, IssueDrawCommandsStart=83008951205, SwapBuffers=83017647539, FrameCompleted=9223372036854775807, DequeueBufferDuration=47958, QueueBufferDuration=1203292, GpuCompleted=9223372036854775807, SwapBuffersCompleted=83019479205, DisplayPresentTime=0,
05-28 10:10:13.111 1077 1448 I OpenGLRenderer: Davey! duration=9223371953858ms; Flags=0, FrameTimelineVsyncId=2847, IntendedVsync=82989605679, Vsync=83006272345, InputEventId=0, HandleInputStart=83009491997, AnimationStart=83009496122, PerformTraversalsStart=83010686080, DrawStart=83012182455, FrameDeadline=83022939011, FrameInterval=83009479205, FrameStartTime=16666666, SyncQueued=83012824330, SyncStart=83019654372, IssueDrawCommandsStart=83020832747, SwapBuffers=83034714622, FrameCompleted=9223372036854775807, DequeueBufferDuration=32000, QueueBufferDuration=921416, GpuCompleted=9223372036854775807, SwapBuffersCompleted=83037395664, DisplayPresentTime=0,
05-28 10:10:13.145 1077 1448 I OpenGLRenderer: Davey! duration=9223371953821ms; Flags=0, FrameTimelineVsyncId=2851, IntendedVsync=83022407315, Vsync=83022407315, InputEventId=0, HandleInputStart=83023248830, AnimationStart=83023255289, PerformTraversalsStart=83024112705, DrawStart=83026218997, FrameDeadline=83055740647, FrameInterval=83023233747, FrameStartTime=16666666, SyncQueued=83026995289, SyncStart=83037543497, IssueDrawCommandsStart=83038758039, SwapBuffers=83050451206, FrameCompleted=9223372036854775807, DequeueBufferDuration=35875, QueueBufferDuration=1983500, GpuCompleted=9223372036854775807, SwapBuffersCompleted=83062903456, DisplayPresentTime=0,
05-28 10:10:13.163 1077 1559 I OpenGLRenderer: Davey! duration=9223371953796ms; Flags=0, FrameTimelineVsyncId=2853, IntendedVsync=83039073198, Vsync=83039073198, InputEventId=0, HandleInputStart=83039971289, AnimationStart=83039976372, PerformTraversalsStart=83041113414, DrawStart=83042836872, FrameDeadline=83072406530, FrameInterval=83039955580, FrameStartTime=16666666, SyncQueued=83043511372, SyncStart=83063144789, IssueDrawCommandsStart=83064371997, SwapBuffers=83076255372, FrameCompleted=9223372036854775807, DequeueBufferDuration=33500, QueueBufferDuration=1825375, GpuCompleted=9223372036854775807, SwapBuffersCompleted=83078902831, DisplayPresentTime=0,
05-28 10:10:13.207 1077 1525 D hq : NetWorkStateReceiver:::检查网络,并且持续更新 isConnect=false
05-28 10:10:13.545 476 520 W IorapForwardingService: No service published for: iorapd
05-28 10:10:13.652 1162 1162 D bbb : onStartCommand begin !!!!!!! data分区剩余 24985MB
05-28 10:10:13.663 1118 1118 D aaa : LedStatusService onStartCommand begin
05-28 10:10:13.664 1118 2856 D aaa : topPkg is -------------- :com.dangbei.leard.leradlauncher
05-28 10:10:14.378 1077 1559 I OpenGLRenderer: Davey! duration=9223371952590ms; Flags=0, FrameTimelineVsyncId=2998, IntendedVsync=84255908059, Vsync=84255908059, InputEventId=0, HandleInputStart=84261249623, AnimationStart=84261253748, PerformTraversalsStart=84261894998, DrawStart=84262993248, FrameDeadline=84289241391, FrameInterval=84261237331, FrameStartTime=16666666, SyncQueued=84263468539, SyncStart=84271801206, IssueDrawCommandsStart=84273566498, SwapBuffers=84287436039, FrameCompleted=9223372036854775807, DequeueBufferDuration=5978958, QueueBufferDuration=1898708, GpuCompleted=9223372036854775807, SwapBuffersCompleted=84298663914, DisplayPresentTime=0,
05-28 10:10:14.392 1077 1559 I OpenGLRenderer: Davey! duration=9223371952558ms; Flags=0, FrameTimelineVsyncId=3000, IntendedVsync=84272574980, Vsync=84272574980, InputEventId=0, HandleInputStart=84273964956, AnimationStart=84273970331, PerformTraversalsStart=84274605456, DrawStart=84275073164, FrameDeadline=84305908312, FrameInterval=84273957081, FrameStartTime=16666666, SyncQueued=84275556164, SyncStart=84298944414, IssueDrawCommandsStart=84300325123, SwapBuffers=84309329664, FrameCompleted=9223372036854775807, DequeueBufferDuration=34459, QueueBufferDuration=2231625, GpuCompleted=9223372036854775807, SwapBuffersCompleted=84312499456, DisplayPresentTime=0,
05-28 10:10:14.548 476 520 W IorapForwardingService: No service published for: iorapd
05-28 10:10:15.210 1077 1527 D hq : NetWorkStateReceiver:::检查网络,并且持续更新 isConnect=false
05-28 10:10:15.551 476 520 W IorapForwardingService: No service published for: iorapd
05-28 10:10:16.414 1077 2576 W System.err: java.net.UnknownHostException: Unable to resolve host "zmimg.dangbei.net": No address associated with hostname
05-28 10:10:16.414 1077 2576 W System.err: at java.net.Inet6AddressImpl.lookupHostByName(Inet6AddressImpl.java:156)
05-28 10:10:16.414 1077 2576 W System.err: at java.net.Inet6AddressImpl.lookupAllHostAddr(Inet6AddressImpl.java:103)
05-28 10:10:16.414 1077 2576 W System.err: at java.net.InetAddress.getAllByName(InetAddress.java:1152)
05-28 10:10:16.414 1077 2576 W System.err: at okhttp3.Dns$Companion$DnsSystem.lookup(SourceFile:6)
05-28 10:10:16.414 1077 2576 W System.err: at okhttp3.internal.connection.RouteSelector.resetNextInetSocketAddress(SourceFile:153)
05-28 10:10:16.414 1077 2576 W System.err: at okhttp3.internal.connection.RouteSelector.nextProxy(SourceFile:21)
05-28 10:10:16.415 1077 2576 W System.err: at okhttp3.internal.connection.RouteSelector.next(SourceFile:18)
05-28 10:10:16.415 1077 2576 W System.err: at okhttp3.internal.connection.ExchangeFinder.findConnection(SourceFile:197)
05-28 10:10:16.415 1077 2576 W System.err: at okhttp3.internal.connection.ExchangeFinder.findHealthyConnection(SourceFile:1)
05-28 10:10:16.415 1077 2576 W System.err: at okhttp3.internal.connection.ExchangeFinder.find(SourceFile:52)
05-28 10:10:16.415 1077 2576 W System.err: at okhttp3.internal.connection.RealCall.initExchange$okhttp(SourceFile:32)
05-28 10:10:16.415 1077 2576 W System.err: at okhttp3.internal.connection.ConnectInterceptor.intercept(SourceFile:12)
05-28 10:10:16.415 1077 2576 W System.err: at okhttp3.internal.http.RealInterceptorChain.proceed(SourceFile:155)
05-28 10:10:16.415 1077 2576 W System.err: at okhttp3.internal.cache.CacheInterceptor.intercept(SourceFile:190)
05-28 10:10:16.415 1077 2576 W System.err: at okhttp3.internal.http.RealInterceptorChain.proceed(SourceFile:155)
05-28 10:10:16.415 1077 2576 W System.err: at okhttp3.internal.http.BridgeInterceptor.intercept(SourceFile:168)
05-28 10:10:16.415 1077 2576 W System.err: at okhttp3.internal.http.RealInterceptorChain.proceed(SourceFile:155)
05-28 10:10:16.415 1077 2576 W System.err: at okhttp3.internal.http.RetryAndFollowUpInterceptor.intercept(SourceFile:35)
05-28 10:10:16.415 1077 2576 W System.err: at okhttp3.internal.http.RealInterceptorChain.proceed(SourceFile:155)
05-28 10:10:16.415 1077 2576 W System.err: at okhttp3.internal.connection.RealCall.getResponseWithInterceptorChain$okhttp(SourceFile:114)
05-28 10:10:16.415 1077 2576 W System.err: at okhttp3.internal.connection.RealCall.execute(SourceFile:28)
05-28 10:10:16.415 1077 2576 W System.err: at v5.a.a(SourceFile:54)
05-28 10:10:16.415 1077 2576 W System.err: at v5.e$a.doInBackground(SourceFile:39)
05-28 10:10:16.415 1077 2576 W System.err: at com.blankj.utilcode.util.ThreadUtils$f.run(SourceFile:83)
05-28 10:10:16.415 1077 2576 W System.err: at java.util.concurrent.ThreadPoolExecutor.runWorker(ThreadPoolExecutor.java:1167)
05-28 10:10:16.415 1077 2576 W System.err: at java.util.concurrent.ThreadPoolExecutor$Worker.run(ThreadPoolExecutor.java:641)
05-28 10:10:16.415 1077 2576 W System.err: at java.lang.Thread.run(Thread.java:920)
05-28 10:10:16.415 1077 2576 W System.err: at com.blankj.utilcode.util.ThreadUtils$UtilsThreadFactory$a.run(SourceFile:1)
05-28 10:10:16.415 1077 2576 W System.err: Caused by: android.system.GaiException: android_getaddrinfo failed: EAI_NODATA (No address associated with hostname)
05-28 10:10:16.415 1077 2576 W System.err: at libcore.io.Linux.android_getaddrinfo(Native Method)
05-28 10:10:16.416 1077 2576 W System.err: at libcore.io.ForwardingOs.android_getaddrinfo(ForwardingOs.java:136)
05-28 10:10:16.416 1077 2576 W System.err: at libcore.io.BlockGuardOs.android_getaddrinfo(BlockGuardOs.java:221)
05-28 10:10:16.416 1077 2576 W System.err: at libcore.io.ForwardingOs.android_getaddrinfo(ForwardingOs.java:136)
05-28 10:10:16.416 1077 2576 W System.err: at java.net.Inet6AddressImpl.lookupHostByName(Inet6AddressImpl.java:135)
05-28 10:10:16.416 1077 2576 W System.err: ... 27 more
05-28 10:10:16.429 1077 1559 I OpenGLRenderer: Davey! duration=9223371950515ms; Flags=0, FrameTimelineVsyncId=3015, IntendedVsync=86339242879, Vsync=86339242879, InputEventId=0, HandleInputStart=86340138832, AnimationStart=86340144582, PerformTraversalsStart=86340679124, DrawStart=86341120165, FrameDeadline=86355909545, FrameInterval=86340126915, FrameStartTime=16666666, SyncQueued=86341595665, SyncStart=86341930665, IssueDrawCommandsStart=86343134499, SwapBuffers=86350251249, FrameCompleted=9223372036854775807, DequeueBufferDuration=60125, QueueBufferDuration=987542, GpuCompleted=9223372036854775807, SwapBuffersCompleted=86351972249, DisplayPresentTime=0,
05-28 10:10:16.461 1077 1559 I OpenGLRenderer: Davey! duration=9223371950498ms; Flags=0, FrameTimelineVsyncId=3017, IntendedVsync=86355909545, Vsync=86355909545, InputEventId=0, HandleInputStart=86356489207, AnimationStart=86356495457, PerformTraversalsStart=86357443124, DrawStart=86358416832, FrameDeadline=86389242877, FrameInterval=86356478165, FrameStartTime=16666666, SyncQueued=86359039999, SyncStart=86359498249, IssueDrawCommandsStart=86361327999, SwapBuffers=86372974957, FrameCompleted=9223372036854775807, DequeueBufferDuration=48542, QueueBufferDuration=1499459, GpuCompleted=9223372036854775807, SwapBuffersCompleted=86375925707, DisplayPresentTime=0,
05-28 10:10:16.478 1077 1448 I OpenGLRenderer: Davey! duration=9223371950481ms; Flags=0, FrameTimelineVsyncId=3018, IntendedVsync=86372927437, Vsync=86372927437, InputEventId=0, HandleInputStart=86373606290, AnimationStart=86373614290, PerformTraversalsStart=86374515374, DrawStart=86374998624, FrameDeadline=86406260769, FrameInterval=86373593124, FrameStartTime=16666666, SyncQueued=86375469457, SyncStart=86376218665, IssueDrawCommandsStart=86377488332, SwapBuffers=86388100290, FrameCompleted=9223372036854775807, DequeueBufferDuration=40500, QueueBufferDuration=4642958, GpuCompleted=9223372036854775807, SwapBuffersCompleted=86393810249, DisplayPresentTime=0,
05-28 10:10:16.495 1077 1448 I OpenGLRenderer: Davey! duration=9223371950463ms; Flags=0, FrameTimelineVsyncId=3020, IntendedVsync=86389594103, Vsync=86389594103, InputEventId=0, HandleInputStart=86390233457, AnimationStart=86390239374, PerformTraversalsStart=86390783832, DrawStart=86391610124, FrameDeadline=86422927435, FrameInterval=86390222374, FrameStartTime=16666666, SyncQueued=86392304749, SyncStart=86394190082, IssueDrawCommandsStart=86396785832, SwapBuffers=86406277665, FrameCompleted=9223372036854775807, DequeueBufferDuration=57500, QueueBufferDuration=9158208, GpuCompleted=9223372036854775807, SwapBuffersCompleted=86417372582, DisplayPresentTime=0,
05-28 10:10:16.514 1077 1448 I OpenGLRenderer: Davey! duration=9223371950441ms; Flags=0, FrameTimelineVsyncId=3022, IntendedVsync=86406260769, Vsync=86406260769, InputEventId=0, HandleInputStart=86407013082, AnimationStart=86407019874, PerformTraversalsStart=86407767790, DrawStart=86409740290, FrameDeadline=86439594101, FrameInterval=86407000874, FrameStartTime=16666666, SyncQueued=86410508540, SyncStart=86417655124, IssueDrawCommandsStart=86419332082, SwapBuffers=86428748790, FrameCompleted=9223372036854775807, DequeueBufferDuration=59042, QueueBufferDuration=10754709, GpuCompleted=9223372036854775807, SwapBuffersCompleted=86440397540, DisplayPresentTime=0,
05-28 10:10:16.546 1077 1448 I OpenGLRenderer: Davey! duration=9223371950417ms; Flags=0, FrameTimelineVsyncId=3024, IntendedVsync=86422927435, Vsync=86422927435, InputEventId=0, HandleInputStart=86423490540, AnimationStart=86423495874, PerformTraversalsStart=86423988082, DrawStart=86425034624, FrameDeadline=86456260767, FrameInterval=86423481374, FrameStartTime=16666666, SyncQueued=86426585457, SyncStart=86440643249, IssueDrawCommandsStart=86442079874, SwapBuffers=86455856999, FrameCompleted=9223372036854775807, DequeueBufferDuration=49541, QueueBufferDuration=7478834, GpuCompleted=9223372036854775807, SwapBuffersCompleted=86464214582, DisplayPresentTime=0,
05-28 10:10:16.553 476 520 W IorapForwardingService: No service published for: iorapd
05-28 10:10:16.562 1077 1448 I OpenGLRenderer: Davey! duration=9223371950397ms; Flags=0, FrameTimelineVsyncId=3026, IntendedVsync=86439670588, Vsync=86439670588, InputEventId=0, HandleInputStart=86442586332, AnimationStart=86442590040, PerformTraversalsStart=86443269749, DrawStart=86444593790, FrameDeadline=86473003920, FrameInterval=86442579040, FrameStartTime=16666666, SyncQueued=86446824790, SyncStart=86464443374, IssueDrawCommandsStart=86465991957, SwapBuffers=86478861374, FrameCompleted=9223372036854775807, DequeueBufferDuration=55666, QueueBufferDuration=8116083, GpuCompleted=9223372036854775807, SwapBuffersCompleted=86487965082, DisplayPresentTime=0,
05-28 10:10:16.584 1077 1448 I OpenGLRenderer: Davey! duration=9223371950380ms; Flags=0, FrameTimelineVsyncId=3027, IntendedVsync=86456342416, Vsync=86456342416, InputEventId=0, HandleInputStart=86466717540, AnimationStart=86466721332, PerformTraversalsStart=86468158582, DrawStart=86469626957, FrameDeadline=86489675748, FrameInterval=86466709749, FrameStartTime=16666666, SyncQueued=86470435624, SyncStart=86488299165, IssueDrawCommandsStart=86490158374, SwapBuffers=86501071874, FrameCompleted=9223372036854775807, DequeueBufferDuration=72666, QueueBufferDuration=9608458, GpuCompleted=9223372036854775807, SwapBuffersCompleted=86511500790, DisplayPresentTime=0,
05-28 10:10:16.610 1077 1448 I OpenGLRenderer: Davey! duration=9223371950368ms; Flags=0, FrameTimelineVsyncId=3029, IntendedVsync=86473014244, Vsync=86489680910, InputEventId=0, HandleInputStart=86491041790, AnimationStart=86491048457, PerformTraversalsStart=86492698999, DrawStart=86498189832, FrameDeadline=86506347576, FrameInterval=86491025290, FrameStartTime=16666666, SyncQueued=86498765790, SyncStart=86511801207, IssueDrawCommandsStart=86513617415, SwapBuffers=86522962790, FrameCompleted=9223372036854775807, DequeueBufferDuration=65208, QueueBufferDuration=11155041, GpuCompleted=9223372036854775807, SwapBuffersCompleted=86534810249, DisplayPresentTime=0,
05-28 10:10:16.628 1077 1448 I OpenGLRenderer: Davey! duration=9223371950331ms; Flags=0, FrameTimelineVsyncId=3033, IntendedVsync=86505782835, Vsync=86505782835, InputEventId=0, HandleInputStart=86514234707, AnimationStart=86514240874, PerformTraversalsStart=86515025374, DrawStart=86516565165, FrameDeadline=86539116167, FrameInterval=86514224874, FrameStartTime=16666666, SyncQueued=86517594374, SyncStart=86535090499, IssueDrawCommandsStart=86536862915, SwapBuffers=86546632957, FrameCompleted=9223372036854775807, DequeueBufferDuration=50042, QueueBufferDuration=6226542, GpuCompleted=9223372036854775807, SwapBuffersCompleted=86553505832, DisplayPresentTime=0,
05-28 10:10:16.646 1077 1448 I OpenGLRenderer: Davey! duration=9223371950320ms; Flags=0, FrameTimelineVsyncId=3034, IntendedVsync=86522418332, Vsync=86522418332, InputEventId=0, HandleInputStart=86537378999, AnimationStart=86537383915, PerformTraversalsStart=86538127832, DrawStart=86540260374, FrameDeadline=86555751664, FrameInterval=86537369540, FrameStartTime=16666666, SyncQueued=86541547041, SyncStart=86553750874, IssueDrawCommandsStart=86555497124, SwapBuffers=86566279582, FrameCompleted=9223372036854775807, DequeueBufferDuration=58917, QueueBufferDuration=965791, GpuCompleted=9223372036854775807, SwapBuffersCompleted=86567837999, DisplayPresentTime=0,
05-28 10:10:16.663 1077 1448 I OpenGLRenderer: Davey! duration=9223371950307ms; Flags=0, FrameTimelineVsyncId=3036, IntendedVsync=86539034499, Vsync=86555701165, InputEventId=0, HandleInputStart=86556562249, AnimationStart=86556568291, PerformTraversalsStart=86557482999, DrawStart=86559165832, FrameDeadline=86572367831, FrameInterval=86556542916, FrameStartTime=16666666, SyncQueued=86560256541, SyncStart=86568037666, IssueDrawCommandsStart=86569502166, SwapBuffers=86582165624, FrameCompleted=9223372036854775807, DequeueBufferDuration=42000, QueueBufferDuration=981584, GpuCompleted=9223372036854775807, SwapBuffersCompleted=86583806541, DisplayPresentTime=0,
05-28 10:10:16.678 1077 1448 I OpenGLRenderer: Davey! duration=9223371950275ms; Flags=0, FrameTimelineVsyncId=3040, IntendedVsync=86572371266, Vsync=86572371266, InputEventId=0, HandleInputStart=86573398582, AnimationStart=86573406916, PerformTraversalsStart=86574328541, DrawStart=86576628249, FrameDeadline=86605704598, FrameInterval=86573383416, FrameStartTime=16666666, SyncQueued=86577527832, SyncStart=86583975499, IssueDrawCommandsStart=86585152999, SwapBuffers=86595284249, FrameCompleted=9223372036854775807, DequeueBufferDuration=30125, QueueBufferDuration=1258000, GpuCompleted=9223372036854775807, SwapBuffersCompleted=86597478499, DisplayPresentTime=0,
05-28 10:10:16.745 1077 1448 I OpenGLRenderer: Davey! duration=9223371950215ms; Flags=0, FrameTimelineVsyncId=3048, IntendedVsync=86639054199, Vsync=86639054199, InputEventId=0, HandleInputStart=86639682582, AnimationStart=86639689916, PerformTraversalsStart=86640743082, DrawStart=86643190207, FrameDeadline=86672387531, FrameInterval=86639670832, FrameStartTime=16666666, SyncQueued=86643894832, SyncStart=86644121041, IssueDrawCommandsStart=86645773791, SwapBuffers=86653338749, FrameCompleted=9223372036854775807, DequeueBufferDuration=35042, QueueBufferDuration=1384042, GpuCompleted=9223372036854775807, SwapBuffersCompleted=86656112374, DisplayPresentTime=0,
05-28 10:10:16.879 1077 1448 I OpenGLRenderer: Davey! duration=9223371950081ms; Flags=0, FrameTimelineVsyncId=3064, IntendedVsync=86772448137, Vsync=86772448137, InputEventId=0, HandleInputStart=86773210249, AnimationStart=86773217124, PerformTraversalsStart=86774031874, DrawStart=86775512916, FrameDeadline=86805781469, FrameInterval=86773195124, FrameStartTime=16666666, SyncQueued=86776785374, SyncStart=86778044999, IssueDrawCommandsStart=86779055332, SwapBuffers=86785096249, FrameCompleted=9223372036854775807, DequeueBufferDuration=27167, QueueBufferDuration=1266292, GpuCompleted=9223372036854775807, SwapBuffersCompleted=86787163416, DisplayPresentTime=0,
05-28 10:10:16.896 1077 1448 I OpenGLRenderer: Davey! duration=9223371950065ms; Flags=0, FrameTimelineVsyncId=3066, IntendedVsync=86789143666, Vsync=86789143666, InputEventId=0, HandleInputStart=86789720874, AnimationStart=86789727166, PerformTraversalsStart=86790298332, DrawStart=86792090416, FrameDeadline=86822476998, FrameInterval=86789708832, FrameStartTime=16666666, SyncQueued=86792832957, SyncStart=86793037082, IssueDrawCommandsStart=86794532624, SwapBuffers=86809635874, FrameCompleted=9223372036854775807, DequeueBufferDuration=6164834, QueueBufferDuration=3347792, GpuCompleted=9223372036854775807, SwapBuffersCompleted=86814136124, DisplayPresentTime=0,
05-28 10:10:16.910 1077 1448 I OpenGLRenderer: Davey! duration=9223371950045ms; Flags=0, FrameTimelineVsyncId=3068, IntendedVsync=86805850359, Vsync=86805850359, InputEventId=0, HandleInputStart=86806797791, AnimationStart=86806806874, PerformTraversalsStart=86807879999, DrawStart=86810250999, FrameDeadline=86839183691, FrameInterval=86806779041, FrameStartTime=16666666, SyncQueued=86811234124, SyncStart=86814398957, IssueDrawCommandsStart=86815936124, SwapBuffers=86823767207, FrameCompleted=9223372036854775807, DequeueBufferDuration=210375, QueueBufferDuration=2442834, GpuCompleted=9223372036854775807, SwapBuffersCompleted=86829229166, DisplayPresentTime=0,
05-28 10:10:16.945 1077 1098 I OpenGLRenderer: Davey! duration=9223371950015ms; Flags=0, FrameTimelineVsyncId=3072, IntendedVsync=86839241686, Vsync=86839241686, InputEventId=0, HandleInputStart=86840436332, AnimationStart=86840444416, PerformTraversalsStart=86841552374, DrawStart=86843074041, FrameDeadline=86872575018, FrameInterval=86840419666, FrameStartTime=16666666, SyncQueued=86843635957, SyncStart=86843803541, IssueDrawCommandsStart=86844948416, SwapBuffers=86850075291, FrameCompleted=9223372036854775807, DequeueBufferDuration=32417, QueueBufferDuration=3143958, GpuCompleted=9223372036854775807, SwapBuffersCompleted=86853692832, DisplayPresentTime=0,
05-28 10:10:16.961 1077 1098 I OpenGLRenderer: Davey! duration=9223371949998ms; Flags=0, FrameTimelineVsyncId=3074, IntendedVsync=86855908502, Vsync=86855908502, InputEventId=0, HandleInputStart=86856562416, AnimationStart=86856569291, PerformTraversalsStart=86857174249, DrawStart=86858913749, FrameDeadline=86889241834, FrameInterval=86856550707, FrameStartTime=16666666, SyncQueued=86859686791, SyncStart=86859893707, IssueDrawCommandsStart=86861319166, SwapBuffers=86878759957, FrameCompleted=9223372036854775807, DequeueBufferDuration=7593208, QueueBufferDuration=3164708, GpuCompleted=9223372036854775807, SwapBuffersCompleted=86883030082, DisplayPresentTime=0,
05-28 10:10:16.977 1077 1098 I OpenGLRenderer: Davey! duration=9223371949977ms; Flags=0, FrameTimelineVsyncId=3076, IntendedVsync=86872573439, Vsync=86872573439, InputEventId=0, HandleInputStart=86873385832, AnimationStart=86873392874, PerformTraversalsStart=86874210874, DrawStart=86876912916, FrameDeadline=86905906771, FrameInterval=86873371082, FrameStartTime=16666666, SyncQueued=86878681457, SyncStart=86883275332, IssueDrawCommandsStart=86884791082, SwapBuffers=86894081749, FrameCompleted=9223372036854775807, DequeueBufferDuration=43333, QueueBufferDuration=3202083, GpuCompleted=9223372036854775807, SwapBuffersCompleted=86897856249, DisplayPresentTime=0,
05-28 10:10:16.995 1077 1098 I OpenGLRenderer: Davey! duration=9223371949961ms; Flags=0, FrameTimelineVsyncId=3078, IntendedVsync=86889242134, Vsync=86889242134, InputEventId=0, HandleInputStart=86889995166, AnimationStart=86890002832, PerformTraversalsStart=86890824291, DrawStart=86892643249, FrameDeadline=86922575466, FrameInterval=86889981624, FrameStartTime=16666666, SyncQueued=86893871916, SyncStart=86898015499, IssueDrawCommandsStart=86899000457, SwapBuffers=86910031457, FrameCompleted=9223372036854775807, DequeueBufferDuration=29583, QueueBufferDuration=2232875, GpuCompleted=9223372036854775807, SwapBuffersCompleted=86913083124, DisplayPresentTime=0,
05-28 10:10:17.010 1077 1098 I OpenGLRenderer: Davey! duration=9223371949947ms; Flags=0, FrameTimelineVsyncId=3080, IntendedVsync=86905908521, Vsync=86905908521, InputEventId=0, HandleInputStart=86906898374, AnimationStart=86906909166, PerformTraversalsStart=86908362166, DrawStart=86910293582, FrameDeadline=86939241853, FrameInterval=86906879249, FrameStartTime=16666666, SyncQueued=86911595707, SyncStart=86913246374, IssueDrawCommandsStart=86914242707, SwapBuffers=86920914624, FrameCompleted=9223372036854775807, DequeueBufferDuration=35625, QueueBufferDuration=6651208, GpuCompleted=9223372036854775807, SwapBuffersCompleted=86928571749, DisplayPresentTime=0,
05-28 10:10:17.178 1077 1098 I OpenGLRenderer: Davey! duration=9223371949782ms; Flags=0, FrameTimelineVsyncId=3100, IntendedVsync=87072572119, Vsync=87072572119, InputEventId=0, HandleInputStart=87073356791, AnimationStart=87073365457, PerformTraversalsStart=87074200082, DrawStart=87076237916, FrameDeadline=87105905451, FrameInterval=87073340916, FrameStartTime=16666666, SyncQueued=87076857041, SyncStart=87076977166, IssueDrawCommandsStart=87078046499, SwapBuffers=87083858457, FrameCompleted=9223372036854775807, DequeueBufferDuration=92000, QueueBufferDuration=2580333, GpuCompleted=9223372036854775807, SwapBuffersCompleted=87087022082, DisplayPresentTime=0,
05-28 10:10:17.193 1077 1448 I OpenGLRenderer: Davey! duration=9223371949765ms; Flags=0, FrameTimelineVsyncId=3102, IntendedVsync=87089239634, Vsync=87089239634, InputEventId=0, HandleInputStart=87089868082, AnimationStart=87089874749, PerformTraversalsStart=87090449166, DrawStart=87092309374, FrameDeadline=87122572966, FrameInterval=87089856041, FrameStartTime=16666666, SyncQueued=87093083999, SyncStart=87093290499, IssueDrawCommandsStart=87094678374, SwapBuffers=87116089041, FrameCompleted=9223372036854775807, DequeueBufferDuration=10112209, QueueBufferDuration=1487042, GpuCompleted=9223372036854775807, SwapBuffersCompleted=87118531457, DisplayPresentTime=0,
05-28 10:10:17.210 1077 1448 I OpenGLRenderer: Davey! duration=9223371949741ms; Flags=0, FrameTimelineVsyncId=3104, IntendedVsync=87105906196, Vsync=87105906196, InputEventId=0, HandleInputStart=87106715457, AnimationStart=87106721916, PerformTraversalsStart=87107505874, DrawStart=87110054791, FrameDeadline=87139239528, FrameInterval=87106698999, FrameStartTime=16666666, SyncQueued=87111798832, SyncStart=87118764707, IssueDrawCommandsStart=87120310416, SwapBuffers=87129688707, FrameCompleted=9223372036854775807, DequeueBufferDuration=30750, QueueBufferDuration=1592958, GpuCompleted=9223372036854775807, SwapBuffersCompleted=87131827582, DisplayPresentTime=0,
05-28 10:10:17.211 1077 1527 D hq : NetWorkStateReceiver:::检查网络,并且持续更新 isConnect=false
05-28 10:10:17.228 1077 1448 I OpenGLRenderer: Davey! duration=9223371949727ms; Flags=0, FrameTimelineVsyncId=3106, IntendedVsync=87122572977, Vsync=87122572977, InputEventId=0, HandleInputStart=87123332582, AnimationStart=87123338916, PerformTraversalsStart=87124222541, DrawStart=87126288916, FrameDeadline=87155906309, FrameInterval=87123314541, FrameStartTime=16666666, SyncQueued=87126935916, SyncStart=87131984624, IssueDrawCommandsStart=87133012457, SwapBuffers=87138577374, FrameCompleted=9223372036854775807, DequeueBufferDuration=29833, QueueBufferDuration=7077791, GpuCompleted=9223372036854775807, SwapBuffersCompleted=87146299499, DisplayPresentTime=0,
05-28 10:10:17.276 1077 1448 I OpenGLRenderer: Davey! duration=9223371949681ms; Flags=0, FrameTimelineVsyncId=3112, IntendedVsync=87172573630, Vsync=87172573630, InputEventId=0, HandleInputStart=87173591791, AnimationStart=87173597749, PerformTraversalsStart=87174391916, DrawStart=87176314666, FrameDeadline=87205906962, FrameInterval=87173574457, FrameStartTime=16666666, SyncQueued=87176948291, SyncStart=87177169291, IssueDrawCommandsStart=87179765124, SwapBuffers=87190608124, FrameCompleted=9223372036854775807, DequeueBufferDuration=48458, QueueBufferDuration=1457000, GpuCompleted=9223372036854775807, SwapBuffersCompleted=87194540457, DisplayPresentTime=0,
05-28 10:10:17.554 476 520 W IorapForwardingService: No service published for: iorapd
05-28 10:10:17.594 1077 1098 I OpenGLRenderer: Davey! duration=9223371949365ms; Flags=0, FrameTimelineVsyncId=3150, IntendedVsync=87489241304, Vsync=87489241304, InputEventId=0, HandleInputStart=87490005958, AnimationStart=87490013916, PerformTraversalsStart=87490849499, DrawStart=87492594041, FrameDeadline=87522574636, FrameInterval=87489988249, FrameStartTime=16666666, SyncQueued=87494230541, SyncStart=87494477083, IssueDrawCommandsStart=87496261124, SwapBuffers=87507027499, FrameCompleted=9223372036854775807, DequeueBufferDuration=236916, QueueBufferDuration=1565583, GpuCompleted=9223372036854775807, SwapBuffersCompleted=87510651208, DisplayPresentTime=0,
05-28 10:10:17.696 1077 1448 I OpenGLRenderer: Davey! duration=9223371949265ms; Flags=0, FrameTimelineVsyncId=3162, IntendedVsync=87589240973, Vsync=87589240973, InputEventId=0, HandleInputStart=87590096958, AnimationStart=87590103708, PerformTraversalsStart=87590798333, DrawStart=87592206124, FrameDeadline=87622574305, FrameInterval=87590081708, FrameStartTime=16666666, SyncQueued=87593217416, SyncStart=87593362874, IssueDrawCommandsStart=87594484749, SwapBuffers=87601141833, FrameCompleted=9223372036854775807, DequeueBufferDuration=398292, QueueBufferDuration=1267667, GpuCompleted=9223372036854775807, SwapBuffersCompleted=87603379708, DisplayPresentTime=0,
05-28 10:10:17.712 1077 1098 I OpenGLRenderer: Davey! duration=9223371949248ms; Flags=0, FrameTimelineVsyncId=3164, IntendedVsync=87605906924, Vsync=87605906924, InputEventId=0, HandleInputStart=87606525291, AnimationStart=87606531999, PerformTraversalsStart=87607102999, DrawStart=87608436833, FrameDeadline=87639240256, FrameInterval=87606514166, FrameStartTime=16666666, SyncQueued=87609174666, SyncStart=87609382124, IssueDrawCommandsStart=87610728249, SwapBuffers=87627720416, FrameCompleted=9223372036854775807, DequeueBufferDuration=5873208, QueueBufferDuration=1498583, GpuCompleted=9223372036854775807, SwapBuffersCompleted=87630229333, DisplayPresentTime=0,
05-28 10:10:17.760 1077 1098 I OpenGLRenderer: Davey! duration=9223371949198ms; Flags=0, FrameTimelineVsyncId=3170, IntendedVsync=87655908519, Vsync=87655908519, InputEventId=0, HandleInputStart=87656882249, AnimationStart=87656889541, PerformTraversalsStart=87657544541, DrawStart=87659319999, FrameDeadline=87689241851, FrameInterval=87656867749, FrameStartTime=16666666, SyncQueued=87660090874, SyncStart=87660241749, IssueDrawCommandsStart=87661727458, SwapBuffers=87673204541, FrameCompleted=9223372036854775807, DequeueBufferDuration=44500, QueueBufferDuration=1401542, GpuCompleted=9223372036854775807, SwapBuffersCompleted=87678451999, DisplayPresentTime=0,
05-28 10:10:17.928 1077 1098 I OpenGLRenderer: Davey! duration=9223371949032ms; Flags=0, FrameTimelineVsyncId=3190, IntendedVsync=87822572251, Vsync=87822572251, InputEventId=0, HandleInputStart=87823413374, AnimationStart=87823421749, PerformTraversalsStart=87824189916, DrawStart=87825075624, FrameDeadline=87855905583, FrameInterval=87823399624, FrameStartTime=16666666, SyncQueued=87825970208, SyncStart=87826155958, IssueDrawCommandsStart=87827253541, SwapBuffers=87833958583, FrameCompleted=9223372036854775807, DequeueBufferDuration=815208, QueueBufferDuration=1791459, GpuCompleted=9223372036854775807, SwapBuffersCompleted=87836755333, DisplayPresentTime=0,
05-28 10:10:17.945 1077 1098 I OpenGLRenderer: Davey! duration=9223371949015ms; Flags=0, FrameTimelineVsyncId=3192, IntendedVsync=87839238555, Vsync=87839238555, InputEventId=0, HandleInputStart=87839852416, AnimationStart=87839858708, PerformTraversalsStart=87840827416, DrawStart=87842162499, FrameDeadline=87872571887, FrameInterval=87839840916, FrameStartTime=16666666, SyncQueued=87842741916, SyncStart=87842948416, IssueDrawCommandsStart=87844277916, SwapBuffers=87853899666, FrameCompleted=9223372036854775807, DequeueBufferDuration=4593000, QueueBufferDuration=7506750, GpuCompleted=9223372036854775807, SwapBuffersCompleted=87862815458, DisplayPresentTime=0,
05-28 10:10:18.557 476 520 W IorapForwardingService: No service published for: iorapd
05-28 10:10:19.189 1915 1991 D UtilLog : 日志批量上报 进行正常循环 !!!!!!本次有0次请求,共0条数据
05-28 10:10:19.213 1077 1525 D hq : NetWorkStateReceiver:::检查网络,并且持续更新 isConnect=false
05-28 10:10:19.560 476 520 W IorapForwardingService: No service published for: iorapd
05-28 10:10:19.919 1077 2606 W System.err: java.net.UnknownHostException: Unable to resolve host "zmimg.dangbei.net": No address associated with hostname
05-28 10:10:19.919 1077 2606 W System.err: at java.net.Inet6AddressImpl.lookupHostByName(Inet6AddressImpl.java:156)
05-28 10:10:19.919 1077 2606 W System.err: at java.net.Inet6AddressImpl.lookupAllHostAddr(Inet6AddressImpl.java:103)
05-28 10:10:19.919 1077 2606 W System.err: at java.net.InetAddress.getAllByName(InetAddress.java:1152)
05-28 10:10:19.919 1077 2606 W System.err: at okhttp3.Dns$Companion$DnsSystem.lookup(SourceFile:6)
05-28 10:10:19.919 1077 2606 W System.err: at okhttp3.internal.connection.RouteSelector.resetNextInetSocketAddress(SourceFile:153)
05-28 10:10:19.919 1077 2606 W System.err: at okhttp3.internal.connection.RouteSelector.nextProxy(SourceFile:21)
05-28 10:10:19.919 1077 2606 W System.err: at okhttp3.internal.connection.RouteSelector.next(SourceFile:18)
05-28 10:10:19.919 1077 2606 W System.err: at okhttp3.internal.connection.ExchangeFinder.findConnection(SourceFile:197)
05-28 10:10:19.920 1077 2606 W System.err: at okhttp3.internal.connection.ExchangeFinder.findHealthyConnection(SourceFile:1)
05-28 10:10:19.920 1077 2606 W System.err: at okhttp3.internal.connection.ExchangeFinder.find(SourceFile:52)
05-28 10:10:19.920 1077 2606 W System.err: at okhttp3.internal.connection.RealCall.initExchange$okhttp(SourceFile:32)
05-28 10:10:19.920 1077 2606 W System.err: at okhttp3.internal.connection.ConnectInterceptor.intercept(SourceFile:12)
05-28 10:10:19.920 1077 2606 W System.err: at okhttp3.internal.http.RealInterceptorChain.proceed(SourceFile:155)
05-28 10:10:19.920 1077 2606 W System.err: at okhttp3.internal.cache.CacheInterceptor.intercept(SourceFile:190)
05-28 10:10:19.920 1077 2606 W System.err: at okhttp3.internal.http.RealInterceptorChain.proceed(SourceFile:155)
