05-28 10:09:13.387 190 232 I vold : Configuring max_ratio of /mnt/user/0/emulated fuse filesystem to 40
05-28 10:09:13.387 190 232 I vold : Writing 40 to /sys/class/bdi/0:47/max_ratio
05-28 10:09:13.390 476 601 I StorageManagerService: Mounted volume VolumeInfo{emulated;0}:
05-28 10:09:13.390 476 601 I StorageManagerService: type=EMULATED diskId=null partGuid= mountFlags=PRIMARY|VISIBLE
05-28 10:09:13.390 476 601 I StorageManagerService: mountUserId=0 state=MOUNTED
05-28 10:09:13.390 476 601 I StorageManagerService: fsType=null fsUuid=null fsLabel=null
05-28 10:09:13.390 476 601 I StorageManagerService: path=/storage/emulated internalPath=/data/media
05-28 10:09:13.392 476 601 I StorageSessionController: Notifying volume state changed for session with id: emulated;0
05-28 10:09:13.397 665 665 D SystemUIBootTiming: SystemUIService: bootcomplete com.android.systemui.power.PowerUI took 38 ms
05-28 10:09:13.397 665 665 D SystemUIService: loading: com.android.systemui.media.RingtonePlayer
05-28 10:09:13.398 665 665 D SystemUIService: running: com.android.systemui.media.RingtonePlayer@435ce38
05-28 10:09:13.403 1261 1261 D RockyApplication: init: false
05-28 10:09:13.407 665 665 D SystemUIBootTiming: SystemUIService: bootcomplete com.android.systemui.media.RingtonePlayer took 9 ms
05-28 10:09:13.407 665 665 D SystemUIService: loading: com.android.systemui.keyboard.KeyboardUI
05-28 10:09:13.407 665 665 D SystemUIService: running: com.android.systemui.keyboard.KeyboardUI@b6b5b76
05-28 10:09:13.409 665 665 D SystemUIBootTiming: SystemUIService: bootcomplete com.android.systemui.keyboard.KeyboardUI took 2 ms
05-28 10:09:13.410 1077 1077 E xxxxxxxxxxxxxxx: onConfigurationChanged2===>{1.0 ?mcc?mnc [zh_CN] ldltr sw720dp w1280dp h696dp 240dpi xlrg long land television -touch qwerty/v/v dpad/v winConfig={ mBounds=Rect(0, 0 - 1920, 1080) mAppBounds=Rect(0, 0 - 1920, 1080) mMaxBounds=Rect(0, 0 - 1920, 1080) mWindowingMode=fullscreen mDisplayWindowingMode=fullscreen mActivityType=undefined mAlwaysOnTop=undefined mRotation=ROTATION_0} s.6 fontWeightAdjustment=0}
05-28 10:09:13.410 665 665 D SystemUIService: loading: com.android.systemui.shortcut.ShortcutKeyDispatcher
05-28 10:09:13.412 665 665 D SystemUIService: running: com.android.systemui.shortcut.ShortcutKeyDispatcher@5d81577
05-28 10:09:13.414 1077 1077 E memInfo.totalMem: memInfo.totalMem=2055442432 1073741824
05-28 10:09:13.414 665 665 D SystemUIBootTiming: SystemUIService: bootcomplete com.android.systemui.shortcut.ShortcutKeyDispatcher took 4 ms
05-28 10:09:13.415 665 665 D SystemUIService: loading: com.android.systemui.VendorServices
05-28 10:09:13.415 665 665 D SystemUIService: running: com.android.systemui.VendorServices@9b47a4d
05-28 10:09:13.415 665 665 D SystemUIBootTiming: SystemUIService: bootcomplete com.android.systemui.VendorServices took 0 ms
05-28 10:09:13.415 665 665 D SystemUIService: loading: com.android.systemui.SliceBroadcastRelayHandler
05-28 10:09:13.416 665 665 D SystemUIService: running: com.android.systemui.SliceBroadcastRelayHandler@3a9b902
05-28 10:09:13.416 665 665 D SystemUIBootTiming: SystemUIService: bootcomplete com.android.systemui.SliceBroadcastRelayHandler took 1 ms
05-28 10:09:13.417 665 665 D SystemUIService: loading: com.android.systemui.statusbar.notification.InstantAppNotifier
05-28 10:09:13.418 665 665 D SystemUIService: running: com.android.systemui.statusbar.notification.InstantAppNotifier@9663c6f
05-28 10:09:13.423 665 665 D SystemUIBootTiming: SystemUIService: bootcomplete com.android.systemui.statusbar.notification.InstantAppNotifier took 5 ms
05-28 10:09:13.423 665 665 D SystemUIService: loading: com.android.systemui.toast.ToastUI
05-28 10:09:13.424 665 665 D SystemUIService: running: com.android.systemui.toast.ToastUI@2e1665a
05-28 10:09:13.425 665 665 D SystemUIBootTiming: SystemUIService: bootcomplete com.android.systemui.toast.ToastUI took 2 ms
05-28 10:09:13.425 665 665 D SystemUIService: loading: com.android.systemui.wmshell.WMShell
05-28 10:09:13.425 665 665 D SystemUIService: running: com.android.systemui.wmshell.WMShell@ac4308b
05-28 10:09:13.429 476 644 W HdmiCecController: Failed to send 45:7D with errorCode=1
05-28 10:09:13.443 1077 1290 D getEthernetMacAddr: getEthernetMacAddr use eth0
05-28 10:09:13.447 665 665 D SystemUIBootTiming: SystemUIService: bootcomplete com.android.systemui.wmshell.WMShell took 20 ms
05-28 10:09:13.448 665 665 D SystemUIService: loading: com.android.systemui.media.systemsounds.HomeSoundEffectController
05-28 10:09:13.448 665 665 D SystemUIService: running: com.android.systemui.media.systemsounds.HomeSoundEffectController@ec34a67
05-28 10:09:13.450 1022 1145 V MediaStore: Examining volume emulated;0 with name external_primary and state mounted
05-28 10:09:13.450 665 665 D SystemUIBootTiming: SystemUIService: bootcomplete com.android.systemui.media.systemsounds.HomeSoundEffectController took 2 ms
05-28 10:09:13.453 476 1284 W StorageManagerService: Reporting emulated;0 unmounted due to system locked
05-28 10:09:13.454 665 665 I ManagerService: --------------------- system activated! ---------------
05-28 10:09:13.454 665 665 D SystemUIBootTiming: SystemUIService: bootcomplete com.android.systemui.oranth.ManagerService took 4 ms
05-28 10:09:13.460 476 1284 D CompatibilityChangeReporter: Compat change id reported: 168419799; UID 1000; state: DISABLED
05-28 10:09:13.466 1077 1187 I WebViewFactory: Loading com.android.webview version 91.0.4472.114 (code 447211450)
05-28 10:09:13.470 1196 1260 I ContactLocale: AddressBook Labels [[zh_CN]]: […, A, B, C, D, E, F, G, H, I, J, K, L, M, N, O, P, Q, R, S, T, U, V, W, X, Y, Z, Α, Β, Γ, Δ, Ε, Ζ, Η, Θ, Ι, Κ, Λ, Μ, Ν, Ξ, Ο, Π, Ρ, Σ, Τ, Υ, Φ, Χ, Ψ, Ω, …, А, Б, В, Г, Д, Ђ, Е, Є, Ж, З, И, І, Й, Ј, К, Л, Љ, М, Н, Њ, О, П, Р, С, Т, Ћ, У, Ф, Х, Ц, Ч, Џ, Ш, Щ, Ю, Я, …, א, ב, ג, ד, ה, ו, ז, ח, ט, י, כ, ל, מ, נ, ס, ע, פ, צ, ק, ר, ש, ת, …, ا, ب, ت, ث, ج, ح, خ, د, ذ, ر, ز, س, ش, ص, ض, ط, ظ, ع, غ, ف, ق, ك, ل, م, ن, ه, و, ي, …, ก, ข, ฃ, ค, ฅ, ฆ, ง, จ, ฉ, ช, ซ, ฌ, ญ, ฎ, ฏ, ฐ, ฑ, ฒ, ณ, ด, ต, ถ, ท, ธ, น, บ, ป, ผ, ฝ, พ, ฟ, ภ, ม, ย, ร, ฤ, ล, ฦ, ว, ศ, ษ, ส, ห, ฬ, อ, ฮ, …, ㄱ, ㄴ, ㄷ, ㄹ, ㅁ, ㅂ, ㅅ, ㅇ, ㅈ, ㅊ, ㅋ, ㅌ, ㅍ, ㅎ, …, あ, か, さ, た, な, は, ま, や, ら, わ, #, …]
05-28 10:09:13.484 476 601 I StorageSessionController: Notifying volume state changed for session with id: emulated;0
05-28 10:09:13.490 1022 1145 I ExternalStorageServiceImpl: Ignoring volume state for vol:external_primary. State: checking
05-28 10:09:13.499 1077 1077 D OsInitLaunch: send cache: homeCreate, null, null, null
05-28 10:09:13.501 476 1284 W StorageManagerService: Reporting emulated;0 unmounted due to system locked
05-28 10:09:13.507 1022 1145 V MediaStore: Examining volume emulated;0 with name external_primary and state mounted
05-28 10:09:13.530 665 665 V TvNotificationHandler: Notification not added because it isn't relevant for tv
05-28 10:09:13.534 1077 1187 D nativeloader: classloader namespace configured for unbundled product apk. library_path=/product/app/webview/lib/arm:/product/app/webview/webview.apk!/lib/armeabi-v7a:/product/lib:/system/product/lib
05-28 10:09:13.553 476 601 I StorageSessionController: Notifying volume state changed for session with id: emulated;0
05-28 10:09:13.561 1022 1022 V MediaStore: Examining volume emulated;0 with name external_primary and state mounted
05-28 10:09:13.574 264 264 D hdmi-cec: cec physical address: 1.0.0.0
05-28 10:09:13.575 476 476 W Looper : Slow dispatch took 145ms main h=android.os.Handler c=com.android.server.hdmi.WorkSourceUidPreservingRunnable@52c6f27 m=0
05-28 10:09:13.582 476 476 D NetworkSecurityConfig: No Network Security Config specified, using platform default
05-28 10:09:13.584 476 476 E BootReceiver: Could not open /sys/kernel/tracing/instances/bootreceiver/trace_pipe
05-28 10:09:13.584 476 476 E BootReceiver: android.system.ErrnoException: open failed: ENOENT (No such file or directory)
05-28 10:09:13.584 476 476 E BootReceiver: at libcore.io.Linux.open(Native Method)
05-28 10:09:13.584 476 476 E BootReceiver: at libcore.io.ForwardingOs.open(ForwardingOs.java:567)
05-28 10:09:13.584 476 476 E BootReceiver: at libcore.io.BlockGuardOs.open(BlockGuardOs.java:273)
05-28 10:09:13.584 476 476 E BootReceiver: at android.system.Os.open(Os.java:501)
05-28 10:09:13.584 476 476 E BootReceiver: at com.android.server.BootReceiver.onReceive(BootReceiver.java:167)
05-28 10:09:13.584 476 476 E BootReceiver: at android.app.ActivityThread.handleReceiver(ActivityThread.java:4308)
05-28 10:09:13.584 476 476 E BootReceiver: at android.app.ActivityThread.access$1600(ActivityThread.java:247)
05-28 10:09:13.584 476 476 E BootReceiver: at android.app.ActivityThread$H.handleMessage(ActivityThread.java:2064)
05-28 10:09:13.584 476 476 E BootReceiver: at android.os.Handler.dispatchMessage(Handler.java:106)
05-28 10:09:13.584 476 476 E BootReceiver: at android.os.Looper.loopOnce(Looper.java:201)
05-28 10:09:13.584 476 476 E BootReceiver: at android.os.Looper.loop(Looper.java:288)
05-28 10:09:13.584 476 476 E BootReceiver: at com.android.server.SystemServer.run(SystemServer.java:966)
05-28 10:09:13.584 476 476 E BootReceiver: at com.android.server.SystemServer.main(SystemServer.java:628)
05-28 10:09:13.584 476 476 E BootReceiver: at java.lang.reflect.Method.invoke(Native Method)
05-28 10:09:13.584 476 476 E BootReceiver: at com.android.internal.os.RuntimeInit$MethodAndArgsCaller.run(RuntimeInit.java:548)
05-28 10:09:13.584 476 476 E BootReceiver: at com.android.internal.os.ZygoteInit.main(ZygoteInit.java:1160)
05-28 10:09:13.593 813 813 W ContextImpl: Calling a method in the system process without a qualified user: android.app.ContextImpl.startService:1816 android.content.ContextWrapper.startService:774 android.content.ContextWrapper.startService:774 com.android.tv.settings.users.UserSwitchListenerService$BootReceiver.onReceive:50 android.app.ActivityThread.handleReceiver:4308
05-28 10:09:13.607 1261 1261 D RockyManager: initFarWakeStatus isMainFarSwitch: false
05-28 10:09:13.630 476 1315 I RecoverySystem: No recovery log file
05-28 10:09:13.631 476 476 V AudioDeviceManagerObserver: AudioDeviceManagerObserver init()
05-28 10:09:13.631 476 476 D AudioDeviceManagerObserver: AudioDeviceManagerObserver: newCardId: /sys/class/sound/card0/id
05-28 10:09:13.633 476 476 D AudioDeviceManagerObserver: AudioDeviceManagerObserver: devName: pcmC0D0p
05-28 10:09:13.634 476 476 D AudioDeviceManagerObserver: ~~~~~~~~ AudioDeviceManagerObserver: findNameMap: id: audiocodec
05-28 10:09:13.634 476 476 D AudioDeviceManagerObserver: AudioDeviceManagerObserver: name_linux: audiocodec, name_android: AUDIO_CODEC
05-28 10:09:13.634 476 476 D AudioDeviceManagerObserver: AudioDeviceManagerObserver: newCardId: /sys/class/sound/card1/id
05-28 10:09:13.635 476 476 D AudioDeviceManagerObserver: AudioDeviceManagerObserver: devName: pcmC1D0c
05-28 10:09:13.635 476 476 D AudioDeviceManagerObserver: ~~~~~~~~ AudioDeviceManagerObserver: findNameMap: id: sndspdif
05-28 10:09:13.635 476 476 D AudioDeviceManagerObserver: AudioDeviceManagerObserver: devName: pcmC1D0p
05-28 10:09:13.636 476 476 D AudioDeviceManagerObserver: ~~~~~~~~ AudioDeviceManagerObserver: findNameMap: id: sndspdif
05-28 10:09:13.636 476 476 D AudioDeviceManagerObserver: AudioDeviceManagerObserver: name_linux: sndspdif, name_android: AUDIO_SPDIF
05-28 10:09:13.636 476 476 D AudioDeviceManagerObserver: AudioDeviceManagerObserver: newCardId: /sys/class/sound/card2/id
05-28 10:09:13.637 1261 1261 I RockyManager: isFarWake: false
05-28 10:09:13.639 476 476 D AudioDeviceManagerObserver: AudioDeviceManagerObserver: name_linux: ahubdam, name_android: AUDIO_SPDIF
05-28 10:09:13.641 476 476 D AudioDeviceManagerObserver: AudioDeviceManagerObserver: newCardId: /sys/class/sound/card3/id
05-28 10:09:13.652 1077 1306 I MobclickAgent: module init:azio
05-28 10:09:13.655 1261 1261 W ContextImpl: Calling a method in the system process without a qualified user: android.app.ContextImpl.startService:1816 android.content.ContextWrapper.startService:774 com.cvte.tv.api.TvApiSDKManager.:177 com.cvte.tv.api.TvApiSDKManager.init:217 com.dangbei.rocky.component.system.SystemControlUtils.initSystemAidl:82
05-28 10:09:13.657 476 498 W ActivityManager: Unable to start service Intent { act=com.cvte.tv.api.TV_API_SERVICE pkg=com.cvte.tv.api.impl } U=0: not found
05-28 10:09:13.663 476 476 D AudioDeviceManagerObserver: AudioDeviceManagerObserver: devName: pcmC3D0c
05-28 10:09:13.663 476 476 D AudioDeviceManagerObserver: ~~~~~~~~ AudioDeviceManagerObserver: findNameMap: id: ahubhdmi
05-28 10:09:13.664 476 476 D AudioDeviceManagerObserver: AudioDeviceManagerObserver: devName: pcmC3D0p
05-28 10:09:13.666 476 476 D AudioDeviceManagerObserver: ~~~~~~~~ AudioDeviceManagerObserver: findNameMap: id: ahubhdmi
05-28 10:09:13.667 1261 1261 W ContextImpl: Calling a method in the system process without a qualified user: android.app.ContextImpl.bindService:1895 android.content.ContextWrapper.bindService:810 com.cvte.tv.api.TvApiSDKManager.:178 com.cvte.tv.api.TvApiSDKManager.init:217 com.dangbei.rocky.component.system.SystemControlUtils.initSystemAidl:82
05-28 10:09:13.672 476 498 W ActivityManager: Unable to start service Intent { act=com.cvte.tv.api.TV_API_SERVICE pkg=com.cvte.tv.api.impl } U=0: not found
05-28 10:09:13.672 476 476 D AudioDeviceManagerObserver: AudioDeviceManagerObserver: name_linux: ahubhdmi, name_android: AUDIO_USB_ahubhdmi
05-28 10:09:13.674 476 476 D AudioDeviceManagerObserver: AudioDeviceManagerObserver: newCardId: /sys/class/sound/card4/id
05-28 10:09:13.675 476 476 D AudioDeviceManagerObserver: AudioDeviceManagerObserver: devName: pcmC4D0c
05-28 10:09:13.677 476 476 D AudioDeviceManagerObserver: ~~~~~~~~ AudioDeviceManagerObserver: findNameMap: id: ahubi2s2
05-28 10:09:13.678 476 476 D AudioDeviceManagerObserver: AudioDeviceManagerObserver: devName: pcmC4D0p
05-28 10:09:13.678 476 476 D AudioDeviceManagerObserver: ~~~~~~~~ AudioDeviceManagerObserver: findNameMap: id: ahubi2s2
05-28 10:09:13.678 1077 1077 E hq : LauncherCallback:::onViewCreate
05-28 10:09:13.678 1077 1077 E hq : LauncherCallback:::onAttach
05-28 10:09:13.678 476 476 D AudioDeviceManagerObserver: AudioDeviceManagerObserver: name_linux: ahubi2s2, name_android: AUDIO_USB_ahubi2s2
05-28 10:09:13.682 476 1315 I DropBoxManagerService: add tag=SYSTEM_BOOT isTagEnabled=true flags=0x2
05-28 10:09:13.690 476 476 D AudioDeviceManagerObserver: AudioDeviceManagerObserver: newCardId: /sys/class/sound/card5/id
05-28 10:09:13.692 1261 1261 D TvApiSDKManager: getTvApi getSystemService = false
05-28 10:09:13.692 1261 1261 D TvApiSDKManager: getTvApi startService
05-28 10:09:13.693 1261 1261 W ContextImpl: Calling a method in the system process without a qualified user: android.app.ContextImpl.startService:1816 android.content.ContextWrapper.startService:774 com.cvte.tv.api.TvApiSDKManager.getTvApi:361 com.dangbei.rocky.component.system.SystemControlUtils.initSystemAidl:83 com.dangbei.rocky.component.system.SystemComponent.onAttached:38
05-28 10:09:13.698 476 476 V AudioDeviceManagerObserver: This kernel does not have sound card5
05-28 10:09:13.702 476 476 D AudioManagerEx: AudioManagerEx
05-28 10:09:13.712 250 250 D audio_hw_primary: getAudioDevices()
05-28 10:09:13.712 250 250 D audio_hw_primary: out dev:AUDIO_CODEC
05-28 10:09:13.712 250 250 D audio_hw_primary: in dev:AUDIO_SPDIF
05-28 10:09:13.712 250 250 D audio_hw_primary: out dev:AUDIO_SPDIF
05-28 10:09:13.712 250 250 D audio_hw_primary: in dev:AUDIO_HDMI
05-28 10:09:13.712 250 250 D audio_hw_primary: out dev:AUDIO_HDMI
05-28 10:09:13.712 250 250 D audio_hw_primary: in dev:AUDIO_I2S2
05-28 10:09:13.712 250 250 D audio_hw_primary: out playback: AUDIO_CODEC,AUDIO_SPDIF,AUDIO_HDMI
05-28 10:09:13.713 476 1315 I BootReceiver: Copying audit failures to DropBox
05-28 10:09:13.716 250 316 D xm_audio: adev_get_parameters
05-28 10:09:13.716 476 1315 I BootReceiver: Checking for fsck errors
05-28 10:09:13.717 269 442 I hash_map_utils: system/bt/osi/src/hash_map_utils.cc:81 hash_map_utils_dump_string_keys_string_values: key: 'audio_devices_out' value: ''
05-28 10:09:13.718 476 476 D AudioManagerEx: type audio_devices_out list AUDIO_CODEC,AUDIO_SPDIF,AUDIO_HDMI=
05-28 10:09:13.719 476 476 D AudioManagerPolicy: get AUDIO_MANAGE_POLICY is 2
05-28 10:09:13.727 476 476 E AudioDeviceManagerObserver: Could not parse switch state for /sys/devices/virtual/switch/h2w/state ,fail because /sys/devices/virtual/switch/h2w/state: open failed: ENOENT (No such file or directory)
05-28 10:09:13.727 476 476 D AudioManagerPolicy: no usb audio i=3 size=3
05-28 10:09:13.731 476 577 W ActivityManager: Unable to start service Intent { act=com.cvte.tv.api.TV_API_SERVICE pkg=com.cvte.tv.api.impl } U=0: not found
05-28 10:09:13.734 1261 1261 W ContextImpl: Calling a method in the system process without a qualified user: android.app.ContextImpl.bindService:1895 android.content.ContextWrapper.bindService:810 com.cvte.tv.api.TvApiSDKManager.getTvApi:362 com.dangbei.rocky.component.system.SystemControlUtils.initSystemAidl:83 com.dangbei.rocky.component.system.SystemComponent.onAttached:38
05-28 10:09:13.746 476 476 D AudioManagerPolicy: curType4 isHdmiPlugin =true
05-28 10:09:13.747 476 476 D AudioManagerPolicy: hdmi is available on init.
05-28 10:09:13.748 476 476 D AudioManagerPolicy: notifyHdmiAvailable hdmi is available
05-28 10:09:13.716 476 476 I system_server: type=1400 audit(0.0:430): avc: denied { call } for scontext=u:r:system_server:s0 tcontext=u:r:hal_awdisplayoutput_default:s0 tclass=binder permissive=1
05-28 10:09:13.751 476 809 W ActivityManager: Unable to start service Intent { act=com.cvte.tv.api.TV_API_SERVICE pkg=com.cvte.tv.api.impl } U=0: not found
05-28 10:09:13.786 1077 1077 E hq : LauncherCallback:::inspect
05-28 10:09:13.786 1040 1055 I lerad.etna.haq: Background young concurrent copying GC freed 19293(1204KB) AllocSpace objects, 0(0B) LOS objects, 88% free, 3276KB/27MB, paused 147us total 186.318ms
05-28 10:09:13.788 1077 1077 E hq : AdHelper:::后台配置是否展现广告: true
05-28 10:09:13.789 476 1315 D CompatibilityChangeReporter: Compat change id reported: 135634846; UID 10013; state: DISABLED
05-28 10:09:13.790 476 1315 D CompatibilityChangeReporter: Compat change id reported: 177438394; UID 10013; state: DISABLED
05-28 10:09:13.790 1077 1077 D OsInitLaunch: send cache: launchHome, launchMainActivity, null, 1
05-28 10:09:13.790 476 1315 D CompatibilityChangeReporter: Compat change id reported: 135772972; UID 10013; state: DISABLED
05-28 10:09:13.791 476 1315 D CompatibilityChangeReporter: Compat change id reported: 135754954; UID 10013; state: ENABLED
05-28 10:09:13.792 476 538 D CompatibilityChangeReporter: Compat change id reported: 143937733; UID 10013; state: ENABLED
05-28 10:09:13.807 1022 1034 I FuseDaemon: Background young concurrent copying GC freed 16761(1074KB) AllocSpace objects, 4(80KB) LOS objects, 87% free, 3363KB/27MB, paused 2.022ms total 300.405ms
05-28 10:09:13.809 245 245 D Zygote : Forked child process 1326
05-28 10:09:13.815 1261 1261 W ContextImpl: Calling a method in the system process without a qualified user: android.app.ContextImpl.startService:1816 android.content.ContextWrapper.startService:774 com.dangbei.phrike.core.DownloadManager.register:294 com.dangbei.component_appcontrol.phrike.XPhrikeAppCreator.register:47 com.dangbei.component_appcontrol.AppControlComponent.onAttached:65
05-28 10:09:13.831 1196 1260 D ContactsDatabaseHelper: WAL enabled for profile.db: true
05-28 10:09:13.856 1326 1326 I Zygote : seccomp disabled by setenforce 0
05-28 10:09:13.864 1077 1077 I nd.statics.boot: type=1400 audit(0.0:431): avc: denied { read } for name="address" dev="sysfs" ino=25791 scontext=u:r:system_app:s0 tcontext=u:object_r:sysfs:s0 tclass=file permissive=1
05-28 10:09:13.864 1077 1077 I nd.statics.boot: type=1400 audit(0.0:432): avc: denied { open } for path="/sys/devices/platform/unisoc_wifi/net/wlan0/address" dev="sysfs" ino=25791 scontext=u:r:system_app:s0 tcontext=u:object_r:sysfs:s0 tclass=file permissive=1
05-28 10:09:13.868 1077 1077 I nd.statics.boot: type=1400 audit(0.0:433): avc: denied { getattr } for path="/sys/devices/platform/unisoc_wifi/net/wlan0/address" dev="sysfs" ino=25791 scontext=u:r:system_app:s0 tcontext=u:object_r:sysfs:s0 tclass=file permissive=1
05-28 10:09:13.868 326 326 I rainbow_flow: type=1400 audit(0.0:434): avc: denied { ioctl } for path="/dev/spidev1.0" dev="tmpfs" ino=6381 ioctlcmd=0x6b00 scontext=u:r:init:s0 tcontext=u:object_r:device:s0 tclass=chr_file permissive=1
05-28 10:09:13.877 250 316 D audio_hw_primary: Mic get_audio_devices_active:
05-28 10:09:13.877 250 316 D audio_hw_primary: get_audio_devices_active: AUDIO_CODEC,AUDIO_HDMI
05-28 10:09:13.877 250 316 D xm_audio: adev_get_parameters
05-28 10:09:13.877 269 442 I hash_map_utils: system/bt/osi/src/hash_map_utils.cc:81 hash_map_utils_dump_string_keys_string_values: key: 'audio_devices_out_active' value: ''
05-28 10:09:13.878 476 476 D AudioManagerEx: type audio_devices_out_active list AUDIO_CODEC,AUDIO_HDMI=
05-28 10:09:13.878 476 476 D AudioManagerEx: AudioManagerEx
05-28 10:09:13.879 476 476 D AudioManagerPolicy: save audio is AUDIO_SPDIF,AUDIO_CODEC,AUDIO_CODEC
05-28 10:09:13.879 476 476 D AudioManagerPolicy: get AUDIO_MANAGE_POLICY is 2
05-28 10:09:13.879 476 476 D AudioManagerPolicy: POLICY_2 Remove USB Audio or No USB Audio Output Device Connected!
05-28 10:09:13.880 476 476 D AudioManagerEx: state=audio_devices_out_active,dev=[AUDIO_SPDIF, AUDIO_CODEC, AUDIO_HDMI]
05-28 10:09:13.880 476 476 D AudioManagerEx: enablePassThrough = false
05-28 10:09:13.881 476 476 D AudioManagerEx: hdmiAvailable=true list=[AUDIO_SPDIF, AUDIO_CODEC, AUDIO_HDMI]
05-28 10:09:13.882 476 476 D AudioManagerEx: audio=AUDIO_SPDIF,AUDIO_CODEC,AUDIO_HDMI
05-28 10:09:13.886 250 316 V audio_hw_primary: adev_set_parameters, mediasw.sft.rawdata=PCM
05-28 10:09:13.888 250 316 V audio_hw_primary: adev_set_parameters, audio_devices_out_active=AUDIO_SPDIF,AUDIO_CODEC,AUDIO_HDMI
05-28 10:09:13.888 250 316 V audio_hw_primary: out AUDIO_PARAMETER_DEVICES_OUT_ACTIVE: AUDIO_SPDIF,AUDIO_CODEC,AUDIO_HDMI
05-28 10:09:13.898 250 316 V audio_hw_primary: set property vendor.audio.output.active: AUDIO_SPDIF,AUDIO_CODEC,AUDIO_HDMI ok
05-28 10:09:13.898 250 316 V audio_hw_primary: AUDIO_SPDIF output device will be active
05-28 10:09:13.898 250 316 V audio_hw_primary: AUDIO_CODEC output device will be active
05-28 10:09:13.898 250 316 V audio_hw_primary: AUDIO_HDMI output device will be active
05-28 10:09:13.903 476 476 D AudioManagerEx: Update Settings.System.AUDIO_OUTPUT_CHANNEL, now save audio is AUDIO_SPDIF,AUDIO_CODEC,AUDIO_HDMI
05-28 10:09:13.903 476 476 D AudioManagerPolicy: get AUDIO_MANAGE_POLICY is 2
05-28 10:09:13.904 250 316 D audio_hw_primary: getAudioDevices()
05-28 10:09:13.905 250 316 D audio_hw_primary: out dev:AUDIO_CODEC
05-28 10:09:13.905 250 316 D audio_hw_primary: in dev:AUDIO_SPDIF
05-28 10:09:13.905 250 316 D audio_hw_primary: out dev:AUDIO_SPDIF
05-28 10:09:13.905 250 316 D audio_hw_primary: in dev:AUDIO_HDMI
05-28 10:09:13.905 250 316 D audio_hw_primary: out dev:AUDIO_HDMI
05-28 10:09:13.905 250 316 D audio_hw_primary: in dev:AUDIO_I2S2
05-28 10:09:13.905 250 316 D audio_hw_primary: in capture: AUDIO_SPDIF,AUDIO_HDMI,AUDIO_I2S2
05-28 10:09:13.905 250 316 D xm_audio: adev_get_parameters
05-28 10:09:13.906 269 442 I hash_map_utils: system/bt/osi/src/hash_map_utils.cc:81 hash_map_utils_dump_string_keys_string_values: key: 'audio_devices_in' value: ''
05-28 10:09:13.907 383 396 I adbd : jdwp connection from 1326
05-28 10:09:13.908 476 476 D AudioManagerEx: type audio_devices_in list AUDIO_SPDIF,AUDIO_HDMI,AUDIO_I2S2=
05-28 10:09:13.908 476 476 D AudioManagerEx: state=audio_devices_in_active,dev=[AUDIO_CODEC]
05-28 10:09:13.908 476 476 D AudioManagerEx: enablePassThrough = false
05-28 10:09:13.908 476 476 D AudioManagerEx: audio=AUDIO_CODEC
05-28 10:09:13.911 250 316 V audio_hw_primary: adev_set_parameters, mediasw.sft.rawdata=PCM
05-28 10:09:13.922 476 808 D CompatibilityChangeReporter: Compat change id reported: 182734110; UID 10074; state: DISABLED
05-28 10:09:13.925 250 316 V audio_hw_primary: adev_set_parameters, audio_devices_in_active=AUDIO_CODEC
05-28 10:09:13.926 250 316 V audio_hw_primary: in AUDIO_PARAMETER_DEVICES_IN_ACTIVE: AUDIO_CODEC
05-28 10:09:13.927 250 316 V audio_hw_primary: set property vendor.audio.input.active: AUDIO_CODEC ok
05-28 10:09:13.927 250 316 E audio_hw_primary: can not set AUDIO_CODEC input active
05-28 10:09:13.927 250 316 E audio_hw_primary: but device AUDIO_I2S2 input will be active
05-28 10:09:13.929 476 577 D CompatibilityChangeReporter: Compat change id reported: 168419799; UID 10074; state: DISABLED
05-28 10:09:13.933 476 538 W ActivityManager: Slow operation: 150ms so far, now at startProcess: done updating battery stats
05-28 10:09:13.934 476 538 W ActivityManager: Slow operation: 151ms so far, now at startProcess: building log message
05-28 10:09:13.934 476 538 I ActivityManager: app.processName = android.process.media
05-28 10:09:13.934 476 538 I ActivityManager: Start proc 1326:android.process.media/u0a13 for content provider {com.android.providers.downloads/com.android.providers.downloads.DownloadProvider}
05-28 10:09:13.934 476 538 W ActivityManager: Slow operation: 151ms so far, now at startProcess: starting to update pids map
05-28 10:09:13.934 476 538 W ActivityManager: Slow operation: 151ms so far, now at startProcess: done updating pids map
05-28 10:09:13.941 476 476 W Looper : Slow dispatch took 311ms main h=android.app.ActivityThread$H c=android.app.LoadedApk$ReceiverDispatcher$Args$$ExternalSyntheticLambda0@ea88bd7 m=0
05-28 10:09:13.942 476 476 D AudioDeviceManagerObserver: name: AUDIO_HDMI, state: 1, type: 1
05-28 10:09:13.942 1261 1261 I RockyManager: initSDKDelegate:
05-28 10:09:13.944 476 476 W Looper : Slow delivery took 241ms main h=android.app.ActivityThread$H c=android.app.LoadedApk$ReceiverDispatcher$Args$$ExternalSyntheticLambda0@7a93cc4 m=0
05-28 10:09:13.976 1040 1253 E dangbei111: cccccc 检查遥控器是否连接: Dangbei E4:BB:D3:57:C0:7A
05-28 10:09:13.978 476 577 D CompatibilityChangeReporter: Compat change id reported: 168419799; UID 10013; state: DISABLED
05-28 10:09:14.001 476 577 D CompatibilityChangeReporter: Compat change id reported: 181136395; UID 1000; state: DISABLED
05-28 10:09:14.003 476 577 D CompatibilityChangeReporter: Compat change id reported: 174042936; UID 1000; state: DISABLED
05-28 10:09:14.003 1040 1253 E dangbei111: cccccc 检查遥控器是否连接: 蓝牙的结果 Dangbei E4:BB:D3:57:C0:7A false
05-28 10:09:14.016 476 476 D AudioManagerPolicy: On Audio device plug in/out receive,name=AUDIO_HDMI type=1 state=1 extra=null
05-28 10:09:14.017 476 476 D AudioManagerPolicy: notifyHdmiAvailable hdmi is available
05-28 10:09:14.027 1326 1326 D CompatibilityChangeReporter: Compat change id reported: 171979766; UID 10013; state: ENABLED
05-28 10:09:14.034 1040 1253 E dangbei111: cccccc input中没有遥控器 存在 先什么都不操作 返回false
05-28 10:09:14.037 1040 1253 E dangbei111: cccccc 开始扫描
05-28 10:09:14.037 1040 1253 D BluetoothAdapter: isLeEnabled(): ON
05-28 10:09:14.039 1022 1145 V MediaStore: Examining volume emulated;0 with name external_primary and state mounted
05-28 10:09:14.063 663 951 I bluetooth: system/bt/stack/gatt/gatt_api.cc:1019 GATT_Register: Allocated name:GattClient uuid:5241fbfc-62a9-1876-04c7-66ecccaf10d5 gatt_if:5 eatt_support:0
05-28 10:09:14.079 1022 1022 V MediaStore: Examining volume emulated;0 with name external_primary and state mounted
05-28 10:09:14.075 476 601 D StorageManagerService: Volume emulated;0 broadcasting mounted to UserHandle{0}
05-28 10:09:14.084 1040 1059 D BluetoothLeScanner: onScannerRegistered() - status=0 scannerId=5 mScannerId=0
05-28 10:09:14.095 476 601 D StorageManagerService: Volume emulated;0 broadcasting mounted to UserHandle{0}
05-28 10:09:14.095 1022 1022 V MediaStore: Examining volume emulated;0 with name external_primary and state mounted
05-28 10:09:14.123 250 316 D audio_hw_primary: Mic get_audio_devices_active:
05-28 10:09:14.123 250 316 D audio_hw_primary: get_audio_devices_active: AUDIO_CODEC,AUDIO_SPDIF,AUDIO_HDMI
05-28 10:09:14.127 250 250 D xm_audio: adev_get_parameters
05-28 10:09:14.128 269 570 I hash_map_utils: system/bt/osi/src/hash_map_utils.cc:81 hash_map_utils_dump_string_keys_string_values: key: 'audio_devices_out_active' value: ''
05-28 10:09:14.130 476 476 D AudioManagerEx: type audio_devices_out_active list AUDIO_CODEC,AUDIO_SPDIF,AUDIO_HDMI=
05-28 10:09:14.131 476 476 V AudioManagerPolicy: chengkan------------- hdmi active
05-28 10:09:14.133 476 476 D AudioManagerPolicy: i come
05-28 10:09:14.133 476 476 D AudioManagerPolicy: list audio port success
05-28 10:09:14.133 476 476 D AudioManagerPolicy: get AUDIO_MANAGE_POLICY is 2
05-28 10:09:14.133 476 476 D AudioManagerPolicy: Policy2 HDMI Plug Out/In Switch! Booting
05-28 10:09:14.134 476 476 D AudioManagerEx: AudioManagerEx
05-28 10:09:14.134 476 476 D AudioManagerPolicy: save audio is AUDIO_SPDIF,AUDIO_CODEC,AUDIO_HDMI
05-28 10:09:14.135 476 476 D AudioManagerPolicy: get AUDIO_MANAGE_POLICY is 2
05-28 10:09:14.135 476 476 D AudioManagerPolicy: POLICY_2 Remove USB Audio or No USB Audio Output Device Connected!
05-28 10:09:14.136 476 476 D AudioManagerEx: state=audio_devices_out_active,dev=[AUDIO_SPDIF, AUDIO_CODEC, AUDIO_HDMI]
05-28 10:09:14.136 476 476 D AudioManagerEx: enablePassThrough = false
05-28 10:09:14.136 476 476 D AudioManagerEx: hdmiAvailable=true list=[AUDIO_SPDIF, AUDIO_CODEC, AUDIO_HDMI]
05-28 10:09:14.138 476 476 D AudioManagerEx: audio=AUDIO_SPDIF,AUDIO_CODEC,AUDIO_HDMI
05-28 10:09:14.140 250 250 V audio_hw_primary: adev_set_parameters, mediasw.sft.rawdata=PCM
05-28 10:09:14.143 250 250 V audio_hw_primary: adev_set_parameters, audio_devices_out_active=AUDIO_SPDIF,AUDIO_CODEC,AUDIO_HDMI
05-28 10:09:14.143 250 250 V audio_hw_primary: out AUDIO_PARAMETER_DEVICES_OUT_ACTIVE: AUDIO_SPDIF,AUDIO_CODEC,AUDIO_HDMI
05-28 10:09:14.144 250 250 V audio_hw_primary: set property vendor.audio.output.active: AUDIO_SPDIF,AUDIO_CODEC,AUDIO_HDMI ok
05-28 10:09:14.144 250 250 V audio_hw_primary: AUDIO_SPDIF output device will be active
05-28 10:09:14.144 250 250 V audio_hw_primary: AUDIO_CODEC output device will be active
05-28 10:09:14.144 250 250 V audio_hw_primary: AUDIO_HDMI output device will be active
05-28 10:09:14.148 476 476 D AudioManagerEx: Update Settings.System.AUDIO_OUTPUT_CHANNEL, now save audio is AUDIO_SPDIF,AUDIO_CODEC,AUDIO_HDMI
05-28 10:09:14.154 1077 1290 I UtilCommon: bluetoothMac=B4:2F:03:15:A3:36
05-28 10:09:14.170 663 1285 W UnsafeUtil: platform method missing - proto runtime falling back to safer methods: java.lang.NoSuchMethodException: sun.misc.Unsafe.copyMemory [class java.lang.Object, long, class java.lang.Object, long, long]
05-28 10:09:14.184 1077 1290 E wangli : env: 0_false
05-28 10:09:14.194 1040 1253 E dangbei111: cccccc 开始扫描
05-28 10:09:14.196 1040 1253 D BluetoothAdapter: isLeEnabled(): ON
05-28 10:09:14.212 476 476 W Looper : Slow dispatch took 196ms main h=android.app.ActivityThread$H c=android.app.LoadedApk$ReceiverDispatcher$Args$$ExternalSyntheticLambda0@31e10b6 m=0
05-28 10:09:14.218 476 476 I ActivityManager: com.android.dynsystem is exempt from freezer
05-28 10:09:14.220 476 476 D CompatibilityChangeReporter: Compat change id reported: 135634846; UID 1000; state: DISABLED
05-28 10:09:14.224 351 602 D installd: Found quota mount /dev/block/by-name/userdata at /data
05-28 10:09:14.224 351 602 D installd: Found quota mount /dev/block/by-name/userdata at /data/user/0
05-28 10:09:14.225 351 602 D installd: Found quota mount /dev/block/by-name/userdata at /mnt/pass_through/0/emulated
05-28 10:09:14.225 351 602 D installd: Found quota mount /dev/block/by-name/userdata at /mnt/user/0/emulated/0/Android/data
05-28 10:09:14.225 351 602 D installd: Found quota mount /dev/block/by-name/userdata at /storage/emulated/0/Android/data
05-28 10:09:14.225 351 602 D installd: Found quota mount /dev/block/by-name/userdata at /mnt/androidwritable/0/emulated/0/Android/data
05-28 10:09:14.225 351 602 D installd: Found quota mount /dev/block/by-name/userdata at /mnt/installer/0/emulated/0/Android/data
05-28 10:09:14.225 351 602 D installd: Found quota mount /dev/block/by-name/userdata at /mnt/user/0/emulated/0/Android/obb
05-28 10:09:14.225 351 602 D installd: Found quota mount /dev/block/by-name/userdata at /storage/emulated/0/Android/obb
05-28 10:09:14.225 351 602 D installd: Found quota mount /dev/block/by-name/userdata at /mnt/androidwritable/0/emulated/0/Android/obb
05-28 10:09:14.226 351 602 D installd: Found quota mount /dev/block/by-name/userdata at /mnt/installer/0/emulated/0/Android/obb
05-28 10:09:14.227 351 602 D installd: Found storage mount /dev/block/by-name/userdata at /mnt/pass_through/0/emulated
05-28 10:09:14.229 1326 1326 V GraphicsEnvironment: ANGLE Developer option for 'com.android.providers.downloads' set to: 'default'
05-28 10:09:14.230 1326 1326 V GraphicsEnvironment: Neither updatable production driver nor prerelease driver is supported.
05-28 10:09:14.235 1326 1326 D NetworkSecurityConfig: No Network Security Config specified, using platform default
05-28 10:09:14.236 1326 1326 D NetworkSecurityConfig: No Network Security Config specified, using platform default
05-28 10:09:14.249 245 245 D Zygote : Forked child process 1355
05-28 10:09:14.256 476 538 I ActivityManager: app.processName = com.android.dynsystem
05-28 10:09:14.256 476 538 I ActivityManager: Start proc 1355:com.android.dynsystem/1000 for broadcast {com.android.dynsystem/com.android.dynsystem.BootCompletedReceiver}
05-28 10:09:14.261 1355 1355 I Zygote : seccomp disabled by setenforce 0
05-28 10:09:14.296 383 396 I adbd : jdwp connection from 1355
05-28 10:09:14.298 1022 1354 I MediaProvider: Begin Intent { act=com.android.providers.media.action.SCAN_VOLUME (has extras) }
05-28 10:09:14.312 476 499 D WifiNl80211Manager: Scan result ready event
05-28 10:09:14.312 476 520 W IorapForwardingService: No service published for: iorapd
05-28 10:09:14.313 476 499 D WifiNative: Scan result ready event
05-28 10:09:14.347 1077 1322 W System.err: java.net.UnknownHostException: Unable to resolve host "utoken.umeng.com": No address associated with hostname
05-28 10:09:14.352 1077 1322 W System.err: at java.net.Inet6AddressImpl.lookupHostByName(Inet6AddressImpl.java:156)
05-28 10:09:14.357 1077 1322 W System.err: at java.net.Inet6AddressImpl.lookupAllHostAddr(Inet6AddressImpl.java:103)
05-28 10:09:14.357 1077 1322 W System.err: at java.net.InetAddress.getAllByName(InetAddress.java:1152)
05-28 10:09:14.358 1077 1322 W System.err: at com.android.okhttp.Dns$1.lookup(Dns.java:41)
05-28 10:09:14.358 1077 1322 W System.err: at com.android.okhttp.internal.http.RouteSelector.resetNextInetSocketAddress(RouteSelector.java:178)
05-28 10:09:14.358 1077 1322 W System.err: at com.android.okhttp.internal.http.RouteSelector.nextProxy(RouteSelector.java:144)
05-28 10:09:14.358 1077 1322 W System.err: at com.android.okhttp.internal.http.RouteSelector.next(RouteSelector.java:86)
05-28 10:09:14.358 1077 1322 W System.err: at com.android.okhttp.internal.http.StreamAllocation.findConnection(StreamAllocation.java:176)
05-28 10:09:14.358 1077 1322 W System.err: at com.android.okhttp.internal.http.StreamAllocation.findHealthyConnection(StreamAllocation.java:128)
05-28 10:09:14.358 1077 1322 W System.err: at com.android.okhttp.internal.http.StreamAllocation.newStream(StreamAllocation.java:97)
05-28 10:09:14.358 1077 1322 W System.err: at com.android.okhttp.internal.http.HttpEngine.connect(HttpEngine.java:289)
05-28 10:09:14.358 1077 1322 W System.err: at com.android.okhttp.internal.http.HttpEngine.sendRequest(HttpEngine.java:232)
05-28 10:09:14.358 1077 1322 W System.err: at com.android.okhttp.internal.huc.HttpURLConnectionImpl.execute(HttpURLConnectionImpl.java:465)
05-28 10:09:14.358 1077 1322 W System.err: at com.android.okhttp.internal.huc.HttpURLConnectionImpl.connect(HttpURLConnectionImpl.java:131)
05-28 10:09:14.358 1077 1322 W System.err: at com.android.okhttp.internal.huc.HttpURLConnectionImpl.getOutputStream(HttpURLConnectionImpl.java:262)
05-28 10:09:14.358 1077 1322 W System.err: at com.android.okhttp.internal.huc.DelegatingHttpsURLConnection.getOutputStream(DelegatingHttpsURLConnection.java:219)
05-28 10:09:14.358 1077 1322 W System.err: at com.android.okhttp.internal.huc.HttpsURLConnectionImpl.getOutputStream(HttpsURLConnectionImpl.java:30)
05-28 10:09:14.358 1077 1322 W System.err: at com.umeng.umzid.a.a(SourceFile:80)
05-28 10:09:14.358 1077 1322 W System.err: at com.umeng.umzid.ZIDManager.b(SourceFile:298)
05-28 10:09:14.358 1077 1322 W System.err: at com.umeng.umzid.ZIDManager$b.run(Unknown Source:4)
05-28 10:09:14.358 1077 1322 W System.err: at java.util.concurrent.Executors$RunnableAdapter.call(Executors.java:462)
05-28 10:09:14.358 1077 1322 W System.err: at java.util.concurrent.FutureTask.run(FutureTask.java:266)
05-28 10:09:14.358 1077 1322 W System.err: at java.util.concurrent.ScheduledThreadPoolExecutor$ScheduledFutureTask.run(ScheduledThreadPoolExecutor.java:301)
05-28 10:09:14.358 1077 1322 W System.err: at java.util.concurrent.ThreadPoolExecutor.runWorker(ThreadPoolExecutor.java:1167)
05-28 10:09:14.358 1077 1322 W System.err: at java.util.concurrent.ThreadPoolExecutor$Worker.run(ThreadPoolExecutor.java:641)
05-28 10:09:14.358 1077 1322 W System.err: at java.lang.Thread.run(Thread.java:920)
05-28 10:09:14.359 1077 1322 W System.err: Caused by: android.system.GaiException: android_getaddrinfo failed: EAI_NODATA (No address associated with hostname)
05-28 10:09:14.359 1077 1322 W System.err: at libcore.io.Linux.android_getaddrinfo(Native Method)
05-28 10:09:14.359 1077 1322 W System.err: at libcore.io.ForwardingOs.android_getaddrinfo(ForwardingOs.java:136)
05-28 10:09:14.359 1077 1322 W System.err: at libcore.io.BlockGuardOs.android_getaddrinfo(BlockGuardOs.java:221)
05-28 10:09:14.359 1077 1322 W System.err: at libcore.io.ForwardingOs.android_getaddrinfo(ForwardingOs.java:136)
05-28 10:09:14.359 1077 1322 W System.err: at java.net.Inet6AddressImpl.lookupHostByName(Inet6AddressImpl.java:135)
05-28 10:09:14.359 1077 1322 W System.err: ... 25 more
05-28 10:09:14.359 1077 1077 E getHdmiStatus: sourceInputStatus=null mEtnaAdapter=null
05-28 10:09:14.365 1355 1355 D CompatibilityChangeReporter: Compat change id reported: 171979766; UID 1000; state: ENABLED
05-28 10:09:14.401 476 521 D ColorDisplayService: NightDisplayTintController Animation cancelled: false to matrix:
05-28 10:09:14.401 476 521 D ColorDisplayService: 1.000000 0.000000 0.000000 0.000000 0.000000 1.000000 0.000000 0.000000 0.000000 0.000000 1.000000 0.000000 0.000000 0.000000 0.000000 1.000000 min matrix coefficients:
05-28 10:09:14.401 476 521 D ColorDisplayService: 1.000000 0.000000 0.000000 0.000000 0.000000 1.000000 0.000000 0.000000 0.000000 0.000000 1.000000 0.000000 0.000000 0.000000 0.000000 1.000000 max matrix coefficients:
05-28 10:09:14.401 476 521 D ColorDisplayService: 1.000000 0.000000 0.000000 0.000000 0.000000 1.000000 0.000000 0.000000 0.000000 0.000000 1.000000 0.000000 0.000000 0.000000 0.000000 1.000000
01-01 08:00:26.440 278 278 W audit : audit_lost=47 audit_rate_limit=5 audit_backlog_limit=64
01-01 08:00:26.440 278 278 E audit : rate limit exceeded
05-28 10:09:14.444 1261 1261 W bei.lerad.rock: Class com.iflytek.aiui.AIUIAgent failed lock verification and will run slower.
05-28 10:09:14.444 1261 1261 W bei.lerad.rock: Common causes for lock verification issues are non-optimized dex code
05-28 10:09:14.444 1261 1261 W bei.lerad.rock: and incorrect proguard optimizations.
05-28 10:09:14.445 476 476 W Looper : Drained
05-28 10:09:14.446 264 264 D hdmi-cec: cec physical address: 1.0.0.0
05-28 10:09:14.447 264 264 D hdmi-cec: cec physical address: 1.0.0.0
05-28 10:09:14.449 1077 1188 E FactoryResetOperateImpl: isFirstBoot 2
05-28 10:09:14.449 1077 1188 E FactoryResetOperateImpl: isFirstBoot 2
05-28 10:09:14.459 1261 1305 I UtilCommon: bluetoothMac=B4:2F:03:15:A3:36
05-28 10:09:14.461 369 746 D BufferPoolAccessor2.0: bufferpool2 0xef7c9198 : 0(0 size) total buffers - 0(0 size) used buffers - 139/145 (recycle/alloc) - 6/144 (fetch/transfer)
05-28 10:09:14.461 369 746 D BufferPoolAccessor2.0: evictor expired: 1, evicted: 1
05-28 10:09:14.463 476 924 D BufferPoolAccessor2.0: bufferpool2 0xe76c3ad8 : 0(0 size) total buffers - 0(0 size) used buffers - 2/7 (recycle/alloc) - 9/294 (fetch/transfer)
05-28 10:09:14.463 476 924 D BufferPoolAccessor2.0: evictor expired: 1, evicted: 1
05-28 10:09:14.474 1261 1261 I AiuiEngine: create aiui agent
05-28 10:09:14.474 1261 1261 D RockyVoice_AiUiDelegate: 初始化成功
05-28 10:09:14.474 1355 1355 V GraphicsEnvironment: ANGLE Developer option for 'com.android.dynsystem' set to: 'default'
05-28 10:09:14.475 1355 1355 V GraphicsEnvironment: Neither updatable production driver nor prerelease driver is supported.
05-28 10:09:14.482 1261 1261 D RockyNetMessageUtil: initTipsList tipEntity = null isRequestTipSuccess = false
05-28 10:09:14.486 1355 1355 D NetworkSecurityConfig: No Network Security Config specified, using platform default
05-28 10:09:14.487 1355 1355 D NetworkSecurityConfig: No Network Security Config specified, using platform default
05-28 10:09:14.487 1022 1354 V MediaProvider: onConfigure() for internal.db
05-28 10:09:14.489 1077 1188 E hq : LookupControler:::startLookupControllerTimer
05-28 10:09:14.499 1077 1374 W ContextImpl: Calling a method in the system process without a qualified user: android.app.ContextImpl.bindService:1895 android.content.ContextWrapper.bindService:810 ae.b.h:57 ae.b$c.call:3 ce.c$a.run:5
05-28 10:09:14.502 476 499 I ActivityManager: com.android.dynsystem is exempt from freezer
05-28 10:09:14.503 476 499 D CompatibilityChangeReporter: Compat change id reported: 135634846; UID 1000; state: DISABLED
05-28 10:09:14.513 476 499 I ActivityManager: com.android.managedprovisioning is exempt from freezer
05-28 10:09:14.514 476 499 D CompatibilityChangeReporter: Compat change id reported: 135634846; UID 10027; state: DISABLED
05-28 10:09:14.514 476 499 D CompatibilityChangeReporter: Compat change id reported: 177438394; UID 10027; state: DISABLED
05-28 10:09:14.514 476 499 D CompatibilityChangeReporter: Compat change id reported: 135772972; UID 10027; state: DISABLED
05-28 10:09:14.514 476 499 D CompatibilityChangeReporter: Compat change id reported: 135754954; UID 10027; state: ENABLED
05-28 10:09:14.517 1261 1375 W System.err: java.net.UnknownHostException: Unable to resolve host "tyapi.qun7.com": No address associated with hostname
05-28 10:09:14.518 1261 1375 W System.err: at java.net.Inet6AddressImpl.lookupHostByName(Inet6AddressImpl.java:156)
05-28 10:09:14.518 1261 1375 W System.err: at java.net.Inet6AddressImpl.lookupAllHostAddr(Inet6AddressImpl.java:103)
05-28 10:09:14.518 1261 1375 W System.err: at java.net.InetAddress.getAllByName(InetAddress.java:1152)
05-28 10:09:14.518 1261 1375 W System.err: at com.android.okhttp.Dns$1.lookup(Dns.java:41)
05-28 10:09:14.518 1261 1375 W System.err: at com.android.okhttp.internal.http.RouteSelector.resetNextInetSocketAddress(RouteSelector.java:178)
05-28 10:09:14.518 1261 1375 W System.err: at com.android.okhttp.internal.http.RouteSelector.nextProxy(RouteSelector.java:144)
05-28 10:09:14.518 1261 1375 W System.err: at com.android.okhttp.internal.http.RouteSelector.next(RouteSelector.java:86)
05-28 10:09:14.518 1261 1375 W System.err: at com.android.okhttp.internal.http.StreamAllocation.findConnection(StreamAllocation.java:176)
05-28 10:09:14.518 1261 1375 W System.err: at com.android.okhttp.internal.http.StreamAllocation.findHealthyConnection(StreamAllocation.java:128)
05-28 10:09:14.518 1261 1375 W System.err: at com.android.okhttp.internal.http.StreamAllocation.newStream(StreamAllocation.java:97)
05-28 10:09:14.518 1261 1375 W System.err: at com.android.okhttp.internal.http.HttpEngine.connect(HttpEngine.java:289)
05-28 10:09:14.518 1261 1375 W System.err: at com.android.okhttp.internal.http.HttpEngine.sendRequest(HttpEngine.java:232)
05-28 10:09:14.518 1261 1375 W System.err: at com.android.okhttp.internal.huc.HttpURLConnectionImpl.execute(HttpURLConnectionImpl.java:465)
05-28 10:09:14.518 1261 1375 W System.err: at com.android.okhttp.internal.huc.HttpURLConnectionImpl.getResponse(HttpURLConnectionImpl.java:411)
05-28 10:09:14.518 1261 1375 W System.err: at com.android.okhttp.internal.huc.HttpURLConnectionImpl.getResponseCode(HttpURLConnectionImpl.java:542)
05-28 10:09:14.518 1261 1375 W System.err: at com.dangbei.statistics.UtilCommon.networkGetIp(UtilCommon.java:826)
05-28 10:09:14.518 1261 1375 W System.err: at com.dangbei.statistics.UtilCommon$1.accept(UtilCommon.java:807)
05-28 10:09:14.518 1261 1375 W System.err: at com.dangbei.statistics.UtilCommon$1.accept(UtilCommon.java:803)
05-28 10:09:14.518 1261 1375 W System.err: at io.reactivex.internal.operators.observable.ObservableDoOnEach$DoOnEachObserver.onNext(ObservableDoOnEach.java:93)
05-28 10:09:14.518 1261 1375 W System.err: at io.reactivex.internal.operators.observable.ObservableObserveOn$ObserveOnObserver.drainNormal(ObservableObserveOn.java:201)
05-28 10:09:14.518 1261 1375 W System.err: at io.reactivex.internal.operators.observable.ObservableObserveOn$ObserveOnObserver.run(ObservableObserveOn.java:255)
05-28 10:09:14.518 1261 1375 W System.err: at io.reactivex.internal.schedulers.ScheduledRunnable.run(ScheduledRunnable.java:66)
05-28 10:09:14.518 1261 1375 W System.err: at io.reactivex.internal.schedulers.ScheduledRunnable.call(ScheduledRunnable.java:57)
05-28 10:09:14.518 1261 1375 W System.err: at java.util.concurrent.FutureTask.run(FutureTask.java:266)
05-28 10:09:14.518 1261 1375 W System.err: at java.util.concurrent.ScheduledThreadPoolExecutor$ScheduledFutureTask.run(ScheduledThreadPoolExecutor.java:301)
05-28 10:09:14.518 1261 1375 W System.err: at java.util.concurrent.ThreadPoolExecutor.runWorker(ThreadPoolExecutor.java:1167)
05-28 10:09:14.518 1261 1375 W System.err: at java.util.concurrent.ThreadPoolExecutor$Worker.run(ThreadPoolExecutor.java:641)
05-28 10:09:14.518 1261 1375 W System.err: at java.lang.Thread.run(Thread.java:920)
05-28 10:09:14.519 1261 1375 W System.err: Caused by: android.system.GaiException: android_getaddrinfo failed: EAI_NODATA (No address associated with hostname)
05-28 10:09:14.519 1261 1375 W System.err: at libcore.io.Linux.android_getaddrinfo(Native Method)
05-28 10:09:14.519 1261 1375 W System.err: at libcore.io.ForwardingOs.android_getaddrinfo(ForwardingOs.java:136)
05-28 10:09:14.519 1261 1375 W System.err: at libcore.io.BlockGuardOs.android_getaddrinfo(BlockGuardOs.java:221)
05-28 10:09:14.519 1261 1375 W System.err: at libcore.io.ForwardingOs.android_getaddrinfo(ForwardingOs.java:136)
05-28 10:09:14.519 1261 1375 W System.err: at java.net.Inet6AddressImpl.lookupHostByName(Inet6AddressImpl.java:135)
05-28 10:09:14.519 1261 1375 W System.err: ... 27 more
05-28 10:09:14.530 245 245 D Zygote : Forked child process 1379
05-28 10:09:14.540 476 538 I ActivityManager: app.processName = com.android.dynsystem:dynsystem
05-28 10:09:14.540 476 538 I ActivityManager: Start proc 1379:com.android.dynsystem:dynsystem/1000 for service {com.android.dynsystem/com.android.dynsystem.DynamicSystemInstallationService}
05-28 10:09:14.541 476 538 D CompatibilityChangeReporter: Compat change id reported: 143937733; UID 10027; state: ENABLED
05-28 10:09:14.543 1379 1379 I Zygote : seccomp disabled by setenforce 0
05-28 10:09:14.550 813 920 D BufferPoolAccessor2.0: bufferpool2 0xe7ec9b58 : 0(0 size) total buffers - 0(0 size) used buffers - 2/7 (recycle/alloc) - 5/92 (fetch/transfer)
05-28 10:09:14.550 813 920 D BufferPoolAccessor2.0: evictor expired: 1, evicted: 1
05-28 10:09:14.562 245 245 D Zygote : Forked child process 1386
05-28 10:09:14.563 476 538 W ActivityManager: Slow operation: 54ms so far, now at startProcess: returned from zygote!
05-28 10:09:14.564 476 538 W ActivityManager: Slow operation: 55ms so far, now at startProcess: done updating battery stats
05-28 10:09:14.564 476 538 W ActivityManager: Slow operation: 56ms so far, now at startProcess: building log message
05-28 10:09:14.565 476 538 I ActivityManager: app.processName = com.android.managedprovisioning
05-28 10:09:14.565 476 538 I ActivityManager: Start proc 1386:com.android.managedprovisioning/u0a27 for broadcast {com.android.managedprovisioning/com.android.managedprovisioning.BootReminder}
05-28 10:09:14.565 476 538 W ActivityManager: Slow operation: 56ms so far, now at startProcess: starting to update pids map
05-28 10:09:14.565 476 538 W ActivityManager: Slow operation: 56ms so far, now at startProcess: done updating pids map
05-28 10:09:14.566 1261 1373 W bei.lerad.rock: Class com.iflytek.aiui.utils.c failed lock verification and will run slower.
05-28 10:09:14.568 383 396 I adbd : jdwp connection from 1379
05-28 10:09:14.579 1386 1386 I Zygote : seccomp disabled by setenforce 0
05-28 10:09:14.592 1077 1077 D OsInitLaunch: send cache: mangoAuth, null, AUTH_NO_NETWORK, null
05-28 10:09:14.604 1261 1373 W bei.lerad.rock: Class com.iflytek.aiui.utils.l failed lock verification and will run slower.
05-28 10:09:14.605 383 396 I adbd : jdwp connection from 1386
05-28 10:09:14.627 476 498 D ConnectivityService: requestNetwork for uid/pid:1000/1077 activeRequest: null callbackRequest: 27 [NetworkRequest [ REQUEST id=28, [ Capabilities: INTERNET&NOT_RESTRICTED&TRUSTED&NOT_VCN_MANAGED Uid: 1000 RequestorUid: 1000 RequestorPkg: com.dangbei.leard.leradlauncher] ]] callback flags: 0 priority: 2147483647
05-28 10:09:14.628 476 615 D ConnectivityService: NetReassign [no changes]
05-28 10:09:14.630 476 608 D WifiNetworkFactory: got request NetworkRequest [ REQUEST id=28, [ Capabilities: INTERNET&NOT_RESTRICTED&TRUSTED&NOT_VCN_MANAGED Uid: 1000 RequestorUid: 1000 RequestorPkg: com.dangbei.leard.leradlauncher] ]
