05-28 10:09:12.288 1022 1022 D CompatibilityChangeReporter: Compat change id reported: 148180766; UID 10074; state: ENABLED
05-28 10:09:12.292 1118 1118 D CompatibilityChangeReporter: Compat change id reported: 171979766; UID 1000; state: DISABLED
05-28 10:09:12.295 1022 1022 D PulledMetrics: Registering callback with StatsManager
05-28 10:09:12.299 476 520 W IorapForwardingService: No service published for: iorapd
05-28 10:09:12.316 1118 1118 D ApplicationLoaders: Returning zygote-cached class loader: /system/framework/android.test.base.jar
05-28 10:09:12.316 476 1020 I StorageUserConnection: Service: [ComponentInfo{com.android.providers.media.module/com.android.providers.media.fuse.ExternalStorageServiceImpl}] connected. User [0]
05-28 10:09:12.316 1118 1118 D ApplicationLoaders: Returning zygote-cached class loader: /system/framework/android.hidl.manager-V1.0-java.jar
05-28 10:09:12.316 1118 1118 D ApplicationLoaders: Returning zygote-cached class loader: /system/framework/android.hidl.base-V1.0-java.jar
05-28 10:09:12.319 1022 1145 I ExternalStorageServiceImpl: Starting session for id: emulated;0
05-28 10:09:12.319 1022 1145 V FuseDaemonThread: Waiting 1000ms for FUSE start. Count 4
05-28 10:09:12.321 1022 1146 I FuseDaemonThread: Starting thread for emulated;0 ...
05-28 10:09:12.322 1022 1146 I FuseDaemon: Starting fuse...
05-28 10:09:12.324 663 663 D GattService: Unlocked userId 0
05-28 10:09:12.325 476 476 D BluetoothManagerService: BluetoothServiceConnection: com.android.bluetooth.gatt.GattService
05-28 10:09:12.325 476 520 D BluetoothManagerService: MESSAGE_BLUETOOTH_SERVICE_CONNECTED: 2
05-28 10:09:12.326 476 520 D BluetoothManagerService: continueFromBleOnState()
05-28 10:09:12.328 663 828 I AdapterState: TURNING_ON : entered
05-28 10:09:12.328 663 828 D AdapterProperties: Setting state to TURNING_ON
05-28 10:09:12.328 476 520 D BluetoothManagerService: Persisting Bluetooth Setting: 1
05-28 10:09:12.328 476 809 W StorageManagerService: Reporting emulated;0 unmounted due to system locked
05-28 10:09:12.329 663 828 D BluetoothAdapterService: updateAdapterState() - Broadcasting state TURNING_ON to 1 receivers.
05-28 10:09:12.330 663 828 D BluetoothAdapterService: startCoreServices()
05-28 10:09:12.330 476 520 D BluetoothManagerService: MESSAGE_BLUETOOTH_STATE_CHANGE: BLE_ON > TURNING_ON
05-28 10:09:12.330 476 520 D BluetoothManagerService: Sending BLE State Change: BLE_ON > TURNING_ON
05-28 10:09:12.330 476 809 W StorageManagerService: Reporting emulated;0 unmounted due to system locked
05-28 10:09:12.331 476 520 D BluetoothManagerService: Sending State Change: OFF > TURNING_ON
05-28 10:09:12.335 1022 1143 V MediaProvider: onConfigure() for external.db
05-28 10:09:12.339 663 663 I HeadsetService: create()
05-28 10:09:12.343 663 663 I HeadsetService: start()
05-28 10:09:12.350 1022 1143 V MediaProvider: onOpen() for external.db
05-28 10:09:12.351 1022 1143 V MediaProvider: onOpen() finished for external.db
05-28 10:09:12.357 476 499 D CompatibilityChangeReporter: Compat change id reported: 149924527; UID 1000; state: ENABLED
05-28 10:09:12.358 663 663 I BluetoothHeadsetServiceJni: classInitNative: succeeds
05-28 10:09:12.358 663 663 I bt_btif : system/bt/btif/src/bluetooth.cc:417 get_profile_interface: get_profile_interface: id = handsfree
05-28 10:09:12.358 476 577 D CompatibilityChangeReporter: Compat change id reported: 132649864; UID 1000; state: DISABLED
05-28 10:09:12.359 663 663 I bt_stack: [INFO:btif_hf.cc(1491)] GetInterface
05-28 10:09:12.360 663 663 I bt_btif_storage: system/bt/btif/src/btif_storage.cc:661 btif_storage_get_adapter_property: btif_storage_get_adapter_property service_mask:0x20000040
05-28 10:09:12.360 663 951 I bt_bta_dm: system/bt/bta/dm/bta_dm_act.cc:3198 bta_dm_eir_update_uuid: EIR Adding UUID=0x1112 into extended inquiry response
05-28 10:09:12.360 663 951 I bt_bta_dm: system/bt/bta/dm/bta_dm_act.cc:2897 bta_dm_set_eir: Generating extended inquiry response packet EIR
05-28 10:09:12.360 663 951 I bt_bta_dm: system/bt/bta/dm/bta_dm_act.cc:3198 bta_dm_eir_update_uuid: EIR Adding UUID=0x111F into extended inquiry response
05-28 10:09:12.360 663 951 I bt_bta_dm: system/bt/bta/dm/bta_dm_act.cc:2897 bta_dm_set_eir: Generating extended inquiry response packet EIR
05-28 10:09:12.361 663 849 I bt_stack: [INFO:btif_hf.cc(289)] btif_hf_upstreams_evt: AG enable/disable event 0
05-28 10:09:12.361 663 951 I bt_stack: [INFO:port_api.cc(234)] RFCOMM_CreateConnection: bd_addr=ff:ff:ff:ff:ff:ff, scn=2, is_server=1, mtu=256, uuid=0x1112, dlci=4, signal_state=0x0b, p_port=0xbd3a6734
05-28 10:09:12.361 663 951 I bt_stack: [INFO:port_api.cc(234)] RFCOMM_CreateConnection: bd_addr=ff:ff:ff:ff:ff:ff, scn=3, is_server=1, mtu=256, uuid=0x111f, dlci=6, signal_state=0x0b, p_port=0xbd3a67bc
05-28 10:09:12.361 663 951 I bt_stack: [INFO:port_api.cc(234)] RFCOMM_CreateConnection: bd_addr=ff:ff:ff:ff:ff:ff, scn=2, is_server=1, mtu=256, uuid=0x1112, dlci=4, signal_state=0x0b, p_port=0xbd3a6844
05-28 10:09:12.361 663 951 I bt_stack: [INFO:port_api.cc(234)] RFCOMM_CreateConnection: bd_addr=ff:ff:ff:ff:ff:ff, scn=3, is_server=1, mtu=256, uuid=0x111f, dlci=6, signal_state=0x0b, p_port=0xbd3a68cc
05-28 10:09:12.373 476 810 W StorageManagerService: Reporting emulated;0 unmounted due to system locked
05-28 10:09:12.379 476 808 W StorageManagerService: Reporting emulated;0 unmounted due to system locked
05-28 10:09:12.381 476 808 W StorageManagerService: Reporting emulated;0 unmounted due to system locked
05-28 10:09:12.383 663 663 I A2dpService: create()
05-28 10:09:12.383 476 810 W StorageManagerService: Reporting emulated;0 unmounted due to system locked
05-28 10:09:12.384 476 476 D BluetoothA2dp: Proxy object connected
05-28 10:09:12.384 476 476 D BluetoothA2dp: Proxy object connected
05-28 10:09:12.385 476 476 D BluetoothA2dp: Proxy object connected
05-28 10:09:12.386 663 951 I bt_stack: [INFO:port_api.cc(234)] RFCOMM_CreateConnection: bd_addr=ff:ff:ff:ff:ff:ff, scn=2, is_server=1, mtu=256, uuid=0x1112, dlci=4, signal_state=0x0b, p_port=0xbd3a6954
05-28 10:09:12.386 663 951 I bt_stack: [INFO:port_api.cc(234)] RFCOMM_CreateConnection: bd_addr=ff:ff:ff:ff:ff:ff, scn=3, is_server=1, mtu=256, uuid=0x111f, dlci=6, signal_state=0x0b, p_port=0xbd3a69dc
05-28 10:09:12.386 663 951 I bt_stack: [INFO:port_api.cc(234)] RFCOMM_CreateConnection: bd_addr=ff:ff:ff:ff:ff:ff, scn=2, is_server=1, mtu=256, uuid=0x1112, dlci=4, signal_state=0x0b, p_port=0xbd3a6a64
05-28 10:09:12.386 663 951 I bt_stack: [INFO:port_api.cc(234)] RFCOMM_CreateConnection: bd_addr=ff:ff:ff:ff:ff:ff, scn=3, is_server=1, mtu=256, uuid=0x111f, dlci=6, signal_state=0x0b, p_port=0xbd3a6aec
05-28 10:09:12.386 663 951 I bt_stack: [INFO:port_api.cc(234)] RFCOMM_CreateConnection: bd_addr=ff:ff:ff:ff:ff:ff, scn=2, is_server=1, mtu=256, uuid=0x1112, dlci=4, signal_state=0x0b, p_port=0xbd3a6b74
05-28 10:09:12.386 663 951 I bt_stack: [INFO:port_api.cc(234)] RFCOMM_CreateConnection: bd_addr=ff:ff:ff:ff:ff:ff, scn=3, is_server=1, mtu=256, uuid=0x111f, dlci=6, signal_state=0x0b, p_port=0xbd3a6bfc
05-28 10:09:12.386 663 951 I bt_stack: [INFO:port_api.cc(234)] RFCOMM_CreateConnection: bd_addr=ff:ff:ff:ff:ff:ff, scn=2, is_server=1, mtu=256, uuid=0x1112, dlci=4, signal_state=0x0b, p_port=0xbd3a6c84
05-28 10:09:12.386 663 951 I bt_stack: [INFO:port_api.cc(234)] RFCOMM_CreateConnection: bd_addr=ff:ff:ff:ff:ff:ff, scn=3, is_server=1, mtu=256, uuid=0x111f, dlci=6, signal_state=0x0b, p_port=0xbd3a6d0c
05-28 10:09:12.387 665 665 D BluetoothA2dp: Proxy object connected
05-28 10:09:12.387 663 663 I A2dpService: start()
05-28 10:09:12.388 663 663 I BluetoothA2dpServiceJni: classInitNative: succeeds
05-28 10:09:12.388 663 663 I A2dpService: Max connected audio devices set to 5
05-28 10:09:12.390 663 663 I bt_btif : system/bt/btif/src/bluetooth.cc:417 get_profile_interface: get_profile_interface: id = a2dp
05-28 10:09:12.390 663 663 I btif_av : system/bt/btif/src/btif_av.cc:965 Init: bt_status_t BtifAvSource::Init(btav_source_callbacks_t *, int, const std::vector &, const std::vector &): max_connected_audio_devices=5
05-28 10:09:12.390 663 663 I a2dp_codec: system/bt/stack/a2dp/a2dp_codec_config.cc:569 init: init
05-28 10:09:12.391 663 663 I a2dp_codec: system/bt/stack/a2dp/a2dp_codec_config.cc:113 createCodec: createCodec: codec SBC
05-28 10:09:12.391 663 663 I a2dp_codec: system/bt/stack/a2dp/a2dp_codec_config.cc:633 init: init: updated SBC codec priority to 1001
05-28 10:09:12.391 663 663 I a2dp_codec: system/bt/stack/a2dp/a2dp_codec_config.cc:113 createCodec: createCodec: codec AAC
05-28 10:09:12.391 663 663 I a2dp_codec: system/bt/stack/a2dp/a2dp_codec_config.cc:633 init: init: updated AAC codec priority to 2001
05-28 10:09:12.391 663 663 I a2dp_codec: system/bt/stack/a2dp/a2dp_codec_config.cc:113 createCodec: createCodec: codec aptX
05-28 10:09:12.392 663 663 E a2dp_vendor_aptx_encoder: system/bt/stack/a2dp/a2dp_vendor_aptx_encoder.cc:123 A2DP_VendorLoadEncoderAptx: A2DP_VendorLoadEncoderAptx: cannot open aptX encoder library libaptX_encoder.so: dlopen failed: library "libaptX_encoder.so" not found
05-28 10:09:12.393 663 663 E a2dp_vendor_aptx: system/bt/stack/a2dp/a2dp_vendor_aptx.cc:465 init: init: cannot load the encoder
05-28 10:09:12.393 663 663 I a2dp_codec: system/bt/stack/a2dp/a2dp_codec_config.cc:113 createCodec: createCodec: codec aptX-HD
05-28 10:09:12.393 663 663 E a2dp_vendor_aptx_hd_encoder: system/bt/stack/a2dp/a2dp_vendor_aptx_hd_encoder.cc:123 A2DP_VendorLoadEncoderAptxHd: A2DP_VendorLoadEncoderAptxHd: cannot open aptX-HD encoder library libaptXHD_encoder.so: dlopen failed: library "libaptXHD_encoder.so" not found
05-28 10:09:12.393 663 663 E a2dp_vendor_aptx_hd: system/bt/stack/a2dp/a2dp_vendor_aptx_hd.cc:483 init: init: cannot load the encoder
05-28 10:09:12.393 663 663 I a2dp_codec: system/bt/stack/a2dp/a2dp_codec_config.cc:113 createCodec: createCodec: codec LDAC
05-28 10:09:12.398 663 663 I a2dp_codec: system/bt/stack/a2dp/a2dp_codec_config.cc:633 init: init: updated LDAC codec priority to 5001
05-28 10:09:12.398 663 663 I a2dp_codec: system/bt/stack/a2dp/a2dp_codec_config.cc:113 createCodec: createCodec: codec SBC SINK
05-28 10:09:12.398 663 663 I a2dp_codec: system/bt/stack/a2dp/a2dp_codec_config.cc:113 createCodec: createCodec: codec AAC SINK
05-28 10:09:12.398 663 663 I a2dp_codec: system/bt/stack/a2dp/a2dp_codec_config.cc:113 createCodec: createCodec: codec LDAC SINK
05-28 10:09:12.400 663 663 E a2dp_vendor_ldac_decoder: system/bt/stack/a2dp/a2dp_vendor_ldac_decoder.cc:134 A2DP_VendorLoadDecoderLdac: A2DP_VendorLoadDecoderLdac: cannot open LDAC decoder library libldacBT_bco.so: dlopen failed: library "libldacBT_bco.so" not found
05-28 10:09:12.400 663 663 E a2dp_vendor_ldac: system/bt/stack/a2dp/a2dp_vendor_ldac.cc:1418 init: init: cannot load the decoder
05-28 10:09:12.400 663 663 I a2dp_codec: system/bt/stack/a2dp/a2dp_codec_config.cc:658 init: init: initialized Source codec LDAC
05-28 10:09:12.400 663 663 I a2dp_codec: system/bt/stack/a2dp/a2dp_codec_config.cc:658 init: init: initialized Source codec AAC
05-28 10:09:12.400 663 663 I a2dp_codec: system/bt/stack/a2dp/a2dp_codec_config.cc:658 init: init: initialized Source codec SBC
05-28 10:09:12.400 663 663 I a2dp_codec: system/bt/stack/a2dp/a2dp_codec_config.cc:665 init: init: initialized Sink codec AAC SINK
05-28 10:09:12.400 663 663 I a2dp_codec: system/bt/stack/a2dp/a2dp_codec_config.cc:665 init: init: initialized Sink codec SBC SINK
05-28 10:09:12.400 663 663 I a2dp_codec: system/bt/stack/a2dp/a2dp_codec_config.cc:569 init: init
05-28 10:09:12.400 663 663 I a2dp_codec: system/bt/stack/a2dp/a2dp_codec_config.cc:113 createCodec: createCodec: codec SBC
05-28 10:09:12.400 663 663 I a2dp_codec: system/bt/stack/a2dp/a2dp_codec_config.cc:633 init: init: updated SBC codec priority to 1001
05-28 10:09:12.400 663 663 I a2dp_codec: system/bt/stack/a2dp/a2dp_codec_config.cc:113 createCodec: createCodec: codec AAC
05-28 10:09:12.400 663 663 I a2dp_codec: system/bt/stack/a2dp/a2dp_codec_config.cc:633 init: init: updated AAC codec priority to 2001
05-28 10:09:12.400 663 663 I a2dp_codec: system/bt/stack/a2dp/a2dp_codec_config.cc:113 createCodec: createCodec: codec aptX
05-28 10:09:12.401 663 663 E a2dp_vendor_aptx_encoder: system/bt/stack/a2dp/a2dp_vendor_aptx_encoder.cc:123 A2DP_VendorLoadEncoderAptx: A2DP_VendorLoadEncoderAptx: cannot open aptX encoder library libaptX_encoder.so: dlopen failed: library "libaptX_encoder.so" not found
05-28 10:09:12.401 663 663 E a2dp_vendor_aptx: system/bt/stack/a2dp/a2dp_vendor_aptx.cc:465 init: init: cannot load the encoder
05-28 10:09:12.401 663 663 I a2dp_codec: system/bt/stack/a2dp/a2dp_codec_config.cc:113 createCodec: createCodec: codec aptX-HD
05-28 10:09:12.402 663 663 E a2dp_vendor_aptx_hd_encoder: system/bt/stack/a2dp/a2dp_vendor_aptx_hd_encoder.cc:123 A2DP_VendorLoadEncoderAptxHd: A2DP_VendorLoadEncoderAptxHd: cannot open aptX-HD encoder library libaptXHD_encoder.so: dlopen failed: library "libaptXHD_encoder.so" not found
05-28 10:09:12.402 663 663 E a2dp_vendor_aptx_hd: system/bt/stack/a2dp/a2dp_vendor_aptx_hd.cc:483 init: init: cannot load the encoder
05-28 10:09:12.402 663 663 I a2dp_codec: system/bt/stack/a2dp/a2dp_codec_config.cc:113 createCodec: createCodec: codec LDAC
05-28 10:09:12.402 663 663 I a2dp_codec: system/bt/stack/a2dp/a2dp_codec_config.cc:633 init: init: updated LDAC codec priority to 5001
05-28 10:09:12.402 663 663 I a2dp_codec: system/bt/stack/a2dp/a2dp_codec_config.cc:113 createCodec: createCodec: codec SBC SINK
05-28 10:09:12.402 663 663 I a2dp_codec: system/bt/stack/a2dp/a2dp_codec_config.cc:113 createCodec: createCodec: codec AAC SINK
05-28 10:09:12.402 663 663 I a2dp_codec: system/bt/stack/a2dp/a2dp_codec_config.cc:113 createCodec: createCodec: codec LDAC SINK
05-28 10:09:12.403 663 663 E a2dp_vendor_ldac_decoder: system/bt/stack/a2dp/a2dp_vendor_ldac_decoder.cc:134 A2DP_VendorLoadDecoderLdac: A2DP_VendorLoadDecoderLdac: cannot open LDAC decoder library libldacBT_bco.so: dlopen failed: library "libldacBT_bco.so" not found
05-28 10:09:12.403 663 663 E a2dp_vendor_ldac: system/bt/stack/a2dp/a2dp_vendor_ldac.cc:1418 init: init: cannot load the decoder
05-28 10:09:12.403 663 663 I a2dp_codec: system/bt/stack/a2dp/a2dp_codec_config.cc:658 init: init: initialized Source codec LDAC
05-28 10:09:12.403 663 663 I a2dp_codec: system/bt/stack/a2dp/a2dp_codec_config.cc:658 init: init: initialized Source codec AAC
05-28 10:09:12.403 663 663 I a2dp_codec: system/bt/stack/a2dp/a2dp_codec_config.cc:658 init: init: initialized Source codec SBC
05-28 10:09:12.403 663 663 I a2dp_codec: system/bt/stack/a2dp/a2dp_codec_config.cc:665 init: init: initialized Sink codec AAC SINK
05-28 10:09:12.403 663 663 I a2dp_codec: system/bt/stack/a2dp/a2dp_codec_config.cc:665 init: init: initialized Sink codec SBC SINK
05-28 10:09:12.403 663 663 I a2dp_codec: system/bt/stack/a2dp/a2dp_codec_config.cc:569 init: init
05-28 10:09:12.403 663 663 I a2dp_codec: system/bt/stack/a2dp/a2dp_codec_config.cc:113 createCodec: createCodec: codec SBC
05-28 10:09:12.403 663 663 I a2dp_codec: system/bt/stack/a2dp/a2dp_codec_config.cc:633 init: init: updated SBC codec priority to 1001
05-28 10:09:12.403 663 663 I a2dp_codec: system/bt/stack/a2dp/a2dp_codec_config.cc:113 createCodec: createCodec: codec AAC
05-28 10:09:12.403 663 663 I a2dp_codec: system/bt/stack/a2dp/a2dp_codec_config.cc:633 init: init: updated AAC codec priority to 2001
05-28 10:09:12.403 663 663 I a2dp_codec: system/bt/stack/a2dp/a2dp_codec_config.cc:113 createCodec: createCodec: codec aptX
05-28 10:09:12.404 476 499 W StorageManagerService: Reporting emulated;0 unmounted due to system locked
05-28 10:09:12.405 663 663 E a2dp_vendor_aptx_encoder: system/bt/stack/a2dp/a2dp_vendor_aptx_encoder.cc:123 A2DP_VendorLoadEncoderAptx: A2DP_VendorLoadEncoderAptx: cannot open aptX encoder library libaptX_encoder.so: dlopen failed: library "libaptX_encoder.so" not found
05-28 10:09:12.405 663 663 E a2dp_vendor_aptx: system/bt/stack/a2dp/a2dp_vendor_aptx.cc:465 init: init: cannot load the encoder
05-28 10:09:12.405 663 663 I a2dp_codec: system/bt/stack/a2dp/a2dp_codec_config.cc:113 createCodec: createCodec: codec aptX-HD
05-28 10:09:12.406 663 663 E a2dp_vendor_aptx_hd_encoder: system/bt/stack/a2dp/a2dp_vendor_aptx_hd_encoder.cc:123 A2DP_VendorLoadEncoderAptxHd: A2DP_VendorLoadEncoderAptxHd: cannot open aptX-HD encoder library libaptXHD_encoder.so: dlopen failed: library "libaptXHD_encoder.so" not found
05-28 10:09:12.406 663 663 E a2dp_vendor_aptx_hd: system/bt/stack/a2dp/a2dp_vendor_aptx_hd.cc:483 init: init: cannot load the encoder
05-28 10:09:12.406 663 663 I a2dp_codec: system/bt/stack/a2dp/a2dp_codec_config.cc:113 createCodec: createCodec: codec LDAC
05-28 10:09:12.406 663 663 I a2dp_codec: system/bt/stack/a2dp/a2dp_codec_config.cc:633 init: init: updated LDAC codec priority to 5001
05-28 10:09:12.406 663 663 I a2dp_codec: system/bt/stack/a2dp/a2dp_codec_config.cc:113 createCodec: createCodec: codec SBC SINK
05-28 10:09:12.406 663 663 I a2dp_codec: system/bt/stack/a2dp/a2dp_codec_config.cc:113 createCodec: createCodec: codec AAC SINK
05-28 10:09:12.406 663 663 I a2dp_codec: system/bt/stack/a2dp/a2dp_codec_config.cc:113 createCodec: createCodec: codec LDAC SINK
05-28 10:09:12.407 663 663 E a2dp_vendor_ldac_decoder: system/bt/stack/a2dp/a2dp_vendor_ldac_decoder.cc:134 A2DP_VendorLoadDecoderLdac: A2DP_VendorLoadDecoderLdac: cannot open LDAC decoder library libldacBT_bco.so: dlopen failed: library "libldacBT_bco.so" not found
05-28 10:09:12.407 663 663 E a2dp_vendor_ldac: system/bt/stack/a2dp/a2dp_vendor_ldac.cc:1418 init: init: cannot load the decoder
05-28 10:09:12.407 663 663 I a2dp_codec: system/bt/stack/a2dp/a2dp_codec_config.cc:658 init: init: initialized Source codec LDAC
05-28 10:09:12.407 663 663 I a2dp_codec: system/bt/stack/a2dp/a2dp_codec_config.cc:658 init: init: initialized Source codec AAC
05-28 10:09:12.407 663 663 I a2dp_codec: system/bt/stack/a2dp/a2dp_codec_config.cc:658 init: init: initialized Source codec SBC
05-28 10:09:12.407 663 663 I a2dp_codec: system/bt/stack/a2dp/a2dp_codec_config.cc:665 init: init: initialized Sink codec AAC SINK
05-28 10:09:12.407 663 663 I a2dp_codec: system/bt/stack/a2dp/a2dp_codec_config.cc:665 init: init: initialized Sink codec SBC SINK
05-28 10:09:12.407 663 663 I a2dp_codec: system/bt/stack/a2dp/a2dp_codec_config.cc:569 init: init
05-28 10:09:12.407 663 663 I a2dp_codec: system/bt/stack/a2dp/a2dp_codec_config.cc:113 createCodec: createCodec: codec SBC
05-28 10:09:12.407 663 663 I a2dp_codec: system/bt/stack/a2dp/a2dp_codec_config.cc:633 init: init: updated SBC codec priority to 1001
05-28 10:09:12.407 663 663 I a2dp_codec: system/bt/stack/a2dp/a2dp_codec_config.cc:113 createCodec: createCodec: codec AAC
05-28 10:09:12.407 663 663 I a2dp_codec: system/bt/stack/a2dp/a2dp_codec_config.cc:633 init: init: updated AAC codec priority to 2001
05-28 10:09:12.407 663 663 I a2dp_codec: system/bt/stack/a2dp/a2dp_codec_config.cc:113 createCodec: createCodec: codec aptX
05-28 10:09:12.408 663 663 E a2dp_vendor_aptx_encoder: system/bt/stack/a2dp/a2dp_vendor_aptx_encoder.cc:123 A2DP_VendorLoadEncoderAptx: A2DP_VendorLoadEncoderAptx: cannot open aptX encoder library libaptX_encoder.so: dlopen failed: library "libaptX_encoder.so" not found
05-28 10:09:12.408 663 663 E a2dp_vendor_aptx: system/bt/stack/a2dp/a2dp_vendor_aptx.cc:465 init: init: cannot load the encoder
05-28 10:09:12.408 663 663 I a2dp_codec: system/bt/stack/a2dp/a2dp_codec_config.cc:113 createCodec: createCodec: codec aptX-HD
05-28 10:09:12.409 663 663 E a2dp_vendor_aptx_hd_encoder: system/bt/stack/a2dp/a2dp_vendor_aptx_hd_encoder.cc:123 A2DP_VendorLoadEncoderAptxHd: A2DP_VendorLoadEncoderAptxHd: cannot open aptX-HD encoder library libaptXHD_encoder.so: dlopen failed: library "libaptXHD_encoder.so" not found
05-28 10:09:12.409 663 663 E a2dp_vendor_aptx_hd: system/bt/stack/a2dp/a2dp_vendor_aptx_hd.cc:483 init: init: cannot load the encoder
05-28 10:09:12.409 663 663 I a2dp_codec: system/bt/stack/a2dp/a2dp_codec_config.cc:113 createCodec: createCodec: codec LDAC
05-28 10:09:12.409 663 663 I a2dp_codec: system/bt/stack/a2dp/a2dp_codec_config.cc:633 init: init: updated LDAC codec priority to 5001
05-28 10:09:12.409 1118 1118 W ranth.ledstatu: ClassLoaderContext shared library size mismatch. Expected=0, found=4 (PCL[] | PCL[]{PCL[/system/framework/android.test.base.jar*3790657674]#PCL[/system/framework/android.hidl.manager-V1.0-java.jar*1809561547]#PCL[/system/framework/android.hidl.base-V1.0-java.jar*2233032481]#PCL[/system/framework/org.apache.http.legacy.jar*2058259660]})
05-28 10:09:12.409 663 663 I a2dp_codec: system/bt/stack/a2dp/a2dp_codec_config.cc:113 createCodec: createCodec: codec SBC SINK
05-28 10:09:12.409 663 663 I a2dp_codec: system/bt/stack/a2dp/a2dp_codec_config.cc:113 createCodec: createCodec: codec AAC SINK
05-28 10:09:12.409 663 663 I a2dp_codec: system/bt/stack/a2dp/a2dp_codec_config.cc:113 createCodec: createCodec: codec LDAC SINK
05-28 10:09:12.410 663 663 E a2dp_vendor_ldac_decoder: system/bt/stack/a2dp/a2dp_vendor_ldac_decoder.cc:134 A2DP_VendorLoadDecoderLdac: A2DP_VendorLoadDecoderLdac: cannot open LDAC decoder library libldacBT_bco.so: dlopen failed: library "libldacBT_bco.so" not found
05-28 10:09:12.410 663 663 E a2dp_vendor_ldac: system/bt/stack/a2dp/a2dp_vendor_ldac.cc:1418 init: init: cannot load the decoder
05-28 10:09:12.410 663 663 I a2dp_codec: system/bt/stack/a2dp/a2dp_codec_config.cc:658 init: init: initialized Source codec LDAC
05-28 10:09:12.410 663 663 I a2dp_codec: system/bt/stack/a2dp/a2dp_codec_config.cc:658 init: init: initialized Source codec AAC
05-28 10:09:12.410 663 663 I a2dp_codec: system/bt/stack/a2dp/a2dp_codec_config.cc:658 init: init: initialized Source codec SBC
05-28 10:09:12.410 663 663 I a2dp_codec: system/bt/stack/a2dp/a2dp_codec_config.cc:665 init: init: initialized Sink codec AAC SINK
05-28 10:09:12.410 663 663 I a2dp_codec: system/bt/stack/a2dp/a2dp_codec_config.cc:665 init: init: initialized Sink codec SBC SINK
05-28 10:09:12.410 663 663 I a2dp_codec: system/bt/stack/a2dp/a2dp_codec_config.cc:569 init: init
05-28 10:09:12.410 663 663 I a2dp_codec: system/bt/stack/a2dp/a2dp_codec_config.cc:113 createCodec: createCodec: codec SBC
05-28 10:09:12.410 663 663 I a2dp_codec: system/bt/stack/a2dp/a2dp_codec_config.cc:633 init: init: updated SBC codec priority to 1001
05-28 10:09:12.410 663 663 I a2dp_codec: system/bt/stack/a2dp/a2dp_codec_config.cc:113 createCodec: createCodec: codec AAC
05-28 10:09:12.410 663 663 I a2dp_codec: system/bt/stack/a2dp/a2dp_codec_config.cc:633 init: init: updated AAC codec priority to 2001
05-28 10:09:12.410 663 663 I a2dp_codec: system/bt/stack/a2dp/a2dp_codec_config.cc:113 createCodec: createCodec: codec aptX
05-28 10:09:12.411 663 663 E a2dp_vendor_aptx_encoder: system/bt/stack/a2dp/a2dp_vendor_aptx_encoder.cc:123 A2DP_VendorLoadEncoderAptx: A2DP_VendorLoadEncoderAptx: cannot open aptX encoder library libaptX_encoder.so: dlopen failed: library "libaptX_encoder.so" not found
05-28 10:09:12.411 663 663 E a2dp_vendor_aptx: system/bt/stack/a2dp/a2dp_vendor_aptx.cc:465 init: init: cannot load the encoder
05-28 10:09:12.411 663 663 I a2dp_codec: system/bt/stack/a2dp/a2dp_codec_config.cc:113 createCodec: createCodec: codec aptX-HD
05-28 10:09:12.412 663 663 E a2dp_vendor_aptx_hd_encoder: system/bt/stack/a2dp/a2dp_vendor_aptx_hd_encoder.cc:123 A2DP_VendorLoadEncoderAptxHd: A2DP_VendorLoadEncoderAptxHd: cannot open aptX-HD encoder library libaptXHD_encoder.so: dlopen failed: library "libaptXHD_encoder.so" not found
05-28 10:09:12.412 663 663 E a2dp_vendor_aptx_hd: system/bt/stack/a2dp/a2dp_vendor_aptx_hd.cc:483 init: init: cannot load the encoder
05-28 10:09:12.412 663 663 I a2dp_codec: system/bt/stack/a2dp/a2dp_codec_config.cc:113 createCodec: createCodec: codec LDAC
05-28 10:09:12.412 663 663 I a2dp_codec: system/bt/stack/a2dp/a2dp_codec_config.cc:633 init: init: updated LDAC codec priority to 5001
05-28 10:09:12.412 663 663 I a2dp_codec: system/bt/stack/a2dp/a2dp_codec_config.cc:113 createCodec: createCodec: codec SBC SINK
05-28 10:09:12.412 663 663 I a2dp_codec: system/bt/stack/a2dp/a2dp_codec_config.cc:113 createCodec: createCodec: codec AAC SINK
05-28 10:09:12.412 663 663 I a2dp_codec: system/bt/stack/a2dp/a2dp_codec_config.cc:113 createCodec: createCodec: codec LDAC SINK
05-28 10:09:12.412 663 663 E a2dp_vendor_ldac_decoder: system/bt/stack/a2dp/a2dp_vendor_ldac_decoder.cc:134 A2DP_VendorLoadDecoderLdac: A2DP_VendorLoadDecoderLdac: cannot open LDAC decoder library libldacBT_bco.so: dlopen failed: library "libldacBT_bco.so" not found
05-28 10:09:12.412 663 663 E a2dp_vendor_ldac: system/bt/stack/a2dp/a2dp_vendor_ldac.cc:1418 init: init: cannot load the decoder
05-28 10:09:12.412 663 663 I a2dp_codec: system/bt/stack/a2dp/a2dp_codec_config.cc:658 init: init: initialized Source codec LDAC
05-28 10:09:12.412 663 663 I a2dp_codec: system/bt/stack/a2dp/a2dp_codec_config.cc:658 init: init: initialized Source codec AAC
05-28 10:09:12.412 663 663 I a2dp_codec: system/bt/stack/a2dp/a2dp_codec_config.cc:658 init: init: initialized Source codec SBC
05-28 10:09:12.412 663 663 I a2dp_codec: system/bt/stack/a2dp/a2dp_codec_config.cc:665 init: init: initialized Sink codec AAC SINK
05-28 10:09:12.412 663 663 I a2dp_codec: system/bt/stack/a2dp/a2dp_codec_config.cc:665 init: init: initialized Sink codec SBC SINK
05-28 10:09:12.412 663 663 I a2dp_codec: system/bt/stack/a2dp/a2dp_codec_config.cc:569 init: init
05-28 10:09:12.413 663 663 I a2dp_codec: system/bt/stack/a2dp/a2dp_codec_config.cc:113 createCodec: createCodec: codec SBC
05-28 10:09:12.413 663 663 I a2dp_codec: system/bt/stack/a2dp/a2dp_codec_config.cc:633 init: init: updated SBC codec priority to 1001
05-28 10:09:12.413 663 663 I a2dp_codec: system/bt/stack/a2dp/a2dp_codec_config.cc:113 createCodec: createCodec: codec AAC
05-28 10:09:12.413 663 663 I a2dp_codec: system/bt/stack/a2dp/a2dp_codec_config.cc:633 init: init: updated AAC codec priority to 2001
05-28 10:09:12.413 663 663 I a2dp_codec: system/bt/stack/a2dp/a2dp_codec_config.cc:113 createCodec: createCodec: codec aptX
05-28 10:09:12.413 663 663 E a2dp_vendor_aptx_encoder: system/bt/stack/a2dp/a2dp_vendor_aptx_encoder.cc:123 A2DP_VendorLoadEncoderAptx: A2DP_VendorLoadEncoderAptx: cannot open aptX encoder library libaptX_encoder.so: dlopen failed: library "libaptX_encoder.so" not found
05-28 10:09:12.413 663 663 E a2dp_vendor_aptx: system/bt/stack/a2dp/a2dp_vendor_aptx.cc:465 init: init: cannot load the encoder
05-28 10:09:12.413 663 663 I a2dp_codec: system/bt/stack/a2dp/a2dp_codec_config.cc:113 createCodec: createCodec: codec aptX-HD
05-28 10:09:12.415 663 663 E a2dp_vendor_aptx_hd_encoder: system/bt/stack/a2dp/a2dp_vendor_aptx_hd_encoder.cc:123 A2DP_VendorLoadEncoderAptxHd: A2DP_VendorLoadEncoderAptxHd: cannot open aptX-HD encoder library libaptXHD_encoder.so: dlopen failed: library "libaptXHD_encoder.so" not found
05-28 10:09:12.415 663 663 E a2dp_vendor_aptx_hd: system/bt/stack/a2dp/a2dp_vendor_aptx_hd.cc:483 init: init: cannot load the encoder
05-28 10:09:12.415 663 663 I a2dp_codec: system/bt/stack/a2dp/a2dp_codec_config.cc:113 createCodec: createCodec: codec LDAC
05-28 10:09:12.415 663 663 I a2dp_codec: system/bt/stack/a2dp/a2dp_codec_config.cc:633 init: init: updated LDAC codec priority to 5001
05-28 10:09:12.415 663 663 I a2dp_codec: system/bt/stack/a2dp/a2dp_codec_config.cc:113 createCodec: createCodec: codec SBC SINK
05-28 10:09:12.415 663 663 I a2dp_codec: system/bt/stack/a2dp/a2dp_codec_config.cc:113 createCodec: createCodec: codec AAC SINK
05-28 10:09:12.415 663 663 I a2dp_codec: system/bt/stack/a2dp/a2dp_codec_config.cc:113 createCodec: createCodec: codec LDAC SINK
05-28 10:09:12.416 663 663 E a2dp_vendor_ldac_decoder: system/bt/stack/a2dp/a2dp_vendor_ldac_decoder.cc:134 A2DP_VendorLoadDecoderLdac: A2DP_VendorLoadDecoderLdac: cannot open LDAC decoder library libldacBT_bco.so: dlopen failed: library "libldacBT_bco.so" not found
05-28 10:09:12.416 663 663 E a2dp_vendor_ldac: system/bt/stack/a2dp/a2dp_vendor_ldac.cc:1418 init: init: cannot load the decoder
05-28 10:09:12.416 663 663 I a2dp_codec: system/bt/stack/a2dp/a2dp_codec_config.cc:658 init: init: initialized Source codec LDAC
05-28 10:09:12.416 663 663 I a2dp_codec: system/bt/stack/a2dp/a2dp_codec_config.cc:658 init: init: initialized Source codec AAC
05-28 10:09:12.416 663 663 I a2dp_codec: system/bt/stack/a2dp/a2dp_codec_config.cc:658 init: init: initialized Source codec SBC
05-28 10:09:12.416 663 663 I a2dp_codec: system/bt/stack/a2dp/a2dp_codec_config.cc:665 init: init: initialized Sink codec AAC SINK
05-28 10:09:12.416 663 663 I a2dp_codec: system/bt/stack/a2dp/a2dp_codec_config.cc:665 init: init: initialized Sink codec SBC SINK
05-28 10:09:12.416 663 663 I bt_btif_a2dp_source: system/bt/btif/src/btif_a2dp_source.cc:325 btif_a2dp_source_init: btif_a2dp_source_init
05-28 10:09:12.417 663 1157 I bt_stack: [INFO:message_loop_thread.cc(224)] Run: message loop starting for thread bt_a2dp_source_worker_thread
05-28 10:09:12.417 663 663 I bt_btif_storage: system/bt/btif/src/btif_storage.cc:661 btif_storage_get_adapter_property: btif_storage_get_adapter_property service_mask:0x20000048
05-28 10:09:12.417 663 951 I bt_bta_av: system/bt/bta/av/bta_av_main.cc:418 bta_av_api_register: bta_av_api_register: AVRCP version used for sdp: "avrcp15"
05-28 10:09:12.417 663 951 I bt_l2cap: system/bt/stack/l2cap/l2c_api.cc:134 L2CA_Register: L2CAP Registered service classic PSM: 0x0019
05-28 10:09:12.417 663 951 I bt_l2cap: system/bt/stack/l2cap/l2c_api.cc:134 L2CA_Register: L2CAP Registered service classic PSM: 0x0017
05-28 10:09:12.417 663 951 I bt_l2cap: system/bt/stack/l2cap/l2c_api.cc:134 L2CA_Register: L2CAP Registered service classic PSM: 0x001b
05-28 10:09:12.417 663 663 D A2dpService: A2DP offload flag set to false
05-28 10:09:12.417 663 951 I bt_bta_dm: system/bt/bta/dm/bta_dm_act.cc:3198 bta_dm_eir_update_uuid: EIR Adding UUID=0x110A into extended inquiry response
05-28 10:09:12.417 663 951 I bt_bta_dm: system/bt/bta/dm/bta_dm_act.cc:2897 bta_dm_set_eir: Generating extended inquiry response packet EIR
05-28 10:09:12.417 663 951 I bt_bta_av: system/bt/bta/av/bta_av_act.cc:304 bta_av_rc_create: Skipping RC creation for the old AVRCP profile
05-28 10:09:12.417 663 951 I bt_bta_dm: system/bt/bta/dm/bta_dm_act.cc:3198 bta_dm_eir_update_uuid: EIR Adding UUID=0x110E into extended inquiry response
05-28 10:09:12.417 663 951 I bt_bta_dm: system/bt/bta/dm/bta_dm_act.cc:2897 bta_dm_set_eir: Generating extended inquiry response packet EIR
05-28 10:09:12.417 663 951 I bt_bta_av: system/bt/bta/av/bta_av_main.cc:418 bta_av_api_register: bta_av_api_register: AVRCP version used for sdp: "avrcp15"
05-28 10:09:12.417 663 951 I bt_bta_av: system/bt/bta/av/bta_av_main.cc:418 bta_av_api_register: bta_av_api_register: AVRCP version used for sdp: "avrcp15"
05-28 10:09:12.417 663 951 I bt_bta_av: system/bt/bta/av/bta_av_main.cc:418 bta_av_api_register: bta_av_api_register: AVRCP version used for sdp: "avrcp15"
05-28 10:09:12.418 663 951 I bt_bta_av: system/bt/bta/av/bta_av_main.cc:418 bta_av_api_register: bta_av_api_register: AVRCP version used for sdp: "avrcp15"
05-28 10:09:12.418 663 951 I bt_bta_av: system/bt/bta/av/bta_av_main.cc:418 bta_av_api_register: bta_av_api_register: AVRCP version used for sdp: "avrcp15"
05-28 10:09:12.418 476 808 W StorageManagerService: Reporting emulated;0 unmounted due to system locked
05-28 10:09:12.421 663 663 D A2dpService: setA2dpService(): set to: com.android.bluetooth.a2dp.A2dpService@a9b7607
05-28 10:09:12.423 476 810 W StorageManagerService: Reporting emulated;0 unmounted due to system locked
05-28 10:09:12.426 476 809 W StorageManagerService: Reporting emulated;0 unmounted due to system locked
05-28 10:09:12.427 663 873 D BluetoothActiveDeviceManager: handleMessage(MESSAGE_ADAPTER_ACTION_STATE_CHANGED): newState=11
05-28 10:09:12.427 663 1157 I bt_btif_a2dp_source: system/bt/btif/src/btif_a2dp_source.cc:335 btif_a2dp_source_init_delayed: btif_a2dp_source_init_delayed
05-28 10:09:12.429 663 663 I BluetoothHidHostServiceJni: classInitNative: succeeds
05-28 10:09:12.432 665 665 D BluetoothHidHost: Proxy object connected
05-28 10:09:12.433 1040 1040 E ccc : cccccc etna EtnaApplication init com.dangbei.lerad.etna.haqu.EtnaApplication@6744aae
05-28 10:09:12.433 663 663 I bt_btif : system/bt/btif/src/bluetooth.cc:417 get_profile_interface: get_profile_interface: id = hidhost
05-28 10:09:12.434 663 663 I bt_btif_storage: system/bt/btif/src/btif_storage.cc:661 btif_storage_get_adapter_property: btif_storage_get_adapter_property service_mask:0x20100048
05-28 10:09:12.434 663 951 I bt_l2cap: system/bt/stack/l2cap/l2c_api.cc:134 L2CA_Register: L2CAP Registered service classic PSM: 0x0011
05-28 10:09:12.434 663 951 I bt_l2cap: system/bt/stack/l2cap/l2c_api.cc:134 L2CA_Register: L2CAP Registered service classic PSM: 0x0013
05-28 10:09:12.434 663 951 I bluetooth: system/bt/stack/gatt/gatt_api.cc:1019 GATT_Register: Allocated name:GattClient uuid:045841de-3b22-36ef-cd37-7e9e00c70ef0 gatt_if:4 eatt_support:0
05-28 10:09:12.435 663 849 W bt_stack: [WARNING:btif_hh.cc(403)] Added device e4:bb:d3:57:c0:7a
05-28 10:09:12.436 663 849 W bt_btif : system/bt/main/bte_logmsg.cc:194 LogMsg: BTA_HH_ADD_DEV_EVT: status = 0, handle = 16
05-28 10:09:12.437 663 663 I BluetoothPanServiceJni: classInitNative(L110): succeeds
05-28 10:09:12.438 1040 1040 I MMKV : Disable checkProcessMode()
05-28 10:09:12.439 476 809 W StorageManagerService: Reporting emulated;0 unmounted due to system locked
05-28 10:09:12.442 665 665 D BluetoothPan: Proxy object connected
05-28 10:09:12.446 663 663 D BluetoothPanServiceJni: initializeNative(L115): pan
05-28 10:09:12.446 663 663 I bt_btif : system/bt/btif/src/bluetooth.cc:417 get_profile_interface: get_profile_interface: id = pan
05-28 10:09:12.446 663 951 I bt_l2cap: system/bt/stack/l2cap/l2c_api.cc:134 L2CA_Register: L2CAP Registered service classic PSM: 0x000f
05-28 10:09:12.446 663 951 I bt_bta_dm: system/bt/bta/dm/bta_dm_act.cc:3198 bta_dm_eir_update_uuid: EIR Adding UUID=0x1116 into extended inquiry response
05-28 10:09:12.446 663 951 I bt_bta_dm: system/bt/bta/dm/bta_dm_act.cc:2897 bta_dm_set_eir: Generating extended inquiry response packet EIR
05-28 10:09:12.446 663 951 I bt_bta_dm: system/bt/bta/dm/bta_dm_act.cc:3198 bta_dm_eir_update_uuid: EIR Adding UUID=0x1115 into extended inquiry response
05-28 10:09:12.446 663 951 I bt_bta_dm: system/bt/bta/dm/bta_dm_act.cc:2897 bta_dm_set_eir: Generating extended inquiry response packet EIR
05-28 10:09:12.446 663 951 I bt_bta_dm: system/bt/bta/dm/bta_dm_act.cc:3198 bta_dm_eir_update_uuid: EIR Adding UUID=0x1116 into extended inquiry response
05-28 10:09:12.446 663 951 I bt_bta_dm: system/bt/bta/dm/bta_dm_act.cc:2897 bta_dm_set_eir: Generating extended inquiry response packet EIR
05-28 10:09:12.446 663 951 I bt_bta_dm: system/bt/bta/dm/bta_dm_act.cc:3198 bta_dm_eir_update_uuid: EIR Adding UUID=0x1115 into extended inquiry response
05-28 10:09:12.446 663 951 I bt_bta_dm: system/bt/bta/dm/bta_dm_act.cc:2897 bta_dm_set_eir: Generating extended inquiry response packet EIR
05-28 10:09:12.446 663 849 D BluetoothPanServiceJni: control_state_callback(L62): state:0, local_role:3, ifname:bt-pan
05-28 10:09:12.448 1040 1040 I MMKV : current API level = 31
05-28 10:09:12.448 1040 1040 I MMKV : version v1.2.8 page size:4096
05-28 10:09:12.449 1040 1040 I MMKV : root dir: /data/user/0/com.dangbei.lerad.etna.haqu/files/mmkv
05-28 10:09:12.449 476 808 W StorageManagerService: Reporting emulated;0 unmounted due to system locked
05-28 10:09:12.453 665 665 D BluetoothMap: Proxy object connected
05-28 10:09:12.453 665 665 D BluetoothMap: getConnectedDevices()
05-28 10:09:12.458 1118 1118 V GraphicsEnvironment: ANGLE Developer option for 'com.oranth.ledstatus' set to: 'default'
05-28 10:09:12.460 1118 1118 V GraphicsEnvironment: Neither updatable production driver nor prerelease driver is supported.
05-28 10:09:12.466 663 663 I AvrcpTargetService: User unlocked, initializing the service
05-28 10:09:12.466 663 663 I AvrcpTargetService: Starting the AVRCP Target Service
05-28 10:09:12.467 1118 1118 D NetworkSecurityConfig: No Network Security Config specified, using platform default
05-28 10:09:12.470 1118 1118 D NetworkSecurityConfig: No Network Security Config specified, using platform default
05-28 10:09:12.472 663 663 V MediaPlayerList: Creating MediaPlayerList
05-28 10:09:12.475 1118 1118 I aaa : BootCompleteService is start !!!
05-28 10:09:12.476 1118 1118 W ContextImpl: Calling a method in the system process without a qualified user: android.app.ContextImpl.startService:1816 android.content.ContextWrapper.startService:774 android.content.ContextWrapper.startService:774 com.oranth.ledstatus.BootCompletedReceiver.onReceive:15 android.app.ActivityThread.handleReceiver:4308
05-28 10:09:12.479 476 499 D MediaSessionService: The MediaKeyEventSessionChangedListener (android.os.BinderProxy@53e19b4) is added by com.android.bluetooth
05-28 10:09:12.479 663 663 I AvrcpTargetJni: classInitNative: AvrcpTargetJni initialized!
05-28 10:09:12.480 663 663 D AvrcpNativeInterface: Init AvrcpNativeInterface
05-28 10:09:12.480 663 663 D AvrcpTargetJni: initNative
05-28 10:09:12.480 663 951 I bt_stack: [INFO:avrcp_service.cc(287)] AVRCP Target Service started
05-28 10:09:12.480 663 951 I bt_bta_dm: system/bt/bta/dm/bta_dm_act.cc:3198 bta_dm_eir_update_uuid: EIR Adding UUID=0x110C into extended inquiry response
05-28 10:09:12.480 663 951 I bt_bta_dm: system/bt/bta/dm/bta_dm_act.cc:2897 bta_dm_set_eir: Generating extended inquiry response packet EIR
05-28 10:09:12.480 663 951 I bt_stack: [INFO:connection_handler.cc(197)] Connect to device ff:ff:ff:ff:ff:ff
05-28 10:09:12.480 663 951 I bt_stack: [INFO:connection_handler.cc(219)] virtual bool bluetooth::avrcp::ConnectionHandler::AvrcpConnect(bool, const RawAddress &): handle=0000 status= 000000
05-28 10:09:12.487 476 809 I ActivityManager: com.oranth.storage is exempt from freezer
05-28 10:09:12.488 476 809 D CompatibilityChangeReporter: Compat change id reported: 135634846; UID 1000; state: DISABLED
05-28 10:09:12.488 1118 1118 D aaa : onCreate()
05-28 10:09:12.489 182 182 E SELinux : avc: denied { find } for pid=1118 uid=1000 name=MyLedService scontext=u:r:system_app:s0 tcontext=u:object_r:default_android_service:s0 tclass=service_manager permissive=1
05-28 10:09:12.490 182 182 E SELinux : avc: denied { add } for pid=1118 uid=1000 name=MyLedService scontext=u:r:system_app:s0 tcontext=u:object_r:default_android_service:s0 tclass=service_manager permissive=1
05-28 10:09:12.503 245 245 D Zygote : Forked child process 1162
05-28 10:09:12.504 663 663 V MediaPlayerList: Initializing MediaPlayerList
05-28 10:09:12.504 476 538 I ActivityManager: app.processName = com.oranth.storage
05-28 10:09:12.504 476 538 I ActivityManager: Start proc 1162:com.oranth.storage/1000 for broadcast {com.oranth.storage/com.oranth.storage.BootCompletedReceiver}
05-28 10:09:12.508 663 663 I AvrcpBrowsedPlayerWrapper: Wrapping Media Browser com.android.music
05-28 10:09:12.511 663 663 E AvrcpTargetService: Please use AVRCP version 1.6 to enable cover art
05-28 10:09:12.511 1162 1162 I Zygote : seccomp disabled by setenforce 0
05-28 10:09:12.514 1118 1118 D aaa : LedStatusService onStartCommand begin
05-28 10:09:12.516 1118 1165 D aaa : topPkg is -------------- :com.android.tv.settings
05-28 10:09:12.518 1162 1162 I .oranth.storag: Late-enabling -Xcheck:jni
05-28 10:09:12.526 665 665 D BluetoothHidDevice: Proxy object connected
05-28 10:09:12.527 663 686 W BluetoothUtils: BluetoothHidDeviceBinder - Not available
05-28 10:09:12.536 264 264 D hdmi-cec: cec physical address: 1.0.0.0
05-28 10:09:12.537 264 264 D hdmi-cec: cec physical address: 1.0.0.0
05-28 10:09:12.538 264 264 D hdmi-cec: cec physical address: 1.0.0.0
05-28 10:09:12.538 264 264 D hdmi-cec: addLogicalAddress (4)
05-28 10:09:12.538 264 264 D hdmi-cec: cec physical address: 1.0.0.0
05-28 10:09:12.540 663 663 V BluetoothHidDeviceServiceJni: classInitNative: done
05-28 10:09:12.540 663 663 V BluetoothHidDeviceServiceJni: initNative enter
05-28 10:09:12.540 663 663 I bt_btif : system/bt/btif/src/bluetooth.cc:417 get_profile_interface: get_profile_interface: id = hiddev
05-28 10:09:12.540 663 663 I bt_btif_storage: system/bt/btif/src/btif_storage.cc:661 btif_storage_get_adapter_property: btif_storage_get_adapter_property service_mask:0x60100048
05-28 10:09:12.541 663 663 V BluetoothHidDeviceServiceJni: initNative done
05-28 10:09:12.562 379 379 I update_engine: [INFO:cleanup_previous_update_action.cc(112)] Executing task 7
05-28 10:09:12.564 379 379 I update_engine: [INFO:cleanup_previous_update_action.cc(189)] Boot completed, waiting on markBootSuccessful()
05-28 10:09:12.567 379 379 I update_engine: EnsureMetadataMounted does nothing in Android mode.
05-28 10:09:12.572 379 379 I update_engine: Read merge statistics file failed: No such file or directory
05-28 10:09:12.577 383 396 I adbd : jdwp connection from 1162
05-28 10:09:12.578 379 379 I update_engine: [INFO:cleanup_previous_update_action.cc(261)] Waiting for any previous merge request to complete. This can take up to several minutes.
05-28 10:09:12.579 1077 1077 I FrameWorkHelper: userHttps:
05-28 10:09:12.580 663 663 D BtOppService: setBluetoothOppService(): set to: com.android.bluetooth.opp.BluetoothOppService@a319dda
05-28 10:09:12.580 379 379 E update_engine: Read state file failed: No such file or directory
05-28 10:09:12.581 379 379 E update_engine: Read state file failed: No such file or directory
05-28 10:09:12.583 1040 1040 E ccc : cccccc ota-path is cache/recovery/
05-28 10:09:12.583 379 379 I update_engine: CheckMergeState for snapshots returned: 0
05-28 10:09:12.584 476 499 W StorageManagerService: Reporting emulated;0 unmounted due to system locked
05-28 10:09:12.586 379 379 I update_engine: ProcessUpdateState handling state: 0
05-28 10:09:12.587 663 663 I BluetoothPbapService: setCurrentUser(0)
05-28 10:09:12.588 663 663 I BluetoothPbapService: setUserUnlocked(0)
05-28 10:09:12.588 663 663 I BluetoothPbapService: setUserUnlocked(0)
05-28 10:09:12.588 379 379 I update_engine: [INFO:cleanup_previous_update_action.cc(287)] Can't find any snapshot to merge.
05-28 10:09:12.590 379 379 E update_engine: Read state file failed: No such file or directory
05-28 10:09:12.591 379 379 I update_engine: [INFO:cleanup_previous_update_action.cc(130)] Stopping/suspending/completing CleanupPreviousUpdateAction
05-28 10:09:12.592 379 379 I update_engine: [INFO:cleanup_previous_update_action.cc(469)] Not reporting merge stats because state is None
05-28 10:09:12.593 379 379 I update_engine: [INFO:cleanup_previous_update_action.cc(130)] Stopping/suspending/completing CleanupPreviousUpdateAction
05-28 10:09:12.595 379 379 I update_engine: [INFO:action_processor.cc(116)] ActionProcessor: finished last action CleanupPreviousUpdateAction with code ErrorCode::kSuccess
05-28 10:09:12.599 379 379 I update_engine: [INFO:update_attempter_android.cc(549)] Processing Done.
05-28 10:09:12.600 379 379 I update_engine: [INFO:update_attempter_android.cc(701)] Terminating cleanup previous update.
05-28 10:09:12.605 1040 1040 W ContextImpl: Calling a method in the system process without a qualified user: android.app.ContextImpl.startService:1816 android.content.ContextWrapper.startService:774 com.dangbei.lerad.etna.core.EtnaManager.startService:64 com.dangbei.lerad.etna.core.EtnaManager.init:39 com.dangbei.lerad.etna.haqu.EtnaApplication.init:87
05-28 10:09:12.611 663 663 D BluetoothPbapService: setBluetoothPbapService(): set to: com.android.bluetooth.pbap.BluetoothPbapService@312e939
05-28 10:09:12.613 663 663 D AvrcpVolumeManager: onAudioDevicesAdded: Not expecting device changed
05-28 10:09:12.614 1040 1040 W ContextImpl: Calling a method in the system process without a qualified user: android.app.ContextImpl.startService:1816 android.content.ContextWrapper.startService:774 com.dangbei.andes.CoreService$Companion.start:29 com.dangbei.lerad.etna.haqu.EtnaApplication.init:88 com.dangbei.lerad.etna.haqu.EtnaApplication.onCreate:59
05-28 10:09:12.614 663 1184 D ObexServerSockets: create(rfcomm = -2, l2capPsm = -2)
05-28 10:09:12.616 476 808 D CompatibilityChangeReporter: Compat change id reported: 168419799; UID 1000; state: DISABLED
05-28 10:09:12.619 663 1184 I bt_btif_sock_rfcomm: system/bt/btif/src/btif_sock_rfc.cc:303 btsock_rfc_listen: Adding listening socket service_name: (null) - channel: -2
05-28 10:09:12.620 663 951 I bt_stack: [INFO:port_api.cc(234)] RFCOMM_CreateConnection: bd_addr=ff:ff:ff:ff:ff:ff, scn=4, is_server=1, mtu=990, uuid=000000, dlci=8, signal_state=0x0b, p_port=0xbd3a6d94
05-28 10:09:12.621 476 809 D CompatibilityChangeReporter: Compat change id reported: 135634846; UID 10014; state: DISABLED
05-28 10:09:12.621 476 809 D CompatibilityChangeReporter: Compat change id reported: 177438394; UID 10014; state: DISABLED
05-28 10:09:12.621 476 809 D CompatibilityChangeReporter: Compat change id reported: 135772972; UID 10014; state: DISABLED
05-28 10:09:12.621 476 809 D CompatibilityChangeReporter: Compat change id reported: 135754954; UID 10014; state: ENABLED
05-28 10:09:12.622 663 1184 I bluetooth: system/bt/btif/src/btif_sock_l2cap.cc:316 btsock_l2cap_alloc_l: Allocated l2cap socket structure socket_id:1
05-28 10:09:12.622 663 951 I bt_l2cap: system/bt/stack/l2cap/l2c_api.cc:134 L2CA_Register: L2CAP Registered service classic PSM: 0x1001
05-28 10:09:12.623 663 951 I bluetooth: system/bt/btif/src/btif_sock_l2cap.cc:341 send_app_psm_or_chan_l: Sending l2cap socket socket_id:1 channel:4097
05-28 10:09:12.623 663 1184 D BluetoothAdapter: listenUsingL2capOn: set assigned channel to 4097
05-28 10:09:12.623 663 1184 D ObexServerSockets: Succeed to create listening sockets
05-28 10:09:12.623 663 1184 D ObexServerSockets0: startAccept()
05-28 10:09:12.624 663 1184 D BluetoothSdpJni: sdpCreatePbapPseRecordNative
05-28 10:09:12.624 663 1184 D BluetoothSdpJni: SDP Create record success - handle: 0
05-28 10:09:12.624 663 1184 D BluetoothPbapService: created Sdp record, mSdpHandle=0
05-28 10:09:12.624 663 951 I bt_bta_dm: system/bt/bta/dm/bta_dm_act.cc:3198 bta_dm_eir_update_uuid: EIR Adding UUID=0x112F into extended inquiry response
05-28 10:09:12.624 663 951 I bt_bta_dm: system/bt/bta/dm/bta_dm_act.cc:2897 bta_dm_set_eir: Generating extended inquiry response packet EIR
05-28 10:09:12.624 663 1192 D ObexServerSockets0: Accepting socket connection...
05-28 10:09:12.625 663 1191 D ObexServerSockets0: Accepting socket connection...
05-28 10:09:12.625 476 538 D CompatibilityChangeReporter: Compat change id reported: 143937733; UID 10014; state: ENABLED
05-28 10:09:12.635 476 577 D CompatibilityChangeReporter: Compat change id reported: 135634846; UID 10046; state: DISABLED
05-28 10:09:12.635 476 577 D CompatibilityChangeReporter: Compat change id reported: 177438394; UID 10046; state: DISABLED
05-28 10:09:12.635 476 577 D CompatibilityChangeReporter: Compat change id reported: 135772972; UID 10046; state: DISABLED
05-28 10:09:12.636 476 577 D CompatibilityChangeReporter: Compat change id reported: 135754954; UID 10046; state: DISABLED
05-28 10:09:12.638 1040 1040 D DisplayOutputManager: ro.build.characteristics=homlet
05-28 10:09:12.638 663 663 D CompatibilityChangeReporter: Compat change id reported: 150939131; UID 1002; state: ENABLED
05-28 10:09:12.639 663 663 D AdapterProperties: onBluetoothReady, state=TURNING_ON, ScanMode=20
05-28 10:09:12.639 182 182 I servicemanager: Found vendor.display.output.IDisplayOutputManager/default in device VINTF manifest.
05-28 10:09:12.640 663 663 D BluetoothAdapterService: updateUuids() - Updating UUIDs for bonded devices
05-28 10:09:12.643 663 849 D AdapterProperties: Scan Mode:21
05-28 10:09:12.643 1040 1040 D HomletDisplayOutputManager: get IDisplayOutputManager service success
05-28 10:09:12.643 663 849 D AdapterProperties: Discoverable Timeout:120
05-28 10:09:12.644 1040 1040 D AudioManagerEx: AudioManagerEx
05-28 10:09:12.647 250 316 D audio_hw_primary: Mic get_audio_devices_active:
05-28 10:09:12.648 250 316 D audio_hw_primary: get_audio_devices_active: AUDIO_CODEC,AUDIO_HDMI
05-28 10:09:12.656 326 326 I rainbow_flow: type=1400 audit(0.0:404): avc: denied { ioctl } for path="/dev/spidev1.0" dev="tmpfs" ino=6381 ioctlcmd=0x6b00 scontext=u:r:init:s0 tcontext=u:object_r:device:s0 tclass=chr_file permissive=1
05-28 10:09:12.650 250 250 D xm_audio: adev_get_parameters
05-28 10:09:12.650 245 245 D Zygote : Forked child process 1196
05-28 10:09:12.651 476 538 I ActivityManager: app.processName = android.process.acore
05-28 10:09:12.651 476 538 I ActivityManager: Start proc 1196:android.process.acore/u0a14 for content provider {com.android.providers.contacts/com.android.providers.contacts.ContactsProvider2}
05-28 10:09:12.652 476 538 D CompatibilityChangeReporter: Compat change id reported: 143937733; UID 10046; state: DISABLED
05-28 10:09:12.653 269 570 I hash_map_utils: system/bt/osi/src/hash_map_utils.cc:81 hash_map_utils_dump_string_keys_string_values: key: 'audio_devices_out_active' value: ''
05-28 10:09:12.656 1040 1040 D AudioManagerEx: type audio_devices_out_active list AUDIO_CODEC,AUDIO_HDMI=
05-28 10:09:12.657 663 663 I BluetoothAdapterService: initProfileServices: Initializing all bluetooth profile services
05-28 10:09:12.657 663 663 I BluetoothA2dpSinkServiceJni: classInitNative: succeeds
05-28 10:09:12.658 663 663 W HeadsetClientService: getHeadsetClientService(): service is null
05-28 10:09:12.658 663 663 W MapClientService: getMapClientService(): service is null
05-28 10:09:12.658 663 663 W PbapClientService: getPbapClientService(): service is null
05-28 10:09:12.658 663 663 W HearingAidService: getHearingAidService(): service is NULL
05-28 10:09:12.658 663 663 W SapService: getSapService(): service is null
