05-28 10:10:38.576 3069 3083 I OpenGLRenderer: Davey! duration=9223371928388ms; Flags=0, FrameTimelineVsyncId=4426, IntendedVsync=108455906166, Vsync=108455906166, InputEventId=0, HandleInputStart=108462123343, AnimationStart=108462125884, PerformTraversalsStart=108463862509, DrawStart=108464095093, FrameDeadline=108489239498, FrameInterval=108462115718, FrameStartTime=16666666, SyncQueued=108464489593, SyncStart=108474667134, IssueDrawCommandsStart=108475238134, SwapBuffers=108479741468, FrameCompleted=9223372036854775807, DequeueBufferDuration=29375, QueueBufferDuration=9173125, GpuCompleted=9223372036854775807, SwapBuffersCompleted=108489786259, DisplayPresentTime=0,
05-28 10:10:38.593 3069 3137 I OpenGLRenderer: Davey! duration=9223371928368ms; Flags=0, FrameTimelineVsyncId=4427, IntendedVsync=108472573275, Vsync=108472573275, InputEventId=0, HandleInputStart=108475619218, AnimationStart=108475621634, PerformTraversalsStart=108476173884, DrawStart=108476282551, FrameDeadline=108505906607, FrameInterval=108475611718, FrameStartTime=16666666, SyncQueued=108476573759, SyncStart=108489878301, IssueDrawCommandsStart=108490376176, SwapBuffers=108501043134, FrameCompleted=9223372036854775807, DequeueBufferDuration=5829792, QueueBufferDuration=4822459, GpuCompleted=9223372036854775807, SwapBuffersCompleted=108506507593, DisplayPresentTime=0,
05-28 10:10:38.599 476 520 W IorapForwardingService: No service published for: iorapd
05-28 10:10:38.609 3069 3137 I OpenGLRenderer: Davey! duration=9223371928352ms; Flags=0, FrameTimelineVsyncId=4429, IntendedVsync=108489239629, Vsync=108489239629, InputEventId=0, HandleInputStart=108491346426, AnimationStart=108491349926, PerformTraversalsStart=108492107968, DrawStart=108492208468, FrameDeadline=108522572961, FrameInterval=108491338593, FrameStartTime=16666666, SyncQueued=108493232301, SyncStart=108506590926, IssueDrawCommandsStart=108507058801, SwapBuffers=108526315009, FrameCompleted=9223372036854775807, DequeueBufferDuration=3252833, QueueBufferDuration=897959, GpuCompleted=9223372036854775807, SwapBuffersCompleted=108527880051, DisplayPresentTime=0,
05-28 10:10:38.628 3069 3137 I OpenGLRenderer: Davey! duration=9223371928328ms; Flags=0, FrameTimelineVsyncId=4431, IntendedVsync=108505908701, Vsync=108505908701, InputEventId=0, HandleInputStart=108507332551, AnimationStart=108507334551, PerformTraversalsStart=108507844134, DrawStart=108507920884, FrameDeadline=108539242033, FrameInterval=108507327718, FrameStartTime=16666666, SyncQueued=108508358051, SyncStart=108528314093, IssueDrawCommandsStart=108528854343, SwapBuffers=108532373384, FrameCompleted=9223372036854775807, DequeueBufferDuration=31292, QueueBufferDuration=12518375, GpuCompleted=9223372036854775807, SwapBuffersCompleted=108545589343, DisplayPresentTime=0,
05-28 10:10:38.642 3069 3137 I OpenGLRenderer: Davey! duration=9223371928316ms; Flags=0, FrameTimelineVsyncId=4433, IntendedVsync=108522574963, Vsync=108522574963, InputEventId=0, HandleInputStart=108529183426, AnimationStart=108529185384, PerformTraversalsStart=108529595759, DrawStart=108529693509, FrameDeadline=108555908295, FrameInterval=108529177384, FrameStartTime=16666666, SyncQueued=108529980843, SyncStart=108545693801, IssueDrawCommandsStart=108546260218, SwapBuffers=108549691009, FrameCompleted=9223372036854775807, DequeueBufferDuration=36667, QueueBufferDuration=14692500, GpuCompleted=9223372036854775807, SwapBuffersCompleted=108565254676, DisplayPresentTime=0,
05-28 10:10:38.664 319 2405 D XM_HIDREAD: poll ret=1, event=1
05-28 10:10:38.664 319 2405 D XM_HIDREAD: [9 bytes]:01 00 00 00 00 00 00 00 00
05-28 10:10:38.664 476 595 D TvWindowManager: key event key = KEYCODE_DPAD_LEFT down = false
05-28 10:10:38.665 3069 3137 I OpenGLRenderer: Davey! duration=9223371928297ms; Flags=0, FrameTimelineVsyncId=4435, IntendedVsync=108539242030, Vsync=108539242030, InputEventId=0, HandleInputStart=108546589551, AnimationStart=108546592301, PerformTraversalsStart=108547027801, DrawStart=108547125009, FrameDeadline=108572575362, FrameInterval=108546584051, FrameStartTime=16666666, SyncQueued=108547408051, SyncStart=108565431551, IssueDrawCommandsStart=108566211468, SwapBuffers=108570413718, FrameCompleted=9223372036854775807, DequeueBufferDuration=49500, QueueBufferDuration=13202750, GpuCompleted=9223372036854775807, SwapBuffersCompleted=108584584259, DisplayPresentTime=0,
05-28 10:10:38.672 2418 2418 I SogouIME: onKeyUp: keyoCode=21
05-28 10:10:38.672 2418 2418 I DefaultIMS: onKeyUp: keyoCode=21
05-28 10:10:38.681 3069 3137 I OpenGLRenderer: Davey! duration=9223371928281ms; Flags=0, FrameTimelineVsyncId=4437, IntendedVsync=108555907713, Vsync=108555907713, InputEventId=0, HandleInputStart=108566711426, AnimationStart=108566716509, PerformTraversalsStart=108567328759, DrawStart=108567446051, FrameDeadline=108589241045, FrameInterval=108566703551, FrameStartTime=16666666, SyncQueued=108567793176, SyncStart=108584722968, IssueDrawCommandsStart=108585408926, SwapBuffers=108591452259, FrameCompleted=9223372036854775807, DequeueBufferDuration=44500, QueueBufferDuration=11164667, GpuCompleted=9223372036854775807, SwapBuffersCompleted=108603845551, DisplayPresentTime=0,
05-28 10:10:38.699 3069 3137 I OpenGLRenderer: Davey! duration=9223371928264ms; Flags=0, FrameTimelineVsyncId=4439, IntendedVsync=108572573565, Vsync=108572573565, InputEventId=0, HandleInputStart=108585744634, AnimationStart=108585749051, PerformTraversalsStart=108586275426, DrawStart=108586376468, FrameDeadline=108605906897, FrameInterval=108585736968, FrameStartTime=16666666, SyncQueued=108586666509, SyncStart=108603980676, IssueDrawCommandsStart=108604702551, SwapBuffers=108611387134, FrameCompleted=9223372036854775807, DequeueBufferDuration=49708, QueueBufferDuration=10794625, GpuCompleted=9223372036854775807, SwapBuffersCompleted=108622917134, DisplayPresentTime=0,
05-28 10:10:38.718 3069 3137 I OpenGLRenderer: Davey! duration=9223371928249ms; Flags=0, FrameTimelineVsyncId=4441, IntendedVsync=108589240074, Vsync=108605906740, InputEventId=1045494417, HandleInputStart=108605981468, AnimationStart=108605987968, PerformTraversalsStart=108606663426, DrawStart=108606806009, FrameDeadline=108622573406, FrameInterval=108605967384, FrameStartTime=16666666, SyncQueued=108607209218, SyncStart=108623039343, IssueDrawCommandsStart=108624120176, SwapBuffers=108633478759, FrameCompleted=9223372036854775807, DequeueBufferDuration=61125, QueueBufferDuration=7793708, GpuCompleted=9223372036854775807, SwapBuffersCompleted=108641970968, DisplayPresentTime=0,
05-28 10:10:38.731 3069 3137 I OpenGLRenderer: Davey! duration=9223371928217ms; Flags=0, FrameTimelineVsyncId=4445, IntendedVsync=108622576032, Vsync=108622576032, InputEventId=0, HandleInputStart=108626254009, AnimationStart=108626260968, PerformTraversalsStart=108626899718, DrawStart=108627042009, FrameDeadline=108655909364, FrameInterval=108626240134, FrameStartTime=16666666, SyncQueued=108627491384, SyncStart=108642144551, IssueDrawCommandsStart=108642951301, SwapBuffers=108648336009, FrameCompleted=9223372036854775807, DequeueBufferDuration=48542, QueueBufferDuration=7338500, GpuCompleted=9223372036854775807, SwapBuffersCompleted=108656636343, DisplayPresentTime=0,
05-28 10:10:38.746 3069 3137 I OpenGLRenderer: Davey! duration=9223371928203ms; Flags=0, FrameTimelineVsyncId=4447, IntendedVsync=108639241771, Vsync=108639241771, InputEventId=0, HandleInputStart=108643390593, AnimationStart=108643395176, PerformTraversalsStart=108644157718, DrawStart=108644277509, FrameDeadline=108672575103, FrameInterval=108643382343, FrameStartTime=16666666, SyncQueued=108644626968, SyncStart=108656774843, IssueDrawCommandsStart=108657618551, SwapBuffers=108662138843, FrameCompleted=9223372036854775807, DequeueBufferDuration=62000, QueueBufferDuration=4405291, GpuCompleted=9223372036854775807, SwapBuffersCompleted=108668056926, DisplayPresentTime=0,
05-28 10:10:38.798 3069 3099 I OpenGLRenderer: Davey! duration=9223371928177ms; Flags=0, FrameTimelineVsyncId=4451, IntendedVsync=108672573919, Vsync=108672573919, InputEventId=0, HandleInputStart=108673639759, AnimationStart=108673647301, PerformTraversalsStart=108674119968, DrawStart=108674286718, FrameDeadline=108705907251, FrameInterval=108673626301, FrameStartTime=16666666, SyncQueued=108674701759, SyncStart=108679218801, IssueDrawCommandsStart=108679719718, SwapBuffers=108682787718, FrameCompleted=9223372036854775807, DequeueBufferDuration=185875, QueueBufferDuration=951250, GpuCompleted=9223372036854775807, SwapBuffersCompleted=108684397884, DisplayPresentTime=0,
05-28 10:10:39.170 319 2405 D XM_HIDREAD: poll ret=1, event=1
05-28 10:10:39.170 319 2405 D XM_HIDREAD: [9 bytes]:01 00 00 28 00 00 00 00 00
05-28 10:10:39.171 476 595 D TvWindowManager: key event key = KEYCODE_DPAD_CENTER down = true
05-28 10:10:39.172 476 594 D GpioService: mFlickerEnable = true
05-28 10:10:39.186 1915 1991 D UtilLog : 日志批量上报 进行正常循环 !!!!!!本次有0次请求,共0条数据
05-28 10:10:39.237 1077 1525 D hq : NetWorkStateReceiver:::检查网络,并且持续更新 isConnect=false
05-28 10:10:39.293 319 2405 D XM_HIDREAD: poll ret=1, event=1
05-28 10:10:39.294 319 2405 D XM_HIDREAD: [9 bytes]:01 00 00 00 00 00 00 00 00
05-28 10:10:39.294 476 595 D TvWindowManager: key event key = KEYCODE_DPAD_CENTER down = false
05-28 10:10:39.314 476 2597 D WifiNl80211Manager: Scan result ready event
05-28 10:10:39.314 476 2597 D WifiNative: Scan result ready event
05-28 10:10:39.321 476 594 D GpioService: mFlickerEnable = true
05-28 10:10:39.328 2418 2418 I SogouIME: onKeyDown: keyoCode=23
05-28 10:10:39.328 2418 2418 I DefaultIMS: onKeyDown: keyoCode=23
05-28 10:10:39.335 2418 2418 I SogouIME: onKeyUp: keyoCode=23
05-28 10:10:39.335 2418 2418 I DefaultIMS: onKeyUp: keyoCode=23
05-28 10:10:39.409 3069 3123 E ccc : cccccc SCAN_RESULTS_AVAILABLE_ACTION hhhh
05-28 10:10:39.409 1077 1077 E hq : NetWorkStateReceiver:::NetWorkStateReceiver onReceive: 网络变化广播 >>>> intent.action=android.net.wifi.SCAN_RESULTS
05-28 10:10:39.412 655 655 E WifiHAL : wifi_get_link_stats: requestResponse Error:-5
05-28 10:10:39.415 476 608 E WifiVendorHal: getWifiLinkLayerStats_1_5_Internal(l.1191) failed {.code = ERROR_INVALID_ARGS, .description = }
05-28 10:10:39.443 1077 1077 W eventbuscore: post Event:com.dangbei.leard.base.entity.event.NetWifiRssiEvent
05-28 10:10:39.480 1077 1559 I OpenGLRenderer: Davey! duration=9223371927465ms; Flags=0, FrameTimelineVsyncId=4533, IntendedVsync=109389246215, Vsync=109389246215, InputEventId=0, HandleInputStart=109389813260, AnimationStart=109389817843, PerformTraversalsStart=109389822385, DrawStart=109389964343, FrameDeadline=109422579547, FrameInterval=109389801635, FrameStartTime=16666666, SyncQueued=109390218926, SyncStart=109390710760, IssueDrawCommandsStart=109392442176, SwapBuffers=109400546635, FrameCompleted=9223372036854775807, DequeueBufferDuration=63250, QueueBufferDuration=635375, GpuCompleted=9223372036854775807, SwapBuffersCompleted=109401977093, DisplayPresentTime=0,
05-28 10:10:39.506 3069 3099 I OpenGLRenderer: Davey! duration=9223371927465ms; Flags=0, FrameTimelineVsyncId=4533, IntendedVsync=109389246215, Vsync=109389246215, InputEventId=0, HandleInputStart=109389813010, AnimationStart=109389817385, PerformTraversalsStart=109390146551, DrawStart=109390205968, FrameDeadline=109422579547, FrameInterval=109389801676, FrameStartTime=16666666, SyncQueued=109390434801, SyncStart=109390650093, IssueDrawCommandsStart=109391868676, SwapBuffers=109400435593, FrameCompleted=9223372036854775807, DequeueBufferDuration=7094958, QueueBufferDuration=862541, GpuCompleted=9223372036854775807, SwapBuffersCompleted=109401946593, DisplayPresentTime=0,
05-28 10:10:39.527 3069 3150 D skia : --- Failed to create image decoder with message 'unimplemented'
05-28 10:10:39.527 3069 3151 D skia : --- Failed to create image decoder with message 'unimplemented'
05-28 10:10:39.529 3069 3151 D skia : --- Failed to create image decoder with message 'unimplemented'
05-28 10:10:39.529 3069 3150 D skia : --- Failed to create image decoder with message 'unimplemented'
05-28 10:10:39.530 3069 3151 D skia : --- Failed to create image decoder with message 'unimplemented'
05-28 10:10:39.530 3069 3150 D skia : --- Failed to create image decoder with message 'unimplemented'
05-28 10:10:39.531 3069 3150 D skia : --- Failed to create image decoder with message 'unimplemented'
05-28 10:10:39.531 3069 3151 D skia : --- Failed to create image decoder with message 'unimplemented'
05-28 10:10:39.531 3069 3151 D skia : --- Failed to create image decoder with message 'unimplemented'
05-28 10:10:39.531 3069 3150 D skia : --- Failed to create image decoder with message 'unimplemented'
05-28 10:10:39.532 3069 3151 D skia : --- Failed to create image decoder with message 'unimplemented'
05-28 10:10:39.532 3069 3150 D skia : --- Failed to create image decoder with message 'unimplemented'
05-28 10:10:39.556 3069 3152 D skia : --- Failed to create image decoder with message 'unimplemented'
05-28 10:10:39.557 3069 3152 D skia : --- Failed to create image decoder with message 'unimplemented'
05-28 10:10:39.558 3069 3152 D skia : --- Failed to create image decoder with message 'unimplemented'
05-28 10:10:39.558 3069 3152 D skia : --- Failed to create image decoder with message 'unimplemented'
05-28 10:10:39.559 3069 3152 D skia : --- Failed to create image decoder with message 'unimplemented'
05-28 10:10:39.560 3069 3152 D skia : --- Failed to create image decoder with message 'unimplemented'
05-28 10:10:39.602 476 520 W IorapForwardingService: No service published for: iorapd
05-28 10:10:39.866 476 499 I WifiService: setWifiEnabled package=com.dangbei.haqusetting uid=1000 enable=false
05-28 10:10:39.874 476 608 D WifiActiveModeWarden: Shutting down all client mode managers
05-28 10:10:39.875 476 608 D WifiClientModeManager[wlan0]: currentstate: ConnectModeState
05-28 10:10:39.877 476 608 D WifiClientModeManager[wlan0]: Active SubscriptionInfo list not found
05-28 10:10:39.877 476 608 D WifiClientModeManager[wlan0]: The target role change info null
05-28 10:10:39.877 476 476 D WifiP2pService: Wifi enabled=false
05-28 10:10:39.877 1261 1261 D RockyReceiver: action: android.net.wifi.WIFI_STATE_CHANGED
05-28 10:10:39.879 476 608 D WifiClientModeManager[wlan0]: Continue to stop wifi
05-28 10:10:39.879 476 499 E ConnectivityService: Exception = android.content.pm.PackageManager$NameNotFoundException: android.net.cts
05-28 10:10:39.892 476 476 D WifiP2pService: Wifi enabled=false
05-28 10:10:39.894 476 608 D WifiClientModeManager[wlan0]: Stopping ClientModeImpl
05-28 10:10:39.903 655 655 D WifiHAL : wifi_virtual_interface_delete: ifname=wlan0 delete
05-28 10:10:39.903 655 655 I android.hardware.wifi@1.0-service-lazy: Adding interface handle for wlan1
05-28 10:10:39.903 655 655 I android.hardware.wifi@1.0-service-lazy: Adding interface handle for wlan0
05-28 10:10:39.904 1261 1261 D RockyReceiver: action: android.net.wifi.WIFI_STATE_CHANGED
05-28 10:10:39.904 655 655 W android.hardware.wifi@1.0-service-lazy: No active wlan interfaces in use! Using default
05-28 10:10:39.905 476 499 E ConnectivityService: Exception = android.content.pm.PackageManager$NameNotFoundException: android.net.cts
05-28 10:10:39.909 3069 3123 E ccc : cccccc scanResult size is zero reset
05-28 10:10:39.910 476 608 I android_os_HwBinder: HwBinder: Starting thread pool for getting: android.hardware.wifi.supplicant@1.0::ISupplicant/default
05-28 10:10:39.915 3069 3099 I OpenGLRenderer: Davey! duration=9223371927059ms; Flags=0, FrameTimelineVsyncId=4568, IntendedVsync=109789239072, Vsync=109789239072, InputEventId=0, HandleInputStart=109789865177, AnimationStart=109789871385, PerformTraversalsStart=109789878677, DrawStart=109789988510, FrameDeadline=109822572404, FrameInterval=109789854052, FrameStartTime=16666666, SyncQueued=109790846135, SyncStart=109796529302, IssueDrawCommandsStart=109797636802, SwapBuffers=109817106927, FrameCompleted=9223372036854775807, DequeueBufferDuration=12769250, QueueBufferDuration=1811959, GpuCompleted=9223372036854775807, SwapBuffersCompleted=109820919427, DisplayPresentTime=0,
05-28 10:10:39.923 834 834 I wpa_supplicant: nl80211: deinit ifname=p2p-dev-wlan0 disabled_11b_rates=0
05-28 10:10:39.992 834 834 I wpa_supplicant: wlan0: Do not deauthenticate as part of interface deinit since WoWLAN is enabled
05-28 10:10:40.039 834 834 I wpa_supplicant: nl80211: deinit ifname=wlan0 disabled_11b_rates=0
05-28 10:10:40.062 476 518 W PppoeNetworkFactory: interfaceLinkStateChanged
05-28 10:10:40.062 476 518 D PppoeNetworkFactory: updateInterface: mIface: mPhyIface:eth0 iface:wlan0 link:up
05-28 10:10:40.062 476 518 D PppoeNetworkFactory: not tracker interface
05-28 10:10:40.062 476 518 I EthernetTracker: interfaceLinkStateChanged, iface: wlan0, up: true
05-28 10:10:40.063 476 518 W PppoeNetworkFactory: interfaceLinkStateChanged
05-28 10:10:40.063 476 518 D PppoeNetworkFactory: updateInterface: mIface: mPhyIface:eth0 iface:wlan0 link:up
05-28 10:10:40.063 476 518 D PppoeNetworkFactory: not tracker interface
05-28 10:10:40.063 476 518 I EthernetTracker: interfaceLinkStateChanged, iface: wlan0, up: true
05-28 10:10:40.064 359 359 I wificond: Unsubscribe scan result for interface with index: 14
05-28 10:10:40.066 753 847 I Tethering: adding IpServer for: wlan0
05-28 10:10:40.066 476 518 W PppoeNetworkFactory: interfaceLinkStateChanged
05-28 10:10:40.066 476 518 D PppoeNetworkFactory: updateInterface: mIface: mPhyIface:eth0 iface:wlan0 link:down
05-28 10:10:40.066 476 518 D PppoeNetworkFactory: not tracker interface
05-28 10:10:40.066 476 518 I EthernetTracker: interfaceLinkStateChanged, iface: wlan0, up: false
05-28 10:10:40.074 359 359 I wificond: tearDownClientInterface: erasing wiphy_index for iface_name wlan0
05-28 10:10:40.074 359 359 I wificond: remove channel type 0 support at wiphy index 0
05-28 10:10:40.074 359 359 I wificond: remove channel type 1 support at wiphy index 0
05-28 10:10:40.075 476 608 I SupplicantStaIfaceHal: Terminating supplicant using HIDL
05-28 10:10:40.077 476 608 I android_os_HwBinder: HwBinder: Starting thread pool for getting: android.hardware.wifi.supplicant@1.0::ISupplicant/default
05-28 10:10:40.078 834 834 I wpa_supplicant: Terminating...
05-28 10:10:40.081 476 751 I WifiService: updateInterfaceIpState uid=1073
01-01 08:01:52.092 1 1 I init : Service 'wpa_supplicant' (pid 834) exited with status 0 oneshot service took 91.292999 seconds in background
01-01 08:01:52.092 1 1 I init : Sending signal 9 to service 'wpa_supplicant' (pid 834) process group...
01-01 08:01:52.092 1 1 I libprocessgroup: Successfully killed process cgroup uid 0 pid 834 in 0ms
05-28 10:10:40.087 476 605 W BestClock: java.time.DateTimeException: Missing NTP fix
05-28 10:10:40.115 476 957 D SupplicantStaIfaceHal: ISupplicant died: cookie=-2439048572367075849
05-28 10:10:40.124 476 605 W BestClock: java.time.DateTimeException: Missing NTP fix
05-28 10:10:40.127 476 606 W BestClock: java.time.DateTimeException: Missing NTP fix
05-28 10:10:40.128 476 606 W BestClock: java.time.DateTimeException: Missing NTP fix
05-28 10:10:40.128 476 608 W SupplicantStaIfaceHal: Timed out waiting for confirmation of supplicant death
05-28 10:10:40.128 476 608 D WifiNl80211Manager: tearing down interfaces in wificond
05-28 10:10:40.131 655 655 I WifiHAL : Sent msg on exit sock to unblock poll()
05-28 10:10:40.132 655 811 E WifiHAL : 1 events were leftover without being freed
05-28 10:10:40.132 655 811 I android.hardware.wifi@1.0-service-lazy: Legacy HAL stop complete callback received
05-28 10:10:40.132 655 655 W android.hardware.wifi@1.0-service-lazy: DRIVER_MODULE_TAG: sprdwl_ng : No such file or directory
05-28 10:10:40.133 655 655 E android.hardware.wifi@1.0-service-lazy: Failed to unload WiFi driver
05-28 10:10:40.133 655 655 E android.hardware.wifi@1.0-service-lazy: Failed to deinitialize firmware mode controller
05-28 10:10:40.134 655 655 E android.hardware.wifi@1.0-service-lazy: Wifi HAL stop failed
05-28 10:10:40.134 476 608 E HalDevMgr: Cannot stop IWifi: 9 ()
05-28 10:10:40.135 476 608 I WifiVendorHal: Vendor Hal stopped
05-28 10:10:40.135 476 608 D WifiClientModeManager[wlan0]: STA iface wlan0 was destroyed, stopping client mode
05-28 10:10:40.135 476 608 W WifiClientModeManager[wlan0]: Received mWifiNativeInterfaceCallback.onDestroyed callback when no ClientModeImpl instance is active.
05-28 10:10:40.135 476 608 I WifiNative: Successfully torn down Iface:{Name=wlan0,Id=0,Type=STA_CONNECTIVITY}
05-28 10:10:40.135 476 608 I WifiNative: Successfully initiated teardown for iface=wlan0
05-28 10:10:40.135 476 608 I WifiClientModeManager[unknown]: StartedState#exit(), setting mRole = null
05-28 10:10:40.137 476 608 E SupplicantStaIfaceHal: Can't call listNetworks, ISupplicantStaIface is null for iface=wlan0
05-28 10:10:40.137 476 608 E SupplicantStaIfaceHal: removeAllNetworks failed, got null networks
05-28 10:10:40.137 476 608 E WifiClientModeImpl[wlan0]: Failed to remove networks on exiting connect mode
05-28 10:10:40.138 476 608 E SupplicantStaIfaceHal: Can't call setPowerSave, ISupplicantStaIface is null for iface=wlan0
05-28 10:10:40.138 476 608 E SupplicantStaIfaceHal: Can't call setBtCoexistenceMode, ISupplicantStaIface is null for iface=wlan0
05-28 10:10:40.142 476 608 D WifiDiags: stopLogging() iface list is {} after removing wlan0
05-28 10:10:40.143 476 608 W WifiDiags: Fail to reset log handler
05-28 10:10:40.151 476 608 D WifiScanRequestProxy: Sending scan available broadcast: false
05-28 10:10:40.151 476 612 I WifiScanningService: Received a request to disable scanning, UID = 1000
05-28 10:10:40.152 476 608 I WifiScanRequestProxy: Scanning is disabled
05-28 10:10:40.152 476 612 E WifiNl80211Manager: No valid wificond scanner interface handler for iface=wlan0
05-28 10:10:40.152 476 612 I WifiScanningService: Removed an impl for wlan0
05-28 10:10:40.152 476 612 I WifiScanningService: wifi driver unloaded
05-28 10:10:40.156 476 608 D WifiCountryCode: evaluateAllCmmStateAndApplyIfAllReady: {}
05-28 10:10:40.166 476 608 D WifiService: updateInterfaceIpState: ifaceName=wlan0 mode=-1 previous LOHS mode= -1
05-28 10:10:40.166 476 608 W SupplicantStaIfaceHal: ISupplicant died: cookie=1
05-28 10:10:40.167 476 608 E HalDevMgr: IWifiEventCallback.onFailure: 9 ()
05-28 10:10:40.167 476 608 I WifiNative: Vendor HAL died. Cleaning up internal state.
05-28 10:10:40.168 476 608 D WifiController: STA disabled, return to DisabledState.
05-28 10:10:40.168 476 608 D WifiController: EnabledState.exit()
05-28 10:10:40.168 476 608 D WifiController: DisabledState.enter()
05-28 10:10:40.169 476 608 I WifiNative: Vendor HAL died. Cleaning up internal state.
05-28 10:10:40.169 476 608 E WifiActiveModeWarden: One of the native daemons died. Triggering recovery
05-28 10:10:40.169 476 608 E WifiSelfRecovery: Triggering recovery for reason: WifiNative Failure
05-28 10:10:40.178 476 608 E WifiSelfRecovery: Restarting wifi for reason: WifiNative Failure
05-28 10:10:40.179 476 608 E WifiActiveModeWarden: One of the native daemons died. Triggering recovery
05-28 10:10:40.179 476 608 E WifiSelfRecovery: Triggering recovery for reason: WifiNative Failure
05-28 10:10:40.179 476 608 E WifiSelfRecovery: Restarting wifi for reason: WifiNative Failure
05-28 10:10:40.180 476 608 D WifiController: Recovery triggered, already in disabled state
05-28 10:10:40.180 476 608 D WifiController: Recovery triggered, already in disabled state
01-01 08:01:52.219 187 187 I logd : logdr: UID=1000 GID=1000 PID=3161 n tail=127 logMask=19 pid=0 start=0ns deadline=0ns
05-28 10:10:40.250 319 2405 D XM_HIDREAD: poll ret=1, event=1
05-28 10:10:40.250 319 2405 D XM_HIDREAD: [9 bytes]:01 00 00 28 00 00 00 00 00
05-28 10:10:40.250 476 595 D TvWindowManager: key event key = KEYCODE_DPAD_CENTER down = true
05-28 10:10:40.250 476 1072 E TaskPersister: File error accessing recents directory (directory doesn't exist?).
05-28 10:10:40.251 476 594 D GpioService: mFlickerEnable = true
05-28 10:10:40.389 2026 2079 I efs.send_log: log cann't be send because net status is disconnected
05-28 10:10:40.400 476 594 D GpioService: mFlickerEnable = true
05-28 10:10:40.401 476 609 W WifiDiags: could not flush ringbuffer
05-28 10:10:40.402 2418 2418 I SogouIME: onKeyDown: keyoCode=23
05-28 10:10:40.402 2418 2418 I DefaultIMS: onKeyDown: keyoCode=23
05-28 10:10:40.418 319 2405 D XM_HIDREAD: poll ret=1, event=1
05-28 10:10:40.418 319 2405 D XM_HIDREAD: [9 bytes]:01 00 00 00 00 00 00 00 00
05-28 10:10:40.419 476 595 D TvWindowManager: key event key = KEYCODE_DPAD_CENTER down = false
05-28 10:10:40.421 2418 2418 I SogouIME: onKeyUp: keyoCode=23
05-28 10:10:40.421 2418 2418 I DefaultIMS: onKeyUp: keyoCode=23
05-28 10:10:40.604 476 520 W IorapForwardingService: No service published for: iorapd
05-28 10:10:40.632 476 997 W ZramWriteback: Writeback device is not set
05-28 10:10:40.633 476 997 D ZramWriteback: wait to flush
05-28 10:10:40.637 476 609 W WifiDiags: could not flush ringbuffer
05-28 10:10:40.929 476 579 I WifiService: setWifiEnabled package=com.dangbei.haqusetting uid=1000 enable=true
05-28 10:10:40.930 476 608 D WifiActiveModeWarden: Starting primary ClientModeManager in connect mode
05-28 10:10:40.931 476 608 D WifiController: DisabledState.exit()
05-28 10:10:40.931 476 608 D WifiController: EnabledState.enter()
05-28 10:10:40.932 476 608 D WifiClientModeManager[unknown]: entering IdleState
05-28 10:10:40.934 476 608 I android_os_HwBinder: HwBinder: Starting thread pool for getting: android.hardware.wifi@1.0::IWifi/default
05-28 10:10:40.935 655 655 W android.hardware.wifi@1.0-service-lazy: DRIVER_MODULE_TAG: sprdwl_ng : Device or resource busy
05-28 10:10:40.936 655 655 I android.hardware.wifi@1.0-service-lazy: Wifi HAL started
05-28 10:10:40.937 476 608 I WifiVendorHal: Vendor Hal started successfully
05-28 10:10:40.940 655 655 W android.hardware.wifi@1.0-service-lazy: No active wlan interfaces in use! Using default
05-28 10:10:40.940 655 655 E android.hardware.wifi@1.0-service-lazy: Unknown iface name: wlan0
05-28 10:10:40.940 655 655 E android.hardware.wifi@1.0-service-lazy: Unknown iface name: wlan0
05-28 10:10:40.945 476 518 W PppoeNetworkFactory: interfaceLinkStateChanged
05-28 10:10:40.945 476 518 D PppoeNetworkFactory: updateInterface: mIface: mPhyIface:eth0 iface:wlan0 link:down
05-28 10:10:40.945 476 518 D PppoeNetworkFactory: not tracker interface
05-28 10:10:40.945 476 518 I EthernetTracker: interfaceLinkStateChanged, iface: wlan0, up: false
01-01 08:01:52.955 756 756 E sprdwl : sprdwl_rx_rsp_process ctx_id 0 recv rsp[WIFI_CMD_MULTICAST_FILTER] status[SPRDWL_CMD_STATUS_ARG_ERROR]
05-28 10:10:40.963 655 655 I WifiHAL : Initializing wifi
01-01 08:01:52.980 655 655 I ieee80211 phy0: sprdwl_vendor_get_support_feature
05-28 10:10:40.974 655 655 E WifiHAL : wifi_get_logger_supported_feature_set: Error -5 happened.
05-28 10:10:40.975 655 655 E WifiHAL : Failed to get supported logger feature set: -5
05-28 10:10:40.975 655 655 E WifiHAL : wifi_get_firmware_version: Error -5 happened.
05-28 10:10:40.975 655 655 E WifiHAL : Failed to get supported logger feature set: -5
05-28 10:10:40.976 655 655 E WifiHAL : get_firmware_bus_max_size_supported: requestResponse Error:-3
05-28 10:10:40.976 655 655 E WifiHAL : Failed to get supported bus size, error : -3
05-28 10:10:40.976 655 655 E WifiHAL : wifi_logger_ring_buffers_init: Ring buffer logging feature not supported 0
05-28 10:10:40.976 655 655 E WifiHAL : Wifi Logger Ring Initialization Failed
05-28 10:10:40.976 655 655 E WifiHAL : wifiGetCapabilities: Failed to send request, Error:-5
05-28 10:10:40.976 655 655 E WifiHAL : Failed to get wifi Capabilities, error: -5
05-28 10:10:40.977 655 655 I android.hardware.wifi@1.0-service-lazy: Adding interface handle for wlan1
05-28 10:10:40.977 655 655 I android.hardware.wifi@1.0-service-lazy: Adding interface handle for wlan0
05-28 10:10:40.977 655 655 W android.hardware.wifi@1.0-service-lazy: No active wlan interfaces in use! Using default
05-28 10:10:40.982 655 655 W android.hardware.wifi@1.0-service-lazy: No active wlan interfaces in use! Using default
05-28 10:10:40.983 655 655 E WifiHAL : wifi_get_driver_version: Error -5 happened.
05-28 10:10:40.983 655 655 E android.hardware.wifi@1.0-service-lazy: Failed to get driver version: INVALID_ARGS
05-28 10:10:40.983 655 655 I android.hardware.wifi@1.0-service-lazy: Configured chip in mode 3
05-28 10:10:40.983 655 655 W android.hardware.wifi@1.0-service-lazy: No active wlan interfaces in use! Using default
05-28 10:10:40.985 476 608 D HalDevMgr: updateRttController: no one is interested in RTT controllers
05-28 10:10:40.986 655 655 D WifiHAL : wifi_virtual_interface_create: ifname=wlan0 create
05-28 10:10:40.986 655 655 I android.hardware.wifi@1.0-service-lazy: Adding interface handle for wlan1
05-28 10:10:40.986 655 655 I android.hardware.wifi@1.0-service-lazy: Adding interface handle for wlan0
05-28 10:10:40.987 655 655 E android.hardware.wifi@1.0-service-lazy: Failed to set DFS flag; DFS channels may be unavailable.
05-28 10:10:40.997 655 655 I WifiHAL : mpdu_size_threshold : 128, aggressive_statistics_gathering : 0
05-28 10:10:40.997 655 655 E WifiHAL : wifi_set_link_stats: requestResponse Error:-5
05-28 10:10:40.998 476 608 E WifiVendorHal: enableLinkLayerStats(l.1461) failed {.code = ERROR_INVALID_ARGS, .description = }
05-28 10:10:40.998 476 608 E WifiVendorHal: unable to enable link layer stats collection
05-28 10:10:40.998 476 608 D WifiNl80211Manager: Setting up interface for client mode: wlan0
05-28 10:10:40.999 359 359 I wificond: createClientInterface: wiphy_index 0 iface_name wlan0
05-28 10:10:41.003 359 359 I wificond: create scanner for interface with index: 14
05-28 10:10:41.003 359 359 I wificond: subscribe scan result for interface with index: 14
05-28 10:10:41.012 359 359 I wificond: add channel type 0 support at wiphy index: 0
05-28 10:10:41.012 359 359 I wificond: add channel type 1 support at wiphy index: 0
05-28 10:10:41.017 476 608 I WifiNative: Interface state changed on Iface:{Name=wlan0,Id=1,Type=STA_SCAN}, isUp=true
05-28 10:10:41.017 476 608 I WifiNative: Successfully setup Iface:{Name=wlan0,Id=1,Type=STA_SCAN}
05-28 10:10:41.018 476 608 E SupplicantStaIfaceHal: Can't call getKeyMgmtCapabilities_1_3, ISupplicantStaIface is null for iface=wlan0
05-28 10:10:41.020 655 655 E WifiHAL : wifi_get_logger_supported_feature_set: Error -5 happened.
05-28 10:10:41.021 655 655 E WifiHAL : wifi_get_logger_supported_feature_set: Error -5 happened.
01-01 08:01:53.029 655 655 I ieee80211 phy0: sprdwl_vendor_get_support_feature
01-01 08:01:53.030 655 655 I ieee80211 phy0: sprdwl_vendor_get_support_feature
05-28 10:10:41.022 476 608 E SupplicantStaIfaceHal: Can't call getWpaDriverCapabilities_1_4, ISupplicantStaIface is null for iface=wlan0
05-28 10:10:41.023 476 608 D WifiClientModeManager[wlan0]: entering StartedState
05-28 10:10:41.028 476 476 D WifiP2pService: Wifi enabled=false
05-28 10:10:41.029 1261 1261 D RockyReceiver: action: android.net.wifi.WIFI_STATE_CHANGED
05-28 10:10:41.030 476 577 E ConnectivityService: Exception = android.content.pm.PackageManager$NameNotFoundException: android.net.cts
05-28 10:10:41.034 476 608 I SupplicantStaIfaceHal: Starting supplicant using HIDL
05-28 10:10:41.035 183 183 I hwservicemanager: Since android.hardware.wifi.supplicant@1.0::ISupplicant/default is not registered, trying to start it as a lazy HAL.
05-28 10:10:41.036 476 608 D SupplicantStaIfaceHal: Successfully triggered start of supplicant using HIDL
01-01 08:01:53.047 1 1 I init : starting service 'wpa_supplicant'...
01-01 08:01:53.049 1 1 I init : Created socket '/dev/socket/wpa_wlan0', mode 660, user 1010, group 1010
01-01 08:01:53.060 1 1 I init : Control message: Processed ctl.interface_start for 'android.hardware.wifi.supplicant@1.0::ISupplicant/default' from pid: 183 (/system/bin/hwservicemanager)
05-28 10:10:41.156 3179 3179 D wpa_supplicant: wpa_supplicant v2.10-devel-12
05-28 10:10:41.156 3179 3179 D wpa_supplicant: Global control interface '@android:wpa_wlan0'
05-28 10:10:41.156 3179 3179 D wpa_supplicant: Using Android control socket 'wpa_wlan0'
05-28 10:10:41.156 3179 3179 D wpa_supplicant: Initing hidl control
05-28 10:10:41.157 3179 3179 I wpa_supplicant: Processing hidl events on FD 4
05-28 10:10:41.157 3179 3179 E cutils-trace: Error opening trace file: No such file or directory (2)
05-28 10:10:41.160 3179 3179 I HidlServiceManagement: Registered android.hardware.wifi.supplicant@1.4::ISupplicant/default
05-28 10:10:41.161 3179 3179 I wpa_supplicant: Successfully initialized wpa_supplicant
05-28 10:10:41.162 476 936 I android_os_HwBinder: HwBinder: Starting thread pool for getting: android.hardware.wifi.supplicant@1.0::ISupplicant/default
05-28 10:10:41.163 476 936 I SupplicantStaIfaceHal: Completed initialization of ISupplicant.
05-28 10:10:41.237 476 608 E SupplicantStaIfaceHal: Can't call setupIface, ISupplicantStaIface is null for iface=wlan0
05-28 10:10:41.239 1077 1527 D hq : NetWorkStateReceiver:::检查网络,并且持续更新 isConnect=false
05-28 10:10:41.242 476 608 I android_os_HwBinder: HwBinder: Starting thread pool for getting: android.hardware.wifi.supplicant@1.0::ISupplicant/default
05-28 10:10:41.245 3179 3179 D wpa_supplicant: Override interface parameter: ctrl_interface ('(null)' -> '/data/vendor/wifi/wpa/sockets')
05-28 10:10:41.245 3179 3179 D wpa_supplicant: Initializing interface 'wlan0' conf '/data/vendor/wifi/wpa/wpa_supplicant.conf' driver 'nl80211' ctrl_interface '/data/vendor/wifi/wpa/sockets' bridge 'N/A'
05-28 10:10:41.245 3179 3179 D wpa_supplicant: Configuration file '/data/vendor/wifi/wpa/wpa_supplicant.conf' -> '/data/vendor/wifi/wpa/wpa_supplicant.conf'
05-28 10:10:41.245 3179 3179 D wpa_supplicant: Reading configuration file '/data/vendor/wifi/wpa/wpa_supplicant.conf'
05-28 10:10:41.246 3179 3179 D wpa_supplicant: update_config=1
05-28 10:10:41.246 3179 3179 D wpa_supplicant: eapol_version=1
05-28 10:10:41.246 3179 3179 D wpa_supplicant: ap_scan=1
05-28 10:10:41.246 3179 3179 D wpa_supplicant: fast_reauth=1
05-28 10:10:41.246 3179 3179 D wpa_supplicant: pmf=1
05-28 10:10:41.246 3179 3179 D wpa_supplicant: p2p_add_cli_chan=1
05-28 10:10:41.246 3179 3179 D wpa_supplicant: oce=1
05-28 10:10:41.246 3179 3179 D wpa_supplicant: sae_pwe=2
05-28 10:10:41.246 3179 3179 D wpa_supplicant: Reading configuration file '/vendor/etc/wifi/wpa_supplicant_overlay.conf'
05-28 10:10:41.247 3179 3179 D wpa_supplicant: disable_scan_offload=1
05-28 10:10:41.247 3179 3179 D wpa_supplicant: wowlan_triggers='any'
05-28 10:10:41.247 3179 3179 D wpa_supplicant: p2p_disabled=0
05-28 10:10:41.247 3179 3179 D wpa_supplicant: filter_rssi=-75
05-28 10:10:41.247 3179 3179 D wpa_supplicant: no_ctrl_interface -> ctrl_interface=NULL
05-28 10:10:41.253 3179 3179 D wpa_supplicant: nl80211: Supported cipher 00-0f-ac:1
05-28 10:10:41.253 3179 3179 D wpa_supplicant: nl80211: Supported cipher 00-0f-ac:5
05-28 10:10:41.253 3179 3179 D wpa_supplicant: nl80211: Supported cipher 00-0f-ac:2
05-28 10:10:41.253 3179 3179 D wpa_supplicant: nl80211: Supported cipher 00-0f-ac:4
05-28 10:10:41.253 3179 3179 D wpa_supplicant: nl80211: Supported cipher 00-14-72:1
05-28 10:10:41.253 3179 3179 D wpa_supplicant: nl80211: Supported cipher 00-0f-ac:6
05-28 10:10:41.253 3179 3179 D wpa_supplicant: nl80211: Supported cipher 00-0f-ac:255
05-28 10:10:41.254 3179 3179 D wpa_supplicant: nl80211: Supported vendor command: vendor_id=0x1374 subcmd=9
05-28 10:10:41.254 3179 3179 D wpa_supplicant: nl80211: Supported vendor command: vendor_id=0x1374 subcmd=12
05-28 10:10:41.254 3179 3179 D wpa_supplicant: nl80211: Supported vendor command: vendor_id=0x1374 subcmd=14
05-28 10:10:41.254 3179 3179 D wpa_supplicant: nl80211: Supported vendor command: vendor_id=0x1374 subcmd=15
05-28 10:10:41.254 3179 3179 D wpa_supplicant: nl80211: Supported vendor command: vendor_id=0x1374 subcmd=16
05-28 10:10:41.254 3179 3179 D wpa_supplicant: nl80211: Supported vendor command: vendor_id=0x1374 subcmd=20
05-28 10:10:41.254 3179 3179 D wpa_supplicant: nl80211: Supported vendor command: vendor_id=0x1a11 subcmd=6
05-28 10:10:41.254 3179 3179 D wpa_supplicant: nl80211: Supported vendor command: vendor_id=0x1374 subcmd=21
05-28 10:10:41.254 3179 3179 D wpa_supplicant: nl80211: Supported vendor command: vendor_id=0x1374 subcmd=22
05-28 10:10:41.254 3179 3179 D wpa_supplicant: nl80211: Supported vendor command: vendor_id=0x1374 subcmd=23
05-28 10:10:41.254 3179 3179 D wpa_supplicant: nl80211: Supported vendor command: vendor_id=0x1374 subcmd=24
05-28 10:10:41.254 3179 3179 D wpa_supplicant: nl80211: Supported vendor command: vendor_id=0x1374 subcmd=29
05-28 10:10:41.254 3179 3179 D wpa_supplicant: nl80211: Supported vendor command: vendor_id=0x1374 subcmd=30
05-28 10:10:41.254 3179 3179 D wpa_supplicant: nl80211: Supported vendor command: vendor_id=0x1374 subcmd=32
05-28 10:10:41.254 3179 3179 D wpa_supplicant: nl80211: Supported vendor command: vendor_id=0x1374 subcmd=33
05-28 10:10:41.254 3179 3179 D wpa_supplicant: nl80211: Supported vendor command: vendor_id=0x1374 subcmd=38
05-28 10:10:41.254 3179 3179 D wpa_supplicant: nl80211: Supported vendor command: vendor_id=0x1374 subcmd=39
05-28 10:10:41.254 3179 3179 D wpa_supplicant: nl80211: Supported vendor command: vendor_id=0x1374 subcmd=42
05-28 10:10:41.254 3179 3179 D wpa_supplicant: nl80211: Supported vendor command: vendor_id=0x1374 subcmd=55
05-28 10:10:41.254 3179 3179 D wpa_supplicant: nl80211: Supported vendor command: vendor_id=0x1374 subcmd=61
05-28 10:10:41.254 3179 3179 D wpa_supplicant: nl80211: Supported vendor command: vendor_id=0x1374 subcmd=62
05-28 10:10:41.254 3179 3179 D wpa_supplicant: nl80211: Supported vendor command: vendor_id=0x1374 subcmd=63
05-28 10:10:41.254 3179 3179 D wpa_supplicant: nl80211: Supported vendor command: vendor_id=0x1374 subcmd=64
05-28 10:10:41.254 3179 3179 D wpa_supplicant: nl80211: Supported vendor command: vendor_id=0x1374 subcmd=65
05-28 10:10:41.254 3179 3179 D wpa_supplicant: nl80211: Supported vendor command: vendor_id=0x1374 subcmd=66
05-28 10:10:41.254 3179 3179 D wpa_supplicant: nl80211: Supported vendor command: vendor_id=0x1374 subcmd=69
05-28 10:10:41.254 3179 3179 D wpa_supplicant: nl80211: Supported vendor command: vendor_id=0x1374 subcmd=70
05-28 10:10:41.254 3179 3179 D wpa_supplicant: nl80211: Supported vendor command: vendor_id=0x1374 subcmd=71
05-28 10:10:41.254 3179 3179 D wpa_supplicant: nl80211: Supported vendor command: vendor_id=0x1374 subcmd=76
05-28 10:10:41.254 3179 3179 D wpa_supplicant: nl80211: Supported vendor command: vendor_id=0x1374 subcmd=77
05-28 10:10:41.254 3179 3179 D wpa_supplicant: nl80211: Supported vendor command: vendor_id=0x1374 subcmd=79
05-28 10:10:41.254 3179 3179 D wpa_supplicant: nl80211: Supported vendor command: vendor_id=0x1374 subcmd=80
05-28 10:10:41.254 3179 3179 D wpa_supplicant: nl80211: Supported vendor command: vendor_id=0x1374 subcmd=82
05-28 10:10:41.254 3179 3179 D wpa_supplicant: nl80211: Supported vendor command: vendor_id=0x1374 subcmd=85
05-28 10:10:41.254 3179 3179 D wpa_supplicant: nl80211: Supported vendor command: vendor_id=0x1374 subcmd=146
05-28 10:10:41.254 3179 3179 D wpa_supplicant: nl80211: Supported vendor command: vendor_id=0x1374 subcmd=12
05-28 10:10:41.254 3179 3179 D wpa_supplicant: nl80211: Supported vendor command: vendor_id=0x1374 subcmd=128
05-28 10:10:41.254 3179 3179 D wpa_supplicant: nl80211: Supported vendor command: vendor_id=0x1374 subcmd=129
05-28 10:10:41.254 3179 3179 D wpa_supplicant: nl80211: Supported vendor command: vendor_id=0x1374 subcmd=130
05-28 10:10:41.254 3179 3179 D wpa_supplicant: nl80211: Supported vendor command: vendor_id=0x1374 subcmd=133
05-28 10:10:41.254 3179 3179 D wpa_supplicant: nl80211: Supported vendor command: vendor_id=0x1374 subcmd=176
05-28 10:10:41.254 3179 3179 D wpa_supplicant: nl80211: Supported vendor event: vendor_id=0x1374 subcmd=80
05-28 10:10:41.254 3179 3179 D wpa_supplicant: nl80211: Supported vendor event: vendor_id=0x1374 subcmd=1
05-28 10:10:41.254 3179 3179 D wpa_supplicant: nl80211: Supported vendor event: vendor_id=0x1374 subcmd=1
05-28 10:10:41.254 3179 3179 D wpa_supplicant: nl80211: Supported vendor event: vendor_id=0x1374 subcmd=1
05-28 10:10:41.254 3179 3179 D wpa_supplicant: nl80211: Supported vendor event: vendor_id=0x1374 subcmd=1
05-28 10:10:41.254 3179 3179 D wpa_supplicant: nl80211: Supported vendor event: vendor_id=0x1374 subcmd=1
05-28 10:10:41.254 3179 3179 D wpa_supplicant: nl80211: Supported vendor event: vendor_id=0x1374 subcmd=20
05-28 10:10:41.254 3179 3179 D wpa_supplicant: nl80211: Supported vendor event: vendor_id=0x1374 subcmd=21
05-28 10:10:41.254 3179 3179 D wpa_supplicant: nl80211: Supported vendor event: vendor_id=0x1374 subcmd=23
05-28 10:10:41.254 3179 3179 D wpa_supplicant: nl80211: Supported vendor event: vendor_id=0x1374 subcmd=24
05-28 10:10:41.254 3179 3179 D wpa_supplicant: nl80211: Supported vendor event: vendor_id=0x1374 subcmd=25
05-28 10:10:41.254 3179 3179 D wpa_supplicant: nl80211: Supported vendor event: vendor_id=0x1374 subcmd=26
05-28 10:10:41.254 3179 3179 D wpa_supplicant: nl80211: Supported vendor event: vendor_id=0x1374 subcmd=27
05-28 10:10:41.254 3179 3179 D wpa_supplicant: nl80211: Supported vendor event: vendor_id=0x1374 subcmd=28
05-28 10:10:41.254 3179 3179 D wpa_supplicant: nl80211: Supported vendor event: vendor_id=0x1374 subcmd=41
05-28 10:10:41.254 3179 3179 D wpa_supplicant: nl80211: Supported vendor event: vendor_id=0x1374 subcmd=29
05-28 10:10:41.254 3179 3179 D wpa_supplicant: nl80211: Supported vendor event: vendor_id=0x1374 subcmd=30
05-28 10:10:41.254 3179 3179 D wpa_supplicant: nl80211: Supported vendor event: vendor_id=0x1374 subcmd=31
05-28 10:10:41.254 3179 3179 D wpa_supplicant: nl80211: Supported vendor event: vendor_id=0x1374 subcmd=32
05-28 10:10:41.254 3179 3179 D wpa_supplicant: nl80211: Supported vendor event: vendor_id=0x1374 subcmd=33
05-28 10:10:41.254 3179 3179 D wpa_supplicant: nl80211: Supported vendor event: vendor_id=0x0 subcmd=0
05-28 10:10:41.254 3179 3179 D wpa_supplicant: nl80211: Supported vendor event: vendor_id=0x0 subcmd=0
05-28 10:10:41.254 3179 3179 D wpa_supplicant: nl80211: Supported vendor event: vendor_id=0x0 subcmd=0
05-28 10:10:41.254 3179 3179 D wpa_supplicant: nl80211: Supported vendor event: vendor_id=0x0 subcmd=0
05-28 10:10:41.255 3179 3179 D wpa_supplicant: nl80211: Supported vendor event: vendor_id=0x0 subcmd=0
05-28 10:10:41.255 3179 3179 D wpa_supplicant: nl80211: Supported vendor event: vendor_id=0x0 subcmd=0
05-28 10:10:41.255 3179 3179 D wpa_supplicant: nl80211: Supported vendor event: vendor_id=0x0 subcmd=0
05-28 10:10:41.255 3179 3179 D wpa_supplicant: nl80211: Supported vendor event: vendor_id=0x0 subcmd=0
05-28 10:10:41.255 3179 3179 D wpa_supplicant: nl80211: Supported vendor event: vendor_id=0x0 subcmd=0
05-28 10:10:41.255 3179 3179 D wpa_supplicant: nl80211: Supported vendor event: vendor_id=0x0 subcmd=0
05-28 10:10:41.255 3179 3179 D wpa_supplicant: nl80211: Supported vendor event: vendor_id=0x0 subcmd=0
05-28 10:10:41.255 3179 3179 D wpa_supplicant: nl80211: Supported vendor event: vendor_id=0x0 subcmd=0
05-28 10:10:41.255 3179 3179 D wpa_supplicant: nl80211: Supported vendor event: vendor_id=0x1374 subcmd=5120
05-28 10:10:41.255 3179 3179 D wpa_supplicant: nl80211: Supported vendor event: vendor_id=0x0 subcmd=0
05-28 10:10:41.255 3179 3179 D wpa_supplicant: nl80211: Supported vendor event: vendor_id=0x0 subcmd=0
05-28 10:10:41.255 3179 3179 D wpa_supplicant: nl80211: Supported vendor event: vendor_id=0x0 subcmd=0
05-28 10:10:41.255 3179 3179 D wpa_supplicant: nl80211: Supported vendor event: vendor_id=0x0 subcmd=0
05-28 10:10:41.255 3179 3179 D wpa_supplicant: nl80211: Supported vendor event: vendor_id=0x0 subcmd=0
05-28 10:10:41.255 3179 3179 D wpa_supplicant: nl80211: Supported vendor event: vendor_id=0x0 subcmd=0
05-28 10:10:41.255 3179 3179 D wpa_supplicant: nl80211: Supported vendor event: vendor_id=0x0 subcmd=0
05-28 10:10:41.255 3179 3179 D wpa_supplicant: nl80211: Supported vendor event: vendor_id=0x0 subcmd=0
05-28 10:10:41.255 3179 3179 D wpa_supplicant: nl80211: Supported vendor event: vendor_id=0x0 subcmd=0
05-28 10:10:41.255 3179 3179 D wpa_supplicant: nl80211: Supported vendor event: vendor_id=0x0 subcmd=0
05-28 10:10:41.255 3179 3179 D wpa_supplicant: nl80211: Supported vendor event: vendor_id=0x0 subcmd=0
05-28 10:10:41.255 3179 3179 D wpa_supplicant: nl80211: Supported vendor event: vendor_id=0x0 subcmd=0
05-28 10:10:41.255 3179 3179 D wpa_supplicant: nl80211: Supported vendor event: vendor_id=0x0 subcmd=0
05-28 10:10:41.255 3179 3179 D wpa_supplicant: nl80211: Supported vendor event: vendor_id=0x0 subcmd=0
05-28 10:10:41.255 3179 3179 D wpa_supplicant: nl80211: Supported vendor event: vendor_id=0x0 subcmd=0
05-28 10:10:41.255 3179 3179 D wpa_supplicant: nl80211: Supported vendor event: vendor_id=0x0 subcmd=0
05-28 10:10:41.255 3179 3179 D wpa_supplicant: nl80211: Supported vendor event: vendor_id=0x0 subcmd=0
05-28 10:10:41.255 3179 3179 D wpa_supplicant: nl80211: Supported vendor event: vendor_id=0x0 subcmd=0
05-28 10:10:41.255 3179 3179 D wpa_supplicant: nl80211: Supported vendor event: vendor_id=0x0 subcmd=0
05-28 10:10:41.255 3179 3179 D wpa_supplicant: nl80211: Supported vendor event: vendor_id=0x0 subcmd=0
05-28 10:10:41.255 3179 3179 D wpa_supplicant: nl80211: Supported vendor event: vendor_id=0x0 subcmd=0
05-28 10:10:41.255 3179 3179 D wpa_supplicant: nl80211: Supported vendor event: vendor_id=0x0 subcmd=0
05-28 10:10:41.255 3179 3179 D wpa_supplicant: nl80211: Supported vendor event: vendor_id=0x0 subcmd=0
05-28 10:10:41.255 3179 3179 D wpa_supplicant: nl80211: Supported vendor event: vendor_id=0x0 subcmd=0
05-28 10:10:41.255 3179 3179 D wpa_supplicant: nl80211: Supported vendor event: vendor_id=0x0 subcmd=0
05-28 10:10:41.255 3179 3179 D wpa_supplicant: nl80211: Supported vendor event: vendor_id=0x0 subcmd=0
05-28 10:10:41.255 3179 3179 D wpa_supplicant: nl80211: Supported vendor event: vendor_id=0x0 subcmd=0
05-28 10:10:41.255 3179 3179 D wpa_supplicant: nl80211: Supported vendor event: vendor_id=0x0 subcmd=0
05-28 10:10:41.255 3179 3179 D wpa_supplicant: nl80211: Supported vendor event: vendor_id=0x0 subcmd=0
05-28 10:10:41.255 3179 3179 D wpa_supplicant: nl80211: Supported vendor event: vendor_id=0x0 subcmd=0
05-28 10:10:41.255 3179 3179 D wpa_supplicant: nl80211: Supported vendor event: vendor_id=0x0 subcmd=0
05-28 10:10:41.255 3179 3179 D wpa_supplicant: nl80211: Supported vendor event: vendor_id=0x1374 subcmd=131
05-28 10:10:41.255 3179 3179 D wpa_supplicant: nl80211: Supported vendor event: vendor_id=0x1374 subcmd=132
05-28 10:10:41.255 3179 3179 D wpa_supplicant: nl80211: Supported vendor event: vendor_id=0x0 subcmd=0
05-28 10:10:41.255 3179 3179 D wpa_supplicant: nl80211: Supported vendor event: vendor_id=0x0 subcmd=0
05-28 10:10:41.255 3179 3179 D wpa_supplicant: nl80211: Supported vendor event: vendor_id=0x0 subcmd=0
05-28 10:10:41.255 3179 3179 D wpa_supplicant: nl80211: Supported vendor event: vendor_id=0x0 subcmd=0
05-28 10:10:41.255 3179 3179 D wpa_supplicant: nl80211: Supported vendor event: vendor_id=0x0 subcmd=0
05-28 10:10:41.255 3179 3179 D wpa_supplicant: nl80211: Supported vendor event: vendor_id=0x0 subcmd=0
05-28 10:10:41.255 3179 3179 D wpa_supplicant: nl80211: Supported vendor event: vendor_id=0x1374 subcmd=72
05-28 10:10:41.256 3179 3179 D wpa_supplicant: nl80211: Use separate P2P group interface (driver advertised support)
05-28 10:10:41.256 3179 3179 D wpa_supplicant: nl80211: Enable multi-channel concurrent (driver advertised support)
05-28 10:10:41.256 3179 3179 D wpa_supplicant: nl80211: use P2P_DEVICE support
05-28 10:10:41.256 3179 3179 D wpa_supplicant: nl80211: key_mgmt=0xd0f enc=0x10f auth=0x7 flags=0x100100007a007ac0 rrm_flags=0x0 probe_resp_offloads=0x0 max_stations=10 max_remain_on_chan=5000 max_scan_ssids=12
05-28 10:10:41.256 3179 3179 D wpa_supplicant: nl80211: interface wlan0 in phy phy0
05-28 10:10:41.258 3179 3179 D wpa_supplicant: nl80211: Set mode ifindex 14 iftype 2 (STATION)
05-28 10:10:41.258 3179 3179 D wpa_supplicant: nl80211: Subscribe to mgmt frames with non-AP handle 0xeef257a0
05-28 10:10:41.259 3179 3179 D wpa_supplicant: nl80211: Register frame type=0xb0 (WLAN_FC_STYPE_AUTH) nl_handle=0xeef257a0 match=0300 multicast=0
05-28 10:10:41.259 3179 3179 D wpa_supplicant: nl80211: Register frame command failed (type=176): ret=-22 (Invalid argument)
05-28 10:10:41.259 3179 3179 D wpa_supplicant: nl80211: Register frame match - hexdump(len=2): 03 00
05-28 10:10:41.259 3179 3179 D wpa_supplicant: nl80211: Register frame type=0xd0 (WLAN_FC_STYPE_ACTION) nl_handle=0xeef257a0 match=0104 multicast=0
05-28 10:10:41.260 3179 3179 D wpa_supplicant: nl80211: Register frame type=0xd0 (WLAN_FC_STYPE_ACTION) nl_handle=0xeef257a0 match=040a multicast=0
05-28 10:10:41.260 3179 3179 D wpa_supplicant: nl80211: Register frame type=0xd0 (WLAN_FC_STYPE_ACTION) nl_handle=0xeef257a0 match=040b multicast=0
05-28 10:10:41.260 3179 3179 D wpa_supplicant: nl80211: Register frame type=0xd0 (WLAN_FC_STYPE_ACTION) nl_handle=0xeef257a0 match=040c multicast=0
05-28 10:10:41.261 3179 3179 D wpa_supplicant: nl80211: Register frame type=0xd0 (WLAN_FC_STYPE_ACTION) nl_handle=0xeef257a0 match=040d multicast=0
05-28 10:10:41.262 3179 3179 D wpa_supplicant: nl80211: Register frame type=0xd0 (WLAN_FC_STYPE_ACTION) nl_handle=0xeef257a0 match=090a multicast=0
05-28 10:10:41.262 3179 3179 D wpa_supplicant: nl80211: Register frame type=0xd0 (WLAN_FC_STYPE_ACTION) nl_handle=0xeef257a0 match=090b multicast=0
05-28 10:10:41.262 3179 3179 D wpa_supplicant: nl80211: Register frame type=0xd0 (WLAN_FC_STYPE_ACTION) nl_handle=0xeef257a0 match=090c multicast=0
