01-01 08:00:12.914 250 250 W audio_route: Control 'External Speaker Switch' doesn't exist - skipping
01-01 08:00:12.914 250 250 W audio_route: Control 'Headphone Switch' doesn't exist - skipping
01-01 08:00:12.914 250 250 W audio_route: Control 'AIF1IN0R Mux' doesn't exist - skipping
01-01 08:00:12.914 250 250 W audio_route: Control 'AIF1IN0L Mux' doesn't exist - skipping
01-01 08:00:12.914 250 250 W audio_route: Control 'DACR Mixer AIF1DA0R Switch' doesn't exist - skipping
01-01 08:00:12.914 250 250 W audio_route: Control 'DACL Mixer AIF1DA0L Switch' doesn't exist - skipping
01-01 08:00:12.915 250 250 W audio_route: Control 'Left Output Mixer DACR Switch' doesn't exist - skipping
01-01 08:00:12.915 250 250 W audio_route: Control 'Left Output Mixer DACL Switch' doesn't exist - skipping
01-01 08:00:12.915 250 250 W audio_route: Control 'SPK_L Mux' doesn't exist - skipping
01-01 08:00:12.915 250 250 W audio_route: Control 'External Speaker Switch' doesn't exist - skipping
01-01 08:00:12.917 250 250 W audio_route: unknown enum value string 0 for ctl LINEOUTL src LR
01-01 08:00:12.917 250 250 W audio_route: unknown enum value string 0 for ctl LINEOUTR src LR
01-01 08:00:12.917 250 250 W audio_route: Control 'DACR Mixer AIF1DA0R Switch' doesn't exist - skipping
01-01 08:00:12.917 250 250 W audio_route: Control 'DACL Mixer AIF1DA0L Switch' doesn't exist - skipping
01-01 08:00:12.917 250 250 W audio_route: Control 'AIF1 AD0L Mixer ADCL Switch' doesn't exist - skipping
01-01 08:00:12.917 250 250 W audio_route: Control 'AIF1 AD0R Mixer ADCR Switch' doesn't exist - skipping
01-01 08:00:12.917 250 250 W audio_route: Control 'Left Output Mixer DACL Switch' doesn't exist - skipping
01-01 08:00:12.917 250 250 W audio_route: Control 'Left Output Mixer DACR Switch' doesn't exist - skipping
01-01 08:00:12.917 250 250 W audio_route: Control 'Right Output Mixer DACL Switch' doesn't exist - skipping
01-01 08:00:12.917 250 250 W audio_route: Control 'Right Output Mixer DACR Switch' doesn't exist - skipping
01-01 08:00:12.918 250 250 W audio_route: Control 'Headphone Switch' doesn't exist - skipping
01-01 08:00:12.918 250 250 W audio_route: Control 'External Speaker Switch' doesn't exist - skipping
01-01 08:00:12.918 250 250 W audio_route: Control 'AIF1OUT0R Mux' doesn't exist - skipping
01-01 08:00:12.918 250 250 W audio_route: Control 'AIF1OUT0L Mux' doesn't exist - skipping
01-01 08:00:12.918 250 250 W audio_route: Control 'AIF1 AD0R Mixer ADCR Switch' doesn't exist - skipping
01-01 08:00:12.919 250 250 W audio_route: Control 'AIF1 AD0L Mixer ADCL Switch' doesn't exist - skipping
01-01 08:00:12.920 250 250 W audio_route: Control 'ADCR Mux' doesn't exist - skipping
01-01 08:00:12.920 250 250 W audio_route: Control 'ADCL Mux' doesn't exist - skipping
01-01 08:00:12.920 250 250 W audio_route: Control 'LADC input Mixer MIC1 boost Switch' doesn't exist - skipping
01-01 08:00:12.920 250 250 W audio_route: Control 'RADC input Mixer MIC1 boost Switch' doesn't exist - skipping
01-01 08:00:12.920 250 250 W audio_route: Control 'AIF1OUT0R Mux' doesn't exist - skipping
01-01 08:00:12.920 250 250 W audio_route: Control 'AIF1OUT0L Mux' doesn't exist - skipping
01-01 08:00:12.920 250 250 W audio_route: Control 'AIF1 AD0R Mixer ADCR Switch' doesn't exist - skipping
01-01 08:00:12.920 250 250 W audio_route: Control 'AIF1 AD0L Mixer ADCL Switch' doesn't exist - skipping
01-01 08:00:12.920 250 250 W audio_route: Control 'ADCR Mux' doesn't exist - skipping
01-01 08:00:12.920 250 250 W audio_route: Control 'ADCL Mux' doesn't exist - skipping
01-01 08:00:12.920 250 250 W audio_route: Control 'MIC2 SRC' doesn't exist - skipping
01-01 08:00:12.920 250 250 W audio_route: Control 'LADC input Mixer MIC2 boost Switch' doesn't exist - skipping
01-01 08:00:12.920 250 250 W audio_route: Control 'RADC input Mixer MIC2 boost Switch' doesn't exist - skipping
01-01 08:00:12.920 250 250 W audio_route: Control 'ADCL Mux' doesn't exist - skipping
01-01 08:00:12.920 250 250 W audio_route: Control 'ADCR Mux' doesn't exist - skipping
01-01 08:00:12.920 250 250 W audio_route: Control 'AIF1 AD0L Mixer ADCL Switch' doesn't exist - skipping
01-01 08:00:12.920 250 250 W audio_route: Control 'AIF1 AD0R Mixer ADCR Switch' doesn't exist - skipping
01-01 08:00:12.920 250 250 W audio_route: Control 'AIF1OUT0L Mux' doesn't exist - skipping
01-01 08:00:12.920 250 250 W audio_route: Control 'AIF1OUT0R Mux' doesn't exist - skipping
01-01 08:00:12.921 250 250 W audio_route: Control 'AIF2 ADC volume' doesn't exist - skipping
01-01 08:00:12.921 250 250 W audio_route: Control 'LEFT ADC input Mixer MIC1 boost Switch' doesn't exist - skipping
01-01 08:00:12.921 250 250 W audio_route: Control 'ADCL Mux' doesn't exist - skipping
01-01 08:00:12.921 250 250 W audio_route: Control 'AIF2 ADL Mixer ADCL Switch' doesn't exist - skipping
01-01 08:00:12.921 250 250 W audio_route: Control 'AIF2OUTL Mux' doesn't exist - skipping
01-01 08:00:12.921 250 250 W audio_route: Control 'AIF2INL Mux' doesn't exist - skipping
01-01 08:00:12.921 356 356 D multiir : find target device, path=/dev/input/event0
01-01 08:00:12.921 250 250 W audio_route: Control 'AIF2INL Mux switch aif2inl aif2Switch' doesn't exist - skipping
01-01 08:00:12.921 250 250 W audio_route: Control 'DACL Mixer AIF2DACL Switch' doesn't exist - skipping
01-01 08:00:12.921 250 250 W audio_route: Control 'Right Output Mixer DACL Switch' doesn't exist - skipping
01-01 08:00:12.921 250 250 W audio_route: Control 'Left Output Mixer DACL Switch' doesn't exist - skipping
01-01 08:00:12.921 250 250 W audio_route: Control 'SPK_L Mux' doesn't exist - skipping
01-01 08:00:12.921 250 250 W audio_route: Control 'SPK_R Mux' doesn't exist - skipping
01-01 08:00:12.921 250 250 W audio_route: Control 'External Speaker Switch' doesn't exist - skipping
01-01 08:00:12.921 250 250 W audio_route: Control 'AIF2 ADC volume' doesn't exist - skipping
01-01 08:00:12.921 250 250 W audio_route: Control 'MIC2 SRC' doesn't exist - skipping
01-01 08:00:12.921 250 250 W audio_route: Control 'LEFT ADC input Mixer MIC2 boost Switch' doesn't exist - skipping
01-01 08:00:12.921 250 250 W audio_route: Control 'ADCL Mux' doesn't exist - skipping
01-01 08:00:12.921 250 250 W audio_route: Control 'AIF2 ADL Mixer ADCL Switch' doesn't exist - skipping
01-01 08:00:12.921 250 250 W audio_route: Control 'AIF2OUTL Mux' doesn't exist - skipping
01-01 08:00:12.921 250 250 W audio_route: Control 'AIF2INL Mux' doesn't exist - skipping
01-01 08:00:12.921 250 250 W audio_route: Control 'AIF2INL Mux switch aif2inl aif2Switch' doesn't exist - skipping
01-01 08:00:12.921 250 250 W audio_route: Control 'DACL Mixer AIF2DACL Switch' doesn't exist - skipping
01-01 08:00:12.921 250 250 W audio_route: Control 'Left Output Mixer DACL Switch' doesn't exist - skipping
01-01 08:00:12.921 250 250 W audio_route: Control 'Right Output Mixer DACL Switch' doesn't exist - skipping
01-01 08:00:12.921 250 250 W audio_route: Control 'HP_L Mux' doesn't exist - skipping
01-01 08:00:12.921 250 250 W audio_route: Control 'HP_R Mux' doesn't exist - skipping
01-01 08:00:12.921 250 250 W audio_route: Control 'Headphone Switch' doesn't exist - skipping
01-01 08:00:12.921 250 250 W audio_route: Control 'AIF2 ADC volume' doesn't exist - skipping
01-01 08:00:12.921 250 250 W audio_route: Control 'LEFT ADC input Mixer MIC1 boost Switch' doesn't exist - skipping
01-01 08:00:12.921 250 250 W audio_route: Control 'ADCL Mux' doesn't exist - skipping
01-01 08:00:12.922 250 250 W audio_route: Control 'AIF2 ADL Mixer ADCL Switch' doesn't exist - skipping
01-01 08:00:12.922 250 250 W audio_route: Control 'AIF2OUTL Mux' doesn't exist - skipping
01-01 08:00:12.922 250 250 W audio_route: Control 'AIF2INL Mux' doesn't exist - skipping
01-01 08:00:12.922 250 250 W audio_route: Control 'AIF2INL Mux switch aif2inl aif2Switch' doesn't exist - skipping
01-01 08:00:12.922 250 250 W audio_route: Control 'DACL Mixer AIF2DACL Switch' doesn't exist - skipping
01-01 08:00:12.922 250 250 W audio_route: Control 'Left Output Mixer DACL Switch' doesn't exist - skipping
01-01 08:00:12.922 250 250 W audio_route: Control 'Right Output Mixer DACL Switch' doesn't exist - skipping
01-01 08:00:12.922 250 250 W audio_route: Control 'HP_L Mux' doesn't exist - skipping
01-01 08:00:12.922 250 250 W audio_route: Control 'HP_R Mux' doesn't exist - skipping
01-01 08:00:12.922 250 250 W audio_route: Control 'Headphone Switch' doesn't exist - skipping
01-01 08:00:12.922 250 250 W audio_route: Control 'AIF2INL Mux' doesn't exist - skipping
01-01 08:00:12.925 356 444 D multiir : MultiirService create
01-01 08:00:12.925 250 250 W audio_route: Control 'AIF2INL Mux switch aif2inl aif2Switch' doesn't exist - skipping
01-01 08:00:12.926 250 250 W audio_route: Control 'AIF2 ADR Mixer AIF2 DACL Switch' doesn't exist - skipping
01-01 08:00:12.926 250 250 W audio_route: Control 'AIF3OUT Mux' doesn't exist - skipping
01-01 08:00:12.926 250 250 W audio_route: Control 'AIF2INR Mux VIR switch aif2inr aif3Switch' doesn't exist - skipping
01-01 08:00:12.926 250 250 W audio_route: Control 'AIF2 ADL Mixer AIF2 DACR Switch' doesn't exist - skipping
01-01 08:00:12.926 250 250 W audio_route: Control 'AIF2OUTL Mux' doesn't exist - skipping
01-01 08:00:12.926 182 182 E SELinux : avc: denied { add } for pid=356 uid=0 name=softwinner.multi_ir scontext=u:r:multi_ir:s0 tcontext=u:object_r:default_android_service:s0 tclass=service_manager permissive=1
01-01 08:00:12.927 250 250 W audio_route: Control 'AIF2 ADC volume' doesn't exist - skipping
01-01 08:00:12.927 250 250 W audio_route: Control 'LEFT ADC input Mixer MIC1 boost Switch' doesn't exist - skipping
01-01 08:00:12.927 250 250 W audio_route: Control 'ADCL Mux' doesn't exist - skipping
01-01 08:00:12.927 250 250 W audio_route: Control 'AIF2 ADL Mixer ADCL Switch' doesn't exist - skipping
01-01 08:00:12.927 250 250 W audio_route: Control 'AIF2OUTL Mux' doesn't exist - skipping
01-01 08:00:12.927 250 250 W audio_route: Control 'AIF2INL Mux' doesn't exist - skipping
01-01 08:00:12.927 250 250 W audio_route: Control 'AIF2INL Mux switch aif2inl aif2Switch' doesn't exist - skipping
01-01 08:00:12.927 250 250 W audio_route: Control 'DACL Mixer AIF2DACL Switch' doesn't exist - skipping
01-01 08:00:12.927 250 250 W audio_route: Control 'EAR Mux' doesn't exist - skipping
01-01 08:00:12.927 250 250 W audio_route: Control 'Earpiece Switch' doesn't exist - skipping
01-01 08:00:12.927 250 250 W audio_route: Control 'AIF1 AD0L Mixer ADCL Switch' doesn't exist - skipping
01-01 08:00:12.927 250 250 W audio_route: Control 'AIF1 AD0L Mixer AIF2 DACL Switch' doesn't exist - skipping
01-01 08:00:12.927 250 250 W audio_route: Control 'AIF1OUT0L Mux' doesn't exist - skipping
01-01 08:00:12.928 250 250 W audio_route: Control 'AIF1 AD0L Mixer ADCL Switch' doesn't exist - skipping
01-01 08:00:12.928 250 250 W audio_route: Control 'AIF1 AD0L Mixer AIF2 DACL Switch' doesn't exist - skipping
01-01 08:00:12.928 250 250 W audio_route: Control 'AIF1OUT0L Mux' doesn't exist - skipping
01-01 08:00:12.928 250 250 W audio_route: Control 'AIF1 AD0L Mixer AIF2 DACL Switch' doesn't exist - skipping
01-01 08:00:12.929 250 250 W audio_route: Control 'AIF1 AD0L Mixer AIF2 DACR Switch' doesn't exist - skipping
01-01 08:00:12.929 250 250 W audio_route: Control 'AIF1OUT0L Mux' doesn't exist - skipping
01-01 08:00:12.929 250 250 W audio_route: Control 'Line Out Mixer MIC1 boost Switch' doesn't exist - skipping
01-01 08:00:12.929 250 250 W audio_route: Control 'MIC2 SRC' doesn't exist - skipping
01-01 08:00:12.929 250 250 W audio_route: Control 'Line Out Mixer MIC2 boost Switch' doesn't exist - skipping
01-01 08:00:12.929 250 250 W audio_route: Control 'Left Output Mixer LINEINL-LINEINR Switch' doesn't exist - skipping
01-01 08:00:12.929 250 250 W audio_route: Control 'Right Output Mixer LINEINL-LINEINR Switch' doesn't exist - skipping
01-01 08:00:12.929 250 250 W audio_route: Control 'EAR Mux' doesn't exist - skipping
01-01 08:00:12.929 250 250 W audio_route: Control 'External Speaker Switch' doesn't exist - skipping
01-01 08:00:12.929 250 250 W audio_route: Control 'Headphone Switch' doesn't exist - skipping
01-01 08:00:12.929 250 250 W audio_route: Control 'Headphone Switch' doesn't exist - skipping
01-01 08:00:12.929 250 250 W audio_route: Control 'Earpiece Switch' doesn't exist - skipping
01-01 08:00:12.929 250 250 W audio_route: Control 'LEFT ADC input Mixer LININL-R Switch' doesn't exist - skipping
01-01 08:00:12.929 250 250 W audio_route: Control 'ADCL Mux' doesn't exist - skipping
01-01 08:00:12.929 250 250 W audio_route: Control 'AIF2 ADL Mixer ADCL Switch' doesn't exist - skipping
01-01 08:00:12.929 250 250 W audio_route: Control 'AIF3OUT Mux' doesn't exist - skipping
01-01 08:00:12.929 250 250 W audio_route: Control 'AIF2INL Mux switch aif2inl aif2Switch' doesn't exist - skipping
01-01 08:00:12.929 250 250 W audio_route: Control 'AIF2INR Mux VIR switch aif2inr aif3Switch' doesn't exist - skipping
01-01 08:00:12.929 250 250 W audio_route: Control 'DACR Mixer AIF2DACR Switch' doesn't exist - skipping
01-01 08:00:12.929 250 250 W audio_route: Control 'Right Output Mixer DACR Switch' doesn't exist - skipping
01-01 08:00:12.929 250 250 W audio_route: Control 'Line Out Mixer Right Output mixer Switch' doesn't exist - skipping
01-01 08:00:12.930 250 250 W audio_route: Control 'AIF1OUT0L Mux' doesn't exist - skipping
01-01 08:00:12.930 250 250 W audio_route: Control 'AIF1 AD0L Mixer ADCL Switch' doesn't exist - skipping
01-01 08:00:12.930 250 250 W audio_route: Control 'ADCL Mux' doesn't exist - skipping
01-01 08:00:12.930 250 250 W audio_route: Control 'LEFT ADC input Mixer MIC1 boost Switch' doesn't exist - skipping
01-01 08:00:12.930 250 250 W audio_route: Control 'LEFT ADC input Mixer LININL-R Switch' doesn't exist - skipping
01-01 08:00:12.930 250 250 W audio_route: Control 'AIF1OUT0L Mux' doesn't exist - skipping
01-01 08:00:12.930 250 250 W audio_route: Control 'AIF1 AD0L Mixer ADCL Switch' doesn't exist - skipping
01-01 08:00:12.930 250 250 W audio_route: Control 'ADCL Mux' doesn't exist - skipping
01-01 08:00:12.930 250 250 W audio_route: Control 'LEFT ADC input Mixer MIC2 boost Switch' doesn't exist - skipping
01-01 08:00:12.930 250 250 W audio_route: Control 'LEFT ADC input Mixer LININL-R Switch' doesn't exist - skipping
01-01 08:00:12.930 250 250 W audio_route: Control 'AIF1OUT0L Mux' doesn't exist - skipping
01-01 08:00:12.930 250 250 W audio_route: Control 'AIF1 AD0L Mixer ADCL Switch' doesn't exist - skipping
01-01 08:00:12.930 250 250 W audio_route: Control 'AIF1 AD0L Mixer AIF2 DACR Switch' doesn't exist - skipping
01-01 08:00:12.930 250 250 W audio_route: Control 'AIF1IN0L Mux' doesn't exist - skipping
01-01 08:00:12.930 250 250 W audio_route: Control 'AIF2 ADL Mixer AIF1 DA0L Switch' doesn't exist - skipping
01-01 08:00:12.930 250 250 W audio_route: Control 'AIF2 ADL Mixer AIF1 DA0L Switch' doesn't exist - skipping
01-01 08:00:12.930 250 250 W audio_route: Control 'AIF3OUT Mux' doesn't exist - skipping
01-01 08:00:12.930 250 250 W audio_route: Control 'AIF2INR Mux switch aif2inr aif2Switch' doesn't exist - skipping
01-01 08:00:12.930 250 250 W audio_route: Control 'AIF2INR Mux VIR switch aif2inr aif3Switch' doesn't exist - skipping
01-01 08:00:12.930 250 250 W audio_route: Control 'AIF1 AD0L Mixer AIF2 DACR Switch' doesn't exist - skipping
01-01 08:00:12.930 250 250 W audio_route: Control 'AIF1OUT0L Mux' doesn't exist - skipping
01-01 08:00:12.930 250 250 W audio_route: Control 'AC DACR mixer I2S_DACDATR Switch' doesn't exist - skipping
01-01 08:00:12.930 250 250 W audio_route: Control 'AC DACL mixer I2S_DACDATL Switch' doesn't exist - skipping
01-01 08:00:12.930 250 250 W audio_route: Control 'Right Output Mixer DACR Switch' doesn't exist - skipping
01-01 08:00:12.930 250 250 W audio_route: Control 'Left Output Mixer DACL Switch' doesn't exist - skipping
01-01 08:00:12.930 250 250 W audio_route: Control 'External Speaker Switch' doesn't exist - skipping
01-01 08:00:12.930 250 250 D audio_route: Apply path: media-speaker-headphones
01-01 08:00:12.931 250 250 D audio_route: Apply path: media-headset-mic
01-01 08:00:12.933 250 316 V audio_hw_primary: adev_get_master_volume, line: 3587
01-01 08:00:12.934 250 316 V audio_hw_primary: adev_set_master_volume, line: 3579
01-01 08:00:12.935 269 269 I AudioFlinger: loadHwModule() Loaded primary audio interface, handle 10
01-01 08:00:12.935 269 269 I AudioFlinger: openOutput() this 0xf6ed4000, module 10 Device type:0x2,@:, SamplingRate 48000, Format 0x000001, Channels 0x3, flags 0x2
01-01 08:00:12.936 250 316 D audio_hw_primary: adev_open_output_stream
01-01 08:00:12.936 250 316 V audio_hw_primary: adev_open_output_stream, flags: 2
01-01 08:00:12.936 250 316 V audio_hw_primary: +++++++++++++++ adev_open_output_stream: req_sample_rate: 44100, fmt: 1, channel_count: 3
01-01 08:00:12.938 269 269 I AudioFlinger: HAL output buffer size 960 frames, normal sink buffer size 960 frames
01-01 08:00:12.955 245 245 D Zygote : VMRuntime.setVerifierEnabled(false)
01-01 08:00:12.980 269 269 I BufferProvider: found effect "Multichannel Downmix To Stereo" from The Android Open Source Project
01-01 08:00:12.981 269 269 D AudioFlinger: Failed to add event callback
01-01 08:00:12.985 269 447 I AudioFlinger: AudioFlinger's thread 0xf6befa00 tid=447 ready to run
01-01 08:00:12.986 269 447 W AudioFlinger: no wake lock to update, system not ready yet
01-01 08:00:12.986 269 447 D AudioFlinger: ro.audio.silent is ignored since no output device is set
01-01 08:00:12.987 250 316 D audio_hw_primary: out_standby
01-01 08:00:12.987 269 447 W AudioFlinger: no wake lock to update, system not ready yet
01-01 08:00:12.987 269 269 V APM_AudioPolicyManager: checkAndSetVolume cannot set volume group 3 volume when isn ot requested for comm
01-01 08:00:12.987 269 447 D AudioFlinger: ro.audio.silent is ignored since no output device is set
01-01 08:00:12.998 269 269 W AudioFlinger: moveEffects() bad srcOutput 0
01-01 08:00:12.998 269 269 V APM_AudioPolicyManager: selectOutputForMusicEffects selected output 13
01-01 08:00:12.998 269 269 V APM_AudioPolicyManager: setOutputDevices device {type:0x2,@:} delayMs 0
01-01 08:00:12.999 269 269 V APM_AudioPolicyManager: setOutputDevices() prevDevice {type:0x2,@:}
01-01 08:00:13.000 269 269 V APM_AudioPolicyManager: setOutputDevices changing device to {type:0x2,@:}
01-01 08:00:13.023 250 316 V audio_hw_primary: adev_create_audio_patch num_sources: 1, num_sinks: 1
01-01 08:00:13.023 250 316 V audio_hw_primary: playback device: 2
01-01 08:00:13.033 269 269 V APM_AudioPolicyManager: setOutputDevices() AF::createAudioPatch returned 0 patchHandle 12 num_sources 1 num_sinks 1
01-01 08:00:13.037 269 269 V APM_AudioPolicyManager: checkAndSetVolume cannot set volume group 3 volume when isn ot requested for comm
01-01 08:00:13.042 269 269 W APM_AudioPolicyManager: Input profile contains no device on module primary
01-01 08:00:13.043 269 269 W APM_AudioPolicyManager: Input profile contains no device on module primary
01-01 08:00:13.046 250 316 D xm_audio: -->adev_open, name=audio_hw_if, socketthread_running=false, pth_listen=0
01-01 08:00:13.049 269 269 I AudioFlinger: loadHwModule() Loaded xm_hidraw audio interface, handle 18
01-01 08:00:13.049 250 316 D xm_audio: -->adev_open_input_stream
01-01 08:00:13.049 250 316 D xm_audio: -->adev_open_input_stream, config->sample_rate=16000
01-01 08:00:13.049 250 316 D xm_audio: -->adev_open_input_stream exit
01-01 08:00:13.050 250 316 I xm_audio: in_get_sample_rate
01-01 08:00:13.050 250 316 I xm_audio: in_get_channels
01-01 08:00:13.052 250 316 I xm_audio: in_get_sample_rate
01-01 08:00:13.052 250 316 I xm_audio: in_get_channels
01-01 08:00:13.052 250 316 I xm_audio: in_get_channels
01-01 08:00:13.052 250 316 I xm_audio: in_get_buffer_size
01-01 08:00:13.052 250 316 I xm_audio: in_get_buffer_size: fsize=512.000000, size=512
01-01 08:00:13.053 250 449 D xm_audio: socket_thread start
01-01 08:00:13.053 250 316 I xm_audio: in_get_buffer_size
01-01 08:00:13.053 250 316 I xm_audio: in_get_buffer_size: fsize=512.000000, size=512
01-01 08:00:13.053 250 316 I xm_audio: in_get_sample_rate
01-01 08:00:13.053 250 316 I xm_audio: in_get_channels
01-01 08:00:13.053 250 449 D xm_audio: create socket g_is_running4
01-01 08:00:13.054 319 322 D XM_HIDREAD: Client connected.
01-01 08:00:13.054 319 322 D XM_HIDREAD: accept before.
01-01 08:00:13.054 250 449 D xm_audio: create socket g_is_running5
01-01 08:00:13.054 250 449 E xm_audio: so socket connect suc
01-01 08:00:13.055 250 453 D xm_audio: data_thread start
01-01 08:00:13.057 319 452 D XM_HIDREAD: handle_client start.
01-01 08:00:13.061 269 450 I AudioFlinger: AudioFlinger's thread 0xf6b29b80 tid=450 ready to run
01-01 08:00:13.063 250 316 D xm_audio: -->adev_close_input_stream
01-01 08:00:13.063 250 316 D xm_audio: -->adev_close_input_stream ready free stream.
01-01 08:00:13.063 250 316 D xm_audio: -->adev_close_input_stream free stream finish.
01-01 08:00:13.118 269 269 I bt_a2dp_hw: system/bt/audio_a2dp_hw/src/audio_a2dp_hw.cc:1893 adev_open: adev_open: adev_open in A2dp_hw module
01-01 08:00:13.121 269 269 I AudioFlinger: loadHwModule() Loaded a2dp audio interface, handle 26
01-01 08:00:13.121 269 269 V APM_AudioPolicyManager: onNewAudioModulesAvailableInt: Input device list is empty! for profile a2dp input
01-01 08:00:13.125 250 316 I r_submix: adev_open(name=audio_hw_if)
01-01 08:00:13.126 250 316 I r_submix: adev_init_check()
01-01 08:00:13.127 269 269 I AudioFlinger: loadHwModule() Loaded r_submix audio interface, handle 34
01-01 08:00:13.127 250 316 D r_submix: adev_open_input_stream(addr=0)
01-01 08:00:13.128 250 316 D r_submix: submix_audio_device_create_pipe_l(addr=0, idx=9)
01-01 08:00:13.128 250 316 D r_submix: now using address 0 for route 9
01-01 08:00:13.141 269 456 I AudioFlinger: AudioFlinger's thread 0xf695ecc0 tid=456 ready to run
01-01 08:00:13.145 269 269 I audioserver: Waiting for activity service
01-01 08:00:13.146 250 316 D r_submix: adev_close_input_stream()
01-01 08:00:13.146 250 316 D r_submix: submix_audio_device_release_pipe_l(idx=9) addr=0
01-01 08:00:13.146 250 316 D r_submix: submix_audio_device_destroy_pipe_l(): pipe destroyed
01-01 08:00:13.157 245 420 I zygote : Verified 2763 classes from mainline modules in 290.759ms
01-01 08:00:13.308 355 355 W awplayer: : Set log level to 3
01-01 08:00:13.354 355 355 I cedarc : : register avs decoder success!
01-01 08:00:13.356 355 355 I cedarc : : register h264 decoder success!
01-01 08:00:13.357 355 355 I cedarc : : register h265 decoder success!
01-01 08:00:13.357 355 355 I cedarc : : register mjpeg decoder success!
01-01 08:00:13.357 355 355 I cedarc : : register mjpegplus decoder success!
01-01 08:00:13.358 355 355 I cedarc : : register mpeg2 decoder success!
01-01 08:00:13.358 355 355 W awplayer: : Invalid plugin,function CedarPluginVDInit not found.
01-01 08:00:13.358 355 355 I cedarc : : register mpeg4dx decoder success!
01-01 08:00:13.359 355 355 I cedarc : : register mpeg4H263 decoder success!
01-01 08:00:13.359 355 355 I cedarc : : register mpeg4Normal decoder success!
01-01 08:00:13.359 355 355 I cedarc : : register Mpeg4Vp6 decoder success!
01-01 08:00:13.359 355 355 I cedarc : : register vp6Soft decoder success!
01-01 08:00:13.360 355 355 I cedarc : : register vp8 decoder success!
01-01 08:00:13.360 355 355 E cedarc : : register Wmv12Soft decoder failure!!!
01-01 08:00:13.360 355 355 I cedarc : : register vc1 decoder success!
01-01 08:00:13.360 355 355 D cedarc : : register Vp9Hw decoder success!
01-01 08:00:13.361 355 355 I cedarc : : register avs2 decoder success!
01-01 08:00:13.365 355 355 D awplayer: : aw stream init...
01-01 08:00:13.365 355 355 D awplayer: : Register stream rtp version v1.1
01-01 08:00:13.372 465 465 E cutils-trace: Error opening trace file: No such file or directory (2)
01-01 08:00:13.375 355 355 I mediaserver: ServiceManager: 0xebc03960
01-01 08:00:13.376 355 355 W BatteryNotifier: batterystats service unavailable!
01-01 08:00:13.377 355 355 W BatteryNotifier: batterystats service unavailable!
01-01 08:00:13.426 469 469 E cutils-trace: Error opening trace file: No such file or directory (2)
01-01 08:00:13.451 245 245 D Zygote : VMRuntime.setVerifierEnabled(true)
01-01 08:00:13.472 383 393 I adbd : adbd mDNS service _adb._tcp registered: 1
01-01 08:00:13.474 383 399 I adbd : adbd mDNS service _adb-tls-connect._tcp registered: 1
01-01 08:00:13.483 245 245 I zygote : Explicit concurrent copying GC freed 6063(605KB) AllocSpace objects, 0(0B) LOS objects, 68% free, 720KB/2256KB, paused 123us total 31.702ms
01-01 08:00:13.509 245 245 I zygote : Explicit concurrent copying GC freed 229(40KB) AllocSpace objects, 0(0B) LOS objects, 68% free, 712KB/2248KB, paused 64us total 24.513ms
01-01 08:00:13.586 245 245 D Zygote : Forked child process 476
01-01 08:00:13.587 245 245 I Zygote : System server process 476 has been created
01-01 08:00:13.589 245 245 I Zygote : Accepting command socket connections
01-01 08:00:13.902 476 476 I Zygote : seccomp disabled by setenforce 0
01-01 08:00:13.916 326 326 I rainbow_flow: type=1400 audit(0.0:298): avc: denied { ioctl } for path="/dev/spidev1.0" dev="tmpfs" ino=6381 ioctlcmd=0x6b00 scontext=u:r:init:s0 tcontext=u:object_r:device:s0 tclass=chr_file permissive=1
01-01 08:00:13.921 476 476 W system_server: Failed to upload odrefresh metrics: metrics file '/data/misc/odrefresh/odrefresh-metrics.txt' could not be opened: No such file or directory
01-01 08:00:13.930 383 396 I adbd : jdwp connection from 476
01-01 08:00:13.932 476 497 D Zygote : begin preload_base
01-01 08:00:13.933 476 497 I Zygote : Calling ZygoteHooks.beginPreload()
01-01 08:00:14.127 476 497 D ApplicationLoaders: Created zygote-cached class loader: /system/framework/android.hidl.base-V1.0-java.jar
01-01 08:00:14.134 476 497 D ApplicationLoaders: Created zygote-cached class loader: /system/framework/android.hidl.manager-V1.0-java.jar
01-01 08:00:14.141 476 497 D ApplicationLoaders: Created zygote-cached class loader: /system/framework/android.test.base.jar
01-01 08:00:14.141 476 497 I Zygote : Preloading resources...
01-01 08:00:14.166 476 497 W Resources: Preloaded drawable resource #0x1080286 (android:drawable/dialog_background_material) that varies with configuration!!
01-01 08:00:14.198 476 497 I Zygote : ...preloaded 64 resources in 57ms.
01-01 08:00:14.204 476 497 I Zygote : ...preloaded 41 resources in 6ms.
01-01 08:00:14.205 476 497 D Zygote : Zygote:ThreadPreadloadBase took 276ms.
01-01 08:00:14.207 476 506 D Zygote : Zygote:ThreadPreadloadClass start
01-01 08:00:14.209 476 507 I Zygote : Preloading classes...
01-01 08:00:14.213 476 476 I SystemServerTiming: InitBeforeStartServices
01-01 08:00:14.220 476 476 I SystemServer: Entered the Android system server!
01-01 08:00:14.228 264 264 I EventThread: type=1400 audit(0.0:299): avc: denied { search } for name="extcon" dev="sysfs" ino=18109 scontext=u:r:hal_tv_cec_default:s0 tcontext=u:object_r:sysfs_extcon:s0 tclass=dir permissive=1
01-01 08:00:14.252 476 508 D libEGL : loaded /vendor/lib/egl/libGLES_mali.so
01-01 08:00:14.311 476 507 I Typeface: Preloading /system/fonts/Roboto-Regular.ttf
01-01 08:00:14.312 476 507 I Typeface: Preloading /system/fonts/RobotoStatic-Regular.ttf
01-01 08:00:14.324 273 273 D RenderEngine: shader cache generated - 48 shaders in 1789.624878 ms
01-01 08:00:14.327 273 273 I HidlServiceManagement: Registered android.frameworks.displayservice@1.0::IDisplayService/default
01-01 08:00:14.328 273 273 D SurfaceFlinger: Setting power mode 2 on display 0
01-01 08:00:14.328 257 286 D sunxihwc: setPowerMode: device(hdmi0) power mode: On
01-01 08:00:14.328 257 286 I sunxihwc: setRuntimeState: disp2 blank control [unblank], driver usage [1]
01-01 08:00:14.328 273 273 D SurfaceFlinger: Finished setting power mode 2 on display 0
01-01 08:00:14.453 476 507 I Typeface: Preloading /system/fonts/NotoSansCJK-Regular.ttc
01-01 08:00:14.453 476 507 I Typeface: Preloading /system/fonts/NotoSerifCJK-Regular.ttc
01-01 08:00:14.497 476 507 E ActivityRecognitionHardware: activity_recognition HAL is deprecated. class_init is effectively a no-op
01-01 08:00:14.533 379 379 I update_engine: [INFO:cleanup_previous_update_action.cc(112)] Executing task 1
01-01 08:00:14.535 379 379 I update_engine: [INFO:cleanup_previous_update_action.cc(124)] CleanupPreviousUpdateAction scheduled task ID 3 for WaitBootCompleted
01-01 08:00:14.562 476 476 E UsbAlsaJackDetectorJNI: Can't register UsbAlsaJackDetector native methods
01-01 08:00:14.592 476 476 I SystemServerInitThreadPool: Creating instance with 4 threads
01-01 08:00:14.595 476 515 I SystemServerTimingAsync: InitThreadPoolExec:loadPreinstalledSystemFontMap
01-01 08:00:14.595 476 476 I SystemServerTiming: StartServices
01-01 08:00:14.595 476 515 D SystemServerInitThreadPool: Started executing loadPreinstalledSystemFontMap
01-01 08:00:14.595 476 515 I SystemServerTimingAsync: loadPreinstalledSystemFontMap
01-01 08:00:14.595 476 476 D SystemServer: VMRuntime.setVerifierEnabled(false)
01-01 08:00:14.596 476 476 I SystemServerTiming: startBootstrapServices
01-01 08:00:14.596 476 476 I SystemServerTiming: StartWatchdog
01-01 08:00:14.596 513 513 D BootAnimation: BootAnimationPreloadTiming start time: 12523ms
01-01 08:00:14.606 476 476 I SystemServer: Reading configuration...
01-01 08:00:14.606 476 476 I SystemServerTiming: ReadingSystemConfig
01-01 08:00:14.607 476 525 I SystemServerTimingAsync: InitThreadPoolExec:ReadingSystemConfig
01-01 08:00:14.607 476 476 I SystemServerTiming: PlatformCompat
01-01 08:00:14.607 476 525 D SystemServerInitThreadPool: Started executing ReadingSystemConfig
01-01 08:00:14.610 476 476 D CompatConfig: Found a config file: /system/etc/compatconfig/services-platform-compat-config.xml
01-01 08:00:14.612 476 525 I SystemConfig: Reading permissions from /system/etc/sysconfig/preinstalled-packages-com.android.providers.media.module.xml
01-01 08:00:14.615 476 476 D CompatConfig: Adding: com.android.server.compat.config.Change@fcd557b
01-01 08:00:14.616 476 525 I incfs : Initial API level of the device: 31
01-01 08:00:14.616 476 525 I incfs : ro.incremental.enable: module:/vendor/lib/modules/incrementalfs.ko
01-01 08:00:14.616 476 525 I incfs : isFsAvailable: false
01-01 08:00:14.617 476 525 I incfs : isFsAvailable: false
01-01 08:00:14.617 476 525 E incfs : could not open IncFs kernel module "/vendor/lib/modules/incrementalfs.ko": No such file or directory
01-01 08:00:14.617 476 525 E incfs : IncFs_Features: failed to open features dir, assuming v1/none.: No such file or directory
01-01 08:00:14.617 476 476 D CompatConfig: Adding: com.android.server.compat.config.Change@29b0f98
01-01 08:00:14.618 476 476 D CompatConfig: Adding: com.android.server.compat.config.Change@b06ebd6
01-01 08:00:14.618 476 525 I SystemConfig: Reading permissions from /system/etc/sysconfig/hiddenapi-package-whitelist.xml
01-01 08:00:14.618 476 476 D CompatConfig: Adding: com.android.server.compat.config.Change@b51ce57
01-01 08:00:14.619 476 476 D CompatConfig: Adding: com.android.server.compat.config.Change@cfd8d44
01-01 08:00:14.619 476 476 D CompatConfig: Adding: com.android.server.compat.config.Change@f980e2d
01-01 08:00:14.620 476 476 D CompatConfig: Adding: com.android.server.compat.config.Change@bddef62
01-01 08:00:14.620 513 513 E BootAnimation: no audio.wav could be found!
01-01 08:00:14.620 513 513 D BootAnimation: BootAnimationPreloadStopTiming start time: 12547ms
01-01 08:00:14.621 476 476 D CompatConfig: Adding: com.android.server.compat.config.Change@43af8f3
01-01 08:00:14.623 476 476 D CompatConfig: Adding: com.android.server.compat.config.Change@3e839b0
01-01 08:00:14.623 273 329 E HWComposer: getSupportedContentTypes: getSupportedContentTypes failed for display 0: Unsupported (8)
01-01 08:00:14.624 476 476 D CompatConfig: Adding: com.android.server.compat.config.Change@9946029
01-01 08:00:14.625 476 476 D CompatConfig: Adding: com.android.server.compat.config.Change@22f9fae
01-01 08:00:14.625 476 525 I SystemConfig: Reading permissions from /system/etc/sysconfig/preinstalled-packages-platform.xml
01-01 08:00:14.626 476 476 D CompatConfig: Adding: com.android.server.compat.config.Change@78f40dc
01-01 08:00:14.627 476 476 D CompatConfig: Adding: com.android.server.compat.config.Change@3e9d5e5
01-01 08:00:14.628 476 476 D CompatConfig: Adding: com.android.server.compat.config.Change@dda08ba
01-01 08:00:14.629 476 525 I SystemConfig: Reading permissions from /system/etc/sysconfig/framework-sysconfig.xml
01-01 08:00:14.630 513 526 E cutils-trace: Error opening trace file: No such file or directory (2)
01-01 08:00:14.631 476 476 D CompatConfig: Adding: com.android.server.compat.config.Change@53d8ec8
01-01 08:00:14.633 476 525 I SystemConfig: Reading permissions from /system/etc/sysconfig/preinstalled-packages-platform-full-base.xml
01-01 08:00:14.635 476 525 I SystemConfig: Reading permissions from /system/etc/permissions/com.android.future.usb.accessory.xml
01-01 08:00:14.636 476 476 D CompatConfig: Adding: com.android.server.compat.config.Change@80cfb47
01-01 08:00:14.637 476 525 I SystemConfig: Reading permissions from /system/etc/permissions/org.apache.http.legacy.xml
01-01 08:00:14.638 476 476 D CompatConfig: Adding: com.android.server.compat.config.Change@145dc9d
01-01 08:00:14.639 476 476 D CompatConfig: Adding: com.android.server.compat.config.Change@264f512
01-01 08:00:14.639 476 525 I SystemConfig: Reading permissions from /system/etc/permissions/android.test.runner.xml
01-01 08:00:14.640 476 476 D CompatConfig: Adding: com.android.server.compat.config.Change@4156ee0
01-01 08:00:14.641 476 525 I SystemConfig: Reading permissions from /system/etc/permissions/android.hardware.location.network.xml
01-01 08:00:14.641 476 476 D CompatConfig: Adding: com.android.server.compat.config.Change@f19505e
01-01 08:00:14.642 476 476 D CompatConfig: Adding: com.android.server.compat.config.Change@712990c
01-01 08:00:14.643 476 525 I SystemConfig: Reading permissions from /system/etc/permissions/privapp-permissions-platform.xml
01-01 08:00:14.644 476 476 D CompatConfig: Adding: com.android.server.compat.config.Change@8d50255
01-01 08:00:14.645 476 507 D MtpDeviceJNI: register_android_mtp_MtpDevice
01-01 08:00:14.645 476 476 D CompatConfig: Adding: com.android.server.compat.config.Change@c26146a
01-01 08:00:14.646 476 476 D CompatConfig: Adding: com.android.server.compat.config.Change@a6b2d5b
01-01 08:00:14.647 476 476 D CompatConfig: Adding: com.android.server.compat.config.Change@6d639f8
01-01 08:00:14.648 476 476 D CompatConfig: Adding: com.android.server.compat.config.Change@cb06ed1
01-01 08:00:14.649 476 476 D CompatConfig: Adding: com.android.server.compat.config.Change@f890d36
01-01 08:00:14.650 476 476 D CompatConfig: Adding: com.android.server.compat.config.Change@d254437
01-01 08:00:14.651 476 476 D CompatConfig: Adding: com.android.server.compat.config.Change@d30fda4
01-01 08:00:14.651 476 476 D CompatConfig: Adding: com.android.server.compat.config.Change@bfc270d
01-01 08:00:14.652 476 476 D CompatConfig: Adding: com.android.server.compat.config.Change@f50c6c2
01-01 08:00:14.653 476 476 D CompatConfig: Adding: com.android.server.compat.config.Change@dffecd3
01-01 08:00:14.653 476 476 D CompatConfig: Adding: com.android.server.compat.config.Change@e525010
01-01 08:00:14.654 476 476 D CompatConfig: Adding: com.android.server.compat.config.Change@9d12709
01-01 08:00:14.654 513 526 D libEGL : loaded /vendor/lib/egl/libGLES_mali.so
01-01 08:00:14.655 476 476 D CompatConfig: Adding: com.android.server.compat.config.Change@1e88d0e
01-01 08:00:14.655 476 476 D CompatConfig: Adding: com.android.server.compat.config.Change@1d2832f
01-01 08:00:14.656 476 476 D CompatConfig: Adding: com.android.server.compat.config.Change@ff45d3c
01-01 08:00:14.657 476 476 D CompatConfig: Adding: com.android.server.compat.config.Change@7dc2ac5
01-01 08:00:14.658 476 476 D CompatConfig: Adding: com.android.server.compat.config.Change@7246c1a
01-01 08:00:14.659 476 476 D CompatConfig: Adding: com.android.server.compat.config.Change@98e234b
01-01 08:00:14.660 476 476 D CompatConfig: Adding: com.android.server.compat.config.Change@7481128
01-01 08:00:14.660 476 476 D CompatConfig: Adding: com.android.server.compat.config.Change@bd9ae41
01-01 08:00:14.661 476 476 D CompatConfig: Adding: com.android.server.compat.config.Change@60d2fe6
01-01 08:00:14.663 476 476 D CompatConfig: Adding: com.android.server.compat.config.Change@a19a927
01-01 08:00:14.663 476 476 D CompatConfig: Adding: com.android.server.compat.config.Change@9a117d4
01-01 08:00:14.664 476 476 D CompatConfig: Adding: com.android.server.compat.config.Change@d1ed7d
01-01 08:00:14.665 476 476 D CompatConfig: Adding: com.android.server.compat.config.Change@b6c6472
01-01 08:00:14.666 476 476 D CompatConfig: Adding: com.android.server.compat.config.Change@5edb0c3
01-01 08:00:14.667 476 476 D CompatConfig: Adding: com.android.server.compat.config.Change@be1dd40
01-01 08:00:14.668 476 476 D CompatConfig: Adding: com.android.server.compat.config.Change@14e479
01-01 08:00:14.669 476 476 D CompatConfig: Adding: com.android.server.compat.config.Change@51855be
01-01 08:00:14.670 476 476 D CompatConfig: Adding: com.android.server.compat.config.Change@470961f
01-01 08:00:14.671 476 476 D CompatConfig: Found a config file: /system/etc/compatconfig/framework-platform-compat-config.xml
01-01 08:00:14.675 476 476 D CompatConfig: Adding: com.android.server.compat.config.Change@df64f35
01-01 08:00:14.676 476 476 D CompatConfig: Adding: com.android.server.compat.config.Change@6000fca
01-01 08:00:14.677 476 476 D CompatConfig: Adding: com.android.server.compat.config.Change@312753b
01-01 08:00:14.678 476 476 D CompatConfig: Adding: com.android.server.compat.config.Change@5361458
01-01 08:00:14.679 476 476 D CompatConfig: Adding: com.android.server.compat.config.Change@649a9b1
01-01 08:00:14.680 476 476 D CompatConfig: Adding: com.android.server.compat.config.Change@ef75e96
01-01 08:00:14.680 476 476 D CompatConfig: Adding: com.android.server.compat.config.Change@c292a17
01-01 08:00:14.681 476 476 D CompatConfig: Adding: com.android.server.compat.config.Change@d241e04
01-01 08:00:14.682 476 476 D CompatConfig: Adding: com.android.server.compat.config.Change@49e2fed
01-01 08:00:14.683 476 476 D CompatConfig: Adding: com.android.server.compat.config.Change@842ce22
01-01 08:00:14.684 476 476 D CompatConfig: Adding: com.android.server.compat.config.Change@f8c50b3
01-01 08:00:14.685 476 476 D CompatConfig: Adding: com.android.server.compat.config.Change@43adde9
01-01 08:00:14.685 476 476 D CompatConfig: Adding: com.android.server.compat.config.Change@7e3aa6e
01-01 08:00:14.686 476 476 D CompatConfig: Adding: com.android.server.compat.config.Change@8f1450f
01-01 08:00:14.687 476 476 D CompatConfig: Adding: com.android.server.compat.config.Change@a5f299c
01-01 08:00:14.688 476 476 D CompatConfig: Adding: com.android.server.compat.config.Change@3da6fa5
01-01 08:00:14.688 476 525 I SystemConfig: Reading permissions from /system/etc/permissions/oranth-privapp-permissions.xml
01-01 08:00:14.689 476 476 D CompatConfig: Adding: com.android.server.compat.config.Change@7232b
01-01 08:00:14.690 476 476 D CompatConfig: Adding: com.android.server.compat.config.Change@e034388
01-01 08:00:14.691 476 476 D CompatConfig: Adding: com.android.server.compat.config.Change@9276121
01-01 08:00:14.692 476 476 D CompatConfig: Adding: com.android.server.compat.config.Change@5e29946
01-01 08:00:14.693 476 476 D CompatConfig: Adding: com.android.server.compat.config.Change@e52c707
01-01 08:00:14.694 476 476 D CompatConfig: Adding: com.android.server.compat.config.Change@ff7ee5d
01-01 08:00:14.695 476 476 D CompatConfig: Adding: com.android.server.compat.config.Change@1f03d2
01-01 08:00:14.695 476 476 D CompatConfig: Adding: com.android.server.compat.config.Change@6cacca3
01-01 08:00:14.696 476 476 D CompatConfig: Adding: com.android.server.compat.config.Change@7c4fba0
01-01 08:00:14.696 476 476 D CompatConfig: Adding: com.android.server.compat.config.Change@14a1359
01-01 08:00:14.697 476 476 D CompatConfig: Adding: com.android.server.compat.config.Change@e458b1e
01-01 08:00:14.698 476 476 D CompatConfig: Adding: com.android.server.compat.config.Change@b338fff
01-01 08:00:14.699 476 476 D CompatConfig: Adding: com.android.server.compat.config.Change@90e31cc
01-01 08:00:14.700 476 476 D CompatConfig: Adding: com.android.server.compat.config.Change@dff8c15
01-01 08:00:14.701 476 525 I SystemConfig: Reading permissions from /system/etc/permissions/com.android.networkstack.tethering.xml
01-01 08:00:14.701 476 476 D CompatConfig: Adding: com.android.server.compat.config.Change@fbb3b2a
01-01 08:00:14.702 476 476 D CompatConfig: Adding: com.android.server.compat.config.Change@b3b2d1b
01-01 08:00:14.703 476 476 D CompatConfig: Adding: com.android.server.compat.config.Change@dd29eb8
01-01 08:00:14.704 476 476 D CompatConfig: Adding: com.android.server.compat.config.Change@959d491
01-01 08:00:14.705 476 476 D CompatConfig: Adding: com.android.server.compat.config.Change@329dff6
01-01 08:00:14.705 476 525 I SystemConfig: Reading permissions from /system/etc/permissions/privapp-vendor-permissions.xml
01-01 08:00:14.705 476 476 D CompatConfig: Adding: com.android.server.compat.config.Change@66eee64
01-01 08:00:14.706 476 476 D CompatConfig: Adding: com.android.server.compat.config.Change@f3628cd
01-01 08:00:14.707 476 476 D CompatConfig: Adding: com.android.server.compat.config.Change@60c0582
01-01 08:00:14.707 476 476 D CompatConfig: Adding: com.android.server.compat.config.Change@1582493
01-01 08:00:14.708 476 476 D CompatConfig: Adding: com.android.server.compat.config.Change@a5e8cd0
01-01 08:00:14.709 476 476 D CompatConfig: Adding: com.android.server.compat.config.Change@20984c9
01-01 08:00:14.710 476 476 D CompatConfig: Adding: com.android.server.compat.config.Change@f8f7ce
01-01 08:00:14.711 476 476 D CompatConfig: Adding: com.android.server.compat.config.Change@cd676ef
01-01 08:00:14.712 476 476 D CompatConfig: Adding: com.android.server.compat.config.Change@c9ca485
01-01 08:00:14.713 476 476 D CompatConfig: Adding: com.android.server.compat.config.Change@cb0c2da
01-01 08:00:14.713 476 525 I SystemConfig: Reading permissions from /system/etc/permissions/com.android.documentsui.xml
01-01 08:00:14.714 476 476 D CompatConfig: Adding: com.android.server.compat.config.Change@13d930b
01-01 08:00:14.715 476 476 D CompatConfig: Adding: com.android.server.compat.config.Change@f8725e8
01-01 08:00:14.716 476 476 D CompatConfig: Adding: com.android.server.compat.config.Change@3880401
01-01 08:00:14.716 476 525 I SystemConfig: Reading permissions from /system/etc/permissions/android.software.controls.xml
01-01 08:00:14.717 476 476 D CompatConfig: Adding: com.android.server.compat.config.Change@3b054e7
01-01 08:00:14.717 476 476 D CompatConfig: Adding: com.android.server.compat.config.Change@d9cb894
01-01 08:00:14.718 476 476 D CompatConfig: Adding: com.android.server.compat.config.Change@26fdf3d
01-01 08:00:14.719 476 476 D CompatConfig: Adding: com.android.server.compat.config.Change@5d4d332
01-01 08:00:14.719 476 476 D CompatConfig: Adding: com.android.server.compat.config.Change@8d6ca00
01-01 08:00:14.720 476 476 D CompatConfig: Adding: com.android.server.compat.config.Change@1003239
01-01 08:00:14.720 476 525 I SystemConfig: Reading permissions from /system/etc/permissions/android.hardware.hdmi.cec.xml
01-01 08:00:14.721 476 476 D CompatConfig: Adding: com.android.server.compat.config.Change@538f9df
01-01 08:00:14.722 476 476 D CompatConfig: Adding: com.android.server.compat.config.Change@6de862c
01-01 08:00:14.722 476 476 D CompatConfig: Adding: com.android.server.compat.config.Change@1af968a
01-01 08:00:14.723 476 476 D CompatConfig: Adding: com.android.server.compat.config.Change@5d54fb
01-01 08:00:14.724 476 476 D CompatConfig: Found a config file: /system/etc/compatconfig/calendar-provider-compat-config.xml
01-01 08:00:14.725 476 476 D CompatConfig: Adding: com.android.server.compat.config.Change@c18ef71
01-01 08:00:14.727 476 476 D CompatConfig: Found a config file: /system/etc/compatconfig/icu4j-platform-compat-config.xml
01-01 08:00:14.728 476 476 D CompatConfig: Adding: com.android.server.compat.config.Change@1a245d7
01-01 08:00:14.729 476 476 D CompatConfig: Found a config file: /system/etc/compatconfig/documents-ui-compat-config.xml
01-01 08:00:14.730 476 525 I SystemConfig: Reading permissions from /system/etc/permissions/android.test.base.xml
01-01 08:00:14.731 476 476 D CompatConfig: Adding: com.android.server.compat.config.Change@d7c11ad
01-01 08:00:14.732 476 525 I SystemConfig: Reading permissions from /system/etc/permissions/javax.obex.xml
01-01 08:00:14.733 476 476 D CompatConfig: No directory /system/system_ext/etc/compatconfig, skipping
01-01 08:00:14.735 476 476 D CompatConfig: No directory /apex/com.android.wifi/etc/compatconfig, skipping
01-01 08:00:14.736 476 476 D CompatConfig: No directory /apex/com.android.vndk.v31/etc/compatconfig, skipping
01-01 08:00:14.736 476 476 D CompatConfig: No directory /apex/com.android.tzdata/etc/compatconfig, skipping
01-01 08:00:14.736 476 476 D CompatConfig: No directory /apex/com.android.tethering/etc/compatconfig, skipping
01-01 08:00:14.736 476 476 D CompatConfig: No directory /apex/com.android.sdkext/etc/compatconfig, skipping
01-01 08:00:14.736 476 476 D CompatConfig: No directory /apex/com.android.scheduling/etc/compatconfig, skipping
01-01 08:00:14.736 476 476 D CompatConfig: No directory /apex/com.android.runtime/etc/compatconfig, skipping
01-01 08:00:14.736 476 476 D CompatConfig: No directory /apex/com.android.resolv/etc/compatconfig, skipping
01-01 08:00:14.737 476 476 D CompatConfig: No directory /apex/com.android.permission/etc/compatconfig, skipping
01-01 08:00:14.737 476 476 D CompatConfig: No directory /apex/com.android.os.statsd/etc/compatconfig, skipping
01-01 08:00:14.737 476 476 D CompatConfig: No directory /apex/com.android.neuralnetworks/etc/compatconfig, skipping
01-01 08:00:14.738 476 476 D CompatConfig: Found a config file: /apex/com.android.mediaprovider/etc/compatconfig/media-provider-platform-compat-config.xml
01-01 08:00:14.740 476 476 D CompatConfig: Adding: com.android.server.compat.config.Change@e30b330
01-01 08:00:14.741 476 476 D CompatConfig: Adding: com.android.server.compat.config.Change@8751ba9
01-01 08:00:14.742 476 476 D CompatConfig: Adding: com.android.server.compat.config.Change@600752e
01-01 08:00:14.743 476 476 D CompatConfig: Adding: com.android.server.compat.config.Change@17a18cf
01-01 08:00:14.744 476 476 D CompatConfig: Adding: com.android.server.compat.config.Change@3a5d25c
01-01 08:00:14.740 513 513 I BootAnimation: type=1400 audit(0.0:300): avc: denied { search } for name="data" dev="mmcblk0p25" ino=87 scontext=u:r:bootanim:s0 tcontext=u:object_r:system_data_file:s0:c512,c768 tclass=dir permissive=1
01-01 08:00:14.745 476 476 D CompatConfig: Adding: com.android.server.compat.config.Change@2dac965
01-01 08:00:14.748 476 476 D CompatConfig: Adding: com.android.server.compat.config.Change@8a972eb
01-01 08:00:14.749 476 476 D CompatConfig: No directory /apex/com.android.media.swcodec/etc/compatconfig, skipping
01-01 08:00:14.750 476 476 D CompatConfig: No directory /apex/com.android.media/etc/compatconfig, skipping
01-01 08:00:14.750 183 183 I hwservicemanager: getTransport: Cannot find entry android.hardware.configstore@1.0::ISurfaceFlingerConfigs/default in either framework or device VINTF manifest.
01-01 08:00:14.750 476 476 D CompatConfig: No directory /apex/com.android.ipsec/etc/compatconfig, skipping
01-01 08:00:14.750 476 476 D CompatConfig: No directory /apex/com.android.i18n/etc/compatconfig, skipping
01-01 08:00:14.750 476 476 D CompatConfig: No directory /apex/com.android.extservices/etc/compatconfig, skipping
01-01 08:00:14.750 476 476 D CompatConfig: No directory /apex/com.android.conscrypt/etc/compatconfig, skipping
01-01 08:00:14.751 476 476 D CompatConfig: Found a config file: /apex/com.android.art/etc/compatconfig/libcore-platform-compat-config.xml
01-01 08:00:14.752 476 525 I SystemConfig: Reading permissions from /system/etc/permissions/com.android.location.provider.xml
01-01 08:00:14.755 476 525 I SystemConfig: Reading permissions from /system/etc/permissions/android.software.live_wallpaper.xml
01-01 08:00:14.756 476 476 D CompatConfig: Adding: com.android.server.compat.config.Change@7f1c01d
01-01 08:00:14.757 476 525 I SystemConfig: Reading permissions from /system/etc/permissions/com.android.mediadrm.signer.xml
01-01 08:00:14.758 476 476 D CompatConfig: Adding: com.android.server.compat.config.Change@fef5463
01-01 08:00:14.760 476 476 D CompatConfig: Adding: com.android.server.compat.config.Change@26f4119
01-01 08:00:14.760 476 476 D CompatConfig: Adding: com.android.server.compat.config.Change@18a85de
01-01 08:00:14.761 476 476 D CompatConfig: Adding: com.android.server.compat.config.Change@cb08a8c
01-01 08:00:14.761 476 525 I SystemConfig: Reading permissions from /system/etc/permissions/permissions-awbms.xml
01-01 08:00:14.761 476 476 D CompatConfig: No directory /apex/com.android.appsearch/etc/compatconfig, skipping
01-01 08:00:14.762 476 476 D CompatConfig: No directory /apex/com.android.adbd/etc/compatconfig, skipping
01-01 08:00:14.764 476 525 I SystemConfig: Reading permissions from /system/etc/permissions/android.test.mock.xml
01-01 08:00:14.765 476 476 I SystemServerTiming: StartFileIntegrityService
01-01 08:00:14.765 476 476 I SystemServiceManager: Starting com.android.server.security.FileIntegrityService
01-01 08:00:14.767 476 525 I SystemConfig: Reading permissions from /system/etc/permissions/com.android.networkstack.xml
01-01 08:00:14.770 476 525 I SystemConfig: Reading permissions from /system/etc/permissions/com.android.media.remotedisplay.xml
