05-28 10:09:10.332 476 973 D CCodecConfig: no c2 equivalents for track-id
05-28 10:09:10.332 476 973 D CCodecConfig: no c2 equivalents for csd-1
05-28 10:09:10.332 476 973 D CCodecConfig: no c2 equivalents for channel-mask
05-28 10:09:10.332 476 973 D CCodecConfig: no c2 equivalents for flags
05-28 10:09:10.333 476 973 D CCodecConfig: c2 config diff is c2::u32 coded.bitrate.value = 499821
05-28 10:09:10.333 476 973 D CCodecConfig: c2::u32 raw.channel-count.value = 2
05-28 10:09:10.333 476 973 D CCodecConfig: c2::u32 raw.sample-rate.value = 44100
05-28 10:09:10.337 476 973 W Codec2Client: query -- param skipped: index = 1107298332.
05-28 10:09:10.337 476 973 D CCodec : setup formats input: AMessage(what = 0x00000000) = {
05-28 10:09:10.337 476 973 D CCodec : int32_t bitrate = 499821
05-28 10:09:10.337 476 973 D CCodec : int32_t channel-count = 2
05-28 10:09:10.337 476 973 D CCodec : int32_t max-input-size = 32768
05-28 10:09:10.337 476 973 D CCodec : string mime = "audio/vorbis"
05-28 10:09:10.337 476 973 D CCodec : int32_t sample-rate = 44100
05-28 10:09:10.337 476 973 D CCodec : }
05-28 10:09:10.337 476 973 D CCodec : setup formats output: AMessage(what = 0x00000000) = {
05-28 10:09:10.337 476 973 D CCodec : int32_t channel-count = 2
05-28 10:09:10.337 476 973 D CCodec : string mime = "audio/raw"
05-28 10:09:10.337 476 973 D CCodec : int32_t sample-rate = 44100
05-28 10:09:10.337 476 973 D CCodec : int32_t channel-mask = 3
05-28 10:09:10.337 476 973 D CCodec : }
05-28 10:09:10.337 476 973 I CCodecConfig: query failed after returning 7 values (BAD_INDEX)
05-28 10:09:10.338 476 973 W Codec2Client: query -- param skipped: index = 1342179345.
05-28 10:09:10.338 476 973 W Codec2Client: query -- param skipped: index = 2415921170.
05-28 10:09:10.339 476 680 D MediaCodecList: codecHandlesFormat: no format, so no extra checks
05-28 10:09:10.340 476 973 D CCodecBufferChannel: [c2.android.vorbis.decoder#994] Created input block pool with allocatorID 16 => poolID 21 - OK (0)
05-28 10:09:10.341 476 973 I CCodecBufferChannel: [c2.android.vorbis.decoder#994] Created output block pool with allocatorID 16 => poolID 23 - OK
05-28 10:09:10.342 476 973 D CCodecBufferChannel: [c2.android.vorbis.decoder#994] Configured output block pool ids 23 => OK
05-28 10:09:10.345 476 977 D CCodec : allocate(c2.android.vorbis.decoder)
05-28 10:09:10.346 369 975 D SimpleC2Component: Using output block pool with poolID 23 => got 23 - 0
05-28 10:09:10.358 476 977 I CCodec : Created component [c2.android.vorbis.decoder]
05-28 10:09:10.358 476 977 D CCodecConfig: read media type: audio/vorbis
05-28 10:09:10.361 476 977 D ReflectedParamUpdater: extent() != 1 for single value type: algo.buffers.max-count.values
05-28 10:09:10.361 476 977 D ReflectedParamUpdater: extent() != 1 for single value type: output.subscribed-indices.values
05-28 10:09:10.361 476 977 D ReflectedParamUpdater: extent() != 1 for single value type: input.buffers.allocator-ids.values
05-28 10:09:10.362 476 977 D ReflectedParamUpdater: extent() != 1 for single value type: output.buffers.allocator-ids.values
05-28 10:09:10.362 476 977 D ReflectedParamUpdater: extent() != 1 for single value type: algo.buffers.allocator-ids.values
05-28 10:09:10.362 476 977 D ReflectedParamUpdater: extent() != 1 for single value type: output.buffers.pool-ids.values
05-28 10:09:10.362 476 977 D ReflectedParamUpdater: extent() != 1 for single value type: algo.buffers.pool-ids.values
05-28 10:09:10.364 476 977 I CCodecConfig: query failed after returning 7 values (BAD_INDEX)
05-28 10:09:10.365 476 977 D CCodecConfig: c2 config diff is Dict {
05-28 10:09:10.365 476 977 D CCodecConfig: c2::u32 coded.bitrate.value = 64000
05-28 10:09:10.365 476 977 D CCodecConfig: c2::u32 input.buffers.max-size.value = 32768
05-28 10:09:10.365 476 977 D CCodecConfig: c2::u32 input.delay.value = 0
05-28 10:09:10.365 476 977 D CCodecConfig: string input.media-type.value = "audio/vorbis"
05-28 10:09:10.365 476 977 D CCodecConfig: string output.media-type.value = "audio/raw"
05-28 10:09:10.365 476 977 D CCodecConfig: c2::u32 raw.channel-count.value = 1
05-28 10:09:10.365 476 977 D CCodecConfig: c2::u32 raw.sample-rate.value = 48000
05-28 10:09:10.365 476 977 D CCodecConfig: }
05-28 10:09:10.368 476 977 D CCodec : [c2.android.vorbis.decoder] buffers are bound to CCodec for this session
05-28 10:09:10.368 476 977 D CCodecConfig: no c2 equivalents for durationUs
05-28 10:09:10.368 476 977 D CCodecConfig: no c2 equivalents for track-id
05-28 10:09:10.368 476 977 D CCodecConfig: no c2 equivalents for csd-1
05-28 10:09:10.368 476 977 D CCodecConfig: no c2 equivalents for channel-mask
05-28 10:09:10.368 476 977 D CCodecConfig: no c2 equivalents for flags
05-28 10:09:10.370 476 977 D CCodecConfig: c2 config diff is c2::u32 coded.bitrate.value = 239920
05-28 10:09:10.370 476 977 D CCodecConfig: c2::u32 raw.sample-rate.value = 44100
05-28 10:09:10.376 476 977 W Codec2Client: query -- param skipped: index = 1107298332.
05-28 10:09:10.376 476 977 D CCodec : setup formats input: AMessage(what = 0x00000000) = {
05-28 10:09:10.376 476 977 D CCodec : int32_t bitrate = 239920
05-28 10:09:10.376 476 977 D CCodec : int32_t channel-count = 1
05-28 10:09:10.376 476 977 D CCodec : int32_t max-input-size = 32768
05-28 10:09:10.376 476 977 D CCodec : string mime = "audio/vorbis"
05-28 10:09:10.376 476 977 D CCodec : int32_t sample-rate = 44100
05-28 10:09:10.376 476 977 D CCodec : }
05-28 10:09:10.376 476 977 D CCodec : setup formats output: AMessage(what = 0x00000000) = {
05-28 10:09:10.376 476 977 D CCodec : int32_t channel-count = 1
05-28 10:09:10.376 476 977 D CCodec : string mime = "audio/raw"
05-28 10:09:10.376 476 977 D CCodec : int32_t sample-rate = 44100
05-28 10:09:10.376 476 977 D CCodec : int32_t channel-mask = 1
05-28 10:09:10.376 476 977 D CCodec : }
05-28 10:09:10.376 476 977 I CCodecConfig: query failed after returning 7 values (BAD_INDEX)
05-28 10:09:10.377 476 977 W Codec2Client: query -- param skipped: index = 1342179345.
05-28 10:09:10.377 476 977 W Codec2Client: query -- param skipped: index = 2415921170.
05-28 10:09:10.378 476 977 D CCodecBufferChannel: [c2.android.vorbis.decoder#747] Created input block pool with allocatorID 16 => poolID 22 - OK (0)
05-28 10:09:10.380 476 977 I CCodecBufferChannel: [c2.android.vorbis.decoder#747] Created output block pool with allocatorID 16 => poolID 24 - OK
05-28 10:09:10.380 476 977 D CCodecBufferChannel: [c2.android.vorbis.decoder#747] Configured output block pool ids 24 => OK
05-28 10:09:10.388 369 978 D SimpleC2Component: Using output block pool with poolID 24 => got 24 - 0
05-28 10:09:10.435 753 773 I rkstack.proces: Background young concurrent copying GC freed 12764(781KB) AllocSpace objects, 0(0B) LOS objects, 88% free, 3169KB/27MB, paused 149us total 172.637ms
05-28 10:09:10.453 476 973 D CCodecBufferChannel: [c2.android.vorbis.decoder#994] MediaCodec discarded an unknown buffer
05-28 10:09:10.453 476 973 D CCodecBufferChannel: [c2.android.vorbis.decoder#994] MediaCodec discarded an unknown buffer
05-28 10:09:10.454 476 973 D CCodecBufferChannel: [c2.android.vorbis.decoder#994] MediaCodec discarded an unknown buffer
05-28 10:09:10.458 476 973 I hw-BpHwBinder: onLastStrongRef automatically unlinking death recipients
05-28 10:09:10.465 779 785 I webview_zygote: Background young concurrent copying GC freed 7401(406KB) AllocSpace objects, 0(0B) LOS objects, 89% free, 2908KB/26MB, paused 145us total 110.430ms
05-28 10:09:10.484 476 977 D CCodecBufferChannel: [c2.android.vorbis.decoder#747] MediaCodec discarded an unknown buffer
05-28 10:09:10.491 369 927 I hw-BpHwBinder: onLastStrongRef automatically unlinking death recipients
05-28 10:09:10.491 476 980 I hw-BpHwBinder: onLastStrongRef automatically unlinking death recipients
05-28 10:09:10.492 369 927 V C2Store : in ~ComponentModule
05-28 10:09:10.492 369 927 V C2Store : unloading dll
05-28 10:09:10.493 476 522 D CompatibilityChangeReporter: Compat change id reported: 158002302; UID 10067; state: ENABLED
05-28 10:09:10.497 665 665 V WallpaperService: Setting wallpaper dimming: 0
05-28 10:09:10.519 183 183 I hwservicemanager: getTransport: Cannot find entry android.hardware.configstore@1.0::ISurfaceFlingerConfigs/default in either framework or device VINTF manifest.
05-28 10:09:10.520 665 953 D EglHelper: createEglContext start
05-28 10:09:10.527 665 953 D EglHelper: createEglContext done
05-28 10:09:10.528 665 953 D EglHelper: createEglSurface start
05-28 10:09:10.533 665 953 D EglHelper: createEglSurface done
05-28 10:09:10.551 476 521 I ActivityManagerTiming: FinishBooting
05-28 10:09:10.551 245 245 W Zygote : forkRepeatedly terminated due to non-simple command
05-28 10:09:10.551 245 245 D Zygote : mbuffer starts with 1 , nice name is , mEnd = 19, mNext = 19, mLinesLeft = 0, mFd = 4
05-28 10:09:10.554 476 521 I ActivityManager: About to commit checkpoint
05-28 10:09:10.555 476 521 I SystemServiceManager: Starting phase 1000
05-28 10:09:10.555 476 521 I ActivityManagerTiming: OnBootPhase_1000
05-28 10:09:10.555 476 521 E PowerStatsService: Failed to start PowerStatsService loggers
05-28 10:09:10.558 476 553 V DisplayPowerController[0]: Brightness [0.39763778] reason changing to: 'manual', previous reason: 'override'.
05-28 10:09:10.558 476 580 D AppStandbyController: Loading headless system app cache. appIdleEnabled=false
05-28 10:09:10.559 379 379 I update_engine: [INFO:cleanup_previous_update_action.cc(112)] Executing task 6
05-28 10:09:10.560 379 379 I update_engine: [INFO:cleanup_previous_update_action.cc(124)] CleanupPreviousUpdateAction scheduled task ID 7 for WaitBootCompleted
05-28 10:09:10.566 476 584 D RollbackManager: mRollbackLifetimeDurationInMillis=1209600000
05-28 10:09:10.570 476 521 D IorapForwardingService: BgJob Scheduled (jobId=283673059, interval: 86400000ms)
05-28 10:09:10.570 476 521 D TestHarnessModeService: Completing Test Harness Mode setup.
05-28 10:09:10.574 476 601 D StorageManagerService: Thinking about init, mBootCompleted=true, mDaemonConnected=true
05-28 10:09:10.574 476 601 D StorageManagerService: Setting up emulation state, initlocked=false
05-28 10:09:10.575 190 232 D vold : fscrypt_unlock_user_key 0 serial=0
05-28 10:09:10.576 476 601 D StorageManagerService: Thinking about reset, mBootCompleted=true, mDaemonConnected=true
05-28 10:09:10.577 476 601 I StorageSessionController: Started resetting external storage service...
05-28 10:09:10.577 476 601 I StorageSessionController: Finished resetting external storage service
05-28 10:09:10.577 476 601 I StorageManagerService: Resetting vold...
05-28 10:09:10.578 476 601 I StorageManagerService: Reset vold
05-28 10:09:10.578 190 232 I vold : onUserAdded: 0
05-28 10:09:10.593 476 518 D AdbService: boot completed
05-28 10:09:10.594 476 521 D SoundTriggerService: onBootPhase: 1000 : false
05-28 10:09:10.596 476 994 I HibernationStateDiskStore: No hibernation file on disk for file /data/system/hibernation/states
05-28 10:09:10.596 753 847 I Tethering: USB bcast connected:false configured:false rndis:false ncm:false
05-28 10:09:10.596 476 521 D CompatibilityChangeReporter: Compat change id reported: 168936375; UID 1000; state: DISABLED
05-28 10:09:10.597 476 521 D CompatibilityChangeReporter: Compat change id reported: 168936375; UID 1000; state: ENABLED
05-28 10:09:10.598 476 518 E AdbDebuggingManager: Expected keyStore, but got tag=adbKey
05-28 10:09:10.599 476 518 E AdbDebuggingManager: Expected keyStore, but got tag=adbKey
05-28 10:09:10.603 476 521 D CompatibilityChangeReporter: Compat change id reported: 73144566; UID 1000; state: DISABLED
05-28 10:09:10.603 476 521 D CompatibilityChangeReporter: Compat change id reported: 73144566; UID 1000; state: ENABLED
05-28 10:09:10.604 383 391 I adbd : adbd_auth: received a new framework connection
05-28 10:09:10.604 383 391 I adbd : adbd_auth: received new framework fd 31 (current = -1)
05-28 10:09:10.608 476 521 D GameManagerService: onBootCompleted
05-28 10:09:10.609 264 264 D hdmi-cec: setOption, flag=0x0005, value=0x007a686f
05-28 10:09:10.611 476 521 D AppSearchStatsCollector: atoms registered
05-28 10:09:10.611 476 521 D ActivityManagerTiming: TotalBootTime took to complete: 8412ms
05-28 10:09:10.611 476 521 D SystemServerInitThreadPool: Shutdown requested
05-28 10:09:10.611 476 521 I SystemServerTiming: WaitInitThreadPoolShutdown
05-28 10:09:10.608 326 326 I rainbow_flow: type=1400 audit(0.0:365): avc: denied { ioctl } for path="/dev/spidev1.0" dev="tmpfs" ino=6381 ioctlcmd=0x6b00 scontext=u:r:init:s0 tcontext=u:object_r:device:s0 tclass=chr_file permissive=1
05-28 10:09:10.616 264 264 D hdmi-cec: reset logical address to broadcast
05-28 10:09:10.616 476 521 D SystemServerInitThreadPool: Shutdown successful
01-01 08:00:22.620 264 264 E : [CEC]cec_CfgLogicAddr failed
05-28 10:09:10.618 476 521 D ActivityManager: refreshZramWriteback
05-28 10:09:10.618 476 521 D ActivityManager: real start flush
05-28 10:09:10.624 476 997 W ZramWriteback: Writeback device is not set
05-28 10:09:10.624 476 997 D ZramWriteback: wait to flush
05-28 10:09:10.627 476 521 I ActivityManager: User 0 state changed from BOOTING to RUNNING_LOCKED
05-28 10:09:10.627 476 521 W ActivityManager: UserLifecycleEvent 4 received without an active userJourneySession.
05-28 10:09:10.632 476 521 D StorageManagerService: unlockUserKey: 0 isFileEncryptedNativeOrEmulated: false hasToken: false hasSecret: false
05-28 10:09:10.633 476 521 W ActivityManager: UserLifecycleEvent 5 received without an active userJourneySession.
05-28 10:09:10.634 476 521 D ActivityManager: Started unlocking user 0
05-28 10:09:10.634 476 521 D ActivityManager: Unlocking user 0 progress 0
05-28 10:09:10.634 476 521 D ActivityManager: Unlocking user 0 progress 5
05-28 10:09:10.634 190 232 D vold : fscrypt_prepare_user_storage for volume null, user 0, serial 0, flags 2
05-28 10:09:10.634 190 232 D vold : Preparing: /data/system_ce/0
05-28 10:09:10.635 190 232 D vold : Preparing: /data/misc_ce/0
05-28 10:09:10.635 190 232 D vold : Preparing: /data/vendor_ce/0
05-28 10:09:10.635 264 264 D hdmi-cec: reset logical address to broadcast
05-28 10:09:10.635 190 232 D vold : Preparing: /data/media/0
05-28 10:09:10.636 190 232 D vold : Preparing: /data/data
05-28 10:09:10.636 190 232 D vold : Starting restorecon of /data/system_ce/0
05-28 10:09:10.637 264 264 D hdmi-cec: cec physical address: 1.0.0.0
01-01 08:00:22.638 264 264 E : [CEC]cec_CfgLogicAddr failed
05-28 10:09:10.638 264 264 D hdmi-cec: cec physical address: 1.0.0.0
05-28 10:09:10.638 264 264 D hdmi-cec: cec physical address: 1.0.0.0
05-28 10:09:10.644 264 264 D hdmi-cec: addLogicalAddress (4)
05-28 10:09:10.645 190 232 D vold : Finished restorecon of /data/system_ce/0
05-28 10:09:10.645 190 232 D vold : Starting restorecon of /data/vendor_ce/0
01-01 08:00:22.648 264 264 E : [CEC]cec_CfgLogicAddr failed
05-28 10:09:10.647 264 264 D hdmi-cec: cec physical address: 1.0.0.0
05-28 10:09:10.647 264 264 D hdmi-cec: cec physical address: 1.0.0.0
05-28 10:09:10.648 476 644 W HdmiCecController: Failed to send 40:0D with errorCode=3
05-28 10:09:10.649 264 264 D hdmi-cec: cec physical address: 1.0.0.0
05-28 10:09:10.650 190 232 D vold : Finished restorecon of /data/vendor_ce/0
05-28 10:09:10.650 190 232 D vold : Starting restorecon of /data/misc_ce/0
05-28 10:09:10.654 190 232 D vold : Finished restorecon of /data/misc_ce/0
05-28 10:09:10.654 190 232 D vold : /system/bin/vold_prepare_subdirs
05-28 10:09:10.654 190 232 D vold : prepare
05-28 10:09:10.654 190 232 D vold :
05-28 10:09:10.654 190 232 D vold : 0
05-28 10:09:10.654 190 232 D vold : 2
05-28 10:09:10.654 264 264 D hdmi-cec: cec physical address: 1.0.0.0
05-28 10:09:10.655 476 476 I HdmiCecLocalDeviceSource: queryDisplayStatus already in progress
05-28 10:09:10.655 264 264 D hdmi-cec: cec physical address: 1.0.0.0
05-28 10:09:10.658 476 644 W HdmiCecController: Failed to send 4F:82:10:00 with errorCode=3
05-28 10:09:10.659 476 644 W HdmiCecController: Failed to send 40:8E:00 with errorCode=3
05-28 10:09:10.660 476 644 W HdmiCecController: Failed to send 40:8F with errorCode=3
05-28 10:09:10.663 476 644 W HdmiCecController: Failed to send 4F:84:10:00:04 with errorCode=3
05-28 10:09:10.665 476 644 W HdmiCecController: Failed to send 4F:87:76:93:94 with errorCode=3
05-28 10:09:10.668 476 644 W HdmiCecController: Failed to send 40:47 with errorCode=3
05-28 10:09:10.670 476 644 W HdmiCecController: Failed to send 45:7D with errorCode=3
05-28 10:09:10.704 1001 1001 D vold_prepare_subdirs: Setting up mode 771 uid 1000 gid 1000 context u:object_r:system_data_file:s0:c512,c768 on path: /data/data
05-28 10:09:10.706 1001 1001 D vold_prepare_subdirs: Setting up mode 700 uid 0 gid 0 context u:object_r:vold_data_file:s0 on path: /data/misc_ce/0/vold
05-28 10:09:10.707 1001 1001 D vold_prepare_subdirs: Setting up mode 700 uid 0 gid 0 context u:object_r:storaged_data_file:s0 on path: /data/misc_ce/0/storaged
05-28 10:09:10.708 1001 1001 D vold_prepare_subdirs: Setting up mode 700 uid 0 gid 0 context u:object_r:rollback_data_file:s0 on path: /data/misc_ce/0/rollback
05-28 10:09:10.709 1001 1001 D vold_prepare_subdirs: Setting up mode 700 uid 0 gid 0 context u:object_r:apex_rollback_data_file:s0 on path: /data/misc_ce/0/apexrollback
05-28 10:09:10.711 1001 1001 D vold_prepare_subdirs: Setting up mode 711 uid 0 gid 0 context u:object_r:apex_module_data_file:s0 on path: /data/misc_ce/0/apexdata
05-28 10:09:10.712 1001 1001 D vold_prepare_subdirs: Setting up mode 771 uid 0 gid 1000 context u:object_r:apex_wifi_data_file:s0 on path: /data/misc_ce/0/apexdata/com.android.wifi
05-28 10:09:10.714 1001 1001 D vold_prepare_subdirs: Setting up mode 771 uid 0 gid 1000 context u:object_r:apex_module_data_file:s0 on path: /data/misc_ce/0/apexdata/com.android.vndk.v31
05-28 10:09:10.718 1001 1001 D vold_prepare_subdirs: Setting up mode 771 uid 0 gid 1000 context u:object_r:apex_module_data_file:s0 on path: /data/misc_ce/0/apexdata/com.android.tzdata
05-28 10:09:10.720 1001 1001 D vold_prepare_subdirs: Setting up mode 771 uid 0 gid 1000 context u:object_r:apex_module_data_file:s0 on path: /data/misc_ce/0/apexdata/com.android.tethering
05-28 10:09:10.721 1001 1001 D vold_prepare_subdirs: Setting up mode 771 uid 0 gid 1000 context u:object_r:apex_module_data_file:s0 on path: /data/misc_ce/0/apexdata/com.android.sdkext
05-28 10:09:10.722 1001 1001 D vold_prepare_subdirs: Setting up mode 771 uid 0 gid 1000 context u:object_r:apex_module_data_file:s0 on path: /data/misc_ce/0/apexdata/com.android.scheduling
05-28 10:09:10.722 1001 1001 D vold_prepare_subdirs: Setting up mode 771 uid 0 gid 1000 context u:object_r:apex_module_data_file:s0 on path: /data/misc_ce/0/apexdata/com.android.runtime
05-28 10:09:10.723 1001 1001 D vold_prepare_subdirs: Setting up mode 771 uid 0 gid 1000 context u:object_r:apex_module_data_file:s0 on path: /data/misc_ce/0/apexdata/com.android.resolv
05-28 10:09:10.724 1001 1001 D vold_prepare_subdirs: Setting up mode 771 uid 0 gid 1000 context u:object_r:apex_permission_data_file:s0 on path: /data/misc_ce/0/apexdata/com.android.permission
05-28 10:09:10.725 1001 1001 D vold_prepare_subdirs: Setting up mode 771 uid 0 gid 1000 context u:object_r:apex_module_data_file:s0 on path: /data/misc_ce/0/apexdata/com.android.os.statsd
05-28 10:09:10.726 1001 1001 D vold_prepare_subdirs: Setting up mode 771 uid 0 gid 1000 context u:object_r:apex_module_data_file:s0 on path: /data/misc_ce/0/apexdata/com.android.neuralnetworks
05-28 10:09:10.726 1001 1001 D vold_prepare_subdirs: Setting up mode 771 uid 0 gid 1000 context u:object_r:apex_module_data_file:s0 on path: /data/misc_ce/0/apexdata/com.android.mediaprovider
05-28 10:09:10.727 1001 1001 D vold_prepare_subdirs: Setting up mode 771 uid 0 gid 1000 context u:object_r:apex_module_data_file:s0 on path: /data/misc_ce/0/apexdata/com.android.media.swcodec
05-28 10:09:10.728 1001 1001 D vold_prepare_subdirs: Setting up mode 771 uid 0 gid 1000 context u:object_r:apex_module_data_file:s0 on path: /data/misc_ce/0/apexdata/com.android.media
05-28 10:09:10.729 1001 1001 D vold_prepare_subdirs: Setting up mode 771 uid 0 gid 1000 context u:object_r:apex_module_data_file:s0 on path: /data/misc_ce/0/apexdata/com.android.ipsec
05-28 10:09:10.729 1001 1001 D vold_prepare_subdirs: Setting up mode 771 uid 0 gid 1000 context u:object_r:apex_module_data_file:s0 on path: /data/misc_ce/0/apexdata/com.android.i18n
05-28 10:09:10.730 1001 1001 D vold_prepare_subdirs: Setting up mode 771 uid 0 gid 1000 context u:object_r:apex_module_data_file:s0 on path: /data/misc_ce/0/apexdata/com.android.extservices
05-28 10:09:10.732 1001 1001 D vold_prepare_subdirs: Setting up mode 771 uid 0 gid 1000 context u:object_r:apex_module_data_file:s0 on path: /data/misc_ce/0/apexdata/com.android.conscrypt
05-28 10:09:10.735 1001 1001 D vold_prepare_subdirs: Setting up mode 771 uid 0 gid 1000 context u:object_r:apex_module_data_file:s0 on path: /data/misc_ce/0/apexdata/com.android.art
05-28 10:09:10.732 264 264 I EventThread: type=1400 audit(0.0:366): avc: denied { search } for name="extcon" dev="sysfs" ino=18109 scontext=u:r:hal_tv_cec_default:s0 tcontext=u:object_r:sysfs_extcon:s0 tclass=dir permissive=1
05-28 10:09:10.737 1001 1001 D vold_prepare_subdirs: Setting up mode 771 uid 0 gid 1000 context u:object_r:apex_appsearch_data_file:s0 on path: /data/misc_ce/0/apexdata/com.android.appsearch
05-28 10:09:10.740 1001 1001 D vold_prepare_subdirs: Setting up mode 771 uid 0 gid 1000 context u:object_r:apex_module_data_file:s0 on path: /data/misc_ce/0/apexdata/com.android.adbd
05-28 10:09:10.741 1001 1001 D vold_prepare_subdirs: Setting up mode 700 uid 1000 gid 1000 context u:object_r:backup_data_file:s0 on path: /data/system_ce/0/backup
05-28 10:09:10.743 1001 1001 D vold_prepare_subdirs: Setting up mode 700 uid 1000 gid 1000 context u:object_r:backup_data_file:s0 on path: /data/system_ce/0/backup_stage
05-28 10:09:10.744 1001 1001 D vold_prepare_subdirs: Setting up mode 700 uid 1000 gid 1000 context u:object_r:face_vendor_data_file:s0 on path: /data/vendor_ce/0/facedata
05-28 10:09:10.747 476 521 V UserDataPreparer: Found /data/user/0 with serial number 0
05-28 10:09:10.747 476 521 V UserDataPreparer: Found /data/system_ce/0 with serial number 0
05-28 10:09:10.748 476 521 D UserDataPreparer: Setting property: sys.user.0.ce_available=true
05-28 10:09:10.749 476 521 V PackageManager: reconcileAppsData for null u0 0x2 migrateAppData=false
05-28 10:09:10.762 250 316 V audio_hw_primary: adev_set_parameters, A2dpSuspended=false
05-28 10:09:10.779 250 316 V audio_hw_primary: adev_set_parameters, BT_SCO=off
05-28 10:09:10.790 476 626 I AS.AudioDeviceInventory: removePreferredDevicesForStrategySync, strategy: 14
05-28 10:09:10.923 476 644 W HdmiCecController: Failed to send 40:8F with errorCode=3
05-28 10:09:10.930 813 822 I oid.tv.setting: Background young concurrent copying GC freed 10515(837KB) AllocSpace objects, 0(0B) LOS objects, 88% free, 3101KB/27MB, paused 1.547ms total 215.393ms
05-28 10:09:10.964 665 665 D Tonal : Tonal Palette - index: 4. Main color: ff1e447a
05-28 10:09:10.964 665 665 D Tonal : Colors: ff060d1a, ff0b162e, ff102343, ff17305c, ff1e447a, ff254a99, ff2d58b7, ff6180c3, ff6f8adc, ff889ce2, ffa5b0e9, ffced4f3, ffeaedfa
05-28 10:09:10.965 665 665 D Tonal : Gradients:
05-28 10:09:10.965 665 665 D Tonal : Normal GradientColors(ff1e447a, ff1e447a)
05-28 10:09:10.965 665 665 D Tonal : Dark GradientColors(ff17305c, ff17305c)
05-28 10:09:10.965 665 665 D Tonal : Extra dark: GradientColors(ff102343, ff102343)
05-28 10:09:10.965 665 665 D Tonal : Tonal Palette - index: 4. Main color: ff1e447a
05-28 10:09:10.965 665 665 D Tonal : Colors: ff060d1a, ff0b162e, ff102343, ff17305c, ff1e447a, ff254a99, ff2d58b7, ff6180c3, ff6f8adc, ff889ce2, ffa5b0e9, ffced4f3, ffeaedfa
05-28 10:09:10.965 665 665 D Tonal : Gradients:
05-28 10:09:10.965 665 665 D Tonal : Normal GradientColors(ff1e447a, ff1e447a)
05-28 10:09:10.965 665 665 D Tonal : Dark GradientColors(ff17305c, ff17305c)
05-28 10:09:10.965 665 665 D Tonal : Extra dark: GradientColors(ff102343, ff102343)
01-01 08:00:22.998 165 165 I init (165): drop_caches: 3
01-01 08:00:22.999 1 1 I init : Command 'write /proc/sys/vm/drop_caches 3' action=sys.boot_completed=1 (/vendor/etc/init/hw/init.sun50iw9p1.rc:112) took 324ms and succeeded
05-28 10:09:10.992 165 165 I init : type=1400 audit(0.0:367): avc: denied { write } for name="dirty_expire_centisecs" dev="proc" ino=13284 scontext=u:r:vendor_init:s0 tcontext=u:object_r:proc_dirty:s0 tclass=file permissive=1
01-01 08:00:23.007 1 1 I init : processing action (ro.vendor.ramconfig=2 && sys.boot_completed=1) from (/vendor/etc/init/hw/init.ram.rc:29)
05-28 10:09:11.004 327 327 I xiriservice_All: type=1400 audit(0.0:368): avc: denied { read } for scontext=u:r:init:s0 tcontext=u:r:init:s0 tclass=netlink_kobject_uevent_socket permissive=1
05-28 10:09:11.008 319 321 D XM_HIDREAD: add@ add@/kernel/slab/:0000008
01-01 08:00:23.020 1 1 I zram0 : detected capacity change from 0 to 1541578752
01-01 08:00:23.082 1 1 I mkswap : Swapspace size: 1505444k, UUID=53decf3b-28de-4f5c-a020-80d3b5962780
01-01 08:00:23.103 1 1 I : Adding 1505444k swap on /dev/block/zram0. Priority:-2 extents:1 across:1505444k SS
01-01 08:00:23.104 1 1 I init : Command 'swapon_all /vendor/etc/fstab.nswap' action=ro.vendor.ramconfig=2 && sys.boot_completed=1 (/vendor/etc/init/hw/init.ram.rc:30) took 97ms and succeeded
01-01 08:00:23.104 1 1 I init : processing action (persist.vendor.adb.enabled=* && sys.boot_completed=1) from (/vendor/etc/init/hw/init.oranth.rc:53)
01-01 08:00:23.106 1 1 I init : processing action (sys.boot_completed=1) from (/system/etc/init/appsdisable.rc:1)
01-01 08:00:23.107 1 1 I init : starting service 'appsdisable'...
05-28 10:09:11.100 1003 1003 I init : type=1400 audit(0.0:369): avc: denied { entrypoint } for path="/system/bin/appsdisable" dev="dm-0" ino=892 scontext=u:r:shell:s0 tcontext=u:object_r:system_file:s0 tclass=file permissive=1
01-01 08:00:23.115 1 1 I init : processing action (sys.boot_completed=1 && sys.bootstat.first_boot_completed=0) from (/system/etc/init/bootstat.rc:77)
01-01 08:00:23.116 1 1 I init : starting service 'exec 17 (/system/bin/bootstat --record_boot_complete --record_boot_reason --record_time_since_factory_reset -l)'...
01-01 08:00:23.132 1 1 I init : processing action (sys.boot_completed=1) from (/system/etc/init/fix_traceing.rc:1)
01-01 08:00:23.132 1 1 I init : starting service 'fix_traceing'...
05-28 10:09:11.128 1005 1005 I init : type=1400 audit(0.0:370): avc: denied { entrypoint } for path="/system/bin/fix_traceing" dev="dm-0" ino=983 scontext=u:r:shell:s0 tcontext=u:object_r:system_file:s0 tclass=file permissive=1
05-28 10:09:11.196 1004 1004 I bootstat: Service started: /system/bin/bootstat --record_boot_complete --record_boot_reason --record_time_since_factory_reset -l
05-28 10:09:11.206 1004 1004 E bootstat: Failed to read /data/misc/bootstat/post_decrypt_time_elapsed: No such file or directory
05-28 10:09:11.206 1004 1004 E bootstat: Failed to parse boot time record: /data/misc/bootstat/post_decrypt_time_elapsed
05-28 10:09:11.208 314 314 D XiriService: check file name: /data/data/com.android.cts.priv.ctsshim/lib
05-28 10:09:11.204 314 314 I xiriservice_All: type=1400 audit(0.0:371): avc: denied { search } for name="com.android.cts.priv.ctsshim" dev="mmcblk0p25" ino=569 scontext=u:r:init:s0 tcontext=u:object_r:privapp_data_file:s0:c512,c768 tclass=dir permissive=1
05-28 10:09:11.208 314 314 D XiriService: check file name: /data/data/com.android.cts.priv.ctsshim/lib
05-28 10:09:11.204 314 314 I xiriservice_All: type=1400 audit(0.0:372): avc: denied { read } for name="lib" dev="mmcblk0p25" ino=3513 scontext=u:r:init:s0 tcontext=u:object_r:privapp_data_file:s0:c512,c768 tclass=lnk_file permissive=1
05-28 10:09:11.210 314 314 D XiriService: check file name: /data/data/com.android.dynsystem/lib
05-28 10:09:11.208 314 314 I xiriservice_All: type=1400 audit(0.0:373): avc: denied { search } for name="com.android.dynsystem" dev="mmcblk0p25" ino=577 scontext=u:r:init:s0 tcontext=u:object_r:system_app_data_file:s0 tclass=dir permissive=1
05-28 10:09:11.208 314 314 I xiriservice_All: type=1400 audit(0.0:374): avc: denied { read } for name="lib" dev="mmcblk0p25" ino=3418 scontext=u:r:init:s0 tcontext=u:object_r:system_app_data_file:s0 tclass=lnk_file permissive=1
05-28 10:09:11.211 314 314 D XiriService: check file name: /data/data/com.android.dynsystem/lib
05-28 10:09:11.211 314 314 D XiriService: check file name: /data/data/com.android.dynsystem/lib
05-28 10:09:11.212 314 314 D XiriService: check file name: /data/data/com.dangbei.lerad.rocky/lib
05-28 10:09:11.215 314 314 D XiriService: check file name: /data/data/com.dangbei.lerad.rocky/lib
05-28 10:09:11.215 314 314 D XiriService: check file name: /data/data/com.android.tv.settings/lib
05-28 10:09:11.216 314 314 D XiriService: check file name: /data/data/com.android.tv.settings/lib
05-28 10:09:11.217 314 314 D XiriService: check file name: /data/data/com.oranth.factory/lib
05-28 10:09:11.218 314 314 D XiriService: check file name: /data/data/com.oranth.factory/lib
05-28 10:09:11.220 314 314 D XiriService: check file name: /data/data/com.dangbei.zhushou.os/lib
05-28 10:09:11.221 314 314 D XiriService: check file name: /data/data/com.dangbei.zhushou.os/lib
05-28 10:09:11.221 314 314 D XiriService: check file name: /data/data/com.dangbei.zhushou.os/lib
05-28 10:09:11.220 314 314 I xiriservice_All: type=1400 audit(0.0:375): avc: denied { search } for name="com.sohu.inputmethod.sogou.tv" dev="mmcblk0p25" ino=1409 scontext=u:r:init:s0 tcontext=u:object_r:app_data_file:s0:c39,c256,c512,c768 tclass=dir permissive=1
05-28 10:09:11.220 314 314 I xiriservice_All: type=1400 audit(0.0:376): avc: denied { read } for name="lib" dev="mmcblk0p25" ino=3428 scontext=u:r:init:s0 tcontext=u:object_r:app_data_file:s0:c39,c256,c512,c768 tclass=lnk_file permissive=1
05-28 10:09:11.226 314 314 D XiriService: check file name: /data/data/com.sohu.inputmethod.sogou.tv/lib
05-28 10:09:11.230 314 314 D XiriService: check file name: /data/data/com.oranth.ledstatus/lib
05-28 10:09:11.232 314 314 D XiriService: check file name: /data/data/com.oranth.ledstatus/lib
05-28 10:09:11.232 314 314 D XiriService: check file name: /data/data/com.oranth.ledstatus/lib
05-28 10:09:11.238 1004 1004 W bootstat: LogBootEvents, atomInfo not defined for events:last_boot_time_utc,build_date,ro.boottime.init.cold_boot_wait,boot_reason,system_boot_reason,time_since_last_boot
05-28 10:09:11.241 314 314 D XiriService: check file name: /data/data/com.dangbei.lerad.videoposter/lib
05-28 10:09:11.236 314 314 I xiriservice_All: type=1400 audit(0.0:377): avc: denied { search } for name="com.dangbei.lerad.videoposter" dev="mmcblk0p25" ino=749 scontext=u:r:init:s0 tcontext=u:object_r:app_data_file:s0:c512,c768 tclass=dir permissive=1
05-28 10:09:11.236 314 314 I xiriservice_All: type=1400 audit(0.0:378): avc: denied { read } for name="lib" dev="mmcblk0p25" ino=3521 scontext=u:r:init:s0 tcontext=u:object_r:app_data_file:s0:c512,c768 tclass=lnk_file permissive=1
05-28 10:09:11.243 314 314 D XiriService: check file name: /data/data/com.dangbei.lerad.videoposter/lib
05-28 10:09:11.243 314 314 D XiriService: check file name: /data/data/com.android.networkstack/lib
05-28 10:09:11.240 314 314 I xiriservice_All: type=1400 audit(0.0:379): avc: denied { read } for name="lib" dev="mmcblk0p25" ino=3437 scontext=u:r:init:s0 tcontext=u:object_r:radio_data_file:s0 tclass=lnk_file permissive=1
05-28 10:09:11.245 314 314 D XiriService: check file name: /data/data/com.android.networkstack/lib
05-28 10:09:11.245 314 314 D XiriService: check file name: /data/data/com.android.networkstack/lib
05-28 10:09:11.245 314 314 D XiriService: check file name: /data/data/com.android.networkstack/lib
05-28 10:09:11.247 314 314 D XiriService: check file name: /data/data/android/lib
05-28 10:09:11.247 314 314 D XiriService: check file name: /data/data/android/lib
05-28 10:09:11.247 314 314 D XiriService: check file name: /data/data/android/lib
05-28 10:09:11.247 314 314 D XiriService: check file name: /data/data/android/lib
05-28 10:09:11.249 314 314 D XiriService: check file name: /data/data/com.dangbei.screencast/lib
05-28 10:09:11.250 314 314 D XiriService: check file name: /data/data/com.dangbei.screencast/lib
05-28 10:09:11.251 314 314 D XiriService: check file name: /data/data/com.dangbei.leard.leradlauncher/lib
05-28 10:09:11.252 314 314 D XiriService: check file name: /data/data/com.dangbei.leard.leradlauncher/lib
05-28 10:09:11.253 314 314 D XiriService: check file name: /data/data/com.android.providers.settings/lib
05-28 10:09:11.255 314 314 D XiriService: check file name: /data/data/com.android.providers.settings/lib
05-28 10:09:11.252 314 314 I xiriservice_All: type=1400 audit(0.0:380): avc: denied { search } for name="com.android.printspooler" dev="mmcblk0p25" ino=937 scontext=u:r:init:s0 tcontext=u:object_r:app_data_file:s0:c53,c256,c512,c768 tclass=dir permissive=1
05-28 10:09:11.256 314 314 D XiriService: check file name: /data/data/com.android.printspooler/lib
05-28 10:09:11.256 314 314 I xiriservice_All: type=1400 audit(0.0:381): avc: denied { read } for name="lib" dev="mmcblk0p25" ino=3443 scontext=u:r:init:s0 tcontext=u:object_r:app_data_file:s0:c53,c256,c512,c768 tclass=lnk_file permissive=1
05-28 10:09:11.260 314 314 D XiriService: check file name: /data/data/com.android.printspooler/lib
05-28 10:09:11.261 314 314 D XiriService: check file name: /data/data/com.android.webview/lib
05-28 10:09:11.256 314 314 I xiriservice_All: type=1400 audit(0.0:382): avc: denied { search } for name="com.android.webview" dev="mmcblk0p25" ino=953 scontext=u:r:init:s0 tcontext=u:object_r:app_data_file:s0:c60,c256,c512,c768 tclass=dir permissive=1
05-28 10:09:11.260 314 314 I xiriservice_All: type=1400 audit(0.0:383): avc: denied { read } for name="lib" dev="mmcblk0p25" ino=3528 scontext=u:r:init:s0 tcontext=u:object_r:app_data_file:s0 tclass=lnk_file permissive=1
05-28 10:09:11.262 314 314 D XiriService: check file name: /data/data/com.android.webview/lib
01-01 08:00:23.273 314 314 W audit : audit_lost=1 audit_rate_limit=5 audit_backlog_limit=64
01-01 08:00:23.273 314 314 E audit : rate limit exceeded
05-28 10:09:11.276 314 314 D XiriService: check file name: /data/data/com.android.inputdevices/lib
05-28 10:09:11.275 476 493 I system_server: Background young concurrent copying GC freed 221603(8109KB) AllocSpace objects, 29(2036KB) LOS objects, 47% free, 10MB/19MB, paused 391us total 280.076ms
05-28 10:09:11.280 314 314 D XiriService: check file name: /data/data/com.android.bips/lib
05-28 10:09:11.282 314 314 D XiriService: check file name: /data/data/com.oranth.inputmacsn/lib
05-28 10:09:11.283 314 314 D XiriService: check file name: /data/data/com.android.keychain/lib
05-28 10:09:11.284 314 314 D XiriService: check file name: /data/data/com.android.keychain/lib
05-28 10:09:11.285 314 314 D XiriService: check file name: /data/data/android.ext.services/lib
05-28 10:09:11.286 314 314 D XiriService: check file name: /data/data/android.ext.services/lib
05-28 10:09:11.286 314 314 D XiriService: check file name: /data/data/android.ext.services/lib
05-28 10:09:11.287 314 314 D XiriService: check file name: /data/data/com.android.localtransport/lib
05-28 10:09:11.288 314 314 D XiriService: check file name: /data/data/com.android.localtransport/lib
05-28 10:09:11.288 476 495 W System : A resource failed to call release.
05-28 10:09:11.289 476 495 W System : A resource failed to call release.
05-28 10:09:11.289 476 495 W System : A resource failed to call release.
05-28 10:09:11.289 476 495 W System : A resource failed to call release.
05-28 10:09:11.289 314 314 D XiriService: check file name: /data/data/com.android.packageinstaller/lib
05-28 10:09:11.290 314 314 D XiriService: check file name: /data/data/com.android.packageinstaller/lib
05-28 10:09:11.291 314 314 D XiriService: check file name: /data/data/com.oranth.usbopenft/lib
05-28 10:09:11.292 314 314 D XiriService: check file name: /data/data/com.oranth.usbopenft/lib
05-28 10:09:11.293 314 314 D XiriService: check file name: /data/data/com.android.networkstack.tethering/lib
05-28 10:09:11.293 314 314 D XiriService: check file name: /data/data/com.android.networkstack.tethering/lib
05-28 10:09:11.293 314 314 D XiriService: check file name: /data/data/com.android.networkstack.tethering/lib
05-28 10:09:11.295 314 314 D XiriService: check file name: /data/data/com.dangbei.lerad.etna.haqu/lib
05-28 10:09:11.296 314 314 D XiriService: check file name: /data/data/com.dangbei.lerad.etna.haqu/lib
05-28 10:09:11.297 314 314 D XiriService: check file name: /data/data/com.dangbei.lerad.etna.haqu/lib
05-28 10:09:11.298 476 520 W IorapForwardingService: No service published for: iorapd
05-28 10:09:11.298 314 314 D XiriService: check file name: /data/data/com.oranth.powerwindow/lib
05-28 10:09:11.303 314 314 D XiriService: check file name: /data/data/com.oranth.powerwindow/lib
05-28 10:09:11.304 314 314 D XiriService: check file name: /data/data/com.android.networkstack.permissionconfig/lib
05-28 10:09:11.305 314 314 D XiriService: check file name: /data/data/com.dangbei.lerad.screensaver/lib
05-28 10:09:11.306 314 314 D XiriService: check file name: /data/data/com.dangbei.lerad.screensaver/lib
05-28 10:09:11.306 314 314 D XiriService: check file name: /data/data/com.android.wallpaperbackup/lib
05-28 10:09:11.307 314 314 D XiriService: check file name: /data/data/com.android.wallpaperbackup/lib
05-28 10:09:11.307 314 314 D XiriService: check file name: /data/data/com.android.wallpaperbackup/lib
05-28 10:09:11.309 314 314 D XiriService: check file name: /data/data/com.android.providers.media.module/lib
05-28 10:09:11.312 314 314 D XiriService: check file name: /data/data/com.android.providers.media.module/lib
05-28 10:09:11.312 314 314 D XiriService: check file name: /data/data/com.oranth.storage/lib
05-28 10:09:11.313 314 314 D XiriService: check file name: /data/data/com.oranth.storage/lib
05-28 10:09:11.313 314 314 D XiriService: check file name: /data/data/com.android.location.fused/lib
05-28 10:09:11.314 314 314 D XiriService: check file name: /data/data/com.android.location.fused/lib
05-28 10:09:11.315 314 314 D XiriService: check file name: /data/data/com.dangbei.haqusetting/lib
05-28 10:09:11.316 314 314 D XiriService: check file name: /data/data/com.dangbei.haqusetting/lib
05-28 10:09:11.316 314 314 D XiriService: check file name: /data/data/com.softwinner.miracastReceiver/lib
05-28 10:09:11.317 314 314 D XiriService: check file name: /data/data/com.softwinner.miracastReceiver/lib
05-28 10:09:11.318 314 314 D XiriService: check file name: /data/data/com.android.bluetooth/lib
05-28 10:09:11.319 476 521 V PackageManager: reconcileAppsData finished 112 packages
05-28 10:09:11.320 476 521 I ActivityManager: User 0 state changed from RUNNING_LOCKED to RUNNING_UNLOCKING
05-28 10:09:11.321 476 521 D ActivityManager: Unlocking user 0 progress 20
05-28 10:09:11.321 314 314 D XiriService: check file name: /data/data/com.android.bluetooth/lib
05-28 10:09:11.331 476 537 I SystemServerTimingAsync: ssm.UnlockingUser-0
05-28 10:09:11.331 476 537 I SystemServiceManager: Calling onUnlockingUser 0
05-28 10:09:11.331 319 321 D XM_HIDREAD: add@ add@/class/hci_reg
05-28 10:09:11.331 319 321 D XM_HIDREAD: add@ add@/module/sunxi_hci
05-28 10:09:11.337 476 537 D BluetoothManagerService: User 0 unlocked
05-28 10:09:11.338 476 520 D BluetoothManagerService: MESSAGE_USER_UNLOCKED
05-28 10:09:11.339 476 537 D StorageManagerService: onUnlockUser 0
05-28 10:09:11.341 476 537 I StorageSessionController: On user unlock 0
05-28 10:09:11.342 476 537 I StorageSessionController: Initialialising...
05-28 10:09:11.343 190 232 I vold : onUserStarted: 0
05-28 10:09:11.344 476 521 D AW_CODE : rotation =0
05-28 10:09:11.346 476 808 V StorageManagerService: Found primary storage at VolumeInfo{emulated;0}:
05-28 10:09:11.346 476 808 V StorageManagerService: type=EMULATED diskId=null partGuid= mountFlags=0 mountUserId=0
05-28 10:09:11.346 476 808 V StorageManagerService: state=UNMOUNTED
05-28 10:09:11.346 476 808 V StorageManagerService: fsType=null fsUuid=null fsLabel=null
05-28 10:09:11.346 476 808 V StorageManagerService: path=null internalPath=null
05-28 10:09:11.348 476 521 D AW_CODE : rotation =0
05-28 10:09:11.351 665 665 D SystemUIService: Starting Wifi now
05-28 10:09:11.351 476 601 I StorageManagerService: Mounting volume VolumeInfo{emulated;0}:
05-28 10:09:11.351 476 601 I StorageManagerService: type=EMULATED diskId=null partGuid= mountFlags=PRIMARY|VISIBLE
05-28 10:09:11.351 476 601 I StorageManagerService: mountUserId=0 state=UNMOUNTED
05-28 10:09:11.351 476 601 I StorageManagerService: fsType=null fsUuid=null fsLabel=null
05-28 10:09:11.351 476 601 I StorageManagerService: path=null internalPath=null
05-28 10:09:11.353 190 232 I vold : Mounting emulated fuse volume
05-28 10:09:11.357 476 521 D ColorDisplayService: setUp: currentUser=0
05-28 10:09:11.360 476 521 D ColorDisplayService: onNightDisplayAutoModeChanged: autoMode=0
05-28 10:09:11.360 476 521 I ColorDisplayService: Turning off night display
05-28 10:09:11.361 476 521 D ColorDisplayService: Setting bright color reduction level: 50
01-01 08:00:23.376 165 165 W sunxi-ehci: EHCI SUNXI driver
01-01 08:00:23.377 165 165 W : sunxi ehci0-controller don't init wakeup source
01-01 08:00:23.377 165 165 W [sunxi-ehci0]: probe, pdev->name: 5101000.ehci0-controller, sunxi_ehci: 0xffffffc008f81018, 0x:ffffffc0134fd000, irq_no:32
05-28 10:09:11.369 319 321 D XM_HIDREAD: add@ add@/devices/virtual/devlink/regulator.8--5101000.ehci0-controller
01-01 08:00:23.379 165 165 I sunxi-ehci 5101000.ehci0-controller: EHCI Host Controller
01-01 08:00:23.379 165 165 I sunxi-ehci 5101000.ehci0-controller: new USB bus registered, assigned bus number 1
01-01 08:00:23.380 165 165 I sunxi-ehci 5101000.ehci0-controller: irq 50, io mem 0x05101000
05-28 10:09:11.374 813 813 W ContextImpl: Calling a method in the system process without a qualified user: android.app.ContextImpl.startService:1816 android.content.ContextWrapper.startService:774 android.content.ContextWrapper.startService:774 com.android.tv.settings.users.UserSwitchListenerService$BootReceiver.onReceive:50 android.app.ActivityThread.handleReceiver:4308
05-28 10:09:11.377 476 536 E TimeSparseArray: Overwriting value android.util.AtomicFile@6034e9c by android.util.AtomicFile@a0430a5
05-28 10:09:11.378 476 537 W TextServicesManagerService: no available spell checker services found
05-28 10:09:11.379 476 537 D WifiService: Handle user unlock 0
05-28 10:09:11.380 476 537 I WallpaperManagerService: on-unlock-user-0
05-28 10:09:11.383 476 536 E TimeSparseArray: Overwriting value android.util.AtomicFile@d1d9646 by android.util.AtomicFile@9868007
05-28 10:09:11.385 476 536 E TimeSparseArray: Overwriting value android.util.AtomicFile@c8cd0d2 by android.util.AtomicFile@40115a3
05-28 10:09:11.385 319 321 D XM_HIDREAD: add@ add@/devices/virtual/bdi/0:47
05-28 10:09:11.387 476 536 E TimeSparseArray: Overwriting value android.util.AtomicFile@6780459 by android.util.AtomicFile@843281e
01-01 08:00:23.395 165 165 I sunxi-ehci 5101000.ehci0-controller: USB 2.0 started, EHCI 1.00
01-01 08:00:23.396 165 165 I usb1 : New USB device found, idVendor=1d6b, idProduct=0002, bcdDevice= 5.04
01-01 08:00:23.396 165 165 I usb1 : New USB device strings: Mfr=3, Product=2, SerialNumber=1
01-01 08:00:23.396 165 165 I usb1 : Product: EHCI Host Controller
01-01 08:00:23.396 165 165 I usb1 : Manufacturer: Linux 5.4.125+ ehci_hcd
01-01 08:00:23.396 165 165 I usb1 : SerialNumber: sunxi-ehci
01-01 08:00:23.400 165 165 I hub 1-0 : 1.0: USB hub found
01-01 08:00:23.401 165 165 I hub 1-0 : 1.0: 1 port detected
01-01 08:00:23.406 165 165 W : sunxi ehci1-controller don't init wakeup source
01-01 08:00:23.406 165 165 W [sunxi-ehci1]: probe, pdev->name: 5200000.ehci1-controller, sunxi_ehci: 0xffffffc008f816d8, 0x:ffffffc01376f000, irq_no:34
01-01 08:00:23.407 165 165 I sunxi-ehci 5200000.ehci1-controller: EHCI Host Controller
01-01 08:00:23.407 165 165 I sunxi-ehci 5200000.ehci1-controller: new USB bus registered, assigned bus number 2
01-01 08:00:23.407 165 165 I sunxi-ehci 5200000.ehci1-controller: irq 52, io mem 0x05200000
05-28 10:09:11.390 319 321 D XM_HIDREAD: add@ add@/devices/platform/soc@3000000/5101000.ehci0-controller/usb1
05-28 10:09:11.391 319 321 D XM_HIDREAD: add@ add@/devices/platform/soc@3000000/5101000.ehci0-controller/usb1/1-0:1.0
05-28 10:09:11.392 476 536 I UsageStatsService: User[0] Rollover scheduled @ 2025-05-29 10:09:11(1748484551355)
05-28 10:09:11.394 476 536 I UsageStatsService: Time changed in by 1748398127 seconds
05-28 10:09:11.395 476 536 W AppHibernationService: Attempt to call setHibernatingForUser before states have been read from disk
05-28 10:09:11.396 476 536 W AppHibernationService: Attempt to call setHibernatingForUser before states have been read from disk
05-28 10:09:11.396 476 536 W AppHibernationService: Attempt to call setHibernatingForUser before states have been read from disk
05-28 10:09:11.396 476 536 W AppHibernationService: Attempt to call setHibernatingForUser before states have been read from disk
05-28 10:09:11.397 476 536 W AppHibernationService: Attempt to call setHibernatingForUser before states have been read from disk
05-28 10:09:11.397 476 536 W AppHibernationService: Attempt to call setHibernatingForUser before states have been read from disk
05-28 10:09:11.397 476 536 W AppHibernationService: Attempt to call setHibernatingForUser before states have been read from disk
05-28 10:09:11.397 476 536 W AppHibernationService: Attempt to call setHibernatingForUser before states have been read from disk
05-28 10:09:11.397 319 321 D XM_HIDREAD: add@ add@/devices/virtual/devlink/regulator.8--5200000.ehci1-controller
05-28 10:09:11.397 476 536 W AppHibernationService: Attempt to call setHibernatingForUser before states have been read from disk
05-28 10:09:11.398 476 536 W AppHibernationService: Attempt to call setHibernatingForUser before states have been read from disk
05-28 10:09:11.398 476 536 W AppHibernationService: Attempt to call setHibernatingForUser before states have been read from disk
05-28 10:09:11.400 190 232 I vold : Bind mounting /data/media to /mnt/pass_through/0/emulated
05-28 10:09:11.405 476 536 W AppHibernationService: Attempt to call setHibernatingForUser before states have been read from disk
05-28 10:09:11.406 476 536 W AppHibernationService: Attempt to call setHibernatingForUser before states have been read from disk
05-28 10:09:11.406 476 536 W AppHibernationService: Attempt to call setHibernatingForUser before states have been read from disk
05-28 10:09:11.406 476 536 W AppHibernationService: Attempt to call setHibernatingForUser before states have been read from disk
05-28 10:09:11.406 476 601 I StorageSessionController: On volume mount VolumeInfo{emulated;0}:
05-28 10:09:11.406 476 601 I StorageSessionController: type=EMULATED diskId=null partGuid= mountFlags=PRIMARY|VISIBLE
05-28 10:09:11.406 476 601 I StorageSessionController: mountUserId=0 state=CHECKING
05-28 10:09:11.406 476 601 I StorageSessionController: fsType=null fsUuid=null fsLabel=null
05-28 10:09:11.406 476 601 I StorageSessionController: path=/storage/emulated internalPath=/data/media
05-28 10:09:11.406 476 536 W AppHibernationService: Attempt to call setHibernatingForUser before states have been read from disk
05-28 10:09:11.409 476 536 I UsageStatsService: User[0] Flushing usage stats to disk
05-28 10:09:11.410 476 601 I StorageSessionController: Creating connection for user: 0
05-28 10:09:11.410 476 547 W ProcessCpuTracker: Failed to stat(/proc/1013): android.system.ErrnoException: stat failed: ENOENT (No such file or directory)
05-28 10:09:11.410 476 547 W ProcessCpuTracker: Skipping unknown process pid 1013
05-28 10:09:11.411 476 601 I StorageSessionController: Creating and starting session with id: emulated;0
05-28 10:09:11.411 476 601 I StorageUserConnection: Binding to the ExternalStorageService for user 0
05-28 10:09:11.413 476 476 W InputMethodUtils: Found no fallback locale. imis=[InputMethodInfo{com.sohu.inputmethod.sogou.tv/.SogouIME, settings: com.sohu.inputmethod.sogou.SogouIMESettingsLauncher}]
05-28 10:09:11.413 476 476 W InputMethodUtils: No software keyboard is found. imis=[InputMethodInfo{com.sohu.inputmethod.sogou.tv/.SogouIME, settings: com.sohu.inputmethod.sogou.SogouIMESettingsLauncher}] systemLocale=zh_CN fallbackLocale=null
05-28 10:09:11.418 476 601 D CompatibilityChangeReporter: Compat change id reported: 135634846; UID 10074; state: DISABLED
05-28 10:09:11.418 476 538 D CompatibilityChangeReporter: Compat change id reported: 143937733; UID 10074; state: ENABLED
05-28 10:09:11.418 476 476 I NotificationHistory: Attempted to unlock gone/disabled user 0
05-28 10:09:11.420 476 519 D AW_CODE : rotation =0
05-28 10:09:11.422 476 601 I StorageUserConnection: Bound to the ExternalStorageService for user 0
05-28 10:09:11.426 476 537 W VoiceInteractionManager: no available voice recognition services found for user 0
01-01 08:00:23.423 165 165 I sunxi-ehci 5200000.ehci1-controller: USB 2.0 started, EHCI 1.00
01-01 08:00:23.423 165 165 E debugfs : Directory 'sunxi-ehci' with parent 'ehci' already present!
05-28 10:09:11.431 665 953 V WallpaperService: Setting wallpaper dimming: 0.05
05-28 10:09:11.431 476 637 I BackupManagerService: Starting service for user: 0
05-28 10:09:11.432 476 519 D AW_CODE : rotation =0
05-28 10:09:11.433 476 637 V BackupManagerService: [UserID:0] Starting with transport com.android.localtransport/.LocalTransport
05-28 10:09:11.436 319 321 D XM_HIDREAD: add@ add@/devices/platform/soc@3000000/5200000.ehci1-controller/usb2
