05-28 10:09:11.436 319 321 D XM_HIDREAD: add@ add@/devices/platform/soc@3000000/5200000.ehci1-controller/usb2/2-0:1.0
01-01 08:00:23.444 165 165 I usb2 : New USB device found, idVendor=1d6b, idProduct=0002, bcdDevice= 5.04
01-01 08:00:23.444 165 165 I usb2 : New USB device strings: Mfr=3, Product=2, SerialNumber=1
01-01 08:00:23.444 165 165 I usb2 : Product: EHCI Host Controller
01-01 08:00:23.444 165 165 I usb2 : Manufacturer: Linux 5.4.125+ ehci_hcd
01-01 08:00:23.444 165 165 I usb2 : SerialNumber: sunxi-ehci
01-01 08:00:23.446 165 165 I hub 2-0 : 1.0: USB hub found
01-01 08:00:23.446 165 165 I hub 2-0 : 1.0: 1 port detected
05-28 10:09:11.442 476 637 D BackupManagerService: [UserID:0] Started thread backup-0
05-28 10:09:11.444 319 321 D XM_HIDREAD: add@ add@/devices/virtual/devlink/regulator.8--5310000.ehci2-controller
01-01 08:00:23.451 165 165 W : sunxi ehci2-controller don't init wakeup source
01-01 08:00:23.451 165 165 W [sunxi-ehci2]: probe, pdev->name: 5310000.ehci2-controller, sunxi_ehci: 0xffffffc008f81d98, 0x:ffffffc0137d1000, irq_no:36
01-01 08:00:23.454 165 165 I sunxi-ehci 5310000.ehci2-controller: EHCI Host Controller
01-01 08:00:23.454 165 165 I sunxi-ehci 5310000.ehci2-controller: new USB bus registered, assigned bus number 3
01-01 08:00:23.454 165 165 I sunxi-ehci 5310000.ehci2-controller: irq 54, io mem 0x05310000
05-28 10:09:11.453 245 245 D Zygote : Forked child process 1022
05-28 10:09:11.454 476 994 I HibernationStateDiskStore: No hibernation file on disk for file /data/system_ce/0/hibernation/states
05-28 10:09:11.455 476 538 I Watchdog: Interesting Java process com.android.providers.media.module started. Pid 1022
05-28 10:09:11.455 476 538 I ActivityManager: app.processName = com.android.providers.media.module
05-28 10:09:11.455 476 538 I ActivityManager: Start proc 1022:com.android.providers.media.module/u0a74 for service {com.android.providers.media.module/com.android.providers.media.fuse.ExternalStorageServiceImpl}
05-28 10:09:11.457 476 519 D AutofillUI: destroySaveUiUiThread(): already destroyed
01-01 08:00:23.467 165 165 I sunxi-ehci 5310000.ehci2-controller: USB 2.0 started, EHCI 1.00
01-01 08:00:23.467 165 165 E debugfs : Directory 'sunxi-ehci' with parent 'ehci' already present!
05-28 10:09:11.470 476 537 D AutofillManagerServiceImpl: Reset component for user 0:
05-28 10:09:11.474 1022 1022 I Zygote : seccomp disabled by setenforce 0
05-28 10:09:11.476 319 321 D XM_HIDREAD: add@ add@/devices/platform/soc@3000000/5310000.ehci2-controller/usb3
01-01 08:00:23.484 165 165 I usb3 : New USB device found, idVendor=1d6b, idProduct=0002, bcdDevice= 5.04
01-01 08:00:23.484 165 165 I usb3 : New USB device strings: Mfr=3, Product=2, SerialNumber=1
01-01 08:00:23.484 165 165 I usb3 : Product: EHCI Host Controller
01-01 08:00:23.484 165 165 I usb3 : Manufacturer: Linux 5.4.125+ ehci_hcd
01-01 08:00:23.484 165 165 I usb3 : SerialNumber: sunxi-ehci
01-01 08:00:23.486 165 165 I hub 3-0 : 1.0: USB hub found
01-01 08:00:23.486 165 165 I hub 3-0 : 1.0: 1 port detected
05-28 10:09:11.478 319 321 D XM_HIDREAD: add@ add@/devices/platform/soc@3000000/5310000.ehci2-controller/usb3/3-0:1.0
01-01 08:00:23.493 165 165 W : sunxi ehci3-controller don't init wakeup source
05-28 10:09:11.484 476 637 I SELinux : SELinux: Loaded file_contexts
01-01 08:00:23.493 165 165 W [sunxi-ehci3]: probe, pdev->name: 5311000.ehci3-controller, sunxi_ehci: 0xffffffc008f82458, 0x:ffffffc013a21000, irq_no:38
05-28 10:09:11.486 319 321 D XM_HIDREAD: add@ add@/devices/virtual/devlink/regulator.8--5311000.ehci3-controller
01-01 08:00:23.496 165 165 I sunxi-ehci 5311000.ehci3-controller: EHCI Host Controller
01-01 08:00:23.496 165 165 I sunxi-ehci 5311000.ehci3-controller: new USB bus registered, assigned bus number 4
01-01 08:00:23.496 165 165 I sunxi-ehci 5311000.ehci3-controller: irq 56, io mem 0x05311000
05-28 10:09:11.490 476 537 D FieldClassificationStrategy: reset(): service is not bound. Do nothing.
05-28 10:09:11.491 476 537 W AppBindingService: [Default SMS app] u0 Target package not found
05-28 10:09:11.492 476 537 I ActivityTaskManager: Loading recents for user 0 into memory.
05-28 10:09:11.503 476 637 E BackupPasswordManager: Unable to read backup pw version
05-28 10:09:11.504 476 637 E BackupPasswordManager: Unable to read saved backup pw hash
05-28 10:09:11.507 183 183 I hwservicemanager: getTransport: Cannot find entry android.hardware.graphics.mapper@4.0::IMapper/default in either framework or device VINTF manifest.
01-01 08:00:23.511 165 165 I sunxi-ehci 5311000.ehci3-controller: USB 2.0 started, EHCI 1.00
01-01 08:00:23.511 165 165 E debugfs : Directory 'sunxi-ehci' with parent 'ehci' already present!
01-01 08:00:23.522 165 165 I usb4 : New USB device found, idVendor=1d6b, idProduct=0002, bcdDevice= 5.04
01-01 08:00:23.522 165 165 I usb4 : New USB device strings: Mfr=3, Product=2, SerialNumber=1
01-01 08:00:23.522 165 165 I usb4 : Product: EHCI Host Controller
01-01 08:00:23.522 165 165 I usb4 : Manufacturer: Linux 5.4.125+ ehci_hcd
01-01 08:00:23.522 165 165 I usb4 : SerialNumber: sunxi-ehci
05-28 10:09:11.514 665 953 I Gralloc4: mapper 4.x is not supported
05-28 10:09:11.515 183 183 I hwservicemanager: getTransport: Cannot find entry android.hardware.graphics.mapper@3.0::IMapper/default in either framework or device VINTF manifest.
05-28 10:09:11.515 319 321 D XM_HIDREAD: add@ add@/devices/platform/soc@3000000/5311000.ehci3-controller/usb4
05-28 10:09:11.516 665 953 W Gralloc3: mapper 3.x is not supported
05-28 10:09:11.517 319 321 D XM_HIDREAD: add@ add@/devices/platform/soc@3000000/5311000.ehci3-controller/usb4/4-0:1.0
01-01 08:00:23.525 165 165 I hub 4-0 : 1.0: USB hub found
01-01 08:00:23.526 165 165 I hub 4-0 : 1.0: 1 port detected
05-28 10:09:11.522 319 321 D XM_HIDREAD: add@ add@/bus/platform/drivers/sunxi-ehci
05-28 10:09:11.522 319 321 D XM_HIDREAD: add@ add@/module/ehci_sunxi
05-28 10:09:11.530 476 1021 V BackupManagerConstants: getKeyValueBackupIntervalMilliseconds(...) returns 14400000
05-28 10:09:11.530 476 1021 V BackupManagerConstants: getKeyValueBackupFuzzMilliseconds(...) returns 600000
05-28 10:09:11.530 476 1021 V BackupManagerConstants: getKeyValueBackupRequiredNetworkType(...) returns 1
05-28 10:09:11.530 476 1021 V BackupManagerConstants: getKeyValueBackupRequireCharging(...) returns true
05-28 10:09:11.530 476 1021 V KeyValueBackupJob: Scheduling k/v pass in 242 minutes
05-28 10:09:11.531 476 637 V BackupManagerService: [UserID:0] No ancestral data
05-28 10:09:11.531 476 536 W Searchables: No global search activity found
05-28 10:09:11.532 476 536 I system_server: Using smaps_rollup for pss collection
05-28 10:09:11.536 476 537 V PackageConfigPersister: loadPackages: empty list files from /data/system_ce/0/package_configs
05-28 10:09:11.536 476 1021 D ConnectivityService: requestNetwork for uid/pid:1000/476 activeRequest: null callbackRequest: 22 [NetworkRequest [ REQUEST id=23, [ Capabilities: INTERNET&NOT_RESTRICTED&TRUSTED&NOT_VCN_MANAGED Uid: 1000 RequestorUid: 1000 RequestorPkg: android] ]] callback flags: 0 priority: 2147483647
05-28 10:09:11.540 383 396 I adbd : jdwp connection from 1022
05-28 10:09:11.540 476 615 D ConnectivityService: NetReassign [no changes]
05-28 10:09:11.541 476 650 D PPPOE : got request NetworkRequest [ REQUEST id=23, [ Capabilities: INTERNET&NOT_RESTRICTED&TRUSTED&NOT_VCN_MANAGED Uid: 1000 RequestorUid: 1000 RequestorPkg: android] ]
05-28 10:09:11.541 476 649 D Ethernet: got request NetworkRequest [ REQUEST id=23, [ Capabilities: INTERNET&NOT_RESTRICTED&TRUSTED&NOT_VCN_MANAGED Uid: 1000 RequestorUid: 1000 RequestorPkg: android] ]
05-28 10:09:11.541 476 649 D EthernetNetworkFactory: acceptRequest, request: NetworkRequest [ REQUEST id=23, [ Capabilities: INTERNET&NOT_RESTRICTED&TRUSTED&NOT_VCN_MANAGED Uid: 1000 RequestorUid: 1000 RequestorPkg: android] ]
05-28 10:09:11.541 476 649 I EthernetNetworkFactory: networkForRequest, request: NetworkRequest [ REQUEST id=23, [ Capabilities: INTERNET&NOT_RESTRICTED&TRUSTED&NOT_VCN_MANAGED Uid: 1000 RequestorUid: 1000 RequestorPkg: android] ], network: null
05-28 10:09:11.542 476 537 W ActivityManager: UserLifecycleEvent 5 received without an active userJourneySession.
05-28 10:09:11.542 476 537 W ActivityManager: UserLifecycleEvent 6 received without an active userJourneySession.
05-28 10:09:11.542 476 537 I ActivityManager: User 0 state changed from RUNNING_UNLOCKING to RUNNING_UNLOCKED
05-28 10:09:11.543 476 537 D SystemServerTiming: SystemUserUnlock took to complete: 909ms
05-28 10:09:11.545 476 537 I ActivityManager: com.dangbei.lerad.etna.haqu is exempt from freezer
05-28 10:09:11.545 476 537 D CompatibilityChangeReporter: Compat change id reported: 135634846; UID 1000; state: DISABLED
05-28 10:09:11.549 476 537 I ActivityManager: Posting BOOT_COMPLETED user #0
05-28 10:09:11.558 476 537 D CompatibilityChangeReporter: Compat change id reported: 135634846; UID 10019; state: DISABLED
05-28 10:09:11.558 476 537 D CompatibilityChangeReporter: Compat change id reported: 177438394; UID 10019; state: DISABLED
05-28 10:09:11.559 476 537 D CompatibilityChangeReporter: Compat change id reported: 135772972; UID 10019; state: DISABLED
05-28 10:09:11.559 476 537 D CompatibilityChangeReporter: Compat change id reported: 135754954; UID 10019; state: ENABLED
05-28 10:09:11.560 665 953 E gralloc : Arm Module v1.0
05-28 10:09:11.561 476 537 I DropBoxManagerService: add tag=system_server_wtf isTagEnabled=true flags=0x2
01-01 08:00:23.571 165 165 W sunxi-ohci: OHCI SUNXI driver
01-01 08:00:23.572 165 165 W : sunxi ohci0-controller don't init wakeup source
01-01 08:00:23.572 165 165 W [sunxi-ohci0]: probe, pdev->name: 5101400.ohci0-controller, sunxi_ohci: 0xffffffc008f81378
01-01 08:00:23.573 165 165 I sunxi-ohci 5101400.ohci0-controller: OHCI Host Controller
01-01 08:00:23.573 165 165 I sunxi-ohci 5101400.ohci0-controller: new USB bus registered, assigned bus number 5
01-01 08:00:23.573 165 165 I sunxi-ohci 5101400.ohci0-controller: irq 51, io mem 0x05101400
05-28 10:09:11.563 319 321 D XM_HIDREAD: add@ add@/devices/virtual/devlink/regulator.8--5101400.ohci0-controller
05-28 10:09:11.570 476 537 I DropBoxManagerService: add tag=system_server_wtf isTagEnabled=true flags=0x2
05-28 10:09:11.572 245 245 D Zygote : Forked child process 1040
05-28 10:09:11.575 476 537 I DropBoxManagerService: add tag=system_server_wtf isTagEnabled=true flags=0x2
05-28 10:09:11.575 183 183 I hwservicemanager: getTransport: Cannot find entry android.hardware.graphics.allocator@4.0::IAllocator/default in either framework or device VINTF manifest.
05-28 10:09:11.576 476 637 I BackupManagerService: isBackupEnabled() => false due to absent settings file
05-28 10:09:11.576 476 637 D BackupManagerService: user:0 readBackupEnableState enabled:false
05-28 10:09:11.576 476 637 I BackupManagerService: [UserID:0] Backup enabled => false
05-28 10:09:11.576 476 538 I ActivityManager: app.processName = com.dangbei.lerad.etna.haqu
05-28 10:09:11.576 476 538 I ActivityManager: Start proc 1040:com.dangbei.lerad.etna.haqu/1000 for added application com.dangbei.lerad.etna.haqu
05-28 10:09:11.577 476 538 D CompatibilityChangeReporter: Compat change id reported: 143937733; UID 10019; state: ENABLED
05-28 10:09:11.580 665 953 W Gralloc4: allocator 4.x is not supported
05-28 10:09:11.580 183 183 I hwservicemanager: getTransport: Cannot find entry android.hardware.graphics.allocator@3.0::IAllocator/default in either framework or device VINTF manifest.
05-28 10:09:11.580 665 953 W Gralloc3: allocator 3.x is not supported
05-28 10:09:11.584 1040 1040 I Zygote : seccomp disabled by setenforce 0
05-28 10:09:11.587 255 289 I gralloc : alloc buffer:W:1920 H:1080 S:1920 PL[1920 1080] SZ:8294400 fmt:43 if:0 af:43 usg:20000b00 fg:00000004
05-28 10:09:11.587 476 476 V NotificationAssistants: disabling notification assistant for user 0: ComponentInfo{android.ext.services/android.ext.services.notification.Assistant}
05-28 10:09:11.587 476 476 D NotificationListeners: Removing active service ComponentInfo{android.ext.services/android.ext.services.notification.Assistant}
05-28 10:09:11.598 813 813 D FallbackHome: User unlocked and real home found; let's go!
05-28 10:09:11.598 663 663 D BluetoothOppFileProvider: Initialized
05-28 10:09:11.601 665 953 E ion : ioctl c0044901 failed with code -1: Inappropriate ioctl for device
01-01 08:00:23.611 124 124 I : HDMI cable is connected
05-28 10:09:11.613 245 245 D Zygote : Forked child process 1041
05-28 10:09:11.614 476 538 W ActivityManager: Slow operation: 58ms so far, now at startProcess: returned from zygote!
05-28 10:09:11.627 319 321 D XM_HIDREAD: add@ add@/devices/platform/soc@3000000/5101400.ohci0-controller/usb5
05-28 10:09:11.627 1041 1041 I Zygote : seccomp disabled by setenforce 0
01-01 08:00:23.635 165 165 I usb5 : New USB device found, idVendor=1d6b, idProduct=0001, bcdDevice= 5.04
01-01 08:00:23.635 165 165 I usb5 : New USB device strings: Mfr=3, Product=2, SerialNumber=1
01-01 08:00:23.635 165 165 I usb5 : Product: OHCI Host Controller
01-01 08:00:23.635 165 165 I usb5 : Manufacturer: Linux 5.4.125+ ohci_hcd
01-01 08:00:23.635 165 165 I usb5 : SerialNumber: sunxi-ohci
01-01 08:00:23.636 165 165 I hub 5-0 : 1.0: USB hub found
01-01 08:00:23.637 165 165 I hub 5-0 : 1.0: 1 port detected
05-28 10:09:11.637 255 289 I gralloc : alloc buffer:W:1920 H:1080 S:1920 PL[1920 1080] SZ:8294400 fmt:43 if:0 af:43 usg:20000b00 fg:00000004
05-28 10:09:11.639 319 321 D XM_HIDREAD: add@ add@/devices/platform/soc@3000000/5101400.ohci0-controller/usb5/5-0:1.0
05-28 10:09:11.640 319 321 D XM_HIDREAD: add@ add@/devices/virtual/devlink/regulator.8--5200400.ohci1-controller
05-28 10:09:11.641 476 1023 E system_server: No package ID 7f found for ID 0x7f070090.
05-28 10:09:11.641 476 1023 E system_server: No package ID 7f found for ID 0x7f10009b.
01-01 08:00:23.645 165 165 W : sunxi ohci1-controller don't init wakeup source
01-01 08:00:23.645 165 165 W [sunxi-ohci1]: probe, pdev->name: 5200400.ohci1-controller, sunxi_ohci: 0xffffffc008f81a38
01-01 08:00:23.647 165 165 I sunxi-ohci 5200400.ohci1-controller: OHCI Host Controller
01-01 08:00:23.647 165 165 I sunxi-ohci 5200400.ohci1-controller: new USB bus registered, assigned bus number 6
01-01 08:00:23.647 165 165 E debugfs : Directory 'sunxi-ohci' with parent 'ohci' already present!
01-01 08:00:23.671 165 165 I sunxi-ohci 5200400.ohci1-controller: irq 53, io mem 0x05200400
05-28 10:09:11.675 383 396 I adbd : jdwp connection from 1040
05-28 10:09:11.683 273 273 I BpBinder: onLastStrongRef automatically unlinking death recipients:
05-28 10:09:11.696 476 751 W StorageManagerService: Reporting emulated;0 unmounted due to system locked
05-28 10:09:11.701 476 499 I ActivityStarter: ---START u0 {act=android.intent.action.MAIN cat=[android.intent.category.HOME] flg=0x10000100 cmp=com.dangbei.leard.leradlauncher/com.dangbei.launcher.home.LauncherActivity (has extras)} from uid 0
05-28 10:09:11.711 476 538 W ActivityManager: Slow operation: 155ms so far, now at startProcess: done updating battery stats
05-28 10:09:11.711 476 538 W ActivityManager: Slow operation: 156ms so far, now at startProcess: building log message
05-28 10:09:11.711 476 538 I ActivityManager: app.processName = com.android.traceur
05-28 10:09:11.711 476 538 I ActivityManager: Start proc 1041:com.android.traceur/u0a19 for broadcast {com.android.traceur/com.android.traceur.Receiver}
05-28 10:09:11.711 476 538 W ActivityManager: Slow operation: 156ms so far, now at startProcess: starting to update pids map
05-28 10:09:11.712 476 476 V NotificationAssistants: enabling notification assistant for 0: ComponentInfo{android.ext.services/android.ext.services.notification.Assistant}
05-28 10:09:11.712 476 476 V NotificationAssistants: binding: Intent { act=android.service.notification.NotificationAssistantService cmp=android.ext.services/.notification.Assistant (has extras) }
05-28 10:09:11.713 476 608 D WifiService: Handle boot completed
05-28 10:09:11.722 476 499 D CompatibilityChangeReporter: Compat change id reported: 174042980; UID 1000; state: DISABLED
05-28 10:09:11.728 319 321 D XM_HIDREAD: add@ add@/devices/platform/soc@3000000/5200400.ohci1-controller/usb6
05-28 10:09:11.728 319 321 D XM_HIDREAD: add@ add@/devices/platform/soc@3000000/5200400.ohci1-controller/usb6/6-0:1.0
05-28 10:09:11.733 319 321 D XM_HIDREAD: add@ add@/devices/virtual/devlink/regulator.8--5310400.ohci2-controller
05-28 10:09:11.738 476 537 I SystemServerTimingAsync: ssm.UnlockedUser-0
05-28 10:09:11.738 476 537 I SystemServiceManager: Calling onUnlockedUser 0
01-01 08:00:23.735 165 165 I usb6 : New USB device found, idVendor=1d6b, idProduct=0001, bcdDevice= 5.04
01-01 08:00:23.735 165 165 I usb6 : New USB device strings: Mfr=3, Product=2, SerialNumber=1
01-01 08:00:23.735 165 165 I usb6 : Product: OHCI Host Controller
01-01 08:00:23.735 165 165 I usb6 : Manufacturer: Linux 5.4.125+ ohci_hcd
01-01 08:00:23.735 165 165 I usb6 : SerialNumber: sunxi-ohci
01-01 08:00:23.737 165 165 I hub 6-0 : 1.0: USB hub found
01-01 08:00:23.737 165 165 I hub 6-0 : 1.0: 1 port detected
01-01 08:00:23.741 165 165 W : sunxi ohci2-controller don't init wakeup source
01-01 08:00:23.741 165 165 W [sunxi-ohci2]: probe, pdev->name: 5310400.ohci2-controller, sunxi_ohci: 0xffffffc008f820f8
01-01 08:00:23.742 165 165 I sunxi-ohci 5310400.ohci2-controller: OHCI Host Controller
01-01 08:00:23.742 165 165 I sunxi-ohci 5310400.ohci2-controller: new USB bus registered, assigned bus number 7
01-01 08:00:23.742 165 165 E debugfs : Directory 'sunxi-ohci' with parent 'ohci' already present!
05-28 10:09:11.749 476 499 D ActivityTaskManager: isHomeLauncher info= ActivityInfo{8e15d5a com.dangbei.launcher.home.LauncherActivity}
05-28 10:09:11.752 383 396 I adbd : jdwp connection from 1041
01-01 08:00:23.763 165 165 I sunxi-ohci 5310400.ohci2-controller: irq 55, io mem 0x05310400
05-28 10:09:11.766 476 499 W System.err: java.io.IOException: Cannot run program "su": error=2, No such file or directory
05-28 10:09:11.767 476 499 W System.err: at java.lang.ProcessBuilder.start(ProcessBuilder.java:1050)
05-28 10:09:11.768 476 499 W System.err: at java.lang.Runtime.exec(Runtime.java:694)
05-28 10:09:11.768 476 499 W System.err: at java.lang.Runtime.exec(Runtime.java:524)
05-28 10:09:11.768 476 499 W System.err: at java.lang.Runtime.exec(Runtime.java:421)
05-28 10:09:11.768 476 499 W System.err: at com.android.server.wm.ActivityRecord.executeCMD(ActivityRecord.java:5940)
05-28 10:09:11.768 476 499 W System.err: at com.android.server.wm.ActivityRecord.isHomeLauncher(ActivityRecord.java:2431)
05-28 10:09:11.768 476 499 W System.err: at com.android.server.wm.RootWindowContainer.startPowerModeLaunchIfNeeded(RootWindowContainer.java:3653)
05-28 10:09:11.768 476 499 W System.err: at com.android.server.wm.ActivityStarter.startActivityInner(ActivityStarter.java:1786)
05-28 10:09:11.768 476 499 W System.err: at com.android.server.wm.ActivityStarter.startActivityUnchecked(ActivityStarter.java:1579)
05-28 10:09:11.768 476 499 W System.err: at com.android.server.wm.ActivityStarter.executeRequest(ActivityStarter.java:1186)
05-28 10:09:11.768 476 499 W System.err: at com.android.server.wm.ActivityStarter.execute(ActivityStarter.java:667)
05-28 10:09:11.768 476 499 W System.err: at com.android.server.wm.ActivityStartController.startHomeActivity(ActivityStartController.java:177)
05-28 10:09:11.768 476 499 W System.err: at com.android.server.wm.RootWindowContainer.startHomeOnTaskDisplayArea(RootWindowContainer.java:1565)
05-28 10:09:11.768 476 499 W System.err: at com.android.server.wm.RootWindowContainer.resumeHomeActivity(RootWindowContainer.java:1699)
05-28 10:09:11.768 476 499 W System.err: at com.android.server.wm.Task.resumeNextFocusableActivityWhenRootTaskIsEmpty(Task.java:6574)
05-28 10:09:11.768 476 499 W System.err: at com.android.server.wm.Task.resumeTopActivityInnerLocked(Task.java:6184)
05-28 10:09:11.768 476 499 W System.err: at com.android.server.wm.Task.resumeTopActivityUncheckedLocked(Task.java:6112)
05-28 10:09:11.768 476 499 W System.err: at com.android.server.wm.Task.resumeTopActivityUncheckedLocked(Task.java:6125)
05-28 10:09:11.768 476 499 W System.err: at com.android.server.wm.Task.resumeTopActivityUncheckedLocked(Task.java:6157)
05-28 10:09:11.768 476 499 W System.err: at com.android.server.wm.RootWindowContainer.resumeFocusedTasksTopActivities(RootWindowContainer.java:2387)
05-28 10:09:11.768 476 499 W System.err: at com.android.server.wm.RootWindowContainer.resumeFocusedTasksTopActivities(RootWindowContainer.java:2334)
05-28 10:09:11.768 476 499 W System.err: at com.android.server.wm.RootWindowContainer.resumeFocusedTasksTopActivities(RootWindowContainer.java:2329)
05-28 10:09:11.768 476 499 W System.err: at com.android.server.wm.ActivityRecord.addToFinishingAndWaitForIdle(ActivityRecord.java:3293)
05-28 10:09:11.768 476 499 W System.err: at com.android.server.wm.ActivityRecord.completeFinishing(ActivityRecord.java:3213)
05-28 10:09:11.768 476 499 W System.err: at com.android.server.wm.Task.completePauseLocked(Task.java:5864)
05-28 10:09:11.768 476 499 W System.err: at com.android.server.wm.ActivityRecord.activityPaused(ActivityRecord.java:5541)
05-28 10:09:11.768 476 499 W System.err: at com.android.server.wm.ActivityClientController.activityPaused(ActivityClientController.java:165)
05-28 10:09:11.768 476 499 W System.err: at android.app.IActivityClientController$Stub.onTransact(IActivityClientController.java:540)
05-28 10:09:11.768 476 499 W System.err: at com.android.server.wm.ActivityClientController.onTransact(ActivityClientController.java:111)
05-28 10:09:11.768 476 499 W System.err: at android.os.Binder.execTransactInternal(Binder.java:1179)
05-28 10:09:11.768 476 499 W System.err: at android.os.Binder.execTransact(Binder.java:1143)
05-28 10:09:11.769 476 499 W System.err: Caused by: java.io.IOException: error=2, No such file or directory
05-28 10:09:11.769 476 499 W System.err: at java.lang.UNIXProcess.forkAndExec(Native Method)
05-28 10:09:11.769 476 499 W System.err: at java.lang.UNIXProcess.(UNIXProcess.java:133)
05-28 10:09:11.769 476 499 W System.err: at java.lang.ProcessImpl.start(ProcessImpl.java:141)
05-28 10:09:11.769 476 499 W System.err: at java.lang.ProcessBuilder.start(ProcessBuilder.java:1029)
05-28 10:09:11.769 476 499 W System.err: ... 30 more
05-28 10:09:11.769 263 263 I AW_PowerHAL: Power setMode: SUSTAINED_PERFORMANCE to: 1
05-28 10:09:11.772 476 499 D CompatibilityChangeReporter: Compat change id reported: 168419799; UID 1000; state: DISABLED
05-28 10:09:11.779 476 538 W ActivityManager: Slow operation: 223ms so far, now at startProcess: done updating pids map
05-28 10:09:11.784 476 537 I LaunchParamsPersister: Didn't find launch param folder for user 0
05-28 10:09:11.788 476 537 W ActivityManager: UserLifecycleEvent 6 received without an active userJourneySession.
05-28 10:09:11.789 476 809 D CompatibilityChangeReporter: Compat change id reported: 168419799; UID 10074; state: DISABLED
05-28 10:09:11.799 263 263 W AW_PowerHAL: Could not open nsi-bw: No such file or directory
05-28 10:09:11.799 263 263 I AW_PowerHAL: cur-mode:PERFORMANCE
05-28 10:09:11.806 1022 1022 D CompatibilityChangeReporter: Compat change id reported: 171979766; UID 10074; state: DISABLED
05-28 10:09:11.810 257 408 D displayd: hotplug change: name=6000000.hdmi, state=HDMI=1
05-28 10:09:11.810 257 408 D displayd: HotplugMonitor: 6000000.hdmi connected=1
05-28 10:09:11.810 257 408 D displayd: xxxxxxx: updateConnectState: type=-1 connected=1
05-28 10:09:11.810 476 593 D AW_CODE : rotation =0
05-28 10:09:11.811 257 408 D displayd: xxxxxxx: updated: type=2 connected=0
05-28 10:09:11.811 257 408 D displayd: xxxxxxx: updated: type=4 connected=1
05-28 10:09:11.811 257 408 W edid : Parse block0:
05-28 10:09:11.811 257 408 W edid : Extension block count: 1
05-28 10:09:11.811 257 408 W edid : Parse CEA extension block (version: 3)
05-28 10:09:11.811 257 408 W edid : CEA data length: 94 bytes
05-28 10:09:11.811 257 408 E edid : parseCeaDataBlocks:unhandled EXTENDED_TAG code0
05-28 10:09:11.819 319 321 D XM_HIDREAD: add@ add@/devices/platform/soc@3000000/5310400.ohci2-controller/usb7
05-28 10:09:11.820 319 321 D XM_HIDREAD: add@ add@/devices/platform/soc@3000000/5310400.ohci2-controller/usb7/7-0:1.0
01-01 08:00:23.827 165 165 I usb7 : New USB device found, idVendor=1d6b, idProduct=0001, bcdDevice= 5.04
01-01 08:00:23.827 165 165 I usb7 : New USB device strings: Mfr=3, Product=2, SerialNumber=1
01-01 08:00:23.827 165 165 I usb7 : Product: OHCI Host Controller
01-01 08:00:23.827 165 165 I usb7 : Manufacturer: Linux 5.4.125+ ohci_hcd
01-01 08:00:23.827 165 165 I usb7 : SerialNumber: sunxi-ohci
01-01 08:00:23.830 165 165 I hub 7-0 : 1.0: USB hub found
01-01 08:00:23.830 165 165 I hub 7-0 : 1.0: 1 port detected
05-28 10:09:11.822 257 408 W displayd: xxxxxxx: performOptimalMode: hdmi mode user setting auto, try perfect modes
05-28 10:09:11.822 257 408 W displayd: xxxxxxx: performOptimalMode: use perfect hdmi mode(35)
05-28 10:09:11.824 319 321 D XM_HIDREAD: add@ add@/devices/virtual/devlink/regulator.8--5311400.ohci3-controller
01-01 08:00:23.833 165 165 W : sunxi ohci3-controller don't init wakeup source
01-01 08:00:23.833 165 165 W [sunxi-ohci3]: probe, pdev->name: 5311400.ohci3-controller, sunxi_ohci: 0xffffffc008f827b8
01-01 08:00:23.834 165 165 I sunxi-ohci 5311400.ohci3-controller: OHCI Host Controller
01-01 08:00:23.834 165 165 I sunxi-ohci 5311400.ohci3-controller: new USB bus registered, assigned bus number 8
01-01 08:00:23.834 165 165 E debugfs : Directory 'sunxi-ohci' with parent 'ohci' already present!
01-01 08:00:23.844 165 165 I sunxi-ohci 5311400.ohci3-controller: irq 57, io mem 0x05311400
05-28 10:09:11.837 1040 1040 D CompatibilityChangeReporter: Compat change id reported: 171979766; UID 1000; state: DISABLED
05-28 10:09:11.852 1040 1040 D ApplicationLoaders: Returning zygote-cached class loader: /system/framework/android.test.base.jar
05-28 10:09:11.853 1040 1040 D ApplicationLoaders: Returning zygote-cached class loader: /system/framework/android.hidl.manager-V1.0-java.jar
05-28 10:09:11.853 1040 1040 D ApplicationLoaders: Returning zygote-cached class loader: /system/framework/android.hidl.base-V1.0-java.jar
05-28 10:09:11.858 476 810 D CompatibilityChangeReporter: Compat change id reported: 168419799; UID 10019; state: DISABLED
05-28 10:09:11.859 476 476 W Looper : Slow dispatch took 272ms main h=android.app.ActivityThread$H c=android.app.LoadedApk$ReceiverDispatcher$Args$$ExternalSyntheticLambda0@ff44bf1 m=0
05-28 10:09:11.861 476 1072 E TaskPersister: File error accessing recents directory (directory doesn't exist?).
05-28 10:09:11.866 476 476 W Looper : Slow delivery took 271ms main h=android.app.ActivityThread$H c=android.app.LoadedApk$ReceiverDispatcher$Args$$ExternalSyntheticLambda0@5403657 m=0
05-28 10:09:11.874 476 521 I ActivityManager: com.dangbei.leard.leradlauncher is exempt from freezer
05-28 10:09:11.875 476 521 D CompatibilityChangeReporter: Compat change id reported: 135634846; UID 1000; state: DISABLED
05-28 10:09:11.875 1041 1041 D CompatibilityChangeReporter: Compat change id reported: 171979766; UID 10019; state: ENABLED
01-01 08:00:23.907 165 165 I usb8 : New USB device found, idVendor=1d6b, idProduct=0001, bcdDevice= 5.04
01-01 08:00:23.907 165 165 I usb8 : New USB device strings: Mfr=3, Product=2, SerialNumber=1
01-01 08:00:23.907 165 165 I usb8 : Product: OHCI Host Controller
01-01 08:00:23.907 165 165 I usb8 : Manufacturer: Linux 5.4.125+ ohci_hcd
01-01 08:00:23.907 165 165 I usb8 : SerialNumber: sunxi-ohci
01-01 08:00:23.910 165 165 I hub 8-0 : 1.0: USB hub found
01-01 08:00:23.910 165 165 I hub 8-0 : 1.0: 1 port detected
05-28 10:09:11.880 476 608 I WifiScoreCard: Installing MemoryStore
05-28 10:09:11.880 476 608 I WifiHealthMonitor: Installing MemoryStore
05-28 10:09:11.896 476 536 I ActivityManager: com.android.keychain is exempt from freezer
05-28 10:09:11.899 319 321 D XM_HIDREAD: add@ add@/devices/platform/soc@3000000/5311400.ohci3-controller/usb8
05-28 10:09:11.900 319 321 D XM_HIDREAD: add@ add@/devices/platform/soc@3000000/5311400.ohci3-controller/usb8/8-0:1.0
05-28 10:09:11.900 245 245 D Zygote : Forked child process 1077
05-28 10:09:11.902 319 321 D XM_HIDREAD: add@ add@/bus/platform/drivers/sunxi-ohci
05-28 10:09:11.902 319 321 D XM_HIDREAD: add@ add@/module/ohci_sunxi
05-28 10:09:11.907 476 538 I ActivityManager: app.processName = com.dangbei.leard.leradlauncher
05-28 10:09:11.907 476 538 I ActivityManager: Start proc 1077:com.dangbei.leard.leradlauncher/1000 for top-activity {com.dangbei.leard.leradlauncher/com.dangbei.launcher.home.LauncherActivity}
05-28 10:09:11.911 1077 1077 I Zygote : seccomp disabled by setenforce 0
05-28 10:09:11.914 665 665 D TvPipController: onTaskStackChanged()
05-28 10:09:11.927 245 245 D Zygote : Forked child process 1084
05-28 10:09:11.928 476 538 I ActivityManager: app.processName = com.android.keychain
05-28 10:09:11.928 476 538 I ActivityManager: Start proc 1084:com.android.keychain/1000 for service {com.android.keychain/com.android.keychain.KeyChainService}
05-28 10:09:11.934 383 396 I adbd : jdwp connection from 1077
05-28 10:09:11.938 1084 1084 I Zygote : seccomp disabled by setenforce 0
05-28 10:09:11.964 319 321 D XM_HIDREAD: add@ add@/bus/platform/drivers/otg manager
05-28 10:09:11.964 319 321 D XM_HIDREAD: add@ add@/module/sunxi_usbc
05-28 10:09:11.975 383 396 I adbd : jdwp connection from 1084
05-28 10:09:11.980 476 608 D WifiNetworkFactory: Registering NetworkFactory
05-28 10:09:11.981 476 615 D ConnectivityService: Got NetworkProvider Messenger for WifiNetworkFactory
05-28 10:09:11.981 476 608 D UntrustedWifiNetworkFactory: Registering NetworkFactory
05-28 10:09:11.981 476 615 D ConnectivityService: Got NetworkProvider Messenger for UntrustedWifiNetworkFactory
05-28 10:09:11.981 476 608 D OemPaidWifiNetworkFactory: Registering NetworkFactory
05-28 10:09:11.984 476 615 D ConnectivityService: Got NetworkProvider Messenger for OemPaidWifiNetworkFactory
05-28 10:09:11.986 476 809 D AW_CODE : rotation =0
01-01 08:00:23.972 165 165 D : get det_vbus is fail, -84
01-01 08:00:23.972 165 165 D : get id is fail, -84
01-01 08:00:24.007 408 408 I [HDMI receive params]: tv mode: 0x23 format:0x3 data bits:0x0 eotf:0x4 cs:0x101 dvi_hdmi:2 range:2 scan:0 aspect_ratio:8
05-28 10:09:12.000 663 842 I bt_core_module: system/bt/btcore/src/module.cc:90 module_start_up: module_start_up Started module "controller_module"
05-28 10:09:12.001 663 842 I bt_btm_pm: system/bt/stack/acl/btm_pm.cc:392 btm_pm_reset: reset pm
05-28 10:09:12.003 663 842 I btm_acl : system/bt/stack/acl/btm_acl.cc:654 check_link_policy: hold not supported (settings: 0x000d)
05-28 10:09:12.005 663 842 I bt_btm_sec: system/bt/stack/btm/btm_sec.cc:225 BTM_SecRegister: BTM_SecRegister p_cb_info->p_le_callback == 0x0xbce9c785
05-28 10:09:12.005 663 842 I bt_btm_sec: system/bt/stack/btm/btm_sec.cc:240 BTM_SecRegister: BTM_SecRegister btm_cb.api.p_le_callback = 0x0xbce9c785
05-28 10:09:12.006 476 518 I AdbDebuggingManager: Not connected to any wireless network. Not enabling adbwifi.
05-28 10:09:12.007 476 518 W Looper : Slow dispatch took 1404ms android.fg h=com.android.server.adb.AdbDebuggingManager$AdbDebuggingHandler c=null m=11
05-28 10:09:12.009 663 951 I bluetooth: system/bt/stack/gatt/gatt_api.cc:1019 GATT_Register: Allocated name:GattClient uuid:8f7e74c7-4387-db8d-a7c5-51eebe50a509 gatt_if:3 eatt_support:0
05-28 10:09:12.012 476 809 D CompatibilityChangeReporter: Compat change id reported: 174042980; UID 1000; state: DISABLED
05-28 10:09:12.019 476 518 W Looper : Slow delivery took 1405ms android.fg h=com.android.server.adb.AdbDebuggingManager$AdbDebuggingHandler c=null m=8
05-28 10:09:12.029 663 951 I bt_stack: [INFO:ble_advertiser_hci_interface.cc(767)] Extended advertising will be in use
05-28 10:09:12.030 663 849 D AdapterProperties: BT_PROPERTY_LOCAL_LE_FEATURES: update from BT controller mNumOfAdvertisementInstancesSupported = 0 mRpaOffloadSupported = false mNumOfOffloadedIrkSupported = 0 mNumOfOffloadedScanFilterSupported = 0 mOffloadedScanResultStorageBytes= 0 mIsActivityAndEnergyReporting = false mVersSupported = 0 mTotNumOfTrackableAdv = 0 mIsExtendedScanSupported = false mIsDebugLogSupported = false mIsLe2MPhySupported = true mIsLeCodedPhySupported = true mIsLeExtendedAdvertisingSupported = true mIsLePeriodicAdvertisingSupported = true mLeMaximumAdvertisingDataLength = 1650 mDynamicAudioBufferSizeSupportedCodecsGroup1 = 0 mDynamicAudioBufferSizeSupportedCodecsGroup2 = 0
05-28 10:09:12.031 663 951 E bt_btif_storage: system/bt/btif/src/btif_storage.cc:632 btif_storage_get_adapter_property: btif_storage_get_adapter_property: Controller ready!
05-28 10:09:12.031 663 951 I bt_btif_storage: system/bt/btif/src/btif_storage.cc:661 btif_storage_get_adapter_property: btif_storage_get_adapter_property service_mask:0x20000000
05-28 10:09:12.032 663 951 I bt_stack: [INFO:btif_bqr.cc(229)] EnableBtQualityReport: is_enable: true
05-28 10:09:12.032 663 951 W bt_stack: [WARNING:btif_bqr.cc(237)] EnableBtQualityReport: Bluetooth Quality Report is disabled. bqr_prop_evtmask: , bqr_prop_interval_ms:
05-28 10:09:12.032 663 1114 I bt_osi_thread: system/bt/osi/src/thread.cc:209 run_thread: run_thread: thread id 1114, thread name btif_sock started
05-28 10:09:12.034 663 951 I bt_bte_conf: system/bt/main/bte_conf.cc:84 bte_load_did_conf: Device ID record 1 : primary
05-28 10:09:12.034 663 951 I bt_bte_conf: system/bt/main/bte_conf.cc:85 bte_load_did_conf: vendorId = 00e0
05-28 10:09:12.034 663 951 I bt_bte_conf: system/bt/main/bte_conf.cc:86 bte_load_did_conf: vendorIdSource = 0001
05-28 10:09:12.034 663 951 I bt_bte_conf: system/bt/main/bte_conf.cc:87 bte_load_did_conf: product = 1200
05-28 10:09:12.034 663 951 I bt_bte_conf: system/bt/main/bte_conf.cc:88 bte_load_did_conf: version = 1436
05-28 10:09:12.034 663 951 I bt_bte_conf: system/bt/main/bte_conf.cc:89 bte_load_did_conf: clientExecutableURL =
05-28 10:09:12.034 663 951 I bt_bte_conf: system/bt/main/bte_conf.cc:90 bte_load_did_conf: serviceDescription =
05-28 10:09:12.034 663 951 I bt_bte_conf: system/bt/main/bte_conf.cc:91 bte_load_did_conf: documentationURL =
05-28 10:09:12.034 663 951 I bt_bta_dm: system/bt/bta/dm/bta_dm_act.cc:3198 bta_dm_eir_update_uuid: EIR Adding UUID=0x1200 into extended inquiry response
05-28 10:09:12.034 663 951 I bt_bta_dm: system/bt/bta/dm/bta_dm_act.cc:2897 bta_dm_set_eir: Generating extended inquiry response packet EIR
05-28 10:09:12.034 663 951 I bt_bte_conf: system/bt/main/bte_conf.cc:47 bte_load_did_conf: bte_load_did_conf no section named DID2.
05-28 10:09:12.034 663 951 I bt_btif_core: system/bt/btif/src/btif_core.cc:312 btif_enable_bluetooth_evt: Bluetooth enable event completed
05-28 10:09:12.034 663 951 I bt_bta_dm: system/bt/bta/dm/bta_dm_act.cc:2897 bta_dm_set_eir: Generating extended inquiry response packet EIR
05-28 10:09:12.035 663 842 I bt_stack_manager: system/bt/btif/src/stack_manager.cc:311 event_start_up_stack: event_start_up_stack finished
05-28 10:09:12.035 1041 1041 V GraphicsEnvironment: ANGLE Developer option for 'com.android.traceur' set to: 'default'
05-28 10:09:12.035 1041 1041 V GraphicsEnvironment: Neither updatable production driver nor prerelease driver is supported.
05-28 10:09:12.037 1022 1022 V GraphicsEnvironment: ANGLE Developer option for 'com.android.providers.media.module' set to: 'default'
05-28 10:09:12.038 1022 1022 V GraphicsEnvironment: Neither updatable production driver nor prerelease driver is supported.
05-28 10:09:12.038 1041 1041 D NetworkSecurityConfig: No Network Security Config specified, using platform default
05-28 10:09:12.038 1105 1105 D VoHCI : VoHCI service version: v1.0.0
05-28 10:09:12.039 1041 1041 D NetworkSecurityConfig: No Network Security Config specified, using platform default
05-28 10:09:12.039 1105 1105 E VoHCI : Cannot get card id for name: VoHCILoopback
05-28 10:09:12.043 476 518 W AppWidgetServiceImpl: Failed to read state: java.io.FileNotFoundException: /data/system/users/0/appwidgets.xml: open failed: ENOENT (No such file or directory)
05-28 10:09:12.044 476 518 V AppWidgetServiceImpl: Upgrading widget database from 0 to 1
05-28 10:09:12.044 476 518 I AppWidgetServiceImpl: Processing of handleUserUnlocked u0 took 17 ms
05-28 10:09:12.045 476 809 W ActivityManager: Slow operation: 65ms so far, now at attachApplicationLocked: after mServices.attachApplicationLocked
05-28 10:09:12.045 1022 1022 D NetworkSecurityConfig: No Network Security Config specified, using platform default
05-28 10:09:12.047 1022 1022 D NetworkSecurityConfig: No Network Security Config specified, using platform default
05-28 10:09:12.050 476 476 I AccountManagerService: User 0 is unlocked - opening CE database
05-28 10:09:12.055 476 499 D CompatibilityChangeReporter: Compat change id reported: 168419799; UID 1000; state: DISABLED
05-28 10:09:12.055 1077 1077 D CompatibilityChangeReporter: Compat change id reported: 171979766; UID 1000; state: DISABLED
05-28 10:09:12.061 476 608 D WakeupConfigStoreData: WifiWake user data has been read
05-28 10:09:12.064 1077 1077 D ApplicationLoaders: Returning zygote-cached class loader: /system/framework/android.test.base.jar
05-28 10:09:12.064 1077 1077 D ApplicationLoaders: Returning zygote-cached class loader: /system/framework/android.hidl.manager-V1.0-java.jar
05-28 10:09:12.064 1077 1077 D ApplicationLoaders: Returning zygote-cached class loader: /system/framework/android.hidl.base-V1.0-java.jar
05-28 10:09:12.064 1084 1084 D CompatibilityChangeReporter: Compat change id reported: 171979766; UID 1000; state: ENABLED
05-28 10:09:12.070 663 849 D AdapterProperties: Name is: DBBOX-A2
05-28 10:09:12.071 1041 1041 I Traceur : Received BOOT_COMPLETE
05-28 10:09:12.072 663 849 D AdapterProperties: Scan Mode:20
05-28 10:09:12.072 663 849 D AdapterProperties: Discoverable Timeout:120
05-28 10:09:12.074 663 849 D AdapterProperties: Adding bonded device:E4:BB:D3:57:C0:7A
05-28 10:09:12.082 476 608 D WifiConfigStore: Reading from user stores completed in 56 ms.
05-28 10:09:12.095 1040 1040 V GraphicsEnvironment: ANGLE Developer option for 'com.dangbei.lerad.etna.haqu' set to: 'default'
05-28 10:09:12.095 1040 1040 V GraphicsEnvironment: Neither updatable production driver nor prerelease driver is supported.
05-28 10:09:12.102 1040 1040 D NetworkSecurityConfig: Using Network Security Config from resource network_security_config debugBuild: false
05-28 10:09:12.106 476 809 I ActivityManager: com.oranth.ledstatus is exempt from freezer
05-28 10:09:12.107 476 809 D CompatibilityChangeReporter: Compat change id reported: 135634846; UID 1000; state: DISABLED
05-28 10:09:12.109 1040 1040 D NetworkSecurityConfig: Using Network Security Config from resource network_security_config debugBuild: false
05-28 10:09:12.112 476 518 W Looper : Drained
05-28 10:09:12.118 476 476 W Looper : Slow dispatch took 252ms main h=android.app.ActivityThread$H c=android.app.LoadedApk$ReceiverDispatcher$Args$$ExternalSyntheticLambda0@6073b59 m=0
05-28 10:09:12.125 476 662 I SyncManager: Loaded persisted syncs: 0 periodic syncs, 0 oneshot syncs, 16 total system server jobs, JobStats: FirstLoad: 5/2/0 LastSave: -1/-1/-1
05-28 10:09:12.126 245 245 D Zygote : Forked child process 1118
05-28 10:09:12.128 476 538 I ActivityManager: app.processName = com.oranth.ledstatus
05-28 10:09:12.128 476 538 I ActivityManager: Start proc 1118:com.oranth.ledstatus/1000 for broadcast {com.oranth.ledstatus/com.oranth.ledstatus.BootCompletedReceiver}
05-28 10:09:12.128 663 828 I AdapterState: BLE_ON : entered
05-28 10:09:12.128 663 828 D AdapterProperties: Setting state to BLE_ON
05-28 10:09:12.129 663 828 D BluetoothAdapterService: updateAdapterState() - Broadcasting state BLE_ON to 1 receivers.
05-28 10:09:12.131 476 520 D BluetoothManagerService: MESSAGE_BLUETOOTH_STATE_CHANGE: BLE_TURNING_ON > BLE_ON
05-28 10:09:12.131 476 520 D BluetoothManagerService: Bluetooth is in LE only mode
05-28 10:09:12.131 476 520 D BluetoothManagerService: Binding Bluetooth GATT service
05-28 10:09:12.134 476 520 D BluetoothManagerService: Sending BLE State Change: BLE_TURNING_ON > BLE_ON
05-28 10:09:12.136 1118 1118 I Zygote : seccomp disabled by setenforce 0
05-28 10:09:12.143 1118 1118 I ranth.ledstatu: Late-enabling -Xcheck:jni
05-28 10:09:12.149 476 476 W NotificationHistory: Attempted to add notif for locked/gone/disabled user 0
05-28 10:09:12.152 476 476 V NotificationAssistants: 0 notification assistant service connected: ComponentInfo{android.ext.services/android.ext.services.notification.Assistant}
05-28 10:09:12.155 476 518 D AdbService: setAdbEnabled(true), mIsAdbUsbEnabled=true, mIsAdbWifiEnabled=true, transportType=1
05-28 10:09:12.156 476 476 D BluetoothManagerService: Bluetooth Adapter address changed to B4:2F:03:15:A3:36
05-28 10:09:12.156 476 476 D BluetoothManagerService: Stored Bluetoothaddress: B4:2F:03:15:A3:36
05-28 10:09:12.156 476 476 D BluetoothManagerService: Bluetooth Adapter name changed to DBBOX-A2 by android
05-28 10:09:12.157 476 476 D BluetoothManagerService: Stored Bluetooth name: DBBOX-A2
05-28 10:09:12.158 476 1021 V BackupManagerConstants: getKeyValueBackupIntervalMilliseconds(...) returns 14400000
05-28 10:09:12.158 476 1021 V BackupManagerConstants: getKeyValueBackupFuzzMilliseconds(...) returns 600000
05-28 10:09:12.158 476 1021 V BackupManagerConstants: getKeyValueBackupRequiredNetworkType(...) returns 1
05-28 10:09:12.158 476 1021 V BackupManagerConstants: getKeyValueBackupRequireCharging(...) returns true
05-28 10:09:12.158 476 1021 V KeyValueBackupJob: Scheduling k/v pass in 248 minutes
05-28 10:09:12.158 476 476 W Looper : Drained
05-28 10:09:12.159 1022 1022 V MediaProvider: Attached media from com.android.providers.media.module
05-28 10:09:12.161 476 608 D WifiConfigStore: Writing to stores completed in 55 ms.
05-28 10:09:12.164 1077 1077 V GraphicsEnvironment: ANGLE Developer option for 'com.dangbei.leard.leradlauncher' set to: 'default'
05-28 10:09:12.164 476 608 I WifiService: onDriverCountryCodeChanged CN
05-28 10:09:12.164 1077 1077 V GraphicsEnvironment: Neither updatable production driver nor prerelease driver is supported.
05-28 10:09:12.168 1077 1077 D NetworkSecurityConfig: Using Network Security Config from resource network_permission_config debugBuild: false
05-28 10:09:12.172 1077 1077 D NetworkSecurityConfig: Using Network Security Config from resource network_permission_config debugBuild: false
05-28 10:09:12.173 476 608 D WifiNetworkFactory: got request NetworkRequest [ REQUEST id=3, [ Transports: WIFI Capabilities: INTERNET&NOT_RESTRICTED&TRUSTED&NOT_VPN&NOT_VCN_MANAGED RequestorUid: 1000 RequestorPkg: android] ]
05-28 10:09:12.174 476 608 D WifiConnectivityHelper: Firmware supported feature set: d8108a801003d
05-28 10:09:12.174 476 608 D WifiConnectivityHelper: Firmware roaming is not supported
05-28 10:09:12.179 655 655 E WifiHAL : wifi_get_link_stats: requestResponse Error:-5
05-28 10:09:12.183 476 608 E WifiVendorHal: getWifiLinkLayerStats_1_5_Internal(l.1191) failed {.code = ERROR_INVALID_ARGS, .description = }
05-28 10:09:12.189 476 608 E WifiScoringParams: Invalid frequency(-1), using 5G as default rssi array
05-28 10:09:12.192 476 608 D WifiNetworkFactory: got request NetworkRequest [ REQUEST id=1, [ Capabilities: INTERNET&NOT_RESTRICTED&TRUSTED&NOT_VPN&NOT_VCN_MANAGED RequestorUid: 1000 RequestorPkg: android] ]
05-28 10:09:12.193 476 608 D WifiNetworkFactory: got request NetworkRequest [ REQUEST id=19, [ Capabilities: INTERNET&NOT_RESTRICTED&TRUSTED&NOT_VCN_MANAGED Uid: 1073 RequestorUid: 1073 RequestorPkg: com.android.networkstack] ]
05-28 10:09:12.193 476 608 D WifiNetworkFactory: got request NetworkRequest [ REQUEST id=23, [ Capabilities: INTERNET&NOT_RESTRICTED&TRUSTED&NOT_VCN_MANAGED Uid: 1000 RequestorUid: 1000 RequestorPkg: android] ]
05-28 10:09:12.193 476 608 D WifiNetworkFactory: got request NetworkRequest [ REQUEST id=17, [ Capabilities: INTERNET&NOT_RESTRICTED&TRUSTED&NOT_VCN_MANAGED Uid: 1000 RequestorUid: 1000 RequestorPkg: android] ]
05-28 10:09:12.193 476 608 D WifiNetworkFactory: got request NetworkRequest [ REQUEST id=10, [ Capabilities: INTERNET&NOT_RESTRICTED&TRUSTED&NOT_VCN_MANAGED Uid: 1000 RequestorUid: 1000 RequestorPkg: android] ]
05-28 10:09:12.193 476 608 D UntrustedWifiNetworkFactory: got request NetworkRequest [ REQUEST id=3, [ Transports: WIFI Capabilities: INTERNET&NOT_RESTRICTED&TRUSTED&NOT_VPN&NOT_VCN_MANAGED RequestorUid: 1000 RequestorPkg: android] ]
05-28 10:09:12.193 476 608 D UntrustedWifiNetworkFactory: got request NetworkRequest [ REQUEST id=1, [ Capabilities: INTERNET&NOT_RESTRICTED&TRUSTED&NOT_VPN&NOT_VCN_MANAGED RequestorUid: 1000 RequestorPkg: android] ]
05-28 10:09:12.194 476 608 D UntrustedWifiNetworkFactory: got request NetworkRequest [ REQUEST id=19, [ Capabilities: INTERNET&NOT_RESTRICTED&TRUSTED&NOT_VCN_MANAGED Uid: 1073 RequestorUid: 1073 RequestorPkg: com.android.networkstack] ]
05-28 10:09:12.194 476 608 D UntrustedWifiNetworkFactory: got request NetworkRequest [ REQUEST id=23, [ Capabilities: INTERNET&NOT_RESTRICTED&TRUSTED&NOT_VCN_MANAGED Uid: 1000 RequestorUid: 1000 RequestorPkg: android] ]
05-28 10:09:12.194 476 608 D UntrustedWifiNetworkFactory: got request NetworkRequest [ REQUEST id=17, [ Capabilities: INTERNET&NOT_RESTRICTED&TRUSTED&NOT_VCN_MANAGED Uid: 1000 RequestorUid: 1000 RequestorPkg: android] ]
05-28 10:09:12.194 476 608 D UntrustedWifiNetworkFactory: got request NetworkRequest [ REQUEST id=10, [ Capabilities: INTERNET&NOT_RESTRICTED&TRUSTED&NOT_VCN_MANAGED Uid: 1000 RequestorUid: 1000 RequestorPkg: android] ]
05-28 10:09:12.194 476 608 D OemPaidWifiNetworkFactory: got request NetworkRequest [ REQUEST id=3, [ Transports: WIFI Capabilities: INTERNET&NOT_RESTRICTED&TRUSTED&NOT_VPN&NOT_VCN_MANAGED RequestorUid: 1000 RequestorPkg: android] ]
05-28 10:09:12.194 476 608 D OemPaidWifiNetworkFactory: got request NetworkRequest [ REQUEST id=1, [ Capabilities: INTERNET&NOT_RESTRICTED&TRUSTED&NOT_VPN&NOT_VCN_MANAGED RequestorUid: 1000 RequestorPkg: android] ]
05-28 10:09:12.194 476 608 D OemPaidWifiNetworkFactory: got request NetworkRequest [ REQUEST id=19, [ Capabilities: INTERNET&NOT_RESTRICTED&TRUSTED&NOT_VCN_MANAGED Uid: 1073 RequestorUid: 1073 RequestorPkg: com.android.networkstack] ]
05-28 10:09:12.194 476 608 D OemPaidWifiNetworkFactory: got request NetworkRequest [ REQUEST id=23, [ Capabilities: INTERNET&NOT_RESTRICTED&TRUSTED&NOT_VCN_MANAGED Uid: 1000 RequestorUid: 1000 RequestorPkg: android] ]
05-28 10:09:12.195 476 608 D OemPaidWifiNetworkFactory: got request NetworkRequest [ REQUEST id=17, [ Capabilities: INTERNET&NOT_RESTRICTED&TRUSTED&NOT_VCN_MANAGED Uid: 1000 RequestorUid: 1000 RequestorPkg: android] ]
05-28 10:09:12.195 476 608 D OemPaidWifiNetworkFactory: got request NetworkRequest [ REQUEST id=10, [ Capabilities: INTERNET&NOT_RESTRICTED&TRUSTED&NOT_VCN_MANAGED Uid: 1000 RequestorUid: 1000 RequestorPkg: android] ]
05-28 10:09:12.198 655 655 E WifiHAL : wifi_get_link_stats: requestResponse Error:-5
05-28 10:09:12.200 476 608 E WifiVendorHal: getWifiLinkLayerStats_1_5_Internal(l.1191) failed {.code = ERROR_INVALID_ARGS, .description = }
05-28 10:09:12.208 476 545 W KernelCpuProcStringReader: File not found. It's normal if not implemented: /proc/uid_time_in_state
05-28 10:09:12.209 476 545 W KernelCpuProcStringReader: File not found. It's normal if not implemented: /proc/uid_concurrent_active_time
05-28 10:09:12.209 476 545 W KernelCpuProcStringReader: File not found. It's normal if not implemented: /proc/uid_concurrent_policy_time
05-28 10:09:12.210 476 545 E KernelCpuSpeedReader: Failed to read cpu-freq: /sys/devices/system/cpu/cpu0/cpufreq/stats/time_in_state: open failed: ENOENT (No such file or directory)
05-28 10:09:12.211 476 545 E system_server: Cannot read thread CPU times for PID 476
05-28 10:09:12.215 383 396 I adbd : jdwp connection from 1118
05-28 10:09:12.215 1040 1040 I MultiDex: VM with version 2.1.0 has multidex support
05-28 10:09:12.216 1040 1040 I MultiDex: Installing application
05-28 10:09:12.216 1040 1040 I MultiDex: VM has multidex support, MultiDex support library is disabled.
05-28 10:09:12.233 1077 1077 I MultiDex: VM with version 2.1.0 has multidex support
05-28 10:09:12.233 1077 1077 I MultiDex: Installing application
05-28 10:09:12.233 1077 1077 I MultiDex: VM has multidex support, MultiDex support library is disabled.
05-28 10:09:12.233 476 577 W StorageManagerService: Reporting emulated;0 unmounted due to system locked
05-28 10:09:12.235 1084 1084 V GraphicsEnvironment: ANGLE Developer option for 'com.android.keychain' set to: 'default'
05-28 10:09:12.235 1084 1084 V GraphicsEnvironment: Neither updatable production driver nor prerelease driver is supported.
05-28 10:09:12.236 1084 1084 D NetworkSecurityConfig: No Network Security Config specified, using platform default
05-28 10:09:12.237 1084 1084 D NetworkSecurityConfig: No Network Security Config specified, using platform default
05-28 10:09:12.239 264 278 D hdmi-cec: receive invalid cec message!
05-28 10:09:12.239 264 278 D hdmi-cec: receive poll message [04], skip!
05-28 10:09:12.240 264 278 D hdmi-cec: update hdmi connected: 1
05-28 10:09:12.241 476 809 D CompatibilityChangeReporter: Compat change id reported: 168419799; UID 1000; state: DISABLED
05-28 10:09:12.242 264 264 D hdmi-cec: reset logical address to broadcast
05-28 10:09:12.257 1022 1022 I TranscodeHelper: Empty transcode compat stale
05-28 10:09:12.258 1022 1022 I TranscodeHelper: Parsed 0 packages from resource
05-28 10:09:12.258 1022 1022 I TranscodeHelper: Empty device config transcode compat manifest
05-28 10:09:12.262 476 577 W StorageManagerService: Reporting emulated;0 unmounted due to system locked
05-28 10:09:12.281 1022 1022 V MediaStore: Examining volume emulated;0 with name external_primary and state checking
