05-28 10:09:09.012 326 326 I rainbow_flow: type=1400 audit(0.0:350): avc: denied { ioctl } for path="/dev/spidev1.0" dev="tmpfs" ino=6381 ioctlcmd=0x6b00 scontext=u:r:init:s0 tcontext=u:object_r:device:s0 tclass=chr_file permissive=1
05-28 10:09:09.021 665 665 W OneHandedController: Device doesn't support OneHanded feature
05-28 10:09:09.025 383 396 I adbd : jdwp connection from 850
05-28 10:09:09.025 476 476 D CompatibilityChangeReporter: Compat change id reported: 150939131; UID 1000; state: ENABLED
05-28 10:09:09.026 476 518 D AdbService: setAdbEnabled(true), mIsAdbUsbEnabled=true, mIsAdbWifiEnabled=true, transportType=1
05-28 10:09:09.028 355 468 D Codec2InfoBuilder: codec entry for 'c2.android.gsm.decoder' is disabled
05-28 10:09:09.029 476 476 I HdmiCecLocalDeviceSource: queryDisplayStatus already in progress
05-28 10:09:09.029 369 403 V C2Store : in ~ComponentModule
05-28 10:09:09.029 369 841 V C2Store : in init
05-28 10:09:09.029 369 841 V C2Store : loading dll
05-28 10:09:09.033 369 403 V C2Store : unloading dll
05-28 10:09:09.034 834 834 D wpa_supplicant: Override interface parameter: ctrl_interface ('(null)' -> '/data/vendor/wifi/wpa/sockets')
05-28 10:09:09.034 834 834 D wpa_supplicant: Initializing interface 'wlan0' conf '/data/vendor/wifi/wpa/wpa_supplicant.conf' driver 'nl80211' ctrl_interface '/data/vendor/wifi/wpa/sockets' bridge 'N/A'
05-28 10:09:09.034 834 834 D wpa_supplicant: Configuration file '/data/vendor/wifi/wpa/wpa_supplicant.conf' -> '/data/vendor/wifi/wpa/wpa_supplicant.conf'
05-28 10:09:09.034 834 834 D wpa_supplicant: Reading configuration file '/data/vendor/wifi/wpa/wpa_supplicant.conf'
05-28 10:09:09.034 834 834 D wpa_supplicant: update_config=1
05-28 10:09:09.034 834 834 D wpa_supplicant: eapol_version=1
05-28 10:09:09.034 834 834 D wpa_supplicant: ap_scan=1
05-28 10:09:09.034 834 834 D wpa_supplicant: fast_reauth=1
05-28 10:09:09.034 834 834 D wpa_supplicant: pmf=1
05-28 10:09:09.034 834 834 D wpa_supplicant: p2p_add_cli_chan=1
05-28 10:09:09.034 834 834 D wpa_supplicant: oce=1
05-28 10:09:09.034 834 834 D wpa_supplicant: sae_pwe=2
05-28 10:09:09.035 834 834 D wpa_supplicant: Reading configuration file '/vendor/etc/wifi/wpa_supplicant_overlay.conf'
05-28 10:09:09.036 476 476 I PackageWatchdog: Syncing health check requests for packages: {}
05-28 10:09:09.036 834 834 D wpa_supplicant: disable_scan_offload=1
05-28 10:09:09.036 834 834 D wpa_supplicant: wowlan_triggers='any'
05-28 10:09:09.036 834 834 D wpa_supplicant: p2p_disabled=0
05-28 10:09:09.036 834 834 D wpa_supplicant: filter_rssi=-75
05-28 10:09:09.036 834 834 D wpa_supplicant: no_ctrl_interface -> ctrl_interface=NULL
05-28 10:09:09.038 355 468 I Codec2InfoBuilder: adding type 'video/3gpp'
05-28 10:09:09.039 834 834 D wpa_supplicant: nl80211: Supported cipher 00-0f-ac:1
05-28 10:09:09.039 834 834 D wpa_supplicant: nl80211: Supported cipher 00-0f-ac:5
05-28 10:09:09.039 834 834 D wpa_supplicant: nl80211: Supported cipher 00-0f-ac:2
05-28 10:09:09.039 834 834 D wpa_supplicant: nl80211: Supported cipher 00-0f-ac:4
05-28 10:09:09.039 834 834 D wpa_supplicant: nl80211: Supported cipher 00-14-72:1
05-28 10:09:09.039 834 834 D wpa_supplicant: nl80211: Supported cipher 00-0f-ac:6
05-28 10:09:09.039 834 834 D wpa_supplicant: nl80211: Supported cipher 00-0f-ac:255
05-28 10:09:09.039 663 663 D BluetoothDatabase: start()
05-28 10:09:09.041 834 834 D wpa_supplicant: nl80211: Supported vendor command: vendor_id=0x1374 subcmd=9
05-28 10:09:09.041 834 834 D wpa_supplicant: nl80211: Supported vendor command: vendor_id=0x1374 subcmd=12
05-28 10:09:09.041 834 834 D wpa_supplicant: nl80211: Supported vendor command: vendor_id=0x1374 subcmd=14
05-28 10:09:09.041 834 834 D wpa_supplicant: nl80211: Supported vendor command: vendor_id=0x1374 subcmd=15
05-28 10:09:09.041 834 834 D wpa_supplicant: nl80211: Supported vendor command: vendor_id=0x1374 subcmd=16
05-28 10:09:09.041 834 834 D wpa_supplicant: nl80211: Supported vendor command: vendor_id=0x1374 subcmd=20
05-28 10:09:09.041 834 834 D wpa_supplicant: nl80211: Supported vendor command: vendor_id=0x1a11 subcmd=6
05-28 10:09:09.041 834 834 D wpa_supplicant: nl80211: Supported vendor command: vendor_id=0x1374 subcmd=21
05-28 10:09:09.041 834 834 D wpa_supplicant: nl80211: Supported vendor command: vendor_id=0x1374 subcmd=22
05-28 10:09:09.041 834 834 D wpa_supplicant: nl80211: Supported vendor command: vendor_id=0x1374 subcmd=23
05-28 10:09:09.041 834 834 D wpa_supplicant: nl80211: Supported vendor command: vendor_id=0x1374 subcmd=24
05-28 10:09:09.041 834 834 D wpa_supplicant: nl80211: Supported vendor command: vendor_id=0x1374 subcmd=29
05-28 10:09:09.041 834 834 D wpa_supplicant: nl80211: Supported vendor command: vendor_id=0x1374 subcmd=30
05-28 10:09:09.041 834 834 D wpa_supplicant: nl80211: Supported vendor command: vendor_id=0x1374 subcmd=32
05-28 10:09:09.041 834 834 D wpa_supplicant: nl80211: Supported vendor command: vendor_id=0x1374 subcmd=33
05-28 10:09:09.041 834 834 D wpa_supplicant: nl80211: Supported vendor command: vendor_id=0x1374 subcmd=38
05-28 10:09:09.041 834 834 D wpa_supplicant: nl80211: Supported vendor command: vendor_id=0x1374 subcmd=39
05-28 10:09:09.041 834 834 D wpa_supplicant: nl80211: Supported vendor command: vendor_id=0x1374 subcmd=42
05-28 10:09:09.041 834 834 D wpa_supplicant: nl80211: Supported vendor command: vendor_id=0x1374 subcmd=55
05-28 10:09:09.041 834 834 D wpa_supplicant: nl80211: Supported vendor command: vendor_id=0x1374 subcmd=61
05-28 10:09:09.041 834 834 D wpa_supplicant: nl80211: Supported vendor command: vendor_id=0x1374 subcmd=62
05-28 10:09:09.041 834 834 D wpa_supplicant: nl80211: Supported vendor command: vendor_id=0x1374 subcmd=63
05-28 10:09:09.041 834 834 D wpa_supplicant: nl80211: Supported vendor command: vendor_id=0x1374 subcmd=64
05-28 10:09:09.041 834 834 D wpa_supplicant: nl80211: Supported vendor command: vendor_id=0x1374 subcmd=65
05-28 10:09:09.041 834 834 D wpa_supplicant: nl80211: Supported vendor command: vendor_id=0x1374 subcmd=66
05-28 10:09:09.041 834 834 D wpa_supplicant: nl80211: Supported vendor command: vendor_id=0x1374 subcmd=69
05-28 10:09:09.041 834 834 D wpa_supplicant: nl80211: Supported vendor command: vendor_id=0x1374 subcmd=70
05-28 10:09:09.041 834 834 D wpa_supplicant: nl80211: Supported vendor command: vendor_id=0x1374 subcmd=71
05-28 10:09:09.041 834 834 D wpa_supplicant: nl80211: Supported vendor command: vendor_id=0x1374 subcmd=76
05-28 10:09:09.041 834 834 D wpa_supplicant: nl80211: Supported vendor command: vendor_id=0x1374 subcmd=77
05-28 10:09:09.041 834 834 D wpa_supplicant: nl80211: Supported vendor command: vendor_id=0x1374 subcmd=79
05-28 10:09:09.041 834 834 D wpa_supplicant: nl80211: Supported vendor command: vendor_id=0x1374 subcmd=80
05-28 10:09:09.041 834 834 D wpa_supplicant: nl80211: Supported vendor command: vendor_id=0x1374 subcmd=82
05-28 10:09:09.041 834 834 D wpa_supplicant: nl80211: Supported vendor command: vendor_id=0x1374 subcmd=85
05-28 10:09:09.041 834 834 D wpa_supplicant: nl80211: Supported vendor command: vendor_id=0x1374 subcmd=146
05-28 10:09:09.041 834 834 D wpa_supplicant: nl80211: Supported vendor command: vendor_id=0x1374 subcmd=12
05-28 10:09:09.041 834 834 D wpa_supplicant: nl80211: Supported vendor command: vendor_id=0x1374 subcmd=128
05-28 10:09:09.041 834 834 D wpa_supplicant: nl80211: Supported vendor command: vendor_id=0x1374 subcmd=129
05-28 10:09:09.041 834 834 D wpa_supplicant: nl80211: Supported vendor command: vendor_id=0x1374 subcmd=130
05-28 10:09:09.041 834 834 D wpa_supplicant: nl80211: Supported vendor command: vendor_id=0x1374 subcmd=133
05-28 10:09:09.041 834 834 D wpa_supplicant: nl80211: Supported vendor command: vendor_id=0x1374 subcmd=176
05-28 10:09:09.041 834 834 D wpa_supplicant: nl80211: Supported vendor event: vendor_id=0x1374 subcmd=80
05-28 10:09:09.041 834 834 D wpa_supplicant: nl80211: Supported vendor event: vendor_id=0x1374 subcmd=1
05-28 10:09:09.041 834 834 D wpa_supplicant: nl80211: Supported vendor event: vendor_id=0x1374 subcmd=1
05-28 10:09:09.041 834 834 D wpa_supplicant: nl80211: Supported vendor event: vendor_id=0x1374 subcmd=1
05-28 10:09:09.041 476 751 D NetworkStats: registerNetworkStatsProvider from OffloadController uid/pid=1073/753
05-28 10:09:09.041 834 834 D wpa_supplicant: nl80211: Supported vendor event: vendor_id=0x1374 subcmd=1
05-28 10:09:09.041 834 834 D wpa_supplicant: nl80211: Supported vendor event: vendor_id=0x1374 subcmd=1
05-28 10:09:09.041 476 476 I ExplicitHealthCheckController: Service not ready to get health check supported packages. Binding...
05-28 10:09:09.041 834 834 D wpa_supplicant: nl80211: Supported vendor event: vendor_id=0x1374 subcmd=20
05-28 10:09:09.041 834 834 D wpa_supplicant: nl80211: Supported vendor event: vendor_id=0x1374 subcmd=21
05-28 10:09:09.042 834 834 D wpa_supplicant: nl80211: Supported vendor event: vendor_id=0x1374 subcmd=23
05-28 10:09:09.042 834 834 D wpa_supplicant: nl80211: Supported vendor event: vendor_id=0x1374 subcmd=24
05-28 10:09:09.042 834 834 D wpa_supplicant: nl80211: Supported vendor event: vendor_id=0x1374 subcmd=25
05-28 10:09:09.042 834 834 D wpa_supplicant: nl80211: Supported vendor event: vendor_id=0x1374 subcmd=26
05-28 10:09:09.042 834 834 D wpa_supplicant: nl80211: Supported vendor event: vendor_id=0x1374 subcmd=27
05-28 10:09:09.042 834 834 D wpa_supplicant: nl80211: Supported vendor event: vendor_id=0x1374 subcmd=28
05-28 10:09:09.042 834 834 D wpa_supplicant: nl80211: Supported vendor event: vendor_id=0x1374 subcmd=41
05-28 10:09:09.042 834 834 D wpa_supplicant: nl80211: Supported vendor event: vendor_id=0x1374 subcmd=29
05-28 10:09:09.042 834 834 D wpa_supplicant: nl80211: Supported vendor event: vendor_id=0x1374 subcmd=30
05-28 10:09:09.042 834 834 D wpa_supplicant: nl80211: Supported vendor event: vendor_id=0x1374 subcmd=31
05-28 10:09:09.042 834 834 D wpa_supplicant: nl80211: Supported vendor event: vendor_id=0x1374 subcmd=32
05-28 10:09:09.042 834 834 D wpa_supplicant: nl80211: Supported vendor event: vendor_id=0x1374 subcmd=33
05-28 10:09:09.042 834 834 D wpa_supplicant: nl80211: Supported vendor event: vendor_id=0x0 subcmd=0
05-28 10:09:09.042 834 834 D wpa_supplicant: nl80211: Supported vendor event: vendor_id=0x0 subcmd=0
05-28 10:09:09.042 834 834 D wpa_supplicant: nl80211: Supported vendor event: vendor_id=0x0 subcmd=0
05-28 10:09:09.042 834 834 D wpa_supplicant: nl80211: Supported vendor event: vendor_id=0x0 subcmd=0
05-28 10:09:09.042 834 834 D wpa_supplicant: nl80211: Supported vendor event: vendor_id=0x0 subcmd=0
05-28 10:09:09.042 834 834 D wpa_supplicant: nl80211: Supported vendor event: vendor_id=0x0 subcmd=0
05-28 10:09:09.042 834 834 D wpa_supplicant: nl80211: Supported vendor event: vendor_id=0x0 subcmd=0
05-28 10:09:09.042 369 369 V C2Store : in init
05-28 10:09:09.042 834 834 D wpa_supplicant: nl80211: Supported vendor event: vendor_id=0x0 subcmd=0
05-28 10:09:09.043 834 834 D wpa_supplicant: nl80211: Supported vendor event: vendor_id=0x0 subcmd=0
05-28 10:09:09.043 834 834 D wpa_supplicant: nl80211: Supported vendor event: vendor_id=0x0 subcmd=0
05-28 10:09:09.043 834 834 D wpa_supplicant: nl80211: Supported vendor event: vendor_id=0x0 subcmd=0
05-28 10:09:09.043 834 834 D wpa_supplicant: nl80211: Supported vendor event: vendor_id=0x0 subcmd=0
05-28 10:09:09.043 834 834 D wpa_supplicant: nl80211: Supported vendor event: vendor_id=0x1374 subcmd=5120
05-28 10:09:09.043 834 834 D wpa_supplicant: nl80211: Supported vendor event: vendor_id=0x0 subcmd=0
05-28 10:09:09.043 834 834 D wpa_supplicant: nl80211: Supported vendor event: vendor_id=0x0 subcmd=0
05-28 10:09:09.043 834 834 D wpa_supplicant: nl80211: Supported vendor event: vendor_id=0x0 subcmd=0
05-28 10:09:09.043 369 841 V C2Store : in ~ComponentModule
05-28 10:09:09.043 369 841 V C2Store : unloading dll
05-28 10:09:09.043 834 834 D wpa_supplicant: nl80211: Supported vendor event: vendor_id=0x0 subcmd=0
05-28 10:09:09.043 834 834 D wpa_supplicant: nl80211: Supported vendor event: vendor_id=0x0 subcmd=0
05-28 10:09:09.043 834 834 D wpa_supplicant: nl80211: Supported vendor event: vendor_id=0x0 subcmd=0
05-28 10:09:09.043 834 834 D wpa_supplicant: nl80211: Supported vendor event: vendor_id=0x0 subcmd=0
05-28 10:09:09.043 834 834 D wpa_supplicant: nl80211: Supported vendor event: vendor_id=0x0 subcmd=0
05-28 10:09:09.043 834 834 D wpa_supplicant: nl80211: Supported vendor event: vendor_id=0x0 subcmd=0
05-28 10:09:09.043 834 834 D wpa_supplicant: nl80211: Supported vendor event: vendor_id=0x0 subcmd=0
05-28 10:09:09.043 834 834 D wpa_supplicant: nl80211: Supported vendor event: vendor_id=0x0 subcmd=0
05-28 10:09:09.043 834 834 D wpa_supplicant: nl80211: Supported vendor event: vendor_id=0x0 subcmd=0
05-28 10:09:09.043 834 834 D wpa_supplicant: nl80211: Supported vendor event: vendor_id=0x0 subcmd=0
05-28 10:09:09.043 834 834 D wpa_supplicant: nl80211: Supported vendor event: vendor_id=0x0 subcmd=0
05-28 10:09:09.043 834 834 D wpa_supplicant: nl80211: Supported vendor event: vendor_id=0x0 subcmd=0
05-28 10:09:09.043 834 834 D wpa_supplicant: nl80211: Supported vendor event: vendor_id=0x0 subcmd=0
05-28 10:09:09.043 834 834 D wpa_supplicant: nl80211: Supported vendor event: vendor_id=0x0 subcmd=0
05-28 10:09:09.043 834 834 D wpa_supplicant: nl80211: Supported vendor event: vendor_id=0x0 subcmd=0
05-28 10:09:09.043 834 834 D wpa_supplicant: nl80211: Supported vendor event: vendor_id=0x0 subcmd=0
05-28 10:09:09.043 834 834 D wpa_supplicant: nl80211: Supported vendor event: vendor_id=0x0 subcmd=0
05-28 10:09:09.043 834 834 D wpa_supplicant: nl80211: Supported vendor event: vendor_id=0x0 subcmd=0
05-28 10:09:09.043 834 834 D wpa_supplicant: nl80211: Supported vendor event: vendor_id=0x0 subcmd=0
05-28 10:09:09.043 834 834 D wpa_supplicant: nl80211: Supported vendor event: vendor_id=0x0 subcmd=0
05-28 10:09:09.043 834 834 D wpa_supplicant: nl80211: Supported vendor event: vendor_id=0x0 subcmd=0
05-28 10:09:09.043 834 834 D wpa_supplicant: nl80211: Supported vendor event: vendor_id=0x0 subcmd=0
05-28 10:09:09.044 834 834 D wpa_supplicant: nl80211: Supported vendor event: vendor_id=0x0 subcmd=0
05-28 10:09:09.044 834 834 D wpa_supplicant: nl80211: Supported vendor event: vendor_id=0x0 subcmd=0
05-28 10:09:09.044 834 834 D wpa_supplicant: nl80211: Supported vendor event: vendor_id=0x0 subcmd=0
05-28 10:09:09.044 834 834 D wpa_supplicant: nl80211: Supported vendor event: vendor_id=0x0 subcmd=0
05-28 10:09:09.044 834 834 D wpa_supplicant: nl80211: Supported vendor event: vendor_id=0x0 subcmd=0
05-28 10:09:09.044 834 834 D wpa_supplicant: nl80211: Supported vendor event: vendor_id=0x0 subcmd=0
05-28 10:09:09.044 834 834 D wpa_supplicant: nl80211: Supported vendor event: vendor_id=0x1374 subcmd=131
05-28 10:09:09.044 369 369 V C2Store : loading dll
05-28 10:09:09.045 476 476 I ExplicitHealthCheckController: Explicit health check service is bound
05-28 10:09:09.045 834 834 D wpa_supplicant: nl80211: Supported vendor event: vendor_id=0x1374 subcmd=132
05-28 10:09:09.046 834 834 D wpa_supplicant: nl80211: Supported vendor event: vendor_id=0x0 subcmd=0
05-28 10:09:09.046 834 834 D wpa_supplicant: nl80211: Supported vendor event: vendor_id=0x0 subcmd=0
05-28 10:09:09.046 834 834 D wpa_supplicant: nl80211: Supported vendor event: vendor_id=0x0 subcmd=0
05-28 10:09:09.046 834 834 D wpa_supplicant: nl80211: Supported vendor event: vendor_id=0x0 subcmd=0
05-28 10:09:09.046 834 834 D wpa_supplicant: nl80211: Supported vendor event: vendor_id=0x0 subcmd=0
05-28 10:09:09.046 834 834 D wpa_supplicant: nl80211: Supported vendor event: vendor_id=0x0 subcmd=0
05-28 10:09:09.046 834 834 D wpa_supplicant: nl80211: Supported vendor event: vendor_id=0x1374 subcmd=72
05-28 10:09:09.046 834 834 D wpa_supplicant: nl80211: Use separate P2P group interface (driver advertised support)
05-28 10:09:09.046 834 834 D wpa_supplicant: nl80211: Enable multi-channel concurrent (driver advertised support)
05-28 10:09:09.046 834 834 D wpa_supplicant: nl80211: use P2P_DEVICE support
05-28 10:09:09.046 834 834 D wpa_supplicant: nl80211: key_mgmt=0xd0f enc=0x10f auth=0x7 flags=0x100100007a007ac0 rrm_flags=0x0 probe_resp_offloads=0x0 max_stations=10 max_remain_on_chan=5000 max_scan_ssids=12
05-28 10:09:09.046 834 834 D wpa_supplicant: nl80211: interface wlan0 in phy phy0
05-28 10:09:09.047 834 834 D wpa_supplicant: nl80211: Set mode ifindex 14 iftype 2 (STATION)
05-28 10:09:09.047 834 834 D wpa_supplicant: nl80211: Subscribe to mgmt frames with non-AP handle 0xe9f037a0
05-28 10:09:09.047 834 834 D wpa_supplicant: nl80211: Register frame type=0xb0 (WLAN_FC_STYPE_AUTH) nl_handle=0xe9f037a0 match=0300 multicast=0
05-28 10:09:09.047 834 834 D wpa_supplicant: nl80211: Register frame command failed (type=176): ret=-22 (Invalid argument)
05-28 10:09:09.047 834 834 D wpa_supplicant: nl80211: Register frame match - hexdump(len=2): 03 00
05-28 10:09:09.047 834 834 D wpa_supplicant: nl80211: Register frame type=0xd0 (WLAN_FC_STYPE_ACTION) nl_handle=0xe9f037a0 match=0104 multicast=0
05-28 10:09:09.048 834 834 D wpa_supplicant: nl80211: Register frame type=0xd0 (WLAN_FC_STYPE_ACTION) nl_handle=0xe9f037a0 match=040a multicast=0
05-28 10:09:09.048 834 834 D wpa_supplicant: nl80211: Register frame type=0xd0 (WLAN_FC_STYPE_ACTION) nl_handle=0xe9f037a0 match=040b multicast=0
05-28 10:09:09.048 834 834 D wpa_supplicant: nl80211: Register frame type=0xd0 (WLAN_FC_STYPE_ACTION) nl_handle=0xe9f037a0 match=040c multicast=0
05-28 10:09:09.048 834 834 D wpa_supplicant: nl80211: Register frame type=0xd0 (WLAN_FC_STYPE_ACTION) nl_handle=0xe9f037a0 match=040d multicast=0
05-28 10:09:09.048 834 834 D wpa_supplicant: nl80211: Register frame type=0xd0 (WLAN_FC_STYPE_ACTION) nl_handle=0xe9f037a0 match=090a multicast=0
05-28 10:09:09.049 834 834 D wpa_supplicant: nl80211: Register frame type=0xd0 (WLAN_FC_STYPE_ACTION) nl_handle=0xe9f037a0 match=090b multicast=0
05-28 10:09:09.049 834 834 D wpa_supplicant: nl80211: Register frame type=0xd0 (WLAN_FC_STYPE_ACTION) nl_handle=0xe9f037a0 match=090c multicast=0
05-28 10:09:09.049 834 834 D wpa_supplicant: nl80211: Register frame type=0xd0 (WLAN_FC_STYPE_ACTION) nl_handle=0xe9f037a0 match=090d multicast=0
05-28 10:09:09.049 834 834 D wpa_supplicant: nl80211: Register frame type=0xd0 (WLAN_FC_STYPE_ACTION) nl_handle=0xe9f037a0 match=0409506f9a09 multicast=0
05-28 10:09:09.049 834 834 D wpa_supplicant: nl80211: Register frame type=0xd0 (WLAN_FC_STYPE_ACTION) nl_handle=0xe9f037a0 match=7f506f9a09 multicast=0
05-28 10:09:09.050 834 834 D wpa_supplicant: nl80211: Register frame type=0xd0 (WLAN_FC_STYPE_ACTION) nl_handle=0xe9f037a0 match=0409506f9a1a multicast=0
05-28 10:09:09.050 834 834 D wpa_supplicant: nl80211: Register frame type=0xd0 (WLAN_FC_STYPE_ACTION) nl_handle=0xe9f037a0 match=0801 multicast=0
05-28 10:09:09.055 834 834 D wpa_supplicant: nl80211: Register frame type=0xd0 (WLAN_FC_STYPE_ACTION) nl_handle=0xe9f037a0 match=06 multicast=0
05-28 10:09:09.055 834 834 D wpa_supplicant: nl80211: Register frame type=0xd0 (WLAN_FC_STYPE_ACTION) nl_handle=0xe9f037a0 match=0a07 multicast=0
05-28 10:09:09.056 834 834 D wpa_supplicant: nl80211: Register frame type=0xd0 (WLAN_FC_STYPE_ACTION) nl_handle=0xe9f037a0 match=0a11 multicast=0
05-28 10:09:09.056 834 834 D wpa_supplicant: nl80211: Register frame type=0xd0 (WLAN_FC_STYPE_ACTION) nl_handle=0xe9f037a0 match=0a0b multicast=0
05-28 10:09:09.058 834 834 D wpa_supplicant: nl80211: Register frame type=0xd0 (WLAN_FC_STYPE_ACTION) nl_handle=0xe9f037a0 match=0a1a multicast=0
05-28 10:09:09.058 834 834 D wpa_supplicant: nl80211: Register frame type=0xd0 (WLAN_FC_STYPE_ACTION) nl_handle=0xe9f037a0 match=1101 multicast=0
05-28 10:09:09.058 834 834 D wpa_supplicant: nl80211: Register frame type=0xd0 (WLAN_FC_STYPE_ACTION) nl_handle=0xe9f037a0 match=1102 multicast=0
05-28 10:09:09.058 834 834 D wpa_supplicant: nl80211: Register frame type=0xd0 (WLAN_FC_STYPE_ACTION) nl_handle=0xe9f037a0 match=0505 multicast=0
05-28 10:09:09.058 834 834 D wpa_supplicant: nl80211: Register frame type=0xd0 (WLAN_FC_STYPE_ACTION) nl_handle=0xe9f037a0 match=0500 multicast=0
05-28 10:09:09.059 834 834 D wpa_supplicant: nl80211: Register frame type=0xd0 (WLAN_FC_STYPE_ACTION) nl_handle=0xe9f037a0 match=1305 multicast=0
05-28 10:09:09.059 834 834 I wpa_supplicant: rfkill: Cannot open RFKILL control device
05-28 10:09:09.059 834 834 D wpa_supplicant: nl80211: RFKILL status not available
05-28 10:09:09.060 834 834 D wpa_supplicant: netlink: Operstate: ifindex=14 linkmode=1 (userspace-control), operstate=5 (IF_OPER_DORMANT)
05-28 10:09:09.063 476 518 W PppoeNetworkFactory: interfaceLinkStateChanged
05-28 10:09:09.063 476 518 D PppoeNetworkFactory: updateInterface: mIface: mPhyIface:eth0 iface:wlan0 link:up
05-28 10:09:09.063 476 518 D PppoeNetworkFactory: not tracker interface
05-28 10:09:09.063 476 518 I EthernetTracker: interfaceLinkStateChanged, iface: wlan0, up: true
05-28 10:09:09.064 476 518 W PppoeNetworkFactory: interfaceLinkStateChanged
05-28 10:09:09.064 476 518 D PppoeNetworkFactory: updateInterface: mIface: mPhyIface:eth0 iface:wlan0 link:up
05-28 10:09:09.064 476 518 D PppoeNetworkFactory: not tracker interface
05-28 10:09:09.064 476 518 I EthernetTracker: interfaceLinkStateChanged, iface: wlan0, up: true
05-28 10:09:09.068 834 834 D wpa_supplicant: Add interface wlan0 to a new radio phy0
05-28 10:09:09.071 834 834 D wpa_supplicant: nl80211: No channel number found for frequency 5920 MHz
05-28 10:09:09.071 834 834 D wpa_supplicant: nl80211: No channel number found for frequency 5940 MHz
05-28 10:09:09.071 834 834 D wpa_supplicant: nl80211: Regulatory information - country=CN (DFS-FCC)
05-28 10:09:09.071 834 834 D wpa_supplicant: nl80211: 2400-2483 @ 40 MHz 20 mBm
05-28 10:09:09.071 834 834 D wpa_supplicant: nl80211: 5150-5350 @ 80 MHz 20 mBm (DFS)
05-28 10:09:09.071 834 834 D wpa_supplicant: nl80211: 5725-5850 @ 80 MHz 33 mBm
05-28 10:09:09.071 834 834 D wpa_supplicant: nl80211: 57240-59400 @ 2160 MHz 28 mBm
05-28 10:09:09.071 834 834 D wpa_supplicant: nl80211: 59400-63720 @ 2160 MHz 44 mBm
05-28 10:09:09.071 834 834 D wpa_supplicant: nl80211: 63720-65880 @ 2160 MHz 28 mBm
05-28 10:09:09.072 834 834 D wpa_supplicant: nl80211: Added 802.11b mode based on 802.11g information
05-28 10:09:09.072 834 834 D wpa_supplicant: nl80211: Mode IEEE 802.11g: 2412 2417 2422 2427 2432 2437 2442 2447 2452 2457 2462 2467 2472 2484[DISABLED]
05-28 10:09:09.072 834 834 D wpa_supplicant: nl80211: Mode IEEE 802.11a: 5170[DISABLED] 5180 5200 5220 5240 5260[RADAR] 5280[RADAR] 5300[RADAR] 5320[RADAR] 5500[DISABLED][RADAR] 5520[DISABLED][RADAR] 5540[DISABLED][RADAR] 5560[DISABLED][RADAR] 5580[DISABLED][RADAR]
05-28 10:09:09.072 834 834 D wpa_supplicant: nl80211: Mode IEEE 802.11b: 2412 2417 2422 2427 2432 2437 2442 2447 2452 2457 2462 2467 2472 2484[DISABLED]
05-28 10:09:09.076 355 468 I Codec2InfoBuilder: adding type 'video/3gpp'
05-28 10:09:09.077 476 750 D NetworkStats: registerNetworkStatsProvider from BpfCoordinator uid/pid=1073/753
05-28 10:09:09.077 476 751 D CompatibilityChangeReporter: Compat change id reported: 168419799; UID 10075; state: DISABLED
05-28 10:09:09.079 369 855 V C2Store : in init
05-28 10:09:09.079 369 855 V C2Store : loading dll
05-28 10:09:09.086 369 369 V C2Store : in ~ComponentModule
05-28 10:09:09.086 369 369 V C2Store : unloading dll
05-28 10:09:09.088 476 476 D NetworkSecurityConfig: No Network Security Config specified, using platform default
05-28 10:09:09.089 476 476 D NetworkSecurityConfig: No Network Security Config specified, using platform default
05-28 10:09:09.092 663 663 D BluetoothDatabase: Load Database
05-28 10:09:09.093 663 663 I BluetoothAdapterService: Phone policy enabled
05-28 10:09:09.094 355 468 I Codec2InfoBuilder: adding type 'video/hevc'
05-28 10:09:09.095 476 518 I ServiceWatcher: [fused] connected to {com.android.location.fused/com.android.location.fused.FusedLocationService}
05-28 10:09:09.099 476 476 E WiredAccessoryManager: No state change.
05-28 10:09:09.100 476 476 W WiredAccessoryManager: Both input event and extcon are used for audio jack, please just choose one.
05-28 10:09:09.100 663 663 D BluetoothActiveDeviceManager: start()
05-28 10:09:09.102 834 834 D wpa_supplicant: wlan0: Own MAC address: b4:2f:03:16:18:c0
05-28 10:09:09.103 834 834 D wpa_supplicant: wpa_driver_nl80211_set_key: ifindex=14 (wlan0) alg=0 addr=0x0 key_idx=0 set_tx=0 seq_len=0 key_len=0 key_flag=0x10
05-28 10:09:09.103 834 834 D wpa_supplicant: nl80211: DEL_KEY
05-28 10:09:09.103 834 834 D wpa_supplicant: broadcast key
05-28 10:09:09.104 753 753 D CompatibilityChangeReporter: Compat change id reported: 147600208; UID 1073; state: ENABLED
05-28 10:09:09.104 834 834 D wpa_supplicant: wpa_driver_nl80211_set_key: ifindex=14 (wlan0) alg=0 addr=0x0 key_idx=1 set_tx=0 seq_len=0 key_len=0 key_flag=0x10
05-28 10:09:09.104 834 834 D wpa_supplicant: nl80211: DEL_KEY
05-28 10:09:09.104 834 834 D wpa_supplicant: broadcast key
05-28 10:09:09.104 834 834 D wpa_supplicant: wpa_driver_nl80211_set_key: ifindex=14 (wlan0) alg=0 addr=0x0 key_idx=2 set_tx=0 seq_len=0 key_len=0 key_flag=0x10
05-28 10:09:09.104 834 834 D wpa_supplicant: nl80211: DEL_KEY
05-28 10:09:09.104 834 834 D wpa_supplicant: broadcast key
05-28 10:09:09.104 834 834 D wpa_supplicant: wpa_driver_nl80211_set_key: ifindex=14 (wlan0) alg=0 addr=0x0 key_idx=3 set_tx=0 seq_len=0 key_len=0 key_flag=0x10
05-28 10:09:09.104 834 834 D wpa_supplicant: nl80211: DEL_KEY
05-28 10:09:09.104 834 834 D wpa_supplicant: broadcast key
05-28 10:09:09.105 834 834 D wpa_supplicant: wpa_driver_nl80211_set_key: ifindex=14 (wlan0) alg=0 addr=0x0 key_idx=4 set_tx=0 seq_len=0 key_len=0 key_flag=0x10
05-28 10:09:09.105 834 834 D wpa_supplicant: nl80211: DEL_KEY
05-28 10:09:09.105 834 834 D wpa_supplicant: broadcast key
05-28 10:09:09.105 834 834 D wpa_supplicant: wpa_driver_nl80211_set_key: ifindex=14 (wlan0) alg=0 addr=0x0 key_idx=5 set_tx=0 seq_len=0 key_len=0 key_flag=0x10
05-28 10:09:09.105 834 834 D wpa_supplicant: nl80211: DEL_KEY
05-28 10:09:09.105 834 834 D wpa_supplicant: broadcast key
05-28 10:09:09.105 834 834 D wpa_supplicant: wlan0: RSN: flushing PMKID list in the driver
05-28 10:09:09.105 834 834 D wpa_supplicant: nl80211: Flush PMKIDs
05-28 10:09:09.107 834 834 D wpa_supplicant: wlan0: State: DISCONNECTED -> INACTIVE
05-28 10:09:09.107 476 476 W TrustManagerService: EXTRA_USER_HANDLE missing or invalid, value=0
05-28 10:09:09.108 834 834 D wpa_supplicant: Notifying state change event to hidl control: 2
05-28 10:09:09.110 369 841 V C2Store : in ~ComponentModule
05-28 10:09:09.110 369 369 V C2Store : in init
05-28 10:09:09.110 369 369 V C2Store : loading dll
05-28 10:09:09.112 369 369 I mediaswcodec: missing struct descriptor #Param::CoreIndex(--004) for field values of struct #Param::CoreIndex(F-12004)
05-28 10:09:09.112 476 750 D CompatibilityChangeReporter: Compat change id reported: 182478738; UID 1073; state: DISABLED
05-28 10:09:09.113 369 841 V C2Store : unloading dll
05-28 10:09:09.115 369 369 D C2SoftHevcEnc: Given level 6000 does not cover current configuration: adjusting to 6001
05-28 10:09:09.118 850 850 D CompatibilityChangeReporter: Compat change id reported: 171979766; UID 10075; state: DISABLED
05-28 10:09:09.121 663 873 D BluetoothActiveDeviceManager: onAudioDevicesAdded
05-28 10:09:09.122 663 873 D BluetoothActiveDeviceManager: Audio device added: DBBOX-A2 type: 2
05-28 10:09:09.122 663 873 D BluetoothActiveDeviceManager: Audio device added: DBBOX-A2 type: 15
05-28 10:09:09.122 663 873 D BluetoothActiveDeviceManager: Audio device added: DBBOX-A2 type: 25
05-28 10:09:09.123 369 369 I mediaswcodec: missing struct descriptor #Param::CoreIndex(--004) for field values of struct #Param::CoreIndex(F-12004)
05-28 10:09:09.125 663 663 D BluetoothAdapterService: setAdapterService() - trying to set service to com.android.bluetooth.btservice.AdapterService@58a5274
05-28 10:09:09.127 369 369 D C2SoftHevcEnc: Given level 6000 does not cover current configuration: adjusting to 6001
05-28 10:09:09.128 476 476 I SystemServerTiming: ManagedServices.unbindOtherUserServices_current0
05-28 10:09:09.133 476 476 I SystemServerTiming: ManagedServices.unbindOtherUserServices_current0
05-28 10:09:09.133 476 476 I SystemServerTiming: ManagedServices.unbindOtherUserServices_current0
05-28 10:09:09.134 834 834 D wpa_supplicant: TDLS: TDLS operation not supported by driver
05-28 10:09:09.134 834 834 D wpa_supplicant: TDLS: Driver uses internal link setup
05-28 10:09:09.134 834 834 D wpa_supplicant: TDLS: Driver does not support TDLS channel switching
05-28 10:09:09.136 183 183 I hwservicemanager: Notifying android.hardware.wifi@1.5::IWifi/default they have clients: 1
05-28 10:09:09.136 834 834 D wpa_supplicant: wlan0: WPS: UUID based on MAC address: 7f8bc6c4-f711-5c9d-b18e-69d5dabb2af9
05-28 10:09:09.137 834 834 D wpa_supplicant: EAPOL: SUPP_PAE entering state DISCONNECTED
05-28 10:09:09.137 834 834 D wpa_supplicant: EAPOL: Supplicant port status: Unauthorized
05-28 10:09:09.137 834 834 D wpa_supplicant: nl80211: Skip set_supp_port(unauthorized) while not associated
05-28 10:09:09.137 834 834 D wpa_supplicant: EAPOL: KEY_RX entering state NO_KEY_RECEIVE
05-28 10:09:09.137 834 834 D wpa_supplicant: EAPOL: SUPP_BE entering state INITIALIZE
05-28 10:09:09.137 834 834 D wpa_supplicant: EAP: EAP entering state DISABLED
05-28 10:09:09.137 834 834 D wpa_supplicant: Using existing control interface directory.
05-28 10:09:09.138 834 834 D wpa_supplicant: ctrl_iface bind(PF_UNIX) failed: Address already in use
05-28 10:09:09.138 834 834 D wpa_supplicant: ctrl_iface exists, but does not allow connections - assuming it was leftover from forced program termination
05-28 10:09:09.139 834 834 D wpa_supplicant: Successfully replaced leftover ctrl_iface socket '/data/vendor/wifi/wpa/sockets/wlan0'
05-28 10:09:09.139 655 655 I HidlLazyUtils: Process has 1 (of 1 available) client(s) in use after notification android.hardware.wifi@1.5::IWifi/default has clients: 1
05-28 10:09:09.139 834 834 D wpa_supplicant: nl80211: Setting wowlan
05-28 10:09:09.140 476 476 V NotificationAssistants: enabling notification assistant for 0: ComponentInfo{android.ext.services/android.ext.services.notification.Assistant}
05-28 10:09:09.142 834 834 D wpa_supplicant: MBO: Update non-preferred channels, non_pref_chan=N/A
05-28 10:09:09.142 834 834 D wpa_supplicant: Registering interface to hidl control: wlan0
05-28 10:09:09.143 271 293 E cutils-trace: Error opening trace file: No such file or directory (2)
05-28 10:09:09.144 834 834 D wpa_supplicant: wlan0: Added interface wlan0
05-28 10:09:09.144 834 834 D wpa_supplicant: wlan0: State: INACTIVE -> DISCONNECTED
05-28 10:09:09.144 834 834 D wpa_supplicant: nl80211: Set wlan0 operstate 0->0 (DORMANT)
05-28 10:09:09.144 834 834 D wpa_supplicant: netlink: Operstate: ifindex=14 linkmode=-1 (no change), operstate=5 (IF_OPER_DORMANT)
05-28 10:09:09.144 834 834 D wpa_supplicant: Notifying state change event to hidl control: 0
05-28 10:09:09.144 834 834 D wpa_supplicant: nl80211: Create interface iftype 10 (P2P_DEVICE)
05-28 10:09:09.145 834 834 D wpa_supplicant: nl80211: New P2P Device interface p2p-dev-wlan0 (0x3) created
05-28 10:09:09.145 834 834 D wpa_supplicant: Override interface parameter: ctrl_interface ('/data/vendor/wifi/wpa/sockets' -> '/data/vendor/wifi/wpa/sockets')
05-28 10:09:09.145 834 834 D wpa_supplicant: Initializing interface 'p2p-dev-wlan0' conf '/data/vendor/wifi/wpa/wpa_supplicant.conf' driver 'nl80211' ctrl_interface '/data/vendor/wifi/wpa/sockets' bridge 'N/A'
05-28 10:09:09.145 834 834 D wpa_supplicant: Configuration file '/data/vendor/wifi/wpa/wpa_supplicant.conf' -> '/data/vendor/wifi/wpa/wpa_supplicant.conf'
05-28 10:09:09.145 834 834 D wpa_supplicant: Reading configuration file '/data/vendor/wifi/wpa/wpa_supplicant.conf'
05-28 10:09:09.145 834 834 D wpa_supplicant: update_config=1
05-28 10:09:09.145 834 834 D wpa_supplicant: eapol_version=1
05-28 10:09:09.145 834 834 D wpa_supplicant: ap_scan=1
05-28 10:09:09.145 834 834 D wpa_supplicant: fast_reauth=1
05-28 10:09:09.145 834 834 D wpa_supplicant: pmf=1
05-28 10:09:09.145 834 834 D wpa_supplicant: p2p_add_cli_chan=1
05-28 10:09:09.145 834 834 D wpa_supplicant: oce=1
05-28 10:09:09.145 834 834 D wpa_supplicant: sae_pwe=2
05-28 10:09:09.146 834 834 D wpa_supplicant: nl80211: Supported cipher 00-0f-ac:1
05-28 10:09:09.146 834 834 D wpa_supplicant: nl80211: Supported cipher 00-0f-ac:5
05-28 10:09:09.146 834 834 D wpa_supplicant: nl80211: Supported cipher 00-0f-ac:2
05-28 10:09:09.146 834 834 D wpa_supplicant: nl80211: Supported cipher 00-0f-ac:4
05-28 10:09:09.146 834 834 D wpa_supplicant: nl80211: Supported cipher 00-14-72:1
05-28 10:09:09.146 834 834 D wpa_supplicant: nl80211: Supported cipher 00-0f-ac:6
05-28 10:09:09.146 834 834 D wpa_supplicant: nl80211: Supported cipher 00-0f-ac:255
05-28 10:09:09.147 834 834 D wpa_supplicant: nl80211: Supported vendor command: vendor_id=0x1374 subcmd=9
05-28 10:09:09.147 834 834 D wpa_supplicant: nl80211: Supported vendor command: vendor_id=0x1374 subcmd=12
05-28 10:09:09.147 834 834 D wpa_supplicant: nl80211: Supported vendor command: vendor_id=0x1374 subcmd=14
05-28 10:09:09.147 834 834 D wpa_supplicant: nl80211: Supported vendor command: vendor_id=0x1374 subcmd=15
05-28 10:09:09.147 834 834 D wpa_supplicant: nl80211: Supported vendor command: vendor_id=0x1374 subcmd=16
05-28 10:09:09.147 834 834 D wpa_supplicant: nl80211: Supported vendor command: vendor_id=0x1374 subcmd=20
05-28 10:09:09.147 834 834 D wpa_supplicant: nl80211: Supported vendor command: vendor_id=0x1a11 subcmd=6
05-28 10:09:09.147 834 834 D wpa_supplicant: nl80211: Supported vendor command: vendor_id=0x1374 subcmd=21
05-28 10:09:09.147 834 834 D wpa_supplicant: nl80211: Supported vendor command: vendor_id=0x1374 subcmd=22
05-28 10:09:09.147 834 834 D wpa_supplicant: nl80211: Supported vendor command: vendor_id=0x1374 subcmd=23
05-28 10:09:09.147 834 834 D wpa_supplicant: nl80211: Supported vendor command: vendor_id=0x1374 subcmd=24
05-28 10:09:09.147 834 834 D wpa_supplicant: nl80211: Supported vendor command: vendor_id=0x1374 subcmd=29
05-28 10:09:09.147 834 834 D wpa_supplicant: nl80211: Supported vendor command: vendor_id=0x1374 subcmd=30
05-28 10:09:09.147 834 834 D wpa_supplicant: nl80211: Supported vendor command: vendor_id=0x1374 subcmd=32
05-28 10:09:09.147 834 834 D wpa_supplicant: nl80211: Supported vendor command: vendor_id=0x1374 subcmd=33
05-28 10:09:09.147 834 834 D wpa_supplicant: nl80211: Supported vendor command: vendor_id=0x1374 subcmd=38
05-28 10:09:09.147 834 834 D wpa_supplicant: nl80211: Supported vendor command: vendor_id=0x1374 subcmd=39
05-28 10:09:09.147 834 834 D wpa_supplicant: nl80211: Supported vendor command: vendor_id=0x1374 subcmd=42
05-28 10:09:09.147 834 834 D wpa_supplicant: nl80211: Supported vendor command: vendor_id=0x1374 subcmd=55
05-28 10:09:09.147 834 834 D wpa_supplicant: nl80211: Supported vendor command: vendor_id=0x1374 subcmd=61
05-28 10:09:09.147 834 834 D wpa_supplicant: nl80211: Supported vendor command: vendor_id=0x1374 subcmd=62
05-28 10:09:09.147 834 834 D wpa_supplicant: nl80211: Supported vendor command: vendor_id=0x1374 subcmd=63
05-28 10:09:09.147 834 834 D wpa_supplicant: nl80211: Supported vendor command: vendor_id=0x1374 subcmd=64
05-28 10:09:09.147 834 834 D wpa_supplicant: nl80211: Supported vendor command: vendor_id=0x1374 subcmd=65
05-28 10:09:09.147 834 834 D wpa_supplicant: nl80211: Supported vendor command: vendor_id=0x1374 subcmd=66
05-28 10:09:09.147 834 834 D wpa_supplicant: nl80211: Supported vendor command: vendor_id=0x1374 subcmd=69
05-28 10:09:09.147 834 834 D wpa_supplicant: nl80211: Supported vendor command: vendor_id=0x1374 subcmd=70
05-28 10:09:09.147 834 834 D wpa_supplicant: nl80211: Supported vendor command: vendor_id=0x1374 subcmd=71
05-28 10:09:09.147 834 834 D wpa_supplicant: nl80211: Supported vendor command: vendor_id=0x1374 subcmd=76
05-28 10:09:09.147 834 834 D wpa_supplicant: nl80211: Supported vendor command: vendor_id=0x1374 subcmd=77
05-28 10:09:09.147 834 834 D wpa_supplicant: nl80211: Supported vendor command: vendor_id=0x1374 subcmd=79
05-28 10:09:09.147 834 834 D wpa_supplicant: nl80211: Supported vendor command: vendor_id=0x1374 subcmd=80
05-28 10:09:09.147 834 834 D wpa_supplicant: nl80211: Supported vendor command: vendor_id=0x1374 subcmd=82
05-28 10:09:09.147 834 834 D wpa_supplicant: nl80211: Supported vendor command: vendor_id=0x1374 subcmd=85
05-28 10:09:09.147 834 834 D wpa_supplicant: nl80211: Supported vendor command: vendor_id=0x1374 subcmd=146
05-28 10:09:09.147 834 834 D wpa_supplicant: nl80211: Supported vendor command: vendor_id=0x1374 subcmd=12
05-28 10:09:09.147 834 834 D wpa_supplicant: nl80211: Supported vendor command: vendor_id=0x1374 subcmd=128
05-28 10:09:09.147 834 834 D wpa_supplicant: nl80211: Supported vendor command: vendor_id=0x1374 subcmd=129
05-28 10:09:09.147 834 834 D wpa_supplicant: nl80211: Supported vendor command: vendor_id=0x1374 subcmd=130
05-28 10:09:09.147 834 834 D wpa_supplicant: nl80211: Supported vendor command: vendor_id=0x1374 subcmd=133
05-28 10:09:09.147 834 834 D wpa_supplicant: nl80211: Supported vendor command: vendor_id=0x1374 subcmd=176
05-28 10:09:09.147 834 834 D wpa_supplicant: nl80211: Supported vendor event: vendor_id=0x1374 subcmd=80
05-28 10:09:09.147 834 834 D wpa_supplicant: nl80211: Supported vendor event: vendor_id=0x1374 subcmd=1
05-28 10:09:09.147 834 834 D wpa_supplicant: nl80211: Supported vendor event: vendor_id=0x1374 subcmd=1
05-28 10:09:09.147 834 834 D wpa_supplicant: nl80211: Supported vendor event: vendor_id=0x1374 subcmd=1
05-28 10:09:09.147 834 834 D wpa_supplicant: nl80211: Supported vendor event: vendor_id=0x1374 subcmd=1
05-28 10:09:09.147 834 834 D wpa_supplicant: nl80211: Supported vendor event: vendor_id=0x1374 subcmd=1
05-28 10:09:09.147 834 834 D wpa_supplicant: nl80211: Supported vendor event: vendor_id=0x1374 subcmd=20
05-28 10:09:09.147 834 834 D wpa_supplicant: nl80211: Supported vendor event: vendor_id=0x1374 subcmd=21
05-28 10:09:09.147 834 834 D wpa_supplicant: nl80211: Supported vendor event: vendor_id=0x1374 subcmd=23
05-28 10:09:09.147 834 834 D wpa_supplicant: nl80211: Supported vendor event: vendor_id=0x1374 subcmd=24
05-28 10:09:09.147 834 834 D wpa_supplicant: nl80211: Supported vendor event: vendor_id=0x1374 subcmd=25
05-28 10:09:09.147 834 834 D wpa_supplicant: nl80211: Supported vendor event: vendor_id=0x1374 subcmd=26
05-28 10:09:09.147 834 834 D wpa_supplicant: nl80211: Supported vendor event: vendor_id=0x1374 subcmd=27
05-28 10:09:09.147 834 834 D wpa_supplicant: nl80211: Supported vendor event: vendor_id=0x1374 subcmd=28
05-28 10:09:09.147 834 834 D wpa_supplicant: nl80211: Supported vendor event: vendor_id=0x1374 subcmd=41
05-28 10:09:09.147 834 834 D wpa_supplicant: nl80211: Supported vendor event: vendor_id=0x1374 subcmd=29
05-28 10:09:09.147 834 834 D wpa_supplicant: nl80211: Supported vendor event: vendor_id=0x1374 subcmd=30
05-28 10:09:09.147 834 834 D wpa_supplicant: nl80211: Supported vendor event: vendor_id=0x1374 subcmd=31
05-28 10:09:09.147 834 834 D wpa_supplicant: nl80211: Supported vendor event: vendor_id=0x1374 subcmd=32
05-28 10:09:09.147 834 834 D wpa_supplicant: nl80211: Supported vendor event: vendor_id=0x1374 subcmd=33
05-28 10:09:09.147 834 834 D wpa_supplicant: nl80211: Supported vendor event: vendor_id=0x0 subcmd=0
05-28 10:09:09.147 834 834 D wpa_supplicant: nl80211: Supported vendor event: vendor_id=0x0 subcmd=0
05-28 10:09:09.148 834 834 D wpa_supplicant: nl80211: Supported vendor event: vendor_id=0x0 subcmd=0
05-28 10:09:09.148 834 834 D wpa_supplicant: nl80211: Supported vendor event: vendor_id=0x0 subcmd=0
05-28 10:09:09.148 834 834 D wpa_supplicant: nl80211: Supported vendor event: vendor_id=0x0 subcmd=0
05-28 10:09:09.148 834 834 D wpa_supplicant: nl80211: Supported vendor event: vendor_id=0x0 subcmd=0
05-28 10:09:09.148 834 834 D wpa_supplicant: nl80211: Supported vendor event: vendor_id=0x0 subcmd=0
05-28 10:09:09.148 834 834 D wpa_supplicant: nl80211: Supported vendor event: vendor_id=0x0 subcmd=0
05-28 10:09:09.148 834 834 D wpa_supplicant: nl80211: Supported vendor event: vendor_id=0x0 subcmd=0
05-28 10:09:09.148 834 834 D wpa_supplicant: nl80211: Supported vendor event: vendor_id=0x0 subcmd=0
05-28 10:09:09.148 834 834 D wpa_supplicant: nl80211: Supported vendor event: vendor_id=0x0 subcmd=0
05-28 10:09:09.148 834 834 D wpa_supplicant: nl80211: Supported vendor event: vendor_id=0x0 subcmd=0
05-28 10:09:09.148 834 834 D wpa_supplicant: nl80211: Supported vendor event: vendor_id=0x1374 subcmd=5120
05-28 10:09:09.148 834 834 D wpa_supplicant: nl80211: Supported vendor event: vendor_id=0x0 subcmd=0
05-28 10:09:09.148 834 834 D wpa_supplicant: nl80211: Supported vendor event: vendor_id=0x0 subcmd=0
05-28 10:09:09.148 834 834 D wpa_supplicant: nl80211: Supported vendor event: vendor_id=0x0 subcmd=0
05-28 10:09:09.148 834 834 D wpa_supplicant: nl80211: Supported vendor event: vendor_id=0x0 subcmd=0
05-28 10:09:09.148 834 834 D wpa_supplicant: nl80211: Supported vendor event: vendor_id=0x0 subcmd=0
05-28 10:09:09.148 834 834 D wpa_supplicant: nl80211: Supported vendor event: vendor_id=0x0 subcmd=0
05-28 10:09:09.148 834 834 D wpa_supplicant: nl80211: Supported vendor event: vendor_id=0x0 subcmd=0
05-28 10:09:09.148 834 834 D wpa_supplicant: nl80211: Supported vendor event: vendor_id=0x0 subcmd=0
05-28 10:09:09.148 834 834 D wpa_supplicant: nl80211: Supported vendor event: vendor_id=0x0 subcmd=0
05-28 10:09:09.148 834 834 D wpa_supplicant: nl80211: Supported vendor event: vendor_id=0x0 subcmd=0
05-28 10:09:09.148 834 834 D wpa_supplicant: nl80211: Supported vendor event: vendor_id=0x0 subcmd=0
05-28 10:09:09.148 834 834 D wpa_supplicant: nl80211: Supported vendor event: vendor_id=0x0 subcmd=0
05-28 10:09:09.148 834 834 D wpa_supplicant: nl80211: Supported vendor event: vendor_id=0x0 subcmd=0
05-28 10:09:09.148 834 834 D wpa_supplicant: nl80211: Supported vendor event: vendor_id=0x0 subcmd=0
05-28 10:09:09.148 834 834 D wpa_supplicant: nl80211: Supported vendor event: vendor_id=0x0 subcmd=0
05-28 10:09:09.148 834 834 D wpa_supplicant: nl80211: Supported vendor event: vendor_id=0x0 subcmd=0
05-28 10:09:09.148 834 834 D wpa_supplicant: nl80211: Supported vendor event: vendor_id=0x0 subcmd=0
05-28 10:09:09.148 834 834 D wpa_supplicant: nl80211: Supported vendor event: vendor_id=0x0 subcmd=0
05-28 10:09:09.148 834 834 D wpa_supplicant: nl80211: Supported vendor event: vendor_id=0x0 subcmd=0
05-28 10:09:09.148 834 834 D wpa_supplicant: nl80211: Supported vendor event: vendor_id=0x0 subcmd=0
05-28 10:09:09.148 834 834 D wpa_supplicant: nl80211: Supported vendor event: vendor_id=0x0 subcmd=0
05-28 10:09:09.148 834 834 D wpa_supplicant: nl80211: Supported vendor event: vendor_id=0x0 subcmd=0
05-28 10:09:09.148 834 834 D wpa_supplicant: nl80211: Supported vendor event: vendor_id=0x0 subcmd=0
05-28 10:09:09.148 834 834 D wpa_supplicant: nl80211: Supported vendor event: vendor_id=0x0 subcmd=0
05-28 10:09:09.148 834 834 D wpa_supplicant: nl80211: Supported vendor event: vendor_id=0x0 subcmd=0
05-28 10:09:09.148 834 834 D wpa_supplicant: nl80211: Supported vendor event: vendor_id=0x0 subcmd=0
05-28 10:09:09.148 834 834 D wpa_supplicant: nl80211: Supported vendor event: vendor_id=0x0 subcmd=0
05-28 10:09:09.148 834 834 D wpa_supplicant: nl80211: Supported vendor event: vendor_id=0x0 subcmd=0
05-28 10:09:09.148 834 834 D wpa_supplicant: nl80211: Supported vendor event: vendor_id=0x0 subcmd=0
05-28 10:09:09.148 834 834 D wpa_supplicant: nl80211: Supported vendor event: vendor_id=0x0 subcmd=0
05-28 10:09:09.148 834 834 D wpa_supplicant: nl80211: Supported vendor event: vendor_id=0x0 subcmd=0
05-28 10:09:09.148 834 834 D wpa_supplicant: nl80211: Supported vendor event: vendor_id=0x1374 subcmd=131
05-28 10:09:09.148 834 834 D wpa_supplicant: nl80211: Supported vendor event: vendor_id=0x1374 subcmd=132
05-28 10:09:09.148 834 834 D wpa_supplicant: nl80211: Supported vendor event: vendor_id=0x0 subcmd=0
05-28 10:09:09.148 834 834 D wpa_supplicant: nl80211: Supported vendor event: vendor_id=0x0 subcmd=0
05-28 10:09:09.148 834 834 D wpa_supplicant: nl80211: Supported vendor event: vendor_id=0x0 subcmd=0
05-28 10:09:09.148 834 834 D wpa_supplicant: nl80211: Supported vendor event: vendor_id=0x0 subcmd=0
05-28 10:09:09.148 834 834 D wpa_supplicant: nl80211: Supported vendor event: vendor_id=0x0 subcmd=0
05-28 10:09:09.148 834 834 D wpa_supplicant: nl80211: Supported vendor event: vendor_id=0x0 subcmd=0
05-28 10:09:09.148 834 834 D wpa_supplicant: nl80211: Supported vendor event: vendor_id=0x1374 subcmd=72
05-28 10:09:09.149 834 834 D wpa_supplicant: nl80211: Use separate P2P group interface (driver advertised support)
05-28 10:09:09.149 834 834 D wpa_supplicant: nl80211: Enable multi-channel concurrent (driver advertised support)
05-28 10:09:09.149 834 834 D wpa_supplicant: nl80211: use P2P_DEVICE support
05-28 10:09:09.149 834 834 D wpa_supplicant: nl80211: key_mgmt=0xd0f enc=0x10f auth=0x7 flags=0x100100007a007ac0 rrm_flags=0x0 probe_resp_offloads=0x0 max_stations=10 max_remain_on_chan=5000 max_scan_ssids=12
05-28 10:09:09.149 834 834 D wpa_supplicant: nl80211: interface p2p-dev-wlan0 in phy phy0
05-28 10:09:09.149 834 834 D wpa_supplicant: nl80211: Set mode ifindex 0 iftype 10 (P2P_DEVICE)
05-28 10:09:09.149 834 834 D wpa_supplicant: nl80211: Failed to set interface 0 to mode 10: -22 (Invalid argument)
05-28 10:09:09.149 476 476 V NotificationAssistants: binding: Intent { act=android.service.notification.NotificationAssistantService cmp=android.ext.services/.notification.Assistant (has extras) }
05-28 10:09:09.150 355 468 D Codec2InfoBuilder: codec entry for 'c2.android.hevc.encoder' is disabled
05-28 10:09:09.150 834 834 D wpa_supplicant: nl80211: Subscribe to mgmt frames with non-AP handle 0xe9f03848
05-28 10:09:09.150 834 834 D wpa_supplicant: nl80211: Register frame type=0xb0 (WLAN_FC_STYPE_AUTH) nl_handle=0xe9f03848 match=0300 multicast=0
05-28 10:09:09.150 834 834 D wpa_supplicant: nl80211: Register frame command failed (type=176): ret=-22 (Invalid argument)
05-28 10:09:09.150 369 855 V C2Store : in init
05-28 10:09:09.150 369 855 V C2Store : loading dll
05-28 10:09:09.151 369 841 V C2Store : in ~ComponentModule
05-28 10:09:09.151 369 841 V C2Store : unloading dll
05-28 10:09:09.151 834 834 D wpa_supplicant: nl80211: Register frame match - hexdump(len=2): 03 00
05-28 10:09:09.151 834 834 D wpa_supplicant: nl80211: Register frame type=0xd0 (WLAN_FC_STYPE_ACTION) nl_handle=0xe9f03848 match=0104 multicast=0
05-28 10:09:09.151 834 834 D wpa_supplicant: nl80211: Register frame type=0xd0 (WLAN_FC_STYPE_ACTION) nl_handle=0xe9f03848 match=040a multicast=0
05-28 10:09:09.151 834 834 D wpa_supplicant: nl80211: Register frame type=0xd0 (WLAN_FC_STYPE_ACTION) nl_handle=0xe9f03848 match=040b multicast=0
05-28 10:09:09.151 834 834 D wpa_supplicant: nl80211: Register frame type=0xd0 (WLAN_FC_STYPE_ACTION) nl_handle=0xe9f03848 match=040c multicast=0
05-28 10:09:09.152 834 834 D wpa_supplicant: nl80211: Register frame type=0xd0 (WLAN_FC_STYPE_ACTION) nl_handle=0xe9f03848 match=040d multicast=0
05-28 10:09:09.152 834 834 D wpa_supplicant: nl80211: Register frame type=0xd0 (WLAN_FC_STYPE_ACTION) nl_handle=0xe9f03848 match=090a multicast=0
05-28 10:09:09.152 834 834 D wpa_supplicant: nl80211: Register frame type=0xd0 (WLAN_FC_STYPE_ACTION) nl_handle=0xe9f03848 match=090b multicast=0
05-28 10:09:09.152 834 834 D wpa_supplicant: nl80211: Register frame type=0xd0 (WLAN_FC_STYPE_ACTION) nl_handle=0xe9f03848 match=090c multicast=0
05-28 10:09:09.152 834 834 D wpa_supplicant: nl80211: Register frame type=0xd0 (WLAN_FC_STYPE_ACTION) nl_handle=0xe9f03848 match=090d multicast=0
05-28 10:09:09.152 834 834 D wpa_supplicant: nl80211: Register frame type=0xd0 (WLAN_FC_STYPE_ACTION) nl_handle=0xe9f03848 match=0409506f9a09 multicast=0
05-28 10:09:09.153 753 753 V WifiManager: registerSoftApCallback: callback=com.android.networkstack.tethering.Tethering$TetheringSoftApCallback@fdeb80e, executor=com.android.networkstack.tethering.Tethering$TetheringThreadExecutor@6bcd22f
05-28 10:09:09.153 834 834 D wpa_supplicant: nl80211: Register frame type=0xd0 (WLAN_FC_STYPE_ACTION) nl_handle=0xe9f03848 match=7f506f9a09 multicast=0
05-28 10:09:09.153 834 834 D wpa_supplicant: nl80211: Register frame type=0xd0 (WLAN_FC_STYPE_ACTION) nl_handle=0xe9f03848 match=0409506f9a1a multicast=0
05-28 10:09:09.154 834 834 D wpa_supplicant: nl80211: Register frame type=0xd0 (WLAN_FC_STYPE_ACTION) nl_handle=0xe9f03848 match=0801 multicast=0
05-28 10:09:09.154 834 834 D wpa_supplicant: nl80211: Register frame type=0xd0 (WLAN_FC_STYPE_ACTION) nl_handle=0xe9f03848 match=06 multicast=0
05-28 10:09:09.154 834 834 D wpa_supplicant: nl80211: Register frame type=0xd0 (WLAN_FC_STYPE_ACTION) nl_handle=0xe9f03848 match=0a07 multicast=0
05-28 10:09:09.154 834 834 D wpa_supplicant: nl80211: Register frame type=0xd0 (WLAN_FC_STYPE_ACTION) nl_handle=0xe9f03848 match=0a11 multicast=0
05-28 10:09:09.154 834 834 D wpa_supplicant: nl80211: Register frame type=0xd0 (WLAN_FC_STYPE_ACTION) nl_handle=0xe9f03848 match=0a0b multicast=0
05-28 10:09:09.154 834 834 D wpa_supplicant: nl80211: Register frame type=0xd0 (WLAN_FC_STYPE_ACTION) nl_handle=0xe9f03848 match=0a1a multicast=0
05-28 10:09:09.154 834 834 D wpa_supplicant: nl80211: Register frame type=0xd0 (WLAN_FC_STYPE_ACTION) nl_handle=0xe9f03848 match=1101 multicast=0
05-28 10:09:09.154 834 834 D wpa_supplicant: nl80211: Register frame type=0xd0 (WLAN_FC_STYPE_ACTION) nl_handle=0xe9f03848 match=1102 multicast=0
05-28 10:09:09.155 834 834 D wpa_supplicant: nl80211: Register frame type=0xd0 (WLAN_FC_STYPE_ACTION) nl_handle=0xe9f03848 match=0505 multicast=0
