05-28 10:09:07.192 476 476 I SystemServiceManager: Starting com.android.server.voiceinteraction.VoiceInteractionManagerService
05-28 10:09:07.203 476 476 I SystemServerTiming: StartAppHibernationService
05-28 10:09:07.204 476 476 I SystemServiceManager: Starting com.android.server.apphibernation.AppHibernationService
05-28 10:09:07.208 476 476 I SystemServerTiming: StartGestureLauncher
05-28 10:09:07.208 476 476 I SystemServiceManager: Starting com.android.server.GestureLauncherService
05-28 10:09:07.208 476 476 I SystemServerTiming: StartSensorNotification
05-28 10:09:07.208 476 476 I SystemServiceManager: Starting com.android.server.SensorNotificationService
05-28 10:09:07.208 476 476 I SystemServerTiming: StartDiskStatsService
05-28 10:09:07.212 476 476 I SystemServerTiming: RuntimeService
05-28 10:09:07.213 476 476 I SystemServerTiming: StartNetworkTimeUpdateService
05-28 10:09:07.214 476 476 I SystemServerTiming: CertBlacklister
05-28 10:09:07.215 476 476 I SystemServerTiming: StartEmergencyAffordanceService
05-28 10:09:07.216 476 476 I SystemServiceManager: Starting com.android.server.emergency.EmergencyAffordanceService
05-28 10:09:07.217 476 515 I SystemServerTimingAsync: InitThreadPoolExec:startBlobStoreManagerService
05-28 10:09:07.217 476 515 D SystemServerInitThreadPool: Started executing startBlobStoreManagerService
05-28 10:09:07.217 476 515 I SystemServerTimingAsync: startBlobStoreManagerService
05-28 10:09:07.221 476 476 I SystemServerTiming: StartDreamManager
05-28 10:09:07.224 476 515 I SystemServiceManager: Starting com.android.server.blob.BlobStoreManagerService
05-28 10:09:07.224 476 476 I SystemServiceManager: Starting com.android.server.dreams.DreamManagerService
05-28 10:09:07.225 476 476 I SystemServerTiming: AddGraphicsStatsService
05-28 10:09:07.228 264 264 I EventThread: type=1400 audit(0.0:330): avc: denied { search } for name="extcon" dev="sysfs" ino=18109 scontext=u:r:hal_tv_cec_default:s0 tcontext=u:object_r:sysfs_extcon:s0 tclass=dir permissive=1
05-28 10:09:07.232 476 515 D SystemServerInitThreadPool: Finished executing startBlobStoreManagerService
05-28 10:09:07.237 476 476 I SystemServerTiming: StartRestrictionManager
05-28 10:09:07.237 476 476 I SystemServiceManager: Starting com.android.server.restrictions.RestrictionsManagerService
05-28 10:09:07.239 476 476 I SystemServerTiming: StartMediaSessionService
05-28 10:09:07.240 476 476 I SystemServiceManager: Starting com.android.server.media.MediaSessionService
05-28 10:09:07.245 476 476 I SystemServerTiming: StartHdmiControlService
05-28 10:09:07.246 476 476 I SystemServiceManager: Starting com.android.server.hdmi.HdmiControlService
05-28 10:09:07.255 183 183 I hwservicemanager: getTransport: Cannot find entry android.hardware.tv.cec@1.1::IHdmiCec/default in either framework or device VINTF manifest.
05-28 10:09:07.255 476 476 E HDMI : [1]:Couldn't connect to cec@1.1java.util.NoSuchElementException
05-28 10:09:07.256 476 476 W HDMI : [1]:Couldn't get tv.cec service.
05-28 10:09:07.256 476 476 W HDMI : [1]:Unable to use cec@1.1
05-28 10:09:07.257 476 476 I android_os_HwBinder: HwBinder: Starting thread pool for getting: android.hardware.tv.cec@1.0::IHdmiCec/default
05-28 10:09:07.261 476 476 I HdmiControlService: Device does not support MHL-control.
05-28 10:09:07.262 264 264 D hdmi-cec: setOption, flag=0x0005, value=0x007a686f
05-28 10:09:07.270 264 264 D hdmi-cec: reset logical address to broadcast
01-01 08:00:19.275 264 264 E : [CEC]cec_CfgLogicAddr failed
01-01 08:00:19.281 264 264 E : [CEC]cec_CfgLogicAddr failed
05-28 10:09:07.277 264 264 D hdmi-cec: reset logical address to broadcast
05-28 10:09:07.284 476 644 W HDMI : [1]:Failed to send a polling message(4->4) with return code 3
05-28 10:09:07.290 476 520 W IorapForwardingService: No service published for: iorapd
05-28 10:09:07.291 476 493 I system_server: Background young concurrent copying GC freed 89742(5061KB) AllocSpace objects, 18(532KB) LOS objects, 36% free, 8410KB/12MB, paused 289us total 164.244ms
05-28 10:09:07.296 476 476 I SystemServerTiming: StartTvInputManager
05-28 10:09:07.296 476 476 I SystemServiceManager: Starting com.android.server.tv.TvInputManagerService
05-28 10:09:07.299 183 183 I hwservicemanager: getTransport: Cannot find entry android.hardware.tv.input@1.0::ITvInput/default in either framework or device VINTF manifest.
05-28 10:09:07.300 476 476 E TvInputHal: Couldn't get tv.input service.
05-28 10:09:07.303 476 476 I SystemServerTiming: StartMediaResourceMonitor
05-28 10:09:07.303 476 476 I SystemServiceManager: Starting com.android.server.media.MediaResourceMonitorService
05-28 10:09:07.303 476 476 I SystemServerTiming: StartTvRemoteService
05-28 10:09:07.304 476 476 I SystemServiceManager: Starting com.android.server.tv.TvRemoteService
05-28 10:09:07.304 476 476 I SystemServerTiming: StartMediaRouterService
05-28 10:09:07.304 476 476 V HistoricalRegistry: Interaction before persistence initialized
05-28 10:09:07.306 476 476 I SystemServerTiming: StartBiometricService
05-28 10:09:07.306 476 476 I SystemServiceManager: Starting com.android.server.biometrics.BiometricService
05-28 10:09:07.310 476 476 I SystemServerTiming: StartAuthService
05-28 10:09:07.310 476 476 I SystemServiceManager: Starting com.android.server.biometrics.AuthService
05-28 10:09:07.313 476 476 I SystemServerTiming: StartBackgroundDexOptService
05-28 10:09:07.313 476 476 W BackgroundDexOptService: SysProp pm.dexopt.downgrade_after_inactive_days not set
05-28 10:09:07.314 476 476 I SystemServerTiming: StartDynamicCodeLoggingService
05-28 10:09:07.315 476 476 I SystemServerTiming: StartPruneInstantAppsJobService
05-28 10:09:07.316 476 476 I SystemServerTiming: StartShortcutServiceLifecycle
05-28 10:09:07.316 476 476 I SystemServiceManager: Starting com.android.server.pm.ShortcutService$Lifecycle
05-28 10:09:07.320 476 476 V HistoricalRegistry: Interaction before persistence initialized
05-28 10:09:07.321 476 476 I SystemServerTiming: StartLauncherAppsService
05-28 10:09:07.321 476 476 I SystemServiceManager: Starting com.android.server.pm.LauncherAppsService
05-28 10:09:07.324 476 476 I SystemServerTiming: StartCrossProfileAppsService
05-28 10:09:07.324 476 476 I SystemServiceManager: Starting com.android.server.pm.CrossProfileAppsService
05-28 10:09:07.325 476 476 I SystemServerTiming: StartPeopleService
05-28 10:09:07.325 476 476 I SystemServiceManager: Starting com.android.server.people.PeopleService
05-28 10:09:07.325 476 476 I SystemServerTiming: StartMediaMetricsManager
05-28 10:09:07.325 476 476 I SystemServiceManager: Starting com.android.server.media.metrics.MediaMetricsManagerService
05-28 10:09:07.327 476 476 I SystemServerTiming: StartMediaProjectionManager
05-28 10:09:07.327 476 476 I SystemServiceManager: Starting com.android.server.media.projection.MediaProjectionManagerService
05-28 10:09:07.329 476 476 V MediaRouter: Selecting route: RouteInfo{ name=手机, description=null, status=null, category=RouteCategory{ name=系统 types=ROUTE_TYPE_LIVE_AUDIO ROUTE_TYPE_LIVE_VIDEO groupable=false }, supportedTypes=ROUTE_TYPE_LIVE_AUDIO ROUTE_TYPE_LIVE_VIDEO , presentationDisplay=null }
05-28 10:09:07.329 476 476 I MediaRouter: Skip setBluetoothA2dpOn(): types=8388615, isPlaybackActive()=false, BT route=null
05-28 10:09:07.330 476 476 I SystemServerTiming: StartSliceManagerService
05-28 10:09:07.330 476 476 I SystemServiceManager: Starting com.android.server.slice.SliceManagerService$Lifecycle
05-28 10:09:07.333 476 476 I SystemServerTiming: StartStatsCompanion
05-28 10:09:07.341 476 476 I SystemServiceManager: Starting com.android.server.stats.StatsCompanion$Lifecycle
05-28 10:09:07.344 476 476 I SystemServerTiming: StartRebootReadinessManagerService
05-28 10:09:07.354 476 476 I SystemServiceManager: Starting com.android.server.scheduling.RebootReadinessManagerService$Lifecycle
05-28 10:09:07.359 476 476 I TetheringManager: registerTetheringEventCallback:android
05-28 10:09:07.360 476 476 I TetheringManager: registerTetheringEventCallback caller:android
05-28 10:09:07.361 476 476 I SystemServerTiming: StartStatsPullAtomService
05-28 10:09:07.361 476 476 I SystemServiceManager: Starting com.android.server.stats.pull.StatsPullAtomService
05-28 10:09:07.361 476 476 I SystemServerTiming: StartIncidentCompanionService
05-28 10:09:07.361 476 476 I SystemServiceManager: Starting com.android.server.incident.IncidentCompanionService
05-28 10:09:07.362 476 476 I SystemServerTiming: StartMmsService
05-28 10:09:07.362 476 476 I SystemServiceManager: Starting com.android.server.MmsServiceBroker
05-28 10:09:07.363 476 476 I SystemServerTiming: StartAutoFillService
05-28 10:09:07.363 476 476 I SystemServiceManager: Starting com.android.server.autofill.AutofillManagerService
05-28 10:09:07.364 476 476 D AutofillManagerService: setLogLevelFromSettings(): level=2, debug=true, verbose=false
05-28 10:09:07.365 476 476 D AutofillManagerService: setMaxPartitionsFromSettings(): 10
05-28 10:09:07.365 476 476 D AutofillManagerService: setMaxVisibleDatasetsFromSettings(): 0
05-28 10:09:07.365 476 519 D AutofillUI: destroySaveUiUiThread(): already destroyed
05-28 10:09:07.365 476 476 D AutofillManagerServiceImpl: Reset component for user 0:
05-28 10:09:07.368 476 476 D SystemServer: TranslationService not defined by OEM
05-28 10:09:07.368 476 476 I SystemServerTiming: StartClipboardService
05-28 10:09:07.368 476 476 I SystemServiceManager: Starting com.android.server.clipboard.ClipboardService
05-28 10:09:07.372 476 476 I SystemServerTiming: AppServiceManager
05-28 10:09:07.373 476 476 I SystemServiceManager: Starting com.android.server.appbinding.AppBindingService$Lifecycle
05-28 10:09:07.374 476 476 I SystemServerTiming: startTracingServiceProxy
05-28 10:09:07.374 476 476 I SystemServiceManager: Starting com.android.server.tracing.TracingServiceProxy
05-28 10:09:07.376 476 476 I SystemServerTiming: startOranthService
05-28 10:09:07.376 476 476 I SystemServiceManager: Starting com.android.server.oranth.OranthManagerService$Lifecycle
05-28 10:09:07.376 476 476 I OranthManagerService: -------------- OranthManagerService --------------
05-28 10:09:07.377 182 182 E SELinux : avc: denied { add } for pid=476 uid=1000 name=oranth_manager scontext=u:r:system_server:s0 tcontext=u:object_r:default_android_service:s0 tclass=service_manager permissive=1
05-28 10:09:07.377 476 476 I SystemServerTiming: MakeLockSettingsServiceReady
05-28 10:09:07.377 243 247 I ServiceManager: Waiting for service 'statscompanion' on '/dev/binder' successful after waiting 1314ms
05-28 10:09:07.383 183 183 I hwservicemanager: getTransport: Cannot find entry android.hardware.weaver@1.0::IWeaver/default in either framework or device VINTF manifest.
05-28 10:09:07.383 476 476 I SyntheticPasswordManager: Device does not support weaver
05-28 10:09:07.384 183 183 I hwservicemanager: getTransport: Cannot find entry android.hardware.authsecret@1.0::IAuthSecret/default in either framework or device VINTF manifest.
05-28 10:09:07.384 476 476 I LockSettingsService: Device doesn't implement AuthSecret HAL
05-28 10:09:07.385 476 476 I SystemServerTiming: StartBootPhaseLockSettingsReady
05-28 10:09:07.386 476 476 I SystemServiceManager: Starting phase 480
05-28 10:09:07.386 476 476 I SystemServerTiming: OnBootPhase_480
05-28 10:09:07.386 476 476 D SoundTriggerService: onBootPhase: 480 : false
05-28 10:09:07.387 476 476 W ShortcutService: Clock rewound
05-28 10:09:07.388 476 476 I SystemServerTiming: StartBootPhaseSystemServicesReady
05-28 10:09:07.388 476 476 I SystemServiceManager: Starting phase 500
05-28 10:09:07.388 476 476 I SystemServerTiming: OnBootPhase_500
05-28 10:09:07.388 476 476 E StatsPullAtomCallbackImpl: Failed to start PowerStatsService statsd pullers
05-28 10:09:07.392 476 476 D ConnectivityService: requestNetwork for uid/pid:1000/476 activeRequest: null callbackRequest: 9 [NetworkRequest [ REQUEST id=10, [ Capabilities: INTERNET&NOT_RESTRICTED&TRUSTED&NOT_VCN_MANAGED Uid: 1000 RequestorUid: 1000 RequestorPkg: android] ]] callback flags: 0 priority: 2147483647
05-28 10:09:07.392 476 476 E BatteryStatsService: Could not register PowerStatsInternal
05-28 10:09:07.392 476 615 D ConnectivityService: NetReassign [no changes]
05-28 10:09:07.395 476 476 V HintManagerService: Initializing HintManager service...
05-28 10:09:07.396 476 476 V HistoricalRegistry: Interaction before persistence initialized
05-28 10:09:07.398 476 476 D AppStandbyController: Setting app idle enabled state
05-28 10:09:07.401 476 476 V HistoricalRegistry: Interaction before persistence initialized
05-28 10:09:07.408 476 476 V VibratorManagerService: Initializing VibratorManager service...
05-28 10:09:07.408 476 476 V HistoricalRegistry: Interaction before persistence initialized
05-28 10:09:07.409 476 476 V VibratorManagerService: VibratorManager service initialized
05-28 10:09:07.410 476 476 E LazyAlarmStore: Removed TIME_TICK alarm
05-28 10:09:07.411 476 537 I DropBoxManagerService: add tag=system_server_wtf isTagEnabled=true flags=0x2
05-28 10:09:07.414 476 615 D ConnectivityService: NetReassign [no changes]
05-28 10:09:07.418 476 476 I ActivityTaskManager: Config changes=200 {1.0 ?mcc?mnc [zh_CN] ldltr sw720dp w1280dp h696dp 240dpi xlrg long land television -touch qwerty/v/v dpad/v winConfig={ mBounds=Rect(0, 0 - 1920, 1080) mAppBounds=Rect(0, 0 - 1920, 1080) mMaxBounds=Rect(0, 0 - 1920, 1080) mWindowingMode=fullscreen mDisplayWindowingMode=fullscreen mActivityType=undefined mAlwaysOnTop=undefined mRotation=ROTATION_0} s.4 ?fontWeightAdjustment}
05-28 10:09:07.421 476 476 I WindowManager: Override config changes=200 {1.0 ?mcc?mnc [zh_CN] ldltr sw720dp w1280dp h696dp 240dpi xlrg long land television -touch qwerty/v/v dpad/v winConfig={ mBounds=Rect(0, 0 - 1920, 1080) mAppBounds=Rect(0, 0 - 1920, 1080) mMaxBounds=Rect(0, 0 - 1920, 1080) mWindowingMode=fullscreen mDisplayWindowingMode=fullscreen mActivityType=undefined mAlwaysOnTop=undefined mRotation=ROTATION_0} s.4 ?fontWeightAdjustment} for displayId=0
05-28 10:09:07.423 476 476 D TestHarnessModeService: Setting up test harness mode
05-28 10:09:07.423 476 476 D TestHarnessModeService: Getting PersistentDataBlockManagerInternal from LocalServices
05-28 10:09:07.436 476 476 V HistoricalRegistry: Interaction before persistence initialized
05-28 10:09:07.438 476 476 W NetworkPolicy: setRestrictBackgroundUL: already false
05-28 10:09:07.439 476 476 I WifiScanningService: Starting wifiscanner
05-28 10:09:07.442 476 476 I EthernetServiceImpl: Starting Ethernet service
05-28 10:09:07.444 476 476 D EthernetTracker: Interface match regexp set to 'eth\d'
05-28 10:09:07.446 476 476 D Ethernet: Registering NetworkFactory
05-28 10:09:07.447 476 615 D ConnectivityService: Got NetworkProvider Messenger for Ethernet
05-28 10:09:07.448 476 476 E IpConfigStore: Error opening configuration file: java.io.FileNotFoundException: /data/misc/ethernet/ipconfig.txt: open failed: ENOENT (No such file or directory)
05-28 10:09:07.448 476 476 I PppoeServiceImpl: Starting PPPOE service
05-28 10:09:07.450 476 649 I EthernetTracker: maybeTrackInterface: eth0
05-28 10:09:07.453 476 608 W WifiXmlUtil: Ignoring unknown value name found: CarrierMerged
05-28 10:09:07.455 476 608 W WifiXmlUtil: Ignoring unknown value name found: CaptivePortalNeverDetected
05-28 10:09:07.452 327 327 I xiriservice_All: type=1400 audit(0.0:331): avc: denied { read } for scontext=u:r:init:s0 tcontext=u:r:init:s0 tclass=netlink_kobject_uevent_socket permissive=1
05-28 10:09:07.455 319 321 D XM_HIDREAD: add@ add@/devices/platform/soc@3000000/5030000.eth/mdio_bus/5030000.eth-0
05-28 10:09:07.457 319 321 D XM_HIDREAD: add@ add@/devices/platform/soc@3000000/5030000.eth/mdio_bus/5030000.eth-0/5030000.eth-0:10
05-28 10:09:07.458 476 608 W WifiXmlUtil: Ignoring unknown value name found: CarrierMerged
05-28 10:09:07.458 476 608 W WifiXmlUtil: Ignoring unknown value name found: CaptivePortalNeverDetected
05-28 10:09:07.491 476 476 D PPPOE : Registering NetworkFactory
05-28 10:09:07.491 476 608 D WifiConfigStore: Reading from all stores completed in 51 ms.
05-28 10:09:07.492 476 615 D ConnectivityService: Got NetworkProvider Messenger for PPPOE
05-28 10:09:07.492 476 476 W PppoeServiceImpl: pppoe interface file not exist!
05-28 10:09:07.492 476 650 D PPPOE : got request NetworkRequest [ REQUEST id=5, [ Transports: PPPOE Capabilities: INTERNET&NOT_RESTRICTED&TRUSTED&NOT_VPN&NOT_VCN_MANAGED RequestorUid: 1000 RequestorPkg: android] ]
05-28 10:09:07.493 476 650 D PppoeNetworkFactory: onRequestNetwork
05-28 10:09:07.493 476 650 D PPPOE : got request NetworkRequest [ REQUEST id=1, [ Capabilities: INTERNET&NOT_RESTRICTED&TRUSTED&NOT_VPN&NOT_VCN_MANAGED RequestorUid: 1000 RequestorPkg: android] ]
05-28 10:09:07.493 476 650 D PPPOE : got request NetworkRequest [ REQUEST id=10, [ Capabilities: INTERNET&NOT_RESTRICTED&TRUSTED&NOT_VCN_MANAGED Uid: 1000 RequestorUid: 1000 RequestorPkg: android] ]
05-28 10:09:07.494 476 608 E WifiConfigManager: Cannot find network with networkId -1 or configKey "2"WPA_PSK or upgradable security type check
05-28 10:09:07.495 476 608 E WifiConfigManager: Cannot find network with networkId -1 or configKey "5G"WPA_PSK or upgradable security type check
05-28 10:09:07.497 476 476 V HistoricalRegistry: Interaction before persistence initialized
05-28 10:09:07.503 476 608 I WifiInjector: enableVerboseLogging(0): false
05-28 10:09:07.503 476 608 E SupplicantStaIfaceHal: Can't call setDebugParams, ISupplicant is null
05-28 10:09:07.503 476 608 E HostapdHal: Can't call setDebugParams, IHostapd is null
05-28 10:09:07.504 476 608 I WifiService: WifiService starting up with Wi-Fi enabled
05-28 10:09:07.508 476 476 V HistoricalRegistry: Interaction before persistence initialized
05-28 10:09:07.508 476 608 D WifiController: isAirplaneModeOn = false, isWifiEnabled = true, isScanningAvailable = false, isLocationModeActive = true
05-28 10:09:07.509 476 608 D WifiActiveModeWarden: Starting primary ClientModeManager in connect mode
05-28 10:09:07.509 476 476 D SoundTriggerService: onBootPhase: 500 : false
05-28 10:09:07.512 476 608 I android_os_HwBinder: HwBinder: Starting thread pool for getting: android.hidl.manager@1.2::IServiceManager/default
05-28 10:09:07.516 183 183 I hwservicemanager: Since android.hardware.wifi@1.0::IWifi/default is not registered, trying to start it as a lazy HAL.
05-28 10:09:07.516 476 476 I SystemServerTiming: MakeWindowManagerServiceReady
05-28 10:09:07.520 183 183 I hwservicemanager: Since android.hardware.wifi@1.0::IWifi/default is not registered, trying to start it as a lazy HAL.
05-28 10:09:07.516 326 326 I rainbow_flow: type=1400 audit(0.0:332): avc: denied { ioctl } for path="/dev/spidev1.0" dev="tmpfs" ino=6381 ioctlcmd=0x6b00 scontext=u:r:init:s0 tcontext=u:object_r:device:s0 tclass=chr_file permissive=1
01-01 08:00:19.528 1 1 I init : starting service 'vendor.wifi_hal_legacy'...
05-28 10:09:07.521 476 608 I HidlServiceManagement: getService: Trying again for android.hardware.wifi@1.0::IWifi/default...
05-28 10:09:07.526 476 536 E KernelCpuThreadReader: Failed to initialize KernelCpuThreadReader
05-28 10:09:07.526 476 536 E KernelCpuThreadReader: java.nio.file.NoSuchFileException: /proc/self/time_in_state
05-28 10:09:07.526 476 536 E KernelCpuThreadReader: at sun.nio.fs.UnixFileSystemProvider.newByteChannel(UnixFileSystemProvider.java:214)
05-28 10:09:07.526 476 536 E KernelCpuThreadReader: at java.nio.file.Files.newByteChannel(Files.java:361)
05-28 10:09:07.526 476 536 E KernelCpuThreadReader: at java.nio.file.Files.newByteChannel(Files.java:407)
05-28 10:09:07.526 476 536 E KernelCpuThreadReader: at java.nio.file.Files.readAllBytes(Files.java:3152)
05-28 10:09:07.526 476 536 E KernelCpuThreadReader: at com.android.internal.os.ProcTimeInStateReader.initializeTimeInStateFormat(ProcTimeInStateReader.java:159)
05-28 10:09:07.526 476 536 E KernelCpuThreadReader: at com.android.internal.os.ProcTimeInStateReader.(ProcTimeInStateReader.java:106)
05-28 10:09:07.526 476 536 E KernelCpuThreadReader: at com.android.internal.os.KernelCpuThreadReader.(KernelCpuThreadReader.java:138)
05-28 10:09:07.526 476 536 E KernelCpuThreadReader: at com.android.internal.os.KernelCpuThreadReader.create(KernelCpuThreadReader.java:151)
05-28 10:09:07.526 476 536 E KernelCpuThreadReader: at com.android.internal.os.KernelCpuThreadReaderSettingsObserver.(KernelCpuThreadReaderSettingsObserver.java:95)
05-28 10:09:07.526 476 536 E KernelCpuThreadReader: at com.android.internal.os.KernelCpuThreadReaderSettingsObserver.getSettingsModifiedReader(KernelCpuThreadReaderSettingsObserver.java:80)
05-28 10:09:07.526 476 536 E KernelCpuThreadReader: at com.android.server.stats.pull.StatsPullAtomService.initializePullersState(StatsPullAtomService.java:798)
05-28 10:09:07.526 476 536 E KernelCpuThreadReader: at com.android.server.stats.pull.StatsPullAtomService.lambda$onBootPhase$0$StatsPullAtomService(StatsPullAtomService.java:757)
05-28 10:09:07.526 476 536 E KernelCpuThreadReader: at com.android.server.stats.pull.StatsPullAtomService$$ExternalSyntheticLambda14.run(Unknown Source:2)
05-28 10:09:07.526 476 536 E KernelCpuThreadReader: at android.os.Handler.handleCallback(Handler.java:938)
05-28 10:09:07.526 476 536 E KernelCpuThreadReader: at android.os.Handler.dispatchMessage(Handler.java:99)
05-28 10:09:07.526 476 536 E KernelCpuThreadReader: at android.os.Looper.loopOnce(Looper.java:201)
05-28 10:09:07.526 476 536 E KernelCpuThreadReader: at android.os.Looper.loop(Looper.java:288)
05-28 10:09:07.526 476 536 E KernelCpuThreadReader: at android.os.HandlerThread.run(HandlerThread.java:67)
05-28 10:09:07.527 183 183 I hwservicemanager: getTransport: Cannot find entry android.hardware.configstore@1.1::ISurfaceFlingerConfigs/default in either framework or device VINTF manifest.
01-01 08:00:19.536 1 1 I init : Control message: Processed ctl.interface_start for 'android.hardware.wifi@1.0::IWifi/default' from pid: 183 (/system/bin/hwservicemanager)
01-01 08:00:19.538 1 1 I init : Control message: Processed ctl.interface_start for 'android.hardware.wifi@1.0::IWifi/default' from pid: 183 (/system/bin/hwservicemanager)
05-28 10:09:07.530 183 183 I hwservicemanager: getTransport: Cannot find entry android.hardware.configstore@1.1::ISurfaceFlingerConfigs/default in either framework or device VINTF manifest.
05-28 10:09:07.531 476 536 I android_os_HwBinder: HwBinder: Starting thread pool for getting: android.hardware.health@2.0::IHealth/default
05-28 10:09:07.533 183 183 I hwservicemanager: getTransport: Cannot find entry android.hardware.configstore@1.1::ISurfaceFlingerConfigs/default in either framework or device VINTF manifest.
05-28 10:09:07.534 476 536 I android_os_HwBinder: HwBinder: Starting thread pool for getting: android.hidl.manager@1.0::IServiceManager/default
05-28 10:09:07.535 476 476 I SystemServerTiming: MakePowerManagerServiceReady
05-28 10:09:07.535 476 536 I HealthServiceWrapper: health: HealthServiceWrapper listening to instance default
05-28 10:09:07.536 476 476 I AttentionDetector: readValuesFromDeviceConfig():
05-28 10:09:07.536 476 476 I AttentionDetector: mMaximumExtensionMillis=900000
05-28 10:09:07.536 476 476 I AttentionDetector: mPreDimCheckDurationMillis=2000
05-28 10:09:07.536 476 476 I AttentionDetector: mRequestedPostDimTimeoutMillis=0
05-28 10:09:07.537 476 658 I android_os_HwBinder: HwBinder: Starting thread pool for getting: android.hardware.health@2.0::IHealth/default
05-28 10:09:07.538 476 536 D StatsPullAtomService: Registering pullers with statsd
05-28 10:09:07.542 476 476 E DisplayPowerController[0]: failed to set up display white-balance: java.lang.IllegalStateException: cannot find light sensor
05-28 10:09:07.543 476 615 D ConnectivityService: NetReassign [no changes]
05-28 10:09:07.543 476 536 I StatsPullAtomService: register thermal listener successfully
05-28 10:09:07.544 263 263 I AW_PowerHAL: isBoostSupported: 0
05-28 10:09:07.549 476 553 W KeyguardServiceDelegate: onScreenTurningOn(): no keyguard service!
05-28 10:09:07.550 476 476 I FaceDownDetector: readValuesFromDeviceConfig():
05-28 10:09:07.550 476 476 I FaceDownDetector: mAccelerationThreshold=0.2
05-28 10:09:07.550 476 476 I FaceDownDetector: mZAccelerationThreshold=-9.5
05-28 10:09:07.550 476 476 I FaceDownDetector: mTimeThreshold=PT1S
05-28 10:09:07.550 476 476 I FaceDownDetector: mIsEnabled=false
05-28 10:09:07.551 263 263 I AW_PowerHAL: Power setMode: DISPLAY_INACTIVE to: 0
05-28 10:09:07.551 263 263 I AW_PowerHAL: not completed yet, ignore mode request other
05-28 10:09:07.551 476 521 I DisplayDeviceRepository: Display device changed state: "内置屏幕", ON
05-28 10:09:07.551 273 273 D SurfaceFlinger: Setting power mode 2 on display 0
05-28 10:09:07.552 476 553 V DisplayPowerController[0]: Brightness [0.39763778] reason changing to: 'override', previous reason: '0'.
05-28 10:09:07.553 476 521 I InputManager-JNI: Viewport [0] to add: local:0, isActive: true
05-28 10:09:07.554 261 261 I android.hardware.lights-service: Lights setting state for id=0 to color ffffffff
05-28 10:09:07.555 261 261 I android.hardware.lights-service: Lights setting state for id=0 to color ff6a6a6a
05-28 10:09:07.557 476 595 I InputReader: Reconfiguring input devices, changes=DISPLAY_INFO |
05-28 10:09:07.557 476 476 I SystemServerTiming: StartPermissionPolicyService
05-28 10:09:07.557 476 476 I SystemServiceManager: Starting com.android.server.policy.PermissionPolicyService
05-28 10:09:07.559 476 545 W KernelCpuProcStringReader: File not found. It's normal if not implemented: /proc/uid_time_in_state
05-28 10:09:07.559 476 545 W KernelCpuProcStringReader: File not found. It's normal if not implemented: /proc/uid_concurrent_active_time
05-28 10:09:07.560 476 545 W KernelCpuProcStringReader: File not found. It's normal if not implemented: /proc/uid_concurrent_policy_time
05-28 10:09:07.560 476 545 E KernelCpuSpeedReader: Failed to read cpu-freq: /sys/devices/system/cpu/cpu0/cpufreq/stats/time_in_state: open failed: ENOENT (No such file or directory)
05-28 10:09:07.560 476 545 E system_server: Cannot read thread CPU times for PID 476
05-28 10:09:07.564 476 476 I SystemServerTiming: MakePackageManagerServiceReady
05-28 10:09:07.581 476 476 V UserDataPreparer: Found /data/user_de/0 with serial number 0
05-28 10:09:07.581 476 476 V UserDataPreparer: Found /data/user/0 with serial number 0
05-28 10:09:07.581 476 476 V UserDataPreparer: Found /data/system_de/0 with serial number 0
05-28 10:09:07.581 476 476 V UserDataPreparer: Found /data/system_ce/0 with serial number 0
05-28 10:09:07.581 476 476 V UserDataPreparer: Found /data/misc_ce/0 with serial number 0
05-28 10:09:07.582 476 476 I PackageManager: Permission ownership changed. Updating all permissions.
05-28 10:09:07.610 655 655 I android.hardware.wifi@1.0-service-lazy: Wifi Hal is booting up...
05-28 10:09:07.611 655 655 I HidlLazyUtils: Registering HAL: android.hardware.wifi@1.5::IWifi with name: default
05-28 10:09:07.611 655 655 E cutils-trace: Error opening trace file: No such file or directory (2)
05-28 10:09:07.613 655 655 I HidlServiceManagement: Registered android.hardware.wifi@1.5::IWifi/default
05-28 10:09:07.614 655 655 I HidlServiceManagement: Removing namespace from process name android.hardware.wifi@1.0-service-lazy to wifi@1.0-service-lazy.
05-28 10:09:07.614 476 632 D HalDevMgr: IWifi registration notification: fqName=android.hardware.wifi@1.0::IWifi, name=default, preexisting=false
05-28 10:09:07.615 183 183 I hw-BpHwBinder: onLastStrongRef automatically unlinking death recipients
05-28 10:09:07.615 476 608 I android_os_HwBinder: HwBinder: Starting thread pool for getting: android.hardware.wifi@1.0::IWifi/default
05-28 10:09:07.617 476 608 D WifiNl80211Manager: tearing down interfaces in wificond
05-28 10:09:07.629 476 608 D WifiAdaptConnObserver: Adaptive connectivity status initialized to: true
05-28 10:09:07.629 476 608 D WifiController: EnabledState.enter()
05-28 10:09:07.629 476 608 D WifiClientModeManager[unknown]: entering IdleState
05-28 10:09:07.630 655 655 D WifiHWInfo: Start to load wireless module hardware info table...
05-28 10:09:07.630 655 655 D WifiHWInfo: Entry [01], BUS: SDIO, ID: 0x024C8179, Name: rtl8189es.
05-28 10:09:07.630 655 655 D WifiHWInfo: Entry [02], BUS: SDIO, ID: 0x024CB723, Name: rtl8723bs_vq0.
05-28 10:09:07.630 655 655 D WifiHWInfo: Entry [03], BUS: SDIO, ID: 0x024CB703, Name: rtl8723cs.
05-28 10:09:07.630 655 655 D WifiHWInfo: Entry [04], BUS: SDIO, ID: 0x024CD723, Name: rtl8723ds.
05-28 10:09:07.630 655 655 D WifiHWInfo: Entry [05], BUS: SDIO, ID: 0x024CF179, Name: rtl8189fs.
05-28 10:09:07.631 655 655 D WifiHWInfo: Entry [06], BUS: SDIO, ID: 0x024CB822, Name: rtl88x2bs.
05-28 10:09:07.631 655 655 D WifiHWInfo: Entry [07], BUS: USB, ID: 0x0BDAD723, Name: rtl8723du.
05-28 10:09:07.631 655 655 D WifiHWInfo: Entry [08], BUS: USB, ID: 0x0BDA8179, Name: rtl8188etv.
05-28 10:09:07.631 655 655 D WifiHWInfo: Entry [09], BUS: USB, ID: 0x0BDA0179, Name: rtl8188eu.
05-28 10:09:07.631 655 655 D WifiHWInfo: Entry [10], BUS: USB, ID: 0x0BDA818B, Name: rtl8192eu.
05-28 10:09:07.631 655 655 D WifiHWInfo: Entry [11], BUS: USB, ID: 0x0BDAB720, Name: rtl8723bu.
05-28 10:09:07.631 655 655 D WifiHWInfo: Entry [12], BUS: USB, ID: 0x0BDAC82C, Name: rtl8822cu.
05-28 10:09:07.631 655 655 D WifiHWInfo: Entry [13], BUS: USB, ID: 0x0BDAF179, Name: rtl8188fu.
05-28 10:09:07.631 655 655 D WifiHWInfo: Entry [14], BUS: SDIO, ID: 0x02D0A9A6, Name: ap6212.
05-28 10:09:07.631 655 655 D WifiHWInfo: Entry [15], BUS: SDIO, ID: 0x02D04330, Name: ap6330.
05-28 10:09:07.631 655 655 D WifiHWInfo: Entry [16], BUS: SDIO, ID: 0x02D04356, Name: ap6356s.
05-28 10:09:07.631 655 655 D WifiHWInfo: Entry [17], BUS: SDIO, ID: 0x02D0A9BF, Name: ap6255.
05-28 10:09:07.631 655 655 D WifiHWInfo: Entry [18], BUS: SDIO, ID: 0x02D04334, Name: bcm43342.
05-28 10:09:07.631 655 655 D WifiHWInfo: Entry [19], BUS: SDIO, ID: 0x00202281, Name: xr819.
05-28 10:09:07.631 655 655 D WifiHWInfo: Entry [20], BUS: SDIO, ID: 0x0A9E2282, Name: xr829.
05-28 10:09:07.631 655 655 D WifiHWInfo: Entry [21], BUS: SDIO, ID: 0x0271050A, Name: qca6174a.
05-28 10:09:07.631 655 655 D WifiHWInfo: Entry [22], BUS: SDIO, ID: 0x30303030, Name: ssv6x5x.
05-28 10:09:07.631 476 560 E DefaultPermGrantPolicy: Package not found: org.xbmc.kodi
05-28 10:09:07.631 655 655 D WifiHWInfo: Entry [23], BUS: SDIO, ID: 0x00000000, Name: uwe5621.
05-28 10:09:07.631 655 655 D WifiHWInfo: Entry [24], BUS: SDIO, ID: 0x54490145, Name: aic8800.
05-28 10:09:07.631 476 560 W DefaultPermGrantPolicy: No such package:org.xbmc.kodi
05-28 10:09:07.631 655 655 D WifiHWInfo: Entry [25], BUS: SDIO, ID: 0xC8A1C08D, Name: aic8800.
05-28 10:09:07.631 655 655 D WifiHWInfo: Entry [26], BUS: USB, ID: 0xA69C8800, Name: aic8800.
05-28 10:09:07.631 655 655 D WifiHWInfo: Entry [27], BUS: USB, ID: 0x007A8888, Name: atbm6023is.
05-28 10:09:07.631 655 655 D WifiHWInfo: Entry [28], BUS: SDIO, ID: 0x02E79086, Name: 9012p.
05-28 10:09:07.631 655 655 D WifiHWInfo: Entry [29], BUS: SDIO, ID: 0x007A6011, Name: atbm613x_wifi_sdio.
05-28 10:09:07.631 655 655 D WifiHWInfo: Entry [30], BUS: SDIO, ID: 0x024CC822, Name: 88x2cs.
05-28 10:09:07.631 655 655 D WifiHWInfo: Entry [31], BUS: SDIO, ID: 0x000018F0, Name: dummy.
05-28 10:09:07.631 476 560 E DefaultPermGrantPolicy: Package not found: cm.aptoidetv.pt
05-28 10:09:07.631 476 560 W DefaultPermGrantPolicy: No such package:cm.aptoidetv.pt
05-28 10:09:07.631 655 655 W android.hardware.wifi@1.0-service-lazy: DRIVER_MODULE_TAG: sprdwl_ng : Success
05-28 10:09:07.631 476 560 E DefaultPermGrantPolicy: Package not found: com.softwinner.TvdFileManager
05-28 10:09:07.631 476 560 W DefaultPermGrantPolicy: No such package:com.softwinner.TvdFileManager
05-28 10:09:07.631 476 560 E DefaultPermGrantPolicy: Package not found: com.softwinner.TvdVideo
05-28 10:09:07.631 476 560 W DefaultPermGrantPolicy: No such package:com.softwinner.TvdVideo
05-28 10:09:07.631 476 560 E DefaultPermGrantPolicy: Package not found: com.android.chrome
05-28 10:09:07.631 476 560 W DefaultPermGrantPolicy: No such package:com.android.chrome
05-28 10:09:07.631 476 560 E DefaultPermGrantPolicy: Package not found: com.android.vending
05-28 10:09:07.631 476 560 W DefaultPermGrantPolicy: No such package:com.android.vending
05-28 10:09:07.631 476 560 E DefaultPermGrantPolicy: Package not found: com.google.android.tts
05-28 10:09:07.631 655 655 I android.hardware.wifi@1.0-service-lazy: driver_module_path: /vendor/lib/modules/sprdwl_ng.ko
05-28 10:09:07.631 476 560 W DefaultPermGrantPolicy: No such package:com.google.android.tts
05-28 10:09:07.632 655 655 I android.hardware.wifi@1.0-service-lazy: driver_module_arg:
05-28 10:09:07.632 476 560 E DefaultPermGrantPolicy: Package not found: com.google.android.youtube.tv
05-28 10:09:07.632 476 560 W DefaultPermGrantPolicy: No such package:com.google.android.youtube.tv
05-28 10:09:07.632 476 560 E DefaultPermGrantPolicy: Package not found: com.google.android.katniss
05-28 10:09:07.632 476 560 W DefaultPermGrantPolicy: No such package:com.google.android.katniss
05-28 10:09:07.632 476 560 E DefaultPermGrantPolicy: Package not found: com.google.android.gms
05-28 10:09:07.632 476 560 W DefaultPermGrantPolicy: No such package:com.google.android.gms
05-28 10:09:07.639 476 476 I SystemServerTiming: MakeDisplayManagerServiceReady
05-28 10:09:07.641 476 521 E DisplayModeDirector: Asked about unknown display, returning empty display mode specs!(id=0)
05-28 10:09:07.641 476 521 E DisplayModeDirector: Asked about unknown display, returning empty display mode specs!(id=0)
05-28 10:09:07.644 476 476 I SystemServerTiming: StartDeviceSpecificServices
05-28 10:09:07.644 476 476 I SystemServerTiming: GameManagerService
05-28 10:09:07.644 476 476 I SystemServiceManager: Starting com.android.server.app.GameManagerService$Lifecycle
05-28 10:09:07.648 476 476 I SystemServerTiming: StartBootPhaseDeviceSpecificServicesReady
05-28 10:09:07.648 476 476 I SystemServiceManager: Starting phase 520
05-28 10:09:07.648 476 476 I SystemServerTiming: OnBootPhase_520
05-28 10:09:07.649 476 476 D SoundTriggerService: onBootPhase: 520 : false
05-28 10:09:07.649 476 476 I SystemServerTiming: AppSearchManagerService
05-28 10:09:07.656 476 476 I SystemServiceManager: Starting com.android.server.appsearch.AppSearchManagerService
05-28 10:09:07.659 476 476 I SystemServerTiming: StartMediaCommunicationService
05-28 10:09:07.660 476 476 I SystemServiceManager: Starting com.android.server.media.MediaCommunicationService
05-28 10:09:07.662 476 476 I SystemServerTiming: PhaseActivityManagerReady
05-28 10:09:07.662 476 476 I SystemServerTiming: controllersReady
05-28 10:09:07.667 476 568 I SystemServerTimingAsync: InitThreadPoolExec:Update app-ops uidState in case package com.android.providers.media.module changed
05-28 10:09:07.667 476 576 I SystemServerTimingAsync: InitThreadPoolExec:Update app-ops uidState in case package com.dangbei.hqguide changed
05-28 10:09:07.667 476 576 D SystemServerInitThreadPool: Started executing Update app-ops uidState in case package com.dangbei.hqguide changed
05-28 10:09:07.667 476 515 I SystemServerTimingAsync: InitThreadPoolExec:Update app-ops uidState in case package com.dangbei.screencast changed
05-28 10:09:07.667 476 515 D SystemServerInitThreadPool: Started executing Update app-ops uidState in case package com.dangbei.screencast changed
05-28 10:09:07.667 476 525 I SystemServerTimingAsync: InitThreadPoolExec:Update app-ops uidState in case package com.android.systemui changed
05-28 10:09:07.667 476 525 D SystemServerInitThreadPool: Started executing Update app-ops uidState in case package com.android.systemui changed
05-28 10:09:07.667 476 568 D SystemServerInitThreadPool: Started executing Update app-ops uidState in case package com.android.providers.media.module changed
05-28 10:09:07.667 476 515 D SystemServerInitThreadPool: Finished executing Update app-ops uidState in case package com.dangbei.screencast changed
05-28 10:09:07.667 476 576 D SystemServerInitThreadPool: Finished executing Update app-ops uidState in case package com.dangbei.hqguide changed
05-28 10:09:07.667 476 515 I SystemServerTimingAsync: InitThreadPoolExec:Update app-ops uidState in case package com.android.providers.contacts changed
05-28 10:09:07.667 476 576 I SystemServerTimingAsync: InitThreadPoolExec:Update app-ops uidState in case package com.android.providers.downloads changed
05-28 10:09:07.667 476 515 D SystemServerInitThreadPool: Started executing Update app-ops uidState in case package com.android.providers.contacts changed
05-28 10:09:07.667 476 576 D SystemServerInitThreadPool: Started executing Update app-ops uidState in case package com.android.providers.downloads changed
05-28 10:09:07.667 476 515 D SystemServerInitThreadPool: Finished executing Update app-ops uidState in case package com.android.providers.contacts changed
05-28 10:09:07.667 476 576 D SystemServerInitThreadPool: Finished executing Update app-ops uidState in case package com.android.providers.downloads changed
05-28 10:09:07.667 476 525 D SystemServerInitThreadPool: Finished executing Update app-ops uidState in case package com.android.systemui changed
05-28 10:09:07.667 476 515 I SystemServerTimingAsync: InitThreadPoolExec:Update app-ops uidState in case package com.android.bluetooth changed
05-28 10:09:07.667 476 576 I SystemServerTimingAsync: InitThreadPoolExec:Update app-ops uidState in case package com.oranth.ledstatus changed
05-28 10:09:07.667 476 576 D SystemServerInitThreadPool: Started executing Update app-ops uidState in case package com.oranth.ledstatus changed
05-28 10:09:07.667 476 525 I SystemServerTimingAsync: InitThreadPoolExec:Update app-ops uidState in case package android changed
05-28 10:09:07.667 476 576 D SystemServerInitThreadPool: Finished executing Update app-ops uidState in case package com.oranth.ledstatus changed
05-28 10:09:07.667 476 525 D SystemServerInitThreadPool: Started executing Update app-ops uidState in case package android changed
05-28 10:09:07.667 476 576 I SystemServerTimingAsync: InitThreadPoolExec:Update app-ops uidState in case package com.android.inputdevices changed
05-28 10:09:07.668 476 576 D SystemServerInitThreadPool: Started executing Update app-ops uidState in case package com.android.inputdevices changed
05-28 10:09:07.668 476 515 D SystemServerInitThreadPool: Started executing Update app-ops uidState in case package com.android.bluetooth changed
05-28 10:09:07.668 476 568 D SystemServerInitThreadPool: Finished executing Update app-ops uidState in case package com.android.providers.media.module changed
05-28 10:09:07.668 476 515 D SystemServerInitThreadPool: Finished executing Update app-ops uidState in case package com.android.bluetooth changed
05-28 10:09:07.668 476 568 I SystemServerTimingAsync: InitThreadPoolExec:Update app-ops uidState in case package com.oranth.storage changed
05-28 10:09:07.668 476 568 D SystemServerInitThreadPool: Started executing Update app-ops uidState in case package com.oranth.storage changed
05-28 10:09:07.668 476 568 D SystemServerInitThreadPool: Finished executing Update app-ops uidState in case package com.oranth.storage changed
05-28 10:09:07.668 476 576 D SystemServerInitThreadPool: Finished executing Update app-ops uidState in case package com.android.inputdevices changed
05-28 10:09:07.668 476 525 D SystemServerInitThreadPool: Finished executing Update app-ops uidState in case package android changed
05-28 10:09:07.669 476 476 I SystemServerTiming: killProcesses
05-28 10:09:07.669 476 476 I ActivityManager: System now ready
05-28 10:09:07.669 476 476 I SystemServerTiming: updateTopComponentForFactoryTest
05-28 10:09:07.669 476 476 I SystemServerTiming: registerActivityLaunchObserver
05-28 10:09:07.669 476 476 I SystemServerTiming: watchDeviceProvisioning
05-28 10:09:07.677 319 321 D XM_HIDREAD: add@ add@/bus/platform/drivers/unisoc_wifi
05-28 10:09:07.678 319 321 D XM_HIDREAD: add@ add@/devices/platform/unisoc_wifi
05-28 10:09:07.679 476 476 I SystemServerTiming: retrieveSettings
05-28 10:09:07.681 476 476 I ActivityTaskManager: Config changes=10000000 {1.0 ?mcc?mnc [zh_CN] ldltr sw720dp w1280dp h696dp 240dpi xlrg long land television -touch qwerty/v/v dpad/v winConfig={ mBounds=Rect(0, 0 - 1920, 1080) mAppBounds=Rect(0, 0 - 1920, 1080) mMaxBounds=Rect(0, 0 - 1920, 1080) mWindowingMode=fullscreen mDisplayWindowingMode=fullscreen mActivityType=undefined mAlwaysOnTop=undefined mRotation=ROTATION_0} s.6 fontWeightAdjustment=0}
01-01 08:00:19.687 655 655 I WCN : start_marlin [MARLIN_WIFI]
01-01 08:00:19.687 655 655 D : CPU: 3 PID: 655 Comm: wifi@1.0-servic Tainted: G O 5.4.125+ #1
01-01 08:00:19.687 655 655 D Hardware name: sun50iw9 (DT)
01-01 08:00:19.687 655 655 D Call trace:
01-01 08:00:19.687 655 655 D : dump_backtrace.cfi_jt+0x0/0x4
01-01 08:00:19.687 655 655 D : dump_stack+0xbc/0x104
01-01 08:00:19.687 655 655 D : marlin_set_power+0x2c/0x78c [uwe5621_bsp_sdio]
01-01 08:00:19.687 655 655 D : start_marlin+0xbc/0x14c [uwe5621_bsp_sdio]
01-01 08:00:19.688 655 655 D : sprdwl_probe+0x28/0x3f4 [sprdwl_ng]
01-01 08:00:19.688 655 655 D : platform_drv_probe+0xac/0xf0
01-01 08:00:19.688 655 655 D : really_probe+0x340/0x8f8
01-01 08:00:19.688 655 655 D : driver_probe_device+0x70/0x144
01-01 08:00:19.688 655 655 D : __device_attach_driver+0x14c/0x210
01-01 08:00:19.688 655 655 D : bus_for_each_drv+0x98/0x10c
01-01 08:00:19.688 655 655 D : __device_attach.llvm.14547616182355937686+0x108/0x1a8
01-01 08:00:19.688 655 655 D : bus_probe_device+0x3c/0xdc
01-01 08:00:19.688 655 655 D : device_add+0x950/0xb78
01-01 08:00:19.688 655 655 D : platform_device_add+0x90/0x260
01-01 08:00:19.688 655 655 D : init_module+0x48/0xfc4 [sprdwl_ng]
01-01 08:00:19.688 655 655 D : do_one_initcall+0xc4/0x238
05-28 10:09:07.682 476 476 I WindowManager: Override config changes=10000000 {1.0 ?mcc?mnc [zh_CN] ldltr sw720dp w1280dp h696dp 240dpi xlrg long land television -touch qwerty/v/v dpad/v winConfig={ mBounds=Rect(0, 0 - 1920, 1080) mAppBounds=Rect(0, 0 - 1920, 1080) mMaxBounds=Rect(0, 0 - 1920, 1080) mWindowingMode=fullscreen mDisplayWindowingMode=fullscreen mActivityType=undefined mAlwaysOnTop=undefined mRotation=ROTATION_0} s.6 fontWeightAdjustment=0} for displayId=0
01-01 08:00:19.688 655 655 D : do_init_module+0x58/0x2e0
01-01 08:00:19.688 655 655 D : load_module+0x31b8/0x3a40
01-01 08:00:19.688 655 655 D : __arm64_sys_finit_module+0xbc/0x120
01-01 08:00:19.688 655 655 D : el0_svc_common+0xb8/0x1cc
01-01 08:00:19.688 655 655 D : el0_svc_compat_handler+0x1c/0x28
01-01 08:00:19.688 655 655 D : el0_svc_compat+0x8/0x24
01-01 08:00:19.688 655 655 I WCN : marlin power state:0, subsys: [MARLIN_WIFI] power 1
01-01 08:00:19.688 655 655 I WCN : the first power on start
05-28 10:09:07.685 476 476 I SystemServerTiming: Ugm.onSystemReady
05-28 10:09:07.686 476 476 I SystemServerTiming: updateForceBackgroundCheck
05-28 10:09:07.687 476 476 I SystemServer: Making services ready
05-28 10:09:07.687 476 476 I SystemServerTiming: StartActivityManagerReadyPhase
05-28 10:09:07.687 476 476 I SystemServiceManager: Starting phase 550
05-28 10:09:07.687 476 476 I SystemServerTiming: OnBootPhase_550
05-28 10:09:07.689 183 183 I hwservicemanager: getTransport: Cannot find entry android.hardware.thermal@2.0::IThermal/default in either framework or device VINTF manifest.
05-28 10:09:07.689 476 476 E ThermalHalWrapper: Thermal HAL 2.0 service not connected.
05-28 10:09:07.690 183 183 I hwservicemanager: getTransport: Cannot find entry android.hardware.thermal@1.1::IThermal/default in either framework or device VINTF manifest.
05-28 10:09:07.691 476 476 E ThermalHalWrapper: Thermal HAL 1.1 service not connected.
05-28 10:09:07.691 183 183 I hwservicemanager: getTransport: Cannot find entry android.hardware.thermal@1.0::IThermal/default in either framework or device VINTF manifest.
05-28 10:09:07.691 476 476 E ThermalHalWrapper: Thermal HAL 1.0 service not connected.
05-28 10:09:07.691 476 476 W ThermalManagerService: No Thermal HAL service on this device
05-28 10:09:07.695 476 476 W ActivityManager: Unable to start service Intent { act=com.android.ITelecomService cmp=com.android.server.telecom/.components.TelecomService } U=0: not found
05-28 10:09:07.698 476 476 I SyncManager: No initial accounts
05-28 10:09:07.702 476 585 E NativeTombstoneManager: Tombstone's UID (1000) not an app, ignoring
05-28 10:09:07.703 476 585 I DropBoxManagerService: add tag=SYSTEM_TOMBSTONE_PROTO isTagEnabled=true flags=0x4
05-28 10:09:07.703 476 476 D BluetoothManagerService: Bluetooth boot completed
05-28 10:09:07.703 476 476 D BluetoothManagerService: Auto-enabling Bluetooth.
05-28 10:09:07.704 476 476 D BluetoothA2dp: Binding service...
05-28 10:09:07.708 476 476 I BluetoothAirplaneModeListener: start
05-28 10:09:07.724 476 520 D BluetoothManagerService: MESSAGE_ENABLE(0): mBluetooth = null
05-28 10:09:07.724 476 520 D BluetoothManagerService: binding Bluetooth service
05-28 10:09:07.726 476 476 W InputMethodUtils: Found no fallback locale. imis=[InputMethodInfo{com.sohu.inputmethod.sogou.tv/.SogouIME, settings: com.sohu.inputmethod.sogou.SogouIMESettingsLauncher}]
05-28 10:09:07.726 476 476 W InputMethodUtils: No software keyboard is found. imis=[InputMethodInfo{com.sohu.inputmethod.sogou.tv/.SogouIME, settings: com.sohu.inputmethod.sogou.SogouIMESettingsLauncher}] systemLocale=zh_CN fallbackLocale=null
05-28 10:09:07.728 476 520 D CompatibilityChangeReporter: Compat change id reported: 135634846; UID 1002; state: DISABLED
05-28 10:09:07.728 476 476 I RebootEscrowManager: No reboot escrow data found for users, skipping loading escrow data
05-28 10:09:07.732 476 476 I WallpaperManagerService: No static wallpaper imagery; defaults will be shown
05-28 10:09:07.732 476 476 V WallpaperManagerService: bindWallpaperComponentLocked: componentName=ComponentInfo{com.android.systemui/com.android.systemui.ImageWallpaper}
05-28 10:09:07.736 476 476 D CompatibilityChangeReporter: Compat change id reported: 135634846; UID 10067; state: DISABLED
05-28 10:09:07.737 476 476 D CompatibilityChangeReporter: Compat change id reported: 177438394; UID 10067; state: DISABLED
05-28 10:09:07.737 476 476 D CompatibilityChangeReporter: Compat change id reported: 135772972; UID 10067; state: DISABLED
05-28 10:09:07.737 476 476 D CompatibilityChangeReporter: Compat change id reported: 135754954; UID 10067; state: ENABLED
05-28 10:09:07.746 245 245 D Zygote : Forked child process 663
05-28 10:09:07.747 476 538 I ActivityManager: app.processName = com.android.bluetooth
05-28 10:09:07.747 476 538 I ActivityManager: Start proc 663:com.android.bluetooth/1002 for service {com.android.bluetooth/com.android.bluetooth.btservice.AdapterService}
05-28 10:09:07.748 476 538 D CompatibilityChangeReporter: Compat change id reported: 143937733; UID 10067; state: ENABLED
05-28 10:09:07.752 476 476 E BitmapFactory: Unable to decode stream: java.io.FileNotFoundException: /data/system/users/0/wallpaper_orig: open failed: ENOENT (No such file or directory)
05-28 10:09:07.752 476 476 W WallpaperManagerService: Invalid wallpaper data
05-28 10:09:07.752 476 476 E WallpaperManagerService: Unable to apply new wallpaper
05-28 10:09:07.753 663 663 I Zygote : seccomp disabled by setenforce 0
05-28 10:09:07.755 476 476 D AdbService: systemReady
05-28 10:09:07.756 250 316 V audio_hw_primary: adev_set_parameters, A2dpSuspended=false
05-28 10:09:07.758 476 625 D BluetoothManagerService: Trying to bind to profile: 1, while Bluetooth was disabled
05-28 10:09:07.758 476 476 D SoundTriggerService: onBootPhase: 550 : false
05-28 10:09:07.758 476 515 I SystemServerTimingAsync: InitThreadPoolExec:UsbService$Lifecycle#onBootPhase
05-28 10:09:07.759 476 515 D SystemServerInitThreadPool: Started executing UsbService$Lifecycle#onBootPhase
05-28 10:09:07.760 265 284 E android.hardware.usb@1.0-service: Failed to open /sys/class/typec
05-28 10:09:07.761 476 632 E UsbPortManager: port status enquiry failed
05-28 10:09:07.762 245 245 D Zygote : Forked child process 665
05-28 10:09:07.762 476 515 D SystemServerInitThreadPool: Finished executing UsbService$Lifecycle#onBootPhase
05-28 10:09:07.762 476 625 D BluetoothA2dp: Binding service...
05-28 10:09:07.763 476 538 I ActivityManager: app.processName = com.android.systemui
05-28 10:09:07.763 476 538 I ActivityManager: Start proc 665:com.android.systemui/u0a67 for service {com.android.systemui/com.android.systemui.ImageWallpaper}
05-28 10:09:07.764 476 476 I AppBindingService: Updating constants with: null
05-28 10:09:07.772 250 316 V audio_hw_primary: adev_set_parameters, BT_SCO=off
05-28 10:09:07.774 476 626 I AS.AudioDeviceInventory: removePreferredDevicesForStrategySync, strategy: 14
05-28 10:09:07.776 269 570 I AudioFlinger: systemReady
05-28 10:09:07.777 665 665 I Zygote : seccomp disabled by setenforce 0
05-28 10:09:07.778 383 396 I adbd : jdwp connection from 663
05-28 10:09:07.781 476 625 D AS.AudioService: No vibrator found
05-28 10:09:07.796 383 396 I adbd : jdwp connection from 665
01-01 08:00:19.806 655 655 I sunxi-rfkill soc@3000000: rfkill: wlan power on success
01-01 08:00:19.806 655 655 I WCN : marlin chip en pull up
05-28 10:09:07.796 326 326 I rainbow_flow: type=1400 audit(0.0:333): avc: denied { ioctl } for path="/dev/spidev1.0" dev="tmpfs" ino=6381 ioctlcmd=0x6b00 scontext=u:r:init:s0 tcontext=u:object_r:device:s0 tclass=chr_file permissive=1
05-28 10:09:07.809 476 476 I PackageManager: Permission ownership changed. Updating all permissions.
05-28 10:09:07.817 355 468 D MediaCodecList: Allowing all OMX codecs
05-28 10:09:07.819 355 468 E cutils-trace: Error opening trace file: No such file or directory (2)
05-28 10:09:07.822 355 468 I OMXClient: IOmx service obtained
05-28 10:09:07.823 360 360 I OMXStore: makeComponentInstance(OMX.allwinner.video.decoder.avc) in android.hardwar process
01-01 08:00:19.831 655 655 I sdiohal : sdiohal_scan_card
