05-28 10:10:19.920 1077 2606 W System.err: at okhttp3.internal.http.BridgeInterceptor.intercept(SourceFile:168)
05-28 10:10:19.920 1077 2606 W System.err: at okhttp3.internal.http.RealInterceptorChain.proceed(SourceFile:155)
05-28 10:10:19.920 1077 2606 W System.err: at okhttp3.internal.http.RetryAndFollowUpInterceptor.intercept(SourceFile:35)
05-28 10:10:19.920 1077 2606 W System.err: at okhttp3.internal.http.RealInterceptorChain.proceed(SourceFile:155)
05-28 10:10:19.920 1077 2606 W System.err: at okhttp3.internal.connection.RealCall.getResponseWithInterceptorChain$okhttp(SourceFile:114)
05-28 10:10:19.920 1077 2606 W System.err: at okhttp3.internal.connection.RealCall.execute(SourceFile:28)
05-28 10:10:19.920 1077 2606 W System.err: at v5.a.a(SourceFile:54)
05-28 10:10:19.920 1077 2606 W System.err: at v5.e$a.doInBackground(SourceFile:39)
05-28 10:10:19.920 1077 2606 W System.err: at com.blankj.utilcode.util.ThreadUtils$f.run(SourceFile:83)
05-28 10:10:19.920 1077 2606 W System.err: at java.util.concurrent.ThreadPoolExecutor.runWorker(ThreadPoolExecutor.java:1167)
05-28 10:10:19.920 1077 2606 W System.err: at java.util.concurrent.ThreadPoolExecutor$Worker.run(ThreadPoolExecutor.java:641)
05-28 10:10:19.920 1077 2606 W System.err: at java.lang.Thread.run(Thread.java:920)
05-28 10:10:19.920 1077 2606 W System.err: at com.blankj.utilcode.util.ThreadUtils$UtilsThreadFactory$a.run(SourceFile:1)
05-28 10:10:19.921 1077 2606 W System.err: Caused by: android.system.GaiException: android_getaddrinfo failed: EAI_NODATA (No address associated with hostname)
05-28 10:10:19.921 1077 2606 W System.err: at libcore.io.Linux.android_getaddrinfo(Native Method)
05-28 10:10:19.921 1077 2606 W System.err: at libcore.io.ForwardingOs.android_getaddrinfo(ForwardingOs.java:136)
05-28 10:10:19.921 1077 2606 W System.err: at libcore.io.BlockGuardOs.android_getaddrinfo(BlockGuardOs.java:221)
05-28 10:10:19.921 1077 2606 W System.err: at libcore.io.ForwardingOs.android_getaddrinfo(ForwardingOs.java:136)
05-28 10:10:19.921 1077 2606 W System.err: at java.net.Inet6AddressImpl.lookupHostByName(Inet6AddressImpl.java:135)
05-28 10:10:19.921 1077 2606 W System.err: ... 27 more
05-28 10:10:19.946 1077 1448 I OpenGLRenderer: Davey! duration=9223371946998ms; Flags=0, FrameTimelineVsyncId=3198, IntendedVsync=89855905171, Vsync=89855905171, InputEventId=0, HandleInputStart=89856359167, AnimationStart=89856363750, PerformTraversalsStart=89856786167, DrawStart=89857186334, FrameDeadline=89889238503, FrameInterval=89856349500, FrameStartTime=16666666, SyncQueued=89857600500, SyncStart=89857794917, IssueDrawCommandsStart=89858784875, SwapBuffers=89865404334, FrameCompleted=9223372036854775807, DequeueBufferDuration=55250, QueueBufferDuration=1240084, GpuCompleted=9223372036854775807, SwapBuffersCompleted=89867606667, DisplayPresentTime=0,
05-28 10:10:19.960 1077 1098 I OpenGLRenderer: Davey! duration=9223371946981ms; Flags=0, FrameTimelineVsyncId=3200, IntendedVsync=89872571837, Vsync=89872571837, InputEventId=0, HandleInputStart=89873148750, AnimationStart=89873155500, PerformTraversalsStart=89874253125, DrawStart=89876272500, FrameDeadline=89905905169, FrameInterval=89873139417, FrameStartTime=16666666, SyncQueued=89876923875, SyncStart=89877211292, IssueDrawCommandsStart=89878801209, SwapBuffers=89886580042, FrameCompleted=9223372036854775807, DequeueBufferDuration=69583, QueueBufferDuration=1766667, GpuCompleted=9223372036854775807, SwapBuffersCompleted=89889181375, DisplayPresentTime=0,
05-28 10:10:19.979 1077 1098 I OpenGLRenderer: Davey! duration=9223371946964ms; Flags=0, FrameTimelineVsyncId=3202, IntendedVsync=89889660813, Vsync=89889660813, InputEventId=0, HandleInputStart=89890180375, AnimationStart=89890185542, PerformTraversalsStart=89890700667, DrawStart=89891039500, FrameDeadline=89922994145, FrameInterval=89890167500, FrameStartTime=16666666, SyncQueued=89891383459, SyncStart=89891545125, IssueDrawCommandsStart=89892724750, SwapBuffers=89903029792, FrameCompleted=9223372036854775807, DequeueBufferDuration=51625, QueueBufferDuration=3287292, GpuCompleted=9223372036854775807, SwapBuffersCompleted=89907108292, DisplayPresentTime=0,
05-28 10:10:20.002 1077 1098 I OpenGLRenderer: Davey! duration=9223371946948ms; Flags=0, FrameTimelineVsyncId=3204, IntendedVsync=89906327479, Vsync=89906327479, InputEventId=0, HandleInputStart=89907395000, AnimationStart=89907400500, PerformTraversalsStart=89908198542, DrawStart=89908673375, FrameDeadline=89939660811, FrameInterval=89907380459, FrameStartTime=16666666, SyncQueued=89909133959, SyncStart=89909373667, IssueDrawCommandsStart=89910803625, SwapBuffers=89917996917, FrameCompleted=9223372036854775807, DequeueBufferDuration=66084, QueueBufferDuration=11569000, GpuCompleted=9223372036854775807, SwapBuffersCompleted=89930541667, DisplayPresentTime=0,
05-28 10:10:20.028 1077 1448 I OpenGLRenderer: Davey! duration=9223371946927ms; Flags=0, FrameTimelineVsyncId=3206, IntendedVsync=89922994145, Vsync=89922994145, InputEventId=0, HandleInputStart=89923666917, AnimationStart=89923674625, PerformTraversalsStart=89924419667, DrawStart=89925756959, FrameDeadline=89956327477, FrameInterval=89923655000, FrameStartTime=16666666, SyncQueued=89926508834, SyncStart=89930751000, IssueDrawCommandsStart=89931914750, SwapBuffers=89941144959, FrameCompleted=9223372036854775807, DequeueBufferDuration=44417, QueueBufferDuration=11465750, GpuCompleted=9223372036854775807, SwapBuffersCompleted=89953650709, DisplayPresentTime=0,
05-28 10:10:20.049 1077 1448 I OpenGLRenderer: Davey! duration=9223371946903ms; Flags=0, FrameTimelineVsyncId=3207, IntendedVsync=89939660811, Vsync=89939660811, InputEventId=0, HandleInputStart=89940282875, AnimationStart=89940290000, PerformTraversalsStart=89940965167, DrawStart=89941399459, FrameDeadline=89972994143, FrameInterval=89940271000, FrameStartTime=16666666, SyncQueued=89941891917, SyncStart=89953832959, IssueDrawCommandsStart=89954902042, SwapBuffers=89967524209, FrameCompleted=9223372036854775807, DequeueBufferDuration=33792, QueueBufferDuration=8925333, GpuCompleted=9223372036854775807, SwapBuffersCompleted=89977441042, DisplayPresentTime=0,
05-28 10:10:20.079 1077 1448 I OpenGLRenderer: Davey! duration=9223371946885ms; Flags=0, FrameTimelineVsyncId=3209, IntendedVsync=89956273869, Vsync=89956273869, InputEventId=0, HandleInputStart=89957028292, AnimationStart=89957032875, PerformTraversalsStart=89958340334, DrawStart=89963410084, FrameDeadline=89989607201, FrameInterval=89957017000, FrameStartTime=16666666, SyncQueued=89964289584, SyncStart=89977733459, IssueDrawCommandsStart=89979433417, SwapBuffers=89990441750, FrameCompleted=9223372036854775807, DequeueBufferDuration=60541, QueueBufferDuration=7496375, GpuCompleted=9223372036854775807, SwapBuffersCompleted=89998802792, DisplayPresentTime=0,
05-28 10:10:20.097 1077 1448 I OpenGLRenderer: Davey! duration=9223371946867ms; Flags=0, FrameTimelineVsyncId=3211, IntendedVsync=89972932659, Vsync=89972932659, InputEventId=0, HandleInputStart=89979926334, AnimationStart=89979931334, PerformTraversalsStart=89980801209, DrawStart=89984307000, FrameDeadline=90006265991, FrameInterval=89979915875, FrameStartTime=16666666, SyncQueued=89985076542, SyncStart=89999018459, IssueDrawCommandsStart=90000951542, SwapBuffers=90013407167, FrameCompleted=9223372036854775807, DequeueBufferDuration=57333, QueueBufferDuration=999750, GpuCompleted=9223372036854775807, SwapBuffersCompleted=90015240334, DisplayPresentTime=0,
05-28 10:10:20.112 1077 1448 I OpenGLRenderer: Davey! duration=9223371946854ms; Flags=0, FrameTimelineVsyncId=3212, IntendedVsync=89989591449, Vsync=89989591449, InputEventId=0, HandleInputStart=90001464084, AnimationStart=90001469584, PerformTraversalsStart=90002110959, DrawStart=90003446334, FrameDeadline=90022924781, FrameInterval=90001455875, FrameStartTime=16666666, SyncQueued=90004315459, SyncStart=90015393042, IssueDrawCommandsStart=90016436667, SwapBuffers=90026791292, FrameCompleted=9223372036854775807, DequeueBufferDuration=29209, QueueBufferDuration=1370750, GpuCompleted=9223372036854775807, SwapBuffersCompleted=90030036417, DisplayPresentTime=0,
05-28 10:10:20.124 2026 2026 I efs-base: type=1400 audit(0.0:1022): avc: denied { open } for path="/data/user/0/com.dangbei.screencast/app_UApm/5fc60c21094d637f3130af19/ready/2026/wa_none_1_1_2026_4652_1748398160086" dev="mmcblk0p25" ino=3648 scontext=u:r:platform_app:s0:c512,c768 tcontext=u:object_r:app_data_file:s0:c512,c768 tclass=file permissive=1 app=com.dangbei.screencast
05-28 10:10:20.132 2026 2026 I efs-base: type=1400 audit(0.0:1023): avc: denied { create } for name="wa_gzip_1_1_2026_6704_1748398220131" scontext=u:r:platform_app:s0:c512,c768 tcontext=u:object_r:app_data_file:s0:c512,c768 tclass=file permissive=1 app=com.dangbei.screencast
05-28 10:10:20.136 2026 2026 I efs-base: type=1400 audit(0.0:1024): avc: denied { remove_name } for name="wa_none_1_1_2026_4652_1748398160086" dev="mmcblk0p25" ino=3648 scontext=u:r:platform_app:s0:c512,c768 tcontext=u:object_r:app_data_file:s0:c512,c768 tclass=dir permissive=1 app=com.dangbei.screencast
05-28 10:10:20.136 2026 2026 I efs-base: type=1400 audit(0.0:1025): avc: denied { unlink } for name="wa_none_1_1_2026_4652_1748398160086" dev="mmcblk0p25" ino=3648 scontext=u:r:platform_app:s0:c512,c768 tcontext=u:object_r:app_data_file:s0:c512,c768 tclass=file permissive=1 app=com.dangbei.screencast
05-28 10:10:20.262 1077 1448 I OpenGLRenderer: Davey! duration=9223371946703ms; Flags=0, FrameTimelineVsyncId=3230, IntendedVsync=90139029024, Vsync=90139029024, InputEventId=0, HandleInputStart=90141199834, AnimationStart=90141203501, PerformTraversalsStart=90142030584, DrawStart=90144610459, FrameDeadline=90172362356, FrameInterval=90141191417, FrameStartTime=16666666, SyncQueued=90146081876, SyncStart=90158058334, IssueDrawCommandsStart=90159537209, SwapBuffers=90171916459, FrameCompleted=9223372036854775807, DequeueBufferDuration=2006375, QueueBufferDuration=1534916, GpuCompleted=9223372036854775807, SwapBuffersCompleted=90182155501, DisplayPresentTime=0,
05-28 10:10:20.276 1077 1448 I OpenGLRenderer: Davey! duration=9223371946680ms; Flags=0, FrameTimelineVsyncId=3232, IntendedVsync=90155697137, Vsync=90155697137, InputEventId=0, HandleInputStart=90160338709, AnimationStart=90160342709, PerformTraversalsStart=90161145292, DrawStart=90163220917, FrameDeadline=90189030469, FrameInterval=90160326876, FrameStartTime=16666666, SyncQueued=90163853876, SyncStart=90182436042, IssueDrawCommandsStart=90184625667, SwapBuffers=90196597209, FrameCompleted=9223372036854775807, DequeueBufferDuration=42625, QueueBufferDuration=816500, GpuCompleted=9223372036854775807, SwapBuffersCompleted=90198528459, DisplayPresentTime=0,
05-28 10:10:20.290 2026 2079 I efs.send_log: log cann't be send because net status is disconnected
05-28 10:10:20.296 1077 1448 I OpenGLRenderer: Davey! duration=9223371946671ms; Flags=0, FrameTimelineVsyncId=3234, IntendedVsync=90172369623, Vsync=90172369623, InputEventId=0, HandleInputStart=90185124126, AnimationStart=90185127876, PerformTraversalsStart=90185758459, DrawStart=90187177542, FrameDeadline=90205702955, FrameInterval=90185118209, FrameStartTime=16666666, SyncQueued=90188003292, SyncStart=90198690126, IssueDrawCommandsStart=90199795917, SwapBuffers=90206051292, FrameCompleted=9223372036854775807, DequeueBufferDuration=34209, QueueBufferDuration=1999375, GpuCompleted=9223372036854775807, SwapBuffersCompleted=90208617126, DisplayPresentTime=0,
05-28 10:10:20.377 1077 1448 I OpenGLRenderer: Davey! duration=9223371946589ms; Flags=0, FrameTimelineVsyncId=3244, IntendedVsync=90255741366, Vsync=90255741366, InputEventId=0, HandleInputStart=90259074917, AnimationStart=90259077459, PerformTraversalsStart=90259831001, DrawStart=90261240292, FrameDeadline=90289074698, FrameInterval=90259068417, FrameStartTime=16666666, SyncQueued=90262489542, SyncStart=90271779459, IssueDrawCommandsStart=90272847417, SwapBuffers=90288294709, FrameCompleted=9223372036854775807, DequeueBufferDuration=5040208, QueueBufferDuration=1961084, GpuCompleted=9223372036854775807, SwapBuffersCompleted=90294556042, DisplayPresentTime=0,
05-28 10:10:20.511 1077 1448 I OpenGLRenderer: Davey! duration=9223371946455ms; Flags=0, FrameTimelineVsyncId=3260, IntendedVsync=90389241214, Vsync=90389241214, InputEventId=0, HandleInputStart=90396342292, AnimationStart=90396346167, PerformTraversalsStart=90396871959, DrawStart=90397788584, FrameDeadline=90422574546, FrameInterval=90396333376, FrameStartTime=16666666, SyncQueued=90398275042, SyncStart=90407914876, IssueDrawCommandsStart=90413270084, SwapBuffers=90422540001, FrameCompleted=9223372036854775807, DequeueBufferDuration=2892709, QueueBufferDuration=1111375, GpuCompleted=9223372036854775807, SwapBuffersCompleted=90433863501, DisplayPresentTime=0,
05-28 10:10:20.527 1077 1448 I OpenGLRenderer: Davey! duration=9223371946430ms; Flags=0, FrameTimelineVsyncId=3262, IntendedVsync=90405908812, Vsync=90405908812, InputEventId=0, HandleInputStart=90413785626, AnimationStart=90413788417, PerformTraversalsStart=90414502917, DrawStart=90415384626, FrameDeadline=90439242144, FrameInterval=90413780792, FrameStartTime=16666666, SyncQueued=90415853584, SyncStart=90434126709, IssueDrawCommandsStart=90436185459, SwapBuffers=90445945584, FrameCompleted=9223372036854775807, DequeueBufferDuration=51708, QueueBufferDuration=1653125, GpuCompleted=9223372036854775807, SwapBuffersCompleted=90449115459, DisplayPresentTime=0,
05-28 10:10:20.543 1077 1448 I OpenGLRenderer: Davey! duration=9223371946421ms; Flags=0, FrameTimelineVsyncId=3264, IntendedVsync=90422576624, Vsync=90422576624, InputEventId=0, HandleInputStart=90436896626, AnimationStart=90436901459, PerformTraversalsStart=90437470584, DrawStart=90438516709, FrameDeadline=90455909956, FrameInterval=90436688334, FrameStartTime=16666666, SyncQueued=90439147501, SyncStart=90449442042, IssueDrawCommandsStart=90451787709, SwapBuffers=90459215501, FrameCompleted=9223372036854775807, DequeueBufferDuration=46125, QueueBufferDuration=1282250, GpuCompleted=9223372036854775807, SwapBuffersCompleted=90461939209, DisplayPresentTime=0,
05-28 10:10:20.562 476 520 W IorapForwardingService: No service published for: iorapd
05-28 10:10:20.779 1077 1098 I OpenGLRenderer: Davey! duration=9223371946189ms; Flags=0, FrameTimelineVsyncId=3292, IntendedVsync=90655908856, Vsync=90655908856, InputEventId=0, HandleInputStart=90659275792, AnimationStart=90659280209, PerformTraversalsStart=90660199251, DrawStart=90661632834, FrameDeadline=90689242188, FrameInterval=90659265709, FrameStartTime=16666666, SyncQueued=90662898626, SyncStart=90672473626, IssueDrawCommandsStart=90674358084, SwapBuffers=90688327876, FrameCompleted=9223372036854775807, DequeueBufferDuration=4887083, QueueBufferDuration=1223750, GpuCompleted=9223372036854775807, SwapBuffersCompleted=90699269459, DisplayPresentTime=0,
05-28 10:10:20.795 1077 1448 I OpenGLRenderer: Davey! duration=9223371946160ms; Flags=0, FrameTimelineVsyncId=3294, IntendedVsync=90672574994, Vsync=90672574994, InputEventId=0, HandleInputStart=90674776542, AnimationStart=90674781834, PerformTraversalsStart=90675443667, DrawStart=90676641167, FrameDeadline=90705908326, FrameInterval=90674767751, FrameStartTime=16666666, SyncQueued=90677387876, SyncStart=90699527167, IssueDrawCommandsStart=90701022501, SwapBuffers=90712495501, FrameCompleted=9223372036854775807, DequeueBufferDuration=41208, QueueBufferDuration=1408958, GpuCompleted=9223372036854775807, SwapBuffersCompleted=90715072251, DisplayPresentTime=0,
05-28 10:10:20.810 1077 1098 I OpenGLRenderer: Davey! duration=9223371946153ms; Flags=0, FrameTimelineVsyncId=3296, IntendedVsync=90689241412, Vsync=90689241412, InputEventId=0, HandleInputStart=90701388167, AnimationStart=90701392376, PerformTraversalsStart=90701929209, DrawStart=90702894126, FrameDeadline=90722574744, FrameInterval=90701381292, FrameStartTime=16666666, SyncQueued=90703440501, SyncStart=90715314417, IssueDrawCommandsStart=90717116042, SwapBuffers=90726790001, FrameCompleted=9223372036854775807, DequeueBufferDuration=42250, QueueBufferDuration=1051375, GpuCompleted=9223372036854775807, SwapBuffersCompleted=90737772543, DisplayPresentTime=0,
05-28 10:10:20.828 1077 1448 I OpenGLRenderer: Davey! duration=9223371946130ms; Flags=0, FrameTimelineVsyncId=3298, IntendedVsync=90705907747, Vsync=90705907747, InputEventId=0, HandleInputStart=90717623709, AnimationStart=90717626292, PerformTraversalsStart=90718147876, DrawStart=90719203501, FrameDeadline=90739241079, FrameInterval=90717617042, FrameStartTime=16666666, SyncQueued=90719792417, SyncStart=90737959043, IssueDrawCommandsStart=90739060626, SwapBuffers=90746565668, FrameCompleted=9223372036854775807, DequeueBufferDuration=38209, QueueBufferDuration=1490958, GpuCompleted=9223372036854775807, SwapBuffersCompleted=90748868168, DisplayPresentTime=0,
05-28 10:10:20.846 1077 1448 I OpenGLRenderer: Davey! duration=9223371946128ms; Flags=0, FrameTimelineVsyncId=3300, IntendedVsync=90722574406, Vsync=90739241072, InputEventId=0, HandleInputStart=90740825918, AnimationStart=90740831584, PerformTraversalsStart=90743955751, DrawStart=90745237418, FrameDeadline=90755907738, FrameInterval=90740808251, FrameStartTime=16666666, SyncQueued=90745904168, SyncStart=90749452209, IssueDrawCommandsStart=90751410501, SwapBuffers=90762150126, FrameCompleted=9223372036854775807, DequeueBufferDuration=59125, QueueBufferDuration=1015167, GpuCompleted=9223372036854775807, SwapBuffersCompleted=90763802709, DisplayPresentTime=0,
05-28 10:10:20.862 1077 1448 I OpenGLRenderer: Davey! duration=9223371946095ms; Flags=0, FrameTimelineVsyncId=3304, IntendedVsync=90755910325, Vsync=90755910325, InputEventId=0, HandleInputStart=90756751751, AnimationStart=90756758501, PerformTraversalsStart=90757553043, DrawStart=90759757918, FrameDeadline=90789243657, FrameInterval=90756740001, FrameStartTime=16666666, SyncQueued=90760938001, SyncStart=90763996126, IssueDrawCommandsStart=90765475376, SwapBuffers=90775271126, FrameCompleted=9223372036854775807, DequeueBufferDuration=37375, QueueBufferDuration=2991291, GpuCompleted=9223372036854775807, SwapBuffersCompleted=90779509793, DisplayPresentTime=0,
05-28 10:10:20.876 1077 1448 I OpenGLRenderer: Davey! duration=9223371946079ms; Flags=0, FrameTimelineVsyncId=3306, IntendedVsync=90772576413, Vsync=90772576413, InputEventId=0, HandleInputStart=90773302959, AnimationStart=90773310168, PerformTraversalsStart=90773961209, DrawStart=90775899876, FrameDeadline=90805909745, FrameInterval=90773289876, FrameStartTime=16666666, SyncQueued=90777583959, SyncStart=90779818543, IssueDrawCommandsStart=90781541251, SwapBuffers=90787566043, FrameCompleted=9223372036854775807, DequeueBufferDuration=45708, QueueBufferDuration=6305625, GpuCompleted=9223372036854775807, SwapBuffersCompleted=90794780709, DisplayPresentTime=0,
05-28 10:10:20.894 1077 1448 I OpenGLRenderer: Davey! duration=9223371946064ms; Flags=0, FrameTimelineVsyncId=3308, IntendedVsync=90789243671, Vsync=90789243671, InputEventId=0, HandleInputStart=90790147126, AnimationStart=90790154043, PerformTraversalsStart=90790747584, DrawStart=90792675293, FrameDeadline=90822577003, FrameInterval=90790134626, FrameStartTime=16666666, SyncQueued=90794081334, SyncStart=90795122084, IssueDrawCommandsStart=90797365084, SwapBuffers=90804108209, FrameCompleted=9223372036854775807, DequeueBufferDuration=58334, QueueBufferDuration=4990291, GpuCompleted=9223372036854775807, SwapBuffersCompleted=90809891293, DisplayPresentTime=0,
05-28 10:10:20.996 1077 1098 I OpenGLRenderer: Davey! duration=9223371945965ms; Flags=0, FrameTimelineVsyncId=3320, IntendedVsync=90889260095, Vsync=90889260095, InputEventId=0, HandleInputStart=90889749334, AnimationStart=90889753043, PerformTraversalsStart=90890186418, DrawStart=90891268001, FrameDeadline=90922593427, FrameInterval=90889738793, FrameStartTime=16666666, SyncQueued=90892345543, SyncStart=90892540626, IssueDrawCommandsStart=90894261626, SwapBuffers=90903606918, FrameCompleted=9223372036854775807, DequeueBufferDuration=41916, QueueBufferDuration=1424584, GpuCompleted=9223372036854775807, SwapBuffersCompleted=90914220709, DisplayPresentTime=0,
05-28 10:10:21.012 1077 1098 I OpenGLRenderer: Davey! duration=9223371945943ms; Flags=0, FrameTimelineVsyncId=3322, IntendedVsync=90905923756, Vsync=90905923756, InputEventId=0, HandleInputStart=90906660834, AnimationStart=90906667626, PerformTraversalsStart=90907265543, DrawStart=90908707793, FrameDeadline=90939257088, FrameInterval=90906649543, FrameStartTime=16666666, SyncQueued=90909418834, SyncStart=90914490334, IssueDrawCommandsStart=90916267959, SwapBuffers=90926914709, FrameCompleted=9223372036854775807, DequeueBufferDuration=44833, QueueBufferDuration=1680625, GpuCompleted=9223372036854775807, SwapBuffersCompleted=90930408959, DisplayPresentTime=0,
05-28 10:10:21.215 1077 1525 D hq : NetWorkStateReceiver:::检查网络,并且持续更新 isConnect=false
05-28 10:10:21.246 1077 1448 I OpenGLRenderer: Davey! duration=9223371945715ms; Flags=0, FrameTimelineVsyncId=3350, IntendedVsync=91139232627, Vsync=91139232627, InputEventId=0, HandleInputStart=91139975168, AnimationStart=91139982168, PerformTraversalsStart=91140834459, DrawStart=91143404418, FrameDeadline=91172565959, FrameInterval=91139963418, FrameStartTime=16666666, SyncQueued=91144616251, SyncStart=91144867418, IssueDrawCommandsStart=91146923001, SwapBuffers=91158115334, FrameCompleted=9223372036854775807, DequeueBufferDuration=89041, QueueBufferDuration=1829125, GpuCompleted=9223372036854775807, SwapBuffersCompleted=91162379876, DisplayPresentTime=0,
05-28 10:10:21.328 1077 1448 I OpenGLRenderer: Davey! duration=9223371945632ms; Flags=0, FrameTimelineVsyncId=3360, IntendedVsync=91222576404, Vsync=91222576404, InputEventId=0, HandleInputStart=91223294376, AnimationStart=91223299626, PerformTraversalsStart=91223838918, DrawStart=91225418459, FrameDeadline=91255909736, FrameInterval=91223284126, FrameStartTime=16666666, SyncQueued=91226404543, SyncStart=91226578709, IssueDrawCommandsStart=91228280043, SwapBuffers=91240448834, FrameCompleted=9223372036854775807, DequeueBufferDuration=42916, QueueBufferDuration=858916, GpuCompleted=9223372036854775807, SwapBuffersCompleted=91242575876, DisplayPresentTime=0,
05-28 10:10:21.344 1077 1448 I OpenGLRenderer: Davey! duration=9223371945615ms; Flags=0, FrameTimelineVsyncId=3362, IntendedVsync=91239242454, Vsync=91239242454, InputEventId=0, HandleInputStart=91240406251, AnimationStart=91240409959, PerformTraversalsStart=91241988418, DrawStart=91244748918, FrameDeadline=91272575786, FrameInterval=91240396709, FrameStartTime=16666666, SyncQueued=91246542043, SyncStart=91246728334, IssueDrawCommandsStart=91247907793, SwapBuffers=91259840251, FrameCompleted=9223372036854775807, DequeueBufferDuration=141250, QueueBufferDuration=2105834, GpuCompleted=9223372036854775807, SwapBuffersCompleted=91262846209, DisplayPresentTime=0,
05-28 10:10:21.477 1077 1448 I OpenGLRenderer: Davey! duration=9223371945482ms; Flags=0, FrameTimelineVsyncId=3378, IntendedVsync=91372590423, Vsync=91372590423, InputEventId=0, HandleInputStart=91373100209, AnimationStart=91373104709, PerformTraversalsStart=91373109751, DrawStart=91373209001, FrameDeadline=91405923755, FrameInterval=91373090126, FrameStartTime=16666666, SyncQueued=91373396959, SyncStart=91373547209, IssueDrawCommandsStart=91374506168, SwapBuffers=91385713626, FrameCompleted=9223372036854775807, DequeueBufferDuration=3112708, QueueBufferDuration=890000, GpuCompleted=9223372036854775807, SwapBuffersCompleted=91393537168, DisplayPresentTime=0,
05-28 10:10:21.564 476 520 W IorapForwardingService: No service published for: iorapd
05-28 10:10:21.700 1118 1118 D aaa : LedStatusService onStartCommand begin
05-28 10:10:21.701 1162 1162 D bbb : onStartCommand begin !!!!!!! data分区剩余 24985MB
05-28 10:10:21.702 1118 2930 D aaa : topPkg is -------------- :com.dangbei.leard.leradlauncher
05-28 10:10:22.566 476 520 W IorapForwardingService: No service published for: iorapd
05-28 10:10:23.217 1077 1525 D hq : NetWorkStateReceiver:::检查网络,并且持续更新 isConnect=false
05-28 10:10:23.421 1077 2945 W System.err: java.net.UnknownHostException: Unable to resolve host "zmimg.dangbei.net": No address associated with hostname
05-28 10:10:23.422 1077 2945 W System.err: at java.net.Inet6AddressImpl.lookupHostByName(Inet6AddressImpl.java:156)
05-28 10:10:23.422 1077 2945 W System.err: at java.net.Inet6AddressImpl.lookupAllHostAddr(Inet6AddressImpl.java:103)
05-28 10:10:23.422 1077 2945 W System.err: at java.net.InetAddress.getAllByName(InetAddress.java:1152)
05-28 10:10:23.422 1077 2945 W System.err: at okhttp3.Dns$Companion$DnsSystem.lookup(SourceFile:6)
05-28 10:10:23.422 1077 2945 W System.err: at okhttp3.internal.connection.RouteSelector.resetNextInetSocketAddress(SourceFile:153)
05-28 10:10:23.422 1077 2945 W System.err: at okhttp3.internal.connection.RouteSelector.nextProxy(SourceFile:21)
05-28 10:10:23.422 1077 2945 W System.err: at okhttp3.internal.connection.RouteSelector.next(SourceFile:18)
05-28 10:10:23.423 1077 2945 W System.err: at okhttp3.internal.connection.ExchangeFinder.findConnection(SourceFile:197)
05-28 10:10:23.423 1077 2945 W System.err: at okhttp3.internal.connection.ExchangeFinder.findHealthyConnection(SourceFile:1)
05-28 10:10:23.423 1077 2945 W System.err: at okhttp3.internal.connection.ExchangeFinder.find(SourceFile:52)
05-28 10:10:23.423 1077 2945 W System.err: at okhttp3.internal.connection.RealCall.initExchange$okhttp(SourceFile:32)
05-28 10:10:23.423 1077 2945 W System.err: at okhttp3.internal.connection.ConnectInterceptor.intercept(SourceFile:12)
05-28 10:10:23.423 1077 2945 W System.err: at okhttp3.internal.http.RealInterceptorChain.proceed(SourceFile:155)
05-28 10:10:23.423 1077 2945 W System.err: at okhttp3.internal.cache.CacheInterceptor.intercept(SourceFile:190)
05-28 10:10:23.423 1077 2945 W System.err: at okhttp3.internal.http.RealInterceptorChain.proceed(SourceFile:155)
05-28 10:10:23.423 1077 2945 W System.err: at okhttp3.internal.http.BridgeInterceptor.intercept(SourceFile:168)
05-28 10:10:23.423 1077 2945 W System.err: at okhttp3.internal.http.RealInterceptorChain.proceed(SourceFile:155)
05-28 10:10:23.423 1077 2945 W System.err: at okhttp3.internal.http.RetryAndFollowUpInterceptor.intercept(SourceFile:35)
05-28 10:10:23.423 1077 2945 W System.err: at okhttp3.internal.http.RealInterceptorChain.proceed(SourceFile:155)
05-28 10:10:23.423 1077 2945 W System.err: at okhttp3.internal.connection.RealCall.getResponseWithInterceptorChain$okhttp(SourceFile:114)
05-28 10:10:23.424 1077 2945 W System.err: at okhttp3.internal.connection.RealCall.execute(SourceFile:28)
05-28 10:10:23.424 1077 2945 W System.err: at v5.a.a(SourceFile:54)
05-28 10:10:23.424 1077 2945 W System.err: at v5.e$a.doInBackground(SourceFile:39)
05-28 10:10:23.424 1077 2945 W System.err: at com.blankj.utilcode.util.ThreadUtils$f.run(SourceFile:83)
05-28 10:10:23.424 1077 2945 W System.err: at java.util.concurrent.ThreadPoolExecutor.runWorker(ThreadPoolExecutor.java:1167)
05-28 10:10:23.424 1077 2945 W System.err: at java.util.concurrent.ThreadPoolExecutor$Worker.run(ThreadPoolExecutor.java:641)
05-28 10:10:23.424 1077 2945 W System.err: at java.lang.Thread.run(Thread.java:920)
05-28 10:10:23.424 1077 2945 W System.err: at com.blankj.utilcode.util.ThreadUtils$UtilsThreadFactory$a.run(SourceFile:1)
05-28 10:10:23.425 1077 2945 W System.err: Caused by: android.system.GaiException: android_getaddrinfo failed: EAI_NODATA (No address associated with hostname)
05-28 10:10:23.425 1077 2945 W System.err: at libcore.io.Linux.android_getaddrinfo(Native Method)
05-28 10:10:23.425 1077 2945 W System.err: at libcore.io.ForwardingOs.android_getaddrinfo(ForwardingOs.java:136)
05-28 10:10:23.425 1077 2945 W System.err: at libcore.io.BlockGuardOs.android_getaddrinfo(BlockGuardOs.java:221)
05-28 10:10:23.425 1077 2945 W System.err: at libcore.io.ForwardingOs.android_getaddrinfo(ForwardingOs.java:136)
05-28 10:10:23.425 1077 2945 W System.err: at java.net.Inet6AddressImpl.lookupHostByName(Inet6AddressImpl.java:135)
05-28 10:10:23.425 1077 2945 W System.err: ... 27 more
05-28 10:10:23.446 1077 1448 I OpenGLRenderer: Davey! duration=9223371943498ms; Flags=0, FrameTimelineVsyncId=3382, IntendedVsync=93355908131, Vsync=93355908131, InputEventId=0, HandleInputStart=93356588669, AnimationStart=93356596294, PerformTraversalsStart=93357186960, DrawStart=93357696960, FrameDeadline=93389241463, FrameInterval=93356577710, FrameStartTime=16666666, SyncQueued=93358210169, SyncStart=93358462044, IssueDrawCommandsStart=93359783794, SwapBuffers=93367144335, FrameCompleted=9223372036854775807, DequeueBufferDuration=63875, QueueBufferDuration=1153583, GpuCompleted=9223372036854775807, SwapBuffersCompleted=93369250627, DisplayPresentTime=0,
05-28 10:10:23.460 1077 1448 I OpenGLRenderer: Davey! duration=9223371943481ms; Flags=0, FrameTimelineVsyncId=3384, IntendedVsync=93372574797, Vsync=93372574797, InputEventId=0, HandleInputStart=93373624335, AnimationStart=93373631919, PerformTraversalsStart=93374730627, DrawStart=93375736710, FrameDeadline=93405908129, FrameInterval=93373611794, FrameStartTime=16666666, SyncQueued=93376541919, SyncStart=93376836335, IssueDrawCommandsStart=93379268960, SwapBuffers=93386400919, FrameCompleted=9223372036854775807, DequeueBufferDuration=62500, QueueBufferDuration=1193416, GpuCompleted=9223372036854775807, SwapBuffersCompleted=93388213669, DisplayPresentTime=0,
05-28 10:10:23.479 1077 1448 I OpenGLRenderer: Davey! duration=9223371943464ms; Flags=0, FrameTimelineVsyncId=3386, IntendedVsync=93389664315, Vsync=93389664315, InputEventId=0, HandleInputStart=93390122877, AnimationStart=93390127002, PerformTraversalsStart=93390584502, DrawStart=93390915669, FrameDeadline=93422997647, FrameInterval=93390113794, FrameStartTime=16666666, SyncQueued=93391235335, SyncStart=93391383919, IssueDrawCommandsStart=93392455544, SwapBuffers=93402461377, FrameCompleted=9223372036854775807, DequeueBufferDuration=37833, QueueBufferDuration=4876542, GpuCompleted=9223372036854775807, SwapBuffersCompleted=93408241585, DisplayPresentTime=0,
05-28 10:10:23.503 1077 1448 I OpenGLRenderer: Davey! duration=9223371943447ms; Flags=0, FrameTimelineVsyncId=3388, IntendedVsync=93406330981, Vsync=93406330981, InputEventId=0, HandleInputStart=93406847127, AnimationStart=93406851377, PerformTraversalsStart=93407282960, DrawStart=93407603919, FrameDeadline=93439664313, FrameInterval=93406838585, FrameStartTime=16666666, SyncQueued=93407992669, SyncStart=93408478169, IssueDrawCommandsStart=93409684294, SwapBuffers=93416175835, FrameCompleted=9223372036854775807, DequeueBufferDuration=48958, QueueBufferDuration=15046792, GpuCompleted=9223372036854775807, SwapBuffersCompleted=93431906877, DisplayPresentTime=0,
05-28 10:10:23.527 1077 1098 I OpenGLRenderer: Davey! duration=9223371943425ms; Flags=0, FrameTimelineVsyncId=3390, IntendedVsync=93422997647, Vsync=93422997647, InputEventId=0, HandleInputStart=93423701252, AnimationStart=93423708335, PerformTraversalsStart=93424359419, DrawStart=93425687085, FrameDeadline=93456330979, FrameInterval=93423689669, FrameStartTime=16666666, SyncQueued=93426399085, SyncStart=93432214294, IssueDrawCommandsStart=93433439460, SwapBuffers=93440428419, FrameCompleted=9223372036854775807, DequeueBufferDuration=47250, QueueBufferDuration=13708583, GpuCompleted=9223372036854775807, SwapBuffersCompleted=93454950419, DisplayPresentTime=0,
05-28 10:10:23.550 1077 1098 I OpenGLRenderer: Davey! duration=9223371943401ms; Flags=0, FrameTimelineVsyncId=3391, IntendedVsync=93439664313, Vsync=93439664313, InputEventId=0, HandleInputStart=93440170085, AnimationStart=93440174585, PerformTraversalsStart=93440647252, DrawStart=93441018794, FrameDeadline=93472997645, FrameInterval=93440160960, FrameStartTime=16666666, SyncQueued=93441357627, SyncStart=93455231710, IssueDrawCommandsStart=93456582752, SwapBuffers=93465356544, FrameCompleted=9223372036854775807, DequeueBufferDuration=50458, QueueBufferDuration=12102083, GpuCompleted=9223372036854775807, SwapBuffersCompleted=93478336627, DisplayPresentTime=0,
05-28 10:10:23.568 476 520 W IorapForwardingService: No service published for: iorapd
05-28 10:10:23.578 1077 1098 I OpenGLRenderer: Davey! duration=9223371943380ms; Flags=0, FrameTimelineVsyncId=3393, IntendedVsync=93456293775, Vsync=93456293775, InputEventId=0, HandleInputStart=93457504585, AnimationStart=93457508544, PerformTraversalsStart=93458222669, DrawStart=93459490502, FrameDeadline=93489627107, FrameInterval=93457494210, FrameStartTime=16666666, SyncQueued=93460130460, SyncStart=93478561794, IssueDrawCommandsStart=93479937877, SwapBuffers=93491925460, FrameCompleted=9223372036854775807, DequeueBufferDuration=75667, QueueBufferDuration=8849250, GpuCompleted=9223372036854775807, SwapBuffersCompleted=93501631169, DisplayPresentTime=0,
05-28 10:10:23.597 1077 1098 I OpenGLRenderer: Davey! duration=9223371943362ms; Flags=0, FrameTimelineVsyncId=3395, IntendedVsync=93472954967, Vsync=93472954967, InputEventId=0, HandleInputStart=93480387835, AnimationStart=93480391127, PerformTraversalsStart=93481034752, DrawStart=93482245335, FrameDeadline=93506288299, FrameInterval=93480379585, FrameStartTime=16666666, SyncQueued=93482756919, SyncStart=93501864252, IssueDrawCommandsStart=93503344335, SwapBuffers=93514793752, FrameCompleted=9223372036854775807, DequeueBufferDuration=45250, QueueBufferDuration=9384542, GpuCompleted=9223372036854775807, SwapBuffersCompleted=93525740502, DisplayPresentTime=0,
05-28 10:10:23.628 1077 1448 I OpenGLRenderer: Davey! duration=9223371943345ms; Flags=0, FrameTimelineVsyncId=3396, IntendedVsync=93489616159, Vsync=93489616159, InputEventId=0, HandleInputStart=93503688335, AnimationStart=93503691877, PerformTraversalsStart=93504370294, DrawStart=93505539960, FrameDeadline=93522949491, FrameInterval=93503679419, FrameStartTime=16666666, SyncQueued=93506190710, SyncStart=93526093585, IssueDrawCommandsStart=93529217211, SwapBuffers=93539852044, FrameCompleted=9223372036854775807, DequeueBufferDuration=52875, QueueBufferDuration=3832250, GpuCompleted=9223372036854775807, SwapBuffersCompleted=93544629294, DisplayPresentTime=0,
05-28 10:10:23.812 1077 1098 I OpenGLRenderer: Davey! duration=9223371943150ms; Flags=0, FrameTimelineVsyncId=3419, IntendedVsync=93689049059, Vsync=93689049059, InputEventId=0, HandleInputStart=93689498336, AnimationStart=93689501586, PerformTraversalsStart=93689988461, DrawStart=93690969169, FrameDeadline=93722382391, FrameInterval=93689491044, FrameStartTime=16666666, SyncQueued=93691472711, SyncStart=93706707961, IssueDrawCommandsStart=93707893419, SwapBuffers=93719408377, FrameCompleted=9223372036854775807, DequeueBufferDuration=2922708, QueueBufferDuration=1012709, GpuCompleted=9223372036854775807, SwapBuffersCompleted=93730022877, DisplayPresentTime=0,
05-28 10:10:23.828 1077 1098 I OpenGLRenderer: Davey! duration=9223371943130ms; Flags=0, FrameTimelineVsyncId=3421, IntendedVsync=93705719342, Vsync=93705719342, InputEventId=0, HandleInputStart=93708321044, AnimationStart=93708323961, PerformTraversalsStart=93708933294, DrawStart=93710461419, FrameDeadline=93739052674, FrameInterval=93708315002, FrameStartTime=16666666, SyncQueued=93711352336, SyncStart=93730304877, IssueDrawCommandsStart=93731974877, SwapBuffers=93740488002, FrameCompleted=9223372036854775807, DequeueBufferDuration=48291, QueueBufferDuration=1831875, GpuCompleted=9223372036854775807, SwapBuffersCompleted=93744928127, DisplayPresentTime=0,
05-28 10:10:23.911 1077 1098 I OpenGLRenderer: Davey! duration=9223371943056ms; Flags=0, FrameTimelineVsyncId=3431, IntendedVsync=93789100192, Vsync=93789100192, InputEventId=0, HandleInputStart=93791784627, AnimationStart=93791787294, PerformTraversalsStart=93792497877, DrawStart=93794027502, FrameDeadline=93822433524, FrameInterval=93791778752, FrameStartTime=16666666, SyncQueued=93794898461, SyncStart=93803705544, IssueDrawCommandsStart=93805276294, SwapBuffers=93821016127, FrameCompleted=9223372036854775807, DequeueBufferDuration=7504250, QueueBufferDuration=1389208, GpuCompleted=9223372036854775807, SwapBuffersCompleted=93834171919, DisplayPresentTime=0,
05-28 10:10:23.928 1077 1098 I OpenGLRenderer: Davey! duration=9223371943023ms; Flags=0, FrameTimelineVsyncId=3433, IntendedVsync=93805797970, Vsync=93805797970, InputEventId=0, HandleInputStart=93806437794, AnimationStart=93806443211, PerformTraversalsStart=93807075836, DrawStart=93808511669, FrameDeadline=93839131302, FrameInterval=93806427961, FrameStartTime=16666666, SyncQueued=93809293836, SyncStart=93834468044, IssueDrawCommandsStart=93836326252, SwapBuffers=93845595877, FrameCompleted=9223372036854775807, DequeueBufferDuration=40459, QueueBufferDuration=1863125, GpuCompleted=9223372036854775807, SwapBuffersCompleted=93849295836, DisplayPresentTime=0,
05-28 10:10:23.944 1077 1098 I OpenGLRenderer: Davey! duration=9223371943022ms; Flags=0, FrameTimelineVsyncId=3435, IntendedVsync=93822510237, Vsync=93822510237, InputEventId=0, HandleInputStart=93837243086, AnimationStart=93837245877, PerformTraversalsStart=93837756002, DrawStart=93838929252, FrameDeadline=93855843569, FrameInterval=93837235002, FrameStartTime=16666666, SyncQueued=93839429294, SyncStart=93849662711, IssueDrawCommandsStart=93852246669, SwapBuffers=93859994669, FrameCompleted=9223372036854775807, DequeueBufferDuration=41875, QueueBufferDuration=964667, GpuCompleted=9223372036854775807, SwapBuffersCompleted=93861804544, DisplayPresentTime=0,
05-28 10:10:23.961 1077 1098 I OpenGLRenderer: Davey! duration=9223371943008ms; Flags=0, FrameTimelineVsyncId=3437, IntendedVsync=93839240956, Vsync=93839240956, InputEventId=0, HandleInputStart=93852809877, AnimationStart=93852813961, PerformTraversalsStart=93853482252, DrawStart=93854677169, FrameDeadline=93872574288, FrameInterval=93852795877, FrameStartTime=16666666, SyncQueued=93855332586, SyncStart=93862119211, IssueDrawCommandsStart=93864329752, SwapBuffers=93875711669, FrameCompleted=9223372036854775807, DequeueBufferDuration=60625, QueueBufferDuration=1198917, GpuCompleted=9223372036854775807, SwapBuffersCompleted=93878314086, DisplayPresentTime=0,
05-28 10:10:23.982 1077 1098 I OpenGLRenderer: Davey! duration=9223371942988ms; Flags=0, FrameTimelineVsyncId=3439, IntendedVsync=93855908451, Vsync=93855908451, InputEventId=0, HandleInputStart=93864888336, AnimationStart=93864894377, PerformTraversalsStart=93865862044, DrawStart=93867252294, FrameDeadline=93889241783, FrameInterval=93864878586, FrameStartTime=16666666, SyncQueued=93868231419, SyncStart=93878982336, IssueDrawCommandsStart=93881432169, SwapBuffers=93892680544, FrameCompleted=9223372036854775807, DequeueBufferDuration=67167, QueueBufferDuration=1353750, GpuCompleted=9223372036854775807, SwapBuffersCompleted=93894569419, DisplayPresentTime=0,
05-28 10:10:23.993 1077 1098 I OpenGLRenderer: Davey! duration=9223371942972ms; Flags=0, FrameTimelineVsyncId=3441, IntendedVsync=93872577633, Vsync=93872577633, InputEventId=0, HandleInputStart=93881884961, AnimationStart=93881890544, PerformTraversalsStart=93882629836, DrawStart=93884188169, FrameDeadline=93905910965, FrameInterval=93881875377, FrameStartTime=16666666, SyncQueued=93885041127, SyncStart=93894854169, IssueDrawCommandsStart=93896564127, SwapBuffers=93903112044, FrameCompleted=9223372036854775807, DequeueBufferDuration=34167, QueueBufferDuration=4676459, GpuCompleted=9223372036854775807, SwapBuffersCompleted=93908559669, DisplayPresentTime=0,
05-28 10:10:24.061 1077 1098 I OpenGLRenderer: Davey! duration=9223371942904ms; Flags=0, FrameTimelineVsyncId=3449, IntendedVsync=93939246047, Vsync=93939246047, InputEventId=0, HandleInputStart=93940433794, AnimationStart=93940436544, PerformTraversalsStart=93940898669, DrawStart=93942163377, FrameDeadline=93972579379, FrameInterval=93940426377, FrameStartTime=16666666, SyncQueued=93943077461, SyncStart=93954434044, IssueDrawCommandsStart=93956278169, SwapBuffers=93973287627, FrameCompleted=9223372036854775807, DequeueBufferDuration=6785667, QueueBufferDuration=1420041, GpuCompleted=9223372036854775807, SwapBuffersCompleted=93982152377, DisplayPresentTime=0,
05-28 10:10:24.077 1077 1098 I OpenGLRenderer: Davey! duration=9223371942876ms; Flags=0, FrameTimelineVsyncId=3451, IntendedVsync=93955911485, Vsync=93955911485, InputEventId=0, HandleInputStart=93956725669, AnimationStart=93956743377, PerformTraversalsStart=93957410961, DrawStart=93958906461, FrameDeadline=93989244817, FrameInterval=93956716294, FrameStartTime=16666666, SyncQueued=93959749669, SyncStart=93982447294, IssueDrawCommandsStart=93984267502, SwapBuffers=93991445961, FrameCompleted=9223372036854775807, DequeueBufferDuration=32000, QueueBufferDuration=1458375, GpuCompleted=9223372036854775807, SwapBuffersCompleted=93994293877, DisplayPresentTime=0,
05-28 10:10:24.212 1077 1098 I OpenGLRenderer: Davey! duration=9223371942747ms; Flags=0, FrameTimelineVsyncId=3467, IntendedVsync=94089242091, Vsync=94089242091, InputEventId=0, HandleInputStart=94090304669, AnimationStart=94090306919, PerformTraversalsStart=94090794252, DrawStart=94091752669, FrameDeadline=94122575423, FrameInterval=94090298669, FrameStartTime=16666666, SyncQueued=94092462377, SyncStart=94110762086, IssueDrawCommandsStart=94112427419, SwapBuffers=94124983169, FrameCompleted=9223372036854775807, DequeueBufferDuration=36500, QueueBufferDuration=1499333, GpuCompleted=9223372036854775807, SwapBuffersCompleted=94128514544, DisplayPresentTime=0,
05-28 10:10:24.346 1077 1098 I OpenGLRenderer: Davey! duration=9223371942613ms; Flags=0, FrameTimelineVsyncId=3483, IntendedVsync=94222574826, Vsync=94222574826, InputEventId=0, HandleInputStart=94223050127, AnimationStart=94223052461, PerformTraversalsStart=94223495544, DrawStart=94224484544, FrameDeadline=94255908158, FrameInterval=94223042377, FrameStartTime=16666666, SyncQueued=94225022294, SyncStart=94243718544, IssueDrawCommandsStart=94245900419, SwapBuffers=94257899336, FrameCompleted=9223372036854775807, DequeueBufferDuration=48250, QueueBufferDuration=1010250, GpuCompleted=9223372036854775807, SwapBuffersCompleted=94261687128, DisplayPresentTime=0,
05-28 10:10:24.536 1077 1098 I OpenGLRenderer: Davey! duration=9223371942442ms; Flags=0, FrameTimelineVsyncId=3505, IntendedVsync=94405915041, Vsync=94405915041, InputEventId=0, HandleInputStart=94411635544, AnimationStart=94411639378, PerformTraversalsStart=94412730211, DrawStart=94413795211, FrameDeadline=94439248373, FrameInterval=94411621586, FrameStartTime=16666666, SyncQueued=94414271628, SyncStart=94420767378, IssueDrawCommandsStart=94421905878, SwapBuffers=94438499294, FrameCompleted=9223372036854775807, DequeueBufferDuration=6258583, QueueBufferDuration=2139084, GpuCompleted=9223372036854775807, SwapBuffersCompleted=94447022003, DisplayPresentTime=0,
05-28 10:10:24.543 1077 1098 I OpenGLRenderer: Davey! duration=9223371942410ms; Flags=0, FrameTimelineVsyncId=3507, IntendedVsync=94422579946, Vsync=94422579946, InputEventId=0, HandleInputStart=94423083836, AnimationStart=94423087086, PerformTraversalsStart=94423620919, DrawStart=94424659794, FrameDeadline=94455913278, FrameInterval=94423075336, FrameStartTime=16666666, SyncQueued=94425241294, SyncStart=94447320086, IssueDrawCommandsStart=94448846128, SwapBuffers=94459148461, FrameCompleted=9223372036854775807, DequeueBufferDuration=38834, QueueBufferDuration=1263584, GpuCompleted=9223372036854775807, SwapBuffersCompleted=94469818294, DisplayPresentTime=0,
05-28 10:10:24.560 1077 1098 I OpenGLRenderer: Davey! duration=9223371942396ms; Flags=0, FrameTimelineVsyncId=3509, IntendedVsync=94439246189, Vsync=94439246189, InputEventId=0, HandleInputStart=94449201544, AnimationStart=94449204961, PerformTraversalsStart=94449730336, DrawStart=94450780086, FrameDeadline=94472579521, FrameInterval=94449194253, FrameStartTime=16666666, SyncQueued=94451296086, SyncStart=94470088628, IssueDrawCommandsStart=94471707794, SwapBuffers=94478647544, FrameCompleted=9223372036854775807, DequeueBufferDuration=33458, QueueBufferDuration=2584833, GpuCompleted=9223372036854775807, SwapBuffersCompleted=94481779711, DisplayPresentTime=0,
05-28 10:10:24.569 476 520 W IorapForwardingService: No service published for: iorapd
05-28 10:10:24.576 1077 1098 I OpenGLRenderer: Davey! duration=9223371942391ms; Flags=0, FrameTimelineVsyncId=3511, IntendedVsync=94455911891, Vsync=94455911891, InputEventId=0, HandleInputStart=94472245836, AnimationStart=94472248211, PerformTraversalsStart=94472789628, DrawStart=94473798336, FrameDeadline=94489245223, FrameInterval=94472239336, FrameStartTime=16666666, SyncQueued=94475012336, SyncStart=94481929419, IssueDrawCommandsStart=94482927711, SwapBuffers=94487859044, FrameCompleted=9223372036854775807, DequeueBufferDuration=28125, QueueBufferDuration=6706083, GpuCompleted=9223372036854775807, SwapBuffersCompleted=94495359211, DisplayPresentTime=0,
05-28 10:10:24.596 1077 1098 I OpenGLRenderer: Davey! duration=9223371942363ms; Flags=0, FrameTimelineVsyncId=3515, IntendedVsync=94489246389, Vsync=94489246389, InputEventId=0, HandleInputStart=94490019878, AnimationStart=94490024211, PerformTraversalsStart=94490730336, DrawStart=94492733961, FrameDeadline=94522579721, FrameInterval=94490006086, FrameStartTime=16666666, SyncQueued=94493961211, SyncStart=94495512211, IssueDrawCommandsStart=94496564378, SwapBuffers=94502258836, FrameCompleted=9223372036854775807, DequeueBufferDuration=37250, QueueBufferDuration=7432792, GpuCompleted=9223372036854775807, SwapBuffersCompleted=94510244086, DisplayPresentTime=0,
05-28 10:10:24.844 1077 1098 I OpenGLRenderer: Davey! duration=9223371942115ms; Flags=0, FrameTimelineVsyncId=3545, IntendedVsync=94739238330, Vsync=94739238330, InputEventId=0, HandleInputStart=94740282169, AnimationStart=94740287378, PerformTraversalsStart=94741707336, DrawStart=94743947878, FrameDeadline=94772571662, FrameInterval=94740267044, FrameStartTime=16666666, SyncQueued=94746218794, SyncStart=94746450419, IssueDrawCommandsStart=94747994378, SwapBuffers=94760066544, FrameCompleted=9223372036854775807, DequeueBufferDuration=60375, QueueBufferDuration=819417, GpuCompleted=9223372036854775807, SwapBuffersCompleted=94761786461, DisplayPresentTime=0,
05-28 10:10:24.879 1077 1098 I OpenGLRenderer: Davey! duration=9223371942080ms; Flags=0, FrameTimelineVsyncId=3549, IntendedVsync=94772571743, Vsync=94772571743, InputEventId=0, HandleInputStart=94773571419, AnimationStart=94773579336, PerformTraversalsStart=94774556211, DrawStart=94776637878, FrameDeadline=94805905075, FrameInterval=94773556211, FrameStartTime=16666666, SyncQueued=94777170878, SyncStart=94779360128, IssueDrawCommandsStart=94780425544, SwapBuffers=94787371503, FrameCompleted=9223372036854775807, DequeueBufferDuration=30583, QueueBufferDuration=1111125, GpuCompleted=9223372036854775807, SwapBuffersCompleted=94799099544, DisplayPresentTime=0,
05-28 10:10:24.895 1077 1098 I OpenGLRenderer: Davey! duration=9223371942057ms; Flags=0, FrameTimelineVsyncId=3551, IntendedVsync=94789239784, Vsync=94789239784, InputEventId=0, HandleInputStart=94789883086, AnimationStart=94789889169, PerformTraversalsStart=94790476503, DrawStart=94790892753, FrameDeadline=94822573116, FrameInterval=94789871878, FrameStartTime=16666666, SyncQueued=94791345336, SyncStart=94799510669, IssueDrawCommandsStart=94801279628, SwapBuffers=94813540753, FrameCompleted=9223372036854775807, DequeueBufferDuration=32333, QueueBufferDuration=783083, GpuCompleted=9223372036854775807, SwapBuffersCompleted=94821409128, DisplayPresentTime=0,
05-28 10:10:24.910 1077 1098 I OpenGLRenderer: Davey! duration=9223371942038ms; Flags=0, FrameTimelineVsyncId=3553, IntendedVsync=94805907179, Vsync=94805907179, InputEventId=0, HandleInputStart=94806864544, AnimationStart=94806873753, PerformTraversalsStart=94807891044, DrawStart=94810371628, FrameDeadline=94839240511, FrameInterval=94806847253, FrameStartTime=16666666, SyncQueued=94811220836, SyncStart=94821563836, IssueDrawCommandsStart=94823293794, SwapBuffers=94834244419, FrameCompleted=9223372036854775807, DequeueBufferDuration=55666, QueueBufferDuration=1393959, GpuCompleted=9223372036854775807, SwapBuffersCompleted=94836989253, DisplayPresentTime=0,
05-28 10:10:24.927 1077 1098 I OpenGLRenderer: Davey! duration=9223371942021ms; Flags=0, FrameTimelineVsyncId=3555, IntendedVsync=94822576331, Vsync=94822576331, InputEventId=0, HandleInputStart=94823849544, AnimationStart=94823854503, PerformTraversalsStart=94825392711, DrawStart=94826333253, FrameDeadline=94855909663, FrameInterval=94823840128, FrameStartTime=16666666, SyncQueued=94826852378, SyncStart=94837230128, IssueDrawCommandsStart=94838872836, SwapBuffers=94846717544, FrameCompleted=9223372036854775807, DequeueBufferDuration=60791, QueueBufferDuration=2026625, GpuCompleted=9223372036854775807, SwapBuffersCompleted=94849240711, DisplayPresentTime=0,
05-28 10:10:24.943 1077 1098 I OpenGLRenderer: Davey! duration=9223371942008ms; Flags=0, FrameTimelineVsyncId=3557, IntendedVsync=94839243012, Vsync=94839243012, InputEventId=0, HandleInputStart=94840155919, AnimationStart=94840159878, PerformTraversalsStart=94840966628, DrawStart=94841560086, FrameDeadline=94872576344, FrameInterval=94840141461, FrameStartTime=16666666, SyncQueued=94842565836, SyncStart=94849389461, IssueDrawCommandsStart=94850273294, SwapBuffers=94854302669, FrameCompleted=9223372036854775807, DequeueBufferDuration=30375, QueueBufferDuration=8569250, GpuCompleted=9223372036854775807, SwapBuffersCompleted=94863559878, DisplayPresentTime=0,
05-28 10:10:25.219 1077 1525 D hq : NetWorkStateReceiver:::检查网络,并且持续更新 isConnect=false
05-28 10:10:25.571 476 520 W IorapForwardingService: No service published for: iorapd
