05-28 10:09:19.362 2000 2000 V GraphicsEnvironment: ANGLE Developer option for 'com.softwinner.timerswitch' set to: 'default'
05-28 10:09:19.362 2000 2000 V GraphicsEnvironment: Neither updatable production driver nor prerelease driver is supported.
05-28 10:09:19.366 2000 2000 D NetworkSecurityConfig: No Network Security Config specified, using platform default
05-28 10:09:19.366 2000 2000 D NetworkSecurityConfig: No Network Security Config specified, using platform default
05-28 10:09:19.368 1915 1995 I UtilCommon: bluetoothMac=B4:2F:03:15:A3:36
05-28 10:09:19.380 1915 1995 D UtilLog : key=deviceid
05-28 10:09:19.380 1915 1995 D UtilLog : values=2a29a1009651753de55301e19d1ff223
05-28 10:09:19.381 1915 1995 D UtilLog : DesValues=tCuyrz2DhRbknQPdL0fwq/LiF6SRmYweDYZq2sUraZwPB58o5PWrCg==
05-28 10:09:19.381 1915 1995 D UtilLog :
05-28 10:09:19.381 1915 1995 D UtilLog : key=dev_uuid
05-28 10:09:19.382 1915 1995 D UtilLog : values=a44d64b0-a756-45a9-a4ab-05f0fa399011
05-28 10:09:19.382 1915 1995 D UtilLog : DesValues=Tg33WgX84FsHBR6Dhs37oC3fVtMXtbpaRHdaD+q+O6Q8d3qI6AlbxQ==
05-28 10:09:19.382 1915 1995 D UtilLog :
05-28 10:09:19.382 1915 1995 D UtilLog : key=channel
05-28 10:09:19.383 1915 1995 D UtilLog : values=DBOS_DBBOX-A2
05-28 10:09:19.383 1915 1995 D UtilLog : DesValues=U2rMDSNEX4hlxebfMfvE5w==
05-28 10:09:19.383 1915 1995 D UtilLog :
05-28 10:09:19.383 1915 1995 D UtilLog : key=packagelist
05-28 10:09:19.384 1915 1995 D UtilLog : values=com.dangbei.lerad.rocky;com.dangbei.leard.leradlauncher;com.dangbei.zhushou.os
05-28 10:09:19.384 1915 1995 D UtilLog : DesValues=byaAjpuYP7Md9ImftnY6oL+u5Tex4kQ5jeOCkuyRk9SkGPr4UI1BJNL8hrF+2ShyB2oVVKVfAi8PlHx6PKeqfviwQR31zZWikKW1prDgGkU=
05-28 10:09:19.385 1915 1995 D UtilLog :
05-28 10:09:19.385 1915 1995 D UtilLog : key=mac
05-28 10:09:19.386 1915 1995 D UtilLog : values=20:02:FE:19:C1:FD
05-28 10:09:19.386 1915 1995 D UtilLog : DesValues=nYMpcx8K3oP+WR57bGh/3iOHqoo5UJ7s
05-28 10:09:19.386 1915 1995 D UtilLog :
05-28 10:09:19.386 1915 1995 D UtilLog : key=wifimac
05-28 10:09:19.388 1915 1995 D UtilLog : values=B4:2F:03:16:18:C0
05-28 10:09:19.388 2000 2000 D TAG_AlarmReceiver: receive broadcast, curTime : 2025-05-28 10:09:19
05-28 10:09:19.388 2000 2000 D TAG_AlarmReceiver: ********receive system bootUp broadcast*********
05-28 10:09:19.388 1915 1995 D UtilLog : DesValues=GtiP38bn9GKlqee/5AjrHwo2HIgJ4oF7
05-28 10:09:19.388 1915 1995 D UtilLog :
05-28 10:09:19.388 1915 1995 D UtilLog : key=uuid
05-28 10:09:19.391 1915 1995 D UtilLog : values=de1e8721-e325-4d3d-aab3-efff00c3f1db
05-28 10:09:19.392 1915 1995 D UtilLog : DesValues=HDfng34RskEp7gHlb+addUhvasPGEYG9AVT5gEc2Xcx6SewHb99HUg==
05-28 10:09:19.392 1915 1995 D UtilLog :
05-28 10:09:19.392 1915 1995 D UtilLog : key=appname
05-28 10:09:19.393 1915 1995 D UtilLog : values=电视管家
05-28 10:09:19.393 1915 1995 D UtilLog : DesValues=iqL5Rox+365YgqkQrzmGew==
05-28 10:09:19.393 1915 1995 D UtilLog :
05-28 10:09:19.393 1915 1995 D UtilLog : key=packagename
05-28 10:09:19.394 1915 1995 D UtilLog : values=com.dangbei.zhushou.os
05-28 10:09:19.394 1915 1995 D UtilLog : DesValues=byaAjpuYP7N/v7Z6kyOIN8JduvsEBDYD
05-28 10:09:19.394 1915 1995 D UtilLog :
05-28 10:09:19.394 1915 1995 D UtilLog : key=vname
05-28 10:09:19.394 1915 1995 D UtilLog : values=4.0.0.0.1
05-28 10:09:19.394 1915 1995 D UtilLog : DesValues=ZmbdbetpP3xQfy8gEtIzGg==
05-28 10:09:19.394 1915 1995 D UtilLog :
05-28 10:09:19.394 1915 1995 D UtilLog : key=vcode
05-28 10:09:19.395 1915 1995 D UtilLog : values=40001
05-28 10:09:19.395 1915 1995 D UtilLog : DesValues=xHelLudSdno=
05-28 10:09:19.395 1915 1995 D UtilLog :
05-28 10:09:19.395 1915 1995 D UtilLog : key=brand
05-28 10:09:19.396 1915 2021 W System.err: java.net.UnknownHostException: Unable to resolve host "tyapi.qun7.com": No address associated with hostname
05-28 10:09:19.397 1915 2021 W System.err: at java.net.Inet6AddressImpl.lookupHostByName(Inet6AddressImpl.java:156)
05-28 10:09:19.397 1915 2021 W System.err: at java.net.Inet6AddressImpl.lookupAllHostAddr(Inet6AddressImpl.java:103)
05-28 10:09:19.397 1915 2021 W System.err: at java.net.InetAddress.getAllByName(InetAddress.java:1152)
05-28 10:09:19.397 1915 2021 W System.err: at com.android.okhttp.Dns$1.lookup(Dns.java:41)
05-28 10:09:19.397 1915 2021 W System.err: at com.android.okhttp.internal.http.RouteSelector.resetNextInetSocketAddress(RouteSelector.java:178)
05-28 10:09:19.397 1915 2021 W System.err: at com.android.okhttp.internal.http.RouteSelector.nextProxy(RouteSelector.java:144)
05-28 10:09:19.397 1915 2021 W System.err: at com.android.okhttp.internal.http.RouteSelector.next(RouteSelector.java:86)
05-28 10:09:19.397 1915 2021 W System.err: at com.android.okhttp.internal.http.StreamAllocation.findConnection(StreamAllocation.java:176)
05-28 10:09:19.397 1915 2021 W System.err: at com.android.okhttp.internal.http.StreamAllocation.findHealthyConnection(StreamAllocation.java:128)
05-28 10:09:19.397 1915 2021 W System.err: at com.android.okhttp.internal.http.StreamAllocation.newStream(StreamAllocation.java:97)
05-28 10:09:19.397 1915 2021 W System.err: at com.android.okhttp.internal.http.HttpEngine.connect(HttpEngine.java:289)
05-28 10:09:19.397 1915 2021 W System.err: at com.android.okhttp.internal.http.HttpEngine.sendRequest(HttpEngine.java:232)
05-28 10:09:19.397 1915 2021 W System.err: at com.android.okhttp.internal.huc.HttpURLConnectionImpl.execute(HttpURLConnectionImpl.java:465)
05-28 10:09:19.397 1915 2021 W System.err: at com.android.okhttp.internal.huc.HttpURLConnectionImpl.getResponse(HttpURLConnectionImpl.java:411)
05-28 10:09:19.397 1915 2021 W System.err: at com.android.okhttp.internal.huc.HttpURLConnectionImpl.getResponseCode(HttpURLConnectionImpl.java:542)
05-28 10:09:19.397 1915 2021 W System.err: at com.dangbei.statistics.wa.p(UtilCommon.java:4)
05-28 10:09:19.397 1915 2021 W System.err: at com.dangbei.statistics.va.a(UtilCommon.java:2)
05-28 10:09:19.397 1915 2021 W System.err: at com.dangbei.statistics.va.accept(UtilCommon.java:1)
05-28 10:09:19.397 1915 2021 W System.err: at io.reactivex.internal.operators.observable.A$a.onNext(ObservableDoOnEach.java:2)
05-28 10:09:19.397 1915 2021 W System.err: at io.reactivex.internal.operators.observable.ObservableObserveOn$ObserveOnObserver.d(ObservableObserveOn.java:8)
05-28 10:09:19.397 1915 2021 W System.err: at io.reactivex.internal.operators.observable.ObservableObserveOn$ObserveOnObserver.run(ObservableObserveOn.java:3)
05-28 10:09:19.397 1915 2021 W System.err: at io.reactivex.internal.schedulers.ScheduledRunnable.run(ScheduledRunnable.java:2)
05-28 10:09:19.397 1915 2021 W System.err: at io.reactivex.internal.schedulers.ScheduledRunnable.call(ScheduledRunnable.java:1)
05-28 10:09:19.397 1915 2021 W System.err: at java.util.concurrent.FutureTask.run(FutureTask.java:266)
05-28 10:09:19.397 1915 2021 W System.err: at java.util.concurrent.ScheduledThreadPoolExecutor$ScheduledFutureTask.run(ScheduledThreadPoolExecutor.java:301)
05-28 10:09:19.397 1915 2021 W System.err: at java.util.concurrent.ThreadPoolExecutor.runWorker(ThreadPoolExecutor.java:1167)
05-28 10:09:19.397 1915 2021 W System.err: at java.util.concurrent.ThreadPoolExecutor$Worker.run(ThreadPoolExecutor.java:641)
05-28 10:09:19.397 1915 2021 W System.err: at java.lang.Thread.run(Thread.java:920)
05-28 10:09:19.403 1915 2021 W System.err: Caused by: android.system.GaiException: android_getaddrinfo failed: EAI_NODATA (No address associated with hostname)
05-28 10:09:19.403 1915 2021 W System.err: at libcore.io.Linux.android_getaddrinfo(Native Method)
05-28 10:09:19.403 1915 2021 W System.err: at libcore.io.ForwardingOs.android_getaddrinfo(ForwardingOs.java:136)
05-28 10:09:19.403 1915 2021 W System.err: at libcore.io.BlockGuardOs.android_getaddrinfo(BlockGuardOs.java:221)
05-28 10:09:19.403 1915 2021 W System.err: at libcore.io.ForwardingOs.android_getaddrinfo(ForwardingOs.java:136)
05-28 10:09:19.403 1915 2021 W System.err: at java.net.Inet6AddressImpl.lookupHostByName(Inet6AddressImpl.java:135)
05-28 10:09:19.403 1915 2021 W System.err: ... 27 more
05-28 10:09:19.404 1915 1995 D UtilLog : values=Dangbei
05-28 10:09:19.404 1915 1995 D UtilLog : DesValues=w3F/S11z4cQ=
05-28 10:09:19.404 1915 1995 D UtilLog :
05-28 10:09:19.404 1915 1995 D UtilLog : key=boxfactory
05-28 10:09:19.404 1915 1995 D UtilLog : values=Allwinner
05-28 10:09:19.404 1915 1995 D UtilLog : DesValues=Z82sBMOvjTwCcRqjeHOwaQ==
05-28 10:09:19.404 1915 1995 D UtilLog :
05-28 10:09:19.404 1915 1995 D UtilLog : key=rommodel
05-28 10:09:19.405 1915 1995 D UtilLog : values=DBBOX-A2
05-28 10:09:19.405 1915 1995 D UtilLog : DesValues=Cp0N6KH6T4JIJBzkJvj0FQ==
05-28 10:09:19.405 1915 1995 D UtilLog :
05-28 10:09:19.405 1915 1995 D UtilLog : key=cpuserial
05-28 10:09:19.405 1915 1995 D UtilLog : values=0000000000000000
05-28 10:09:19.405 1915 1995 D UtilLog : DesValues=nNQaqXf/biPbsaIvekQHd7yInvBfbZxz
05-28 10:09:19.405 1915 1995 D UtilLog :
05-28 10:09:19.405 1915 1995 D UtilLog : key=cpuimei
05-28 10:09:19.406 1915 1995 D UtilLog : values=armeabi-v7a
05-28 10:09:19.406 1915 1995 D UtilLog : DesValues=eB2sQ5wFJ4fV9rAgxgt0kQ==
05-28 10:09:19.406 1915 1995 D UtilLog :
05-28 10:09:19.406 1915 1995 D UtilLog : key=sn
05-28 10:09:19.406 1915 1995 D UtilLog : values=DZOH58251929088
05-28 10:09:19.406 1915 1995 D UtilLog : DesValues=DRq9pIo+PTznTckjOi2hMg==
05-28 10:09:19.406 1915 1995 D UtilLog :
05-28 10:09:19.406 1915 1995 D UtilLog : key=osversion
05-28 10:09:19.406 1915 1995 D UtilLog : values=12
05-28 10:09:19.406 1915 1995 D UtilLog : DesValues=z4Vde2HU9Lg=
05-28 10:09:19.406 1915 1995 D UtilLog :
05-28 10:09:19.406 1915 1995 D UtilLog : key=oscode
05-28 10:09:19.407 1915 1995 D UtilLog : values=31
05-28 10:09:19.407 1915 1995 D UtilLog : DesValues=uYf7cxwIekI=
05-28 10:09:19.407 1915 1995 D UtilLog :
05-28 10:09:19.407 1915 1995 D UtilLog : key=is_write
05-28 10:09:19.407 1915 1995 D UtilLog : values=0
05-28 10:09:19.407 1915 1995 D UtilLog : DesValues=fhgfj/J6fiI=
05-28 10:09:19.407 1915 1995 D UtilLog :
05-28 10:09:19.407 1915 1995 D UtilLog : key=romvername
05-28 10:09:19.407 1915 1995 D UtilLog : values=5.0.0.6
05-28 10:09:19.407 1915 1995 D UtilLog : DesValues=04f1RCr/In8=
05-28 10:09:19.407 1915 1995 D UtilLog :
05-28 10:09:19.407 1915 1995 D UtilLog : key=romvercode
05-28 10:09:19.408 1915 1995 D UtilLog : values=5006
05-28 10:09:19.408 1915 1995 D UtilLog : DesValues=vhuVUg+4g/g=
05-28 10:09:19.408 1915 1995 D UtilLog :
05-28 10:09:19.408 1915 1995 D UtilLog : key=bluetoothmac
05-28 10:09:19.408 1915 1995 D UtilLog : values=B4:2F:03:15:A3:36
05-28 10:09:19.408 1915 1995 D UtilLog : DesValues=GtiP38bn9GJ/YtwiMwRcSyDuRny5iZHd
05-28 10:09:19.408 1915 1995 D UtilLog :
05-28 10:09:19.408 1915 1995 D UtilLog : key=rommodelnumber
05-28 10:09:19.408 1915 1995 D UtilLog : values=H5232
05-28 10:09:19.408 1915 1995 D UtilLog : DesValues=FkBqlkWzuas=
05-28 10:09:19.408 1915 1995 D UtilLog :
05-28 10:09:19.408 1915 1995 D UtilLog : key=userid
05-28 10:09:19.409 1915 1995 D UtilLog : values=-1
05-28 10:09:19.409 1915 1995 D UtilLog : DesValues=U8kqhGxUlIA=
05-28 10:09:19.409 1915 1995 D UtilLog :
05-28 10:09:19.409 1915 1995 D UtilLog : key=ip
05-28 10:09:19.409 1915 1995 D UtilLog : values=
05-28 10:09:19.409 1915 1995 D UtilLog : DesValues=gKen3SyYFuE=
05-28 10:09:19.409 1915 1995 D UtilLog :
05-28 10:09:19.424 476 520 W IorapForwardingService: No service published for: iorapd
05-28 10:09:19.456 476 577 I ActivityManager: Finished processing BOOT_COMPLETED for u0
05-28 10:09:19.457 476 577 W BroadcastQueue: Background execution not allowed: receiving Intent { act=android.bluetooth.adapter.action.STATE_CHANGED flg=0x4000010 (has extras) } to com.dangbei.lerad.etna.haqu/com.dangbei.remotecontroller.RemoteControllerReceiver
05-28 10:09:19.459 476 537 W BroadcastQueue: Background execution not allowed: receiving Intent { act=android.bluetooth.adapter.action.STATE_CHANGED flg=0x4000010 (has extras) } to com.dangbei.lerad.etna.haqu/com.dangbei.remotecontroller.RemoteControllerReceiver
05-28 10:09:19.461 476 537 D CompatibilityChangeReporter: Compat change id reported: 135634846; UID 10022; state: DISABLED
05-28 10:09:19.461 476 538 D CompatibilityChangeReporter: Compat change id reported: 143937733; UID 10022; state: DISABLED
05-28 10:09:19.478 245 245 D Zygote : Forked child process 2026
05-28 10:09:19.480 476 538 I ActivityManager: app.processName = com.dangbei.screencast
05-28 10:09:19.480 476 538 I ActivityManager: Start proc 2026:com.dangbei.screencast/u0a22 for broadcast {com.dangbei.screencast/com.dangbei.screencast.startup.BootReceiver}
05-28 10:09:19.490 2026 2026 I Zygote : seccomp disabled by setenforce 0
05-28 10:09:19.508 383 396 I adbd : jdwp connection from 2026
05-28 10:09:19.528 476 577 D CompatibilityChangeReporter: Compat change id reported: 168419799; UID 10022; state: DISABLED
05-28 10:09:19.537 2026 2026 D CompatibilityChangeReporter: Compat change id reported: 171979766; UID 10022; state: DISABLED
05-28 10:09:19.545 2026 2026 D ApplicationLoaders: Returning zygote-cached class loader: /system/framework/android.test.base.jar
05-28 10:09:19.545 2026 2026 D ApplicationLoaders: Returning zygote-cached class loader: /system/framework/android.hidl.manager-V1.0-java.jar
05-28 10:09:19.545 2026 2026 D ApplicationLoaders: Returning zygote-cached class loader: /system/framework/android.hidl.base-V1.0-java.jar
01-01 08:00:31.620 278 278 W audit : audit_lost=486 audit_rate_limit=5 audit_backlog_limit=64
01-01 08:00:31.620 278 278 E audit : rate limit exceeded
05-28 10:09:19.627 1077 1098 I OpenGLRenderer: Davey! duration=9223372007331ms; Flags=0, FrameTimelineVsyncId=822, IntendedVsync=29522582500, Vsync=29522582500, InputEventId=0, HandleInputStart=29523215305, AnimationStart=29523219513, PerformTraversalsStart=29523440972, DrawStart=29523976347, FrameDeadline=29539249166, FrameInterval=29523205305, FrameStartTime=16666666, SyncQueued=29525718805, SyncStart=29526034722, IssueDrawCommandsStart=29526884930, SwapBuffers=29548937055, FrameCompleted=9223372036854775807, DequeueBufferDuration=44375, QueueBufferDuration=1267750, GpuCompleted=9223372036854775807, SwapBuffersCompleted=29552806597, DisplayPresentTime=0,
05-28 10:09:19.638 2026 2026 V GraphicsEnvironment: ANGLE Developer option for 'com.dangbei.screencast' set to: 'default'
05-28 10:09:19.638 2026 2026 V GraphicsEnvironment: Neither updatable production driver nor prerelease driver is supported.
05-28 10:09:19.644 1077 1559 I OpenGLRenderer: Davey! duration=9223372007304ms; Flags=0, FrameTimelineVsyncId=823, IntendedVsync=29539249166, Vsync=29539249166, InputEventId=0, HandleInputStart=29539986138, AnimationStart=29539989555, PerformTraversalsStart=29540353805, DrawStart=29541121388, FrameDeadline=29572582498, FrameInterval=29539977097, FrameStartTime=16666666, SyncQueued=29541544305, SyncStart=29553029597, IssueDrawCommandsStart=29554049388, SwapBuffers=29565321597, FrameCompleted=9223372036854775807, DequeueBufferDuration=44375, QueueBufferDuration=1405917, GpuCompleted=9223372036854775807, SwapBuffersCompleted=29568838180, DisplayPresentTime=0,
05-28 10:09:19.646 2026 2026 D NetworkSecurityConfig: Using Network Security Config from resource network_security_config debugBuild: false
05-28 10:09:19.648 2026 2026 D NetworkSecurityConfig: Using Network Security Config from resource network_security_config debugBuild: false
05-28 10:09:19.680 2026 2026 I MultiDex: VM with version 2.1.0 has multidex support
05-28 10:09:19.680 2026 2026 I MultiDex: Installing application
05-28 10:09:19.680 2026 2026 I MultiDex: VM has multidex support, MultiDex support library is disabled.
05-28 10:09:19.693 1077 1098 I OpenGLRenderer: Davey! duration=9223372007248ms; Flags=0, FrameTimelineVsyncId=829, IntendedVsync=29606317842, Vsync=29606317842, InputEventId=0, HandleInputStart=29606964930, AnimationStart=29606969430, PerformTraversalsStart=29607203138, DrawStart=29608305055, FrameDeadline=29639651174, FrameInterval=29606954680, FrameStartTime=16666666, SyncQueued=29609519180, SyncStart=29609802263, IssueDrawCommandsStart=29610604263, SwapBuffers=29615787055, FrameCompleted=9223372036854775807, DequeueBufferDuration=41584, QueueBufferDuration=1266791, GpuCompleted=9223372036854775807, SwapBuffersCompleted=29620929513, DisplayPresentTime=0,
05-28 10:09:19.711 2026 2026 E PartsInfoProvider: onCreate:
05-28 10:09:19.717 476 577 W ActivityManager: Background start not allowed: service Intent { act=com.dangbei.screencast.STARTUP pkg=com.dangbei.screencast } to com.dangbei.screencast/.startup.StartupService from pid=2026 uid=10022 pkg=com.dangbei.screencast startFg?=false
05-28 10:09:19.718 2026 2026 W System.err: android.app.BackgroundServiceStartNotAllowedException: Not allowed to start service Intent { act=com.dangbei.screencast.STARTUP pkg=com.dangbei.screencast }: app is in background uid UidRecord{2c9560f u0a22 RCVR idle change:idle|uncached procs:0 seq(0,0,0)}
05-28 10:09:19.718 2026 2026 W System.err: at android.app.ContextImpl.startServiceCommon(ContextImpl.java:1861)
05-28 10:09:19.719 2026 2026 W System.err: at android.app.ContextImpl.startService(ContextImpl.java:1817)
05-28 10:09:19.719 2026 2026 W System.err: at android.content.ContextWrapper.startService(ContextWrapper.java:774)
05-28 10:09:19.719 2026 2026 W System.err: at b.f.f.h.g.k.a(Unknown Source:20)
05-28 10:09:19.719 2026 2026 W System.err: at com.dangbei.screencast.provider.PartsInfoProvider.onCreate(:2)
05-28 10:09:19.719 2026 2026 W System.err: at android.content.ContentProvider.attachInfo(ContentProvider.java:2404)
05-28 10:09:19.719 2026 2026 W System.err: at android.content.ContentProvider.attachInfo(ContentProvider.java:2374)
05-28 10:09:19.719 2026 2026 W System.err: at android.app.ActivityThread.installProvider(ActivityThread.java:7437)
05-28 10:09:19.719 2026 2026 W System.err: at android.app.ActivityThread.installContentProviders(ActivityThread.java:6954)
05-28 10:09:19.719 2026 2026 W System.err: at android.app.ActivityThread.handleBindApplication(ActivityThread.java:6725)
05-28 10:09:19.719 2026 2026 W System.err: at android.app.ActivityThread.access$1500(ActivityThread.java:247)
05-28 10:09:19.719 2026 2026 W System.err: at android.app.ActivityThread$H.handleMessage(ActivityThread.java:2053)
05-28 10:09:19.719 2026 2026 W System.err: at android.os.Handler.dispatchMessage(Handler.java:106)
05-28 10:09:19.719 2026 2026 W System.err: at android.os.Looper.loopOnce(Looper.java:201)
05-28 10:09:19.719 2026 2026 W System.err: at android.os.Looper.loop(Looper.java:288)
05-28 10:09:19.719 2026 2026 W System.err: at android.app.ActivityThread.main(ActivityThread.java:7854)
05-28 10:09:19.719 2026 2026 W System.err: at java.lang.reflect.Method.invoke(Native Method)
05-28 10:09:19.719 2026 2026 W System.err: at com.android.internal.os.RuntimeInit$MethodAndArgsCaller.run(RuntimeInit.java:548)
05-28 10:09:19.719 2026 2026 W System.err: at com.android.internal.os.ZygoteInit.main(ZygoteInit.java:1182)
05-28 10:09:19.725 476 577 W ActivityManager: Background start not allowed: service Intent { act=com.dangbei.screencast.STARTUP pkg=com.dangbei.screencast } to com.dangbei.screencast/.startup.StartupService from pid=2026 uid=10022 pkg=com.dangbei.screencast startFg?=false
05-28 10:09:19.725 2026 2026 W System.err: android.app.BackgroundServiceStartNotAllowedException: Not allowed to start service Intent { act=com.dangbei.screencast.STARTUP pkg=com.dangbei.screencast }: app is in background uid UidRecord{2c9560f u0a22 RCVR idle change:idle|uncached procs:0 seq(0,0,0)}
05-28 10:09:19.726 2026 2026 W System.err: at android.app.ContextImpl.startServiceCommon(ContextImpl.java:1861)
05-28 10:09:19.726 2026 2026 W System.err: at android.app.ContextImpl.startService(ContextImpl.java:1817)
05-28 10:09:19.726 2026 2026 W System.err: at android.content.ContextWrapper.startService(ContextWrapper.java:774)
05-28 10:09:19.726 2026 2026 W System.err: at b.f.f.h.g.k.a(Unknown Source:20)
05-28 10:09:19.726 2026 2026 W System.err: at com.dangbei.screencast.common.utils.remotepreferences.ScreenCastPreferenceProvider.onCreate(Unknown Source:11)
05-28 10:09:19.726 2026 2026 W System.err: at android.content.ContentProvider.attachInfo(ContentProvider.java:2404)
05-28 10:09:19.726 2026 2026 W System.err: at android.content.ContentProvider.attachInfo(ContentProvider.java:2374)
05-28 10:09:19.726 2026 2026 W System.err: at android.app.ActivityThread.installProvider(ActivityThread.java:7437)
05-28 10:09:19.726 2026 2026 W System.err: at android.app.ActivityThread.installContentProviders(ActivityThread.java:6954)
05-28 10:09:19.726 2026 2026 W System.err: at android.app.ActivityThread.handleBindApplication(ActivityThread.java:6725)
05-28 10:09:19.726 2026 2026 W System.err: at android.app.ActivityThread.access$1500(ActivityThread.java:247)
05-28 10:09:19.726 2026 2026 W System.err: at android.app.ActivityThread$H.handleMessage(ActivityThread.java:2053)
05-28 10:09:19.726 2026 2026 W System.err: at android.os.Handler.dispatchMessage(Handler.java:106)
05-28 10:09:19.726 2026 2026 W System.err: at android.os.Looper.loopOnce(Looper.java:201)
05-28 10:09:19.726 2026 2026 W System.err: at android.os.Looper.loop(Looper.java:288)
05-28 10:09:19.726 2026 2026 W System.err: at android.app.ActivityThread.main(ActivityThread.java:7854)
05-28 10:09:19.726 2026 2026 W System.err: at java.lang.reflect.Method.invoke(Native Method)
05-28 10:09:19.726 2026 2026 W System.err: at com.android.internal.os.RuntimeInit$MethodAndArgsCaller.run(RuntimeInit.java:548)
05-28 10:09:19.726 2026 2026 W System.err: at com.android.internal.os.ZygoteInit.main(ZygoteInit.java:1182)
05-28 10:09:19.743 2026 2026 D AndroidAutoSize: designWidthInDp = 360, designHeightInDp = 640, screenWidth = 1920, screenHeight = 1080
05-28 10:09:19.743 2026 2026 D AndroidAutoSize: initDensity = 1.5, initScaledDensity = 1.5
05-28 10:09:19.765 476 810 D CompatibilityChangeReporter: Compat change id reported: 149924527; UID 10022; state: ENABLED
05-28 10:09:19.766 476 809 D CompatibilityChangeReporter: Compat change id reported: 132649864; UID 10022; state: DISABLED
05-28 10:09:19.932 2026 2067 I crashsdk: version unique build id: 6230cced
05-28 10:09:19.952 2026 2070 D crashsdk: Native log stat thread 2070 setup, waiting
05-28 10:09:19.955 2026 2026 I TDLog : setReportUncaughtExceptions: true
05-28 10:09:19.955 2026 2053 I crashsdk: begin hack android.os.Process
05-28 10:09:19.955 2026 2053 I crashsdk: end hack android.os.Process
05-28 10:09:19.958 2026 2026 E Application: onCreate:Version:v2.8.3/20830/883432e
05-28 10:09:19.987 2026 2054 I TDLog : TalkingData SDK init...
05-28 10:09:19.987 2026 2054 I TDLog : SDK_VERSION is: Android+TD+V5.0.7 gp Type:Native Build_Num:2141
05-28 10:09:19.987 2026 2054 I TDLog : App ID is: B9D7815EC975466AB1332111FCE62DF5
05-28 10:09:19.987 2026 2054 I TDLog : App Channel is: os
05-28 10:09:19.987 2026 2054 I TDLog : App Custom is:
05-28 10:09:19.987 2026 2054 I TDLog : SDK_OVC is: TDOVC+a3bb7754719798526508b6caad480dd7+SaaS
05-28 10:09:20.008 2026 2053 I Matrix.AnrTracer: anrTrace, final mAnrBeatTime:400, mAnrBeatRate:400
05-28 10:09:20.011 476 577 E ConnectivityService: Exception = android.content.pm.PackageManager$NameNotFoundException: android.net.cts
05-28 10:09:20.012 476 810 I ActivityManager: Background started FGS: Allowed [callingPackage: com.dangbei.screencast; callingUid: 10022; uidState: RCVR; intent: Intent { act=com.dangbei.screencast.STARTUP pkg=com.dangbei.screencast }; code:SYSTEM_ALERT_WINDOW_PERMISSION; tempAllowListReason:; targetSdkVersion:28; callerTargetSdkVersion:28; startForegroundCount:0; bindFromPackage:null]
05-28 10:09:20.014 476 537 I DropBoxManagerService: add tag=system_server_wtf isTagEnabled=true flags=0x2
05-28 10:09:20.024 2026 2079 W efs.send_log: tryFileLock start!
05-28 10:09:20.025 2026 2026 I crashsdk: Catcher mask: 5000, 20480
05-28 10:09:20.025 2026 2026 I crashsdk: Catcher thread 2033
05-28 10:09:20.026 2026 2026 D crashsdk: Register ANR handler ...
05-28 10:09:20.029 2026 2053 D LaunchConfigManager: check in allready
05-28 10:09:20.032 2026 2089 W efs.send_log: tryFileLock sendlock sucess! processname: com.dangbei.screencast
05-28 10:09:20.034 2026 2091 I LaunchTrace: begin sendLaunchCache
05-28 10:09:20.036 476 577 W ActivityManager: Foreground service started from background can not have location/camera/microphone access: service com.dangbei.screencast/.startup.StartupService
05-28 10:09:20.039 2026 2079 I efs.config: --->>> 删除旧的配置文件 false
05-28 10:09:20.042 476 537 I ActivityManager: Deferring FGS notification in legacy app com.dangbei.screencast/u0a22 : Notification(channel=channel_record shortcut=null contentView=null vibrate=null sound=null defaults=0x0 flags=0x60 color=0x00000000 category=transport vis=PUBLIC)
05-28 10:09:20.075 2026 2095 I efs.base: lt=event`ev_ct=efs_core`ev_ac=pvuv`tm=2025-05-28 10:09:03`dn=814a6c1f-a914-45e0-9441-173ac17d88d0`ps=com.dangbei.screencast`um_os=android`stime=1748398159651`pid=2026`fr=android`pkg=com.dangbei.screencast`vcode=20830`dsp_w=1920`uid=814a6c1f-a914-45e0-9441-173ac17d88d0`rom=12`wid=814a6c1f-a914-45e0-9441-173ac17d88d0`um_app_carrier=`um_access=unknow`um_app_channel=os`um_crash_sdk_version=1.4.0`ctime=1748398160`model=dbbox-a2`lang=zh`net=disconnected`brand=dangbei`dsp_h=1080`um_network_type=0`ver=v2.8.3`build_model=DBBOX-A2`w_tm=1748398160`appid=5fc60c21094d637f3130af19`um_umid_header=ai536d652a62b80cf12a583dbdbfe77cd5`sdk=31`tzone=Asia/Shanghai`sdk_ver=1.3.6.umeng
05-28 10:09:20.086 2026 2079 I efs.config: --->>> 一致
05-28 10:09:20.128 2026 2026 I excHandlerThrea: type=1400 audit(0.0:919): avc: denied { search } for name="net" dev="sysfs" ino=10442 scontext=u:r:platform_app:s0:c512,c768 tcontext=u:object_r:sysfs_net:s0 tclass=dir permissive=1 app=com.dangbei.screencast
05-28 10:09:20.128 2026 2026 I excHandlerThrea: type=1400 audit(0.0:920): avc: denied { read } for name="address" dev="sysfs" ino=16906 scontext=u:r:platform_app:s0:c512,c768 tcontext=u:object_r:sysfs_net:s0 tclass=file permissive=1 app=com.dangbei.screencast
05-28 10:09:20.128 2026 2026 I excHandlerThrea: type=1400 audit(0.0:921): avc: denied { open } for path="/sys/devices/virtual/net/dummy0/address" dev="sysfs" ino=16906 scontext=u:r:platform_app:s0:c512,c768 tcontext=u:object_r:sysfs_net:s0 tclass=file permissive=1 app=com.dangbei.screencast
05-28 10:09:20.128 2026 2026 I Thread-9: type=1400 audit(0.0:922): avc: denied { remove_name } for name="info.xml" dev="mmcblk0p25" ino=3157 scontext=u:r:platform_app:s0:c512,c768 tcontext=u:object_r:app_data_file:s0:c512,c768 tclass=dir permissive=1 app=com.dangbei.screencast
05-28 10:09:20.128 2026 2026 I Thread-9: type=1400 audit(0.0:923): avc: denied { rename } for name="info.xml" dev="mmcblk0p25" ino=3157 scontext=u:r:platform_app:s0:c512,c768 tcontext=u:object_r:app_data_file:s0:c512,c768 tclass=file permissive=1 app=com.dangbei.screencast
05-28 10:09:20.164 2026 2026 E raop : *********************AirplayBroadcastServer+++++++++
05-28 10:09:20.170 476 618 D NsdService: New client listening to asynchronous messages
05-28 10:09:20.170 476 618 D NsdService: New client, channel: com.android.internal.util.AsyncChannel@fc71594 messenger: android.os.Messenger@4cf783d
05-28 10:09:20.171 2026 2026 D CompatibilityChangeReporter: Compat change id reported: 191844585; UID 10022; state: DISABLED
05-28 10:09:20.192 476 810 I ActivityManager: Background started FGS: Allowed [callingPackage: com.dangbei.screencast; callingUid: 10022; uidState: FGS ; intent: Intent { cmp=com.dangbei.screencast/.huaweicast.service.HuaweiCastService }; code:PROC_STATE_FGS; tempAllowListReason:; targetSdkVersion:28; callerTargetSdkVersion:28; startForegroundCount:0; bindFromPackage:null]
05-28 10:09:20.194 476 537 I DropBoxManagerService: add tag=system_server_wtf isTagEnabled=true flags=0x2
05-28 10:09:20.196 2026 2026 E H264FrameQueue: H264FrameQueue: mFullQueueCount:200
05-28 10:09:20.209 1077 1187 D wenhc : getScreenInfo uri = content://com.dangbei.screencast.parts.info/screen_cast
05-28 10:09:20.229 476 810 W TelephonyPermissions: reportAccessDeniedToReadIdentifiers:com.dangbei.screencast:getSerial:-1
05-28 10:09:20.266 476 1514 D CompatibilityChangeReporter: Compat change id reported: 168419799; UID 1000; state: DISABLED
05-28 10:09:20.267 1261 1261 D RockyVoice: RestartReceiver onReceive
05-28 10:09:20.271 2026 2026 E HuaweiCastService: onCreate called().
05-28 10:09:20.276 1261 1261 D RockyVoice: RestartReceiver onReceive
05-28 10:09:20.278 2026 2026 E PlayerClient: registerCallback com.dangbei.screencast.huaweicast.service.HuaweiCastService$a@2613610
05-28 10:09:20.278 2026 2026 D PlayerClient: registerCallback true
05-28 10:09:20.278 2026 2026 D PlayerClient: init.
05-28 10:09:20.279 2026 2026 W KIT_FWK_a: KitFwk is not installed, pls do not use related interfaces.
05-28 10:09:20.280 2026 2026 W KIT_FWK_a: KitFwk is not installed, pls do not use related interfaces.
05-28 10:09:20.280 2026 2026 E PlayerClient: bind player service by aar.
05-28 10:09:20.280 476 810 D CompatibilityChangeReporter: Compat change id reported: 135634846; UID 10024; state: DISABLED
05-28 10:09:20.280 476 810 D CompatibilityChangeReporter: Compat change id reported: 177438394; UID 10024; state: DISABLED
05-28 10:09:20.281 476 810 D CompatibilityChangeReporter: Compat change id reported: 135772972; UID 10024; state: DISABLED
05-28 10:09:20.281 476 810 D CompatibilityChangeReporter: Compat change id reported: 135754954; UID 10024; state: ENABLED
05-28 10:09:20.282 476 538 D CompatibilityChangeReporter: Compat change id reported: 143937733; UID 10024; state: ENABLED
05-28 10:09:20.287 2026 2026 D PlayerClient: bind player sink service true
05-28 10:09:20.289 476 1514 I WifiService: acquireMulticastLock uid=10022
05-28 10:09:20.291 476 577 W ActivityManager: Foreground service started from background can not have location/camera/microphone access: service com.dangbei.screencast/.huaweicast.service.HuaweiCastService
05-28 10:09:20.297 2026 2026 E HuaweiCastService: startForeground!
05-28 10:09:20.298 2026 2119 E StartupService: onFailure: java.net.UnknownHostException: Unable to resolve host "tyapi.qun7.com": No address associated with hostname
05-28 10:09:20.298 476 1514 I WifiService: acquireMulticastLock uid=10022
05-28 10:09:20.303 2026 2092 V NFC : this device does not have NFC support
05-28 10:09:20.303 2026 2026 E HuaweiCastService: onStartCommand in 0
05-28 10:09:20.305 245 245 D Zygote : Forked child process 2127
05-28 10:09:20.307 476 538 I ActivityManager: app.processName = com.android.externalstorage
05-28 10:09:20.307 476 538 I ActivityManager: Start proc 2127:com.android.externalstorage/u0a24 for broadcast {com.android.externalstorage/com.android.externalstorage.MountReceiver}
05-28 10:09:20.311 2026 2026 D HiSight-SinkService: onCreate.
05-28 10:09:20.314 2026 2026 D HiSight-ConnectionManager: start ConnectionManager
05-28 10:09:20.319 2026 2026 D HiSight-SinkService: onBind.
05-28 10:09:20.322 2127 2127 I Zygote : seccomp disabled by setenforce 0
05-28 10:09:20.325 2026 2026 D PlayerClient: service connected.
05-28 10:09:20.326 2026 2026 D HiSight-SinkService: ITaskBinder registerCallback: true
05-28 10:09:20.326 2026 2026 D HiSight-HiSightManager: ITaskBinder registerCallback.
05-28 10:09:20.326 2026 2026 D HiSight-CallbackManager: addNewCallback. com.dangbei.screencast.huaweicast.service.HuaweiCastService$a@2613610
05-28 10:09:20.327 2026 2026 E HuaweiCastService: eventId: 4001
05-28 10:09:20.328 2026 2026 E HuaweiCastService: mPlayerClient is null.
05-28 10:09:20.328 2026 2026 D HiSight-HiSightManager: check capability vbr range not setting, using default value
05-28 10:09:20.329 2026 2026 E HuaweiCastService: mPlayerClient is null.
05-28 10:09:20.329 2026 2026 D HiSight-SinkService: setAuthMode
05-28 10:09:20.329 2026 2026 W HiSight-ConnectionManager: mSinkId is empty
05-28 10:09:20.333 1077 2131 D ProfileInstaller: Skipping profile installation for com.dangbei.leard.leradlauncher
05-28 10:09:20.344 383 396 I adbd : jdwp connection from 2127
05-28 10:09:20.355 476 750 D CompatibilityChangeReporter: Compat change id reported: 168419799; UID 10024; state: DISABLED
05-28 10:09:20.378 2127 2127 D CompatibilityChangeReporter: Compat change id reported: 171979766; UID 10024; state: ENABLED
05-28 10:09:20.387 1077 1188 E hq : ErrorCoroutineExceptionHandler:::runTry error:java.net.UnknownHostException: Unable to resolve host "ottdbui-tyapiqun7.yysh.mgtv.com": No address associated with hostname from=requestMessageList
05-28 10:09:20.404 1022 1140 W MediaProvider: getVolumePath for unknown volume: internal
05-28 10:09:20.407 1022 1140 W MediaProvider: getVolumePath for unknown volume: internal
05-28 10:09:20.408 1022 1140 W MediaProvider: getVolumePath for unknown volume: internal
05-28 10:09:20.410 1022 1140 W MediaProvider: getVolumePath for unknown volume: internal
05-28 10:09:20.411 1022 1140 W MediaProvider: getVolumePath for unknown volume: internal
05-28 10:09:20.412 1022 1140 W MediaProvider: getVolumePath for unknown volume: internal
05-28 10:09:20.414 2127 2127 V GraphicsEnvironment: ANGLE Developer option for 'com.android.externalstorage' set to: 'default'
05-28 10:09:20.414 2127 2127 V GraphicsEnvironment: Neither updatable production driver nor prerelease driver is supported.
05-28 10:09:20.414 1022 1140 W MediaProvider: getVolumePath for unknown volume: internal
05-28 10:09:20.415 2127 2127 D NetworkSecurityConfig: No Network Security Config specified, using platform default
05-28 10:09:20.415 1022 1140 W MediaProvider: getVolumePath for unknown volume: internal
05-28 10:09:20.416 2127 2127 D NetworkSecurityConfig: No Network Security Config specified, using platform default
05-28 10:09:20.417 1022 1140 W MediaProvider: getVolumePath for unknown volume: internal
05-28 10:09:20.418 1022 1140 W MediaProvider: getVolumePath for unknown volume: internal
05-28 10:09:20.420 1022 1140 W MediaProvider: getVolumePath for unknown volume: internal
05-28 10:09:20.421 1022 1140 W MediaProvider: getVolumePath for unknown volume: internal
05-28 10:09:20.423 1022 1140 W MediaProvider: getVolumePath for unknown volume: internal
05-28 10:09:20.424 1022 1140 W MediaProvider: getVolumePath for unknown volume: internal
05-28 10:09:20.425 476 520 W IorapForwardingService: No service published for: iorapd
05-28 10:09:20.426 1022 1140 W MediaProvider: getVolumePath for unknown volume: internal
05-28 10:09:20.427 1022 1140 W MediaProvider: getVolumePath for unknown volume: internal
05-28 10:09:20.428 1022 1140 W MediaProvider: getVolumePath for unknown volume: internal
05-28 10:09:20.429 2127 2127 D ExternalStorage: After updating volumes, found 1 active roots
05-28 10:09:20.430 1022 1140 W MediaProvider: getVolumePath for unknown volume: internal
05-28 10:09:20.434 2127 2127 D ExternalStorage: After updating volumes, found 1 active roots
05-28 10:09:20.440 1022 1140 W MediaProvider: getVolumePath for unknown volume: internal
05-28 10:09:20.442 1022 1140 W MediaProvider: getVolumePath for unknown volume: internal
05-28 10:09:20.444 1022 1140 W MediaProvider: getVolumePath for unknown volume: internal
05-28 10:09:20.446 1022 1140 W MediaProvider: getVolumePath for unknown volume: internal
05-28 10:09:20.447 1022 1140 W MediaProvider: getVolumePath for unknown volume: internal
05-28 10:09:20.448 813 813 E DiskReceiver: Missing fsUuid, not launching activity.
05-28 10:09:20.449 1022 1140 W MediaProvider: getVolumePath for unknown volume: internal
05-28 10:09:20.451 476 577 I ActivityManager: com.tv.filemanager.os is exempt from freezer
05-28 10:09:20.451 1022 1140 W MediaProvider: getVolumePath for unknown volume: internal
05-28 10:09:20.452 476 577 D CompatibilityChangeReporter: Compat change id reported: 135634846; UID 10051; state: DISABLED
05-28 10:09:20.452 476 577 D CompatibilityChangeReporter: Compat change id reported: 177438394; UID 10051; state: DISABLED
05-28 10:09:20.452 1022 1140 W MediaProvider: getVolumePath for unknown volume: internal
05-28 10:09:20.453 476 577 D CompatibilityChangeReporter: Compat change id reported: 135772972; UID 10051; state: DISABLED
05-28 10:09:20.453 476 577 D CompatibilityChangeReporter: Compat change id reported: 135754954; UID 10051; state: DISABLED
05-28 10:09:20.454 476 538 D CompatibilityChangeReporter: Compat change id reported: 143937733; UID 10051; state: DISABLED
05-28 10:09:20.454 1022 1140 W MediaProvider: getVolumePath for unknown volume: internal
05-28 10:09:20.456 1022 1140 W MediaProvider: getVolumePath for unknown volume: internal
05-28 10:09:20.458 1022 1140 W MediaProvider: getVolumePath for unknown volume: internal
05-28 10:09:20.460 1022 1140 W MediaProvider: getVolumePath for unknown volume: internal
05-28 10:09:20.461 1022 1140 W MediaProvider: getVolumePath for unknown volume: internal
05-28 10:09:20.464 1022 1140 W MediaProvider: getVolumePath for unknown volume: internal
05-28 10:09:20.466 1022 1140 W MediaProvider: getVolumePath for unknown volume: internal
05-28 10:09:20.475 245 245 D Zygote : Forked child process 2149
05-28 10:09:20.477 476 538 I ActivityManager: app.processName = com.tv.filemanager.os
05-28 10:09:20.477 476 538 I ActivityManager: Start proc 2149:com.tv.filemanager.os/u0a51 for broadcast {com.tv.filemanager.os/com.dangbei.lerad.filemanager.receives.USBReceiver}
05-28 10:09:20.483 2149 2149 I Zygote : seccomp disabled by setenforce 0
05-28 10:09:20.503 383 396 I adbd : jdwp connection from 2149
05-28 10:09:20.519 476 577 D CompatibilityChangeReporter: Compat change id reported: 168419799; UID 10051; state: DISABLED
05-28 10:09:20.532 2149 2149 D CompatibilityChangeReporter: Compat change id reported: 171979766; UID 10051; state: DISABLED
05-28 10:09:20.540 2149 2149 D ApplicationLoaders: Returning zygote-cached class loader: /system/framework/android.test.base.jar
01-01 08:00:32.633 278 278 W audit : audit_lost=518 audit_rate_limit=5 audit_backlog_limit=64
01-01 08:00:32.633 278 278 E audit : rate limit exceeded
05-28 10:09:20.719 2149 2149 V GraphicsEnvironment: ANGLE Developer option for 'com.tv.filemanager.os' set to: 'default'
05-28 10:09:20.719 2149 2149 V GraphicsEnvironment: Neither updatable production driver nor prerelease driver is supported.
05-28 10:09:20.720 2149 2149 D NetworkSecurityConfig: No Network Security Config specified, using platform default
05-28 10:09:20.721 2149 2149 D NetworkSecurityConfig: No Network Security Config specified, using platform default
05-28 10:09:20.723 2149 2149 I MultiDex: VM with version 2.1.0 has multidex support
05-28 10:09:20.723 2149 2149 I MultiDex: Installing application
05-28 10:09:20.723 2149 2149 I MultiDex: VM has multidex support, MultiDex support library is disabled.
05-28 10:09:20.801 2149 2149 I MultiDex: Installing application
05-28 10:09:20.801 2149 2149 I MultiDex: VM has multidex support, MultiDex support library is disabled.
05-28 10:09:20.806 2149 2149 W .filemanager.o: Accessing hidden field Landroid/app/ActivityThread;->mHiddenApiWarningShown:Z (max-target-o, reflection, denied)
05-28 10:09:20.807 2149 2149 W System.err: java.lang.NoSuchFieldException: No field mHiddenApiWarningShown in class Landroid/app/ActivityThread; (declaration of 'android.app.ActivityThread' appears in /system/framework/framework.jar)
05-28 10:09:20.807 2149 2149 W System.err: at java.lang.Class.getDeclaredField(Native Method)
05-28 10:09:20.807 2149 2149 W System.err: at com.dangbei.lerad.filemanager.application.App.disableAPIDialog(App.java:166)
05-28 10:09:20.807 2149 2149 W System.err: at com.dangbei.lerad.filemanager.application.App.onCreate(App.java:95)
05-28 10:09:20.807 2149 2149 W System.err: at android.app.Instrumentation.callApplicationOnCreate(Instrumentation.java:1211)
05-28 10:09:20.807 2149 2149 W System.err: at android.app.ActivityThread.handleBindApplication(ActivityThread.java:6740)
05-28 10:09:20.807 2149 2149 W System.err: at android.app.ActivityThread.access$1500(ActivityThread.java:247)
05-28 10:09:20.807 2149 2149 W System.err: at android.app.ActivityThread$H.handleMessage(ActivityThread.java:2053)
05-28 10:09:20.807 2149 2149 W System.err: at android.os.Handler.dispatchMessage(Handler.java:106)
05-28 10:09:20.807 2149 2149 W System.err: at android.os.Looper.loopOnce(Looper.java:201)
05-28 10:09:20.807 2149 2149 W System.err: at android.os.Looper.loop(Looper.java:288)
05-28 10:09:20.807 2149 2149 W System.err: at android.app.ActivityThread.main(ActivityThread.java:7854)
05-28 10:09:20.807 2149 2149 W System.err: at java.lang.reflect.Method.invoke(Native Method)
05-28 10:09:20.807 2149 2149 W System.err: at com.android.internal.os.RuntimeInit$MethodAndArgsCaller.run(RuntimeInit.java:548)
05-28 10:09:20.808 2149 2149 W System.err: at com.android.internal.os.ZygoteInit.main(ZygoteInit.java:1182)
05-28 10:09:20.817 476 493 I system_server: Background concurrent copying GC freed 141344(6915KB) AllocSpace objects, 93(2780KB) LOS objects, 49% free, 10MB/20MB, paused 253us total 379.447ms
05-28 10:09:20.847 2149 2149 E ActivityThread: Failed to find provider info for lerad.provider.etna
05-28 10:09:20.866 1915 1926 W System : A resource failed to call close.
05-28 10:09:20.879 2149 2149 D USBReceiver: usb > onReceive: action = android.intent.action.MEDIA_MOUNTED
05-28 10:09:20.880 1022 1140 W MediaProvider: getVolumePath for unknown volume: internal
05-28 10:09:20.882 1022 1140 W MediaProvider: getVolumePath for unknown volume: internal
05-28 10:09:20.882 476 577 I ActivityManager: Killing 1041:com.android.traceur/u0a19 (adj 999): empty #17
05-28 10:09:20.884 1022 1140 W MediaProvider: getVolumePath for unknown volume: internal
05-28 10:09:20.885 1022 1140 W MediaProvider: getVolumePath for unknown volume: internal
05-28 10:09:20.887 1022 1140 W MediaProvider: getVolumePath for unknown volume: internal
05-28 10:09:20.888 1022 1140 W MediaProvider: getVolumePath for unknown volume: internal
05-28 10:09:20.889 1022 1140 W MediaProvider: getVolumePath for unknown volume: internal
05-28 10:09:20.890 1022 1140 W MediaProvider: getVolumePath for unknown volume: internal
05-28 10:09:20.900 476 577 I ActivityManager: com.oranth.usbopenft is exempt from freezer
05-28 10:09:20.901 476 577 D CompatibilityChangeReporter: Compat change id reported: 135634846; UID 1000; state: DISABLED
05-28 10:09:20.919 245 245 D Zygote : Forked child process 2179
05-28 10:09:20.920 245 245 I Zygote : Process 1041 exited due to signal 9 (Killed)
05-28 10:09:20.921 476 538 I ActivityManager: app.processName = com.oranth.usbopenft
05-28 10:09:20.921 476 538 I ActivityManager: Start proc 2179:com.oranth.usbopenft/1000 for broadcast {com.oranth.usbopenft/com.oranth.usbopenft.UsbReceiver}
05-28 10:09:20.926 476 539 I libprocessgroup: Successfully killed process cgroup uid 10019 pid 1041 in 42ms
05-28 10:09:20.926 2179 2179 I Zygote : seccomp disabled by setenforce 0
05-28 10:09:20.941 383 396 I adbd : jdwp connection from 2179
05-28 10:09:20.959 2179 2179 D CompatibilityChangeReporter: Compat change id reported: 171979766; UID 1000; state: ENABLED
05-28 10:09:20.987 2179 2179 V GraphicsEnvironment: ANGLE Developer option for 'com.oranth.usbopenft' set to: 'default'
05-28 10:09:20.987 2179 2179 V GraphicsEnvironment: Neither updatable production driver nor prerelease driver is supported.
05-28 10:09:20.988 2179 2179 D NetworkSecurityConfig: No Network Security Config specified, using platform default
05-28 10:09:20.989 2179 2179 D NetworkSecurityConfig: No Network Security Config specified, using platform default
05-28 10:09:20.997 2127 2127 D ExternalStorage: After updating volumes, found 1 active roots
05-28 10:09:20.999 476 809 I ActivityManager: Killing 1084:com.android.keychain/1000 (adj 985): empty #17
05-28 10:09:21.004 813 813 D DiskReceiver: Scanning volume: VolumeInfo{emulated;0}:
05-28 10:09:21.004 813 813 D DiskReceiver: type=EMULATED diskId=null partGuid= mountFlags=PRIMARY|VISIBLE
05-28 10:09:21.004 813 813 D DiskReceiver: mountUserId=0 state=MOUNTED
05-28 10:09:21.004 813 813 D DiskReceiver: fsType=null fsUuid=null fsLabel=null
05-28 10:09:21.004 813 813 D DiskReceiver: path=/storage/emulated internalPath=/data/media
05-28 10:09:21.010 2149 2149 D USBReceiver: usb > onReceive: action = android.intent.action.MEDIA_MOUNTED
05-28 10:09:21.023 245 245 I Zygote : Process 1084 exited due to signal 9 (Killed)
05-28 10:09:21.042 476 539 I libprocessgroup: Successfully killed process cgroup uid 1000 pid 1084 in 42ms
05-28 10:09:21.137 1077 1188 D hq : NetWorkStateReceiver:::检查网络,并且持续更新 isConnect=false
05-28 10:09:21.317 2000 2013 W System : A resource failed to call close.
05-28 10:09:21.322 2000 2013 W System : A resource failed to call close.
05-28 10:09:21.427 476 520 W IorapForwardingService: No service published for: iorapd
05-28 10:09:21.656 1022 1140 W MediaProvider: getVolumePath for unknown volume: internal
05-28 10:09:21.658 1022 1140 W MediaProvider: getVolumePath for unknown volume: internal
05-28 10:09:21.659 1022 1140 W MediaProvider: getVolumePath for unknown volume: internal
05-28 10:09:21.660 1022 1140 W MediaProvider: getVolumePath for unknown volume: internal
05-28 10:09:21.661 1022 1140 W MediaProvider: getVolumePath for unknown volume: internal
05-28 10:09:21.662 1022 1140 W MediaProvider: getVolumePath for unknown volume: internal
05-28 10:09:21.663 1022 1140 W MediaProvider: getVolumePath for unknown volume: internal
05-28 10:09:21.663 1022 1140 W MediaProvider: getVolumePath for unknown volume: internal
05-28 10:09:21.664 1022 1140 W MediaProvider: getVolumePath for unknown volume: internal
05-28 10:09:21.665 1022 1140 W MediaProvider: getVolumePath for unknown volume: internal
05-28 10:09:21.665 1022 1140 W MediaProvider: getVolumePath for unknown volume: internal
05-28 10:09:21.666 1022 1140 W MediaProvider: getVolumePath for unknown volume: internal
05-28 10:09:21.667 1022 1140 W MediaProvider: getVolumePath for unknown volume: internal
05-28 10:09:21.667 1022 1140 W MediaProvider: getVolumePath for unknown volume: internal
05-28 10:09:21.668 1022 1140 W MediaProvider: getVolumePath for unknown volume: internal
05-28 10:09:21.669 1022 1140 W MediaProvider: getVolumePath for unknown volume: internal
05-28 10:09:21.670 1022 1140 W MediaProvider: getVolumePath for unknown volume: internal
05-28 10:09:21.670 1022 1140 W MediaProvider: getVolumePath for unknown volume: internal
05-28 10:09:21.671 1022 1140 W MediaProvider: getVolumePath for unknown volume: internal
05-28 10:09:21.672 1022 1140 W MediaProvider: getVolumePath for unknown volume: internal
05-28 10:09:21.673 1022 1140 W MediaProvider: getVolumePath for unknown volume: internal
05-28 10:09:21.673 1022 1140 W MediaProvider: getVolumePath for unknown volume: internal
05-28 10:09:21.674 1022 1140 W MediaProvider: getVolumePath for unknown volume: internal
05-28 10:09:21.676 1022 1140 W MediaProvider: getVolumePath for unknown volume: internal
05-28 10:09:21.802 476 537 D CompatibilityChangeReporter: Compat change id reported: 168419799; UID 10025; state: DISABLED
05-28 10:09:22.331 355 1565 D mediaserver: Time zone APEX ICU file found: /apex/com.android.tzdata/etc/icu/icu_tzdata.dat
05-28 10:09:22.332 355 1565 D mediaserver: I18n APEX ICU file found: /apex/com.android.i18n/etc/icu/icudt68l.dat
05-28 10:09:22.429 476 520 W IorapForwardingService: No service published for: iorapd
05-28 10:09:22.512 663 663 D AvrcpBrowsablePlayerConnector: Received a message: msg.what=2
05-28 10:09:22.513 663 663 V AvrcpBrowsablePlayerConnector: Timed out waiting for players
05-28 10:09:22.513 663 663 I AvrcpBrowsablePlayerConnector: Successfully connected to 0 browsable players.
05-28 10:09:22.513 663 663 I MediaPlayerList: init: Browsable Player list size is 0
05-28 10:09:22.514 663 663 D MediaPlayerList: Initializing list of current media players
05-28 10:09:22.628 1077 1559 I OpenGLRenderer: Davey! duration=9223372004328ms; Flags=0, FrameTimelineVsyncId=864, IntendedVsync=32522978165, Vsync=32522978165, InputEventId=0, HandleInputStart=32524685681, AnimationStart=32524689306, PerformTraversalsStart=32524886015, DrawStart=32531225765, FrameDeadline=32556311497, FrameInterval=32524676181, FrameStartTime=16666666, SyncQueued=32534163015, SyncStart=32537590265, IssueDrawCommandsStart=32539577931, SwapBuffers=32549100390, FrameCompleted=9223372036854775807, DequeueBufferDuration=59417, QueueBufferDuration=1753000, GpuCompleted=9223372036854775807, SwapBuffersCompleted=32552759806, DisplayPresentTime=0,
05-28 10:09:22.628 264 264 I EventThread: type=1400 audit(0.0:954): avc: denied { search } for name="extcon" dev="sysfs" ino=18109 scontext=u:r:hal_tv_cec_default:s0 tcontext=u:object_r:sysfs_extcon:s0 tclass=dir permissive=1
05-28 10:09:22.660 1077 1559 I OpenGLRenderer: Davey! duration=9223372004307ms; Flags=0, FrameTimelineVsyncId=865, IntendedVsync=32539644831, Vsync=32539644831, InputEventId=0, HandleInputStart=32542444223, AnimationStart=32542450348, PerformTraversalsStart=32542723306, DrawStart=32543794598, FrameDeadline=32572978163, FrameInterval=32542432056, FrameStartTime=16666666, SyncQueued=32545450890, SyncStart=32553002056, IssueDrawCommandsStart=32554164473, SwapBuffers=32582216306, FrameCompleted=9223372036854775807, DequeueBufferDuration=35333, QueueBufferDuration=1525250, GpuCompleted=9223372036854775807, SwapBuffersCompleted=32584860556, DisplayPresentTime=0,
