05-28 10:09:22.676 1077 1559 I OpenGLRenderer: Davey! duration=9223372004271ms; Flags=0, FrameTimelineVsyncId=867, IntendedVsync=32556330786, Vsync=32556330786, InputEventId=0, HandleInputStart=32556943890, AnimationStart=32556948098, PerformTraversalsStart=32557259056, DrawStart=32557351681, FrameDeadline=32589664118, FrameInterval=32556935140, FrameStartTime=16666666, SyncQueued=32557948265, SyncStart=32585114390, IssueDrawCommandsStart=32586416723, SwapBuffers=32601455556, FrameCompleted=9223372036854775807, DequeueBufferDuration=58958, QueueBufferDuration=1086542, GpuCompleted=9223372036854775807, SwapBuffersCompleted=32603346681, DisplayPresentTime=0,
05-28 10:09:22.693 1077 1559 I OpenGLRenderer: Davey! duration=9223372004265ms; Flags=0, FrameTimelineVsyncId=868, IntendedVsync=32572997452, Vsync=32572997452, InputEventId=0, HandleInputStart=32586831390, AnimationStart=32586833640, PerformTraversalsStart=32587154431, DrawStart=32587257681, FrameDeadline=32606330784, FrameInterval=32586824140, FrameStartTime=16666666, SyncQueued=32587338431, SyncStart=32603601223, IssueDrawCommandsStart=32604637015, SwapBuffers=32613695098, FrameCompleted=9223372036854775807, DequeueBufferDuration=31333, QueueBufferDuration=3546042, GpuCompleted=9223372036854775807, SwapBuffersCompleted=32618037348, DisplayPresentTime=0,
05-28 10:09:22.711 1077 1559 I OpenGLRenderer: Davey! duration=9223372004248ms; Flags=0, FrameTimelineVsyncId=870, IntendedVsync=32589664118, Vsync=32589664118, InputEventId=0, HandleInputStart=32604954140, AnimationStart=32604956473, PerformTraversalsStart=32605179015, DrawStart=32605258848, FrameDeadline=32622997450, FrameInterval=32604948140, FrameStartTime=16666666, SyncQueued=32605326723, SyncStart=32622032973, IssueDrawCommandsStart=32623796765, SwapBuffers=32633305765, FrameCompleted=9223372036854775807, DequeueBufferDuration=57208, QueueBufferDuration=3734375, GpuCompleted=9223372036854775807, SwapBuffersCompleted=32637772973, DisplayPresentTime=0,
05-28 10:09:22.730 1077 1098 I OpenGLRenderer: Davey! duration=9223372004237ms; Flags=0, FrameTimelineVsyncId=872, IntendedVsync=32606330784, Vsync=32622997450, InputEventId=0, HandleInputStart=32624878348, AnimationStart=32624881181, PerformTraversalsStart=32625084140, DrawStart=32625989598, FrameDeadline=32639664116, FrameInterval=32624865681, FrameStartTime=16666666, SyncQueued=32626771890, SyncStart=32638014181, IssueDrawCommandsStart=32639304890, SwapBuffers=32648186765, FrameCompleted=9223372036854775807, DequeueBufferDuration=40792, QueueBufferDuration=4378000, GpuCompleted=9223372036854775807, SwapBuffersCompleted=32653225765, DisplayPresentTime=0,
05-28 10:09:22.744 1077 1559 I OpenGLRenderer: Davey! duration=9223372004202ms; Flags=0, FrameTimelineVsyncId=876, IntendedVsync=32639650502, Vsync=32639650502, InputEventId=0, HandleInputStart=32640437640, AnimationStart=32640441598, PerformTraversalsStart=32640732431, DrawStart=32640853931, FrameDeadline=32672983834, FrameInterval=32640426056, FrameStartTime=16666666, SyncQueued=32640949556, SyncStart=32653436640, IssueDrawCommandsStart=32654240848, SwapBuffers=32661715348, FrameCompleted=9223372036854775807, DequeueBufferDuration=34958, QueueBufferDuration=5872959, GpuCompleted=9223372036854775807, SwapBuffersCompleted=32668775598, DisplayPresentTime=0,
05-28 10:09:22.761 1077 1098 I OpenGLRenderer: Davey! duration=9223372004187ms; Flags=0, FrameTimelineVsyncId=878, IntendedVsync=32655961478, Vsync=32655961478, InputEventId=0, HandleInputStart=32657218098, AnimationStart=32657222640, PerformTraversalsStart=32657647306, DrawStart=32657774140, FrameDeadline=32689294810, FrameInterval=32657203473, FrameStartTime=16666666, SyncQueued=32657876806, SyncStart=32669075598, IssueDrawCommandsStart=32670124056, SwapBuffers=32677195098, FrameCompleted=9223372036854775807, DequeueBufferDuration=42458, QueueBufferDuration=9760833, GpuCompleted=9223372036854775807, SwapBuffersCompleted=32687892473, DisplayPresentTime=0,
05-28 10:09:22.778 1077 1098 I OpenGLRenderer: Davey! duration=9223372004168ms; Flags=0, FrameTimelineVsyncId=880, IntendedVsync=32672481053, Vsync=32672481053, InputEventId=0, HandleInputStart=32673340056, AnimationStart=32673347931, PerformTraversalsStart=32673798390, DrawStart=32673935556, FrameDeadline=32705814385, FrameInterval=32673315181, FrameStartTime=16666666, SyncQueued=32674046556, SyncStart=32688218056, IssueDrawCommandsStart=32689644056, SwapBuffers=32693195681, FrameCompleted=9223372036854775807, DequeueBufferDuration=78375, QueueBufferDuration=12343792, GpuCompleted=9223372036854775807, SwapBuffersCompleted=32706855806, DisplayPresentTime=0,
05-28 10:09:23.083 1022 1140 W MediaProvider: getVolumePath for unknown volume: internal
05-28 10:09:23.086 1022 1140 W MediaProvider: getVolumePath for unknown volume: internal
05-28 10:09:23.087 1022 1140 W MediaProvider: getVolumePath for unknown volume: internal
05-28 10:09:23.094 1022 1140 W MediaProvider: getVolumePath for unknown volume: internal
05-28 10:09:23.096 1022 1140 W MediaProvider: getVolumePath for unknown volume: internal
05-28 10:09:23.097 1022 1140 W MediaProvider: getVolumePath for unknown volume: internal
05-28 10:09:23.098 1022 1140 W MediaProvider: getVolumePath for unknown volume: internal
05-28 10:09:23.099 1022 1140 W MediaProvider: getVolumePath for unknown volume: internal
05-28 10:09:23.100 1022 1140 W MediaProvider: getVolumePath for unknown volume: internal
05-28 10:09:23.101 1022 1140 W MediaProvider: getVolumePath for unknown volume: internal
05-28 10:09:23.102 1022 1140 W MediaProvider: getVolumePath for unknown volume: internal
05-28 10:09:23.103 1022 1140 W MediaProvider: getVolumePath for unknown volume: internal
05-28 10:09:23.108 1022 1140 W MediaProvider: getVolumePath for unknown volume: internal
05-28 10:09:23.112 1022 1140 W MediaProvider: getVolumePath for unknown volume: internal
05-28 10:09:23.114 1022 1140 W MediaProvider: getVolumePath for unknown volume: internal
05-28 10:09:23.115 1022 1140 W MediaProvider: getVolumePath for unknown volume: internal
05-28 10:09:23.116 1022 1140 W MediaProvider: getVolumePath for unknown volume: internal
05-28 10:09:23.116 1022 1140 W MediaProvider: getVolumePath for unknown volume: internal
05-28 10:09:23.117 1022 1140 W MediaProvider: getVolumePath for unknown volume: internal
05-28 10:09:23.118 1022 1140 W MediaProvider: getVolumePath for unknown volume: internal
05-28 10:09:23.119 1022 1140 W MediaProvider: getVolumePath for unknown volume: internal
05-28 10:09:23.120 1022 1140 W MediaProvider: getVolumePath for unknown volume: internal
05-28 10:09:23.124 1022 1140 W MediaProvider: getVolumePath for unknown volume: internal
05-28 10:09:23.129 1022 1140 W MediaProvider: getVolumePath for unknown volume: internal
05-28 10:09:23.132 1022 1140 W MediaProvider: getVolumePath for unknown volume: internal
05-28 10:09:23.134 1022 1140 W MediaProvider: getVolumePath for unknown volume: internal
05-28 10:09:23.135 1022 1140 W MediaProvider: getVolumePath for unknown volume: internal
05-28 10:09:23.136 1022 1140 W MediaProvider: getVolumePath for unknown volume: internal
05-28 10:09:23.137 1022 1140 W MediaProvider: getVolumePath for unknown volume: internal
05-28 10:09:23.142 1077 1188 D hq : NetWorkStateReceiver:::检查网络,并且持续更新 isConnect=false
05-28 10:09:23.136 2220 2220 I rgb_led_ctl: type=1400 audit(0.0:955): avc: denied { write } for name="spidev1.0" dev="tmpfs" ino=6381 scontext=u:r:init:s0 tcontext=u:object_r:device:s0 tclass=chr_file permissive=1
05-28 10:09:23.136 2220 2220 I rgb_led_ctl: type=1400 audit(0.0:956): avc: denied { open } for path="/dev/spidev1.0" dev="tmpfs" ino=6381 scontext=u:r:init:s0 tcontext=u:object_r:device:s0 tclass=chr_file permissive=1
05-28 10:09:23.136 2220 2220 I rgb_led_ctl: type=1400 audit(0.0:957): avc: denied { ioctl } for path="/dev/spidev1.0" dev="tmpfs" ino=6381 ioctlcmd=0x6b01 scontext=u:r:init:s0 tcontext=u:object_r:device:s0 tclass=chr_file permissive=1
05-28 10:09:23.147 1022 1140 W MediaProvider: getVolumePath for unknown volume: internal
05-28 10:09:23.149 1022 1140 W MediaProvider: getVolumePath for unknown volume: internal
05-28 10:09:23.151 1022 1140 W MediaProvider: getVolumePath for unknown volume: internal
05-28 10:09:23.151 1022 1140 W MediaProvider: getVolumePath for unknown volume: internal
05-28 10:09:23.226 1077 1098 I OpenGLRenderer: Davey! duration=9223372003731ms; Flags=0, FrameTimelineVsyncId=934, IntendedVsync=33122577435, Vsync=33122577435, InputEventId=0, HandleInputStart=33123466723, AnimationStart=33123471557, PerformTraversalsStart=33124590057, DrawStart=33125247307, FrameDeadline=33155910767, FrameInterval=33123452057, FrameStartTime=16666666, SyncQueued=33125631348, SyncStart=33126138432, IssueDrawCommandsStart=33128444265, SwapBuffers=33133593557, FrameCompleted=9223372036854775807, DequeueBufferDuration=436917, QueueBufferDuration=795041, GpuCompleted=9223372036854775807, SwapBuffersCompleted=33135149140, DisplayPresentTime=0,
05-28 10:09:23.432 476 520 W IorapForwardingService: No service published for: iorapd
05-28 10:09:24.342 1022 1034 I FuseDaemon: Background concurrent copying GC freed 506047(20MB) AllocSpace objects, 171(3440KB) LOS objects, 49% free, 4948KB/9897KB, paused 167us total 143.666ms
05-28 10:09:24.434 476 520 W IorapForwardingService: No service published for: iorapd
05-28 10:09:24.500 1077 1188 E hq : Etna:::getFindLookupControllerState isConnect=true
05-28 10:09:24.500 1077 1188 E Etna : getFindLookupControllerState1111111
05-28 10:09:24.503 1077 1188 E hq : Etna:::getFindLookupControllerState valueStr=1
05-28 10:09:24.504 1077 1188 E hq : LookupControler:::isLookupController=true
05-28 10:09:24.504 1077 1188 I hq : LookupControler:::time=110000
05-28 10:09:24.505 1022 1140 W MediaProvider: getVolumePath for unknown volume: internal
05-28 10:09:24.507 1022 1140 W MediaProvider: getVolumePath for unknown volume: internal
05-28 10:09:24.508 1022 1140 W MediaProvider: getVolumePath for unknown volume: internal
05-28 10:09:24.508 1022 1140 W MediaProvider: getVolumePath for unknown volume: internal
05-28 10:09:24.509 1022 1140 W MediaProvider: getVolumePath for unknown volume: internal
05-28 10:09:24.510 1022 1140 W MediaProvider: getVolumePath for unknown volume: internal
05-28 10:09:24.511 1022 1140 W MediaProvider: getVolumePath for unknown volume: internal
05-28 10:09:24.512 1022 1140 W MediaProvider: getVolumePath for unknown volume: internal
05-28 10:09:24.513 1022 1140 W MediaProvider: getVolumePath for unknown volume: internal
05-28 10:09:24.514 1022 1140 W MediaProvider: getVolumePath for unknown volume: internal
05-28 10:09:24.515 1022 1140 W MediaProvider: getVolumePath for unknown volume: internal
05-28 10:09:24.516 1022 1140 W MediaProvider: getVolumePath for unknown volume: internal
05-28 10:09:24.516 1022 1140 W MediaProvider: getVolumePath for unknown volume: internal
05-28 10:09:24.517 1022 1140 W MediaProvider: getVolumePath for unknown volume: internal
05-28 10:09:24.518 1022 1140 W MediaProvider: getVolumePath for unknown volume: internal
05-28 10:09:24.518 1022 1140 W MediaProvider: getVolumePath for unknown volume: internal
05-28 10:09:24.519 1022 1140 W MediaProvider: getVolumePath for unknown volume: internal
05-28 10:09:24.520 1022 1140 W MediaProvider: getVolumePath for unknown volume: internal
05-28 10:09:24.520 1022 1140 W MediaProvider: getVolumePath for unknown volume: internal
05-28 10:09:24.521 1022 1140 W MediaProvider: getVolumePath for unknown volume: internal
05-28 10:09:24.522 1022 1140 W MediaProvider: getVolumePath for unknown volume: internal
05-28 10:09:24.522 1022 1140 W MediaProvider: getVolumePath for unknown volume: internal
05-28 10:09:24.523 1022 1140 W MediaProvider: getVolumePath for unknown volume: internal
05-28 10:09:24.524 1022 1140 W MediaProvider: getVolumePath for unknown volume: internal
05-28 10:09:24.524 1022 1140 W MediaProvider: getVolumePath for unknown volume: internal
05-28 10:09:24.525 1022 1140 W MediaProvider: getVolumePath for unknown volume: internal
05-28 10:09:24.526 1022 1140 W MediaProvider: getVolumePath for unknown volume: internal
05-28 10:09:24.527 1022 1140 W MediaProvider: getVolumePath for unknown volume: internal
05-28 10:09:24.527 1022 1140 W MediaProvider: getVolumePath for unknown volume: internal
05-28 10:09:24.528 1022 1140 W MediaProvider: getVolumePath for unknown volume: internal
05-28 10:09:24.529 1022 1140 W MediaProvider: getVolumePath for unknown volume: internal
05-28 10:09:24.530 1022 1140 W MediaProvider: getVolumePath for unknown volume: internal
05-28 10:09:24.530 1022 1140 W MediaProvider: getVolumePath for unknown volume: internal
05-28 10:09:24.992 2026 2026 I pool-5-thread-1: type=1400 audit(0.0:958): avc: denied { read } for name="td_database99SaaS" dev="mmcblk0p25" ino=2451 scontext=u:r:platform_app:s0:c512,c768 tcontext=u:object_r:app_data_file:s0:c512,c768 tclass=dir permissive=1 app=com.dangbei.screencast
05-28 10:09:24.992 2026 2026 I pool-5-thread-1: type=1400 audit(0.0:959): avc: denied { open } for path="/data/user/0/com.dangbei.screencast/files/__database_reborn_January_one__/td_database99SaaS" dev="mmcblk0p25" ino=2451 scontext=u:r:platform_app:s0:c512,c768 tcontext=u:object_r:app_data_file:s0:c512,c768 tclass=dir permissive=1 app=com.dangbei.screencast
05-28 10:09:24.996 2026 2026 I pool-5-thread-1: type=1400 audit(0.0:960): avc: denied { write } for name="td_database99SaaS" dev="mmcblk0p25" ino=2451 scontext=u:r:platform_app:s0:c512,c768 tcontext=u:object_r:app_data_file:s0:c512,c768 tclass=dir permissive=1 app=com.dangbei.screencast
05-28 10:09:24.996 2026 2026 I pool-5-thread-1: type=1400 audit(0.0:961): avc: denied { add_name } for name="1748398164996_2026" scontext=u:r:platform_app:s0:c512,c768 tcontext=u:object_r:app_data_file:s0:c512,c768 tclass=dir permissive=1 app=com.dangbei.screencast
05-28 10:09:24.996 2026 2026 I pool-5-thread-1: type=1400 audit(0.0:962): avc: denied { create } for name="1748398164996_2026" scontext=u:r:platform_app:s0:c512,c768 tcontext=u:object_r:app_data_file:s0:c512,c768 tclass=file permissive=1 app=com.dangbei.screencast
05-28 10:09:25.067 476 577 E ConnectivityService: Exception = android.content.pm.PackageManager$NameNotFoundException: android.net.cts
05-28 10:09:25.070 2026 2079 I efs.config: Config refresh fail, network is disconnected.
05-28 10:09:25.070 2026 2079 I efs.config: efs config is
05-28 10:09:25.147 1077 1188 D hq : NetWorkStateReceiver:::检查网络,并且持续更新 isConnect=false
05-28 10:09:25.184 476 577 I WifiService: releaseMulticastLock uid=10022
05-28 10:09:25.187 476 577 I WifiService: releaseMulticastLock uid=10022
05-28 10:09:25.199 2026 2026 D HiSight-SinkService: setDiscoverable true
05-28 10:09:25.201 1077 1188 D wenhc : getScreenInfo uri = content://com.dangbei.screencast.parts.info/screen_cast
05-28 10:09:25.202 2026 2026 D NearFieldManager: init.
05-28 10:09:25.202 2026 2026 D NearFieldManager: try check dmsdp
05-28 10:09:25.217 2026 2026 D NearFieldManager: package not exist
05-28 10:09:25.229 476 809 D CompatibilityChangeReporter: Compat change id reported: 135634846; UID 10022; state: DISABLED
05-28 10:09:25.230 476 538 D CompatibilityChangeReporter: Compat change id reported: 143937733; UID 10022; state: DISABLED
05-28 10:09:25.238 2026 2026 D NearFieldManager: bind nearfield service true
05-28 10:09:25.239 2026 2026 D NearFieldManager: registerCallback true
05-28 10:09:25.239 2026 2026 D HiSight-Discovery: set deviceInfo type:46
05-28 10:09:25.239 2026 2026 D HiSight-Discovery: startAdvertise 1
05-28 10:09:25.248 245 245 D Zygote : Forked child process 2243
05-28 10:09:25.250 476 538 I ActivityManager: app.processName = com.huawei.connection
05-28 10:09:25.250 476 538 I ActivityManager: Start proc 2243:com.huawei.connection/u0a22 for service {com.dangbei.screencast/com.huawei.connection.service.NearFieldManagerService}
05-28 10:09:25.256 2243 2243 I Zygote : seccomp disabled by setenforce 0
05-28 10:09:25.273 383 396 I adbd : jdwp connection from 2243
05-28 10:09:25.296 2243 2243 D CompatibilityChangeReporter: Compat change id reported: 171979766; UID 10022; state: DISABLED
05-28 10:09:25.304 2243 2243 D ApplicationLoaders: Returning zygote-cached class loader: /system/framework/android.test.base.jar
05-28 10:09:25.305 2243 2243 D ApplicationLoaders: Returning zygote-cached class loader: /system/framework/android.hidl.manager-V1.0-java.jar
05-28 10:09:25.305 2243 2243 D ApplicationLoaders: Returning zygote-cached class loader: /system/framework/android.hidl.base-V1.0-java.jar
05-28 10:09:25.304 2259 2259 I Thread-2: type=1400 audit(0.0:963): avc: denied { execute } for name="am" dev="dm-1" ino=1160 scontext=u:r:system_app:s0 tcontext=u:object_r:vendor_file:s0 tclass=file permissive=1
01-01 08:00:37.316 2259 2259 W audit : audit_lost=531 audit_rate_limit=5 audit_backlog_limit=64
01-01 08:00:37.316 2259 2259 E audit : rate limit exceeded
05-28 10:09:25.343 2243 2243 V GraphicsEnvironment: ANGLE Developer option for 'com.dangbei.screencast' set to: 'default'
05-28 10:09:25.343 2243 2243 V GraphicsEnvironment: Neither updatable production driver nor prerelease driver is supported.
05-28 10:09:25.345 2243 2243 D NetworkSecurityConfig: Using Network Security Config from resource network_security_config debugBuild: false
05-28 10:09:25.347 2243 2243 D NetworkSecurityConfig: Using Network Security Config from resource network_security_config debugBuild: false
05-28 10:09:25.351 2243 2243 I MultiDex: VM with version 2.1.0 has multidex support
05-28 10:09:25.351 2243 2243 I MultiDex: Installing application
05-28 10:09:25.351 2243 2243 I MultiDex: VM has multidex support, MultiDex support library is disabled.
05-28 10:09:25.364 1118 1118 D aaa : LedStatusService onStartCommand begin
05-28 10:09:25.366 1162 1162 D bbb : onStartCommand begin !!!!!!! data分区剩余 24985MB
05-28 10:09:25.370 476 577 D CompatibilityChangeReporter: Compat change id reported: 171306433; UID 1000; state: ENABLED
05-28 10:09:25.373 1118 2271 D aaa : topPkg is -------------- :com.dangbei.leard.leradlauncher
05-28 10:09:25.436 476 520 W IorapForwardingService: No service published for: iorapd
05-28 10:09:25.455 2243 2273 I crashsdk: version unique build id: 6230cced
05-28 10:09:25.455 2243 2284 I crashsdk: version unique build id: 6230cced
05-28 10:09:25.460 2243 2286 D crashsdk: Native log stat thread 2286 setup, waiting
05-28 10:09:25.462 2243 2273 I crashsdk: begin hack android.os.Process
05-28 10:09:25.462 2243 2273 I crashsdk: end hack android.os.Process
05-28 10:09:25.487 2243 2243 I TDLog : setReportUncaughtExceptions: true
05-28 10:09:25.489 2243 2243 E Application: onCreate:Version:v2.8.3/20830/883432e
05-28 10:09:25.504 2243 2273 I Matrix.AnrTracer: anrTrace, final mAnrBeatTime:400, mAnrBeatRate:400
05-28 10:09:25.504 2243 2243 D NearFieldManagerService: NearFieldManagerService.
05-28 10:09:25.505 2243 2243 D NearFieldManagerService: onCreate, enter.
05-28 10:09:25.505 2243 2243 I NearFieldManagerService: onBind, enter.
05-28 10:09:25.505 2243 2243 D NearFieldManagerService: initService
05-28 10:09:25.505 2243 2243 D NearFieldManagerService: NearField starting...
05-28 10:09:25.506 2243 2243 D NearFieldUtils: checkSystemProperty in
05-28 10:09:25.506 2243 2243 D NearFieldUtils: checkSystemProperty: systemProperties:
05-28 10:09:25.506 2243 2243 E NearFieldUtils: validProperty: priority is null
05-28 10:09:25.506 2243 2273 E LaunchManager: Non main process !
05-28 10:09:25.507 2243 2273 W System.err: java.lang.NullPointerException: Attempt to invoke virtual method 'boolean com.efs.sdk.launch.LaunchConfigManager.enableTracer()' on a null object reference
05-28 10:09:25.507 2243 2273 W System.err: at com.umeng.umcrash.UMCrash.init(Unknown Source:403)
05-28 10:09:25.507 2243 2273 W System.err: at java.lang.reflect.Method.invoke(Native Method)
05-28 10:09:25.507 2243 2273 W System.err: at com.umeng.commonsdk.UMConfigure.init(Unknown Source:811)
05-28 10:09:25.507 2243 2273 W System.err: at b.f.f.b.a(:4)
05-28 10:09:25.507 2243 2273 W System.err: at h.o.a.run(Unknown Source:2)
05-28 10:09:25.508 476 577 E ConnectivityService: Exception = android.content.pm.PackageManager$NameNotFoundException: android.net.cts
05-28 10:09:25.510 2026 2026 D NearFieldManager: service connected.
05-28 10:09:25.512 2026 2026 D HiSight-Discovery: eventId: 4001
05-28 10:09:25.512 2026 2242 D HiSight-Discovery: msg 4001
05-28 10:09:25.512 2026 2242 D HiSight-Discovery: bind success, status Ready
05-28 10:09:25.512 2026 2242 D HiSight-Discovery: startAdvertise 2
05-28 10:09:25.512 2026 2242 D HiSight-Discovery: stopAdvertise.
05-28 10:09:25.512 2026 2242 D HiSight-Discovery: nearFieldStartListen deviceType 46
05-28 10:09:25.514 2243 2258 I NearFieldManagerImpl: setDeviceInfo, sDeviceId changes
05-28 10:09:25.514 2243 2258 I NearFieldManagerImpl: setDeviceInfo, sDeviceName changes
05-28 10:09:25.515 2243 2243 I crashsdk: Catcher mask: 5000, 20480
05-28 10:09:25.515 2243 2258 D NearFieldManagerImpl: setServiceData, sServiceData=[], serviceData=[32]
05-28 10:09:25.515 2026 2242 E NearFieldManager: setIdnNetworkPriority: networkPortPriority is empty
05-28 10:09:25.515 2026 2242 D NearFieldManager: StartListen moduleId: CastPlusDiscoveryModule
05-28 10:09:25.516 2243 2243 I crashsdk: Catcher thread 2248
05-28 10:09:25.516 2243 2243 D crashsdk: Register ANR handler ...
05-28 10:09:25.517 2243 2258 D NearFieldManagerImpl: startListen: moduleId: CastPlusDiscoveryModule
05-28 10:09:25.517 2243 2258 D NearFieldUtils: getPreferredIpAddress exec
05-28 10:09:25.517 2243 2258 D NearFieldUtils: getPreferredIpAddress by custom priority
05-28 10:09:25.517 2243 2258 D NearFieldUtils: getIpByInterfaceSetting customIdnNetworkPriority:[]
05-28 10:09:25.517 2243 2258 D NearFieldUtils: getPreferredIpAddress by default priority
05-28 10:09:25.518 2243 2293 W efs.send_log: tryFileLock start!
05-28 10:09:25.548 476 810 W ServiceManager: Permission failure: android.permission.HIGH_SAMPLING_RATE_SENSORS from uid=10022 pid=2243
05-28 10:09:25.548 2243 2293 I efs.config: --->>> 删除旧的配置文件 false
05-28 10:09:25.551 2243 2310 I efs.base: lt=event`ev_ct=efs_core`ev_ac=pvuv`tm=2025-05-28 10:09:52`dn=814a6c1f-a914-45e0-9441-173ac17d88d0`ps=com.huawei.connection`um_os=android`stime=1748398165238`pid=2243`fr=android`pkg=com.dangbei.screencast`vcode=20830`dsp_w=1920`uid=814a6c1f-a914-45e0-9441-173ac17d88d0`rom=12`wid=814a6c1f-a914-45e0-9441-173ac17d88d0`um_app_carrier=`um_access=unknow`um_app_channel=os`um_crash_sdk_version=1.4.0`ctime=1748398165`model=dbbox-a2`lang=zh`net=disconnected`brand=dangbei`dsp_h=1080`um_network_type=0`ver=v2.8.3`build_model=DBBOX-A2`w_tm=1748398165`appid=5fc60c21094d637f3130af19`um_umid_header=ai536d652a62b80cf12a583dbdbfe77cd5`sdk=31`tzone=Asia/Shanghai`sdk_ver=1.3.6.umeng
05-28 10:09:25.557 2243 2293 I efs.config: --->>> 一致
05-28 10:09:25.565 2243 2274 I TDLog : TalkingData SDK init...
05-28 10:09:25.565 2243 2274 I TDLog : SDK_VERSION is: Android+TD+V5.0.7 gp Type:Native Build_Num:2141
05-28 10:09:25.565 2243 2274 I TDLog : App ID is: B9D7815EC975466AB1332111FCE62DF5
05-28 10:09:25.565 2243 2274 I TDLog : App Channel is: os
05-28 10:09:25.565 2243 2274 I TDLog : App Custom is:
05-28 10:09:25.565 2243 2274 I TDLog : SDK_OVC is: TDOVC+a3bb7754719798526508b6caad480dd7+SaaS
05-28 10:09:25.601 2243 2258 D NearFieldUtils: get Ip Address failed.
05-28 10:09:25.601 2243 2258 D NearFieldManagerImpl: sDeviceType: 46
05-28 10:09:25.601 2243 2258 D NearFieldManagerImpl: registerDevice() is called.
05-28 10:09:25.602 2243 2258 E NearFieldManagerUtilsNative: Begin System.loadLibrary()
05-28 10:09:25.655 2243 2258 I HicomNfTimerManager: epoll fd:127 create success
05-28 10:09:25.655 2243 2258 I HicomNfTimerManager: epoll add fd:132--->127 success
05-28 10:09:25.655 2243 2258 I HicomNfTimerManager: time fd:132 add to epoll success
05-28 10:09:25.660 1077 1559 I OpenGLRenderer: Davey! duration=9223372001292ms; Flags=0, FrameTimelineVsyncId=940, IntendedVsync=35555907586, Vsync=35555907586, InputEventId=0, HandleInputStart=35557040725, AnimationStart=35557044600, PerformTraversalsStart=35557241725, DrawStart=35557808850, FrameDeadline=35589240918, FrameInterval=35557031600, FrameStartTime=16666666, SyncQueued=35558564141, SyncStart=35565070516, IssueDrawCommandsStart=35566173391, SwapBuffers=35578734141, FrameCompleted=9223372036854775807, DequeueBufferDuration=40125, QueueBufferDuration=1355417, GpuCompleted=9223372036854775807, SwapBuffersCompleted=35581608933, DisplayPresentTime=0,
05-28 10:09:25.676 2243 2258 D nStackXDFinder: NSTACKX_Init:[146] :nstack ctrl creat epollfd 130
05-28 10:09:25.677 1077 1559 I OpenGLRenderer: Davey! duration=9223372001274ms; Flags=0, FrameTimelineVsyncId=942, IntendedVsync=35572997621, Vsync=35572997621, InputEventId=0, HandleInputStart=35573957808, AnimationStart=35573961266, PerformTraversalsStart=35574295933, DrawStart=35574390183, FrameDeadline=35606330953, FrameInterval=35573942600, FrameStartTime=16666666, SyncQueued=35574464975, SyncStart=35581885308, IssueDrawCommandsStart=35582956100, SwapBuffers=35588604350, FrameCompleted=9223372036854775807, DequeueBufferDuration=226500, QueueBufferDuration=8051208, GpuCompleted=9223372036854775807, SwapBuffersCompleted=35598286225, DisplayPresentTime=0,
05-28 10:09:25.678 2243 2258 I nStackXDFinder: InitDefaultInterfaceName:[779] :InitDefaultInterfaceName exec
05-28 10:09:25.678 2243 2258 D nStackXCoAP: CoapServerInit:[174] :CoapServerInit is called
05-28 10:09:25.678 2243 2258 E nStackXDFinder: GetLocalIp:[401] :GetLocalIp exec
05-28 10:09:25.678 2243 2258 E nStackXDFinder: GetLocalIp:[407] :GetLocalIp, ifInfo is null
05-28 10:09:25.678 2243 2258 I HicomNfMainCtrlManager: NSTACKX_RegisterDevice is called
05-28 10:09:25.678 2243 2324 D nStackXDFinder: ConfigureLocalDeviceInfo:[616] :Invalid if name or ip address. Ignore
05-28 10:09:25.679 2243 2258 D NearFieldManagerImpl: Register device success.
05-28 10:09:25.679 2243 2258 I NearFieldManagerImpl: serviceName is castPlus
05-28 10:09:25.679 2243 2258 D NearFieldManagerImpl: registerCapability() called with: capabilityBitmapNum = 1, capabilityBitmap = [8]
05-28 10:09:25.680 2243 2258 I HicomNf_java_to_c: registerCapability, capabilityBitmapNum: 1
05-28 10:09:25.680 2243 2258 I HicomNfMainCtrlManager: RegisterCapability: 1, 8
05-28 10:09:25.680 2243 2258 D NearFieldManagerImpl: Register capability succeed with capabilityBitmapNum = 1, capabilityBitmap = [8]
05-28 10:09:25.680 2243 2258 D NearFieldManagerImpl: registerServiceData() called with: serviceData = 32
05-28 10:09:25.680 2243 2324 I nStackXDFinder: RegisterServiceData:[728] :RegisterServiceData, serviceData=[32]
05-28 10:09:25.680 2243 2258 D NearFieldManagerImpl: registerModule() called with: packageModuleName = com.huawei.connection+CastPlusDiscoveryModule
05-28 10:09:25.680 2243 2258 I HicomNf_java_to_c: registerModule, moduleName: com.huawei.connection+CastPlusDiscoveryModule
05-28 10:09:25.680 2243 2258 I HicomNfMainCtrlManager: Enter RegisterModule
05-28 10:09:25.680 2243 2258 I HicomNfRegManager: RegisterModule OK, add module name com.huawei.connection+CastPlusDiscoveryModule
05-28 10:09:25.689 2026 2242 I Hisight-DeviceListManager: init DeviceListManager.
05-28 10:09:25.694 1077 1559 I OpenGLRenderer: Davey! duration=9223372001260ms; Flags=0, FrameTimelineVsyncId=944, IntendedVsync=35589664287, Vsync=35589664287, InputEventId=0, HandleInputStart=35594052516, AnimationStart=35594056100, PerformTraversalsStart=35594330308, DrawStart=35594422975, FrameDeadline=35622997619, FrameInterval=35594043600, FrameStartTime=16666666, SyncQueued=35594503725, SyncStart=35598718600, IssueDrawCommandsStart=35600217891, SwapBuffers=35606647100, FrameCompleted=9223372036854775807, DequeueBufferDuration=60000, QueueBufferDuration=7772167, GpuCompleted=9223372036854775807, SwapBuffersCompleted=35617529891, DisplayPresentTime=0,
05-28 10:09:25.717 1022 1034 I FuseDaemon: Background young concurrent copying GC freed 110850(4379KB) AllocSpace objects, 33(660KB) LOS objects, 54% free, 4473KB/9897KB, paused 136us total 100.381ms
05-28 10:09:25.721 1077 1559 I OpenGLRenderer: Davey! duration=9223372001237ms; Flags=0, FrameTimelineVsyncId=946, IntendedVsync=35606330953, Vsync=35606330953, InputEventId=0, HandleInputStart=35606981850, AnimationStart=35606985766, PerformTraversalsStart=35607284266, DrawStart=35607387350, FrameDeadline=35639664285, FrameInterval=35606970141, FrameStartTime=16666666, SyncQueued=35607464725, SyncStart=35617967516, IssueDrawCommandsStart=35619378433, SwapBuffers=35624799516, FrameCompleted=9223372036854775807, DequeueBufferDuration=71750, QueueBufferDuration=9905916, GpuCompleted=9223372036854775807, SwapBuffersCompleted=35637482391, DisplayPresentTime=0,
05-28 10:09:25.723 2026 2242 D Hisight-DeviceListManager: get old secret key
05-28 10:09:25.746 1077 1559 I OpenGLRenderer: Davey! duration=9223372001207ms; Flags=0, FrameTimelineVsyncId=950, IntendedVsync=35639630196, Vsync=35639630196, InputEventId=0, HandleInputStart=35640523350, AnimationStart=35640526600, PerformTraversalsStart=35640839516, DrawStart=35641439766, FrameDeadline=35672963528, FrameInterval=35640511433, FrameStartTime=16666666, SyncQueued=35642139641, SyncStart=35650207975, IssueDrawCommandsStart=35651142933, SwapBuffers=35665055600, FrameCompleted=9223372036854775807, DequeueBufferDuration=4123416, QueueBufferDuration=1357000, GpuCompleted=9223372036854775807, SwapBuffersCompleted=35671504350, DisplayPresentTime=0,
05-28 10:09:25.747 2026 2242 E Hisight-ConnectAuthCallBack: readSecureFile failed, no such file
05-28 10:09:25.747 2026 2242 W Hisight-DeviceListManager: deviceRecords is empty
05-28 10:09:25.747 2026 2242 W Hisight-DeviceListManager: occur error, clear all the list
05-28 10:09:25.747 2026 2242 D Hisight-HiChainAuthControl: start HiChainAuthControl
05-28 10:09:25.765 1077 1559 I OpenGLRenderer: Davey! duration=9223372001194ms; Flags=0, FrameTimelineVsyncId=952, IntendedVsync=35656292793, Vsync=35656292793, InputEventId=0, HandleInputStart=35665707183, AnimationStart=35665711183, PerformTraversalsStart=35668315391, DrawStart=35668450975, FrameDeadline=35689626125, FrameInterval=35665696350, FrameStartTime=16666666, SyncQueued=35668539308, SyncStart=35672099141, IssueDrawCommandsStart=35674843016, SwapBuffers=35681957475, FrameCompleted=9223372036854775807, DequeueBufferDuration=56375, QueueBufferDuration=2868792, GpuCompleted=9223372036854775807, SwapBuffersCompleted=35686074266, DisplayPresentTime=0,
05-28 10:09:25.769 2026 2242 I ConnectAuthJNI: JNI_OnLoad begin load
05-28 10:09:25.769 2026 2242 I ConnectAuthJNI: RegisterNativeMethod begin
05-28 10:09:25.770 2026 2242 I ConnectAuthJNI: RegisterNativeMethod end
05-28 10:09:25.770 2026 2242 I ConnectAuthJNI: RegisterNativeMethod 1004 methodLen=10
05-28 10:09:25.770 2026 2242 I ConnectAuthJNI: RegisterNativeMethod 1007 RegisterNatives=0
05-28 10:09:25.770 2026 2242 I ConnectAuthJNI: InitArraylist 1013
05-28 10:09:25.770 2026 2242 I ConnectAuthJNI: InitConnectAuthStaticJNIMethod 1114 methodRet=0
05-28 10:09:25.770 2026 2242 E ConnectAuthJNI: JNI_OnLoad finish....1138
05-28 10:09:25.777 2026 2242 D Hisight-HiChainAuthControl: setupAuthIfNeeded, HiChainInstance hasn't been initialized
05-28 10:09:25.778 2026 2242 I ConnectAuthJNI: Java_com_huawei_hisight_security_ConnectAuthNative_nativeSetup 795 call HiChainNativeSetup
05-28 10:09:25.779 2026 2242 I ConnectAuthJNI: HiChainNativeSetup 565 registe_log
05-28 10:09:25.779 2026 2242 I ConnectAuthJNI: HksStorageRegisterFileCallbacks 245 register hks file callback status =0
05-28 10:09:25.779 2026 2242 I ConnectAuthJNI: HksRegisterGetDeviceIdCallback 268 register hks get hardware udid callback status =0
05-28 10:09:25.780 2026 2242 D ConnectAuthJNI: [HiChain] get_instance Begin get instance
05-28 10:09:25.780 2026 2242 I ConnectAuthJNI: [HKS] hks_service_key_info_init hks init : begin
05-28 10:09:25.780 2026 2242 I ConnectAuthJNI: FileRead 113 FileRead
05-28 10:09:25.780 2026 2242 I ConnectAuthJNI: FileRead 122 FileRead call readSecureFile begin
05-28 10:09:25.781 2026 2242 E Hisight-ConnectAuthCallBack: readSecureFile failed, no such file
05-28 10:09:25.781 2026 2242 W ConnectAuthJNI: FileRead 132 FileRead call readSecureFile byteArray is null
05-28 10:09:25.782 2026 2242 I ConnectAuthJNI: [HKS] hks_rkc_init RKC init:begin, is_key_info_exist=0
05-28 10:09:25.782 2026 2242 I ConnectAuthJNI: [HKS] hks_rkc_init_entropy the entropy is empty
05-28 10:09:25.782 2026 2242 I ConnectAuthJNI: FileSize 214 FileSize
05-28 10:09:25.783 1077 1559 I OpenGLRenderer: Davey! duration=9223372001170ms; Flags=0, FrameTimelineVsyncId=954, IntendedVsync=35672616775, Vsync=35672616775, InputEventId=0, HandleInputStart=35674089641, AnimationStart=35674092016, PerformTraversalsStart=35674496183, DrawStart=35674626558, FrameDeadline=35705950107, FrameInterval=35674081558, FrameStartTime=16666666, SyncQueued=35674727391, SyncStart=35686402183, IssueDrawCommandsStart=35687665266, SwapBuffers=35696589266, FrameCompleted=9223372036854775807, DequeueBufferDuration=41292, QueueBufferDuration=7627542, GpuCompleted=9223372036854775807, SwapBuffersCompleted=35705857600, DisplayPresentTime=0,
05-28 10:09:25.783 2026 2242 I ConnectAuthJNI: FileSize 230 fileSize=258
05-28 10:09:25.783 2026 2242 I ConnectAuthJNI: FileRead 113 FileRead
05-28 10:09:25.783 2026 2242 I ConnectAuthJNI: FileRead 122 FileRead call readSecureFile begin
05-28 10:09:25.784 2026 2242 I ConnectAuthJNI: FileRead 135 FileRead call readSecureFile end
05-28 10:09:25.784 2026 2242 I ConnectAuthJNI: FileRead 150 fileBuff size 258, buf len 258
05-28 10:09:25.784 2026 2242 I ConnectAuthJNI: FileSize 214 FileSize
05-28 10:09:25.785 2026 2242 I ConnectAuthJNI: FileSize 230 fileSize=258
05-28 10:09:25.785 2026 2242 I ConnectAuthJNI: FileRead 113 FileRead
05-28 10:09:25.785 2026 2242 I ConnectAuthJNI: FileRead 122 FileRead call readSecureFile begin
05-28 10:09:25.785 2026 2242 I ConnectAuthJNI: FileRead 135 FileRead call readSecureFile end
05-28 10:09:25.785 2026 2242 I ConnectAuthJNI: FileRead 150 fileBuff size 258, buf len 258
05-28 10:09:25.786 2026 2242 I ConnectAuthJNI: [HKS] hks_rkc_load_ksf load ksf success
05-28 10:09:25.786 2026 2242 I ConnectAuthJNI: [HKS] hks_rkc_init root key component init success
05-28 10:09:25.786 2026 2242 I ConnectAuthJNI: [HKS] hks_rkc_init RKC init:end,rc=0
05-28 10:09:25.786 2026 2242 I ConnectAuthJNI: [HKS] hks_service_key_info_init hks init : end
05-28 10:09:25.786 2026 2242 I ConnectAuthJNI: GetHiChainProtocolParamsCallback 371 GetHiChainProtocolParamsCallback operation_code= 99
05-28 10:09:25.786 2026 2242 I ConnectAuthJNI: paramLen is ,=0
05-28 10:09:25.786 2026 2242 I ConnectAuthJNI: paramLen is ,=0
05-28 10:09:25.786 2026 2242 I ConnectAuthJNI: GetHiChainProtocolParamsCallback 402 GetHiChainProtocolParamsCallback end
05-28 10:09:25.786 2026 2242 I ConnectAuthJNI: [HiChain] get_instance Get instance success
05-28 10:09:25.786 2026 2242 I ConnectAuthJNI: Java_com_huawei_hisight_security_ConnectAuthNative_nativeGetHiChainInstance 598 get instance success
05-28 10:09:25.786 2026 2242 D Hisight-HiChainAuthControl: destroyAuth
05-28 10:09:25.786 2026 2242 I ConnectAuthJNI: Java_com_huawei_hisight_security_ConnectAuthNative_nativeDestroy 603 destroy
05-28 10:09:25.786 2026 2242 D Hisight-HiChainAuthControl: setupAuthIfNeeded, HiChainInstance hasn't been initialized
05-28 10:09:25.786 2026 2242 I ConnectAuthJNI: Java_com_huawei_hisight_security_ConnectAuthNative_nativeSetup 795 call HiChainNativeSetup
05-28 10:09:25.786 2026 2242 I ConnectAuthJNI: HiChainNativeSetup 565 registe_log
05-28 10:09:25.786 2026 2242 I ConnectAuthJNI: HksStorageRegisterFileCallbacks 245 register hks file callback status =0
05-28 10:09:25.786 2026 2242 I ConnectAuthJNI: HksRegisterGetDeviceIdCallback 268 register hks get hardware udid callback status =0
05-28 10:09:25.786 2026 2242 D ConnectAuthJNI: [HiChain] get_instance Begin get instance
05-28 10:09:25.786 2026 2242 I ConnectAuthJNI: [HKS] hks_service_key_info_init hks init : begin
05-28 10:09:25.786 2026 2242 I ConnectAuthJNI: [HKS] hks_service_key_info_init hks init : end
05-28 10:09:25.786 2026 2242 I ConnectAuthJNI: GetHiChainProtocolParamsCallback 371 GetHiChainProtocolParamsCallback operation_code= 99
05-28 10:09:25.786 2026 2242 I ConnectAuthJNI: paramLen is ,=0
05-28 10:09:25.786 2026 2242 I ConnectAuthJNI: paramLen is ,=0
05-28 10:09:25.786 2026 2242 I ConnectAuthJNI: GetHiChainProtocolParamsCallback 402 GetHiChainProtocolParamsCallback end
05-28 10:09:25.786 2026 2242 I ConnectAuthJNI: [HiChain] get_instance Get instance success
05-28 10:09:25.786 2026 2242 I ConnectAuthJNI: Java_com_huawei_hisight_security_ConnectAuthNative_nativeGetHiChainInstance 598 get instance success
05-28 10:09:25.787 2026 2242 W ConnectAuthJNI: GetListTrustPeers 899 trustPeerSize=0
05-28 10:09:25.787 2026 2242 D Hisight-HiChainAuthControl: destroyAuth
05-28 10:09:25.787 2026 2242 I ConnectAuthJNI: Java_com_huawei_hisight_security_ConnectAuthNative_nativeDestroy 603 destroy
05-28 10:09:25.787 2026 2242 D Hisight-HiChainAuthControl: setupAuthIfNeeded, HiChainInstance hasn't been initialized
05-28 10:09:25.787 2026 2242 I ConnectAuthJNI: Java_com_huawei_hisight_security_ConnectAuthNative_nativeSetup 795 call HiChainNativeSetup
05-28 10:09:25.787 2026 2242 I ConnectAuthJNI: HiChainNativeSetup 565 registe_log
05-28 10:09:25.787 2026 2242 I ConnectAuthJNI: HksStorageRegisterFileCallbacks 245 register hks file callback status =0
05-28 10:09:25.787 2026 2242 I ConnectAuthJNI: HksRegisterGetDeviceIdCallback 268 register hks get hardware udid callback status =0
05-28 10:09:25.787 2026 2242 D ConnectAuthJNI: [HiChain] get_instance Begin get instance
05-28 10:09:25.787 2026 2242 I ConnectAuthJNI: [HKS] hks_service_key_info_init hks init : begin
05-28 10:09:25.787 2026 2242 I ConnectAuthJNI: [HKS] hks_service_key_info_init hks init : end
05-28 10:09:25.787 2026 2242 I ConnectAuthJNI: GetHiChainProtocolParamsCallback 371 GetHiChainProtocolParamsCallback operation_code= 99
05-28 10:09:25.787 2026 2242 I ConnectAuthJNI: paramLen is ,=0
05-28 10:09:25.787 2026 2242 I ConnectAuthJNI: paramLen is ,=0
05-28 10:09:25.787 2026 2242 I ConnectAuthJNI: GetHiChainProtocolParamsCallback 402 GetHiChainProtocolParamsCallback end
05-28 10:09:25.787 2026 2242 I ConnectAuthJNI: [HiChain] get_instance Get instance success
05-28 10:09:25.787 2026 2242 I ConnectAuthJNI: Java_com_huawei_hisight_security_ConnectAuthNative_nativeGetHiChainInstance 598 get instance success
05-28 10:09:25.787 2026 2242 W ConnectAuthJNI: GetListTrustPeers 899 trustPeerSize=0
05-28 10:09:25.789 2026 2242 D Hisight-DeviceListManager: init trusted list size: 0
05-28 10:09:25.789 2026 2242 D HiSight-ConnectionManager: setAuthInfo, authMode: 1
05-28 10:09:25.799 1077 1559 I OpenGLRenderer: Davey! duration=9223372001150ms; Flags=0, FrameTimelineVsyncId=956, IntendedVsync=35689145954, Vsync=35689145954, InputEventId=0, HandleInputStart=35690156850, AnimationStart=35690163683, PerformTraversalsStart=35690565725, DrawStart=35690689058, FrameDeadline=35722479286, FrameInterval=35690142016, FrameStartTime=16666666, SyncQueued=35690781058, SyncStart=35706170183, IssueDrawCommandsStart=35707621350, SwapBuffers=35711544725, FrameCompleted=9223372036854775807, DequeueBufferDuration=74375, QueueBufferDuration=11925625, GpuCompleted=9223372036854775807, SwapBuffersCompleted=35725171391, DisplayPresentTime=0,
05-28 10:09:25.806 663 849 I bt_btif_dm: system/bt/btif/src/btif_dm.cc:548 btif_update_remote_properties: cod from storage is also unclassified
05-28 10:09:25.895 1077 1089 I d.leradlaunche: NativeAlloc concurrent copying GC freed 104330(7242KB) AllocSpace objects, 19(700KB) LOS objects, 49% free, 7206KB/14MB, paused 229us total 216.413ms
05-28 10:09:25.901 476 577 W TelephonyPermissions: reportAccessDeniedToReadIdentifiers:com.dangbei.screencast:getSerial:-1
05-28 10:09:25.942 2243 2317 V NFC : this device does not have NFC support
05-28 10:09:26.134 1022 1140 W MediaProvider: getVolumePath for unknown volume: internal
05-28 10:09:26.137 1022 1140 W MediaProvider: getVolumePath for unknown volume: internal
05-28 10:09:26.136 264 264 I EventThread: type=1400 audit(0.0:987): avc: denied { search } for name="extcon" dev="sysfs" ino=18109 scontext=u:r:hal_tv_cec_default:s0 tcontext=u:object_r:sysfs_extcon:s0 tclass=dir permissive=1
05-28 10:09:26.145 1022 1140 W MediaProvider: getVolumePath for unknown volume: internal
05-28 10:09:26.146 1022 1140 W MediaProvider: getVolumePath for unknown volume: internal
05-28 10:09:26.148 1022 1140 W MediaProvider: getVolumePath for unknown volume: internal
05-28 10:09:26.149 1022 1140 W MediaProvider: getVolumePath for unknown volume: internal
05-28 10:09:26.151 1022 1140 W MediaProvider: getVolumePath for unknown volume: internal
05-28 10:09:26.152 1022 1140 W MediaProvider: getVolumePath for unknown volume: internal
05-28 10:09:26.153 1022 1140 W MediaProvider: getVolumePath for unknown volume: internal
05-28 10:09:26.159 1022 1140 W MediaProvider: getVolumePath for unknown volume: internal
05-28 10:09:26.162 1022 1140 W MediaProvider: getVolumePath for unknown volume: internal
05-28 10:09:26.164 1022 1140 W MediaProvider: getVolumePath for unknown volume: internal
05-28 10:09:26.166 1022 1140 W MediaProvider: getVolumePath for unknown volume: internal
05-28 10:09:26.167 1022 1140 W MediaProvider: getVolumePath for unknown volume: internal
05-28 10:09:26.168 1022 1140 W MediaProvider: getVolumePath for unknown volume: internal
05-28 10:09:26.169 1022 1140 W MediaProvider: getVolumePath for unknown volume: internal
05-28 10:09:26.169 1022 1140 W MediaProvider: getVolumePath for unknown volume: internal
05-28 10:09:26.170 1022 1140 W MediaProvider: getVolumePath for unknown volume: internal
05-28 10:09:26.176 1022 1140 W MediaProvider: getVolumePath for unknown volume: internal
05-28 10:09:26.179 1022 1140 W MediaProvider: getVolumePath for unknown volume: internal
05-28 10:09:26.180 1022 1140 W MediaProvider: getVolumePath for unknown volume: internal
05-28 10:09:26.181 1022 1140 W MediaProvider: getVolumePath for unknown volume: internal
05-28 10:09:26.182 1022 1140 W MediaProvider: getVolumePath for unknown volume: internal
05-28 10:09:26.183 1022 1140 W MediaProvider: getVolumePath for unknown volume: internal
05-28 10:09:26.183 1022 1140 W MediaProvider: getVolumePath for unknown volume: internal
05-28 10:09:26.184 1022 1140 W MediaProvider: getVolumePath for unknown volume: internal
05-28 10:09:26.185 1022 1140 W MediaProvider: getVolumePath for unknown volume: internal
05-28 10:09:26.186 1022 1140 W MediaProvider: getVolumePath for unknown volume: internal
05-28 10:09:26.187 1022 1140 W MediaProvider: getVolumePath for unknown volume: internal
05-28 10:09:26.188 1022 1140 W MediaProvider: getVolumePath for unknown volume: internal
05-28 10:09:26.192 1022 1140 W MediaProvider: getVolumePath for unknown volume: internal
05-28 10:09:26.197 1022 1140 W MediaProvider: getVolumePath for unknown volume: internal
05-28 10:09:26.198 2026 2097 E raop : JavaCallback init
05-28 10:09:26.199 1022 1140 W MediaProvider: getVolumePath for unknown volume: internal
05-28 10:09:26.243 1077 1559 I OpenGLRenderer: Davey! duration=9223372000715ms; Flags=0, FrameTimelineVsyncId=1010, IntendedVsync=36139243807, Vsync=36139243807, InputEventId=0, HandleInputStart=36140096058, AnimationStart=36140101433, PerformTraversalsStart=36141081808, DrawStart=36141554558, FrameDeadline=36172577139, FrameInterval=36140083100, FrameStartTime=16666666, SyncQueued=36141922141, SyncStart=36142225308, IssueDrawCommandsStart=36144488183, SwapBuffers=36149649850, FrameCompleted=9223372036854775807, DequeueBufferDuration=398333, QueueBufferDuration=905208, GpuCompleted=9223372036854775807, SwapBuffersCompleted=36151322141, DisplayPresentTime=0,
05-28 10:09:26.253 1022 1140 W MediaProvider: getVolumePath for unknown volume: internal
05-28 10:09:26.255 1022 1140 W MediaProvider: getVolumePath for unknown volume: internal
05-28 10:09:26.256 1022 1140 W MediaProvider: getVolumePath for unknown volume: internal
05-28 10:09:26.408 2243 2243 I pool-4-thread-1: type=1400 audit(0.0:988): avc: denied { read } for name="td_database2SaaS" dev="mmcblk0p25" ino=2448 scontext=u:r:platform_app:s0:c512,c768 tcontext=u:object_r:app_data_file:s0:c512,c768 tclass=dir permissive=1 app=com.dangbei.screencast
05-28 10:09:26.408 2243 2243 I pool-4-thread-1: type=1400 audit(0.0:989): avc: denied { open } for path="/data/user/0/com.dangbei.screencast/files/__database_reborn_January_one__/td_database2SaaS" dev="mmcblk0p25" ino=2448 scontext=u:r:platform_app:s0:c512,c768 tcontext=u:object_r:app_data_file:s0:c512,c768 tclass=dir permissive=1 app=com.dangbei.screencast
05-28 10:09:26.437 476 520 W IorapForwardingService: No service published for: iorapd
05-28 10:09:26.642 264 278 D hdmi-cec: receive invalid cec message!
05-28 10:09:26.642 264 278 D hdmi-cec: receive poll message [04], skip!
05-28 10:09:27.109 1022 1034 I FuseDaemon: Background concurrent copying GC freed 163329(6321KB) AllocSpace objects, 26(520KB) LOS objects, 49% free, 3848KB/7696KB, paused 181us total 110.312ms
05-28 10:09:27.148 1077 1188 D hq : NetWorkStateReceiver:::检查网络,并且持续更新 isConnect=false
05-28 10:09:27.182 1022 1140 W MediaProvider: getVolumePath for unknown volume: internal
05-28 10:09:27.183 1022 1354 I MediaProvider: Scanned internal due to REASON_MOUNTED, found 230 items in 10859ms, 0 inserts 223 updates 0 deletes
05-28 10:09:27.184 1022 1140 W MediaProvider: getVolumePath for unknown volume: internal
05-28 10:09:27.184 1022 1140 W MediaProvider: getVolumePath for unknown volume: internal
05-28 10:09:27.185 1022 1140 W MediaProvider: getVolumePath for unknown volume: internal
05-28 10:09:27.186 1022 1140 W MediaProvider: getVolumePath for unknown volume: internal
05-28 10:09:27.187 1022 1140 W MediaProvider: getVolumePath for unknown volume: internal
05-28 10:09:27.188 1022 1140 W MediaProvider: getVolumePath for unknown volume: internal
05-28 10:09:27.189 1022 1140 W MediaProvider: getVolumePath for unknown volume: internal
05-28 10:09:27.190 1022 1140 W MediaProvider: getVolumePath for unknown volume: internal
05-28 10:09:27.191 1022 1140 W MediaProvider: getVolumePath for unknown volume: internal
05-28 10:09:27.192 1022 1140 W MediaProvider: getVolumePath for unknown volume: internal
05-28 10:09:27.193 1022 1140 W MediaProvider: getVolumePath for unknown volume: internal
05-28 10:09:27.193 1022 1140 W MediaProvider: getVolumePath for unknown volume: internal
05-28 10:09:27.194 1022 1140 W MediaProvider: getVolumePath for unknown volume: internal
05-28 10:09:27.195 1022 1140 W MediaProvider: getVolumePath for unknown volume: internal
05-28 10:09:27.196 1022 1140 W MediaProvider: getVolumePath for unknown volume: internal
05-28 10:09:27.196 1022 1140 W MediaProvider: getVolumePath for unknown volume: internal
05-28 10:09:27.197 1022 1140 W MediaProvider: getVolumePath for unknown volume: internal
05-28 10:09:27.198 1022 1140 W MediaProvider: getVolumePath for unknown volume: internal
05-28 10:09:27.199 1022 1140 W MediaProvider: getVolumePath for unknown volume: internal
05-28 10:09:27.199 1022 1140 W MediaProvider: getVolumePath for unknown volume: internal
05-28 10:09:27.200 1022 1140 W MediaProvider: getVolumePath for unknown volume: internal
05-28 10:09:27.201 1022 1140 W MediaProvider: getVolumePath for unknown volume: internal
05-28 10:09:27.212 1022 1354 W MediaProvider: isAppCloneUserPair for user 0: false
05-28 10:09:27.300 2343 2343 I rgb_led_ctl: type=1400 audit(0.0:990): avc: denied { write } for name="spidev1.0" dev="tmpfs" ino=6381 scontext=u:r:init:s0 tcontext=u:object_r:device:s0 tclass=chr_file permissive=1
05-28 10:09:27.300 2343 2343 I rgb_led_ctl: type=1400 audit(0.0:991): avc: denied { open } for path="/dev/spidev1.0" dev="tmpfs" ino=6381 scontext=u:r:init:s0 tcontext=u:object_r:device:s0 tclass=chr_file permissive=1
05-28 10:09:27.300 2343 2343 I rgb_led_ctl: type=1400 audit(0.0:992): avc: denied { ioctl } for path="/dev/spidev1.0" dev="tmpfs" ino=6381 ioctlcmd=0x6b01 scontext=u:r:init:s0 tcontext=u:object_r:device:s0 tclass=chr_file permissive=1
05-28 10:09:27.343 1022 1354 I MediaProvider: Scanned external_primary due to REASON_MOUNTED, found 44 items in 150ms, 1 inserts 9 updates 0 deletes
05-28 10:09:27.346 1022 1354 I MediaProvider: End Intent { act=com.android.providers.media.action.SCAN_VOLUME (has extras) }
05-28 10:09:27.346 1022 1354 I MediaProvider: Begin Intent { act=android.intent.action.MEDIA_MOUNTED dat=file:///storage/emulated/0 flg=0x5000010 cmp=com.android.providers.media.module/com.android.providers.media.MediaService (has extras) }
05-28 10:09:27.347 1022 1354 I MediaProvider: Volume MediaVolume name: [external_primary] id: [emulated;0] user: [UserHandle{0}] path: [/storage/emulated/0] already attached
05-28 10:09:27.347 1022 1354 I MediaProvider: End Intent { act=android.intent.action.MEDIA_MOUNTED dat=file:///storage/emulated/0 flg=0x5000010 cmp=com.android.providers.media.module/com.android.providers.media.MediaService (has extras) }
05-28 10:09:27.347 1022 1354 I MediaProvider: Begin Intent { act=android.intent.action.MEDIA_MOUNTED dat=file:///storage/emulated/0 flg=0x5000010 cmp=com.android.providers.media.module/com.android.providers.media.MediaService (has extras) }
05-28 10:09:27.347 1022 1354 I MediaProvider: Volume MediaVolume name: [external_primary] id: [emulated;0] user: [UserHandle{0}] path: [/storage/emulated/0] already attached
05-28 10:09:27.347 1022 1354 I MediaProvider: End Intent { act=android.intent.action.MEDIA_MOUNTED dat=file:///storage/emulated/0 flg=0x5000010 cmp=com.android.providers.media.module/com.android.providers.media.MediaService (has extras) }
05-28 10:09:27.440 476 520 W IorapForwardingService: No service published for: iorapd
