05-27 11:03:29.680 3164 3366 I OpenGLRenderer: Davey! duration=9223371675545ms; Flags=0, FrameTimelineVsyncId=12388, IntendedVsync=361294650540, Vsync=361294650540, InputEventId=363565455, HandleInputStart=361298993712, AnimationStart=361298996628, PerformTraversalsStart=361299435628, DrawStart=361305162295, FrameDeadline=361327983872, FrameInterval=361298988128, FrameStartTime=16666666, SyncQueued=361306637045, SyncStart=361320945295, IssueDrawCommandsStart=361323168337, SwapBuffers=361333187337, FrameCompleted=9223372036854775807, DequeueBufferDuration=6078542, QueueBufferDuration=28100375, GpuCompleted=9223372036854775807, SwapBuffersCompleted=361363382462, DisplayPresentTime=0,
05-27 11:03:29.685 319 3334 D XM_HIDREAD: poll ret=1, event=1
05-27 11:03:29.685 319 3334 D XM_HIDREAD: [9 bytes]:01 00 00 00 00 00 00 00 00
05-27 11:03:29.686 474 596 D TvWindowManager: key event key = KEYCODE_DPAD_DOWN down = false
05-27 11:03:29.742 474 595 D GpioService: mFlickerEnable = true
05-27 11:03:29.748 2136 2136 I SogouIME: onKeyDown: keyoCode=20
05-27 11:03:29.748 2136 2136 I DefaultIMS: onKeyDown: keyoCode=20
05-27 11:03:29.765 2136 2136 I SogouIME: onKeyUp: keyoCode=20
05-27 11:03:29.765 2136 2136 I DefaultIMS: onKeyUp: keyoCode=20
05-27 11:03:29.767 2136 2136 I DefaultIMS: onStartInput attribute=android.view.inputmethod.EditorInfo@1d901c0 restarting=false inputType: 0
05-27 11:03:29.775 319 3334 D XM_HIDREAD: poll ret=1, event=1
05-27 11:03:29.775 319 3334 D XM_HIDREAD: [9 bytes]:01 00 00 51 00 00 00 00 00
05-27 11:03:29.775 474 596 D TvWindowManager: key event key = KEYCODE_DPAD_DOWN down = true
05-27 11:03:29.776 474 595 D GpioService: mFlickerEnable = true
05-27 11:03:29.794 3164 3366 I OpenGLRenderer: Davey! duration=9223371675383ms; Flags=0, FrameTimelineVsyncId=12403, IntendedVsync=361461489166, Vsync=361461489166, InputEventId=0, HandleInputStart=361462153670, AnimationStart=361462159128, PerformTraversalsStart=361463450128, DrawStart=361463583587, FrameDeadline=361494822498, FrameInterval=361462142003, FrameStartTime=16666666, SyncQueued=361463958795, SyncStart=361473995337, IssueDrawCommandsStart=361474558170, SwapBuffers=361489079920, FrameCompleted=9223372036854775807, DequeueBufferDuration=12333708, QueueBufferDuration=657625, GpuCompleted=9223372036854775807, SwapBuffersCompleted=361490225753, DisplayPresentTime=0,
05-27 11:03:29.810 3164 3366 I OpenGLRenderer: Davey! duration=9223371675372ms; Flags=0, FrameTimelineVsyncId=12405, IntendedVsync=361478175902, Vsync=361478175902, InputEventId=825443424, HandleInputStart=361478658128, AnimationStart=361478661920, PerformTraversalsStart=361479529337, DrawStart=361484452462, FrameDeadline=361511509234, FrameInterval=361478651712, FrameStartTime=16666666, SyncQueued=361485982712, SyncStart=361490329003, IssueDrawCommandsStart=361491004670, SwapBuffers=361518874170, FrameCompleted=9223372036854775807, DequeueBufferDuration=18826375, QueueBufferDuration=1214917, GpuCompleted=9223372036854775807, SwapBuffersCompleted=361521375253, DisplayPresentTime=0,
05-27 11:03:29.828 3164 3366 I OpenGLRenderer: Davey! duration=9223371675336ms; Flags=0, FrameTimelineVsyncId=12407, IntendedVsync=361494843493, Vsync=361494843493, InputEventId=678850692, HandleInputStart=361495485503, AnimationStart=361495492253, PerformTraversalsStart=361497783420, DrawStart=361497907087, FrameDeadline=361528176825, FrameInterval=361495476295, FrameStartTime=16666666, SyncQueued=361498308420, SyncStart=361521893378, IssueDrawCommandsStart=361522853545, SwapBuffers=361526611753, FrameCompleted=9223372036854775807, DequeueBufferDuration=50125, QueueBufferDuration=8754458, GpuCompleted=9223372036854775807, SwapBuffersCompleted=361536360087, DisplayPresentTime=0,
05-27 11:03:29.844 3164 3366 I OpenGLRenderer: Davey! duration=9223371675337ms; Flags=0, FrameTimelineVsyncId=12409, IntendedVsync=361511354685, Vsync=361511354685, InputEventId=0, HandleInputStart=361523334003, AnimationStart=361523338545, PerformTraversalsStart=361529631545, DrawStart=361529769962, FrameDeadline=361544688017, FrameInterval=361523325212, FrameStartTime=16666666, SyncQueued=361530801378, SyncStart=361536488628, IssueDrawCommandsStart=361537167462, SwapBuffers=361540285837, FrameCompleted=9223372036854775807, DequeueBufferDuration=27542, QueueBufferDuration=11844042, GpuCompleted=9223372036854775807, SwapBuffersCompleted=361552919754, DisplayPresentTime=0,
05-27 11:03:29.877 3164 3366 I OpenGLRenderer: Davey! duration=9223371675295ms; Flags=0, FrameTimelineVsyncId=12413, IntendedVsync=361544585668, Vsync=361544585668, InputEventId=0, HandleInputStart=361554702712, AnimationStart=361554708337, PerformTraversalsStart=361556402670, DrawStart=361556494254, FrameDeadline=361577919000, FrameInterval=361554695212, FrameStartTime=16666666, SyncQueued=361556847004, SyncStart=361571318254, IssueDrawCommandsStart=361572443254, SwapBuffers=361576564212, FrameCompleted=9223372036854775807, DequeueBufferDuration=53834, QueueBufferDuration=2134167, GpuCompleted=9223372036854775807, SwapBuffersCompleted=361586792670, DisplayPresentTime=0,
05-27 11:03:29.887 319 3334 D XM_HIDREAD: poll ret=1, event=1
05-27 11:03:29.887 319 3334 D XM_HIDREAD: [9 bytes]:01 00 00 00 00 00 00 00 00
05-27 11:03:29.888 474 596 D TvWindowManager: key event key = KEYCODE_DPAD_DOWN down = false
05-27 11:03:29.890 474 521 W IorapForwardingService: No service published for: iorapd
05-27 11:03:29.926 474 595 D GpioService: mFlickerEnable = true
05-27 11:03:29.933 2136 2136 I SogouIME: onKeyDown: keyoCode=20
05-27 11:03:29.934 2136 2136 I DefaultIMS: onKeyDown: keyoCode=20
05-27 11:03:29.949 2136 2136 I SogouIME: onKeyUp: keyoCode=20
05-27 11:03:29.949 2136 2136 I DefaultIMS: onKeyUp: keyoCode=20
05-27 11:03:29.951 2136 2136 I DefaultIMS: onStartInput attribute=android.view.inputmethod.EditorInfo@26e6ef9 restarting=false inputType: 0
05-27 11:03:29.988 319 3334 D XM_HIDREAD: poll ret=1, event=1
05-27 11:03:29.988 319 3334 D XM_HIDREAD: [9 bytes]:01 00 00 51 00 00 00 00 00
05-27 11:03:29.988 474 596 D TvWindowManager: key event key = KEYCODE_DPAD_DOWN down = true
05-27 11:03:29.990 474 595 D GpioService: mFlickerEnable = true
05-27 11:03:29.994 3164 3366 I OpenGLRenderer: Davey! duration=9223371675193ms; Flags=0, FrameTimelineVsyncId=12427, IntendedVsync=361661211047, Vsync=361661211047, InputEventId=290752963, HandleInputStart=361667917254, AnimationStart=361667920754, PerformTraversalsStart=361668455379, DrawStart=361673426962, FrameDeadline=361694544379, FrameInterval=361667909879, FrameStartTime=16666666, SyncQueued=361674836212, SyncStart=361674915670, IssueDrawCommandsStart=361675616295, SwapBuffers=361691314337, FrameCompleted=9223372036854775807, DequeueBufferDuration=12156167, QueueBufferDuration=897500, GpuCompleted=9223372036854775807, SwapBuffersCompleted=361693487295, DisplayPresentTime=0,
05-27 11:03:30.010 3164 3366 I OpenGLRenderer: Davey! duration=9223371675169ms; Flags=0, FrameTimelineVsyncId=12429, IntendedVsync=361677879895, Vsync=361677879895, InputEventId=1036366191, HandleInputStart=361683609879, AnimationStart=361683613879, PerformTraversalsStart=361685748920, DrawStart=361685879295, FrameDeadline=361711213227, FrameInterval=361683601629, FrameStartTime=16666666, SyncQueued=361686679962, SyncStart=361693624670, IssueDrawCommandsStart=361694935629, SwapBuffers=361707673087, FrameCompleted=9223372036854775807, DequeueBufferDuration=9438250, QueueBufferDuration=11479458, GpuCompleted=9223372036854775807, SwapBuffersCompleted=361719970379, DisplayPresentTime=0,
05-27 11:03:30.026 3164 3366 I OpenGLRenderer: Davey! duration=9223371675147ms; Flags=0, FrameTimelineVsyncId=12431, IntendedVsync=361694560173, Vsync=361694560173, InputEventId=0, HandleInputStart=361695535129, AnimationStart=361695539629, PerformTraversalsStart=361706712295, DrawStart=361706832462, FrameDeadline=361727893505, FrameInterval=361695525879, FrameStartTime=16666666, SyncQueued=361707645462, SyncStart=361720207254, IssueDrawCommandsStart=361720916087, SwapBuffers=361724142212, FrameCompleted=9223372036854775807, DequeueBufferDuration=29083, QueueBufferDuration=11529292, GpuCompleted=9223372036854775807, SwapBuffersCompleted=361737395712, DisplayPresentTime=0,
05-27 11:03:30.089 319 3334 D XM_HIDREAD: poll ret=1, event=1
05-27 11:03:30.089 319 3334 D XM_HIDREAD: [9 bytes]:01 00 00 00 00 00 00 00 00
05-27 11:03:30.090 474 596 D TvWindowManager: key event key = KEYCODE_DPAD_DOWN down = false
05-27 11:03:30.138 474 595 D GpioService: mFlickerEnable = true
05-27 11:03:30.148 2136 2136 I SogouIME: onKeyDown: keyoCode=20
05-27 11:03:30.148 2136 2136 I DefaultIMS: onKeyDown: keyoCode=20
05-27 11:03:30.165 2136 2136 I SogouIME: onKeyUp: keyoCode=20
05-27 11:03:30.165 2136 2136 I DefaultIMS: onKeyUp: keyoCode=20
05-27 11:03:30.166 2136 2136 I DefaultIMS: onStartInput attribute=android.view.inputmethod.EditorInfo@c6b4e3e restarting=false inputType: 0
05-27 11:03:30.210 3164 3366 I OpenGLRenderer: Davey! duration=9223371674971ms; Flags=0, FrameTimelineVsyncId=12453, IntendedVsync=361877976584, Vsync=361877976584, InputEventId=615391041, HandleInputStart=361879450420, AnimationStart=361879454045, PerformTraversalsStart=361880145295, DrawStart=361884505212, FrameDeadline=361911309916, FrameInterval=361879442379, FrameStartTime=16666666, SyncQueued=361886007629, SyncStart=361890827212, IssueDrawCommandsStart=361891486170, SwapBuffers=361907812545, FrameCompleted=9223372036854775807, DequeueBufferDuration=13047666, QueueBufferDuration=849292, GpuCompleted=9223372036854775807, SwapBuffersCompleted=361909283420, DisplayPresentTime=0,
05-27 11:03:30.227 3164 3366 I OpenGLRenderer: Davey! duration=9223371674955ms; Flags=0, FrameTimelineVsyncId=12455, IntendedVsync=361894642999, Vsync=361894642999, InputEventId=249959164, HandleInputStart=361896277004, AnimationStart=361896281629, PerformTraversalsStart=361903531129, DrawStart=361903638670, FrameDeadline=361927976331, FrameInterval=361896267087, FrameStartTime=16666666, SyncQueued=361904615504, SyncStart=361909391462, IssueDrawCommandsStart=361910046462, SwapBuffers=361923701170, FrameCompleted=9223372036854775807, DequeueBufferDuration=10526667, QueueBufferDuration=11718125, GpuCompleted=9223372036854775807, SwapBuffersCompleted=361936198045, DisplayPresentTime=0,
05-27 11:03:30.244 3164 3366 I OpenGLRenderer: Davey! duration=9223371674919ms; Flags=0, FrameTimelineVsyncId=12457, IntendedVsync=361911310907, Vsync=361911310907, InputEventId=0, HandleInputStart=361911852379, AnimationStart=361911856254, PerformTraversalsStart=361913114629, DrawStart=361913250712, FrameDeadline=361944644239, FrameInterval=361911842837, FrameStartTime=16666666, SyncQueued=361913618254, SyncStart=361937110295, IssueDrawCommandsStart=361937797045, SwapBuffers=361941708045, FrameCompleted=9223372036854775807, DequeueBufferDuration=34209, QueueBufferDuration=10644542, GpuCompleted=9223372036854775807, SwapBuffersCompleted=361953882545, DisplayPresentTime=0,
05-27 11:03:30.892 474 521 W IorapForwardingService: No service published for: iorapd
05-27 11:03:31.417 319 3334 D XM_HIDREAD: poll ret=1, event=1
05-27 11:03:31.417 319 3334 D XM_HIDREAD: [9 bytes]:01 00 00 51 00 00 00 00 00
05-27 11:03:31.417 474 596 D TvWindowManager: key event key = KEYCODE_DPAD_DOWN down = true
05-27 11:03:31.418 474 595 D GpioService: mFlickerEnable = true
05-27 11:03:31.540 319 3334 D XM_HIDREAD: poll ret=1, event=1
05-27 11:03:31.540 319 3334 D XM_HIDREAD: [9 bytes]:01 00 00 00 00 00 00 00 00
05-27 11:03:31.540 474 596 D TvWindowManager: key event key = KEYCODE_DPAD_DOWN down = false
05-27 11:03:31.566 474 595 D GpioService: mFlickerEnable = true
05-27 11:03:31.567 2136 2136 I SogouIME: onKeyDown: keyoCode=20
05-27 11:03:31.567 2136 2136 I DefaultIMS: onKeyDown: keyoCode=20
05-27 11:03:31.572 2136 2136 I SogouIME: onKeyUp: keyoCode=20
05-27 11:03:31.572 2136 2136 I DefaultIMS: onKeyUp: keyoCode=20
05-27 11:03:31.586 2184 2255 I TDLog : [APP] New data found, Submitting...
05-27 11:03:31.594 2136 2136 I DefaultIMS: onStartInput attribute=android.view.inputmethod.EditorInfo@d7b649f restarting=false inputType: 0
05-27 11:03:31.600 2184 2255 I TDLog : [APP] Failed to submit data!
05-27 11:03:31.653 319 3334 D XM_HIDREAD: poll ret=1, event=1
05-27 11:03:31.653 474 596 D TvWindowManager: key event key = KEYCODE_DPAD_DOWN down = true
05-27 11:03:31.655 319 3334 D XM_HIDREAD: [9 bytes]:01 00 00 51 00 00 00 00 00
05-27 11:03:31.656 474 595 D GpioService: mFlickerEnable = true
05-27 11:03:31.755 319 3334 D XM_HIDREAD: poll ret=1, event=1
05-27 11:03:31.755 319 3334 D XM_HIDREAD: [9 bytes]:01 00 00 00 00 00 00 00 00
05-27 11:03:31.756 474 596 D TvWindowManager: key event key = KEYCODE_DPAD_DOWN down = false
05-27 11:03:31.805 474 595 D GpioService: mFlickerEnable = true
05-27 11:03:31.807 2136 2136 I SogouIME: onKeyDown: keyoCode=20
05-27 11:03:31.808 2136 2136 I DefaultIMS: onKeyDown: keyoCode=20
05-27 11:03:31.814 2136 2136 I SogouIME: onKeyUp: keyoCode=20
05-27 11:03:31.815 2136 2136 I DefaultIMS: onKeyUp: keyoCode=20
05-27 11:03:31.830 2136 2136 I DefaultIMS: onStartInput attribute=android.view.inputmethod.EditorInfo@82c79ec restarting=false inputType: 0
05-27 11:03:31.855 319 3334 D XM_HIDREAD: poll ret=1, event=1
05-27 11:03:31.856 319 3334 D XM_HIDREAD: [9 bytes]:01 00 00 51 00 00 00 00 00
05-27 11:03:31.856 474 596 D TvWindowManager: key event key = KEYCODE_DPAD_DOWN down = true
05-27 11:03:31.858 474 595 D GpioService: mFlickerEnable = true
05-27 11:03:31.861 3164 3180 I OpenGLRenderer: Davey! duration=9223371673310ms; Flags=0, FrameTimelineVsyncId=12514, IntendedVsync=363544521280, Vsync=363544521280, InputEventId=622950070, HandleInputStart=363545073463, AnimationStart=363545080088, PerformTraversalsStart=363546334171, DrawStart=363551069088, FrameDeadline=363577854612, FrameInterval=363545063963, FrameStartTime=16666666, SyncQueued=363553419963, SyncStart=363553567213, IssueDrawCommandsStart=363554455629, SwapBuffers=363559370379, FrameCompleted=9223372036854775807, DequeueBufferDuration=105125, QueueBufferDuration=1279584, GpuCompleted=9223372036854775807, SwapBuffersCompleted=363561458088, DisplayPresentTime=0,
05-27 11:03:31.878 3164 3180 I OpenGLRenderer: Davey! duration=9223371673293ms; Flags=0, FrameTimelineVsyncId=12516, IntendedVsync=363561192144, Vsync=363561192144, InputEventId=0, HandleInputStart=363561798629, AnimationStart=363561804171, PerformTraversalsStart=363571646129, DrawStart=363571773213, FrameDeadline=363594525476, FrameInterval=363561788713, FrameStartTime=16666666, SyncQueued=363573012171, SyncStart=363573201296, IssueDrawCommandsStart=363574119129, SwapBuffers=363578377629, FrameCompleted=9223372036854775807, DequeueBufferDuration=51208, QueueBufferDuration=7133875, GpuCompleted=9223372036854775807, SwapBuffersCompleted=363586491671, DisplayPresentTime=0,
05-27 11:03:31.893 3164 3180 I OpenGLRenderer: Davey! duration=9223371673270ms; Flags=0, FrameTimelineVsyncId=12518, IntendedVsync=363577861490, Vsync=363577861490, InputEventId=0, HandleInputStart=363578486796, AnimationStart=363578491088, PerformTraversalsStart=363580788171, DrawStart=363580935546, FrameDeadline=363611194822, FrameInterval=363578476129, FrameStartTime=16666666, SyncQueued=363581349004, SyncStart=363587321338, IssueDrawCommandsStart=363588364588, SwapBuffers=363593397046, FrameCompleted=9223372036854775807, DequeueBufferDuration=46000, QueueBufferDuration=9010458, GpuCompleted=9223372036854775807, SwapBuffersCompleted=363603185754, DisplayPresentTime=0,
05-27 11:03:31.894 474 521 W IorapForwardingService: No service published for: iorapd
05-27 11:03:31.930 3164 3180 I OpenGLRenderer: Davey! duration=9223371673237ms; Flags=0, FrameTimelineVsyncId=12522, IntendedVsync=363611201423, Vsync=363611201423, InputEventId=0, HandleInputStart=363611926046, AnimationStart=363611932713, PerformTraversalsStart=363613397504, DrawStart=363613541296, FrameDeadline=363644534755, FrameInterval=363611913879, FrameStartTime=16666666, SyncQueued=363614019879, SyncStart=363619720129, IssueDrawCommandsStart=363620525671, SwapBuffers=363623213046, FrameCompleted=9223372036854775807, DequeueBufferDuration=35792, QueueBufferDuration=1355750, GpuCompleted=9223372036854775807, SwapBuffersCompleted=363625437338, DisplayPresentTime=0,
05-27 11:03:31.946 319 3334 D XM_HIDREAD: poll ret=1, event=1
05-27 11:03:31.946 319 3334 D XM_HIDREAD: [9 bytes]:01 00 00 00 00 00 00 00 00
05-27 11:03:31.947 474 596 D TvWindowManager: key event key = KEYCODE_DPAD_DOWN down = false
05-27 11:03:31.962 1114 1699 I OpenGLRenderer: Davey! duration=9223371673209ms; Flags=0, FrameTimelineVsyncId=12526, IntendedVsync=363644542421, Vsync=363644542421, InputEventId=0, HandleInputStart=363645835046, AnimationStart=363645840463, PerformTraversalsStart=363646205421, DrawStart=363648552713, FrameDeadline=363677875753, FrameInterval=363645823005, FrameStartTime=16666666, SyncQueued=363651492213, SyncStart=363651987630, IssueDrawCommandsStart=363654231796, SwapBuffers=363663598880, FrameCompleted=9223372036854775807, DequeueBufferDuration=60791, QueueBufferDuration=1947709, GpuCompleted=9223372036854775807, SwapBuffersCompleted=363670845380, DisplayPresentTime=1424058392273833824,
05-27 11:03:31.963 3164 3180 I OpenGLRenderer: Davey! duration=9223371673202ms; Flags=0, FrameTimelineVsyncId=12526, IntendedVsync=363644542421, Vsync=363644542421, InputEventId=0, HandleInputStart=363645275755, AnimationStart=363645282546, PerformTraversalsStart=363646827005, DrawStart=363646963755, FrameDeadline=363677875753, FrameInterval=363645261838, FrameStartTime=16666666, SyncQueued=363647460880, SyncStart=363654738255, IssueDrawCommandsStart=363655701005, SwapBuffers=363660811796, FrameCompleted=9223372036854775807, DequeueBufferDuration=2356334, QueueBufferDuration=1665000, GpuCompleted=9223372036854775807, SwapBuffersCompleted=363666023546, DisplayPresentTime=0,
05-27 11:03:31.986 3164 3180 I OpenGLRenderer: Davey! duration=9223371673193ms; Flags=0, FrameTimelineVsyncId=12528, IntendedVsync=363661219836, Vsync=363661219836, InputEventId=0, HandleInputStart=363665205546, AnimationStart=363665213713, PerformTraversalsStart=363666664921, DrawStart=363666824296, FrameDeadline=363694553168, FrameInterval=363665191671, FrameStartTime=16666666, SyncQueued=363667255505, SyncStart=363667483421, IssueDrawCommandsStart=363669028880, SwapBuffers=363676880796, FrameCompleted=9223372036854775807, DequeueBufferDuration=3002542, QueueBufferDuration=23032000, GpuCompleted=9223372036854775807, SwapBuffersCompleted=363701289630, DisplayPresentTime=0,
05-27 11:03:32.007 474 595 D GpioService: mFlickerEnable = true
05-27 11:03:32.010 3164 3180 I OpenGLRenderer: Davey! duration=9223371673156ms; Flags=0, FrameTimelineVsyncId=12530, IntendedVsync=363677898846, Vsync=363677898846, InputEventId=0, HandleInputStart=363678878546, AnimationStart=363678885921, PerformTraversalsStart=363680832713, DrawStart=363680992005, FrameDeadline=363711232178, FrameInterval=363678865338, FrameStartTime=16666666, SyncQueued=363681440921, SyncStart=363701452088, IssueDrawCommandsStart=363702250671, SwapBuffers=363705534088, FrameCompleted=9223372036854775807, DequeueBufferDuration=50666, QueueBufferDuration=7515666, GpuCompleted=9223372036854775807, SwapBuffersCompleted=363714575005, DisplayPresentTime=0,
05-27 11:03:32.010 1114 1699 I OpenGLRenderer: Davey! duration=9223371673187ms; Flags=0, FrameTimelineVsyncId=12528, IntendedVsync=363661219836, Vsync=363661219836, InputEventId=0, HandleInputStart=363661960588, AnimationStart=363661966713, PerformTraversalsStart=363662298713, DrawStart=363662998338, FrameDeadline=363694553168, FrameInterval=363661947546, FrameStartTime=16666666, SyncQueued=363665587296, SyncStart=363671274463, IssueDrawCommandsStart=363675107630, SwapBuffers=363694565171, FrameCompleted=9223372036854775807, DequeueBufferDuration=67292, QueueBufferDuration=1860625, GpuCompleted=9223372036854775807, SwapBuffersCompleted=363697388171, DisplayPresentTime=1424059457440178224,
05-27 11:03:32.027 3164 3366 I OpenGLRenderer: Davey! duration=9223371673150ms; Flags=0, FrameTimelineVsyncId=12532, IntendedVsync=363694583458, Vsync=363694583458, InputEventId=0, HandleInputStart=363702772338, AnimationStart=363702774588, PerformTraversalsStart=363704641380, DrawStart=363704873505, FrameDeadline=363727916790, FrameInterval=363702764005, FrameStartTime=16666666, SyncQueued=363705856380, SyncStart=363715449213, IssueDrawCommandsStart=363716637713, SwapBuffers=363719889796, FrameCompleted=9223372036854775807, DequeueBufferDuration=53708, QueueBufferDuration=1150125, GpuCompleted=9223372036854775807, SwapBuffersCompleted=363722080005, DisplayPresentTime=0,
05-27 11:03:32.028 1114 1138 I OpenGLRenderer: Davey! duration=9223371673159ms; Flags=0, FrameTimelineVsyncId=12530, IntendedVsync=363677898846, Vsync=363677898846, InputEventId=0, HandleInputStart=363678879088, AnimationStart=363678885838, PerformTraversalsStart=363679535171, DrawStart=363679796880, FrameDeadline=363711232178, FrameInterval=363678865713, FrameStartTime=16666666, SyncQueued=363679909880, SyncStart=363697663338, IssueDrawCommandsStart=363698637046, SwapBuffers=363709887671, FrameCompleted=9223372036854775807, DequeueBufferDuration=31708, QueueBufferDuration=34544959, GpuCompleted=9223372036854775807, SwapBuffersCompleted=363746298255, DisplayPresentTime=1435653429597902608,
05-27 11:03:32.033 2136 2136 I SogouIME: onKeyDown: keyoCode=20
05-27 11:03:32.033 2136 2136 I DefaultIMS: onKeyDown: keyoCode=20
05-27 11:03:32.036 319 3334 D XM_HIDREAD: poll ret=1, event=1
05-27 11:03:32.036 319 3334 D XM_HIDREAD: [9 bytes]:01 00 00 51 00 00 00 00 00
05-27 11:03:32.036 474 596 D TvWindowManager: key event key = KEYCODE_DPAD_DOWN down = true
05-27 11:03:32.049 3164 3180 I OpenGLRenderer: Davey! duration=9223371673141ms; Flags=0, FrameTimelineVsyncId=12534, IntendedVsync=363711242495, Vsync=363711242495, InputEventId=0, HandleInputStart=363717095588, AnimationStart=363717098505, PerformTraversalsStart=363718930588, DrawStart=363719378338, FrameDeadline=363744575827, FrameInterval=363717088296, FrameStartTime=16666666, SyncQueued=363719794296, SyncStart=363722217088, IssueDrawCommandsStart=363722863546, SwapBuffers=363740155505, FrameCompleted=9223372036854775807, DequeueBufferDuration=14236500, QueueBufferDuration=15787584, GpuCompleted=9223372036854775807, SwapBuffersCompleted=363756546588, DisplayPresentTime=0,
05-27 11:03:32.061 3164 3180 I OpenGLRenderer: Davey! duration=9223371673100ms; Flags=0, FrameTimelineVsyncId=12536, IntendedVsync=363727931996, Vsync=363727931996, InputEventId=0, HandleInputStart=363728490880, AnimationStart=363728493796, PerformTraversalsStart=363729704505, DrawStart=363729811005, FrameDeadline=363761265328, FrameInterval=363728481213, FrameStartTime=16666666, SyncQueued=363730090838, SyncStart=363756722921, IssueDrawCommandsStart=363757811296, SwapBuffers=363763157296, FrameCompleted=9223372036854775807, DequeueBufferDuration=86708, QueueBufferDuration=11930542, GpuCompleted=9223372036854775807, SwapBuffersCompleted=363776723671, DisplayPresentTime=0,
05-27 11:03:32.061 1114 1138 I OpenGLRenderer: Davey! duration=9223371673112ms; Flags=0, FrameTimelineVsyncId=12532, IntendedVsync=363694583458, Vsync=363694583458, InputEventId=0, HandleInputStart=363699037046, AnimationStart=363699039796, PerformTraversalsStart=363699350213, DrawStart=363699529963, FrameDeadline=363727916790, FrameInterval=363699029963, FrameStartTime=16666666, SyncQueued=363699596546, SyncStart=363746851713, IssueDrawCommandsStart=363748228088, SwapBuffers=363759872255, FrameCompleted=9223372036854775807, DequeueBufferDuration=80000, QueueBufferDuration=3242417, GpuCompleted=9223372036854775807, SwapBuffersCompleted=363766037213, DisplayPresentTime=1424063236997050968,
05-27 11:03:32.062 474 595 D GpioService: mFlickerEnable = true
05-27 11:03:32.077 2136 2136 I SogouIME: onKeyUp: keyoCode=20
05-27 11:03:32.077 2136 2136 I DefaultIMS: onKeyUp: keyoCode=20
05-27 11:03:32.077 3164 3180 I OpenGLRenderer: Davey! duration=9223371673097ms; Flags=0, FrameTimelineVsyncId=12538, IntendedVsync=363744623266, Vsync=363744623266, InputEventId=180782542, HandleInputStart=363759912796, AnimationStart=363759919130, PerformTraversalsStart=363762223630, DrawStart=363762384130, FrameDeadline=363777956598, FrameInterval=363759885880, FrameStartTime=16666666, SyncQueued=363763825671, SyncStart=363776872588, IssueDrawCommandsStart=363778498171, SwapBuffers=363785667421, FrameCompleted=9223372036854775807, DequeueBufferDuration=69792, QueueBufferDuration=7256500, GpuCompleted=9223372036854775807, SwapBuffersCompleted=363793865713, DisplayPresentTime=0,
05-27 11:03:32.080 2136 2136 I DefaultIMS: onStartInput attribute=android.view.inputmethod.EditorInfo@9e01b5 restarting=false inputType: 0
05-27 11:03:32.094 1114 1138 I OpenGLRenderer: Davey! duration=9223371673078ms; Flags=0, FrameTimelineVsyncId=12539, IntendedVsync=363761317316, Vsync=363761317316, InputEventId=0, HandleInputStart=363774079046, AnimationStart=363774081713, PerformTraversalsStart=363774280921, DrawStart=363775027130, FrameDeadline=363794650648, FrameInterval=363774071921, FrameStartTime=16666666, SyncQueued=363775516171, SyncStart=363790791671, IssueDrawCommandsStart=363791917963, SwapBuffers=363804313671, FrameCompleted=9223372036854775807, DequeueBufferDuration=103333, QueueBufferDuration=1709375, GpuCompleted=9223372036854775807, SwapBuffersCompleted=363807388713, DisplayPresentTime=0,
05-27 11:03:32.112 1114 1138 I OpenGLRenderer: Davey! duration=9223371673059ms; Flags=0, FrameTimelineVsyncId=12541, IntendedVsync=363777988536, Vsync=363777988536, InputEventId=0, HandleInputStart=363792274713, AnimationStart=363792278880, PerformTraversalsStart=363792551713, DrawStart=363792708921, FrameDeadline=363811321868, FrameInterval=363792269255, FrameStartTime=16666666, SyncQueued=363792788338, SyncStart=363809643588, IssueDrawCommandsStart=363812000171, SwapBuffers=363824587088, FrameCompleted=9223372036854775807, DequeueBufferDuration=115125, QueueBufferDuration=1232458, GpuCompleted=9223372036854775807, SwapBuffersCompleted=363827309505, DisplayPresentTime=1362152794936573952,
05-27 11:03:32.122 658 658 E WifiHAL : wifi_get_link_stats: requestResponse Error:-5
05-27 11:03:32.125 1114 1699 I OpenGLRenderer: Davey! duration=9223371673047ms; Flags=0, FrameTimelineVsyncId=12543, IntendedVsync=363794654944, Vsync=363811321610, InputEventId=0, HandleInputStart=363813392005, AnimationStart=363813396838, PerformTraversalsStart=363813954505, DrawStart=363815122338, FrameDeadline=363827988276, FrameInterval=363813368880, FrameStartTime=16666666, SyncQueued=363815279630, SyncStart=363827699505, IssueDrawCommandsStart=363829593171, SwapBuffers=363842210296, FrameCompleted=9223372036854775807, DequeueBufferDuration=67333, QueueBufferDuration=1164917, GpuCompleted=9223372036854775807, SwapBuffersCompleted=363844354255, DisplayPresentTime=0,
05-27 11:03:32.126 474 607 E WifiVendorHal: getWifiLinkLayerStats_1_5_Internal(l.1191) failed {.code = ERROR_INVALID_ARGS, .description = }
05-27 11:03:32.126 3164 3180 I OpenGLRenderer: Davey! duration=9223371673056ms; Flags=0, FrameTimelineVsyncId=12543, IntendedVsync=363794654944, Vsync=363794654944, InputEventId=1032834982, HandleInputStart=363808733213, AnimationStart=363808739630, PerformTraversalsStart=363811148796, DrawStart=363811834130, FrameDeadline=363827988276, FrameInterval=363808719421, FrameStartTime=16666666, SyncQueued=363812723046, SyncStart=363816653671, IssueDrawCommandsStart=363819958546, SwapBuffers=363824587796, FrameCompleted=9223372036854775807, DequeueBufferDuration=54875, QueueBufferDuration=1206292, GpuCompleted=9223372036854775807, SwapBuffersCompleted=363826653963, DisplayPresentTime=0,
05-27 11:03:32.137 319 3334 D XM_HIDREAD: poll ret=1, event=1
05-27 11:03:32.137 319 3334 D XM_HIDREAD: [9 bytes]:01 00 00 00 00 00 00 00 00
05-27 11:03:32.137 474 596 D TvWindowManager: key event key = KEYCODE_DPAD_DOWN down = false
05-27 11:03:32.145 1114 1699 I OpenGLRenderer: Davey! duration=9223371673012ms; Flags=0, FrameTimelineVsyncId=12547, IntendedVsync=363827987377, Vsync=363827987377, InputEventId=0, HandleInputStart=363830147213, AnimationStart=363830150171, PerformTraversalsStart=363830624838, DrawStart=363830901338, FrameDeadline=363861320709, FrameInterval=363830136088, FrameStartTime=16666666, SyncQueued=363831017088, SyncStart=363844919755, IssueDrawCommandsStart=363847135255, SwapBuffers=363851812755, FrameCompleted=9223372036854775807, DequeueBufferDuration=67208, QueueBufferDuration=11602500, GpuCompleted=9223372036854775807, SwapBuffersCompleted=363864998171, DisplayPresentTime=0,
05-27 11:03:32.145 3164 3180 I OpenGLRenderer: Davey! duration=9223371673041ms; Flags=0, FrameTimelineVsyncId=12545, IntendedVsync=363811320640, Vsync=363811320640, InputEventId=0, HandleInputStart=363820151921, AnimationStart=363820155671, PerformTraversalsStart=363828902880, DrawStart=363829174130, FrameDeadline=363844653972, FrameInterval=363820142713, FrameStartTime=16666666, SyncQueued=363830820921, SyncStart=363832280796, IssueDrawCommandsStart=363834768171, SwapBuffers=363843410088, FrameCompleted=9223372036854775807, DequeueBufferDuration=4919917, QueueBufferDuration=8982750, GpuCompleted=9223372036854775807, SwapBuffersCompleted=363853999213, DisplayPresentTime=0,
05-27 11:03:32.161 1114 1138 I OpenGLRenderer: Davey! duration=9223371672998ms; Flags=0, FrameTimelineVsyncId=12549, IntendedVsync=363844653194, Vsync=363844653194, InputEventId=0, HandleInputStart=363847674588, AnimationStart=363847677755, PerformTraversalsStart=363853525046, DrawStart=363853762296, FrameDeadline=363877986526, FrameInterval=363847662755, FrameStartTime=16666666, SyncQueued=363853840505, SyncStart=363865502880, IssueDrawCommandsStart=363866922213, SwapBuffers=363870790505, FrameCompleted=9223372036854775807, DequeueBufferDuration=57667, QueueBufferDuration=4921833, GpuCompleted=9223372036854775807, SwapBuffersCompleted=363876418338, DisplayPresentTime=1424068803289108200,
05-27 11:03:32.161 3164 3180 I OpenGLRenderer: Davey! duration=9223371673011ms; Flags=0, FrameTimelineVsyncId=12547, IntendedVsync=363827987377, Vsync=363827987377, InputEventId=0, HandleInputStart=363835470671, AnimationStart=363835475255, PerformTraversalsStart=363838268255, DrawStart=363838399421, FrameDeadline=363861320709, FrameInterval=363835462630, FrameStartTime=16666666, SyncQueued=363838873296, SyncStart=363854146088, IssueDrawCommandsStart=363854918838, SwapBuffers=363857900463, FrameCompleted=9223372036854775807, DequeueBufferDuration=63084, QueueBufferDuration=15927833, GpuCompleted=9223372036854775807, SwapBuffersCompleted=363874598546, DisplayPresentTime=0,
05-27 11:03:32.187 474 595 D GpioService: mFlickerEnable = true
05-27 11:03:32.196 2136 2136 I SogouIME: onKeyDown: keyoCode=20
05-27 11:03:32.196 2136 2136 I DefaultIMS: onKeyDown: keyoCode=20
05-27 11:03:32.209 2136 2136 I SogouIME: onKeyUp: keyoCode=20
05-27 11:03:32.209 2136 2136 I DefaultIMS: onKeyUp: keyoCode=20
05-27 11:03:32.226 2136 2136 I DefaultIMS: onStartInput attribute=android.view.inputmethod.EditorInfo@eca104a restarting=false inputType: 0
05-27 11:03:32.239 319 3334 D XM_HIDREAD: poll ret=1, event=1
05-27 11:03:32.239 319 3334 D XM_HIDREAD: [9 bytes]:01 00 00 51 00 00 00 00 00
05-27 11:03:32.240 474 596 D TvWindowManager: key event key = KEYCODE_DPAD_DOWN down = true
05-27 11:03:32.246 474 595 D GpioService: mFlickerEnable = true
05-27 11:03:32.309 3164 3180 I OpenGLRenderer: Davey! duration=9223371672891ms; Flags=0, FrameTimelineVsyncId=12563, IntendedVsync=363961313126, Vsync=363961313126, InputEventId=0, HandleInputStart=363961949088, AnimationStart=363961954171, PerformTraversalsStart=363971345421, DrawStart=363971453255, FrameDeadline=363994646458, FrameInterval=363961940630, FrameStartTime=16666666, SyncQueued=363972418713, SyncStart=363974846671, IssueDrawCommandsStart=363975519546, SwapBuffers=363988060505, FrameCompleted=9223372036854775807, DequeueBufferDuration=9637792, QueueBufferDuration=495583, GpuCompleted=9223372036854775807, SwapBuffersCompleted=363989087213, DisplayPresentTime=0,
05-27 11:03:32.309 1114 1138 I OpenGLRenderer: Davey! duration=9223371672876ms; Flags=0, FrameTimelineVsyncId=12565, IntendedVsync=363977978347, Vsync=363977978347, InputEventId=0, HandleInputStart=363978678671, AnimationStart=363978682046, PerformTraversalsStart=363979114838, DrawStart=363979379713, FrameDeadline=364011311679, FrameInterval=363978666005, FrameStartTime=16666666, SyncQueued=363979490213, SyncStart=363979798088, IssueDrawCommandsStart=363981419213, SwapBuffers=363987370796, FrameCompleted=9223372036854775807, DequeueBufferDuration=3535000, QueueBufferDuration=2121083, GpuCompleted=9223372036854775807, SwapBuffersCompleted=363990191088, DisplayPresentTime=1362191690477533872,
05-27 11:03:32.326 3164 3180 I OpenGLRenderer: Davey! duration=9223371672868ms; Flags=0, FrameTimelineVsyncId=12565, IntendedVsync=363977978347, Vsync=363977978347, InputEventId=0, HandleInputStart=363978677755, AnimationStart=363978682005, PerformTraversalsStart=363980347005, DrawStart=363980493171, FrameDeadline=364011311679, FrameInterval=363978665546, FrameStartTime=16666666, SyncQueued=363981005713, SyncStart=363989252630, IssueDrawCommandsStart=363990160088, SwapBuffers=364018250213, FrameCompleted=9223372036854775807, DequeueBufferDuration=21858500, QueueBufferDuration=902250, GpuCompleted=9223372036854775807, SwapBuffersCompleted=364025552171, DisplayPresentTime=0,
05-27 11:03:32.328 319 3334 D XM_HIDREAD: poll ret=1, event=1
05-27 11:03:32.328 319 3334 D XM_HIDREAD: [9 bytes]:01 00 00 00 00 00 00 00 00
05-27 11:03:32.329 474 596 D TvWindowManager: key event key = KEYCODE_DPAD_DOWN down = false
05-27 11:03:32.361 1114 1138 I OpenGLRenderer: Davey! duration=9223371672808ms; Flags=0, FrameTimelineVsyncId=12571, IntendedVsync=364027977098, Vsync=364027977098, InputEventId=0, HandleInputStart=364028645755, AnimationStart=364028648921, PerformTraversalsStart=364028933796, DrawStart=364029103005, FrameDeadline=364061310430, FrameInterval=364028637755, FrameStartTime=16666666, SyncQueued=364029205713, SyncStart=364047212880, IssueDrawCommandsStart=364048808588, SwapBuffers=364058249088, FrameCompleted=9223372036854775807, DequeueBufferDuration=4463666, QueueBufferDuration=1353792, GpuCompleted=9223372036854775807, SwapBuffersCompleted=364066308671, DisplayPresentTime=0,
05-27 11:03:32.389 474 595 D GpioService: mFlickerEnable = true
05-27 11:03:32.401 2136 2136 I SogouIME: onKeyDown: keyoCode=20
05-27 11:03:32.401 2136 2136 I DefaultIMS: onKeyDown: keyoCode=20
05-27 11:03:32.418 319 3334 D XM_HIDREAD: poll ret=1, event=1
05-27 11:03:32.418 319 3334 D XM_HIDREAD: [9 bytes]:01 00 00 51 00 00 00 00 00
05-27 11:03:32.420 474 596 D TvWindowManager: key event key = KEYCODE_DPAD_DOWN down = true
05-27 11:03:32.428 474 595 D GpioService: mFlickerEnable = true
05-27 11:03:32.439 2136 2136 I SogouIME: onKeyUp: keyoCode=20
05-27 11:03:32.439 2136 2136 I DefaultIMS: onKeyUp: keyoCode=20
05-27 11:03:32.441 2136 2136 I DefaultIMS: onStartInput attribute=android.view.inputmethod.EditorInfo@3babbb restarting=false inputType: 0
05-27 11:03:32.477 1114 1699 I OpenGLRenderer: Davey! duration=9223371672710ms; Flags=0, FrameTimelineVsyncId=12582, IntendedVsync=364127985791, Vsync=364127985791, InputEventId=0, HandleInputStart=364128554796, AnimationStart=364128557713, PerformTraversalsStart=364128957880, DrawStart=364129259088, FrameDeadline=364161319123, FrameInterval=364128546546, FrameStartTime=16666666, SyncQueued=364129361921, SyncStart=364145841421, IssueDrawCommandsStart=364148910588, SwapBuffers=364164999088, FrameCompleted=9223372036854775807, DequeueBufferDuration=6056041, QueueBufferDuration=1316708, GpuCompleted=9223372036854775807, SwapBuffersCompleted=364171148338, DisplayPresentTime=1424087907303645248,
05-27 11:03:32.480 3164 3180 I OpenGLRenderer: Davey! duration=9223371672713ms; Flags=0, FrameTimelineVsyncId=12582, IntendedVsync=364127985791, Vsync=364127985791, InputEventId=259589980, HandleInputStart=364128747338, AnimationStart=364128749130, PerformTraversalsStart=364130209338, DrawStart=364130318713, FrameDeadline=364161319123, FrameInterval=364128742088, FrameStartTime=16666666, SyncQueued=364130696088, SyncStart=364144480380, IssueDrawCommandsStart=364149139838, SwapBuffers=364158591046, FrameCompleted=9223372036854775807, DequeueBufferDuration=5615166, QueueBufferDuration=3765333, GpuCompleted=9223372036854775807, SwapBuffersCompleted=364163494296, DisplayPresentTime=0,
05-27 11:03:32.495 1114 1138 I OpenGLRenderer: Davey! duration=9223371672689ms; Flags=0, FrameTimelineVsyncId=12584, IntendedVsync=364144652158, Vsync=364144652158, InputEventId=0, HandleInputStart=364149582296, AnimationStart=364149585505, PerformTraversalsStart=364150114713, DrawStart=364150518130, FrameDeadline=364177985490, FrameInterval=364149570713, FrameStartTime=16666666, SyncQueued=364150614130, SyncStart=364171617880, IssueDrawCommandsStart=364172832380, SwapBuffers=364181348296, FrameCompleted=9223372036854775807, DequeueBufferDuration=5738541, QueueBufferDuration=973000, GpuCompleted=9223372036854775807, SwapBuffersCompleted=364182891838, DisplayPresentTime=1362139120077830992,
05-27 11:03:32.502 3164 3180 I OpenGLRenderer: Davey! duration=9223371672709ms; Flags=0, FrameTimelineVsyncId=12584, IntendedVsync=364144652158, Vsync=364144652158, InputEventId=0, HandleInputStart=364152193880, AnimationStart=364152197296, PerformTraversalsStart=364152616796, DrawStart=364159901546, FrameDeadline=364177985490, FrameInterval=364152185546, FrameStartTime=16666666, SyncQueued=364162813046, SyncStart=364163688171, IssueDrawCommandsStart=364164927338, SwapBuffers=364182994880, FrameCompleted=9223372036854775807, DequeueBufferDuration=13731500, QueueBufferDuration=790542, GpuCompleted=9223372036854775807, SwapBuffersCompleted=364184365755, DisplayPresentTime=0,
05-27 11:03:32.508 319 3334 D XM_HIDREAD: poll ret=1, event=1
05-27 11:03:32.508 319 3334 D XM_HIDREAD: [9 bytes]:01 00 00 00 00 00 00 00 00
05-27 11:03:32.509 474 596 D TvWindowManager: key event key = KEYCODE_DPAD_DOWN down = false
05-27 11:03:32.511 3164 3180 I OpenGLRenderer: Davey! duration=9223371672681ms; Flags=0, FrameTimelineVsyncId=12586, IntendedVsync=364161319004, Vsync=364161319004, InputEventId=82101010, HandleInputStart=364170378546, AnimationStart=364170383255, PerformTraversalsStart=364172225963, DrawStart=364172337338, FrameDeadline=364194652336, FrameInterval=364170364088, FrameStartTime=16666666, SyncQueued=364172690338, SyncStart=364184461546, IssueDrawCommandsStart=364185045921, SwapBuffers=364210641255, FrameCompleted=9223372036854775807, DequeueBufferDuration=19299167, QueueBufferDuration=1431042, GpuCompleted=9223372036854775807, SwapBuffersCompleted=364212837463, DisplayPresentTime=0,
05-27 11:03:32.526 1114 1699 I OpenGLRenderer: Davey! duration=9223371672641ms; Flags=0, FrameTimelineVsyncId=12588, IntendedVsync=364177985927, Vsync=364177985927, InputEventId=0, HandleInputStart=364184600046, AnimationStart=364184602505, PerformTraversalsStart=364184794671, DrawStart=364184927796, FrameDeadline=364211319259, FrameInterval=364184595213, FrameStartTime=16666666, SyncQueued=364184988296, SyncStart=364220750755, IssueDrawCommandsStart=364222345671, SwapBuffers=364226316505, FrameCompleted=9223372036854775807, DequeueBufferDuration=35166, QueueBufferDuration=2001458, GpuCompleted=9223372036854775807, SwapBuffersCompleted=364229588796, DisplayPresentTime=0,
05-27 11:03:32.526 3164 3180 I OpenGLRenderer: Davey! duration=9223371672650ms; Flags=0, FrameTimelineVsyncId=12588, IntendedVsync=364177985927, Vsync=364177985927, InputEventId=0, HandleInputStart=364185326130, AnimationStart=364185327880, PerformTraversalsStart=364186032671, DrawStart=364186081546, FrameDeadline=364211319259, FrameInterval=364185323796, FrameStartTime=16666666, SyncQueued=364186291755, SyncStart=364213038505, IssueDrawCommandsStart=364213867630, SwapBuffers=364229265838, FrameCompleted=9223372036854775807, DequeueBufferDuration=7763542, QueueBufferDuration=7424209, GpuCompleted=9223372036854775807, SwapBuffersCompleted=364238225255, DisplayPresentTime=0,
05-27 11:03:32.544 3164 3180 I OpenGLRenderer: Davey! duration=9223371672637ms; Flags=0, FrameTimelineVsyncId=12590, IntendedVsync=364194653104, Vsync=364211319770, InputEventId=0, HandleInputStart=364214323755, AnimationStart=364214326505, PerformTraversalsStart=364215401630, DrawStart=364215510463, FrameDeadline=364227986436, FrameInterval=364214315255, FrameStartTime=16666666, SyncQueued=364215813880, SyncStart=364238405630, IssueDrawCommandsStart=364239370296, SwapBuffers=364242891421, FrameCompleted=9223372036854775807, DequeueBufferDuration=42542, QueueBufferDuration=9683250, GpuCompleted=9223372036854775807, SwapBuffersCompleted=364253718005, DisplayPresentTime=0,
05-27 11:03:32.570 474 595 D GpioService: mFlickerEnable = true
05-27 11:03:32.577 1114 1138 I OpenGLRenderer: Davey! duration=9223371672604ms; Flags=0, FrameTimelineVsyncId=12595, IntendedVsync=364244653507, Vsync=364244653507, InputEventId=0, HandleInputStart=364258608630, AnimationStart=364258613463, PerformTraversalsStart=364259762296, DrawStart=364260514505, FrameDeadline=364277986839, FrameInterval=364258599046, FrameStartTime=16666666, SyncQueued=364261314171, SyncStart=364267365796, IssueDrawCommandsStart=364269449921, SwapBuffers=364282642380, FrameCompleted=9223372036854775807, DequeueBufferDuration=2110625, QueueBufferDuration=1878541, GpuCompleted=9223372036854775807, SwapBuffersCompleted=364286541963, DisplayPresentTime=1424096600317454376,
05-27 11:03:32.577 3164 3180 I OpenGLRenderer: Davey! duration=9223371672597ms; Flags=0, FrameTimelineVsyncId=12595, IntendedVsync=364244653507, Vsync=364244653507, InputEventId=0, HandleInputStart=364255473880, AnimationStart=364255476338, PerformTraversalsStart=364257050005, DrawStart=364257234005, FrameDeadline=364277986839, FrameInterval=364255468088, FrameStartTime=16666666, SyncQueued=364257798921, SyncStart=364270540088, IssueDrawCommandsStart=364271316380, SwapBuffers=364274285338, FrameCompleted=9223372036854775807, DequeueBufferDuration=32209, QueueBufferDuration=790959, GpuCompleted=9223372036854775807, SwapBuffersCompleted=364275886255, DisplayPresentTime=0,
05-27 11:03:32.590 2136 2136 I SogouIME: onKeyDown: keyoCode=20
05-27 11:03:32.590 2136 2136 I DefaultIMS: onKeyDown: keyoCode=20
05-27 11:03:32.598 319 3334 D XM_HIDREAD: poll ret=1, event=1
05-27 11:03:32.598 319 3334 D XM_HIDREAD: [9 bytes]:01 00 00 51 00 00 00 00 00
05-27 11:03:32.598 474 596 D TvWindowManager: key event key = KEYCODE_DPAD_DOWN down = true
05-27 11:03:32.598 3164 3180 I OpenGLRenderer: Davey! duration=9223371672590ms; Flags=0, FrameTimelineVsyncId=12597, IntendedVsync=364261334535, Vsync=364261334535, InputEventId=0, HandleInputStart=364271734088, AnimationStart=364271736588, PerformTraversalsStart=364272933296, DrawStart=364273030338, FrameDeadline=364294667867, FrameInterval=364271728046, FrameStartTime=16666666, SyncQueued=364273312130, SyncStart=364276047921, IssueDrawCommandsStart=364276663796, SwapBuffers=364290283671, FrameCompleted=9223372036854775807, DequeueBufferDuration=11503209, QueueBufferDuration=23509250, GpuCompleted=9223372036854775807, SwapBuffersCompleted=364314552963, DisplayPresentTime=0,
05-27 11:03:32.608 474 595 D GpioService: mFlickerEnable = true
05-27 11:03:32.609 2136 2136 I SogouIME: onKeyUp: keyoCode=20
05-27 11:03:32.609 2136 2136 I DefaultIMS: onKeyUp: keyoCode=20
05-27 11:03:32.610 3164 3180 I OpenGLRenderer: Davey! duration=9223371672544ms; Flags=0, FrameTimelineVsyncId=12599, IntendedVsync=364278001868, Vsync=364278001868, InputEventId=0, HandleInputStart=364278874046, AnimationStart=364278885171, PerformTraversalsStart=364280858046, DrawStart=364281025088, FrameDeadline=364311335200, FrameInterval=364278862838, FrameStartTime=16666666, SyncQueued=364282184296, SyncStart=364314787630, IssueDrawCommandsStart=364315942630, SwapBuffers=364319914755, FrameCompleted=9223372036854775807, DequeueBufferDuration=212209, QueueBufferDuration=5297875, GpuCompleted=9223372036854775807, SwapBuffersCompleted=364326631755, DisplayPresentTime=0,
05-27 11:03:32.622 2136 2136 I DefaultIMS: onStartInput attribute=android.view.inputmethod.EditorInfo@55d48d8 restarting=false inputType: 0
05-27 11:03:32.661 3164 3180 I OpenGLRenderer: Davey! duration=9223371672526ms; Flags=0, FrameTimelineVsyncId=12605, IntendedVsync=364327993167, Vsync=364327993167, InputEventId=521472933, HandleInputStart=364337085213, AnimationStart=364337089171, PerformTraversalsStart=364337982046, DrawStart=364342329088, FrameDeadline=364361326499, FrameInterval=364337075880, FrameStartTime=16666666, SyncQueued=364344745422, SyncStart=364345116880, IssueDrawCommandsStart=364346165380, SwapBuffers=364356488130, FrameCompleted=9223372036854775807, DequeueBufferDuration=54375, QueueBufferDuration=1086292, GpuCompleted=9223372036854775807, SwapBuffersCompleted=364358417255, DisplayPresentTime=0,
05-27 11:03:32.676 3164 3366 I OpenGLRenderer: Davey! duration=9223371672503ms; Flags=0, FrameTimelineVsyncId=12607, IntendedVsync=364344657776, Vsync=364344657776, InputEventId=0, HandleInputStart=364349886630, AnimationStart=364349892713, PerformTraversalsStart=364351075588, DrawStart=364351170380, FrameDeadline=364377991108, FrameInterval=364349877588, FrameStartTime=16666666, SyncQueued=364351581005, SyncStart=364358573005, IssueDrawCommandsStart=364359386755, SwapBuffers=364368672713, FrameCompleted=9223372036854775807, DequeueBufferDuration=3087834, QueueBufferDuration=868500, GpuCompleted=9223372036854775807, SwapBuffersCompleted=364370277755, DisplayPresentTime=0,
05-27 11:03:32.688 319 3334 D XM_HIDREAD: poll ret=1, event=1
05-27 11:03:32.688 319 3334 D XM_HIDREAD: [9 bytes]:01 00 00 00 00 00 00 00 00
05-27 11:03:32.689 474 596 D TvWindowManager: key event key = KEYCODE_DPAD_DOWN down = false
05-27 11:03:32.694 3164 3366 I OpenGLRenderer: Davey! duration=9223371672487ms; Flags=0, FrameTimelineVsyncId=12609, IntendedVsync=364361324788, Vsync=364361324788, InputEventId=0, HandleInputStart=364361974422, AnimationStart=364361980297, PerformTraversalsStart=364363580088, DrawStart=364363720547, FrameDeadline=364394658120, FrameInterval=364361965047, FrameStartTime=16666666, SyncQueued=364364234255, SyncStart=364370386713, IssueDrawCommandsStart=364370975005, SwapBuffers=364394897713, FrameCompleted=9223372036854775807, DequeueBufferDuration=16698584, QueueBufferDuration=1290667, GpuCompleted=9223372036854775807, SwapBuffersCompleted=364397061005, DisplayPresentTime=0,
05-27 11:03:32.750 474 595 D GpioService: mFlickerEnable = true
05-27 11:03:32.752 2136 2136 I SogouIME: onKeyDown: keyoCode=20
05-27 11:03:32.752 2136 2136 I DefaultIMS: onKeyDown: keyoCode=20
05-27 11:03:32.756 2136 2136 I SogouIME: onKeyUp: keyoCode=20
05-27 11:03:32.756 2136 2136 I DefaultIMS: onKeyUp: keyoCode=20
05-27 11:03:32.767 319 3334 D XM_HIDREAD: poll ret=1, event=1
05-27 11:03:32.767 319 3334 D XM_HIDREAD: [9 bytes]:01 00 00 51 00 00 00 00 00
05-27 11:03:32.767 474 596 D TvWindowManager: key event key = KEYCODE_DPAD_DOWN down = true
05-27 11:03:32.769 474 595 D GpioService: mFlickerEnable = true
05-27 11:03:32.778 2136 2136 I DefaultIMS: onStartInput attribute=android.view.inputmethod.EditorInfo@3fa0431 restarting=false inputType: 0
05-27 11:03:32.791 3164 3180 I OpenGLRenderer: Davey! duration=9223371672359ms; Flags=0, FrameTimelineVsyncId=12620, IntendedVsync=364494646280, Vsync=364494646280, InputEventId=1046328517, HandleInputStart=364495484047, AnimationStart=364495490380, PerformTraversalsStart=364495497422, DrawStart=364500714005, FrameDeadline=364511312946, FrameInterval=364495472380, FrameStartTime=16666666, SyncQueued=364502403255, SyncStart=364502562255, IssueDrawCommandsStart=364503315505, SwapBuffers=364507230047, FrameCompleted=9223372036854775807, DequeueBufferDuration=42375, QueueBufferDuration=1008166, GpuCompleted=9223372036854775807, SwapBuffersCompleted=364509169130, DisplayPresentTime=0,
05-27 11:03:32.869 319 3334 D XM_HIDREAD: poll ret=1, event=1
05-27 11:03:32.869 319 3334 D XM_HIDREAD: [9 bytes]:01 00 00 00 00 00 00 00 00
05-27 11:03:32.869 474 596 D TvWindowManager: key event key = KEYCODE_DPAD_DOWN down = false
05-27 11:03:32.896 474 521 W IorapForwardingService: No service published for: iorapd
05-27 11:03:32.918 474 595 D GpioService: mFlickerEnable = true
05-27 11:03:32.920 2136 2136 I SogouIME: onKeyDown: keyoCode=20
05-27 11:03:32.920 2136 2136 I DefaultIMS: onKeyDown: keyoCode=20
05-27 11:03:32.925 2136 2136 I SogouIME: onKeyUp: keyoCode=20
05-27 11:03:32.925 2136 2136 I DefaultIMS: onKeyUp: keyoCode=20
05-27 11:03:32.947 319 3334 D XM_HIDREAD: poll ret=1, event=1
05-27 11:03:32.947 319 3334 D XM_HIDREAD: [9 bytes]:01 00 00 51 00 00 00 00 00
05-27 11:03:32.948 474 596 D TvWindowManager: key event key = KEYCODE_DPAD_DOWN down = true
05-27 11:03:32.949 474 595 D GpioService: mFlickerEnable = true
05-27 11:03:32.949 2136 2136 I DefaultIMS: onStartInput attribute=android.view.inputmethod.EditorInfo@da0e716 restarting=false inputType: 0
05-27 11:03:33.037 319 3334 D XM_HIDREAD: poll ret=1, event=1
05-27 11:03:33.037 319 3334 D XM_HIDREAD: [9 bytes]:01 00 00 00 00 00 00 00 00
05-27 11:03:33.038 474 596 D TvWindowManager: key event key = KEYCODE_DPAD_DOWN down = false
05-27 11:03:33.099 474 595 D GpioService: mFlickerEnable = true
05-27 11:03:33.101 2136 2136 I SogouIME: onKeyDown: keyoCode=20
05-27 11:03:33.101 2136 2136 I DefaultIMS: onKeyDown: keyoCode=20
05-27 11:03:33.105 2136 2136 I SogouIME: onKeyUp: keyoCode=20
05-27 11:03:33.105 2136 2136 I DefaultIMS: onKeyUp: keyoCode=20
