05-27 11:03:40.992 1114 1699 I OpenGLRenderer: Davey! duration=9223371664176ms; Flags=0, FrameTimelineVsyncId=12899, IntendedVsync=372677982746, Vsync=372677982746, InputEventId=0, HandleInputStart=372678742759, AnimationStart=372678748425, PerformTraversalsStart=372679147134, DrawStart=372679871717, FrameDeadline=372711316078, FrameInterval=372678730009, FrameStartTime=16666666, SyncQueued=372680657217, SyncStart=372681284092, IssueDrawCommandsStart=372682704675, SwapBuffers=372696176134, FrameCompleted=9223372036854775807, DequeueBufferDuration=29459, QueueBufferDuration=1549958, GpuCompleted=9223372036854775807, SwapBuffersCompleted=372698551550, DisplayPresentTime=1361509374475894784,
05-27 11:03:41.010 1114 1151 I OpenGLRenderer: Davey! duration=9223371664156ms; Flags=0, FrameTimelineVsyncId=12901, IntendedVsync=372694649412, Vsync=372694649412, InputEventId=0, HandleInputStart=372695227300, AnimationStart=372695232384, PerformTraversalsStart=372695545925, DrawStart=372695756342, FrameDeadline=372727982744, FrameInterval=372695216967, FrameStartTime=16666666, SyncQueued=372695828592, SyncStart=372699222592, IssueDrawCommandsStart=372700820467, SwapBuffers=372710853717, FrameCompleted=9223372036854775807, DequeueBufferDuration=410750, QueueBufferDuration=15585125, GpuCompleted=9223372036854775807, SwapBuffersCompleted=372727481926, DisplayPresentTime=1424031488613231856,
05-27 11:03:41.038 1114 1151 I OpenGLRenderer: Davey! duration=9223371664128ms; Flags=0, FrameTimelineVsyncId=12903, IntendedVsync=372711524748, Vsync=372711524748, InputEventId=0, HandleInputStart=372712228925, AnimationStart=372712234217, PerformTraversalsStart=372712500175, DrawStart=372712678884, FrameDeadline=372744858080, FrameInterval=372712218634, FrameStartTime=16666666, SyncQueued=372712750009, SyncStart=372727901676, IssueDrawCommandsStart=372729491801, SwapBuffers=372739037092, FrameCompleted=9223372036854775807, DequeueBufferDuration=65083, QueueBufferDuration=14440458, GpuCompleted=9223372036854775807, SwapBuffersCompleted=372754304176, DisplayPresentTime=1424033446786760704,
05-27 11:03:41.062 1114 1151 I OpenGLRenderer: Davey! duration=9223371664100ms; Flags=0, FrameTimelineVsyncId=12905, IntendedVsync=372728191414, Vsync=372728191414, InputEventId=0, HandleInputStart=372730720634, AnimationStart=372730724967, PerformTraversalsStart=372731024884, DrawStart=372731891717, FrameDeadline=372761524746, FrameInterval=372730710342, FrameStartTime=16666666, SyncQueued=372733170092, SyncStart=372759115592, IssueDrawCommandsStart=372761087551, SwapBuffers=372770428759, FrameCompleted=9223372036854775807, DequeueBufferDuration=59458, QueueBufferDuration=9807625, GpuCompleted=9223372036854775807, SwapBuffersCompleted=372781125676, DisplayPresentTime=335354504,
05-27 11:03:41.090 1114 1151 I OpenGLRenderer: Davey! duration=9223371664090ms; Flags=0, FrameTimelineVsyncId=12907, IntendedVsync=372744858080, Vsync=372761524746, InputEventId=0, HandleInputStart=372761802217, AnimationStart=372761807259, PerformTraversalsStart=372762205884, DrawStart=372762458634, FrameDeadline=372778191412, FrameInterval=372761790051, FrameStartTime=16666666, SyncQueued=372762551342, SyncStart=372781799176, IssueDrawCommandsStart=372783613342, SwapBuffers=372794166467, FrameCompleted=9223372036854775807, DequeueBufferDuration=63333, QueueBufferDuration=2445792, GpuCompleted=9223372036854775807, SwapBuffersCompleted=372797297926, DisplayPresentTime=1362135718477972432,
05-27 11:03:41.093 2952 3029 D nStackXCoAP: IsInSameNetwork:[276] :IsInSameNetwork exec
05-27 11:03:41.093 2952 3029 I nStackXDFinder: GetLocalInterfaceDetail:[461] :GetLocalInterfaceDetail in
05-27 11:03:41.093 2952 3029 E nStackXCoAP: IsInSameNetwork:[281] :IsInSameNetwork: not priority process
05-27 11:03:41.093 2952 3029 D nStackXCoAP: ParseServiceDiscover:[330] :new device join
05-27 11:03:41.093 2952 3029 E nStackXDFinder: GetLocalIp:[401] :GetLocalIp exec
05-27 11:03:41.103 2952 3029 D nStackXCoAP: CoapMessageHandler:[133] :2.01
05-27 11:03:41.183 658 658 E WifiHAL : wifi_get_link_stats: requestResponse Error:-5
05-27 11:03:41.185 474 607 E WifiVendorHal: getWifiLinkLayerStats_1_5_Internal(l.1191) failed {.code = ERROR_INVALID_ARGS, .description = }
05-27 11:03:41.378 1114 1699 I OpenGLRenderer: Davey! duration=9223371663793ms; Flags=0, FrameTimelineVsyncId=12940, IntendedVsync=373044560466, Vsync=373044560466, InputEventId=0, HandleInputStart=373048796926, AnimationStart=373048800259, PerformTraversalsStart=373049468467, DrawStart=373049651926, FrameDeadline=373077893798, FrameInterval=373048789301, FrameStartTime=16666666, SyncQueued=373049757301, SyncStart=373066861342, IssueDrawCommandsStart=373068110384, SwapBuffers=373079338592, FrameCompleted=9223372036854775807, DequeueBufferDuration=7574292, QueueBufferDuration=1329958, GpuCompleted=9223372036854775807, SwapBuffersCompleted=373085973884, DisplayPresentTime=1423660437798580376,
05-27 11:03:41.594 1114 1699 I OpenGLRenderer: Davey! duration=9223371663575ms; Flags=0, FrameTimelineVsyncId=12966, IntendedVsync=373261315296, Vsync=373261315296, InputEventId=0, HandleInputStart=373261944801, AnimationStart=373261949009, PerformTraversalsStart=373262977342, DrawStart=373263741009, FrameDeadline=373294648628, FrameInterval=373261935217, FrameStartTime=16666666, SyncQueued=373264195884, SyncStart=373282550842, IssueDrawCommandsStart=373283882759, SwapBuffers=373300576884, FrameCompleted=9223372036854775807, DequeueBufferDuration=7354083, QueueBufferDuration=1291583, GpuCompleted=9223372036854775807, SwapBuffersCompleted=373302621092, DisplayPresentTime=1361783599864874016,
05-27 11:03:41.598 2952 3029 D nStackXCoAP: IsInSameNetwork:[276] :IsInSameNetwork exec
05-27 11:03:41.598 2952 3029 I nStackXDFinder: GetLocalInterfaceDetail:[461] :GetLocalInterfaceDetail in
05-27 11:03:41.598 2952 3029 E nStackXCoAP: IsInSameNetwork:[281] :IsInSameNetwork: not priority process
05-27 11:03:41.598 2952 3029 D nStackXCoAP: ParseServiceDiscover:[330] :new device join
05-27 11:03:41.598 2952 3029 E nStackXDFinder: GetLocalIp:[401] :GetLocalIp exec
05-27 11:03:41.611 2952 3029 D nStackXCoAP: CoapMessageHandler:[133] :2.01
05-27 11:03:41.917 474 521 W IorapForwardingService: No service published for: iorapd
05-27 11:03:42.112 2952 3029 D nStackXCoAP: IsInSameNetwork:[276] :IsInSameNetwork exec
05-27 11:03:42.112 2952 3029 I nStackXDFinder: GetLocalInterfaceDetail:[461] :GetLocalInterfaceDetail in
05-27 11:03:42.112 2952 3029 E nStackXCoAP: IsInSameNetwork:[281] :IsInSameNetwork: not priority process
05-27 11:03:42.113 2952 3029 D nStackXCoAP: ParseServiceDiscover:[330] :new device join
05-27 11:03:42.113 2952 3029 E nStackXDFinder: GetLocalIp:[401] :GetLocalIp exec
05-27 11:03:42.134 2952 3029 D nStackXCoAP: CoapMessageHandler:[133] :2.01
05-27 11:03:42.150 319 3334 D XM_HIDREAD: poll ret=1, event=1
05-27 11:03:42.150 319 3334 D XM_HIDREAD: [9 bytes]:01 00 00 29 00 00 00 00 00
05-27 11:03:42.151 474 596 D TvWindowManager: key event key = KEYCODE_BACK down = true
05-27 11:03:42.152 474 595 D GpioService: mFlickerEnable = true
05-27 11:03:42.301 474 595 D GpioService: mFlickerEnable = true
05-27 11:03:42.303 2136 2136 I SogouIME: onKeyDown: keyoCode=4
05-27 11:03:42.303 2136 2136 I DefaultIMS: onKeyDown: keyoCode=4
05-27 11:03:42.318 319 3334 D XM_HIDREAD: poll ret=1, event=1
05-27 11:03:42.318 319 3334 D XM_HIDREAD: [9 bytes]:01 00 00 00 00 00 00 00 00
05-27 11:03:42.318 474 596 D TvWindowManager: key event key = KEYCODE_BACK down = false
05-27 11:03:42.320 474 520 D AutofillManagerService: onBackKeyPressed()
05-27 11:03:42.323 2136 2136 I SogouIME: onKeyUp: keyoCode=4
05-27 11:03:42.323 2136 2136 I DefaultIMS: onKeyUp: keyoCode=4
05-27 11:03:42.334 260 3320 D DisplayConfig: virtual Return vendor::display::config::V1_0::implementation::DisplayConfig::getSupportedModes(int32_t, vendor::display::config::V1_0::IDisplayConfig::getSupportedModes_cb): display[0] ret=0, supported modes count(19)
05-27 11:03:42.335 260 3320 W displayd: xxxxxxx: hdmi user strategy: 255
05-27 11:03:42.335 260 3320 W displayd: xxxxxxx: getHDMINativeMode: use perfect hdmi mode(35) as native mode
05-27 11:03:42.335 1058 1072 D DisplayOutputImpl: getDisplayOutputMode = 35 , 255 , true
05-27 11:03:42.335 1058 1072 D DisplayOutputImpl: updateSupportModes type = 4
05-27 11:03:42.336 260 3320 D DisplayConfig: virtual Return vendor::display::config::V1_0::implementation::DisplayConfig::getSupportedModes(int32_t, vendor::display::config::V1_0::IDisplayConfig::getSupportedModes_cb): display[0] ret=0, supported modes count(19)
05-27 11:03:42.337 260 3320 D DisplayConfig: virtual Return vendor::display::config::V1_0::implementation::DisplayConfig::getSupportedModes(int32_t, vendor::display::config::V1_0::IDisplayConfig::getSupportedModes_cb): display[0] ret=0, supported modes count(19)
05-27 11:03:42.339 260 3320 W displayd: xxxxxxx: hdmi user strategy: 255
05-27 11:03:42.340 260 3320 W displayd: xxxxxxx: getHDMINativeMode: use perfect hdmi mode(35) as native mode
05-27 11:03:42.340 1058 1072 D DisplayOutputImpl: updateSupportModes = 35 , 255 , true
05-27 11:03:42.345 1058 1072 E ccc : cccccc ColorHelper current get AUTO
05-27 11:03:42.404 3164 3180 I OpenGLRenderer: Davey! duration=9223371662793ms; Flags=0, FrameTimelineVsyncId=12972, IntendedVsync=374061310812, Vsync=374077977478, InputEventId=516277366, HandleInputStart=374086167426, AnimationStart=374086174009, PerformTraversalsStart=374086197384, DrawStart=374096652384, FrameDeadline=374077977478, FrameInterval=374086154676, FrameStartTime=16666666, SyncQueued=374099561551, SyncStart=374099775593, IssueDrawCommandsStart=374101143509, SwapBuffers=374105706218, FrameCompleted=9223372036854775807, DequeueBufferDuration=47500, QueueBufferDuration=1196125, GpuCompleted=9223372036854775807, SwapBuffersCompleted=374107939551, DisplayPresentTime=0,
05-27 11:03:42.626 2952 3029 D nStackXCoAP: IsInSameNetwork:[276] :IsInSameNetwork exec
05-27 11:03:42.626 2952 3029 I nStackXDFinder: GetLocalInterfaceDetail:[461] :GetLocalInterfaceDetail in
05-27 11:03:42.627 2952 3029 E nStackXCoAP: IsInSameNetwork:[281] :IsInSameNetwork: not priority process
05-27 11:03:42.627 2952 3029 D nStackXCoAP: ParseServiceDiscover:[330] :new device join
05-27 11:03:42.627 2952 3029 E nStackXDFinder: GetLocalIp:[401] :GetLocalIp exec
05-27 11:03:42.653 2952 3029 D nStackXCoAP: CoapMessageHandler:[133] :2.01
05-27 11:03:42.920 474 521 W IorapForwardingService: No service published for: iorapd
05-27 11:03:43.050 2952 3029 D nStackXCoAP: IsInSameNetwork:[276] :IsInSameNetwork exec
05-27 11:03:43.050 2952 3029 I nStackXDFinder: GetLocalInterfaceDetail:[461] :GetLocalInterfaceDetail in
05-27 11:03:43.050 2952 3029 E nStackXCoAP: IsInSameNetwork:[281] :IsInSameNetwork: not priority process
05-27 11:03:43.050 2952 3029 D nStackXCoAP: ParseServiceDiscover:[330] :new device join
05-27 11:03:43.050 2952 3029 E nStackXDFinder: GetLocalIp:[401] :GetLocalIp exec
05-27 11:03:43.056 2952 3029 D nStackXCoAP: CoapMessageHandler:[133] :2.01
05-27 11:03:43.173 319 3334 D XM_HIDREAD: poll ret=1, event=1
05-27 11:03:43.173 319 3334 D XM_HIDREAD: [9 bytes]:01 00 00 28 00 00 00 00 00
05-27 11:03:43.173 474 596 D TvWindowManager: key event key = KEYCODE_DPAD_CENTER down = true
05-27 11:03:43.175 474 595 D GpioService: mFlickerEnable = true
05-27 11:03:43.274 319 3334 D XM_HIDREAD: poll ret=1, event=1
05-27 11:03:43.274 319 3334 D XM_HIDREAD: [9 bytes]:01 00 00 00 00 00 00 00 00
05-27 11:03:43.275 474 596 D TvWindowManager: key event key = KEYCODE_DPAD_CENTER down = false
05-27 11:03:43.323 474 595 D GpioService: mFlickerEnable = true
05-27 11:03:43.326 2136 2136 I SogouIME: onKeyDown: keyoCode=23
05-27 11:03:43.326 2136 2136 I DefaultIMS: onKeyDown: keyoCode=23
05-27 11:03:43.330 2136 2136 I SogouIME: onKeyUp: keyoCode=23
05-27 11:03:43.330 2136 2136 I DefaultIMS: onKeyUp: keyoCode=23
05-27 11:03:43.348 1058 1072 D DisplayOutputImpl: updateSupportModes type = 4
05-27 11:03:43.350 260 3320 D DisplayConfig: virtual Return vendor::display::config::V1_0::implementation::DisplayConfig::getSupportedModes(int32_t, vendor::display::config::V1_0::IDisplayConfig::getSupportedModes_cb): display[0] ret=0, supported modes count(19)
05-27 11:03:43.352 260 3320 D DisplayConfig: virtual Return vendor::display::config::V1_0::implementation::DisplayConfig::getSupportedModes(int32_t, vendor::display::config::V1_0::IDisplayConfig::getSupportedModes_cb): display[0] ret=0, supported modes count(19)
05-27 11:03:43.352 260 3320 D DisplayConfig: virtual Return vendor::display::config::V1_0::implementation::DisplayConfig::getSupportedModes(int32_t, vendor::display::config::V1_0::IDisplayConfig::getSupportedModes_cb): display[0] ret=0, supported modes count(19)
05-27 11:03:43.354 260 260 W displayd: xxxxxxx: hdmi user strategy: 255
05-27 11:03:43.354 260 260 W displayd: xxxxxxx: hdmi user strategy: 255
05-27 11:03:43.354 260 260 W displayd: xxxxxxx: getHDMINativeMode: use perfect hdmi mode(35) as native mode
05-27 11:03:43.355 1058 1071 D DisplayOutputImpl: getDisplayOutputMode = 35 , 255 , true
05-27 11:03:43.355 260 260 W displayd: xxxxxxx: getHDMINativeMode: use perfect hdmi mode(35) as native mode
05-27 11:03:43.355 1058 1071 D DisplayOutputImpl: updateSupportModes type = 4
05-27 11:03:43.355 1058 1072 D DisplayOutputImpl: updateSupportModes = 35 , 255 , true
05-27 11:03:43.356 260 260 D DisplayConfig: virtual Return vendor::display::config::V1_0::implementation::DisplayConfig::getSupportedModes(int32_t, vendor::display::config::V1_0::IDisplayConfig::getSupportedModes_cb): display[0] ret=0, supported modes count(19)
05-27 11:03:43.357 260 260 D DisplayConfig: virtual Return vendor::display::config::V1_0::implementation::DisplayConfig::getSupportedModes(int32_t, vendor::display::config::V1_0::IDisplayConfig::getSupportedModes_cb): display[0] ret=0, supported modes count(19)
05-27 11:03:43.359 260 260 W displayd: xxxxxxx: hdmi user strategy: 255
05-27 11:03:43.359 260 260 W displayd: xxxxxxx: getHDMINativeMode: use perfect hdmi mode(35) as native mode
05-27 11:03:43.360 1058 1071 D DisplayOutputImpl: updateSupportModes = 35 , 255 , true
05-27 11:03:43.377 2136 2136 I DefaultIMS: onStartInput attribute=android.view.inputmethod.EditorInfo@38cb38f restarting=false inputType: 0
05-27 11:03:43.382 260 260 D DisplayConfig: virtual Return vendor::display::config::V1_0::implementation::DisplayConfig::getSupportedModes(int32_t, vendor::display::config::V1_0::IDisplayConfig::getSupportedModes_cb): display[0] ret=0, supported modes count(19)
05-27 11:03:43.384 260 260 W displayd: xxxxxxx: hdmi user strategy: 255
05-27 11:03:43.384 260 260 W displayd: xxxxxxx: getHDMINativeMode: use perfect hdmi mode(35) as native mode
05-27 11:03:43.385 1058 1072 D DisplayOutputImpl: getDisplayOutputMode = 35 , 255 , true
05-27 11:03:43.385 1058 1072 D DisplayOutputImpl: updateSupportModes type = 4
05-27 11:03:43.386 260 260 D DisplayConfig: virtual Return vendor::display::config::V1_0::implementation::DisplayConfig::getSupportedModes(int32_t, vendor::display::config::V1_0::IDisplayConfig::getSupportedModes_cb): display[0] ret=0, supported modes count(19)
05-27 11:03:43.387 260 260 D DisplayConfig: virtual Return vendor::display::config::V1_0::implementation::DisplayConfig::getSupportedModes(int32_t, vendor::display::config::V1_0::IDisplayConfig::getSupportedModes_cb): display[0] ret=0, supported modes count(19)
05-27 11:03:43.388 260 260 W displayd: xxxxxxx: hdmi user strategy: 255
05-27 11:03:43.388 260 260 W displayd: xxxxxxx: getHDMINativeMode: use perfect hdmi mode(35) as native mode
05-27 11:03:43.389 1058 1072 D DisplayOutputImpl: updateSupportModes = 35 , 255 , true
05-27 11:03:43.489 2136 2136 I DefaultIMS: onStartInput attribute=android.view.inputmethod.EditorInfo@138361c restarting=false inputType: 0
05-27 11:03:43.542 3164 3366 I OpenGLRenderer: Davey! duration=9223371661709ms; Flags=0, FrameTimelineVsyncId=12983, IntendedVsync=375144857330, Vsync=375211523994, InputEventId=0, HandleInputStart=375217187093, AnimationStart=375217193177, PerformTraversalsStart=375236387718, DrawStart=375236506218, FrameDeadline=375178190662, FrameInterval=375217173760, FrameStartTime=16666666, SyncQueued=375242502093, SyncStart=375242696218, IssueDrawCommandsStart=375243788885, SwapBuffers=375252336802, FrameCompleted=9223372036854775807, DequeueBufferDuration=51625, QueueBufferDuration=854708, GpuCompleted=9223372036854775807, SwapBuffersCompleted=375253841843, DisplayPresentTime=0,
05-27 11:03:43.547 2952 3029 D nStackXCoAP: IsInSameNetwork:[276] :IsInSameNetwork exec
05-27 11:03:43.547 2952 3029 I nStackXDFinder: GetLocalInterfaceDetail:[461] :GetLocalInterfaceDetail in
05-27 11:03:43.547 2952 3029 E nStackXCoAP: IsInSameNetwork:[281] :IsInSameNetwork: not priority process
05-27 11:03:43.547 2952 3029 D nStackXCoAP: ParseServiceDiscover:[330] :new device join
05-27 11:03:43.547 2952 3029 E nStackXDFinder: GetLocalIp:[401] :GetLocalIp exec
05-27 11:03:43.558 2952 3029 D nStackXCoAP: CoapMessageHandler:[133] :2.01
05-27 11:03:43.558 3164 3366 I OpenGLRenderer: Davey! duration=9223371661593ms; Flags=0, FrameTimelineVsyncId=12987, IntendedVsync=375261511973, Vsync=375261511973, InputEventId=0, HandleInputStart=375262235135, AnimationStart=375262241718, PerformTraversalsStart=375262512552, DrawStart=375262622968, FrameDeadline=375294845305, FrameInterval=375262224385, FrameStartTime=16666666, SyncQueued=375262949760, SyncStart=375263094843, IssueDrawCommandsStart=375263991052, SwapBuffers=375269349385, FrameCompleted=9223372036854775807, DequeueBufferDuration=42375, QueueBufferDuration=984041, GpuCompleted=9223372036854775807, SwapBuffersCompleted=375271227843, DisplayPresentTime=0,
05-27 11:03:43.922 474 521 W IorapForwardingService: No service published for: iorapd
05-27 11:03:43.950 319 3334 D XM_HIDREAD: poll ret=1, event=1
05-27 11:03:43.950 319 3334 D XM_HIDREAD: [9 bytes]:01 00 00 51 00 00 00 00 00
05-27 11:03:43.950 474 596 D TvWindowManager: key event key = KEYCODE_DPAD_DOWN down = true
05-27 11:03:43.952 474 595 D GpioService: mFlickerEnable = true
05-27 11:03:43.992 1114 1699 I OpenGLRenderer: Davey! duration=9223371661176ms; Flags=0, FrameTimelineVsyncId=12991, IntendedVsync=375677488155, Vsync=375677488155, InputEventId=0, HandleInputStart=375678049427, AnimationStart=375678055760, PerformTraversalsStart=375678342385, DrawStart=375679570760, FrameDeadline=375710821487, FrameInterval=375678037844, FrameStartTime=16666666, SyncQueued=375681360635, SyncStart=375681775302, IssueDrawCommandsStart=375683190969, SwapBuffers=375705591760, FrameCompleted=9223372036854775807, DequeueBufferDuration=56750, QueueBufferDuration=1488167, GpuCompleted=9223372036854775807, SwapBuffersCompleted=375708547510, DisplayPresentTime=1362122042970734592,
05-27 11:03:44.024 1114 1699 I OpenGLRenderer: Davey! duration=9223371661148ms; Flags=0, FrameTimelineVsyncId=12992, IntendedVsync=375694135728, Vsync=375694135728, InputEventId=0, HandleInputStart=375694892802, AnimationStart=375694899510, PerformTraversalsStart=375695262260, DrawStart=375696274969, FrameDeadline=375727469060, FrameInterval=375694882094, FrameStartTime=16666666, SyncQueued=375697089844, SyncStart=375709027969, IssueDrawCommandsStart=375710724135, SwapBuffers=375732658302, FrameCompleted=9223372036854775807, DequeueBufferDuration=52375, QueueBufferDuration=1846917, GpuCompleted=9223372036854775807, SwapBuffersCompleted=375736274760, DisplayPresentTime=1361786966802169856,
05-27 11:03:44.040 1114 1699 I OpenGLRenderer: Davey! duration=9223371661119ms; Flags=0, FrameTimelineVsyncId=12994, IntendedVsync=375710783301, Vsync=375710783301, InputEventId=0, HandleInputStart=375711542635, AnimationStart=375711546427, PerformTraversalsStart=375711936760, DrawStart=375712375969, FrameDeadline=375744116633, FrameInterval=375711533302, FrameStartTime=16666666, SyncQueued=375712491510, SyncStart=375736725427, IssueDrawCommandsStart=375738043885, SwapBuffers=375748627677, FrameCompleted=9223372036854775807, DequeueBufferDuration=48500, QueueBufferDuration=4680500, GpuCompleted=9223372036854775807, SwapBuffersCompleted=375754738635, DisplayPresentTime=1424075056761492632,
05-27 11:03:44.066 1114 1699 I OpenGLRenderer: Davey! duration=9223371661111ms; Flags=0, FrameTimelineVsyncId=12995, IntendedVsync=375727444759, Vsync=375727444759, InputEventId=0, HandleInputStart=375738540844, AnimationStart=375738546469, PerformTraversalsStart=375738988760, DrawStart=375739237552, FrameDeadline=375760778091, FrameInterval=375738532219, FrameStartTime=16666666, SyncQueued=375739327635, SyncStart=375755190719, IssueDrawCommandsStart=375756790010, SwapBuffers=375768617010, FrameCompleted=9223372036854775807, DequeueBufferDuration=62208, QueueBufferDuration=12362917, GpuCompleted=9223372036854775807, SwapBuffersCompleted=375782126635, DisplayPresentTime=1424075915423383552,
05-27 11:03:44.073 319 3334 D XM_HIDREAD: poll ret=1, event=1
05-27 11:03:44.073 319 3334 D XM_HIDREAD: [9 bytes]:01 00 00 00 00 00 00 00 00
05-27 11:03:44.073 474 596 D TvWindowManager: key event key = KEYCODE_DPAD_DOWN down = false
05-27 11:03:44.093 1114 1699 I OpenGLRenderer: Davey! duration=9223371661081ms; Flags=0, FrameTimelineVsyncId=12997, IntendedVsync=375744092685, Vsync=375744092685, InputEventId=0, HandleInputStart=375757292927, AnimationStart=375757297635, PerformTraversalsStart=375757803594, DrawStart=375758038719, FrameDeadline=375777426017, FrameInterval=375757282344, FrameStartTime=16666666, SyncQueued=375758126427, SyncStart=375787566927, IssueDrawCommandsStart=375789131135, SwapBuffers=375794181427, FrameCompleted=9223372036854775807, DequeueBufferDuration=62250, QueueBufferDuration=13434500, GpuCompleted=9223372036854775807, SwapBuffersCompleted=375808827552, DisplayPresentTime=1362191690477533872,
05-27 11:03:44.101 474 595 D GpioService: mFlickerEnable = true
05-27 11:03:44.104 2136 2136 I SogouIME: onKeyDown: keyoCode=20
05-27 11:03:44.104 2136 2136 I DefaultIMS: onKeyDown: keyoCode=20
05-27 11:03:44.110 2136 2136 I SogouIME: onKeyUp: keyoCode=20
05-27 11:03:44.110 2136 2136 I DefaultIMS: onKeyUp: keyoCode=20
05-27 11:03:44.125 1114 1699 I OpenGLRenderer: Davey! duration=9223371661079ms; Flags=0, FrameTimelineVsyncId=12999, IntendedVsync=375761222462, Vsync=375777889128, InputEventId=0, HandleInputStart=375792441594, AnimationStart=375792445844, PerformTraversalsStart=375792635427, DrawStart=375793361469, FrameDeadline=375794555794, FrameInterval=375792421677, FrameStartTime=16666666, SyncQueued=375795267969, SyncStart=375809144552, IssueDrawCommandsStart=375810397719, SwapBuffers=375823591427, FrameCompleted=9223372036854775807, DequeueBufferDuration=39667, QueueBufferDuration=1944375, GpuCompleted=9223372036854775807, SwapBuffersCompleted=375830923302, DisplayPresentTime=1424078286579591464,
05-27 11:03:44.132 2136 2136 I DefaultIMS: onStartInput attribute=android.view.inputmethod.EditorInfo@b13c225 restarting=false inputType: 0
05-27 11:03:44.143 1114 1138 I OpenGLRenderer: Davey! duration=9223371661040ms; Flags=0, FrameTimelineVsyncId=13002, IntendedVsync=375794595917, Vsync=375794595917, InputEventId=0, HandleInputStart=375810740385, AnimationStart=375810743219, PerformTraversalsStart=375811145552, DrawStart=375811390010, FrameDeadline=375827929249, FrameInterval=375810734302, FrameStartTime=16666666, SyncQueued=375811618052, SyncStart=375831342469, IssueDrawCommandsStart=375832806427, SwapBuffers=375840747594, FrameCompleted=9223372036854775807, DequeueBufferDuration=48500, QueueBufferDuration=14612708, GpuCompleted=9223372036854775807, SwapBuffersCompleted=375856435094, DisplayPresentTime=1361614412513094376,
05-27 11:03:44.159 1114 1138 I OpenGLRenderer: Davey! duration=9223371661020ms; Flags=0, FrameTimelineVsyncId=13004, IntendedVsync=375811257389, Vsync=375827924055, InputEventId=0, HandleInputStart=375833099219, AnimationStart=375833101802, PerformTraversalsStart=375833471344, DrawStart=375833794719, FrameDeadline=375844590721, FrameInterval=375833090427, FrameStartTime=16666666, SyncQueued=375833881385, SyncStart=375856870510, IssueDrawCommandsStart=375858225719, SwapBuffers=375871690969, FrameCompleted=9223372036854775807, DequeueBufferDuration=89500, QueueBufferDuration=5300541, GpuCompleted=9223372036854775807, SwapBuffersCompleted=375878082594, DisplayPresentTime=0,
05-27 11:03:44.160 3164 3366 I OpenGLRenderer: Davey! duration=9223371661010ms; Flags=0, FrameTimelineVsyncId=13007, IntendedVsync=375844605343, Vsync=375844605343, InputEventId=271894194, HandleInputStart=375845360385, AnimationStart=375845366635, PerformTraversalsStart=375845445594, DrawStart=375853518177, FrameDeadline=375877938675, FrameInterval=375845349635, FrameStartTime=16666666, SyncQueued=375854902344, SyncStart=375855059469, IssueDrawCommandsStart=375855824469, SwapBuffers=375862125802, FrameCompleted=9223372036854775807, DequeueBufferDuration=41084, QueueBufferDuration=1662667, GpuCompleted=9223372036854775807, SwapBuffersCompleted=375866950427, DisplayPresentTime=0,
05-27 11:03:44.180 1114 1138 I OpenGLRenderer: Davey! duration=9223371660991ms; Flags=0, FrameTimelineVsyncId=13007, IntendedVsync=375844605343, Vsync=375844605343, InputEventId=0, HandleInputStart=375858813344, AnimationStart=375858816427, PerformTraversalsStart=375859254594, DrawStart=375859463385, FrameDeadline=375877938675, FrameInterval=375858803760, FrameStartTime=16666666, SyncQueued=375859557094, SyncStart=375878676760, IssueDrawCommandsStart=375880329552, SwapBuffers=375886140719, FrameCompleted=9223372036854775807, DequeueBufferDuration=58959, QueueBufferDuration=11203084, GpuCompleted=9223372036854775807, SwapBuffersCompleted=375898981760, DisplayPresentTime=1361948526291976192,
05-27 11:03:44.186 319 3334 D XM_HIDREAD: poll ret=1, event=1
05-27 11:03:44.186 319 3334 D XM_HIDREAD: [9 bytes]:01 00 00 51 00 00 00 00 00
05-27 11:03:44.186 474 596 D TvWindowManager: key event key = KEYCODE_DPAD_DOWN down = true
05-27 11:03:44.188 474 595 D GpioService: mFlickerEnable = true
05-27 11:03:44.202 658 658 E WifiHAL : wifi_get_link_stats: requestResponse Error:-5
05-27 11:03:44.207 474 607 E WifiVendorHal: getWifiLinkLayerStats_1_5_Internal(l.1191) failed {.code = ERROR_INVALID_ARGS, .description = }
05-27 11:03:44.253 319 3334 D XM_HIDREAD: poll ret=1, event=1
05-27 11:03:44.253 319 3334 D XM_HIDREAD: [9 bytes]:01 00 00 00 00 00 00 00 00
05-27 11:03:44.254 474 596 D TvWindowManager: key event key = KEYCODE_DPAD_DOWN down = false
05-27 11:03:44.336 474 595 D GpioService: mFlickerEnable = true
05-27 11:03:44.341 2136 2136 I SogouIME: onKeyDown: keyoCode=20
05-27 11:03:44.342 2136 2136 I DefaultIMS: onKeyDown: keyoCode=20
05-27 11:03:44.343 1114 1699 I OpenGLRenderer: Davey! duration=9223371660829ms; Flags=0, FrameTimelineVsyncId=13026, IntendedVsync=376011275265, Vsync=376011275265, InputEventId=0, HandleInputStart=376021728010, AnimationStart=376021730052, PerformTraversalsStart=376022246552, DrawStart=376022441469, FrameDeadline=376044608597, FrameInterval=376021722719, FrameStartTime=16666666, SyncQueued=376022520010, SyncStart=376036969344, IssueDrawCommandsStart=376038325052, SwapBuffers=376046443427, FrameCompleted=9223372036854775807, DequeueBufferDuration=3410000, QueueBufferDuration=1886458, GpuCompleted=9223372036854775807, SwapBuffersCompleted=376054907385, DisplayPresentTime=0,
05-27 11:03:44.347 2136 2136 I SogouIME: onKeyUp: keyoCode=20
05-27 11:03:44.347 2136 2136 I DefaultIMS: onKeyUp: keyoCode=20
05-27 11:03:44.367 2136 2136 I DefaultIMS: onStartInput attribute=android.view.inputmethod.EditorInfo@a2f1ffa restarting=false inputType: 0
05-27 11:03:44.377 319 3334 D XM_HIDREAD: poll ret=1, event=1
05-27 11:03:44.377 319 3334 D XM_HIDREAD: [9 bytes]:01 00 00 51 00 00 00 00 00
05-27 11:03:44.377 474 596 D TvWindowManager: key event key = KEYCODE_DPAD_DOWN down = true
05-27 11:03:44.379 474 595 D GpioService: mFlickerEnable = true
05-27 11:03:44.393 3164 3366 I OpenGLRenderer: Davey! duration=9223371660776ms; Flags=0, FrameTimelineVsyncId=13034, IntendedVsync=376077966001, Vsync=376077966001, InputEventId=715052973, HandleInputStart=376078672844, AnimationStart=376078676885, PerformTraversalsStart=376078682135, DrawStart=376084963385, FrameDeadline=376111299333, FrameInterval=376078660719, FrameStartTime=16666666, SyncQueued=376088885135, SyncStart=376089114010, IssueDrawCommandsStart=376090152802, SwapBuffers=376100813927, FrameCompleted=9223372036854775807, DequeueBufferDuration=135583, QueueBufferDuration=799125, GpuCompleted=9223372036854775807, SwapBuffersCompleted=376102308052, DisplayPresentTime=0,
05-27 11:03:44.393 1114 1138 I OpenGLRenderer: Davey! duration=9223371660786ms; Flags=0, FrameTimelineVsyncId=13032, IntendedVsync=376061300636, Vsync=376061300636, InputEventId=0, HandleInputStart=376076492510, AnimationStart=376076495594, PerformTraversalsStart=376076785260, DrawStart=376076937969, FrameDeadline=376094633968, FrameInterval=376076486885, FrameStartTime=16666666, SyncQueued=376076999344, SyncStart=376083780844, IssueDrawCommandsStart=376085107552, SwapBuffers=376091399302, FrameCompleted=9223372036854775807, DequeueBufferDuration=1614958, QueueBufferDuration=1291167, GpuCompleted=9223372036854775807, SwapBuffersCompleted=376101107844, DisplayPresentTime=1423966617412635664,
05-27 11:03:44.445 319 3334 D XM_HIDREAD: poll ret=1, event=1
05-27 11:03:44.445 319 3334 D XM_HIDREAD: [9 bytes]:01 00 00 00 00 00 00 00 00
05-27 11:03:44.446 474 596 D TvWindowManager: key event key = KEYCODE_DPAD_DOWN down = false
05-27 11:03:44.447 1114 1151 I OpenGLRenderer: Davey! duration=9223371660738ms; Flags=0, FrameTimelineVsyncId=13036, IntendedVsync=376094649558, Vsync=376094649558, InputEventId=0, HandleInputStart=376102880760, AnimationStart=376102882927, PerformTraversalsStart=376103101844, DrawStart=376103262760, FrameDeadline=376127982890, FrameInterval=376102875760, FrameStartTime=16666666, SyncQueued=376103332510, SyncStart=376124573052, IssueDrawCommandsStart=376125641260, SwapBuffers=376129588469, FrameCompleted=9223372036854775807, DequeueBufferDuration=50000, QueueBufferDuration=1287583, GpuCompleted=9223372036854775807, SwapBuffersCompleted=376137856552, DisplayPresentTime=1361566240160024944,
05-27 11:03:44.464 1114 1151 I OpenGLRenderer: Davey! duration=9223371660732ms; Flags=0, FrameTimelineVsyncId=13038, IntendedVsync=376111316460, Vsync=376111316460, InputEventId=0, HandleInputStart=376126206427, AnimationStart=376126209260, PerformTraversalsStart=376126751802, DrawStart=376126937760, FrameDeadline=376144649792, FrameInterval=376126199594, FrameStartTime=16666666, SyncQueued=376126995385, SyncStart=376138147344, IssueDrawCommandsStart=376139264177, SwapBuffers=376150443635, FrameCompleted=9223372036854775807, DequeueBufferDuration=7081250, QueueBufferDuration=1790667, GpuCompleted=9223372036854775807, SwapBuffersCompleted=376158519094, DisplayPresentTime=1361595411577749248,
05-27 11:03:44.494 1114 1699 I OpenGLRenderer: Davey! duration=9223371660688ms; Flags=0, FrameTimelineVsyncId=13042, IntendedVsync=376144650129, Vsync=376144650129, InputEventId=0, HandleInputStart=376159976510, AnimationStart=376159979385, PerformTraversalsStart=376160249219, DrawStart=376160738885, FrameDeadline=376177983461, FrameInterval=376159971010, FrameStartTime=16666666, SyncQueued=376160807385, SyncStart=376182415927, IssueDrawCommandsStart=376183515427, SwapBuffers=376194636885, FrameCompleted=9223372036854775807, DequeueBufferDuration=7200292, QueueBufferDuration=2453209, GpuCompleted=9223372036854775807, SwapBuffersCompleted=376203316510, DisplayPresentTime=1362159254567387136,
05-27 11:03:44.528 474 595 D GpioService: mFlickerEnable = true
05-27 11:03:44.530 2136 2136 I SogouIME: onKeyDown: keyoCode=20
05-27 11:03:44.530 2136 2136 I DefaultIMS: onKeyDown: keyoCode=20
05-27 11:03:44.534 2136 2136 I SogouIME: onKeyUp: keyoCode=20
05-27 11:03:44.534 2136 2136 I DefaultIMS: onKeyUp: keyoCode=20
05-27 11:03:44.548 2136 2136 I DefaultIMS: onStartInput attribute=android.view.inputmethod.EditorInfo@72af9ab restarting=false inputType: 0
05-27 11:03:44.577 1114 1151 I OpenGLRenderer: Davey! duration=9223371660589ms; Flags=0, FrameTimelineVsyncId=13053, IntendedVsync=376244650164, Vsync=376244650164, InputEventId=0, HandleInputStart=376245560886, AnimationStart=376245563761, PerformTraversalsStart=376245905719, DrawStart=376246082094, FrameDeadline=376277983496, FrameInterval=376245554344, FrameStartTime=16666666, SyncQueued=376246194802, SyncStart=376266974886, IssueDrawCommandsStart=376268227761, SwapBuffers=376287944719, FrameCompleted=9223372036854775807, DequeueBufferDuration=8686292, QueueBufferDuration=1210750, GpuCompleted=9223372036854775807, SwapBuffersCompleted=376290032344, DisplayPresentTime=1424121717286103432,
05-27 11:03:44.577 3164 3366 I OpenGLRenderer: Davey! duration=9223371660593ms; Flags=0, FrameTimelineVsyncId=13055, IntendedVsync=376261316471, Vsync=376261316471, InputEventId=473329578, HandleInputStart=376261810761, AnimationStart=376261816677, PerformTraversalsStart=376261823802, DrawStart=376267249761, FrameDeadline=376294649803, FrameInterval=376261801886, FrameStartTime=16666666, SyncQueued=376268875094, SyncStart=376269032844, IssueDrawCommandsStart=376269917177, SwapBuffers=376279624344, FrameCompleted=9223372036854775807, DequeueBufferDuration=45583, QueueBufferDuration=1702416, GpuCompleted=9223372036854775807, SwapBuffersCompleted=376286674011, DisplayPresentTime=0,
05-27 11:03:44.596 1114 1151 I OpenGLRenderer: Davey! duration=9223371660572ms; Flags=0, FrameTimelineVsyncId=13055, IntendedVsync=376261316471, Vsync=376261316471, InputEventId=0, HandleInputStart=376268638927, AnimationStart=376268641302, PerformTraversalsStart=376268950427, DrawStart=376269112011, FrameDeadline=376294649803, FrameInterval=376268632594, FrameStartTime=16666666, SyncQueued=376269183219, SyncStart=376290346469, IssueDrawCommandsStart=376291428094, SwapBuffers=376301121344, FrameCompleted=9223372036854775807, DequeueBufferDuration=4619875, QueueBufferDuration=10312041, GpuCompleted=9223372036854775807, SwapBuffersCompleted=376312402094, DisplayPresentTime=1362152451656326584,
05-27 11:03:44.624 1114 1151 I OpenGLRenderer: Davey! duration=9223371660558ms; Flags=0, FrameTimelineVsyncId=13057, IntendedVsync=376277983577, Vsync=376277983577, InputEventId=0, HandleInputStart=376291798886, AnimationStart=376291802594, PerformTraversalsStart=376292741386, DrawStart=376293672136, FrameDeadline=376311316909, FrameInterval=376291792427, FrameStartTime=16666666, SyncQueued=376294195552, SyncStart=376312743094, IssueDrawCommandsStart=376315453511, SwapBuffers=376326516427, FrameCompleted=9223372036854775807, DequeueBufferDuration=63125, QueueBufferDuration=1400250, GpuCompleted=9223372036854775807, SwapBuffersCompleted=376329012594, DisplayPresentTime=1361954195965967120,
05-27 11:03:44.924 474 521 W IorapForwardingService: No service published for: iorapd
05-27 11:03:45.313 2184 2259 D UtilLog : 日志批量上报 进行正常循环 !!!!!!本次有0次请求,共0条数据
05-27 11:03:45.688 1128 1128 D aaa : LedStatusService onStartCommand begin
05-27 11:03:45.691 1188 1188 D bbb : onStartCommand begin !!!!!!! data分区剩余 24846MB
05-27 11:03:45.706 1128 3596 D aaa : topPkg is -------------- :com.dangbei.haqusetting
05-27 11:03:45.835 474 492 I system_server: Background young concurrent copying GC freed 215380(8050KB) AllocSpace objects, 63(1340KB) LOS objects, 43% free, 11MB/21MB, paused 351us total 151.632ms
05-27 11:03:45.926 474 521 W IorapForwardingService: No service published for: iorapd
05-27 11:03:46.928 474 521 W IorapForwardingService: No service published for: iorapd
05-27 11:03:46.946 474 757 I WifiService: startScan uid=1000
05-27 11:03:47.011 1114 1151 I OpenGLRenderer: Davey! duration=9223371658176ms; Flags=0, FrameTimelineVsyncId=13063, IntendedVsync=378677977626, Vsync=378677977626, InputEventId=0, HandleInputStart=378679270553, AnimationStart=378679276345, PerformTraversalsStart=378679532053, DrawStart=378680765345, FrameDeadline=378711310958, FrameInterval=378679261053, FrameStartTime=16666666, SyncQueued=378683538928, SyncStart=378684095095, IssueDrawCommandsStart=378685570762, SwapBuffers=378713975428, FrameCompleted=9223372036854775807, DequeueBufferDuration=59958, QueueBufferDuration=1555583, GpuCompleted=9223372036854775807, SwapBuffersCompleted=378727128470, DisplayPresentTime=0,
05-27 11:03:47.042 1114 1151 I OpenGLRenderer: Davey! duration=9223371658129ms; Flags=0, FrameTimelineVsyncId=13064, IntendedVsync=378694644292, Vsync=378694644292, InputEventId=0, HandleInputStart=378695348303, AnimationStart=378695354720, PerformTraversalsStart=378695630637, DrawStart=378696255387, FrameDeadline=378727977624, FrameInterval=378695337220, FrameStartTime=16666666, SyncQueued=378696861137, SyncStart=378727604678, IssueDrawCommandsStart=378729393095, SwapBuffers=378747533678, FrameCompleted=9223372036854775807, DequeueBufferDuration=50958, QueueBufferDuration=1172084, GpuCompleted=9223372036854775807, SwapBuffersCompleted=378749770803, DisplayPresentTime=1424126699433710104,
05-27 11:03:47.059 1114 1151 I OpenGLRenderer: Davey! duration=9223371658124ms; Flags=0, FrameTimelineVsyncId=13065, IntendedVsync=378711455709, Vsync=378728122375, InputEventId=0, HandleInputStart=378730288387, AnimationStart=378730294637, PerformTraversalsStart=378731024220, DrawStart=378731268553, FrameDeadline=378744789041, FrameInterval=378730274012, FrameStartTime=16666666, SyncQueued=378731354303, SyncStart=378750059512, IssueDrawCommandsStart=378751108720, SwapBuffers=378761779428, FrameCompleted=9223372036854775807, DequeueBufferDuration=33542, QueueBufferDuration=9643709, GpuCompleted=9223372036854775807, SwapBuffersCompleted=378772842012, DisplayPresentTime=338705560,
05-27 11:03:47.083 1114 1151 I OpenGLRenderer: Davey! duration=9223371658088ms; Flags=0, FrameTimelineVsyncId=13068, IntendedVsync=378744789041, Vsync=378744789041, InputEventId=0, HandleInputStart=378751622887, AnimationStart=378751626178, PerformTraversalsStart=378751959095, DrawStart=378752218928, FrameDeadline=378778122373, FrameInterval=378751616762, FrameStartTime=16666666, SyncQueued=378752298637, SyncStart=378773487303, IssueDrawCommandsStart=378774937095, SwapBuffers=378788275720, FrameCompleted=9223372036854775807, DequeueBufferDuration=68125, QueueBufferDuration=10714209, GpuCompleted=9223372036854775807, SwapBuffersCompleted=378799886137, DisplayPresentTime=0,
05-27 11:03:47.111 1114 1699 I OpenGLRenderer: Davey! duration=9223371658065ms; Flags=0, FrameTimelineVsyncId=13070, IntendedVsync=378761455707, Vsync=378761455707, InputEventId=0, HandleInputStart=378775704178, AnimationStart=378775707553, PerformTraversalsStart=378776303012, DrawStart=378776505678, FrameDeadline=378794789039, FrameInterval=378775696345, FrameStartTime=16666666, SyncQueued=378776598678, SyncStart=378804748678, IssueDrawCommandsStart=378805885553, SwapBuffers=378810213720, FrameCompleted=9223372036854775807, DequeueBufferDuration=50166, QueueBufferDuration=15324375, GpuCompleted=9223372036854775807, SwapBuffersCompleted=378826449428, DisplayPresentTime=1424129310773810592,
05-27 11:03:47.125 1114 1151 I OpenGLRenderer: Davey! duration=9223371658058ms; Flags=0, FrameTimelineVsyncId=13072, IntendedVsync=378778227193, Vsync=378794893859, InputEventId=0, HandleInputStart=378806970262, AnimationStart=378806973178, PerformTraversalsStart=378807267803, DrawStart=378808105303, FrameDeadline=378811560525, FrameInterval=378806960387, FrameStartTime=16666666, SyncQueued=378808748553, SyncStart=378826803637, IssueDrawCommandsStart=378828162428, SwapBuffers=378841755678, FrameCompleted=9223372036854775807, DequeueBufferDuration=42375, QueueBufferDuration=896125, GpuCompleted=9223372036854775807, SwapBuffersCompleted=378843208137, DisplayPresentTime=1423777020376301376,
05-27 11:03:47.218 658 658 E WifiHAL : wifi_get_link_stats: requestResponse Error:-5
05-27 11:03:47.221 474 607 E WifiVendorHal: getWifiLinkLayerStats_1_5_Internal(l.1191) failed {.code = ERROR_INVALID_ARGS, .description = }
05-27 11:03:47.276 1114 1699 I OpenGLRenderer: Davey! duration=9223371657914ms; Flags=0, FrameTimelineVsyncId=13088, IntendedVsync=378927884798, Vsync=378927884798, InputEventId=0, HandleInputStart=378933724345, AnimationStart=378933726887, PerformTraversalsStart=378934108262, DrawStart=378934952887, FrameDeadline=378961218130, FrameInterval=378933718845, FrameStartTime=16666666, SyncQueued=378935084678, SyncStart=378947938345, IssueDrawCommandsStart=378950493012, SwapBuffers=378957200803, FrameCompleted=9223372036854775807, DequeueBufferDuration=2838583, QueueBufferDuration=1688667, GpuCompleted=9223372036854775807, SwapBuffersCompleted=378974410678, DisplayPresentTime=0,
05-27 11:03:47.379 1114 1138 I OpenGLRenderer: Davey! duration=9223371657811ms; Flags=0, FrameTimelineVsyncId=13099, IntendedVsync=379027895345, Vsync=379027895345, InputEventId=0, HandleInputStart=379034830429, AnimationStart=379034832929, PerformTraversalsStart=379035063387, DrawStart=379035259637, FrameDeadline=379061228677, FrameInterval=379034824929, FrameStartTime=16666666, SyncQueued=379035648137, SyncStart=379050921429, IssueDrawCommandsStart=379052191137, SwapBuffers=379066059220, FrameCompleted=9223372036854775807, DequeueBufferDuration=6628000, QueueBufferDuration=2085917, GpuCompleted=9223372036854775807, SwapBuffersCompleted=379071196512, DisplayPresentTime=317133688,
05-27 11:03:47.594 1114 1699 I OpenGLRenderer: Davey! duration=9223371657573ms; Flags=0, FrameTimelineVsyncId=13126, IntendedVsync=379261314667, Vsync=379261314667, InputEventId=0, HandleInputStart=379261951095, AnimationStart=379261954637, PerformTraversalsStart=379262275429, DrawStart=379262458304, FrameDeadline=379294647999, FrameInterval=379261943262, FrameStartTime=16666666, SyncQueued=379262541262, SyncStart=379282359929, IssueDrawCommandsStart=379283459762, SwapBuffers=379294611470, FrameCompleted=9223372036854775807, DequeueBufferDuration=7416792, QueueBufferDuration=1431833, GpuCompleted=9223372036854775807, SwapBuffersCompleted=379302315054, DisplayPresentTime=1362053736127843616,
05-27 11:03:47.610 1114 1138 I OpenGLRenderer: Davey! duration=9223371657559ms; Flags=0, FrameTimelineVsyncId=13128, IntendedVsync=379277980801, Vsync=379277980801, InputEventId=0, HandleInputStart=379283809637, AnimationStart=379283811845, PerformTraversalsStart=379284691387, DrawStart=379285105179, FrameDeadline=379311314133, FrameInterval=379283804845, FrameStartTime=16666666, SyncQueued=379285362637, SyncStart=379302659804, IssueDrawCommandsStart=379304238429, SwapBuffers=379321974637, FrameCompleted=9223372036854775807, DequeueBufferDuration=6759750, QueueBufferDuration=858750, GpuCompleted=9223372036854775807, SwapBuffersCompleted=379323584345, DisplayPresentTime=1424004206980961320,
05-27 11:03:47.929 474 521 W IorapForwardingService: No service published for: iorapd
05-27 11:03:48.810 474 757 D WifiNl80211Manager: Scan result ready event
05-27 11:03:48.810 474 757 D WifiNative: Scan result ready event
05-27 11:03:48.857 3164 3215 E ccc : cccccc SCAN_RESULTS_AVAILABLE_ACTION hhhh
05-27 11:03:48.857 1114 1114 E hq : NetWorkStateReceiver:::NetWorkStateReceiver onReceive: 网络变化广播 >>>> intent.action=android.net.wifi.SCAN_RESULTS
05-27 11:03:48.860 474 607 D PasspointManager: ANQP entry not found for: 10:7c:61:1a:4b:94:<5G>
05-27 11:03:48.861 474 607 D PasspointManager: ANQP entry not found for: 52:33:f0:3b:7e:a2:
05-27 11:03:48.862 474 607 D PasspointManager: ANQP entry not found for: 50:33:f0:5b:7e:a2:
05-27 11:03:48.867 658 658 E WifiHAL : wifi_get_link_stats: requestResponse Error:-5
05-27 11:03:48.868 474 607 E WifiVendorHal: getWifiLinkLayerStats_1_5_Internal(l.1191) failed {.code = ERROR_INVALID_ARGS, .description = }
05-27 11:03:48.898 1114 1114 W eventbuscore: post Event:com.dangbei.leard.base.entity.event.NetWifiRssiEvent
05-27 11:03:48.931 474 521 W IorapForwardingService: No service published for: iorapd
05-27 11:03:48.960 1114 1138 I OpenGLRenderer: Davey! duration=9223371656209ms; Flags=0, FrameTimelineVsyncId=13134, IntendedVsync=380644643251, Vsync=380644643251, InputEventId=0, HandleInputStart=380645195888, AnimationStart=380645200804, PerformTraversalsStart=380645207763, DrawStart=380646215471, FrameDeadline=380677976583, FrameInterval=380645185804, FrameStartTime=16666666, SyncQueued=380646965721, SyncStart=380647402304, IssueDrawCommandsStart=380648629221, SwapBuffers=380657519304, FrameCompleted=9223372036854775807, DequeueBufferDuration=47125, QueueBufferDuration=1311375, GpuCompleted=9223372036854775807, SwapBuffersCompleted=380670586221, DisplayPresentTime=1424327944104312832,
05-27 11:03:49.934 474 521 W IorapForwardingService: No service published for: iorapd
05-27 11:03:49.995 1114 1699 I OpenGLRenderer: Davey! duration=9223371655159ms; Flags=0, FrameTimelineVsyncId=13138, IntendedVsync=381694868529, Vsync=381694868529, InputEventId=0, HandleInputStart=381695373263, AnimationStart=381695378721, PerformTraversalsStart=381695605055, DrawStart=381696617263, FrameDeadline=381728201861, FrameInterval=381695363388, FrameStartTime=16666666, SyncQueued=381698579763, SyncStart=381698858263, IssueDrawCommandsStart=381699806180, SwapBuffers=381708654430, FrameCompleted=9223372036854775807, DequeueBufferDuration=41750, QueueBufferDuration=1478333, GpuCompleted=9223372036854775807, SwapBuffersCompleted=381711485055, DisplayPresentTime=1361818405962776576,
05-27 11:03:50.024 1114 1699 I OpenGLRenderer: Davey! duration=9223371655142ms; Flags=0, FrameTimelineVsyncId=13140, IntendedVsync=381711535195, Vsync=381711535195, InputEventId=0, HandleInputStart=381712349388, AnimationStart=381712359096, PerformTraversalsStart=381712788096, DrawStart=381713903138, FrameDeadline=381744868527, FrameInterval=381712331013, FrameStartTime=16666666, SyncQueued=381714550471, SyncStart=381714910305, IssueDrawCommandsStart=381716627763, SwapBuffers=381729193680, FrameCompleted=9223372036854775807, DequeueBufferDuration=64584, QueueBufferDuration=1205541, GpuCompleted=9223372036854775807, SwapBuffersCompleted=381731293846, DisplayPresentTime=1424006783961339528,
05-27 11:03:50.042 1114 1138 I OpenGLRenderer: Davey! duration=9223371655124ms; Flags=0, FrameTimelineVsyncId=13141, IntendedVsync=381728192169, Vsync=381728192169, InputEventId=0, HandleInputStart=381728667721, AnimationStart=381728671096, PerformTraversalsStart=381729355596, DrawStart=381729658805, FrameDeadline=381761525501, FrameInterval=381728659221, FrameStartTime=16666666, SyncQueued=381729775721, SyncStart=381732146763, IssueDrawCommandsStart=381733781346, SwapBuffers=381747044721, FrameCompleted=9223372036854775807, DequeueBufferDuration=279125, QueueBufferDuration=9602916, GpuCompleted=9223372036854775807, SwapBuffersCompleted=381758109971, DisplayPresentTime=1361416500103086080,
05-27 11:03:50.068 1114 1138 I OpenGLRenderer: Davey! duration=9223371655097ms; Flags=0, FrameTimelineVsyncId=13143, IntendedVsync=381744858835, Vsync=381744858835, InputEventId=0, HandleInputStart=381745769721, AnimationStart=381745774846, PerformTraversalsStart=381746173055, DrawStart=381746359930, FrameDeadline=381778192167, FrameInterval=381745761388, FrameStartTime=16666666, SyncQueued=381746438638, SyncStart=381758608846, IssueDrawCommandsStart=381760271221, SwapBuffers=381771371721, FrameCompleted=9223372036854775807, DequeueBufferDuration=75416, QueueBufferDuration=12427333, GpuCompleted=9223372036854775807, SwapBuffersCompleted=381784878055, DisplayPresentTime=1423658754156926336,
05-27 11:03:50.095 1114 1699 I OpenGLRenderer: Davey! duration=9223371655067ms; Flags=0, FrameTimelineVsyncId=13145, IntendedVsync=381761525501, Vsync=381761525501, InputEventId=0, HandleInputStart=381762244513, AnimationStart=381762250221, PerformTraversalsStart=381762615513, DrawStart=381763451138, FrameDeadline=381794858833, FrameInterval=381762231971, FrameStartTime=16666666, SyncQueued=381764409555, SyncStart=381789972430, IssueDrawCommandsStart=381791190971, SwapBuffers=381800636763, FrameCompleted=9223372036854775807, DequeueBufferDuration=46750, QueueBufferDuration=10072417, GpuCompleted=9223372036854775807, SwapBuffersCompleted=381811904680, DisplayPresentTime=1361916537692697336,
05-27 11:03:50.124 1114 1699 I OpenGLRenderer: Davey! duration=9223371655056ms; Flags=0, FrameTimelineVsyncId=13147, IntendedVsync=381778192167, Vsync=381778192167, InputEventId=0, HandleInputStart=381791588013, AnimationStart=381791590513, PerformTraversalsStart=381791951180, DrawStart=381792212721, FrameDeadline=381811525499, FrameInterval=381791582638, FrameStartTime=16666666, SyncQueued=381792291721, SyncStart=381812520555, IssueDrawCommandsStart=381814230221, SwapBuffers=381823870097, FrameCompleted=9223372036854775807, DequeueBufferDuration=68458, QueueBufferDuration=15411209, GpuCompleted=9223372036854775807, SwapBuffersCompleted=381840270930, DisplayPresentTime=331553488,
05-27 11:03:50.142 1114 1699 I OpenGLRenderer: Davey! duration=9223371655034ms; Flags=0, FrameTimelineVsyncId=13148, IntendedVsync=381794829228, Vsync=381811495894, InputEventId=0, HandleInputStart=381814739305, AnimationStart=381814744430, PerformTraversalsStart=381815291180, DrawStart=381815561513, FrameDeadline=381828162560, FrameInterval=381814726013, FrameStartTime=16666666, SyncQueued=381815664722, SyncStart=381840727513, IssueDrawCommandsStart=381841940722, SwapBuffers=381850573347, FrameCompleted=9223372036854775807, DequeueBufferDuration=49500, QueueBufferDuration=6538166, GpuCompleted=9223372036854775807, SwapBuffersCompleted=381858483097, DisplayPresentTime=1424012040986904792,
05-27 11:03:50.238 658 658 E WifiHAL : wifi_get_link_stats: requestResponse Error:-5
05-27 11:03:50.240 474 607 E WifiVendorHal: getWifiLinkLayerStats_1_5_Internal(l.1191) failed {.code = ERROR_INVALID_ARGS, .description = }
