--------- beginning of main
05-27 11:03:05.344 2184 2259 D UtilLog : 日志批量上报 进行正常循环 !!!!!!本次有0次请求,共0条数据 --------- beginning of kernel
01-01 08:05:39.338 190 190 I logd : logdr: UID=0 GID=0 PID=3520 b tail=0 logMask=99 pid=0 start=0ns deadline=0ns
05-27 11:03:05.401 1114 1138 I OpenGLRenderer: Davey! duration=9223371699773ms; Flags=0, FrameTimelineVsyncId=11609, IntendedVsync=337069192667, Vsync=337069192667, InputEventId=0, HandleInputStart=337069974158, AnimationStart=337069978908, PerformTraversalsStart=337070687033, DrawStart=337071009200, FrameDeadline=337102525999, FrameInterval=337069963283, FrameStartTime=16666666, SyncQueued=337071647908, SyncStart=337083905200, IssueDrawCommandsStart=337084786950, SwapBuffers=337098386450, FrameCompleted=9223372036854775807, DequeueBufferDuration=10703875, QueueBufferDuration=774417, GpuCompleted=9223372036854775807, SwapBuffersCompleted=337099770825, DisplayPresentTime=1423503757398774688,
05-27 11:03:05.419 1114 1138 I OpenGLRenderer: Davey! duration=9223371699756ms; Flags=0, FrameTimelineVsyncId=11611, IntendedVsync=337085860977, Vsync=337085860977, InputEventId=0, HandleInputStart=337086667534, AnimationStart=337086673784, PerformTraversalsStart=337087282075, DrawStart=337087718825, FrameDeadline=337119194309, FrameInterval=337086658075, FrameStartTime=16666666, SyncQueued=337087858159, SyncStart=337099999409, IssueDrawCommandsStart=337100809242, SwapBuffers=337120532200, FrameCompleted=9223372036854775807, DequeueBufferDuration=16264708, QueueBufferDuration=6038958, GpuCompleted=9223372036854775807, SwapBuffersCompleted=337127483534, DisplayPresentTime=1424017538559451200,
05-27 11:03:05.501 1128 1128 D aaa : LedStatusService onStartCommand begin
05-27 11:03:05.505 1128 3530 D aaa : topPkg is -------------- :com.dangbei.haqusetting
05-27 11:03:05.507 1188 1188 D bbb : onStartCommand begin !!!!!!! data分区剩余 24846MB
05-27 11:03:05.518 1114 1699 I OpenGLRenderer: Davey! duration=9223371699664ms; Flags=0, FrameTimelineVsyncId=11624, IntendedVsync=337186102045, Vsync=337186102045, InputEventId=0, HandleInputStart=337193582450, AnimationStart=337193585659, PerformTraversalsStart=337196619075, DrawStart=337197008367, FrameDeadline=337219435377, FrameInterval=337193569034, FrameStartTime=16666666, SyncQueued=337197238992, SyncStart=337201590659, IssueDrawCommandsStart=337207546659, SwapBuffers=337220291700, FrameCompleted=9223372036854775807, DequeueBufferDuration=5294333, QueueBufferDuration=2957791, GpuCompleted=9223372036854775807, SwapBuffersCompleted=337224700325, DisplayPresentTime=1361609980106984400,
05-27 11:03:05.836 474 521 W IorapForwardingService: No service published for: iorapd
05-27 11:03:06.827 266 294 D hdmi-cec: receive invalid cec message!
05-27 11:03:06.827 266 294 D hdmi-cec: receive poll message [04], skip!
05-27 11:03:06.838 474 521 W IorapForwardingService: No service published for: iorapd
05-27 11:03:07.330 474 474 D TvWindowManager: key event key = KEYCODE_DPAD_CENTER down = true --------- beginning of system
05-27 11:03:07.331 474 595 D GpioService: mFlickerEnable = true
05-27 11:03:07.479 474 595 D GpioService: mFlickerEnable = true
05-27 11:03:07.480 2136 2136 I SogouIME: onKeyDown: keyoCode=23
05-27 11:03:07.480 2136 2136 I DefaultIMS: onKeyDown: keyoCode=23
05-27 11:03:07.831 474 474 D TvWindowManager: key event key = KEYCODE_DPAD_CENTER down = false
05-27 11:03:07.834 2136 2136 I SogouIME: onKeyUp: keyoCode=23
05-27 11:03:07.834 2136 2136 I DefaultIMS: onKeyUp: keyoCode=23
05-27 11:03:07.839 1058 1072 D DisplayOutputImpl: updateSupportModes type = 4
05-27 11:03:07.841 474 521 W IorapForwardingService: No service published for: iorapd
05-27 11:03:07.841 260 3320 D DisplayConfig: virtual Return vendor::display::config::V1_0::implementation::DisplayConfig::getSupportedModes(int32_t, vendor::display::config::V1_0::IDisplayConfig::getSupportedModes_cb): display[0] ret=0, supported modes count(19)
05-27 11:03:07.843 260 3320 D DisplayConfig: virtual Return vendor::display::config::V1_0::implementation::DisplayConfig::getSupportedModes(int32_t, vendor::display::config::V1_0::IDisplayConfig::getSupportedModes_cb): display[0] ret=0, supported modes count(19)
05-27 11:03:07.849 260 260 W displayd: xxxxxxx: hdmi user strategy: 7
05-27 11:03:07.850 260 3320 W displayd: xxxxxxx: getHDMINativeMode: use perfect hdmi mode(35) as native mode
05-27 11:03:07.851 1058 1072 D DisplayOutputImpl: updateSupportModes = 7 , 7 , false
05-27 11:03:07.851 1058 1072 D DisplayOutputImpl: setDisplayOutputMode = 255
05-27 11:03:07.851 260 3320 W displayd: xxxxxxx: getHDMINativeMode: use perfect hdmi mode(35) as native mode
05-27 11:03:07.826 266 266 I EventThread: type=1400 audit(0.0:1263): avc: denied { search } for name="extcon" dev="sysfs" ino=18109 scontext=u:r:hal_tv_cec_default:s0 tcontext=u:object_r:sysfs_extcon:s0 tclass=dir permissive=1
05-27 11:03:07.875 260 3320 W edid : Parse block0:
05-27 11:03:07.875 260 3320 W edid : Extension block count: 1
05-27 11:03:07.875 260 3320 W edid : Parse CEA extension block (version: 3)
05-27 11:03:07.875 260 3320 W edid : CEA data length: 99 bytes
05-27 11:03:07.875 260 3320 E edid : unknow cea vic 117
05-27 11:03:07.875 260 3320 E edid : unknow cea vic 118
05-27 11:03:07.875 260 3320 E edid : unknow cea vic 218
05-27 11:03:07.875 260 3320 E edid : unknow cea vic 219
05-27 11:03:07.875 260 3320 E edid : parseCeaDataBlocks:unhandled EXTENDED_TAG code0
05-27 11:03:07.911 260 260 W sunxihwc: prepare: refresh after blank!
05-27 11:03:07.915 260 260 E sunxihwc: commit: not validateDisplay before commit!
05-27 11:03:07.919 1114 1699 I OpenGLRenderer: Davey! duration=9223371697251ms; Flags=0, FrameTimelineVsyncId=11635, IntendedVsync=339602891125, Vsync=339602891125, InputEventId=0, HandleInputStart=339603506951, AnimationStart=339603513326, PerformTraversalsStart=339603846201, DrawStart=339604805951, FrameDeadline=339636224457, FrameInterval=339603495076, FrameStartTime=16666666, SyncQueued=339606558326, SyncStart=339607012410, IssueDrawCommandsStart=339608438576, SwapBuffers=339619218243, FrameCompleted=9223372036854775807, DequeueBufferDuration=59209, QueueBufferDuration=1218542, GpuCompleted=9223372036854775807, SwapBuffersCompleted=339630305618, DisplayPresentTime=1361378395153235968,
05-27 11:03:07.927 260 260 W sunxihwc: prepare: refresh after blank!
05-27 11:03:07.932 260 260 E sunxihwc: commit: not validateDisplay before commit!
05-27 11:03:07.938 658 658 E WifiHAL : wifi_get_link_stats: requestResponse Error:-5
05-27 11:03:07.940 474 607 E WifiVendorHal: getWifiLinkLayerStats_1_5_Internal(l.1191) failed {.code = ERROR_INVALID_ARGS, .description = }
05-27 11:03:07.942 1114 1699 I OpenGLRenderer: Davey! duration=9223371697226ms; Flags=0, FrameTimelineVsyncId=11636, IntendedVsync=339619562961, Vsync=339619562961, InputEventId=0, HandleInputStart=339620310326, AnimationStart=339620315493, PerformTraversalsStart=339620615535, DrawStart=339621203410, FrameDeadline=339652896293, FrameInterval=339620299951, FrameStartTime=16666666, SyncQueued=339621786035, SyncStart=339630611826, IssueDrawCommandsStart=339632171868, SwapBuffers=339649926493, FrameCompleted=9223372036854775807, DequeueBufferDuration=42292, QueueBufferDuration=1341417, GpuCompleted=9223372036854775807, SwapBuffersCompleted=339652093951, DisplayPresentTime=334276448,
05-27 11:03:07.943 260 260 W sunxihwc: prepare: refresh after blank!
05-27 11:03:07.960 260 260 E sunxihwc: commit: not validateDisplay before commit!
05-27 11:03:07.962 1114 1138 I OpenGLRenderer: Davey! duration=9223371697204ms; Flags=0, FrameTimelineVsyncId=11638, IntendedVsync=339636234797, Vsync=339636234797, InputEventId=0, HandleInputStart=339637085201, AnimationStart=339637092201, PerformTraversalsStart=339637561535, DrawStart=339637820493, FrameDeadline=339669568129, FrameInterval=339637072410, FrameStartTime=16666666, SyncQueued=339637905243, SyncStart=339652391660, IssueDrawCommandsStart=339653834535, SwapBuffers=339665950951, FrameCompleted=9223372036854775807, DequeueBufferDuration=38042, QueueBufferDuration=12518500, GpuCompleted=9223372036854775807, SwapBuffersCompleted=339679589451, DisplayPresentTime=1423672085735422384,
05-27 11:03:07.976 260 260 W sunxihwc: prepare: refresh after blank!
05-27 11:03:07.986 260 260 E sunxihwc: commit: not validateDisplay before commit!
05-27 11:03:07.987 1114 1699 I OpenGLRenderer: Davey! duration=9223371697177ms; Flags=0, FrameTimelineVsyncId=11640, IntendedVsync=339652507926, Vsync=339652507926, InputEventId=0, HandleInputStart=339654182118, AnimationStart=339654185285, PerformTraversalsStart=339655724326, DrawStart=339655930743, FrameDeadline=339685841258, FrameInterval=339654175410, FrameStartTime=16666666, SyncQueued=339656051410, SyncStart=339680418035, IssueDrawCommandsStart=339682001201, SwapBuffers=339693153243, FrameCompleted=9223372036854775807, DequeueBufferDuration=60917, QueueBufferDuration=11484125, GpuCompleted=9223372036854775807, SwapBuffersCompleted=339705301410, DisplayPresentTime=1361509374475894784,
05-27 11:03:07.993 260 260 W sunxihwc: prepare: refresh after blank!
05-27 11:03:08.014 260 260 E sunxihwc: commit: not validateDisplay before commit!
05-27 11:03:08.016 1114 1699 I OpenGLRenderer: Davey! duration=9223371697160ms; Flags=0, FrameTimelineVsyncId=11642, IntendedVsync=339669163842, Vsync=339669163842, InputEventId=0, HandleInputStart=339682506410, AnimationStart=339682511576, PerformTraversalsStart=339682932368, DrawStart=339683114535, FrameDeadline=339702497174, FrameInterval=339682497993, FrameStartTime=16666666, SyncQueued=339683198160, SyncStart=339708587993, IssueDrawCommandsStart=339709474951, SwapBuffers=339712207285, FrameCompleted=9223372036854775807, DequeueBufferDuration=38416, QueueBufferDuration=19172584, GpuCompleted=9223372036854775807, SwapBuffersCompleted=339732071285, DisplayPresentTime=1424031488613231856,
05-27 11:03:08.041 260 260 W sunxihwc: prepare: refresh after blank!
01-01 08:05:41.994 3320 3320 I [HDMI receive params]: tv mode: 0x23 format:0x3 data bits:0x0 eotf:0x4 cs:0x101 dvi_hdmi:2 range:2 scan:0 aspect_ratio:8
05-27 11:03:08.044 260 260 E sunxihwc: commit: not validateDisplay before commit!
05-27 11:03:08.046 1114 1699 I OpenGLRenderer: Davey! duration=9223371697148ms; Flags=0, FrameTimelineVsyncId=11643, IntendedVsync=339685819758, Vsync=339702486424, InputEventId=0, HandleInputStart=339710384701, AnimationStart=339710387035, PerformTraversalsStart=339710638660, DrawStart=339711588451, FrameDeadline=339719153090, FrameInterval=339710375035, FrameStartTime=16666666, SyncQueued=339712171076, SyncStart=339732364576, IssueDrawCommandsStart=339733509201, SwapBuffers=339748072451, FrameCompleted=9223372036854775807, DequeueBufferDuration=43000, QueueBufferDuration=1659541, GpuCompleted=9223372036854775807, SwapBuffersCompleted=339750888410, DisplayPresentTime=1424033446786760704,
05-27 11:03:08.047 260 260 W sunxihwc: prepare: refresh after blank!
05-27 11:03:08.052 260 260 E sunxihwc: commit: not validateDisplay before commit!
05-27 11:03:08.054 1114 1138 I OpenGLRenderer: Davey! duration=9223371697118ms; Flags=0, FrameTimelineVsyncId=11647, IntendedVsync=339719131590, Vsync=339719131590, InputEventId=0, HandleInputStart=339733848868, AnimationStart=339733851660, PerformTraversalsStart=339734192618, DrawStart=339734428035, FrameDeadline=339752464922, FrameInterval=339733842910, FrameStartTime=16666666, SyncQueued=339734518076, SyncStart=339751310451, IssueDrawCommandsStart=339752694118, SwapBuffers=339758180368, FrameCompleted=9223372036854775807, DequeueBufferDuration=30625, QueueBufferDuration=11593000, GpuCompleted=9223372036854775807, SwapBuffersCompleted=339770959785, DisplayPresentTime=335354504,
05-27 11:03:08.059 260 260 W sunxihwc: prepare: refresh after blank!
05-27 11:03:08.078 260 260 E sunxihwc: commit: not validateDisplay before commit!
05-27 11:03:08.080 1114 1138 I OpenGLRenderer: Davey! duration=9223371697100ms; Flags=0, FrameTimelineVsyncId=11648, IntendedVsync=339735787506, Vsync=339752454172, InputEventId=0, HandleInputStart=339753248785, AnimationStart=339753251493, PerformTraversalsStart=339753604243, DrawStart=339753870326, FrameDeadline=339769120838, FrameInterval=339753242076, FrameStartTime=16666666, SyncQueued=339753939201, SyncStart=339772381993, IssueDrawCommandsStart=339773508576, SwapBuffers=339781374493, FrameCompleted=9223372036854775807, DequeueBufferDuration=40875, QueueBufferDuration=14887917, GpuCompleted=9223372036854775807, SwapBuffersCompleted=339796920993, DisplayPresentTime=1362135718477972432,
05-27 11:03:08.093 260 260 W sunxihwc: prepare: refresh after blank!
05-27 11:03:08.105 260 260 E sunxihwc: commit: not validateDisplay before commit!
05-27 11:03:08.106 1114 1699 I OpenGLRenderer: Davey! duration=9223371697079ms; Flags=0, FrameTimelineVsyncId=11650, IntendedVsync=339752443422, Vsync=339769110088, InputEventId=0, HandleInputStart=339774018076, AnimationStart=339774020618, PerformTraversalsStart=339774323785, DrawStart=339774697243, FrameDeadline=339785776754, FrameInterval=339774006951, FrameStartTime=16666666, SyncQueued=339774791910, SyncStart=339797214785, IssueDrawCommandsStart=339798268493, SwapBuffers=339801228743, FrameCompleted=9223372036854775807, DequeueBufferDuration=37000, QueueBufferDuration=21177084, GpuCompleted=9223372036854775807, SwapBuffersCompleted=339823433951, DisplayPresentTime=1362187086272461352,
05-27 11:03:08.110 260 260 W sunxihwc: prepare: refresh after blank!
05-27 11:03:08.113 260 260 E sunxihwc: commit: not validateDisplay before commit!
05-27 11:03:08.118 1114 1310 I OpenGLRenderer: Davey! duration=9223371697044ms; Flags=0, FrameTimelineVsyncId=11654, IntendedVsync=339785755254, Vsync=339785755254, InputEventId=0, HandleInputStart=339798604951, AnimationStart=339798607201, PerformTraversalsStart=339798919868, DrawStart=339799133785, FrameDeadline=339819088586, FrameInterval=339798599201, FrameStartTime=16666666, SyncQueued=339799216201, SyncStart=339823889660, IssueDrawCommandsStart=339825462285, SwapBuffers=339829482285, FrameCompleted=9223372036854775807, DequeueBufferDuration=72583, QueueBufferDuration=2956875, GpuCompleted=9223372036854775807, SwapBuffersCompleted=339833376743, DisplayPresentTime=317064136,
05-27 11:03:08.126 260 260 W sunxihwc: prepare: refresh after blank!
05-27 11:03:08.129 260 260 E sunxihwc: commit: not validateDisplay before commit!
05-27 11:03:08.143 260 260 W sunxihwc: prepare: refresh after blank!
05-27 11:03:08.151 260 260 E sunxihwc: commit: not validateDisplay before commit!
05-27 11:03:08.160 260 260 W sunxihwc: prepare: refresh after blank!
05-27 11:03:08.175 260 260 E sunxihwc: commit: not validateDisplay before commit!
05-27 11:03:08.178 260 260 W sunxihwc: prepare: refresh after blank!
05-27 11:03:08.190 260 260 E sunxihwc: commit: not validateDisplay before commit!
05-27 11:03:08.193 260 260 W sunxihwc: prepare: refresh after blank!
05-27 11:03:08.196 260 260 E sunxihwc: commit: not validateDisplay before commit!
05-27 11:03:08.198 1114 1310 I OpenGLRenderer: Davey! duration=9223371696968ms; Flags=0, FrameTimelineVsyncId=11665, IntendedVsync=339885690750, Vsync=339885690750, InputEventId=0, HandleInputStart=339886298410, AnimationStart=339886304660, PerformTraversalsStart=339886612618, DrawStart=339886787993, FrameDeadline=339919024082, FrameInterval=339886287493, FrameStartTime=16666666, SyncQueued=339886862952, SyncStart=339887216243, IssueDrawCommandsStart=339888513952, SwapBuffers=339909190118, FrameCompleted=9223372036854775807, DequeueBufferDuration=15387583, QueueBufferDuration=1925625, GpuCompleted=9223372036854775807, SwapBuffersCompleted=339918528118, DisplayPresentTime=1423655524341469744,
05-27 11:03:08.210 260 260 W sunxihwc: prepare: refresh after blank!
05-27 11:03:08.213 260 260 E sunxihwc: commit: not validateDisplay before commit!
05-27 11:03:08.227 260 260 W sunxihwc: prepare: refresh after blank!
05-27 11:03:08.231 260 260 E sunxihwc: commit: not validateDisplay before commit!
05-27 11:03:08.243 260 260 W sunxihwc: prepare: refresh after blank!
05-27 11:03:08.251 260 260 E sunxihwc: commit: not validateDisplay before commit!
05-27 11:03:08.260 260 260 W sunxihwc: prepare: refresh after blank!
05-27 11:03:08.277 260 260 E sunxihwc: commit: not validateDisplay before commit!
05-27 11:03:08.280 260 260 W sunxihwc: prepare: refresh after blank!
05-27 11:03:08.285 260 260 E sunxihwc: commit: not validateDisplay before commit!
05-27 11:03:08.293 260 260 W sunxihwc: prepare: refresh after blank!
05-27 11:03:08.296 260 260 E sunxihwc: commit: not validateDisplay before commit!
05-27 11:03:08.297 1114 1310 I OpenGLRenderer: Davey! duration=9223371696868ms; Flags=0, FrameTimelineVsyncId=11677, IntendedVsync=339985626246, Vsync=339985626246, InputEventId=0, HandleInputStart=339986251327, AnimationStart=339986257368, PerformTraversalsStart=339986578827, DrawStart=339986763827, FrameDeadline=340018959578, FrameInterval=339986239327, FrameStartTime=16666666, SyncQueued=339986832202, SyncStart=339987493035, IssueDrawCommandsStart=339989612035, SwapBuffers=340013163577, FrameCompleted=9223372036854775807, DequeueBufferDuration=16372875, QueueBufferDuration=1212791, GpuCompleted=9223372036854775807, SwapBuffersCompleted=340015543368, DisplayPresentTime=1362091806718072768,
05-27 11:03:08.310 260 260 W sunxihwc: prepare: refresh after blank!
05-27 11:03:08.315 260 260 E sunxihwc: commit: not validateDisplay before commit!
05-27 11:03:08.327 260 260 W sunxihwc: prepare: refresh after blank!
05-27 11:03:08.339 260 260 E sunxihwc: commit: not validateDisplay before commit!
05-27 11:03:08.344 260 260 W sunxihwc: prepare: refresh after blank!
05-27 11:03:08.347 260 260 E sunxihwc: commit: not validateDisplay before commit!
05-27 11:03:08.360 260 260 W sunxihwc: prepare: refresh after blank!
05-27 11:03:08.362 260 260 E sunxihwc: commit: not validateDisplay before commit!
05-27 11:03:08.376 260 260 W sunxihwc: prepare: refresh after blank!
05-27 11:03:08.379 260 260 E sunxihwc: commit: not validateDisplay before commit!
05-27 11:03:08.393 260 260 W sunxihwc: prepare: refresh after blank!
05-27 11:03:08.396 260 260 E sunxihwc: commit: not validateDisplay before commit!
05-27 11:03:08.409 260 260 W sunxihwc: prepare: refresh after blank!
05-27 11:03:08.412 260 260 E sunxihwc: commit: not validateDisplay before commit!
05-27 11:03:08.426 260 260 W sunxihwc: prepare: refresh after blank!
05-27 11:03:08.428 260 260 E sunxihwc: commit: not validateDisplay before commit!
05-27 11:03:08.443 260 260 W sunxihwc: prepare: refresh after blank!
05-27 11:03:08.445 260 260 E sunxihwc: commit: not validateDisplay before commit!
05-27 11:03:08.459 260 260 W sunxihwc: prepare: refresh after blank!
05-27 11:03:08.474 260 260 E sunxihwc: commit: not validateDisplay before commit!
05-27 11:03:08.476 260 260 W sunxihwc: prepare: refresh after blank!
05-27 11:03:08.482 260 260 E sunxihwc: commit: not validateDisplay before commit!
05-27 11:03:08.493 260 260 W sunxihwc: prepare: refresh after blank!
05-27 11:03:08.496 260 260 E sunxihwc: commit: not validateDisplay before commit!
05-27 11:03:08.510 260 260 W sunxihwc: prepare: refresh after blank!
05-27 11:03:08.512 260 260 E sunxihwc: commit: not validateDisplay before commit!
05-27 11:03:08.513 1114 1699 I OpenGLRenderer: Davey! duration=9223371696646ms; Flags=0, FrameTimelineVsyncId=11703, IntendedVsync=340202153154, Vsync=340202153154, InputEventId=0, HandleInputStart=340202604785, AnimationStart=340202610577, PerformTraversalsStart=340203973493, DrawStart=340204747327, FrameDeadline=340235486486, FrameInterval=340202591952, FrameStartTime=16666666, SyncQueued=340205888743, SyncStart=340211973327, IssueDrawCommandsStart=340213719868, SwapBuffers=340226431785, FrameCompleted=9223372036854775807, DequeueBufferDuration=44708, QueueBufferDuration=1361750, GpuCompleted=9223372036854775807, SwapBuffersCompleted=340228860785, DisplayPresentTime=1424068803289108200,
05-27 11:03:08.843 474 521 W IorapForwardingService: No service published for: iorapd
01-01 08:05:43.038 3320 3320 W [DISP] disp_register_irq,line: 496:
01-01 08:05:43.038 3320 3320 W : irq for 0 already registered
01-01 08:05:43.049 3320 3320 W [DISP] de_rtmx_mgr_apply,line: 456:
01-01 08:05:43.049 3320 3320 W : ctx->output.hdr_type=0
01-01 08:05:43.060 3320 3320 W [DISP] de_rtmx_mgr_apply,line: 474:
01-01 08:05:43.060 3320 3320 W : ctx->output.hdr_type=0
01-01 08:05:43.216 3320 3320 I : HDMI Audio Enable Successfully
01-01 08:05:43.222 3320 3320 W [DISP] disp_device_attached_and_enable,line: 235:
01-01 08:05:43.222 3320 3320 W : attached ok, mgr0<-->dev0
01-01 08:05:43.234 3320 3320 W [DISP] disp_device_attached_and_enable,line: 248:
01-01 08:05:43.234 3320 3320 W type : 4,mode:35,fmt:yuv420,bits:8bits,eotf:4,cs:257 dvi_hdmi:2, range:2 scan:0 ratio:8
05-27 11:03:09.283 260 3320 W displayd: xxxxxxx: New config: type[4] mode[35] pixelformat[3] bits[0] eotf[4] colorspace[257]
05-27 11:03:09.284 260 3320 D displayd: xxxxxxx: Update config to boot
05-27 11:03:09.845 474 521 W IorapForwardingService: No service published for: iorapd
05-27 11:03:10.848 474 521 W IorapForwardingService: No service published for: iorapd
05-27 11:03:10.926 1114 1699 I OpenGLRenderer: Davey! duration=9223371694251ms; Flags=0, FrameTimelineVsyncId=11709, IntendedVsync=342602538456, Vsync=342602538456, InputEventId=0, HandleInputStart=342603366953, AnimationStart=342603373744, PerformTraversalsStart=342603641619, DrawStart=342604498161, FrameDeadline=342635871788, FrameInterval=342603357494, FrameStartTime=16666666, SyncQueued=342605940953, SyncStart=342606353244, IssueDrawCommandsStart=342607491619, SwapBuffers=342627543369, FrameCompleted=9223372036854775807, DequeueBufferDuration=48375, QueueBufferDuration=1341375, GpuCompleted=9223372036854775807, SwapBuffersCompleted=342630330744, DisplayPresentTime=1361578609680273528,
05-27 11:03:10.940 1114 1310 I OpenGLRenderer: Davey! duration=9223371694226ms; Flags=0, FrameTimelineVsyncId=11710, IntendedVsync=342619205122, Vsync=342619205122, InputEventId=0, HandleInputStart=342619963369, AnimationStart=342619969744, PerformTraversalsStart=342620336828, DrawStart=342620933911, FrameDeadline=342652538454, FrameInterval=342619952828, FrameStartTime=16666666, SyncQueued=342621521578, SyncStart=342630681203, IssueDrawCommandsStart=342632348036, SwapBuffers=342643247161, FrameCompleted=9223372036854775807, DequeueBufferDuration=41917, QueueBufferDuration=4080750, GpuCompleted=9223372036854775807, SwapBuffersCompleted=342648143786, DisplayPresentTime=1362059714741671928,
05-27 11:03:10.957 658 658 E WifiHAL : wifi_get_link_stats: requestResponse Error:-5
05-27 11:03:10.960 1114 1310 I OpenGLRenderer: Davey! duration=9223371694211ms; Flags=0, FrameTimelineVsyncId=11711, IntendedVsync=342628200673, Vsync=342628200673, InputEventId=0, HandleInputStart=342633067078, AnimationStart=342633070286, PerformTraversalsStart=342633427286, DrawStart=342633598036, FrameDeadline=342661534005, FrameInterval=342633057744, FrameStartTime=16666666, SyncQueued=342633670744, SyncStart=342648693411, IssueDrawCommandsStart=342650609786, SwapBuffers=342661609536, FrameCompleted=9223372036854775807, DequeueBufferDuration=2174416, QueueBufferDuration=13827875, GpuCompleted=9223372036854775807, SwapBuffersCompleted=342676310411, DisplayPresentTime=1361783599864874016,
05-27 11:03:10.960 474 607 E WifiVendorHal: getWifiLinkLayerStats_1_5_Internal(l.1191) failed {.code = ERROR_INVALID_ARGS, .description = }
05-27 11:03:10.987 1114 1310 I OpenGLRenderer: Davey! duration=9223371694185ms; Flags=0, FrameTimelineVsyncId=11713, IntendedVsync=342644867339, Vsync=342644867339, InputEventId=0, HandleInputStart=342651113703, AnimationStart=342651118744, PerformTraversalsStart=342651541661, DrawStart=342651780203, FrameDeadline=342678200671, FrameInterval=342651102744, FrameStartTime=16666666, SyncQueued=342651874536, SyncStart=342676685411, IssueDrawCommandsStart=342678011370, SwapBuffers=342687721370, FrameCompleted=9223372036854775807, DequeueBufferDuration=59375, QueueBufferDuration=14438417, GpuCompleted=9223372036854775807, SwapBuffersCompleted=342703246203, DisplayPresentTime=1362122042970734592,
05-27 11:03:11.015 1114 1310 I OpenGLRenderer: Davey! duration=9223371694166ms; Flags=0, FrameTimelineVsyncId=11715, IntendedVsync=342661534005, Vsync=342678200671, InputEventId=0, HandleInputStart=342678530870, AnimationStart=342678535078, PerformTraversalsStart=342679267245, DrawStart=342679517911, FrameDeadline=342694867337, FrameInterval=342678515286, FrameStartTime=16666666, SyncQueued=342679626828, SyncStart=342706820495, IssueDrawCommandsStart=342707955870, SwapBuffers=342711190161, FrameCompleted=9223372036854775807, DequeueBufferDuration=84458, QueueBufferDuration=18136542, GpuCompleted=9223372036854775807, SwapBuffersCompleted=342731548120, DisplayPresentTime=1361786966802169856,
05-27 11:03:11.176 1114 1310 I OpenGLRenderer: Davey! duration=9223371694005ms; Flags=0, FrameTimelineVsyncId=11734, IntendedVsync=342844513412, Vsync=342844513412, InputEventId=0, HandleInputStart=342853364995, AnimationStart=342853368745, PerformTraversalsStart=342853684578, DrawStart=342853899245, FrameDeadline=342877846744, FrameInterval=342853356120, FrameStartTime=16666666, SyncQueued=342853989203, SyncStart=342858778078, IssueDrawCommandsStart=342859820703, SwapBuffers=342888313370, FrameCompleted=9223372036854775807, DequeueBufferDuration=22427750, QueueBufferDuration=1122417, GpuCompleted=9223372036854775807, SwapBuffersCompleted=342893966453, DisplayPresentTime=1424082409731002784,
05-27 11:03:11.232 1114 1310 I OpenGLRenderer: Davey! duration=9223371693942ms; Flags=0, FrameTimelineVsyncId=11742, IntendedVsync=342911212308, Vsync=342911212308, InputEventId=0, HandleInputStart=342911969453, AnimationStart=342911974828, PerformTraversalsStart=342912362245, DrawStart=342912637370, FrameDeadline=342944545640, FrameInterval=342911958161, FrameStartTime=16666666, SyncQueued=342912771203, SyncStart=342913583245, IssueDrawCommandsStart=342915673286, SwapBuffers=342926343161, FrameCompleted=9223372036854775807, DequeueBufferDuration=5595292, QueueBufferDuration=1506667, GpuCompleted=9223372036854775807, SwapBuffersCompleted=342928639911, DisplayPresentTime=1361598297795939496,
05-27 11:03:11.379 1114 1699 I OpenGLRenderer: Davey! duration=9223371693813ms; Flags=0, FrameTimelineVsyncId=11755, IntendedVsync=343027898043, Vsync=343027898043, InputEventId=0, HandleInputStart=343036651453, AnimationStart=343036654453, PerformTraversalsStart=343036948536, DrawStart=343037115078, FrameDeadline=343061231375, FrameInterval=343036643911, FrameStartTime=16666666, SyncQueued=343037190245, SyncStart=343050642453, IssueDrawCommandsStart=343051843495, SwapBuffers=343062951786, FrameCompleted=9223372036854775807, DequeueBufferDuration=7003208, QueueBufferDuration=1343708, GpuCompleted=9223372036854775807, SwapBuffersCompleted=343070534911, DisplayPresentTime=1424096600317454376,
05-27 11:03:11.461 1114 1699 I OpenGLRenderer: Davey! duration=9223371693747ms; Flags=0, FrameTimelineVsyncId=11763, IntendedVsync=343094598858, Vsync=343111265524, InputEventId=0, HandleInputStart=343123812911, AnimationStart=343123818953, PerformTraversalsStart=343124192745, DrawStart=343124427995, FrameDeadline=343127932190, FrameInterval=343123802078, FrameStartTime=16666666, SyncQueued=343124518370, SyncStart=343136848745, IssueDrawCommandsStart=343138357161, SwapBuffers=343141634328, FrameCompleted=9223372036854775807, DequeueBufferDuration=39584, QueueBufferDuration=1135292, GpuCompleted=9223372036854775807, SwapBuffersCompleted=343143866786, DisplayPresentTime=1361595411577749248,
05-27 11:03:11.494 1114 1699 I OpenGLRenderer: Davey! duration=9223371693678ms; Flags=0, FrameTimelineVsyncId=11768, IntendedVsync=343144649468, Vsync=343144649468, InputEventId=0, HandleInputStart=343146134286, AnimationStart=343146138995, PerformTraversalsStart=343146452828, DrawStart=343146629911, FrameDeadline=343177982800, FrameInterval=343146126661, FrameStartTime=16666666, SyncQueued=343146704828, SyncStart=343177834286, IssueDrawCommandsStart=343179095703, SwapBuffers=343191929036, FrameCompleted=9223372036854775807, DequeueBufferDuration=8805750, QueueBufferDuration=1629250, GpuCompleted=9223372036854775807, SwapBuffersCompleted=343202862286, DisplayPresentTime=1362159254567387136,
05-27 11:03:11.544 1114 1699 I OpenGLRenderer: Davey! duration=9223371693645ms; Flags=0, FrameTimelineVsyncId=11773, IntendedVsync=343194648985, Vsync=343194648985, InputEventId=0, HandleInputStart=343205332036, AnimationStart=343205337120, PerformTraversalsStart=343205721703, DrawStart=343205942078, FrameDeadline=343227982317, FrameInterval=343205323078, FrameStartTime=16666666, SyncQueued=343206030120, SyncStart=343220938120, IssueDrawCommandsStart=343222854203, SwapBuffers=343227755911, FrameCompleted=9223372036854775807, DequeueBufferDuration=46125, QueueBufferDuration=1366375, GpuCompleted=9223372036854775807, SwapBuffersCompleted=343237976953, DisplayPresentTime=1362185952401041920,
05-27 11:03:11.560 1114 1699 I OpenGLRenderer: Davey! duration=9223371693630ms; Flags=0, FrameTimelineVsyncId=11775, IntendedVsync=343211331693, Vsync=343211331693, InputEventId=0, HandleInputStart=343223228911, AnimationStart=343223231953, PerformTraversalsStart=343224204245, DrawStart=343224677995, FrameDeadline=343244665025, FrameInterval=343223221995, FrameStartTime=16666666, SyncQueued=343224932495, SyncStart=343238273495, IssueDrawCommandsStart=343239470495, SwapBuffers=343258538953, FrameCompleted=9223372036854775807, DequeueBufferDuration=7577750, QueueBufferDuration=1570541, GpuCompleted=9223372036854775807, SwapBuffersCompleted=343261060745, DisplayPresentTime=1454677832617166272,
05-27 11:03:11.606 319 3334 D XM_HIDREAD: poll ret=1, event=1
05-27 11:03:11.606 319 3334 D XM_HIDREAD: [9 bytes]:01 00 00 51 00 00 00 00 00
05-27 11:03:11.607 474 596 D TvWindowManager: key event key = KEYCODE_DPAD_DOWN down = true
05-27 11:03:11.608 474 595 D GpioService: mFlickerEnable = true
05-27 11:03:11.741 319 3334 D XM_HIDREAD: poll ret=1, event=1
05-27 11:03:11.741 319 3334 D XM_HIDREAD: [9 bytes]:01 00 00 00 00 00 00 00 00
05-27 11:03:11.742 474 596 D TvWindowManager: key event key = KEYCODE_DPAD_DOWN down = false
05-27 11:03:11.758 474 595 D GpioService: mFlickerEnable = true
05-27 11:03:11.759 2136 2136 I SogouIME: onKeyDown: keyoCode=20
05-27 11:03:11.759 2136 2136 I DefaultIMS: onKeyDown: keyoCode=20
05-27 11:03:11.765 2136 2136 I SogouIME: onKeyUp: keyoCode=20
05-27 11:03:11.765 2136 2136 I DefaultIMS: onKeyUp: keyoCode=20
05-27 11:03:11.782 2136 2136 I DefaultIMS: onStartInput attribute=android.view.inputmethod.EditorInfo@9581742 restarting=false inputType: 0
05-27 11:03:11.816 3164 3213 I OpenGLRenderer: Davey! duration=9223371693359ms; Flags=0, FrameTimelineVsyncId=11781, IntendedVsync=343494666910, Vsync=343494666910, InputEventId=366219655, HandleInputStart=343495082412, AnimationStart=343495087995, PerformTraversalsStart=343496993162, DrawStart=343502920328, FrameDeadline=343511333576, FrameInterval=343495073870, FrameStartTime=16666666, SyncQueued=343504649453, SyncStart=343504851953, IssueDrawCommandsStart=343505785578, SwapBuffers=343523325453, FrameCompleted=9223372036854775807, DequeueBufferDuration=47625, QueueBufferDuration=1627375, GpuCompleted=9223372036854775807, SwapBuffersCompleted=343526666662, DisplayPresentTime=0,
05-27 11:03:11.850 474 521 W IorapForwardingService: No service published for: iorapd
05-27 11:03:11.926 3164 3180 I OpenGLRenderer: Davey! duration=9223371693250ms; Flags=0, FrameTimelineVsyncId=11791, IntendedVsync=343594650767, Vsync=343594650767, InputEventId=0, HandleInputStart=343601676995, AnimationStart=343601681953, PerformTraversalsStart=343605154078, DrawStart=343605273037, FrameDeadline=343627984099, FrameInterval=343601667245, FrameStartTime=16666666, SyncQueued=343605650370, SyncStart=343614933245, IssueDrawCommandsStart=343616143953, SwapBuffers=343627641120, FrameCompleted=9223372036854775807, DequeueBufferDuration=7521625, QueueBufferDuration=1538750, GpuCompleted=9223372036854775807, SwapBuffersCompleted=343634687953, DisplayPresentTime=0,
05-27 11:03:12.010 3164 3180 I OpenGLRenderer: Davey! duration=9223371693157ms; Flags=0, FrameTimelineVsyncId=11801, IntendedVsync=343677993703, Vsync=343677993703, InputEventId=0, HandleInputStart=343678533287, AnimationStart=343678536453, PerformTraversalsStart=343679697495, DrawStart=343679814870, FrameDeadline=343711327035, FrameInterval=343678523870, FrameStartTime=16666666, SyncQueued=343680272578, SyncStart=343699790245, IssueDrawCommandsStart=343700828287, SwapBuffers=343710836745, FrameCompleted=9223372036854775807, DequeueBufferDuration=6184875, QueueBufferDuration=1525875, GpuCompleted=9223372036854775807, SwapBuffersCompleted=343718689037, DisplayPresentTime=0,
05-27 11:03:12.280 319 3334 D XM_HIDREAD: poll ret=1, event=1
05-27 11:03:12.281 319 3334 D XM_HIDREAD: [9 bytes]:01 00 00 52 00 00 00 00 00
05-27 11:03:12.281 474 596 D TvWindowManager: key event key = KEYCODE_DPAD_UP down = true
05-27 11:03:12.283 474 595 D GpioService: mFlickerEnable = true
05-27 11:03:12.285 2136 2136 I SogouIME: onKeyDown: keyoCode=19
05-27 11:03:12.285 2136 2136 I DefaultIMS: onKeyDown: keyoCode=19
05-27 11:03:12.317 2136 2136 I DefaultIMS: onStartInput attribute=android.view.inputmethod.EditorInfo@a43353 restarting=false inputType: 0
05-27 11:03:12.438 319 3334 D XM_HIDREAD: poll ret=1, event=1
05-27 11:03:12.438 319 3334 D XM_HIDREAD: [9 bytes]:01 00 00 00 00 00 00 00 00
05-27 11:03:12.439 474 596 D TvWindowManager: key event key = KEYCODE_DPAD_UP down = false
05-27 11:03:12.442 2136 2136 I SogouIME: onKeyUp: keyoCode=19
05-27 11:03:12.442 2136 2136 I DefaultIMS: onKeyUp: keyoCode=19
05-27 11:03:12.460 3164 3180 I OpenGLRenderer: Davey! duration=9223371692705ms; Flags=0, FrameTimelineVsyncId=11824, IntendedVsync=344144653201, Vsync=344144653201, InputEventId=0, HandleInputStart=344145352912, AnimationStart=344145360162, PerformTraversalsStart=344146717079, DrawStart=344146863870, FrameDeadline=344177986533, FrameInterval=344145339995, FrameStartTime=16666666, SyncQueued=344147359370, SyncStart=344151706745, IssueDrawCommandsStart=344152665954, SwapBuffers=344156180954, FrameCompleted=9223372036854775807, DequeueBufferDuration=82042, QueueBufferDuration=2224417, GpuCompleted=9223372036854775807, SwapBuffersCompleted=344167437037, DisplayPresentTime=0,
05-27 11:03:12.544 3164 3213 I OpenGLRenderer: Davey! duration=9223371692625ms; Flags=0, FrameTimelineVsyncId=11834, IntendedVsync=344227980433, Vsync=344227980433, InputEventId=0, HandleInputStart=344228904537, AnimationStart=344228910662, PerformTraversalsStart=344229968162, DrawStart=344230109704, FrameDeadline=344261313765, FrameInterval=344228893579, FrameStartTime=16666666, SyncQueued=344230569870, SyncStart=344232237162, IssueDrawCommandsStart=344233392995, SwapBuffers=344242512495, FrameCompleted=9223372036854775807, DequeueBufferDuration=5543208, QueueBufferDuration=1783417, GpuCompleted=9223372036854775807, SwapBuffersCompleted=344251034079, DisplayPresentTime=0,
05-27 11:03:12.852 474 521 W IorapForwardingService: No service published for: iorapd
05-27 11:03:12.956 319 3334 D XM_HIDREAD: poll ret=1, event=1
05-27 11:03:12.956 319 3334 D XM_HIDREAD: [9 bytes]:01 00 00 29 00 00 00 00 00
05-27 11:03:12.956 474 596 D TvWindowManager: key event key = KEYCODE_BACK down = true
05-27 11:03:12.957 474 595 D GpioService: mFlickerEnable = true
05-27 11:03:13.107 474 595 D GpioService: mFlickerEnable = true
05-27 11:03:13.109 2136 2136 I SogouIME: onKeyDown: keyoCode=4
05-27 11:03:13.109 2136 2136 I DefaultIMS: onKeyDown: keyoCode=4
05-27 11:03:13.114 319 3334 D XM_HIDREAD: poll ret=1, event=1
05-27 11:03:13.114 319 3334 D XM_HIDREAD: [9 bytes]:01 00 00 00 00 00 00 00 00
05-27 11:03:13.114 474 596 D TvWindowManager: key event key = KEYCODE_BACK down = false
05-27 11:03:13.115 474 520 D AutofillManagerService: onBackKeyPressed()
05-27 11:03:13.117 2136 2136 I SogouIME: onKeyUp: keyoCode=4
05-27 11:03:13.117 2136 2136 I DefaultIMS: onKeyUp: keyoCode=4
05-27 11:03:13.128 260 3320 D DisplayConfig: virtual Return vendor::display::config::V1_0::implementation::DisplayConfig::getSupportedModes(int32_t, vendor::display::config::V1_0::IDisplayConfig::getSupportedModes_cb): display[0] ret=0, supported modes count(19)
05-27 11:03:13.128 260 3320 W displayd: xxxxxxx: hdmi user strategy: 255
05-27 11:03:13.129 260 3320 W displayd: xxxxxxx: getHDMINativeMode: use perfect hdmi mode(35) as native mode
05-27 11:03:13.129 1058 1072 D DisplayOutputImpl: getDisplayOutputMode = 35 , 255 , true
05-27 11:03:13.129 1058 1072 D DisplayOutputImpl: updateSupportModes type = 4
05-27 11:03:13.129 260 3320 D DisplayConfig: virtual Return vendor::display::config::V1_0::implementation::DisplayConfig::getSupportedModes(int32_t, vendor::display::config::V1_0::IDisplayConfig::getSupportedModes_cb): display[0] ret=0, supported modes count(19)
05-27 11:03:13.130 260 260 D DisplayConfig: virtual Return vendor::display::config::V1_0::implementation::DisplayConfig::getSupportedModes(int32_t, vendor::display::config::V1_0::IDisplayConfig::getSupportedModes_cb): display[0] ret=0, supported modes count(19)
05-27 11:03:13.130 260 260 W displayd: xxxxxxx: hdmi user strategy: 255
05-27 11:03:13.131 260 260 W displayd: xxxxxxx: getHDMINativeMode: use perfect hdmi mode(35) as native mode
05-27 11:03:13.131 1058 1072 D DisplayOutputImpl: updateSupportModes = 35 , 255 , true
05-27 11:03:13.134 1058 1072 E ccc : cccccc ColorHelper current get AUTO
05-27 11:03:13.517 1188 1188 D bbb : onStartCommand begin !!!!!!! data分区剩余 24846MB
05-27 11:03:13.520 1128 1128 D aaa : LedStatusService onStartCommand begin
05-27 11:03:13.523 1128 3541 D aaa : topPkg is -------------- :com.dangbei.haqusetting
05-27 11:03:13.510 1892 1892 I rainbow_flow: type=1400 audit(0.0:1264): avc: denied { ioctl } for path="/dev/spidev1.0" dev="tmpfs" ino=2205 ioctlcmd=0x6b00 scontext=u:r:init:s0 tcontext=u:object_r:device:s0 tclass=chr_file permissive=1
05-27 11:03:13.854 474 521 W IorapForwardingService: No service published for: iorapd
05-27 11:03:13.927 1114 1699 I OpenGLRenderer: Davey! duration=9223371691242ms; Flags=0, FrameTimelineVsyncId=11847, IntendedVsync=345611380778, Vsync=345611380778, InputEventId=0, HandleInputStart=345612104871, AnimationStart=345612112079, PerformTraversalsStart=345612405329, DrawStart=345613327621, FrameDeadline=345644714110, FrameInterval=345612093371, FrameStartTime=16666666, SyncQueued=345615042913, SyncStart=345615605038, IssueDrawCommandsStart=345616980454, SwapBuffers=345628732704, FrameCompleted=9223372036854775807, DequeueBufferDuration=55666, QueueBufferDuration=1356167, GpuCompleted=9223372036854775807, SwapBuffersCompleted=345631577038, DisplayPresentTime=1424119896220073320,
05-27 11:03:13.940 1114 1138 I OpenGLRenderer: Davey! duration=9223371691225ms; Flags=0, FrameTimelineVsyncId=11848, IntendedVsync=345628048108, Vsync=345628048108, InputEventId=0, HandleInputStart=345628898454, AnimationStart=345628904079, PerformTraversalsStart=345629229454, DrawStart=345629947329, FrameDeadline=345661381440, FrameInterval=345628889413, FrameStartTime=16666666, SyncQueued=345630590704, SyncStart=345631925663, IssueDrawCommandsStart=345633539079, SwapBuffers=345644389663, FrameCompleted=9223372036854775807, DequeueBufferDuration=39917, QueueBufferDuration=2816166, GpuCompleted=9223372036854775807, SwapBuffersCompleted=345648981079, DisplayPresentTime=1424121717286103432,
05-27 11:03:13.963 1114 1699 I OpenGLRenderer: Davey! duration=9223371691206ms; Flags=0, FrameTimelineVsyncId=11850, IntendedVsync=345644715438, Vsync=345644715438, InputEventId=0, HandleInputStart=345645422413, AnimationStart=345645427871, PerformTraversalsStart=345645869871, DrawStart=345646089496, FrameDeadline=345678048770, FrameInterval=345645410246, FrameStartTime=16666666, SyncQueued=345646165538, SyncStart=345649473913, IssueDrawCommandsStart=345650975829, SwapBuffers=345663236871, FrameCompleted=9223372036854775807, DequeueBufferDuration=2680917, QueueBufferDuration=13573916, GpuCompleted=9223372036854775807, SwapBuffersCompleted=345677867288, DisplayPresentTime=1362152451656326584,
05-27 11:03:13.974 658 658 E WifiHAL : wifi_get_link_stats: requestResponse Error:-5
05-27 11:03:13.976 474 607 E WifiVendorHal: getWifiLinkLayerStats_1_5_Internal(l.1191) failed {.code = ERROR_INVALID_ARGS, .description = }
05-27 11:03:13.992 1114 1138 I OpenGLRenderer: Davey! duration=9223371691177ms; Flags=0, FrameTimelineVsyncId=11852, IntendedVsync=345661383704, Vsync=345661383704, InputEventId=0, HandleInputStart=345662191079, AnimationStart=345662194829, PerformTraversalsStart=345662554246, DrawStart=345662738121, FrameDeadline=345694717036, FrameInterval=345662181913, FrameStartTime=16666666, SyncQueued=345662812538, SyncStart=345678229788, IssueDrawCommandsStart=345679748746, SwapBuffers=345693532954, FrameCompleted=9223372036854775807, DequeueBufferDuration=59708, QueueBufferDuration=10191583, GpuCompleted=9223372036854775807, SwapBuffersCompleted=345704794288, DisplayPresentTime=1361954195965967120,
05-27 11:03:14.015 1114 1138 I OpenGLRenderer: Davey! duration=9223371691154ms; Flags=0, FrameTimelineVsyncId=11854, IntendedVsync=345678011680, Vsync=345678011680, InputEventId=0, HandleInputStart=345684274329, AnimationStart=345684280038, PerformTraversalsStart=345684624288, DrawStart=345685866871, FrameDeadline=345711345012, FrameInterval=345684259538, FrameStartTime=16666666, SyncQueued=345686679288, SyncStart=345709356871, IssueDrawCommandsStart=345710912163, SwapBuffers=345723723579, FrameCompleted=9223372036854775807, DequeueBufferDuration=62458, QueueBufferDuration=7318083, GpuCompleted=9223372036854775807, SwapBuffersCompleted=345731899996, DisplayPresentTime=0,
05-27 11:03:14.044 1114 1138 I OpenGLRenderer: Davey! duration=9223371691140ms; Flags=0, FrameTimelineVsyncId=11855, IntendedVsync=345694678613, Vsync=345711345279, InputEventId=0, HandleInputStart=345711809954, AnimationStart=345711816079, PerformTraversalsStart=345712374996, DrawStart=345712645288, FrameDeadline=345728011945, FrameInterval=345711796871, FrameStartTime=16666666, SyncQueued=345712749621, SyncStart=345732370038, IssueDrawCommandsStart=345733967163, SwapBuffers=345745114579, FrameCompleted=9223372036854775807, DequeueBufferDuration=53125, QueueBufferDuration=14472833, GpuCompleted=9223372036854775807, SwapBuffersCompleted=345760449246, DisplayPresentTime=1424126699433710104,
05-27 11:03:14.066 1114 1699 I OpenGLRenderer: Davey! duration=9223371691101ms; Flags=0, FrameTimelineVsyncId=11859, IntendedVsync=345728001494, Vsync=345728001494, InputEventId=0, HandleInputStart=345734465204, AnimationStart=345734472163, PerformTraversalsStart=345735016371, DrawStart=345735263204, FrameDeadline=345761334826, FrameInterval=345734451788, FrameStartTime=16666666, SyncQueued=345735355621, SyncStart=345760730371, IssueDrawCommandsStart=345762027288, SwapBuffers=345770082413, FrameCompleted=9223372036854775807, DequeueBufferDuration=37375, QueueBufferDuration=12660125, GpuCompleted=9223372036854775807, SwapBuffersCompleted=345784528788, DisplayPresentTime=338705560,
05-27 11:03:14.311 1114 1138 I OpenGLRenderer: Davey! duration=9223371690857ms; Flags=0, FrameTimelineVsyncId=11887, IntendedVsync=345977980353, Vsync=345977980353, InputEventId=0, HandleInputStart=345979518288, AnimationStart=345979523746, PerformTraversalsStart=345979843371, DrawStart=345980125329, FrameDeadline=346011313685, FrameInterval=345979511204, FrameStartTime=16666666, SyncQueued=345980213621, SyncStart=345999715663, IssueDrawCommandsStart=346000993579, SwapBuffers=346018936954, FrameCompleted=9223372036854775807, DequeueBufferDuration=7834167, QueueBufferDuration=1298417, GpuCompleted=9223372036854775807, SwapBuffersCompleted=346020828413, DisplayPresentTime=0,
05-27 11:03:14.395 1114 1138 I OpenGLRenderer: Davey! duration=9223371690775ms; Flags=0, FrameTimelineVsyncId=11897, IntendedVsync=346061312845, Vsync=346061312845, InputEventId=0, HandleInputStart=346064076246, AnimationStart=346064079038, PerformTraversalsStart=346064508663, DrawStart=346064788329, FrameDeadline=346094646177, FrameInterval=346064067038, FrameStartTime=16666666, SyncQueued=346065031329, SyncStart=346082747038, IssueDrawCommandsStart=346083998954, SwapBuffers=346103587579, FrameCompleted=9223372036854775807, DequeueBufferDuration=8368459, QueueBufferDuration=1078250, GpuCompleted=9223372036854775807, SwapBuffersCompleted=346105247663, DisplayPresentTime=1361777998910455808,
05-27 11:03:14.494 1114 1310 I OpenGLRenderer: Davey! duration=9223371690677ms; Flags=0, FrameTimelineVsyncId=11909, IntendedVsync=346161314528, Vsync=346161314528, InputEventId=0, HandleInputStart=346165893330, AnimationStart=346165896580, PerformTraversalsStart=346166206580, DrawStart=346166377371, FrameDeadline=346194647860, FrameInterval=346165886080, FrameStartTime=16666666, SyncQueued=346166453330, SyncStart=346182463913, IssueDrawCommandsStart=346183573038, SwapBuffers=346196219705, FrameCompleted=9223372036854775807, DequeueBufferDuration=7874209, QueueBufferDuration=1228334, GpuCompleted=9223372036854775807, SwapBuffersCompleted=346203766580, DisplayPresentTime=1361744910482407424,
05-27 11:03:14.543 1114 1138 I OpenGLRenderer: Davey! duration=9223371690632ms; Flags=0, FrameTimelineVsyncId=11915, IntendedVsync=346211315939, Vsync=346211315939, InputEventId=0, HandleInputStart=346222932955, AnimationStart=346222937621, PerformTraversalsStart=346223854621, DrawStart=346224419788, FrameDeadline=346244649271, FrameInterval=346222925038, FrameStartTime=16666666, SyncQueued=346224737580, SyncStart=346235706913, IssueDrawCommandsStart=346237782955, SwapBuffers=346256779580, FrameCompleted=9223372036854775807, DequeueBufferDuration=1271041, QueueBufferDuration=1434000, GpuCompleted=9223372036854775807, SwapBuffersCompleted=346260078121, DisplayPresentTime=1362053736127843616,
05-27 11:03:14.856 474 521 W IorapForwardingService: No service published for: iorapd
05-27 11:03:15.004 474 757 I WifiService: startScan uid=1000
05-27 11:03:15.342 2184 2259 D UtilLog : 日志批量上报 进行正常循环 !!!!!!本次有0次请求,共0条数据
05-27 11:03:15.813 319 3334 D XM_HIDREAD: poll ret=1, event=1
05-27 11:03:15.813 319 3334 D XM_HIDREAD: [9 bytes]:01 00 00 4F 00 00 00 00 00
05-27 11:03:15.813 474 596 D TvWindowManager: key event key = KEYCODE_DPAD_RIGHT down = true
05-27 11:03:15.815 474 595 D GpioService: mFlickerEnable = true
05-27 11:03:15.816 2136 2136 I SogouIME: onKeyDown: keyoCode=22
05-27 11:03:15.816 2136 2136 I DefaultIMS: onKeyDown: keyoCode=22
05-27 11:03:15.829 2136 2136 I DefaultIMS: onStartInput attribute=android.view.inputmethod.EditorInfo@2bf5490 restarting=false inputType: 0
05-27 11:03:15.859 474 521 W IorapForwardingService: No service published for: iorapd
05-27 11:03:15.925 319 3334 D XM_HIDREAD: poll ret=1, event=1
05-27 11:03:15.926 319 3334 D XM_HIDREAD: [9 bytes]:01 00 00 00 00 00 00 00 00
05-27 11:03:15.926 474 596 D TvWindowManager: key event key = KEYCODE_DPAD_RIGHT down = false
05-27 11:03:15.927 3164 3180 I OpenGLRenderer: Davey! duration=9223371689237ms; Flags=0, FrameTimelineVsyncId=11926, IntendedVsync=347611524360, Vsync=347611524360, InputEventId=0, HandleInputStart=347612225914, AnimationStart=347612230372, PerformTraversalsStart=347612638330, DrawStart=347612754580, FrameDeadline=347644857692, FrameInterval=347612214747, FrameStartTime=16666666, SyncQueued=347612859789, SyncStart=347619057622, IssueDrawCommandsStart=347619914039, SwapBuffers=347624568872, FrameCompleted=9223372036854775807, DequeueBufferDuration=100834, QueueBufferDuration=1187708, GpuCompleted=9223372036854775807, SwapBuffersCompleted=347626593580, DisplayPresentTime=0,
05-27 11:03:15.930 2136 2136 I SogouIME: onKeyUp: keyoCode=22
05-27 11:03:15.930 2136 2136 I DefaultIMS: onKeyUp: keyoCode=22
05-27 11:03:15.944 3164 3180 I OpenGLRenderer: Davey! duration=9223371689226ms; Flags=0, FrameTimelineVsyncId=11928, IntendedVsync=347628191026, Vsync=347628191026, InputEventId=0, HandleInputStart=347628874205, AnimationStart=347628879955, PerformTraversalsStart=347630147872, DrawStart=347630769705, FrameDeadline=347661524358, FrameInterval=347628824497, FrameStartTime=16666666, SyncQueued=347630889789, SyncStart=347631037789, IssueDrawCommandsStart=347632266747, SwapBuffers=347644850455, FrameCompleted=9223372036854775807, DequeueBufferDuration=7583500, QueueBufferDuration=9993791, GpuCompleted=9223372036854775807, SwapBuffersCompleted=347656290830, DisplayPresentTime=0,
05-27 11:03:15.961 3164 3180 I OpenGLRenderer: Davey! duration=9223371689200ms; Flags=0, FrameTimelineVsyncId=11930, IntendedVsync=347644857692, Vsync=347644857692, InputEventId=0, HandleInputStart=347645672539, AnimationStart=347645679747, PerformTraversalsStart=347646389080, DrawStart=347646533247, FrameDeadline=347678191024, FrameInterval=347645658497, FrameStartTime=16666666, SyncQueued=347646660789, SyncStart=347656401205, IssueDrawCommandsStart=347656821872, SwapBuffers=347661335080, FrameCompleted=9223372036854775807, DequeueBufferDuration=35583, QueueBufferDuration=12045666, GpuCompleted=9223372036854775807, SwapBuffersCompleted=347674669497, DisplayPresentTime=0,
