05-27 11:03:15.977 3164 3180 I OpenGLRenderer: Davey! duration=9223371689181ms; Flags=0, FrameTimelineVsyncId=11932, IntendedVsync=347661467625, Vsync=347661467625, InputEventId=957689732, HandleInputStart=347662206497, AnimationStart=347662213205, PerformTraversalsStart=347662924747, DrawStart=347663072414, FrameDeadline=347694800957, FrameInterval=347662193247, FrameStartTime=16666666, SyncQueued=347663203330, SyncStart=347674831580, IssueDrawCommandsStart=347675394830, SwapBuffers=347680438372, FrameCompleted=9223372036854775807, DequeueBufferDuration=43917, QueueBufferDuration=11686000, GpuCompleted=9223372036854775807, SwapBuffersCompleted=347693312039, DisplayPresentTime=0,
05-27 11:03:15.996 3164 3180 I OpenGLRenderer: Davey! duration=9223371689163ms; Flags=0, FrameTimelineVsyncId=11934, IntendedVsync=347678125881, Vsync=347678125881, InputEventId=0, HandleInputStart=347678935622, AnimationStart=347678942455, PerformTraversalsStart=347679563039, DrawStart=347679708622, FrameDeadline=347711459213, FrameInterval=347678922455, FrameStartTime=16666666, SyncQueued=347679831830, SyncStart=347693451747, IssueDrawCommandsStart=347694103747, SwapBuffers=347700237747, FrameCompleted=9223372036854775807, DequeueBufferDuration=45625, QueueBufferDuration=10983583, GpuCompleted=9223372036854775807, SwapBuffersCompleted=347712376122, DisplayPresentTime=0,
05-27 11:03:16.010 3164 3213 I OpenGLRenderer: Davey! duration=9223371689143ms; Flags=0, FrameTimelineVsyncId=11936, IntendedVsync=347694652960, Vsync=347694652960, InputEventId=0, HandleInputStart=347695385705, AnimationStart=347695390705, PerformTraversalsStart=347695882122, DrawStart=347696058039, FrameDeadline=347727986292, FrameInterval=347695378247, FrameStartTime=16666666, SyncQueued=347696163497, SyncStart=347712520164, IssueDrawCommandsStart=347713146830, SwapBuffers=347717856997, FrameCompleted=9223372036854775807, DequeueBufferDuration=49458, QueueBufferDuration=11215250, GpuCompleted=9223372036854775807, SwapBuffersCompleted=347729925872, DisplayPresentTime=0,
05-27 11:03:16.026 3164 3180 I OpenGLRenderer: Davey! duration=9223371689127ms; Flags=0, FrameTimelineVsyncId=11938, IntendedVsync=347711247472, Vsync=347711247472, InputEventId=0, HandleInputStart=347713561497, AnimationStart=347713563955, PerformTraversalsStart=347714258997, DrawStart=347714369872, FrameDeadline=347744580804, FrameInterval=347713554997, FrameStartTime=16666666, SyncQueued=347714542205, SyncStart=347730152247, IssueDrawCommandsStart=347733286455, SwapBuffers=347737850830, FrameCompleted=9223372036854775807, DequeueBufferDuration=79125, QueueBufferDuration=2259917, GpuCompleted=9223372036854775807, SwapBuffersCompleted=347741092205, DisplayPresentTime=0,
05-27 11:03:16.059 3164 3180 I OpenGLRenderer: Davey! duration=9223371689104ms; Flags=0, FrameTimelineVsyncId=11942, IntendedVsync=347744542520, Vsync=347744542520, InputEventId=0, HandleInputStart=347745414914, AnimationStart=347745423039, PerformTraversalsStart=347746158789, DrawStart=347746346622, FrameDeadline=347777875852, FrameInterval=347745401414, FrameStartTime=16666666, SyncQueued=347746502872, SyncStart=347752453039, IssueDrawCommandsStart=347752960080, SwapBuffers=347756148164, FrameCompleted=9223372036854775807, DequeueBufferDuration=29750, QueueBufferDuration=1084083, GpuCompleted=9223372036854775807, SwapBuffersCompleted=347757899622, DisplayPresentTime=0,
05-27 11:03:16.320 319 3334 D XM_HIDREAD: poll ret=1, event=1
05-27 11:03:16.320 319 3334 D XM_HIDREAD: [9 bytes]:01 00 00 51 00 00 00 00 00
05-27 11:03:16.320 474 596 D TvWindowManager: key event key = KEYCODE_DPAD_DOWN down = true
05-27 11:03:16.321 474 595 D GpioService: mFlickerEnable = true
05-27 11:03:16.443 319 3334 D XM_HIDREAD: poll ret=1, event=1
05-27 11:03:16.443 319 3334 D XM_HIDREAD: [9 bytes]:01 00 00 00 00 00 00 00 00
05-27 11:03:16.444 474 596 D TvWindowManager: key event key = KEYCODE_DPAD_DOWN down = false
05-27 11:03:16.470 474 595 D GpioService: mFlickerEnable = true
05-27 11:03:16.472 2136 2136 I SogouIME: onKeyDown: keyoCode=20
05-27 11:03:16.472 2136 2136 I DefaultIMS: onKeyDown: keyoCode=20
05-27 11:03:16.478 2136 2136 I SogouIME: onKeyUp: keyoCode=20
05-27 11:03:16.478 2136 2136 I DefaultIMS: onKeyUp: keyoCode=20
05-27 11:03:16.491 2136 2136 I DefaultIMS: onStartInput attribute=android.view.inputmethod.EditorInfo@e9b1189 restarting=false inputType: 0
05-27 11:03:16.805 474 2657 D WifiNl80211Manager: Scan result ready event
05-27 11:03:16.805 474 2657 D WifiNative: Scan result ready event
05-27 11:03:16.837 474 611 W IE_Capabilities: Unknown RSN cipher suite: 6ac0f00
05-27 11:03:16.850 474 611 W IE_Capabilities: Unknown RSN cipher suite: 6ac0f00
05-27 11:03:16.861 474 521 W IorapForwardingService: No service published for: iorapd
05-27 11:03:16.876 3164 3215 E ccc : cccccc SCAN_RESULTS_AVAILABLE_ACTION hhhh
05-27 11:03:16.880 474 607 D PasspointManager: ANQP entry not found for: 10:7c:61:1a:4b:94:<5G>
05-27 11:03:16.881 474 607 D PasspointManager: ANQP entry not found for: 52:33:f0:3b:7e:a2:
05-27 11:03:16.883 474 607 D PasspointManager: ANQP entry not found for: 50:33:f0:5b:7e:a2:
05-27 11:03:16.883 1114 1114 E hq : NetWorkStateReceiver:::NetWorkStateReceiver onReceive: 网络变化广播 >>>> intent.action=android.net.wifi.SCAN_RESULTS
05-27 11:03:16.888 474 607 D PasspointManager: ANQP entry not found for: 10:7c:61:1a:4b:90:<2>
05-27 11:03:16.893 658 658 E WifiHAL : wifi_get_link_stats: requestResponse Error:-5
05-27 11:03:16.895 474 607 E WifiVendorHal: getWifiLinkLayerStats_1_5_Internal(l.1191) failed {.code = ERROR_INVALID_ARGS, .description = }
05-27 11:03:16.925 1114 1114 W eventbuscore: post Event:com.dangbei.leard.base.entity.event.NetWifiRssiEvent
05-27 11:03:16.992 1114 1138 I OpenGLRenderer: Davey! duration=9223371688243ms; Flags=0, FrameTimelineVsyncId=11955, IntendedVsync=348611065982, Vsync=348661065980, InputEventId=0, HandleInputStart=348668246956, AnimationStart=348668253164, PerformTraversalsStart=348669197581, DrawStart=348670522164, FrameDeadline=348644399314, FrameInterval=348668234706, FrameStartTime=16666666, SyncQueued=348672999247, SyncStart=348673406206, IssueDrawCommandsStart=348674874622, SwapBuffers=348689421747, FrameCompleted=9223372036854775807, DequeueBufferDuration=59917, QueueBufferDuration=1496625, GpuCompleted=9223372036854775807, SwapBuffersCompleted=348706702497, DisplayPresentTime=1424004206980961320,
05-27 11:03:16.997 658 658 E WifiHAL : wifi_get_link_stats: requestResponse Error:-5
05-27 11:03:17.001 474 607 E WifiVendorHal: getWifiLinkLayerStats_1_5_Internal(l.1191) failed {.code = ERROR_INVALID_ARGS, .description = }
05-27 11:03:17.023 1114 1138 I OpenGLRenderer: Davey! duration=9223371688151ms; Flags=0, FrameTimelineVsyncId=11957, IntendedVsync=348677708606, Vsync=348677708606, InputEventId=0, HandleInputStart=348680447664, AnimationStart=348680453164, PerformTraversalsStart=348680793997, DrawStart=348681367497, FrameDeadline=348711041938, FrameInterval=348680436872, FrameStartTime=16666666, SyncQueued=348681871914, SyncStart=348707081081, IssueDrawCommandsStart=348708799289, SwapBuffers=348726041747, FrameCompleted=9223372036854775807, DequeueBufferDuration=43459, QueueBufferDuration=1854750, GpuCompleted=9223372036854775807, SwapBuffersCompleted=348729264664, DisplayPresentTime=1424327944104312832,
05-27 11:03:17.039 1114 1138 I OpenGLRenderer: Davey! duration=9223371688141ms; Flags=0, FrameTimelineVsyncId=11958, IntendedVsync=348694369262, Vsync=348694369262, InputEventId=0, HandleInputStart=348709773331, AnimationStart=348709778872, PerformTraversalsStart=348710217414, DrawStart=348710438206, FrameDeadline=348727702594, FrameInterval=348709761831, FrameStartTime=16666666, SyncQueued=348710526664, SyncStart=348729712206, IssueDrawCommandsStart=348731288122, SwapBuffers=348745705664, FrameCompleted=9223372036854775807, DequeueBufferDuration=64917, QueueBufferDuration=6128208, GpuCompleted=9223372036854775807, SwapBuffersCompleted=348753545414, DisplayPresentTime=1361818405962776576,
05-27 11:03:17.065 1114 1138 I OpenGLRenderer: Davey! duration=9223371688122ms; Flags=0, FrameTimelineVsyncId=11960, IntendedVsync=348711029918, Vsync=348727696584, InputEventId=0, HandleInputStart=348732302164, AnimationStart=348732305206, PerformTraversalsStart=348732786539, DrawStart=348733029706, FrameDeadline=348744363250, FrameInterval=348732288206, FrameStartTime=16666666, SyncQueued=348733121831, SyncStart=348754043497, IssueDrawCommandsStart=348755518122, SwapBuffers=348763444247, FrameCompleted=9223372036854775807, DequeueBufferDuration=60291, QueueBufferDuration=16136500, GpuCompleted=9223372036854775807, SwapBuffersCompleted=348780799831, DisplayPresentTime=1424006783961339528,
05-27 11:03:17.091 3164 3180 I OpenGLRenderer: Davey! duration=9223371688176ms; Flags=0, FrameTimelineVsyncId=11957, IntendedVsync=348677708606, Vsync=348677708606, InputEventId=0, HandleInputStart=348678339789, AnimationStart=348678345122, PerformTraversalsStart=348768659414, DrawStart=348768827706, FrameDeadline=348694375272, FrameInterval=348678330539, FrameStartTime=16666666, SyncQueued=348772444289, SyncStart=348772623122, IssueDrawCommandsStart=348773761122, SwapBuffers=348777570706, FrameCompleted=9223372036854775807, DequeueBufferDuration=39167, QueueBufferDuration=1022084, GpuCompleted=9223372036854775807, SwapBuffersCompleted=348779145164, DisplayPresentTime=0,
05-27 11:03:17.091 1114 1138 I OpenGLRenderer: Davey! duration=9223371688080ms; Flags=0, FrameTimelineVsyncId=11963, IntendedVsync=348744503461, Vsync=348744503461, InputEventId=0, HandleInputStart=348756067081, AnimationStart=348756071747, PerformTraversalsStart=348756495997, DrawStart=348756716997, FrameDeadline=348777836793, FrameInterval=348756059872, FrameStartTime=16666666, SyncQueued=348756805664, SyncStart=348786539039, IssueDrawCommandsStart=348788080122, SwapBuffers=348792665664, FrameCompleted=9223372036854775807, DequeueBufferDuration=71250, QueueBufferDuration=13717125, GpuCompleted=9223372036854775807, SwapBuffersCompleted=348807897706, DisplayPresentTime=1361416500103086080,
05-27 11:03:17.110 3164 3180 I OpenGLRenderer: Davey! duration=9223371688156ms; Flags=0, FrameTimelineVsyncId=11958, IntendedVsync=348694369262, Vsync=348761035926, InputEventId=0, HandleInputStart=348774027831, AnimationStart=348774030039, PerformTraversalsStart=348774257747, DrawStart=348774346122, FrameDeadline=348727702594, FrameInterval=348774020456, FrameStartTime=16666666, SyncQueued=348774878831, SyncStart=348779272497, IssueDrawCommandsStart=348780223247, SwapBuffers=348788956956, FrameCompleted=9223372036854775807, DequeueBufferDuration=55667, QueueBufferDuration=34129833, GpuCompleted=9223372036854775807, SwapBuffersCompleted=348827028872, DisplayPresentTime=0,
05-27 11:03:17.129 1114 1138 I OpenGLRenderer: Davey! duration=9223371688078ms; Flags=0, FrameTimelineVsyncId=11965, IntendedVsync=348761249415, Vsync=348777916081, InputEventId=0, HandleInputStart=348789452164, AnimationStart=348789457747, PerformTraversalsStart=348790541497, DrawStart=348791517706, FrameDeadline=348794582747, FrameInterval=348789435872, FrameStartTime=16666666, SyncQueued=348793487664, SyncStart=348808469331, IssueDrawCommandsStart=348810153747, SwapBuffers=348819219997, FrameCompleted=9223372036854775807, DequeueBufferDuration=67125, QueueBufferDuration=1103625, GpuCompleted=9223372036854775807, SwapBuffersCompleted=348821058372, DisplayPresentTime=1423658754156926336,
05-27 11:03:17.140 319 3334 D XM_HIDREAD: poll ret=1, event=1
05-27 11:03:17.140 319 3334 D XM_HIDREAD: [9 bytes]:01 00 00 52 00 00 00 00 00
05-27 11:03:17.141 474 596 D TvWindowManager: key event key = KEYCODE_DPAD_UP down = true
05-27 11:03:17.142 474 595 D GpioService: mFlickerEnable = true
05-27 11:03:17.143 2136 2136 I SogouIME: onKeyDown: keyoCode=19
05-27 11:03:17.143 2136 2136 I DefaultIMS: onKeyDown: keyoCode=19
05-27 11:03:17.156 1114 1138 I OpenGLRenderer: Davey! duration=9223371688050ms; Flags=0, FrameTimelineVsyncId=11969, IntendedVsync=348794599068, Vsync=348794599068, InputEventId=0, HandleInputStart=348810678331, AnimationStart=348810683456, PerformTraversalsStart=348811113164, DrawStart=348811364122, FrameDeadline=348827932400, FrameInterval=348810669289, FrameStartTime=16666666, SyncQueued=348811464956, SyncStart=348821301497, IssueDrawCommandsStart=348822132247, SwapBuffers=348827573164, FrameCompleted=9223372036854775807, DequeueBufferDuration=23708, QueueBufferDuration=43069792, GpuCompleted=9223372036854775807, SwapBuffersCompleted=348871942997, DisplayPresentTime=1361916537692697336,
05-27 11:03:17.163 2136 2136 I DefaultIMS: onStartInput attribute=android.view.inputmethod.EditorInfo@54658e restarting=false inputType: 0
05-27 11:03:17.177 3164 3180 I OpenGLRenderer: Davey! duration=9223371687976ms; Flags=0, FrameTimelineVsyncId=11976, IntendedVsync=348877966167, Vsync=348877966167, InputEventId=306552928, HandleInputStart=348878598331, AnimationStart=348878603706, PerformTraversalsStart=348878610831, DrawStart=348886084956, FrameDeadline=348911299499, FrameInterval=348878588789, FrameStartTime=16666666, SyncQueued=348887207664, SyncStart=348887441081, IssueDrawCommandsStart=348888555247, SwapBuffers=348892555331, FrameCompleted=9223372036854775807, DequeueBufferDuration=39875, QueueBufferDuration=1866833, GpuCompleted=9223372036854775807, SwapBuffersCompleted=348895375164, DisplayPresentTime=0,
05-27 11:03:17.178 1114 1138 I OpenGLRenderer: Davey! duration=9223371687994ms; Flags=0, FrameTimelineVsyncId=11971, IntendedVsync=348811263833, Vsync=348811263833, InputEventId=0, HandleInputStart=348822441997, AnimationStart=348822444039, PerformTraversalsStart=348822690456, DrawStart=348822875372, FrameDeadline=348844597165, FrameInterval=348822436039, FrameStartTime=16666666, SyncQueued=348822942789, SyncStart=348872329872, IssueDrawCommandsStart=348874365789, SwapBuffers=348887059831, FrameCompleted=9223372036854775807, DequeueBufferDuration=86750, QueueBufferDuration=4794500, GpuCompleted=9223372036854775807, SwapBuffersCompleted=348892717206, DisplayPresentTime=331553488,
05-27 11:03:17.194 1114 1310 I OpenGLRenderer: Davey! duration=9223371688010ms; Flags=0, FrameTimelineVsyncId=11973, IntendedVsync=348827947995, Vsync=348861281327, InputEventId=0, HandleInputStart=348874896164, AnimationStart=348874901747, PerformTraversalsStart=348876136372, DrawStart=348876425122, FrameDeadline=348861281327, FrameInterval=348874882831, FrameStartTime=16666666, SyncQueued=348876532831, SyncStart=348893010247, IssueDrawCommandsStart=348894877831, SwapBuffers=348902088581, FrameCompleted=9223372036854775807, DequeueBufferDuration=94083, QueueBufferDuration=4642125, GpuCompleted=9223372036854775807, SwapBuffersCompleted=348908374331, DisplayPresentTime=1424012040986904792,
05-27 11:03:17.287 319 3334 D XM_HIDREAD: poll ret=1, event=1
05-27 11:03:17.288 474 596 D TvWindowManager: key event key = KEYCODE_DPAD_UP down = false
05-27 11:03:17.288 319 3334 D XM_HIDREAD: [9 bytes]:01 00 00 00 00 00 00 00 00
05-27 11:03:17.292 2136 2136 I SogouIME: onKeyUp: keyoCode=19
05-27 11:03:17.292 2136 2136 I DefaultIMS: onKeyUp: keyoCode=19
05-27 11:03:17.355 260 3320 D DisplayConfig: virtual Return vendor::display::config::V1_0::implementation::DisplayConfig::getSupportedModes(int32_t, vendor::display::config::V1_0::IDisplayConfig::getSupportedModes_cb): display[0] ret=0, supported modes count(19)
05-27 11:03:17.357 260 260 W displayd: xxxxxxx: hdmi user strategy: 255
05-27 11:03:17.358 260 260 W displayd: xxxxxxx: getHDMINativeMode: use perfect hdmi mode(35) as native mode
05-27 11:03:17.359 1058 1072 D DisplayOutputImpl: getDisplayOutputMode = 35 , 255 , true
05-27 11:03:17.359 1058 1072 D DisplayOutputImpl: updateSupportModes type = 4
05-27 11:03:17.360 260 260 D DisplayConfig: virtual Return vendor::display::config::V1_0::implementation::DisplayConfig::getSupportedModes(int32_t, vendor::display::config::V1_0::IDisplayConfig::getSupportedModes_cb): display[0] ret=0, supported modes count(19)
05-27 11:03:17.361 260 260 D DisplayConfig: virtual Return vendor::display::config::V1_0::implementation::DisplayConfig::getSupportedModes(int32_t, vendor::display::config::V1_0::IDisplayConfig::getSupportedModes_cb): display[0] ret=0, supported modes count(19)
05-27 11:03:17.362 260 260 W displayd: xxxxxxx: hdmi user strategy: 255
05-27 11:03:17.362 260 260 W displayd: xxxxxxx: getHDMINativeMode: use perfect hdmi mode(35) as native mode
05-27 11:03:17.362 1058 1072 D DisplayOutputImpl: updateSupportModes = 35 , 255 , true
05-27 11:03:17.365 1058 1072 E ccc : cccccc ColorHelper current get AUTO
05-27 11:03:17.411 3164 3180 I OpenGLRenderer: Davey! duration=9223371687776ms; Flags=0, FrameTimelineVsyncId=11999, IntendedVsync=349077987697, Vsync=349077987697, InputEventId=469816583, HandleInputStart=349094235706, AnimationStart=349094240123, PerformTraversalsStart=349094243956, DrawStart=349098596164, FrameDeadline=349111321029, FrameInterval=349094227331, FrameStartTime=16666666, SyncQueued=349101311664, SyncStart=349101593289, IssueDrawCommandsStart=349104678414, SwapBuffers=349109536581, FrameCompleted=9223372036854775807, DequeueBufferDuration=77917, QueueBufferDuration=1236416, GpuCompleted=9223372036854775807, SwapBuffersCompleted=349111441914, DisplayPresentTime=0,
05-27 11:03:17.411 1114 1310 I OpenGLRenderer: Davey! duration=9223371687783ms; Flags=0, FrameTimelineVsyncId=11997, IntendedVsync=349061320954, Vsync=349077987620, InputEventId=0, HandleInputStart=349078752789, AnimationStart=349078758039, PerformTraversalsStart=349079179498, DrawStart=349079340081, FrameDeadline=349094654286, FrameInterval=349078740331, FrameStartTime=16666666, SyncQueued=349080658289, SyncStart=349090175289, IssueDrawCommandsStart=349091126414, SwapBuffers=349110323664, FrameCompleted=9223372036854775807, DequeueBufferDuration=14166375, QueueBufferDuration=1421834, GpuCompleted=9223372036854775807, SwapBuffersCompleted=349112337831, DisplayPresentTime=1361378395153235968,
05-27 11:03:17.426 3164 3213 I OpenGLRenderer: Davey! duration=9223371687743ms; Flags=0, FrameTimelineVsyncId=12003, IntendedVsync=349111319762, Vsync=349111319762, InputEventId=0, HandleInputStart=349112084414, AnimationStart=349112088789, PerformTraversalsStart=349117264373, DrawStart=349117380748, FrameDeadline=349144653094, FrameInterval=349112074081, FrameStartTime=16666666, SyncQueued=349118520331, SyncStart=349118704123, IssueDrawCommandsStart=349120088581, SwapBuffers=349130426164, FrameCompleted=9223372036854775807, DequeueBufferDuration=53791, QueueBufferDuration=906125, GpuCompleted=9223372036854775807, SwapBuffersCompleted=349132106498, DisplayPresentTime=0,
05-27 11:03:17.427 1114 1310 I OpenGLRenderer: Davey! duration=9223371687743ms; Flags=0, FrameTimelineVsyncId=12001, IntendedVsync=349094653921, Vsync=349094653921, InputEventId=0, HandleInputStart=349095308456, AnimationStart=349095311956, PerformTraversalsStart=349095762331, DrawStart=349096040539, FrameDeadline=349127987253, FrameInterval=349095300206, FrameStartTime=16666666, SyncQueued=349096153206, SyncStart=349112624081, IssueDrawCommandsStart=349113851331, SwapBuffers=349126367831, FrameCompleted=9223372036854775807, DequeueBufferDuration=7567625, QueueBufferDuration=11796542, GpuCompleted=9223372036854775807, SwapBuffersCompleted=349139046831, DisplayPresentTime=334276448,
05-27 11:03:17.594 1114 1699 I OpenGLRenderer: Davey! duration=9223371687581ms; Flags=0, FrameTimelineVsyncId=12019, IntendedVsync=349261305945, Vsync=349261305945, InputEventId=0, HandleInputStart=349270358998, AnimationStart=349270363706, PerformTraversalsStart=349271427289, DrawStart=349271976748, FrameDeadline=349294639277, FrameInterval=349270350706, FrameStartTime=16666666, SyncQueued=349272399248, SyncStart=349283908623, IssueDrawCommandsStart=349285502956, SwapBuffers=349307667914, FrameCompleted=9223372036854775807, DequeueBufferDuration=5783333, QueueBufferDuration=2346292, GpuCompleted=9223372036854775807, SwapBuffersCompleted=349311425373, DisplayPresentTime=1362134618634977280,
05-27 11:03:17.863 474 521 W IorapForwardingService: No service published for: iorapd
05-27 11:03:18.865 474 521 W IorapForwardingService: No service published for: iorapd
05-27 11:03:19.868 474 521 W IorapForwardingService: No service published for: iorapd
05-27 11:03:19.943 1114 1699 I OpenGLRenderer: Davey! duration=9223371685226ms; Flags=0, FrameTimelineVsyncId=12025, IntendedVsync=351627980905, Vsync=351627980905, InputEventId=0, HandleInputStart=351628413415, AnimationStart=351628416665, PerformTraversalsStart=351628590332, DrawStart=351629412915, FrameDeadline=351661314237, FrameInterval=351628405790, FrameStartTime=16666666, SyncQueued=351630399249, SyncStart=351630681665, IssueDrawCommandsStart=351631484624, SwapBuffers=351648759832, FrameCompleted=9223372036854775807, DequeueBufferDuration=37000, QueueBufferDuration=1366000, GpuCompleted=9223372036854775807, SwapBuffersCompleted=351651792332, DisplayPresentTime=1361396915052216320,
05-27 11:03:19.956 1114 1310 I OpenGLRenderer: Davey! duration=9223371685204ms; Flags=0, FrameTimelineVsyncId=12026, IntendedVsync=351644647571, Vsync=351644647571, InputEventId=0, HandleInputStart=351645217832, AnimationStart=351645222415, PerformTraversalsStart=351645469582, DrawStart=351645953124, FrameDeadline=351677980903, FrameInterval=351645208707, FrameStartTime=16666666, SyncQueued=351646454624, SyncStart=351652217499, IssueDrawCommandsStart=351653792249, SwapBuffers=351665019040, FrameCompleted=9223372036854775807, DequeueBufferDuration=39167, QueueBufferDuration=3547833, GpuCompleted=9223372036854775807, SwapBuffersCompleted=351669442790, DisplayPresentTime=1362142452986794624,
05-27 11:03:19.982 1114 1310 I OpenGLRenderer: Davey! duration=9223371685185ms; Flags=0, FrameTimelineVsyncId=12028, IntendedVsync=351661489622, Vsync=351661489622, InputEventId=0, HandleInputStart=351662116249, AnimationStart=351662120707, PerformTraversalsStart=351662450749, DrawStart=351662666249, FrameDeadline=351694822954, FrameInterval=351662105499, FrameStartTime=16666666, SyncQueued=351662739040, SyncStart=351670814832, IssueDrawCommandsStart=351672473832, SwapBuffers=351687671707, FrameCompleted=9223372036854775807, DequeueBufferDuration=61125, QueueBufferDuration=9988541, GpuCompleted=9223372036854775807, SwapBuffersCompleted=351699055374, DisplayPresentTime=1361575654742748856,
05-27 11:03:20.010 1114 1310 I OpenGLRenderer: Davey! duration=9223371685156ms; Flags=0, FrameTimelineVsyncId=12030, IntendedVsync=351678156288, Vsync=351678156288, InputEventId=0, HandleInputStart=351678814624, AnimationStart=351678818749, PerformTraversalsStart=351679106707, DrawStart=351679306790, FrameDeadline=351711489620, FrameInterval=351678803749, FrameStartTime=16666666, SyncQueued=351679387665, SyncStart=351699393499, IssueDrawCommandsStart=351700651249, SwapBuffers=351713983540, FrameCompleted=9223372036854775807, DequeueBufferDuration=43375, QueueBufferDuration=9580625, GpuCompleted=9223372036854775807, SwapBuffersCompleted=351724990124, DisplayPresentTime=1423655524341469744,
05-27 11:03:20.019 658 658 E WifiHAL : wifi_get_link_stats: requestResponse Error:-5
05-27 11:03:20.021 474 607 E WifiVendorHal: getWifiLinkLayerStats_1_5_Internal(l.1191) failed {.code = ERROR_INVALID_ARGS, .description = }
05-27 11:03:20.040 1114 1699 I OpenGLRenderer: Davey! duration=9223371685129ms; Flags=0, FrameTimelineVsyncId=12032, IntendedVsync=351694822954, Vsync=351694822954, InputEventId=0, HandleInputStart=351701744165, AnimationStart=351701746957, PerformTraversalsStart=351702032165, DrawStart=351702656499, FrameDeadline=351728156286, FrameInterval=351701735540, FrameStartTime=16666666, SyncQueued=351703375582, SyncStart=351734062332, IssueDrawCommandsStart=351736182790, SwapBuffers=351745991374, FrameCompleted=9223372036854775807, DequeueBufferDuration=44875, QueueBufferDuration=4469375, GpuCompleted=9223372036854775807, SwapBuffersCompleted=351752120790, DisplayPresentTime=1362073630099374080,
05-27 11:03:20.064 1114 1699 I OpenGLRenderer: Davey! duration=9223371685127ms; Flags=0, FrameTimelineVsyncId=12033, IntendedVsync=351711489620, Vsync=351728156286, InputEventId=0, HandleInputStart=351736553332, AnimationStart=351736556290, PerformTraversalsStart=351736833624, DrawStart=351737019415, FrameDeadline=351744822952, FrameInterval=351736545374, FrameStartTime=16666666, SyncQueued=351737088999, SyncStart=351752725832, IssueDrawCommandsStart=351754363207, SwapBuffers=351764186457, FrameCompleted=9223372036854775807, DequeueBufferDuration=59459, QueueBufferDuration=15092959, GpuCompleted=9223372036854775807, SwapBuffersCompleted=351780204874, DisplayPresentTime=1361440552236965016,
05-27 11:03:20.090 1114 1699 I OpenGLRenderer: Davey! duration=9223371685084ms; Flags=0, FrameTimelineVsyncId=12036, IntendedVsync=351744839012, Vsync=351744839012, InputEventId=0, HandleInputStart=351754831999, AnimationStart=351754836832, PerformTraversalsStart=351755304207, DrawStart=351755568374, FrameDeadline=351778172344, FrameInterval=351754820874, FrameStartTime=16666666, SyncQueued=351755663707, SyncStart=351780626499, IssueDrawCommandsStart=351782156207, SwapBuffers=351790843957, FrameCompleted=9223372036854775807, DequeueBufferDuration=63041, QueueBufferDuration=15140750, GpuCompleted=9223372036854775807, SwapBuffersCompleted=351806985041, DisplayPresentTime=1424048771547152376,
05-27 11:03:20.114 1114 1699 I OpenGLRenderer: Davey! duration=9223371685069ms; Flags=0, FrameTimelineVsyncId=12038, IntendedVsync=351761506851, Vsync=351778173517, InputEventId=0, HandleInputStart=351782789374, AnimationStart=351782792707, PerformTraversalsStart=351783275041, DrawStart=351783660416, FrameDeadline=351794840183, FrameInterval=351782777457, FrameStartTime=16666666, SyncQueued=351783751999, SyncStart=351807364166, IssueDrawCommandsStart=351808693249, SwapBuffers=351811916874, FrameCompleted=9223372036854775807, DequeueBufferDuration=46584, QueueBufferDuration=18333375, GpuCompleted=9223372036854775807, SwapBuffersCompleted=351831193624, DisplayPresentTime=1361632519778205696,
05-27 11:03:20.211 1114 1699 I OpenGLRenderer: Davey! duration=9223371684948ms; Flags=0, FrameTimelineVsyncId=12053, IntendedVsync=351894571910, Vsync=351894571910, InputEventId=0, HandleInputStart=351895119499, AnimationStart=351895125124, PerformTraversalsStart=351895430749, DrawStart=351895604374, FrameDeadline=351927905242, FrameInterval=351895109707, FrameStartTime=16666666, SyncQueued=351895681166, SyncStart=351907523749, IssueDrawCommandsStart=351908755707, SwapBuffers=351924147124, FrameCompleted=9223372036854775807, DequeueBufferDuration=883708, QueueBufferDuration=1472125, GpuCompleted=9223372036854775807, SwapBuffersCompleted=351926763457, DisplayPresentTime=1424058392273833824,
05-27 11:03:20.227 1114 1699 I OpenGLRenderer: Davey! duration=9223371684928ms; Flags=0, FrameTimelineVsyncId=12055, IntendedVsync=351911231658, Vsync=351911231658, InputEventId=0, HandleInputStart=351911796707, AnimationStart=351911802291, PerformTraversalsStart=351912238582, DrawStart=351912415416, FrameDeadline=351944564990, FrameInterval=351911785874, FrameStartTime=16666666, SyncQueued=351912492416, SyncStart=351927487499, IssueDrawCommandsStart=351931804291, SwapBuffers=351941631499, FrameCompleted=9223372036854775807, DequeueBufferDuration=240125, QueueBufferDuration=1309833, GpuCompleted=9223372036854775807, SwapBuffersCompleted=351944160499, DisplayPresentTime=1424059457440178224,
05-27 11:03:20.377 1114 1138 I OpenGLRenderer: Davey! duration=9223371684796ms; Flags=0, FrameTimelineVsyncId=12070, IntendedVsync=352044559099, Vsync=352044559099, InputEventId=0, HandleInputStart=352051890166, AnimationStart=352051893707, PerformTraversalsStart=352052244166, DrawStart=352052416499, FrameDeadline=352077892431, FrameInterval=352051884082, FrameStartTime=16666666, SyncQueued=352052491166, SyncStart=352066530624, IssueDrawCommandsStart=352067721249, SwapBuffers=352079439957, FrameCompleted=9223372036854775807, DequeueBufferDuration=7797917, QueueBufferDuration=1209792, GpuCompleted=9223372036854775807, SwapBuffersCompleted=352086115541, DisplayPresentTime=1424068803289108200,
05-27 11:03:20.478 1114 1310 I OpenGLRenderer: Davey! duration=9223371684708ms; Flags=0, FrameTimelineVsyncId=12080, IntendedVsync=352127955275, Vsync=352127955275, InputEventId=0, HandleInputStart=352131819916, AnimationStart=352131822457, PerformTraversalsStart=352132183999, DrawStart=352132346582, FrameDeadline=352161288607, FrameInterval=352131813374, FrameStartTime=16666666, SyncQueued=352132418457, SyncStart=352150756332, IssueDrawCommandsStart=352152091166, SwapBuffers=352175325874, FrameCompleted=9223372036854775807, DequeueBufferDuration=7697542, QueueBufferDuration=1268667, GpuCompleted=9223372036854775807, SwapBuffersCompleted=352177344957, DisplayPresentTime=1361786966802169856,
05-27 11:03:20.560 1114 1699 I OpenGLRenderer: Davey! duration=9223371684615ms; Flags=0, FrameTimelineVsyncId=12091, IntendedVsync=352227979837, Vsync=352227979837, InputEventId=0, HandleInputStart=352238285291, AnimationStart=352238287499, PerformTraversalsStart=352239076082, DrawStart=352239487041, FrameDeadline=352261313169, FrameInterval=352238280624, FrameStartTime=16666666, SyncQueued=352239735707, SyncStart=352251372041, IssueDrawCommandsStart=352252731041, SwapBuffers=352261763124, FrameCompleted=9223372036854775807, DequeueBufferDuration=1465166, QueueBufferDuration=1393500, GpuCompleted=9223372036854775807, SwapBuffersCompleted=352264121916, DisplayPresentTime=1361614412513094376,
05-27 11:03:20.870 474 521 W IorapForwardingService: No service published for: iorapd
05-27 11:03:21.549 1188 1188 D bbb : onStartCommand begin !!!!!!! data分区剩余 24846MB
05-27 11:03:21.551 1128 1128 D aaa : LedStatusService onStartCommand begin
05-27 11:03:21.553 1128 3553 D aaa : topPkg is -------------- :com.dangbei.haqusetting
05-27 11:03:21.856 266 294 D hdmi-cec: receive invalid cec message!
05-27 11:03:21.856 266 294 D hdmi-cec: receive poll message [04], skip!
05-27 11:03:21.872 474 521 W IorapForwardingService: No service published for: iorapd
05-27 11:03:22.496 319 3334 D XM_HIDREAD: poll ret=1, event=1
05-27 11:03:22.497 319 3334 D XM_HIDREAD: [9 bytes]:01 00 00 51 00 00 00 00 00
05-27 11:03:22.497 474 596 D TvWindowManager: key event key = KEYCODE_DPAD_DOWN down = true
05-27 11:03:22.498 474 595 D GpioService: mFlickerEnable = true
05-27 11:03:22.647 474 595 D GpioService: mFlickerEnable = true
05-27 11:03:22.649 2136 2136 I SogouIME: onKeyDown: keyoCode=20
05-27 11:03:22.649 2136 2136 I DefaultIMS: onKeyDown: keyoCode=20
05-27 11:03:22.654 319 3334 D XM_HIDREAD: poll ret=1, event=1
05-27 11:03:22.654 319 3334 D XM_HIDREAD: [9 bytes]:01 00 00 00 00 00 00 00 00
05-27 11:03:22.654 474 596 D TvWindowManager: key event key = KEYCODE_DPAD_DOWN down = false
05-27 11:03:22.658 2136 2136 I SogouIME: onKeyUp: keyoCode=20
05-27 11:03:22.658 2136 2136 I DefaultIMS: onKeyUp: keyoCode=20
05-27 11:03:22.675 2136 2136 I DefaultIMS: onStartInput attribute=android.view.inputmethod.EditorInfo@4b4b1af restarting=false inputType: 0
05-27 11:03:22.874 474 521 W IorapForwardingService: No service published for: iorapd
05-27 11:03:22.942 1114 1699 I OpenGLRenderer: Davey! duration=9223371682226ms; Flags=0, FrameTimelineVsyncId=12103, IntendedVsync=354627994317, Vsync=354627994317, InputEventId=0, HandleInputStart=354628608417, AnimationStart=354628614334, PerformTraversalsStart=354628890459, DrawStart=354630003375, FrameDeadline=354661327649, FrameInterval=354628596792, FrameStartTime=16666666, SyncQueued=354631563709, SyncStart=354631987250, IssueDrawCommandsStart=354633419750, SwapBuffers=354646804000, FrameCompleted=9223372036854775807, DequeueBufferDuration=57209, QueueBufferDuration=1525458, GpuCompleted=9223372036854775807, SwapBuffersCompleted=354649705417, DisplayPresentTime=0,
05-27 11:03:22.957 1114 1699 I OpenGLRenderer: Davey! duration=9223371682207ms; Flags=0, FrameTimelineVsyncId=12104, IntendedVsync=354644648421, Vsync=354644648421, InputEventId=0, HandleInputStart=354645567667, AnimationStart=354645572250, PerformTraversalsStart=354645896334, DrawStart=354646625167, FrameDeadline=354677981753, FrameInterval=354645541459, FrameStartTime=16666666, SyncQueued=354647221500, SyncStart=354650044209, IssueDrawCommandsStart=354651628000, SwapBuffers=354663549250, FrameCompleted=9223372036854775807, DequeueBufferDuration=47541, QueueBufferDuration=3304625, GpuCompleted=9223372036854775807, SwapBuffersCompleted=354667860000, DisplayPresentTime=1361948526291976192,
05-27 11:03:22.980 1114 1699 I OpenGLRenderer: Davey! duration=9223371682193ms; Flags=0, FrameTimelineVsyncId=12106, IntendedVsync=354661302525, Vsync=354661302525, InputEventId=0, HandleInputStart=354666999917, AnimationStart=354667006292, PerformTraversalsStart=354667420167, DrawStart=354667749084, FrameDeadline=354694635857, FrameInterval=354666987084, FrameStartTime=16666666, SyncQueued=354669370959, SyncStart=354669812584, IssueDrawCommandsStart=354671464042, SwapBuffers=354681722834, FrameCompleted=9223372036854775807, DequeueBufferDuration=69875, QueueBufferDuration=12592000, GpuCompleted=9223372036854775807, SwapBuffersCompleted=354695556625, DisplayPresentTime=1424082409731002784,
05-27 11:03:23.007 1114 1699 I OpenGLRenderer: Davey! duration=9223371682163ms; Flags=0, FrameTimelineVsyncId=12108, IntendedVsync=354677950752, Vsync=354677950752, InputEventId=0, HandleInputStart=354680457250, AnimationStart=354680461292, PerformTraversalsStart=354682423584, DrawStart=354682608000, FrameDeadline=354711284084, FrameInterval=354680445667, FrameStartTime=16666666, SyncQueued=354682698000, SyncStart=354695977042, IssueDrawCommandsStart=354697527042, SwapBuffers=354707347542, FrameCompleted=9223372036854775807, DequeueBufferDuration=54167, QueueBufferDuration=14038167, GpuCompleted=9223372036854775807, SwapBuffersCompleted=354722437167, DisplayPresentTime=317139136,
05-27 11:03:23.027 1114 1138 I OpenGLRenderer: Davey! duration=9223371682134ms; Flags=0, FrameTimelineVsyncId=12110, IntendedVsync=354694600068, Vsync=354694600068, InputEventId=0, HandleInputStart=354699093125, AnimationStart=354699097000, PerformTraversalsStart=354699434334, DrawStart=354700274250, FrameDeadline=354727933400, FrameInterval=354699081625, FrameStartTime=16666666, SyncQueued=354701023125, SyncStart=354726895584, IssueDrawCommandsStart=354728442875, SwapBuffers=354740316959, FrameCompleted=9223372036854775807, DequeueBufferDuration=59834, QueueBufferDuration=2296209, GpuCompleted=9223372036854775807, SwapBuffersCompleted=354743432750, DisplayPresentTime=1362163206254330040,
05-27 11:03:23.041 658 658 E WifiHAL : wifi_get_link_stats: requestResponse Error:-5
05-27 11:03:23.044 1114 1699 I OpenGLRenderer: Davey! duration=9223371682129ms; Flags=0, FrameTimelineVsyncId=12112, IntendedVsync=354711253573, Vsync=354727920239, InputEventId=0, HandleInputStart=354728915834, AnimationStart=354728921250, PerformTraversalsStart=354729367167, DrawStart=354729603042, FrameDeadline=354744586905, FrameInterval=354728888500, FrameStartTime=16666666, SyncQueued=354729706584, SyncStart=354744126875, IssueDrawCommandsStart=354745859042, SwapBuffers=354757506459, FrameCompleted=9223372036854775807, DequeueBufferDuration=61709, QueueBufferDuration=1859500, GpuCompleted=9223372036854775807, SwapBuffersCompleted=354760193834, DisplayPresentTime=1361598297795939496,
05-27 11:03:23.044 474 607 E WifiVendorHal: getWifiLinkLayerStats_1_5_Internal(l.1191) failed {.code = ERROR_INVALID_ARGS, .description = }
05-27 11:03:23.060 1114 1699 I OpenGLRenderer: Davey! duration=9223371682096ms; Flags=0, FrameTimelineVsyncId=12115, IntendedVsync=354744585644, Vsync=354744585644, InputEventId=0, HandleInputStart=354746463709, AnimationStart=354746469875, PerformTraversalsStart=354746997667, DrawStart=354747346917, FrameDeadline=354777918976, FrameInterval=354746451667, FrameStartTime=16666666, SyncQueued=354747466500, SyncStart=354760671917, IssueDrawCommandsStart=354762327667, SwapBuffers=354775267375, FrameCompleted=9223372036854775807, DequeueBufferDuration=69500, QueueBufferDuration=1097292, GpuCompleted=9223372036854775807, SwapBuffersCompleted=354777668125, DisplayPresentTime=1424087907303645248,
05-27 11:03:23.126 1114 1699 I OpenGLRenderer: Davey! duration=9223371682043ms; Flags=0, FrameTimelineVsyncId=12123, IntendedVsync=354811271274, Vsync=354811271274, InputEventId=0, HandleInputStart=354811853500, AnimationStart=354811859917, PerformTraversalsStart=354812249167, DrawStart=354812427625, FrameDeadline=354844604606, FrameInterval=354811842542, FrameStartTime=16666666, SyncQueued=354812503542, SyncStart=354812846709, IssueDrawCommandsStart=354814086792, SwapBuffers=354825841959, FrameCompleted=9223372036854775807, DequeueBufferDuration=9594875, QueueBufferDuration=1807792, GpuCompleted=9223372036854775807, SwapBuffersCompleted=354838798959, DisplayPresentTime=0,
05-27 11:03:23.279 1114 1310 I OpenGLRenderer: Davey! duration=9223371681888ms; Flags=0, FrameTimelineVsyncId=12141, IntendedVsync=354961251812, Vsync=354961251812, InputEventId=0, HandleInputStart=354961911125, AnimationStart=354961917584, PerformTraversalsStart=354962267167, DrawStart=354962445334, FrameDeadline=354994585144, FrameInterval=354961900125, FrameStartTime=16666666, SyncQueued=354962523667, SyncStart=354967746417, IssueDrawCommandsStart=354968857667, SwapBuffers=354979389584, FrameCompleted=9223372036854775807, DequeueBufferDuration=6073042, QueueBufferDuration=1456167, GpuCompleted=9223372036854775807, SwapBuffersCompleted=354987591334, DisplayPresentTime=1424107354901062672,
05-27 11:03:23.577 1114 1699 I OpenGLRenderer: Davey! duration=9223371681619ms; Flags=0, FrameTimelineVsyncId=12171, IntendedVsync=355227981988, Vsync=355227981988, InputEventId=0, HandleInputStart=355244298459, AnimationStart=355244303375, PerformTraversalsStart=355245922292, DrawStart=355246588125, FrameDeadline=355261315320, FrameInterval=355244290750, FrameStartTime=16666666, SyncQueued=355247032209, SyncStart=355254784876, IssueDrawCommandsStart=355256139251, SwapBuffers=355286327251, FrameCompleted=9223372036854775807, DequeueBufferDuration=15362084, QueueBufferDuration=1241000, GpuCompleted=9223372036854775807, SwapBuffersCompleted=355288383459, DisplayPresentTime=317083008,
05-27 11:03:23.666 474 1011 W ZramWriteback: Writeback device is not set
05-27 11:03:23.666 474 1011 D ZramWriteback: wait to flush
05-27 11:03:23.876 474 521 W IorapForwardingService: No service published for: iorapd
05-27 11:03:24.878 474 521 W IorapForwardingService: No service published for: iorapd
05-27 11:03:25.310 2184 2259 D UtilLog : 日志批量上报 进行正常循环 !!!!!!本次有0次请求,共0条数据
05-27 11:03:25.880 474 521 W IorapForwardingService: No service published for: iorapd
05-27 11:03:25.904 319 3334 D XM_HIDREAD: poll ret=1, event=1
05-27 11:03:25.905 319 3334 D XM_HIDREAD: [9 bytes]:01 00 00 52 00 00 00 00 00
05-27 11:03:25.905 474 596 D TvWindowManager: key event key = KEYCODE_DPAD_UP down = true
05-27 11:03:25.906 474 595 D GpioService: mFlickerEnable = true
05-27 11:03:25.908 2136 2136 I SogouIME: onKeyDown: keyoCode=19
05-27 11:03:25.908 2136 2136 I DefaultIMS: onKeyDown: keyoCode=19
05-27 11:03:25.929 2136 2136 I DefaultIMS: onStartInput attribute=android.view.inputmethod.EditorInfo@b6d29bc restarting=false inputType: 0
05-27 11:03:25.957 3164 3213 I OpenGLRenderer: Davey! duration=9223371679209ms; Flags=0, FrameTimelineVsyncId=12178, IntendedVsync=357644649240, Vsync=357644649240, InputEventId=954144332, HandleInputStart=357645356168, AnimationStart=357645362585, PerformTraversalsStart=357645369210, DrawStart=357650578002, FrameDeadline=357677982572, FrameInterval=357645345793, FrameStartTime=16666666, SyncQueued=357652130377, SyncStart=357652365543, IssueDrawCommandsStart=357653601877, SwapBuffers=357664771460, FrameCompleted=9223372036854775807, DequeueBufferDuration=54375, QueueBufferDuration=1325292, GpuCompleted=9223372036854775807, SwapBuffersCompleted=357667467168, DisplayPresentTime=0,
05-27 11:03:25.957 1114 1699 I OpenGLRenderer: Davey! duration=9223371679225ms; Flags=0, FrameTimelineVsyncId=12177, IntendedVsync=357627982574, Vsync=357627982574, InputEventId=0, HandleInputStart=357628637210, AnimationStart=357628642877, PerformTraversalsStart=357628866752, DrawStart=357629780335, FrameDeadline=357661315906, FrameInterval=357628627377, FrameStartTime=16666666, SyncQueued=357631791252, SyncStart=357632627960, IssueDrawCommandsStart=357634266252, SwapBuffers=357659699210, FrameCompleted=9223372036854775807, DequeueBufferDuration=60917, QueueBufferDuration=1503417, GpuCompleted=9223372036854775807, SwapBuffersCompleted=357663557835, DisplayPresentTime=1424141680279746400,
05-27 11:03:25.974 1114 1699 I OpenGLRenderer: Davey! duration=9223371679192ms; Flags=0, FrameTimelineVsyncId=12178, IntendedVsync=357644649240, Vsync=357644649240, InputEventId=0, HandleInputStart=357645356460, AnimationStart=357645362627, PerformTraversalsStart=357645701835, DrawStart=357646297752, FrameDeadline=357677982572, FrameInterval=357645346127, FrameStartTime=16666666, SyncQueued=357646881377, SyncStart=357664284210, IssueDrawCommandsStart=357666520710, SwapBuffers=357681536502, FrameCompleted=9223372036854775807, DequeueBufferDuration=89459, QueueBufferDuration=1041250, GpuCompleted=9223372036854775807, SwapBuffersCompleted=357683129918, DisplayPresentTime=1362099812537142376,
05-27 11:03:26.003 1114 1699 I OpenGLRenderer: Davey! duration=9223371679178ms; Flags=0, FrameTimelineVsyncId=12179, IntendedVsync=357661525657, Vsync=357661525657, InputEventId=0, HandleInputStart=357668145668, AnimationStart=357668151585, PerformTraversalsStart=357668507543, DrawStart=357668700460, FrameDeadline=357694858989, FrameInterval=357668135418, FrameStartTime=16666666, SyncQueued=357668778377, SyncStart=357683395377, IssueDrawCommandsStart=357684442168, SwapBuffers=357696780252, FrameCompleted=9223372036854775807, DequeueBufferDuration=533500, QueueBufferDuration=20507417, GpuCompleted=9223372036854775807, SwapBuffersCompleted=357718468585, DisplayPresentTime=1433629159957278360,
05-27 11:03:26.030 1114 1310 I OpenGLRenderer: Davey! duration=9223371679143ms; Flags=0, FrameTimelineVsyncId=12181, IntendedVsync=357678192323, Vsync=357678192323, InputEventId=0, HandleInputStart=357685769335, AnimationStart=357685776627, PerformTraversalsStart=357686175377, DrawStart=357686384918, FrameDeadline=357711525655, FrameInterval=357685757960, FrameStartTime=16666666, SyncQueued=357686466460, SyncStart=357719159752, IssueDrawCommandsStart=357720649627, SwapBuffers=357727630710, FrameCompleted=9223372036854775807, DequeueBufferDuration=51666, QueueBufferDuration=17028875, GpuCompleted=9223372036854775807, SwapBuffersCompleted=357745376585, DisplayPresentTime=0,
05-27 11:03:26.051 319 3334 D XM_HIDREAD: poll ret=1, event=1
05-27 11:03:26.051 319 3334 D XM_HIDREAD: [9 bytes]:01 00 00 00 00 00 00 00 00
05-27 11:03:26.051 474 596 D TvWindowManager: key event key = KEYCODE_DPAD_UP down = false
05-27 11:03:26.057 2136 2136 I SogouIME: onKeyUp: keyoCode=19
05-27 11:03:26.057 2136 2136 I DefaultIMS: onKeyUp: keyoCode=19
05-27 11:03:26.057 1114 1310 I OpenGLRenderer: Davey! duration=9223371679131ms; Flags=0, FrameTimelineVsyncId=12183, IntendedVsync=357694858989, Vsync=357711525655, InputEventId=0, HandleInputStart=357721178002, AnimationStart=357721182085, PerformTraversalsStart=357721538793, DrawStart=357721734293, FrameDeadline=357728192321, FrameInterval=357721170085, FrameStartTime=16666666, SyncQueued=357721811127, SyncStart=357750595460, IssueDrawCommandsStart=357752294377, SwapBuffers=357758007793, FrameCompleted=9223372036854775807, DequeueBufferDuration=74500, QueueBufferDuration=13906291, GpuCompleted=9223372036854775807, SwapBuffersCompleted=357773213377, DisplayPresentTime=317059416,
05-27 11:03:26.063 658 658 E WifiHAL : wifi_get_link_stats: requestResponse Error:-5
05-27 11:03:26.065 474 607 E WifiVendorHal: getWifiLinkLayerStats_1_5_Internal(l.1191) failed {.code = ERROR_INVALID_ARGS, .description = }
05-27 11:03:26.091 1114 1310 I OpenGLRenderer: Davey! duration=9223371679111ms; Flags=0, FrameTimelineVsyncId=12186, IntendedVsync=357728145166, Vsync=357744811832, InputEventId=0, HandleInputStart=357753686460, AnimationStart=357753691585, PerformTraversalsStart=357754078210, DrawStart=357755518835, FrameDeadline=357761478498, FrameInterval=357753667418, FrameStartTime=16666666, SyncQueued=357758457710, SyncStart=357773868752, IssueDrawCommandsStart=357775827418, SwapBuffers=357789835168, FrameCompleted=9223372036854775807, DequeueBufferDuration=64792, QueueBufferDuration=1426500, GpuCompleted=9223372036854775807, SwapBuffersCompleted=357802392627, DisplayPresentTime=332661856,
05-27 11:03:26.111 1114 1310 I OpenGLRenderer: Davey! duration=9223371679075ms; Flags=0, FrameTimelineVsyncId=12190, IntendedVsync=357761464716, Vsync=357761464716, InputEventId=0, HandleInputStart=357777673835, AnimationStart=357777680460, PerformTraversalsStart=357785088502, DrawStart=357785259168, FrameDeadline=357794798048, FrameInterval=357777659127, FrameStartTime=16666666, SyncQueued=357785330293, SyncStart=357802677168, IssueDrawCommandsStart=357803791543, SwapBuffers=357813666835, FrameCompleted=9223372036854775807, DequeueBufferDuration=34000, QueueBufferDuration=12666666, GpuCompleted=9223372036854775807, SwapBuffersCompleted=357827339252, DisplayPresentTime=1361818921675990520,
05-27 11:03:26.117 260 260 D DisplayConfig: virtual Return vendor::display::config::V1_0::implementation::DisplayConfig::getSupportedModes(int32_t, vendor::display::config::V1_0::IDisplayConfig::getSupportedModes_cb): display[0] ret=0, supported modes count(19)
05-27 11:03:26.118 260 260 W displayd: xxxxxxx: hdmi user strategy: 255
05-27 11:03:26.118 260 260 W displayd: xxxxxxx: getHDMINativeMode: use perfect hdmi mode(35) as native mode
05-27 11:03:26.119 1058 1072 D DisplayOutputImpl: getDisplayOutputMode = 35 , 255 , true
05-27 11:03:26.119 1058 1072 D DisplayOutputImpl: updateSupportModes type = 4
05-27 11:03:26.120 260 3320 D DisplayConfig: virtual Return vendor::display::config::V1_0::implementation::DisplayConfig::getSupportedModes(int32_t, vendor::display::config::V1_0::IDisplayConfig::getSupportedModes_cb): display[0] ret=0, supported modes count(19)
05-27 11:03:26.121 260 3320 D DisplayConfig: virtual Return vendor::display::config::V1_0::implementation::DisplayConfig::getSupportedModes(int32_t, vendor::display::config::V1_0::IDisplayConfig::getSupportedModes_cb): display[0] ret=0, supported modes count(19)
05-27 11:03:26.122 260 3320 W displayd: xxxxxxx: hdmi user strategy: 255
05-27 11:03:26.123 260 3320 W displayd: xxxxxxx: getHDMINativeMode: use perfect hdmi mode(35) as native mode
05-27 11:03:26.123 1058 1072 D DisplayOutputImpl: updateSupportModes = 35 , 255 , true
05-27 11:03:26.127 1058 1072 E ccc : cccccc ColorHelper current get AUTO
05-27 11:03:26.138 1114 1310 I OpenGLRenderer: Davey! duration=9223371679037ms; Flags=0, FrameTimelineVsyncId=12192, IntendedVsync=357794617075, Vsync=357794617075, InputEventId=0, HandleInputStart=357804205918, AnimationStart=357804208168, PerformTraversalsStart=357804481793, DrawStart=357804653918, FrameDeadline=357827950407, FrameInterval=357804198543, FrameStartTime=16666666, SyncQueued=357804730585, SyncStart=357827637793, IssueDrawCommandsStart=357829302543, SwapBuffers=357842220168, FrameCompleted=9223372036854775807, DequeueBufferDuration=60334, QueueBufferDuration=11174542, GpuCompleted=9223372036854775807, SwapBuffersCompleted=357854405252, DisplayPresentTime=0,
05-27 11:03:26.167 3164 3213 I OpenGLRenderer: Davey! duration=9223371679010ms; Flags=0, FrameTimelineVsyncId=12198, IntendedVsync=357844558180, Vsync=357844558180, InputEventId=1027725477, HandleInputStart=357856922710, AnimationStart=357856928127, PerformTraversalsStart=357856936085, DrawStart=357861815585, FrameDeadline=357877891512, FrameInterval=357856908793, FrameStartTime=16666666, SyncQueued=357864460210, SyncStart=357864661335, IssueDrawCommandsStart=357865903585, SwapBuffers=357869173002, FrameCompleted=9223372036854775807, DequeueBufferDuration=41083, QueueBufferDuration=1541667, GpuCompleted=9223372036854775807, SwapBuffersCompleted=357871715502, DisplayPresentTime=0,
05-27 11:03:26.167 1114 1310 I OpenGLRenderer: Davey! duration=9223371679019ms; Flags=0, FrameTimelineVsyncId=12194, IntendedVsync=357811258996, Vsync=357827925662, InputEventId=0, HandleInputStart=357829864210, AnimationStart=357829870918, PerformTraversalsStart=357830351585, DrawStart=357830624002, FrameDeadline=357844592328, FrameInterval=357829844752, FrameStartTime=16666666, SyncQueued=357830777002, SyncStart=357854956210, IssueDrawCommandsStart=357856804960, SwapBuffers=357860931960, FrameCompleted=9223372036854775807, DequeueBufferDuration=72667, QueueBufferDuration=19156291, GpuCompleted=9223372036854775807, SwapBuffersCompleted=357881058377, DisplayPresentTime=317133688,
05-27 11:03:26.185 1114 1310 I OpenGLRenderer: Davey! duration=9223371678986ms; Flags=0, FrameTimelineVsyncId=12198, IntendedVsync=357844558180, Vsync=357844558180, InputEventId=0, HandleInputStart=357857148377, AnimationStart=357857152877, PerformTraversalsStart=357857711418, DrawStart=357857955335, FrameDeadline=357877891512, FrameInterval=357857142543, FrameStartTime=16666666, SyncQueued=357858058293, SyncStart=357881330460, IssueDrawCommandsStart=357882467877, SwapBuffers=357885921585, FrameCompleted=9223372036854775807, DequeueBufferDuration=90084, QueueBufferDuration=5782500, GpuCompleted=9223372036854775807, SwapBuffersCompleted=357892652377, DisplayPresentTime=0,
