05-27 11:03:26.195 1114 1699 I OpenGLRenderer: Davey! duration=9223371678984ms; Flags=0, FrameTimelineVsyncId=12199, IntendedVsync=357861201105, Vsync=357877867771, InputEventId=0, HandleInputStart=357883013127, AnimationStart=357883015418, PerformTraversalsStart=357883326502, DrawStart=357883544043, FrameDeadline=357894534437, FrameInterval=357883004752, FrameStartTime=16666666, SyncQueued=357883633210, SyncStart=357893065168, IssueDrawCommandsStart=357894371418, SwapBuffers=357900828835, FrameCompleted=9223372036854775807, DequeueBufferDuration=47791, QueueBufferDuration=10259959, GpuCompleted=9223372036854775807, SwapBuffersCompleted=357912165835, DisplayPresentTime=1361847714819604480,
05-27 11:03:26.195 3164 3213 I OpenGLRenderer: Davey! duration=9223371678976ms; Flags=0, FrameTimelineVsyncId=12201, IntendedVsync=357877861522, Vsync=357877861522, InputEventId=0, HandleInputStart=357878489460, AnimationStart=357878495627, PerformTraversalsStart=357885504377, DrawStart=357885636710, FrameDeadline=357911194854, FrameInterval=357878478793, FrameStartTime=16666666, SyncQueued=357886961085, SyncStart=357887114752, IssueDrawCommandsStart=357888141418, SwapBuffers=357893071502, FrameCompleted=9223372036854775807, DequeueBufferDuration=36459, QueueBufferDuration=5786375, GpuCompleted=9223372036854775807, SwapBuffersCompleted=357901060085, DisplayPresentTime=0,
05-27 11:03:26.215 1114 1699 I OpenGLRenderer: Davey! duration=9223371678945ms; Flags=0, FrameTimelineVsyncId=12203, IntendedVsync=357894550364, Vsync=357894550364, InputEventId=0, HandleInputStart=357897357960, AnimationStart=357897362835, PerformTraversalsStart=357897699668, DrawStart=357897911668, FrameDeadline=357927883696, FrameInterval=357897350168, FrameStartTime=16666666, SyncQueued=357897987335, SyncStart=357912687293, IssueDrawCommandsStart=357914482502, SwapBuffers=357919054543, FrameCompleted=9223372036854775807, DequeueBufferDuration=81875, QueueBufferDuration=11449208, GpuCompleted=9223372036854775807, SwapBuffersCompleted=357931510043, DisplayPresentTime=317078712,
05-27 11:03:26.228 1114 1699 I OpenGLRenderer: Davey! duration=9223371678930ms; Flags=0, FrameTimelineVsyncId=12205, IntendedVsync=357911198147, Vsync=357911198147, InputEventId=0, HandleInputStart=357917860085, AnimationStart=357917867668, PerformTraversalsStart=357918354377, DrawStart=357918644002, FrameDeadline=357944531479, FrameInterval=357917844835, FrameStartTime=16666666, SyncQueued=357918742960, SyncStart=357932097960, IssueDrawCommandsStart=357933665460, SwapBuffers=357937867502, FrameCompleted=9223372036854775807, DequeueBufferDuration=78958, QueueBufferDuration=3412250, GpuCompleted=9223372036854775807, SwapBuffersCompleted=357942205793, DisplayPresentTime=1361777998910455808,
05-27 11:03:26.378 1114 1138 I OpenGLRenderer: Davey! duration=9223371678783ms; Flags=0, FrameTimelineVsyncId=12223, IntendedVsync=358061244238, Vsync=358061244238, InputEventId=0, HandleInputStart=358061891544, AnimationStart=358061897335, PerformTraversalsStart=358062204002, DrawStart=358062376377, FrameDeadline=358094577570, FrameInterval=358061881960, FrameStartTime=16666666, SyncQueued=358062452294, SyncStart=358072554794, IssueDrawCommandsStart=358073980127, SwapBuffers=358087660210, FrameCompleted=9223372036854775807, DequeueBufferDuration=976792, QueueBufferDuration=1110750, GpuCompleted=9223372036854775807, SwapBuffersCompleted=358089398419, DisplayPresentTime=1362053736127843616,
05-27 11:03:26.478 1114 1699 I OpenGLRenderer: Davey! duration=9223371678689ms; Flags=0, FrameTimelineVsyncId=12235, IntendedVsync=358161316899, Vsync=358161316899, InputEventId=0, HandleInputStart=358162045127, AnimationStart=358162051544, PerformTraversalsStart=358162405669, DrawStart=358162592794, FrameDeadline=358194650231, FrameInterval=358162033710, FrameStartTime=16666666, SyncQueued=358162671544, SyncStart=358166961210, IssueDrawCommandsStart=358168238252, SwapBuffers=358178507044, FrameCompleted=9223372036854775807, DequeueBufferDuration=6310375, QueueBufferDuration=1554125, GpuCompleted=9223372036854775807, SwapBuffersCompleted=358186302002, DisplayPresentTime=1423658754156926336,
05-27 11:03:26.543 1114 1699 I OpenGLRenderer: Davey! duration=9223371678626ms; Flags=0, FrameTimelineVsyncId=12243, IntendedVsync=358227990212, Vsync=358227990212, InputEventId=0, HandleInputStart=358228660252, AnimationStart=358228667335, PerformTraversalsStart=358229983169, DrawStart=358230518544, FrameDeadline=358261323544, FrameInterval=358228649835, FrameStartTime=16666666, SyncQueued=358230862419, SyncStart=358231228502, IssueDrawCommandsStart=358233090627, SwapBuffers=358249237127, FrameCompleted=9223372036854775807, DequeueBufferDuration=6087916, QueueBufferDuration=1172584, GpuCompleted=9223372036854775807, SwapBuffersCompleted=358251124210, DisplayPresentTime=0,
05-27 11:03:26.692 319 3334 D XM_HIDREAD: poll ret=1, event=1
05-27 11:03:26.692 319 3334 D XM_HIDREAD: [9 bytes]:01 00 00 50 00 00 00 00 00
05-27 11:03:26.693 474 596 D TvWindowManager: key event key = KEYCODE_DPAD_LEFT down = true
05-27 11:03:26.694 474 595 D GpioService: mFlickerEnable = true
05-27 11:03:26.696 2136 2136 I SogouIME: onKeyDown: keyoCode=21
05-27 11:03:26.696 2136 2136 I DefaultIMS: onKeyDown: keyoCode=21
05-27 11:03:26.707 2136 2136 I DefaultIMS: onStartInput attribute=android.view.inputmethod.EditorInfo@39a3d45 restarting=false inputType: 0
05-27 11:03:26.759 3164 3213 I OpenGLRenderer: Davey! duration=9223371678404ms; Flags=0, FrameTimelineVsyncId=12249, IntendedVsync=358444644848, Vsync=358444644848, InputEventId=0, HandleInputStart=358445354252, AnimationStart=358445360794, PerformTraversalsStart=358448702794, DrawStart=358448923502, FrameDeadline=358477978180, FrameInterval=358445344752, FrameStartTime=16666666, SyncQueued=358449013044, SyncStart=358454859002, IssueDrawCommandsStart=358455403919, SwapBuffers=358461129252, FrameCompleted=9223372036854775807, DequeueBufferDuration=39667, QueueBufferDuration=1163000, GpuCompleted=9223372036854775807, SwapBuffersCompleted=358469866294, DisplayPresentTime=0,
05-27 11:03:26.777 3164 3213 I OpenGLRenderer: Davey! duration=9223371678386ms; Flags=0, FrameTimelineVsyncId=12251, IntendedVsync=358461311074, Vsync=358461311074, InputEventId=0, HandleInputStart=358461979335, AnimationStart=358461985835, PerformTraversalsStart=358462609710, DrawStart=358462721752, FrameDeadline=358494644406, FrameInterval=358461969544, FrameStartTime=16666666, SyncQueued=358462822585, SyncStart=358470035252, IssueDrawCommandsStart=358471549752, SwapBuffers=358479402669, FrameCompleted=9223372036854775807, DequeueBufferDuration=1651625, QueueBufferDuration=5650959, GpuCompleted=9223372036854775807, SwapBuffersCompleted=358486438169, DisplayPresentTime=0,
05-27 11:03:26.795 3164 3213 I OpenGLRenderer: Davey! duration=9223371678370ms; Flags=0, FrameTimelineVsyncId=12253, IntendedVsync=358477989903, Vsync=358477989903, InputEventId=0, HandleInputStart=358479554752, AnimationStart=358479560294, PerformTraversalsStart=358480310460, DrawStart=358480524585, FrameDeadline=358511323235, FrameInterval=358479544127, FrameStartTime=16666666, SyncQueued=358480643169, SyncStart=358487120710, IssueDrawCommandsStart=358487758502, SwapBuffers=358492465044, FrameCompleted=9223372036854775807, DequeueBufferDuration=43833, QueueBufferDuration=9940334, GpuCompleted=9223372036854775807, SwapBuffersCompleted=358503116669, DisplayPresentTime=0,
05-27 11:03:26.810 3164 3213 I OpenGLRenderer: Davey! duration=9223371678352ms; Flags=0, FrameTimelineVsyncId=12255, IntendedVsync=358494656547, Vsync=358494656547, InputEventId=0, HandleInputStart=358495236252, AnimationStart=358495241794, PerformTraversalsStart=358495616544, DrawStart=358495722252, FrameDeadline=358527989879, FrameInterval=358495228085, FrameStartTime=16666666, SyncQueued=358495825877, SyncStart=358503309377, IssueDrawCommandsStart=358503974002, SwapBuffers=358508880502, FrameCompleted=9223372036854775807, DequeueBufferDuration=158250, QueueBufferDuration=12838375, GpuCompleted=9223372036854775807, SwapBuffersCompleted=358522893960, DisplayPresentTime=0,
05-27 11:03:26.827 319 3334 D XM_HIDREAD: poll ret=1, event=1
05-27 11:03:26.827 319 3334 D XM_HIDREAD: [9 bytes]:01 00 00 00 00 00 00 00 00
05-27 11:03:26.827 474 596 D TvWindowManager: key event key = KEYCODE_DPAD_LEFT down = false
05-27 11:03:26.828 3164 3213 I OpenGLRenderer: Davey! duration=9223371678333ms; Flags=0, FrameTimelineVsyncId=12257, IntendedVsync=358511315253, Vsync=358511315253, InputEventId=0, HandleInputStart=358512063627, AnimationStart=358512071002, PerformTraversalsStart=358512557377, DrawStart=358512678877, FrameDeadline=358544648585, FrameInterval=358512050669, FrameStartTime=16666666, SyncQueued=358512790710, SyncStart=358523076627, IssueDrawCommandsStart=358523747794, SwapBuffers=358529276877, FrameCompleted=9223372036854775807, DequeueBufferDuration=51708, QueueBufferDuration=11113583, GpuCompleted=9223372036854775807, SwapBuffersCompleted=358542108377, DisplayPresentTime=0,
05-27 11:03:26.839 2136 2136 I SogouIME: onKeyUp: keyoCode=21
05-27 11:03:26.840 2136 2136 I DefaultIMS: onKeyUp: keyoCode=21
05-27 11:03:26.845 3164 3213 I OpenGLRenderer: Davey! duration=9223371678314ms; Flags=0, FrameTimelineVsyncId=12259, IntendedVsync=358527990329, Vsync=358527990329, InputEventId=0, HandleInputStart=358528840919, AnimationStart=358528848210, PerformTraversalsStart=358529553544, DrawStart=358529716710, FrameDeadline=358561323661, FrameInterval=358528828544, FrameStartTime=16666666, SyncQueued=358529850210, SyncStart=358542287502, IssueDrawCommandsStart=358542917335, SwapBuffers=358548182544, FrameCompleted=9223372036854775807, DequeueBufferDuration=48292, QueueBufferDuration=11968375, GpuCompleted=9223372036854775807, SwapBuffersCompleted=358561516335, DisplayPresentTime=0,
05-27 11:03:26.865 3164 3180 I OpenGLRenderer: Davey! duration=9223371678294ms; Flags=0, FrameTimelineVsyncId=12261, IntendedVsync=358544655906, Vsync=358544655906, InputEventId=0, HandleInputStart=358545509294, AnimationStart=358545515544, PerformTraversalsStart=358546125669, DrawStart=358546273419, FrameDeadline=358577989238, FrameInterval=358545496877, FrameStartTime=16666666, SyncQueued=358546405544, SyncStart=358561898669, IssueDrawCommandsStart=358562685252, SwapBuffers=358571708335, FrameCompleted=9223372036854775807, DequeueBufferDuration=66542, QueueBufferDuration=7995208, GpuCompleted=9223372036854775807, SwapBuffersCompleted=358580736794, DisplayPresentTime=0,
05-27 11:03:26.877 3164 3180 I OpenGLRenderer: Davey! duration=9223371678277ms; Flags=0, FrameTimelineVsyncId=12263, IntendedVsync=358561319826, Vsync=358561319826, InputEventId=19435371, HandleInputStart=358563796627, AnimationStart=358563803210, PerformTraversalsStart=358564455377, DrawStart=358564596877, FrameDeadline=358594653158, FrameInterval=358563785460, FrameStartTime=16666666, SyncQueued=358564721710, SyncStart=358580955919, IssueDrawCommandsStart=358581723419, SwapBuffers=358587752127, FrameCompleted=9223372036854775807, DequeueBufferDuration=56375, QueueBufferDuration=7214000, GpuCompleted=9223372036854775807, SwapBuffersCompleted=358596548585, DisplayPresentTime=0,
05-27 11:03:26.883 474 521 W IorapForwardingService: No service published for: iorapd
05-27 11:03:26.893 3164 3213 I OpenGLRenderer: Davey! duration=9223371678264ms; Flags=0, FrameTimelineVsyncId=12265, IntendedVsync=358577985501, Vsync=358577985501, InputEventId=0, HandleInputStart=358583146544, AnimationStart=358583152877, PerformTraversalsStart=358583769127, DrawStart=358583940169, FrameDeadline=358611318833, FrameInterval=358583135919, FrameStartTime=16666666, SyncQueued=358584427252, SyncStart=358596788544, IssueDrawCommandsStart=358597678127, SwapBuffers=358605670710, FrameCompleted=9223372036854775807, DequeueBufferDuration=68042, QueueBufferDuration=1448458, GpuCompleted=9223372036854775807, SwapBuffersCompleted=358608282335, DisplayPresentTime=0,
05-27 11:03:27.210 319 3334 D XM_HIDREAD: poll ret=1, event=1
05-27 11:03:27.210 319 3334 D XM_HIDREAD: [9 bytes]:01 00 00 28 00 00 00 00 00
05-27 11:03:27.210 474 596 D TvWindowManager: key event key = KEYCODE_DPAD_CENTER down = true
05-27 11:03:27.211 474 595 D GpioService: mFlickerEnable = true
05-27 11:03:27.288 319 3334 D XM_HIDREAD: poll ret=1, event=1
05-27 11:03:27.288 319 3334 D XM_HIDREAD: [9 bytes]:01 00 00 00 00 00 00 00 00
05-27 11:03:27.288 474 596 D TvWindowManager: key event key = KEYCODE_DPAD_CENTER down = false
05-27 11:03:27.362 474 595 D GpioService: mFlickerEnable = true
05-27 11:03:27.363 2136 2136 I SogouIME: onKeyDown: keyoCode=23
05-27 11:03:27.363 2136 2136 I DefaultIMS: onKeyDown: keyoCode=23
05-27 11:03:27.368 2136 2136 I SogouIME: onKeyUp: keyoCode=23
05-27 11:03:27.368 2136 2136 I DefaultIMS: onKeyUp: keyoCode=23
05-27 11:03:27.401 3164 3213 I OpenGLRenderer: Davey! duration=9223371677759ms; Flags=0, FrameTimelineVsyncId=12276, IntendedVsync=359094630639, Vsync=359094630639, InputEventId=870544981, HandleInputStart=359095119294, AnimationStart=359095127252, PerformTraversalsStart=359095135794, DrawStart=359095259544, FrameDeadline=359127963971, FrameInterval=359095108336, FrameStartTime=16666666, SyncQueued=359096069002, SyncStart=359096689377, IssueDrawCommandsStart=359097349211, SwapBuffers=359103148169, FrameCompleted=9223372036854775807, DequeueBufferDuration=67458, QueueBufferDuration=1790791, GpuCompleted=9223372036854775807, SwapBuffersCompleted=359106842461, DisplayPresentTime=0,
05-27 11:03:27.404 1058 1072 D DisplayOutputImpl: updateSupportModes type = 4
05-27 11:03:27.406 260 3320 D DisplayConfig: virtual Return vendor::display::config::V1_0::implementation::DisplayConfig::getSupportedModes(int32_t, vendor::display::config::V1_0::IDisplayConfig::getSupportedModes_cb): display[0] ret=0, supported modes count(19)
05-27 11:03:27.406 260 3320 E displayd: xxxxxxx: Cant't fine device controler (id=-1)
05-27 11:03:27.406 1058 1071 D DisplayOutputImpl: getDisplayOutputMode = 0 , 0 , false
05-27 11:03:27.408 260 3320 D DisplayConfig: virtual Return vendor::display::config::V1_0::implementation::DisplayConfig::getSupportedModes(int32_t, vendor::display::config::V1_0::IDisplayConfig::getSupportedModes_cb): display[0] ret=0, supported modes count(19)
05-27 11:03:27.410 260 3320 W displayd: xxxxxxx: hdmi user strategy: 255
05-27 11:03:27.410 260 3320 W displayd: xxxxxxx: getHDMINativeMode: use perfect hdmi mode(35) as native mode
05-27 11:03:27.410 1058 1072 D DisplayOutputImpl: updateSupportModes = 35 , 255 , true
05-27 11:03:27.424 2136 2136 I DefaultIMS: onStartInput attribute=android.view.inputmethod.EditorInfo@fb54c9a restarting=false inputType: 0
05-27 11:03:27.429 260 3320 D DisplayConfig: virtual Return vendor::display::config::V1_0::implementation::DisplayConfig::getSupportedModes(int32_t, vendor::display::config::V1_0::IDisplayConfig::getSupportedModes_cb): display[0] ret=0, supported modes count(19)
05-27 11:03:27.430 260 3320 W displayd: xxxxxxx: hdmi user strategy: 255
05-27 11:03:27.431 260 3320 W displayd: xxxxxxx: getHDMINativeMode: use perfect hdmi mode(35) as native mode
05-27 11:03:27.431 1058 1072 D DisplayOutputImpl: getDisplayOutputMode = 35 , 255 , true
05-27 11:03:27.432 1058 1072 D DisplayOutputImpl: updateSupportModes type = 4
05-27 11:03:27.432 260 3320 D DisplayConfig: virtual Return vendor::display::config::V1_0::implementation::DisplayConfig::getSupportedModes(int32_t, vendor::display::config::V1_0::IDisplayConfig::getSupportedModes_cb): display[0] ret=0, supported modes count(19)
05-27 11:03:27.434 260 3320 D DisplayConfig: virtual Return vendor::display::config::V1_0::implementation::DisplayConfig::getSupportedModes(int32_t, vendor::display::config::V1_0::IDisplayConfig::getSupportedModes_cb): display[0] ret=0, supported modes count(19)
05-27 11:03:27.435 260 3320 W displayd: xxxxxxx: hdmi user strategy: 255
05-27 11:03:27.435 260 3320 W displayd: xxxxxxx: getHDMINativeMode: use perfect hdmi mode(35) as native mode
05-27 11:03:27.436 1058 1072 D DisplayOutputImpl: updateSupportModes = 35 , 255 , true
05-27 11:03:27.542 2136 2136 I DefaultIMS: onStartInput attribute=android.view.inputmethod.EditorInfo@6a4b9cb restarting=false inputType: 0
05-27 11:03:27.591 3164 3366 I OpenGLRenderer: Davey! duration=9223371677659ms; Flags=0, FrameTimelineVsyncId=12283, IntendedVsync=359194644662, Vsync=359261311326, InputEventId=0, HandleInputStart=359269392419, AnimationStart=359269398544, PerformTraversalsStart=359289223252, DrawStart=359289328586, FrameDeadline=359227977994, FrameInterval=359269378502, FrameStartTime=16666666, SyncQueued=359294819627, SyncStart=359295088002, IssueDrawCommandsStart=359296258377, SwapBuffers=359304714877, FrameCompleted=9223372036854775807, DequeueBufferDuration=53875, QueueBufferDuration=1173167, GpuCompleted=9223372036854775807, SwapBuffersCompleted=359307139419, DisplayPresentTime=0,
05-27 11:03:27.607 3164 3366 I OpenGLRenderer: Davey! duration=9223371677543ms; Flags=0, FrameTimelineVsyncId=12287, IntendedVsync=359311307960, Vsync=359311307960, InputEventId=0, HandleInputStart=359312080169, AnimationStart=359312086544, PerformTraversalsStart=359312366044, DrawStart=359312480544, FrameDeadline=359344641292, FrameInterval=359312068961, FrameStartTime=16666666, SyncQueued=359312814336, SyncStart=359313049294, IssueDrawCommandsStart=359313938294, SwapBuffers=359320146002, FrameCompleted=9223372036854775807, DequeueBufferDuration=40458, QueueBufferDuration=1054083, GpuCompleted=9223372036854775807, SwapBuffersCompleted=359322252627, DisplayPresentTime=0,
05-27 11:03:27.886 474 521 W IorapForwardingService: No service published for: iorapd
05-27 11:03:28.020 319 3334 D XM_HIDREAD: poll ret=1, event=1
05-27 11:03:28.020 319 3334 D XM_HIDREAD: [9 bytes]:01 00 00 51 00 00 00 00 00
05-27 11:03:28.020 474 596 D TvWindowManager: key event key = KEYCODE_DPAD_DOWN down = true
05-27 11:03:28.021 474 595 D GpioService: mFlickerEnable = true
05-27 11:03:28.121 319 3334 D XM_HIDREAD: poll ret=1, event=1
05-27 11:03:28.121 319 3334 D XM_HIDREAD: [9 bytes]:01 00 00 00 00 00 00 00 00
05-27 11:03:28.122 474 596 D TvWindowManager: key event key = KEYCODE_DPAD_DOWN down = false
05-27 11:03:28.170 474 595 D GpioService: mFlickerEnable = true
05-27 11:03:28.172 2136 2136 I SogouIME: onKeyDown: keyoCode=20
05-27 11:03:28.172 2136 2136 I DefaultIMS: onKeyDown: keyoCode=20
05-27 11:03:28.179 2136 2136 I SogouIME: onKeyUp: keyoCode=20
05-27 11:03:28.179 2136 2136 I DefaultIMS: onKeyUp: keyoCode=20
05-27 11:03:28.195 2136 2136 I DefaultIMS: onStartInput attribute=android.view.inputmethod.EditorInfo@2c125a8 restarting=false inputType: 0
05-27 11:03:28.256 319 3334 D XM_HIDREAD: poll ret=1, event=1
05-27 11:03:28.256 319 3334 D XM_HIDREAD: [9 bytes]:01 00 00 51 00 00 00 00 00
05-27 11:03:28.256 474 596 D TvWindowManager: key event key = KEYCODE_DPAD_DOWN down = true
05-27 11:03:28.258 474 595 D GpioService: mFlickerEnable = true
05-27 11:03:28.335 319 3334 D XM_HIDREAD: poll ret=1, event=1
05-27 11:03:28.335 319 3334 D XM_HIDREAD: [9 bytes]:01 00 00 00 00 00 00 00 00
05-27 11:03:28.335 474 596 D TvWindowManager: key event key = KEYCODE_DPAD_DOWN down = false
05-27 11:03:28.407 474 595 D GpioService: mFlickerEnable = true
05-27 11:03:28.408 2136 2136 I SogouIME: onKeyDown: keyoCode=20
05-27 11:03:28.408 2136 2136 I DefaultIMS: onKeyDown: keyoCode=20
05-27 11:03:28.411 2136 2136 I SogouIME: onKeyUp: keyoCode=20
05-27 11:03:28.411 2136 2136 I DefaultIMS: onKeyUp: keyoCode=20
05-27 11:03:28.431 2136 2136 I DefaultIMS: onStartInput attribute=android.view.inputmethod.EditorInfo@da668c1 restarting=false inputType: 0
05-27 11:03:28.447 319 3334 D XM_HIDREAD: poll ret=1, event=1
05-27 11:03:28.447 319 3334 D XM_HIDREAD: [9 bytes]:01 00 00 51 00 00 00 00 00
05-27 11:03:28.447 474 596 D TvWindowManager: key event key = KEYCODE_DPAD_DOWN down = true
05-27 11:03:28.449 474 595 D GpioService: mFlickerEnable = true
05-27 11:03:28.537 319 3334 D XM_HIDREAD: poll ret=1, event=1
05-27 11:03:28.537 319 3334 D XM_HIDREAD: [9 bytes]:01 00 00 00 00 00 00 00 00
05-27 11:03:28.538 474 596 D TvWindowManager: key event key = KEYCODE_DPAD_DOWN down = false
05-27 11:03:28.597 474 595 D GpioService: mFlickerEnable = true
05-27 11:03:28.599 2136 2136 I SogouIME: onKeyDown: keyoCode=20
05-27 11:03:28.599 2136 2136 I DefaultIMS: onKeyDown: keyoCode=20
05-27 11:03:28.604 2136 2136 I SogouIME: onKeyUp: keyoCode=20
05-27 11:03:28.604 2136 2136 I DefaultIMS: onKeyUp: keyoCode=20
05-27 11:03:28.630 2136 2136 I DefaultIMS: onStartInput attribute=android.view.inputmethod.EditorInfo@a0b9866 restarting=false inputType: 0
05-27 11:03:28.638 319 3334 D XM_HIDREAD: poll ret=1, event=1
05-27 11:03:28.638 319 3334 D XM_HIDREAD: [9 bytes]:01 00 00 51 00 00 00 00 00
05-27 11:03:28.639 474 596 D TvWindowManager: key event key = KEYCODE_DPAD_DOWN down = true
05-27 11:03:28.640 474 595 D GpioService: mFlickerEnable = true
05-27 11:03:28.740 319 3334 D XM_HIDREAD: poll ret=1, event=1
05-27 11:03:28.740 319 3334 D XM_HIDREAD: [9 bytes]:01 00 00 00 00 00 00 00 00
05-27 11:03:28.740 474 596 D TvWindowManager: key event key = KEYCODE_DPAD_DOWN down = false
05-27 11:03:28.789 474 595 D GpioService: mFlickerEnable = true
05-27 11:03:28.791 2136 2136 I SogouIME: onKeyDown: keyoCode=20
05-27 11:03:28.791 2136 2136 I DefaultIMS: onKeyDown: keyoCode=20
05-27 11:03:28.796 2136 2136 I SogouIME: onKeyUp: keyoCode=20
05-27 11:03:28.796 2136 2136 I DefaultIMS: onKeyUp: keyoCode=20
05-27 11:03:28.812 2136 2136 I DefaultIMS: onStartInput attribute=android.view.inputmethod.EditorInfo@44327a7 restarting=false inputType: 0
05-27 11:03:28.830 319 3334 D XM_HIDREAD: poll ret=1, event=1
05-27 11:03:28.830 319 3334 D XM_HIDREAD: [9 bytes]:01 00 00 51 00 00 00 00 00
05-27 11:03:28.831 474 596 D TvWindowManager: key event key = KEYCODE_DPAD_DOWN down = true
05-27 11:03:28.831 474 595 D GpioService: mFlickerEnable = true
05-27 11:03:28.859 3164 3366 I OpenGLRenderer: Davey! duration=9223371676309ms; Flags=0, FrameTimelineVsyncId=12301, IntendedVsync=360544702468, Vsync=360544702468, InputEventId=0, HandleInputStart=360545345211, AnimationStart=360545352628, PerformTraversalsStart=360547866753, DrawStart=360547999878, FrameDeadline=360578035800, FrameInterval=360545333753, FrameStartTime=16666666, SyncQueued=360548509628, SyncStart=360548686753, IssueDrawCommandsStart=360549693295, SwapBuffers=360556205253, FrameCompleted=9223372036854775807, DequeueBufferDuration=50209, QueueBufferDuration=936250, GpuCompleted=9223372036854775807, SwapBuffersCompleted=360565404211, DisplayPresentTime=0,
05-27 11:03:28.875 3164 3366 I OpenGLRenderer: Davey! duration=9223371676292ms; Flags=0, FrameTimelineVsyncId=12303, IntendedVsync=360561369620, Vsync=360561369620, InputEventId=0, HandleInputStart=360562061045, AnimationStart=360562067586, PerformTraversalsStart=360563771336, DrawStart=360563890753, FrameDeadline=360594702952, FrameInterval=360562050378, FrameStartTime=16666666, SyncQueued=360564565211, SyncStart=360565560503, IssueDrawCommandsStart=360566576795, SwapBuffers=360571844461, FrameCompleted=9223372036854775807, DequeueBufferDuration=629292, QueueBufferDuration=8796625, GpuCompleted=9223372036854775807, SwapBuffersCompleted=360581595920, DisplayPresentTime=0,
05-27 11:03:28.888 474 521 W IorapForwardingService: No service published for: iorapd
05-27 11:03:28.931 319 3334 D XM_HIDREAD: poll ret=1, event=1
05-27 11:03:28.931 319 3334 D XM_HIDREAD: [9 bytes]:01 00 00 00 00 00 00 00 00
05-27 11:03:28.931 474 596 D TvWindowManager: key event key = KEYCODE_DPAD_DOWN down = false
05-27 11:03:28.959 1114 1699 I OpenGLRenderer: Davey! duration=9223371676209ms; Flags=0, FrameTimelineVsyncId=12312, IntendedVsync=360644663637, Vsync=360644663637, InputEventId=0, HandleInputStart=360645328420, AnimationStart=360645334670, PerformTraversalsStart=360645640836, DrawStart=360646793253, FrameDeadline=360677996969, FrameInterval=360645317753, FrameStartTime=16666666, SyncQueued=360648290003, SyncStart=360648787045, IssueDrawCommandsStart=360649929253, SwapBuffers=360663497461, FrameCompleted=9223372036854775807, DequeueBufferDuration=44958, QueueBufferDuration=985084, GpuCompleted=9223372036854775807, SwapBuffersCompleted=360665771961, DisplayPresentTime=0,
05-27 11:03:28.978 1114 1699 I OpenGLRenderer: Davey! duration=9223371676193ms; Flags=0, FrameTimelineVsyncId=12314, IntendedVsync=360661330428, Vsync=360661330428, InputEventId=0, HandleInputStart=360662706670, AnimationStart=360662714336, PerformTraversalsStart=360663209295, DrawStart=360664153378, FrameDeadline=360694663760, FrameInterval=360662694170, FrameStartTime=16666666, SyncQueued=360665773836, SyncStart=360666038628, IssueDrawCommandsStart=360667492461, SwapBuffers=360688457670, FrameCompleted=9223372036854775807, DequeueBufferDuration=54250, QueueBufferDuration=4067625, GpuCompleted=9223372036854775807, SwapBuffersCompleted=360693364378, DisplayPresentTime=1423503757398774688,
05-27 11:03:28.978 3164 3366 I OpenGLRenderer: Davey! duration=9223371676201ms; Flags=0, FrameTimelineVsyncId=12312, IntendedVsync=360644663637, Vsync=360644663637, InputEventId=0, HandleInputStart=360651399253, AnimationStart=360651401045, PerformTraversalsStart=360652624670, DrawStart=360652747711, FrameDeadline=360677996969, FrameInterval=360651392878, FrameStartTime=16666666, SyncQueued=360653084211, SyncStart=360661749003, IssueDrawCommandsStart=360662741586, SwapBuffers=360672717836, FrameCompleted=9223372036854775807, DequeueBufferDuration=6074958, QueueBufferDuration=2084459, GpuCompleted=9223372036854775807, SwapBuffersCompleted=360676104128, DisplayPresentTime=0,
05-27 11:03:28.981 474 595 D GpioService: mFlickerEnable = true
05-27 11:03:28.983 2136 2136 I SogouIME: onKeyDown: keyoCode=20
05-27 11:03:28.983 2136 2136 I DefaultIMS: onKeyDown: keyoCode=20
05-27 11:03:28.988 2136 2136 I SogouIME: onKeyUp: keyoCode=20
05-27 11:03:28.988 2136 2136 I DefaultIMS: onKeyUp: keyoCode=20
05-27 11:03:29.013 1114 1699 I OpenGLRenderer: Davey! duration=9223371676162ms; Flags=0, FrameTimelineVsyncId=12316, IntendedVsync=360677993478, Vsync=360677993478, InputEventId=0, HandleInputStart=360678668586, AnimationStart=360678673420, PerformTraversalsStart=360679132086, DrawStart=360679366211, FrameDeadline=360711326810, FrameInterval=360678659378, FrameStartTime=16666666, SyncQueued=360679528336, SyncStart=360693874920, IssueDrawCommandsStart=360695140378, SwapBuffers=360707835170, FrameCompleted=9223372036854775807, DequeueBufferDuration=46834, QueueBufferDuration=15658584, GpuCompleted=9223372036854775807, SwapBuffersCompleted=360726307461, DisplayPresentTime=1424017538559451200,
05-27 11:03:29.017 3164 3366 I OpenGLRenderer: Davey! duration=9223371676182ms; Flags=0, FrameTimelineVsyncId=12314, IntendedVsync=360661330428, Vsync=360661330428, InputEventId=0, HandleInputStart=360663969336, AnimationStart=360663974170, PerformTraversalsStart=360665135795, DrawStart=360665242336, FrameDeadline=360694663760, FrameInterval=360663959170, FrameStartTime=16666666, SyncQueued=360665532378, SyncStart=360676341836, IssueDrawCommandsStart=360679658795, SwapBuffers=360690305128, FrameCompleted=9223372036854775807, DequeueBufferDuration=6882917, QueueBufferDuration=16378667, GpuCompleted=9223372036854775807, SwapBuffersCompleted=360707581461, DisplayPresentTime=0,
05-27 11:03:29.021 319 3334 D XM_HIDREAD: poll ret=1, event=1
05-27 11:03:29.021 319 3334 D XM_HIDREAD: [9 bytes]:01 00 00 51 00 00 00 00 00
05-27 11:03:29.021 474 596 D TvWindowManager: key event key = KEYCODE_DPAD_DOWN down = true
05-27 11:03:29.022 474 595 D GpioService: mFlickerEnable = true
05-27 11:03:29.024 2136 2136 I DefaultIMS: onStartInput attribute=android.view.inputmethod.EditorInfo@8d6f454 restarting=false inputType: 0
05-27 11:03:29.041 3164 3366 I OpenGLRenderer: Davey! duration=9223371676149ms; Flags=0, FrameTimelineVsyncId=12316, IntendedVsync=360677993478, Vsync=360677993478, InputEventId=0, HandleInputStart=360678649795, AnimationStart=360678654836, PerformTraversalsStart=360679606920, DrawStart=360679704961, FrameDeadline=360711326810, FrameInterval=360678640128, FrameStartTime=16666666, SyncQueued=360680255628, SyncStart=360707777586, IssueDrawCommandsStart=360708733253, SwapBuffers=360712757170, FrameCompleted=9223372036854775807, DequeueBufferDuration=46625, QueueBufferDuration=26032708, GpuCompleted=9223372036854775807, SwapBuffersCompleted=360740274128, DisplayPresentTime=0,
05-27 11:03:29.061 3164 3366 I OpenGLRenderer: Davey! duration=9223371676126ms; Flags=0, FrameTimelineVsyncId=12322, IntendedVsync=360727991995, Vsync=360727991995, InputEventId=621508670, HandleInputStart=360728961378, AnimationStart=360728966711, PerformTraversalsStart=360730612128, DrawStart=360743365461, FrameDeadline=360761325327, FrameInterval=360728949295, FrameStartTime=16666666, SyncQueued=360746837003, SyncStart=360747076878, IssueDrawCommandsStart=360748971253, SwapBuffers=360753352961, FrameCompleted=9223372036854775807, DequeueBufferDuration=47709, QueueBufferDuration=15670750, GpuCompleted=9223372036854775807, SwapBuffersCompleted=360769735670, DisplayPresentTime=0,
05-27 11:03:29.061 1114 1699 I OpenGLRenderer: Davey! duration=9223371676129ms; Flags=0, FrameTimelineVsyncId=12318, IntendedVsync=360694660237, Vsync=360694660237, InputEventId=0, HandleInputStart=360695572920, AnimationStart=360695575378, PerformTraversalsStart=360696152961, DrawStart=360696476086, FrameDeadline=360727993569, FrameInterval=360695565128, FrameStartTime=16666666, SyncQueued=360696577920, SyncStart=360726871420, IssueDrawCommandsStart=360728797878, SwapBuffers=360745529295, FrameCompleted=9223372036854775807, DequeueBufferDuration=50625, QueueBufferDuration=10818625, GpuCompleted=9223372036854775807, SwapBuffersCompleted=360757665295, DisplayPresentTime=317122840,
05-27 11:03:29.081 658 658 E WifiHAL : wifi_get_link_stats: requestResponse Error:-5
05-27 11:03:29.083 1114 1699 I OpenGLRenderer: Davey! duration=9223371676116ms; Flags=0, FrameTimelineVsyncId=12320, IntendedVsync=360711325252, Vsync=360727991918, InputEventId=0, HandleInputStart=360729442086, AnimationStart=360729444128, PerformTraversalsStart=360730029503, DrawStart=360730723461, FrameDeadline=360744658584, FrameInterval=360729433336, FrameStartTime=16666666, SyncQueued=360730911295, SyncStart=360758196878, IssueDrawCommandsStart=360759917503, SwapBuffers=360765025128, FrameCompleted=9223372036854775807, DequeueBufferDuration=68667, QueueBufferDuration=31204083, GpuCompleted=9223372036854775807, SwapBuffersCompleted=360798362045, DisplayPresentTime=1362036178301676696,
05-27 11:03:29.083 3164 3366 I OpenGLRenderer: Davey! duration=9223371676109ms; Flags=0, FrameTimelineVsyncId=12323, IntendedVsync=360744657281, Vsync=360744657281, InputEventId=0, HandleInputStart=360752516503, AnimationStart=360752519753, PerformTraversalsStart=360772170545, DrawStart=360772298461, FrameDeadline=360777990613, FrameInterval=360752507753, FrameStartTime=16666666, SyncQueued=360773445461, SyncStart=360773569253, IssueDrawCommandsStart=360774252045, SwapBuffers=360778482711, FrameCompleted=9223372036854775807, DequeueBufferDuration=39458, QueueBufferDuration=12366208, GpuCompleted=9223372036854775807, SwapBuffersCompleted=360791856128, DisplayPresentTime=0,
05-27 11:03:29.085 474 607 E WifiVendorHal: getWifiLinkLayerStats_1_5_Internal(l.1191) failed {.code = ERROR_INVALID_ARGS, .description = }
05-27 11:03:29.095 3164 3366 I OpenGLRenderer: Davey! duration=9223371676077ms; Flags=0, FrameTimelineVsyncId=12325, IntendedVsync=360761324011, Vsync=360761324011, InputEventId=0, HandleInputStart=360774607003, AnimationStart=360774609045, PerformTraversalsStart=360775530961, DrawStart=360775602753, FrameDeadline=360794657343, FrameInterval=360774600753, FrameStartTime=16666666, SyncQueued=360775803253, SyncStart=360792046711, IssueDrawCommandsStart=360792717336, SwapBuffers=360796370670, FrameCompleted=9223372036854775807, DequeueBufferDuration=38708, QueueBufferDuration=12723250, GpuCompleted=9223372036854775807, SwapBuffersCompleted=360809769253, DisplayPresentTime=0,
05-27 11:03:29.123 319 3334 D XM_HIDREAD: poll ret=1, event=1
05-27 11:03:29.123 319 3334 D XM_HIDREAD: [9 bytes]:01 00 00 00 00 00 00 00 00
05-27 11:03:29.123 474 596 D TvWindowManager: key event key = KEYCODE_DPAD_DOWN down = false
05-27 11:03:29.126 3164 3180 I OpenGLRenderer: Davey! duration=9223371676057ms; Flags=0, FrameTimelineVsyncId=12328, IntendedVsync=360794655674, Vsync=360811322340, InputEventId=0, HandleInputStart=360817419378, AnimationStart=360817422420, PerformTraversalsStart=360821890420, DrawStart=360822036753, FrameDeadline=360827989006, FrameInterval=360817409670, FrameStartTime=16666666, SyncQueued=360822627336, SyncStart=360825583045, IssueDrawCommandsStart=360826645086, SwapBuffers=360838460586, FrameCompleted=9223372036854775807, DequeueBufferDuration=48500, QueueBufferDuration=960584, GpuCompleted=9223372036854775807, SwapBuffersCompleted=360841102795, DisplayPresentTime=0,
05-27 11:03:29.127 1114 1699 I OpenGLRenderer: Davey! duration=9223371676090ms; Flags=0, FrameTimelineVsyncId=12325, IntendedVsync=360761324011, Vsync=360794657343, InputEventId=0, HandleInputStart=360808615378, AnimationStart=360808620253, PerformTraversalsStart=360808836378, DrawStart=360813369378, FrameDeadline=360794657343, FrameInterval=360808602253, FrameStartTime=16666666, SyncQueued=360818335628, SyncStart=360820800461, IssueDrawCommandsStart=360822910170, SwapBuffers=360838916586, FrameCompleted=9223372036854775807, DequeueBufferDuration=61709, QueueBufferDuration=1263542, GpuCompleted=9223372036854775807, SwapBuffersCompleted=360841103628, DisplayPresentTime=317130208,
05-27 11:03:29.142 1114 1699 I OpenGLRenderer: Davey! duration=9223371676027ms; Flags=0, FrameTimelineVsyncId=12330, IntendedVsync=360811321462, Vsync=360811321462, InputEventId=0, HandleInputStart=360823651961, AnimationStart=360823657211, PerformTraversalsStart=360824308878, DrawStart=360825076711, FrameDeadline=360844654794, FrameInterval=360823643503, FrameStartTime=16666666, SyncQueued=360825171753, SyncStart=360841556211, IssueDrawCommandsStart=360842609336, SwapBuffers=360854443753, FrameCompleted=9223372036854775807, DequeueBufferDuration=84667, QueueBufferDuration=1257042, GpuCompleted=9223372036854775807, SwapBuffersCompleted=360856878837, DisplayPresentTime=1433530822400616192,
05-27 11:03:29.143 3164 3180 I OpenGLRenderer: Davey! duration=9223371676019ms; Flags=0, FrameTimelineVsyncId=12332, IntendedVsync=360827987218, Vsync=360827987218, InputEventId=0, HandleInputStart=360828874461, AnimationStart=360828879211, PerformTraversalsStart=360831755836, DrawStart=360832307670, FrameDeadline=360861320550, FrameInterval=360828860503, FrameStartTime=16666666, SyncQueued=360834312086, SyncStart=360841349086, IssueDrawCommandsStart=360842042128, SwapBuffers=360846788462, FrameCompleted=9223372036854775807, DequeueBufferDuration=36416, QueueBufferDuration=10264625, GpuCompleted=9223372036854775807, SwapBuffersCompleted=360859030628, DisplayPresentTime=0,
05-27 11:03:29.158 1114 1310 I OpenGLRenderer: Davey! duration=9223371676020ms; Flags=0, FrameTimelineVsyncId=12332, IntendedVsync=360827987218, Vsync=360827987218, InputEventId=0, HandleInputStart=360843202170, AnimationStart=360843204795, PerformTraversalsStart=360843653587, DrawStart=360845122962, FrameDeadline=360861320550, FrameInterval=360843193128, FrameStartTime=16666666, SyncQueued=360850775628, SyncStart=360857125420, IssueDrawCommandsStart=360858022878, SwapBuffers=360867447378, FrameCompleted=9223372036854775807, DequeueBufferDuration=27791, QueueBufferDuration=9640083, GpuCompleted=9223372036854775807, SwapBuffersCompleted=360877738462, DisplayPresentTime=1361609980106984400,
05-27 11:03:29.159 3164 3180 I OpenGLRenderer: Davey! duration=9223371676002ms; Flags=0, FrameTimelineVsyncId=12334, IntendedVsync=360844653435, Vsync=360844653435, InputEventId=0, HandleInputStart=360845981837, AnimationStart=360845987878, PerformTraversalsStart=360850110045, DrawStart=360850445837, FrameDeadline=360877986767, FrameInterval=360845968420, FrameStartTime=16666666, SyncQueued=360851395628, SyncStart=360859147337, IssueDrawCommandsStart=360859865045, SwapBuffers=360863725253, FrameCompleted=9223372036854775807, DequeueBufferDuration=42666, QueueBufferDuration=1714417, GpuCompleted=9223372036854775807, SwapBuffersCompleted=360869146087, DisplayPresentTime=0,
05-27 11:03:29.174 474 595 D GpioService: mFlickerEnable = true
05-27 11:03:29.179 3164 3180 I OpenGLRenderer: Davey! duration=9223371675990ms; Flags=0, FrameTimelineVsyncId=12336, IntendedVsync=360861319384, Vsync=360861319384, InputEventId=0, HandleInputStart=360862542587, AnimationStart=360862551545, PerformTraversalsStart=360865906962, DrawStart=360866172212, FrameDeadline=360894652716, FrameInterval=360862526087, FrameStartTime=16666666, SyncQueued=360866755087, SyncStart=360869283587, IssueDrawCommandsStart=360870153587, SwapBuffers=360872519462, FrameCompleted=9223372036854775807, DequeueBufferDuration=53542, QueueBufferDuration=13009833, GpuCompleted=9223372036854775807, SwapBuffersCompleted=360886149670, DisplayPresentTime=0,
05-27 11:03:29.179 1114 1699 I OpenGLRenderer: Davey! duration=9223371675990ms; Flags=0, FrameTimelineVsyncId=12334, IntendedVsync=360844653435, Vsync=360844653435, InputEventId=0, HandleInputStart=360858338212, AnimationStart=360858340587, PerformTraversalsStart=360858584837, DrawStart=360858754795, FrameDeadline=360877986767, FrameInterval=360858330587, FrameStartTime=16666666, SyncQueued=360858817253, SyncStart=360878531003, IssueDrawCommandsStart=360880289837, SwapBuffers=360884919128, FrameCompleted=9223372036854775807, DequeueBufferDuration=76291, QueueBufferDuration=10471667, GpuCompleted=9223372036854775807, SwapBuffersCompleted=360896361170, DisplayPresentTime=1361378395153235968,
05-27 11:03:29.179 2136 2136 I SogouIME: onKeyDown: keyoCode=20
05-27 11:03:29.179 2136 2136 I DefaultIMS: onKeyDown: keyoCode=20
05-27 11:03:29.200 2136 2136 I SogouIME: onKeyUp: keyoCode=20
05-27 11:03:29.200 2136 2136 I DefaultIMS: onKeyUp: keyoCode=20
05-27 11:03:29.204 2136 2136 I DefaultIMS: onStartInput attribute=android.view.inputmethod.EditorInfo@eefcffd restarting=false inputType: 0
05-27 11:03:29.211 319 3334 D XM_HIDREAD: poll ret=1, event=1
05-27 11:03:29.211 319 3334 D XM_HIDREAD: [9 bytes]:01 00 00 51 00 00 00 00 00
05-27 11:03:29.212 474 596 D TvWindowManager: key event key = KEYCODE_DPAD_DOWN down = true
05-27 11:03:29.214 474 595 D GpioService: mFlickerEnable = true
05-27 11:03:29.226 3164 3366 I OpenGLRenderer: Davey! duration=9223371675943ms; Flags=0, FrameTimelineVsyncId=12342, IntendedVsync=360911313096, Vsync=360911313096, InputEventId=83382604, HandleInputStart=360912234753, AnimationStart=360912239628, PerformTraversalsStart=360913900503, DrawStart=360923096337, FrameDeadline=360944646428, FrameInterval=360912223003, FrameStartTime=16666666, SyncQueued=360925231212, SyncStart=360925421837, IssueDrawCommandsStart=360926440420, SwapBuffers=360938115670, FrameCompleted=9223372036854775807, DequeueBufferDuration=51042, QueueBufferDuration=1231833, GpuCompleted=9223372036854775807, SwapBuffersCompleted=360941503628, DisplayPresentTime=0,
05-27 11:03:29.313 319 3334 D XM_HIDREAD: poll ret=1, event=1
05-27 11:03:29.313 319 3334 D XM_HIDREAD: [9 bytes]:01 00 00 00 00 00 00 00 00
05-27 11:03:29.314 474 596 D TvWindowManager: key event key = KEYCODE_DPAD_DOWN down = false
05-27 11:03:29.330 1114 1699 I OpenGLRenderer: Davey! duration=9223371675841ms; Flags=0, FrameTimelineVsyncId=12352, IntendedVsync=360994647050, Vsync=360994647050, InputEventId=0, HandleInputStart=360995337170, AnimationStart=360995340670, PerformTraversalsStart=360995984462, DrawStart=360996339503, FrameDeadline=361027980382, FrameInterval=360995321503, FrameStartTime=16666666, SyncQueued=360996542128, SyncStart=361015087087, IssueDrawCommandsStart=361017424087, SwapBuffers=361023731295, FrameCompleted=9223372036854775807, DequeueBufferDuration=4205708, QueueBufferDuration=925917, GpuCompleted=9223372036854775807, SwapBuffersCompleted=361025490837, DisplayPresentTime=1362187086272461352,
05-27 11:03:29.330 3164 3180 I OpenGLRenderer: Davey! duration=9223371675843ms; Flags=0, FrameTimelineVsyncId=12354, IntendedVsync=361011313093, Vsync=361011313093, InputEventId=0, HandleInputStart=361011990170, AnimationStart=361011996003, PerformTraversalsStart=361016353212, DrawStart=361016532378, FrameDeadline=361044646425, FrameInterval=361011979962, FrameStartTime=16666666, SyncQueued=361017013378, SyncStart=361017183253, IssueDrawCommandsStart=361018432128, SwapBuffers=361023592337, FrameCompleted=9223372036854775807, DequeueBufferDuration=2780834, QueueBufferDuration=1006458, GpuCompleted=9223372036854775807, SwapBuffersCompleted=361025491212, DisplayPresentTime=0,
05-27 11:03:29.362 474 595 D GpioService: mFlickerEnable = true
05-27 11:03:29.364 2136 2136 I SogouIME: onKeyDown: keyoCode=20
05-27 11:03:29.364 2136 2136 I DefaultIMS: onKeyDown: keyoCode=20
05-27 11:03:29.380 2136 2136 I SogouIME: onKeyUp: keyoCode=20
05-27 11:03:29.380 2136 2136 I DefaultIMS: onKeyUp: keyoCode=20
05-27 11:03:29.385 2136 2136 I DefaultIMS: onStartInput attribute=android.view.inputmethod.EditorInfo@828d4f2 restarting=false inputType: 0
05-27 11:03:29.394 1114 1699 I OpenGLRenderer: Davey! duration=9223371675787ms; Flags=0, FrameTimelineVsyncId=12360, IntendedVsync=361061314292, Vsync=361061314292, InputEventId=0, HandleInputStart=361071083670, AnimationStart=361071088378, PerformTraversalsStart=361071410670, DrawStart=361071683795, FrameDeadline=361094647624, FrameInterval=361071076045, FrameStartTime=16666666, SyncQueued=361071762837, SyncStart=361077892670, IssueDrawCommandsStart=361079775753, SwapBuffers=361088312670, FrameCompleted=9223372036854775807, DequeueBufferDuration=5739583, QueueBufferDuration=1565708, GpuCompleted=9223372036854775807, SwapBuffersCompleted=361090783587, DisplayPresentTime=1362142452986794624,
05-27 11:03:29.394 3164 3213 I OpenGLRenderer: Davey! duration=9223371675776ms; Flags=0, FrameTimelineVsyncId=12362, IntendedVsync=361077980301, Vsync=361077980301, InputEventId=0, HandleInputStart=361079408045, AnimationStart=361079415503, PerformTraversalsStart=361081591087, DrawStart=361081708128, FrameDeadline=361111313633, FrameInterval=361079391878, FrameStartTime=16666666, SyncQueued=361082101503, SyncStart=361082431670, IssueDrawCommandsStart=361083603128, SwapBuffers=361088264253, FrameCompleted=9223372036854775807, DequeueBufferDuration=2020334, QueueBufferDuration=1002250, GpuCompleted=9223372036854775807, SwapBuffersCompleted=361090958337, DisplayPresentTime=0,
05-27 11:03:29.410 3164 3366 I OpenGLRenderer: Davey! duration=9223371675759ms; Flags=0, FrameTimelineVsyncId=12364, IntendedVsync=361094646525, Vsync=361094646525, InputEventId=890069894, HandleInputStart=361096721420, AnimationStart=361096726378, PerformTraversalsStart=361097999795, DrawStart=361103473420, FrameDeadline=361127979857, FrameInterval=361096713212, FrameStartTime=16666666, SyncQueued=361105244462, SyncStart=361105442712, IssueDrawCommandsStart=361106362795, SwapBuffers=361123095378, FrameCompleted=9223372036854775807, DequeueBufferDuration=7601625, QueueBufferDuration=769375, GpuCompleted=9223372036854775807, SwapBuffersCompleted=361124852337, DisplayPresentTime=0,
05-27 11:03:29.414 319 3334 D XM_HIDREAD: poll ret=1, event=1
05-27 11:03:29.414 319 3334 D XM_HIDREAD: [9 bytes]:01 00 00 51 00 00 00 00 00
05-27 11:03:29.414 474 596 D TvWindowManager: key event key = KEYCODE_DPAD_DOWN down = true
05-27 11:03:29.416 474 595 D GpioService: mFlickerEnable = true
05-27 11:03:29.426 3164 3366 I OpenGLRenderer: Davey! duration=9223371675738ms; Flags=0, FrameTimelineVsyncId=12366, IntendedVsync=361111315079, Vsync=361111315079, InputEventId=231887379, HandleInputStart=361114028545, AnimationStart=361114035712, PerformTraversalsStart=361118519378, DrawStart=361118814753, FrameDeadline=361144648411, FrameInterval=361114013503, FrameStartTime=16666666, SyncQueued=361120202545, SyncStart=361124946295, IssueDrawCommandsStart=361125596962, SwapBuffers=361129448253, FrameCompleted=9223372036854775807, DequeueBufferDuration=17958, QueueBufferDuration=8834875, GpuCompleted=9223372036854775807, SwapBuffersCompleted=361139542212, DisplayPresentTime=0,
05-27 11:03:29.442 3164 3366 I OpenGLRenderer: Davey! duration=9223371675726ms; Flags=0, FrameTimelineVsyncId=12368, IntendedVsync=361127982667, Vsync=361127982667, InputEventId=0, HandleInputStart=361128927795, AnimationStart=361128934295, PerformTraversalsStart=361151442545, DrawStart=361151592753, FrameDeadline=361161315999, FrameInterval=361128916462, FrameStartTime=16666666, SyncQueued=361153428045, SyncStart=361153676003, IssueDrawCommandsStart=361154531003, SwapBuffers=361158106920, FrameCompleted=9223372036854775807, DequeueBufferDuration=37958, QueueBufferDuration=593459, GpuCompleted=9223372036854775807, SwapBuffersCompleted=361159477503, DisplayPresentTime=0,
05-27 11:03:29.460 1114 1138 I OpenGLRenderer: Davey! duration=9223371675714ms; Flags=0, FrameTimelineVsyncId=12368, IntendedVsync=361127982667, Vsync=361127982667, InputEventId=0, HandleInputStart=361133129337, AnimationStart=361133131962, PerformTraversalsStart=361133749337, DrawStart=361133967837, FrameDeadline=361161315999, FrameInterval=361133121420, FrameStartTime=16666666, SyncQueued=361134065378, SyncStart=361145962920, IssueDrawCommandsStart=361147353170, SwapBuffers=361156948003, FrameCompleted=9223372036854775807, DequeueBufferDuration=6351708, QueueBufferDuration=1026709, GpuCompleted=9223372036854775807, SwapBuffersCompleted=361158842670, DisplayPresentTime=1361440552236965016,
05-27 11:03:29.493 319 3334 D XM_HIDREAD: poll ret=1, event=1
05-27 11:03:29.494 319 3334 D XM_HIDREAD: [9 bytes]:01 00 00 00 00 00 00 00 00
05-27 11:03:29.495 474 596 D TvWindowManager: key event key = KEYCODE_DPAD_DOWN down = false
05-27 11:03:29.565 474 595 D GpioService: mFlickerEnable = true
05-27 11:03:29.566 2136 2136 I SogouIME: onKeyDown: keyoCode=20
05-27 11:03:29.566 2136 2136 I DefaultIMS: onKeyDown: keyoCode=20
05-27 11:03:29.592 319 3334 D XM_HIDREAD: poll ret=1, event=1
05-27 11:03:29.592 319 3334 D XM_HIDREAD: [9 bytes]:01 00 00 51 00 00 00 00 00
05-27 11:03:29.592 474 596 D TvWindowManager: key event key = KEYCODE_DPAD_DOWN down = true
05-27 11:03:29.595 474 595 D GpioService: mFlickerEnable = true
05-27 11:03:29.597 1128 1128 D aaa : LedStatusService onStartCommand begin
05-27 11:03:29.598 2136 2136 I SogouIME: onKeyUp: keyoCode=20
05-27 11:03:29.598 2136 2136 I DefaultIMS: onKeyUp: keyoCode=20
05-27 11:03:29.558 2827 2827 I cling--ap-5: type=1400 audit(0.0:1265): avc: denied { read } for name="address" dev="sysfs" ino=26269 scontext=u:r:platform_app:s0:c512,c768 tcontext=u:object_r:sysfs:s0 tclass=file permissive=1 app=com.dangbei.screencast
05-27 11:03:29.604 1128 3568 D aaa : topPkg is -------------- :com.dangbei.haqusetting
05-27 11:03:29.607 2136 2136 I DefaultIMS: onStartInput attribute=android.view.inputmethod.EditorInfo@f709743 restarting=false inputType: 0
05-27 11:03:29.616 1188 1188 D bbb : onStartCommand begin !!!!!!! data分区剩余 24846MB
05-27 11:03:29.582 2827 2827 I cling--ap-5: type=1400 audit(0.0:1266): avc: denied { open } for path="/sys/devices/platform/unisoc_wifi/net/wlan1/address" dev="sysfs" ino=26269 scontext=u:r:platform_app:s0:c512,c768 tcontext=u:object_r:sysfs:s0 tclass=file permissive=1 app=com.dangbei.screencast
05-27 11:03:29.645 1114 1699 I OpenGLRenderer: Davey! duration=9223371675585ms; Flags=0, FrameTimelineVsyncId=12382, IntendedVsync=361244651359, Vsync=361244651359, InputEventId=0, HandleInputStart=361245460753, AnimationStart=361245466253, PerformTraversalsStart=361246992295, DrawStart=361249075337, FrameDeadline=361277984691, FrameInterval=361245447337, FrameStartTime=16666666, SyncQueued=361249671170, SyncStart=361274523462, IssueDrawCommandsStart=361276113087, SwapBuffers=361291704837, FrameCompleted=9223372036854775807, DequeueBufferDuration=19959, QueueBufferDuration=1389917, GpuCompleted=9223372036854775807, SwapBuffersCompleted=361340267795, DisplayPresentTime=1423660437798580376,
05-27 11:03:29.646 3164 3366 I OpenGLRenderer: Davey! duration=9223371675568ms; Flags=0, FrameTimelineVsyncId=12386, IntendedVsync=361277984067, Vsync=361277984067, InputEventId=0, HandleInputStart=361279133337, AnimationStart=361279141878, PerformTraversalsStart=361281219462, DrawStart=361281460628, FrameDeadline=361311317399, FrameInterval=361279118378, FrameStartTime=16666666, SyncQueued=361282008920, SyncStart=361289921462, IssueDrawCommandsStart=361290934128, SwapBuffers=361293484337, FrameCompleted=9223372036854775807, DequeueBufferDuration=35417, QueueBufferDuration=2019416, GpuCompleted=9223372036854775807, SwapBuffersCompleted=361320755420, DisplayPresentTime=0,
05-27 11:03:29.582 2827 2827 I cling--ap-5: type=1400 audit(0.0:1267): avc: denied { getattr } for path="/sys/devices/platform/unisoc_wifi/net/wlan1/address" dev="sysfs" ino=26269 scontext=u:r:platform_app:s0:c512,c768 tcontext=u:object_r:sysfs:s0 tclass=file permissive=1 app=com.dangbei.screencast
