05-27 11:03:33.274 474 596 D TvWindowManager: key event key = KEYCODE_DPAD_UP down = true
05-27 11:03:33.274 319 3334 D XM_HIDREAD: poll ret=1, event=1
05-27 11:03:33.274 319 3334 D XM_HIDREAD: [9 bytes]:01 00 00 52 00 00 00 00 00
05-27 11:03:33.275 474 595 D GpioService: mFlickerEnable = true
05-27 11:03:33.277 2136 2136 I SogouIME: onKeyDown: keyoCode=19
05-27 11:03:33.277 2136 2136 I DefaultIMS: onKeyDown: keyoCode=19
05-27 11:03:33.291 2136 2136 I DefaultIMS: onStartInput attribute=android.view.inputmethod.EditorInfo@4ef4897 restarting=false inputType: 0
05-27 11:03:33.386 319 3334 D XM_HIDREAD: poll ret=1, event=1
05-27 11:03:33.386 319 3334 D XM_HIDREAD: [9 bytes]:01 00 00 00 00 00 00 00 00
05-27 11:03:33.386 474 596 D TvWindowManager: key event key = KEYCODE_DPAD_UP down = false
05-27 11:03:33.389 2136 2136 I SogouIME: onKeyUp: keyoCode=19
05-27 11:03:33.389 2136 2136 I DefaultIMS: onKeyUp: keyoCode=19
05-27 11:03:33.476 319 3334 D XM_HIDREAD: poll ret=1, event=1
05-27 11:03:33.476 319 3334 D XM_HIDREAD: [9 bytes]:01 00 00 52 00 00 00 00 00
05-27 11:03:33.476 474 596 D TvWindowManager: key event key = KEYCODE_DPAD_UP down = true
05-27 11:03:33.477 474 595 D GpioService: mFlickerEnable = true
05-27 11:03:33.478 2136 2136 I SogouIME: onKeyDown: keyoCode=19
05-27 11:03:33.478 2136 2136 I DefaultIMS: onKeyDown: keyoCode=19
05-27 11:03:33.497 2136 2136 I DefaultIMS: onStartInput attribute=android.view.inputmethod.EditorInfo@dca1a84 restarting=false inputType: 0
05-27 11:03:33.588 319 3334 D XM_HIDREAD: poll ret=1, event=1
05-27 11:03:33.589 319 3334 D XM_HIDREAD: [9 bytes]:01 00 00 00 00 00 00 00 00
05-27 11:03:33.589 474 596 D TvWindowManager: key event key = KEYCODE_DPAD_UP down = false
05-27 11:03:33.591 2136 2136 I SogouIME: onKeyUp: keyoCode=19
05-27 11:03:33.591 2136 2136 I DefaultIMS: onKeyUp: keyoCode=19
05-27 11:03:33.667 319 3334 D XM_HIDREAD: poll ret=1, event=1
05-27 11:03:33.667 319 3334 D XM_HIDREAD: [9 bytes]:01 00 00 52 00 00 00 00 00
05-27 11:03:33.668 474 596 D TvWindowManager: key event key = KEYCODE_DPAD_UP down = true
05-27 11:03:33.669 474 595 D GpioService: mFlickerEnable = true
05-27 11:03:33.670 2136 2136 I SogouIME: onKeyDown: keyoCode=19
05-27 11:03:33.671 2136 2136 I DefaultIMS: onKeyDown: keyoCode=19
05-27 11:03:33.698 2136 2136 I DefaultIMS: onStartInput attribute=android.view.inputmethod.EditorInfo@939b26d restarting=false inputType: 0
05-27 11:03:33.768 319 3334 D XM_HIDREAD: poll ret=1, event=1
05-27 11:03:33.768 319 3334 D XM_HIDREAD: [9 bytes]:01 00 00 00 00 00 00 00 00
05-27 11:03:33.768 474 596 D TvWindowManager: key event key = KEYCODE_DPAD_UP down = false
05-27 11:03:33.770 2136 2136 I SogouIME: onKeyUp: keyoCode=19
05-27 11:03:33.770 2136 2136 I DefaultIMS: onKeyUp: keyoCode=19
05-27 11:03:33.804 764 773 I rkstack.proces: Background concurrent copying GC freed 74672(2370KB) AllocSpace objects, 10(600KB) LOS objects, 49% free, 3158KB/6316KB, paused 157us total 101.852ms
05-27 11:03:33.847 319 3334 D XM_HIDREAD: poll ret=1, event=1
05-27 11:03:33.847 319 3334 D XM_HIDREAD: [9 bytes]:01 00 00 52 00 00 00 00 00
05-27 11:03:33.847 474 596 D TvWindowManager: key event key = KEYCODE_DPAD_UP down = true
05-27 11:03:33.847 474 595 D GpioService: mFlickerEnable = true
05-27 11:03:33.848 2136 2136 I SogouIME: onKeyDown: keyoCode=19
05-27 11:03:33.849 2136 2136 I DefaultIMS: onKeyDown: keyoCode=19
05-27 11:03:33.866 2136 2136 I DefaultIMS: onStartInput attribute=android.view.inputmethod.EditorInfo@f3c5ea2 restarting=false inputType: 0
05-27 11:03:33.899 474 521 W IorapForwardingService: No service published for: iorapd
05-27 11:03:33.960 319 3334 D XM_HIDREAD: poll ret=1, event=1
05-27 11:03:33.960 319 3334 D XM_HIDREAD: [9 bytes]:01 00 00 00 00 00 00 00 00
05-27 11:03:33.960 474 596 D TvWindowManager: key event key = KEYCODE_DPAD_UP down = false
05-27 11:03:33.963 2136 2136 I SogouIME: onKeyUp: keyoCode=19
05-27 11:03:33.963 2136 2136 I DefaultIMS: onKeyUp: keyoCode=19
05-27 11:03:33.978 3164 3180 I OpenGLRenderer: Davey! duration=9223371671209ms; Flags=0, FrameTimelineVsyncId=12642, IntendedVsync=365644640091, Vsync=365644640091, InputEventId=0, HandleInputStart=365645682964, AnimationStart=365645690505, PerformTraversalsStart=365647654880, DrawStart=365648373005, FrameDeadline=365677973423, FrameInterval=365645651922, FrameStartTime=16666666, SyncQueued=365648863880, SyncStart=365649159922, IssueDrawCommandsStart=365650368755, SwapBuffers=365658922130, FrameCompleted=9223372036854775807, DequeueBufferDuration=5006375, QueueBufferDuration=971666, GpuCompleted=9223372036854775807, SwapBuffersCompleted=365669680297, DisplayPresentTime=0,
05-27 11:03:34.000 3164 3180 I OpenGLRenderer: Davey! duration=9223371671187ms; Flags=0, FrameTimelineVsyncId=12644, IntendedVsync=365661313057, Vsync=365661313057, InputEventId=0, HandleInputStart=365661942839, AnimationStart=365661949380, PerformTraversalsStart=365663173547, DrawStart=365663287755, FrameDeadline=365694646389, FrameInterval=365661932172, FrameStartTime=16666666, SyncQueued=365663662214, SyncStart=365669836839, IssueDrawCommandsStart=365670582505, SwapBuffers=365683321422, FrameCompleted=9223372036854775807, DequeueBufferDuration=8466708, QueueBufferDuration=2511500, GpuCompleted=9223372036854775807, SwapBuffersCompleted=365687440797, DisplayPresentTime=0,
05-27 11:03:34.011 3164 3366 I OpenGLRenderer: Davey! duration=9223371671169ms; Flags=0, FrameTimelineVsyncId=12646, IntendedVsync=365677979679, Vsync=365677979679, InputEventId=0, HandleInputStart=365678598755, AnimationStart=365678605297, PerformTraversalsStart=365679937672, DrawStart=365680168089, FrameDeadline=365711313011, FrameInterval=365678588005, FrameStartTime=16666666, SyncQueued=365680617464, SyncStart=365687617589, IssueDrawCommandsStart=365688789339, SwapBuffers=365709492255, FrameCompleted=9223372036854775807, DequeueBufferDuration=16236125, QueueBufferDuration=1151208, GpuCompleted=9223372036854775807, SwapBuffersCompleted=365717773214, DisplayPresentTime=0,
05-27 11:03:34.038 319 3334 D XM_HIDREAD: poll ret=1, event=1
05-27 11:03:34.039 319 3334 D XM_HIDREAD: [9 bytes]:01 00 00 52 00 00 00 00 00
05-27 11:03:34.039 474 596 D TvWindowManager: key event key = KEYCODE_DPAD_UP down = true
05-27 11:03:34.040 474 595 D GpioService: mFlickerEnable = true
05-27 11:03:34.057 2136 2136 I SogouIME: onKeyDown: keyoCode=19
05-27 11:03:34.057 2136 2136 I DefaultIMS: onKeyDown: keyoCode=19
05-27 11:03:34.094 2136 2136 I DefaultIMS: onStartInput attribute=android.view.inputmethod.EditorInfo@4d5d733 restarting=false inputType: 0
05-27 11:03:34.128 319 3334 D XM_HIDREAD: poll ret=1, event=1
05-27 11:03:34.128 319 3334 D XM_HIDREAD: [9 bytes]:01 00 00 00 00 00 00 00 00
05-27 11:03:34.128 474 596 D TvWindowManager: key event key = KEYCODE_DPAD_UP down = false
05-27 11:03:34.132 2136 2136 I SogouIME: onKeyUp: keyoCode=19
05-27 11:03:34.132 2136 2136 I DefaultIMS: onKeyUp: keyoCode=19
05-27 11:03:34.145 3164 3180 I OpenGLRenderer: Davey! duration=9223371671057ms; Flags=0, FrameTimelineVsyncId=12659, IntendedVsync=365794647381, Vsync=365794647381, InputEventId=0, HandleInputStart=365802833714, AnimationStart=365802837131, PerformTraversalsStart=365803338756, DrawStart=365810277381, FrameDeadline=365827980713, FrameInterval=365802828006, FrameStartTime=16666666, SyncQueued=365813538672, SyncStart=365816145422, IssueDrawCommandsStart=365817453131, SwapBuffers=365827523089, FrameCompleted=9223372036854775807, DequeueBufferDuration=4798166, QueueBufferDuration=1143792, GpuCompleted=9223372036854775807, SwapBuffersCompleted=365837819339, DisplayPresentTime=0,
05-27 11:03:34.160 3164 3180 I OpenGLRenderer: Davey! duration=9223371671029ms; Flags=0, FrameTimelineVsyncId=12661, IntendedVsync=365811314042, Vsync=365811314042, InputEventId=0, HandleInputStart=365821333839, AnimationStart=365821339714, PerformTraversalsStart=365823202964, DrawStart=365823319172, FrameDeadline=365844647374, FrameInterval=365821323297, FrameStartTime=16666666, SyncQueued=365823668297, SyncStart=365837989631, IssueDrawCommandsStart=365838834506, SwapBuffers=365852883964, FrameCompleted=9223372036854775807, DequeueBufferDuration=7427125, QueueBufferDuration=1671500, GpuCompleted=9223372036854775807, SwapBuffersCompleted=365856393089, DisplayPresentTime=0,
05-27 11:03:34.177 3164 3180 I OpenGLRenderer: Davey! duration=9223371671012ms; Flags=0, FrameTimelineVsyncId=12663, IntendedVsync=365827980981, Vsync=365827980981, InputEventId=0, HandleInputStart=365839393256, AnimationStart=365839396381, PerformTraversalsStart=365841386256, DrawStart=365841510339, FrameDeadline=365861314313, FrameInterval=365839385714, FrameStartTime=16666666, SyncQueued=365842256214, SyncStart=365856571256, IssueDrawCommandsStart=365858341506, SwapBuffers=365880630547, FrameCompleted=9223372036854775807, DequeueBufferDuration=13533792, QueueBufferDuration=5060083, GpuCompleted=9223372036854775807, SwapBuffersCompleted=365886466006, DisplayPresentTime=0,
05-27 11:03:34.207 319 3334 D XM_HIDREAD: poll ret=1, event=1
05-27 11:03:34.207 319 3334 D XM_HIDREAD: [9 bytes]:01 00 00 52 00 00 00 00 00
05-27 11:03:34.208 474 596 D TvWindowManager: key event key = KEYCODE_DPAD_UP down = true
05-27 11:03:34.208 474 595 D GpioService: mFlickerEnable = true
05-27 11:03:34.211 3164 3366 I OpenGLRenderer: Davey! duration=9223371670980ms; Flags=0, FrameTimelineVsyncId=12667, IntendedVsync=365861313890, Vsync=365877980556, InputEventId=0, HandleInputStart=365888750006, AnimationStart=365888754881, PerformTraversalsStart=365890151589, DrawStart=365890266172, FrameDeadline=365894647222, FrameInterval=365888737756, FrameStartTime=16666666, SyncQueued=365890653756, SyncStart=365903376714, IssueDrawCommandsStart=365904413672, SwapBuffers=365908867714, FrameCompleted=9223372036854775807, DequeueBufferDuration=43917, QueueBufferDuration=1136250, GpuCompleted=9223372036854775807, SwapBuffersCompleted=365917872547, DisplayPresentTime=0,
05-27 11:03:34.213 2136 2136 I SogouIME: onKeyDown: keyoCode=19
05-27 11:03:34.213 2136 2136 I DefaultIMS: onKeyDown: keyoCode=19
05-27 11:03:34.248 2136 2136 I DefaultIMS: onStartInput attribute=android.view.inputmethod.EditorInfo@b105af0 restarting=false inputType: 0
05-27 11:03:34.277 3164 3366 I OpenGLRenderer: Davey! duration=9223371670909ms; Flags=0, FrameTimelineVsyncId=12676, IntendedVsync=365944649289, Vsync=365944649289, InputEventId=0, HandleInputStart=365953984631, AnimationStart=365953990422, PerformTraversalsStart=365954696339, DrawStart=365966740297, FrameDeadline=365977982621, FrameInterval=365953974964, FrameStartTime=16666666, SyncQueued=365969316256, SyncStart=365969492589, IssueDrawCommandsStart=365971759089, SwapBuffers=365980739214, FrameCompleted=9223372036854775807, DequeueBufferDuration=724959, QueueBufferDuration=1047042, GpuCompleted=9223372036854775807, SwapBuffersCompleted=365983965922, DisplayPresentTime=0,
05-27 11:03:34.294 3164 3180 I OpenGLRenderer: Davey! duration=9223371670892ms; Flags=0, FrameTimelineVsyncId=12678, IntendedVsync=365961316384, Vsync=365961316384, InputEventId=0, HandleInputStart=365976451381, AnimationStart=365976458506, PerformTraversalsStart=365982412339, DrawStart=365982544922, FrameDeadline=365994649716, FrameInterval=365976391464, FrameStartTime=16666666, SyncQueued=365982986256, SyncStart=365984204297, IssueDrawCommandsStart=365984933631, SwapBuffers=365998182172, FrameCompleted=9223372036854775807, DequeueBufferDuration=6639625, QueueBufferDuration=7669250, GpuCompleted=9223372036854775807, SwapBuffersCompleted=366006825339, DisplayPresentTime=0,
05-27 11:03:34.311 3164 3180 I OpenGLRenderer: Davey! duration=9223371670858ms; Flags=0, FrameTimelineVsyncId=12680, IntendedVsync=365977982344, Vsync=365977982344, InputEventId=0, HandleInputStart=365985284922, AnimationStart=365985286797, PerformTraversalsStart=365987192047, DrawStart=365987329422, FrameDeadline=366011315676, FrameInterval=365985279089, FrameStartTime=16666666, SyncQueued=365988202672, SyncStart=366006958131, IssueDrawCommandsStart=366007669506, SwapBuffers=366011898797, FrameCompleted=9223372036854775807, DequeueBufferDuration=36167, QueueBufferDuration=10614917, GpuCompleted=9223372036854775807, SwapBuffersCompleted=366023721506, DisplayPresentTime=0,
05-27 11:03:34.319 319 3334 D XM_HIDREAD: poll ret=1, event=1
05-27 11:03:34.319 319 3334 D XM_HIDREAD: [9 bytes]:01 00 00 00 00 00 00 00 00
05-27 11:03:34.320 474 596 D TvWindowManager: key event key = KEYCODE_DPAD_UP down = false
05-27 11:03:34.325 2136 2136 I SogouIME: onKeyUp: keyoCode=19
05-27 11:03:34.325 2136 2136 I DefaultIMS: onKeyUp: keyoCode=19
05-27 11:03:34.378 3164 3180 I OpenGLRenderer: Davey! duration=9223371670821ms; Flags=0, FrameTimelineVsyncId=12686, IntendedVsync=366027983082, Vsync=366027983082, InputEventId=0, HandleInputStart=366042124172, AnimationStart=366042128964, PerformTraversalsStart=366043280756, DrawStart=366043398464, FrameDeadline=366061316414, FrameInterval=366042115381, FrameStartTime=16666666, SyncQueued=366044193839, SyncStart=366049891672, IssueDrawCommandsStart=366051088006, SwapBuffers=366057407631, FrameCompleted=9223372036854775807, DequeueBufferDuration=3467459, QueueBufferDuration=1282208, GpuCompleted=9223372036854775807, SwapBuffersCompleted=366059535631, DisplayPresentTime=0,
05-27 11:03:34.400 319 3334 D XM_HIDREAD: poll ret=1, event=1
05-27 11:03:34.400 319 3334 D XM_HIDREAD: [9 bytes]:01 00 00 52 00 00 00 00 00
05-27 11:03:34.400 474 596 D TvWindowManager: key event key = KEYCODE_DPAD_UP down = true
05-27 11:03:34.401 3164 3180 I OpenGLRenderer: Davey! duration=9223371670804ms; Flags=0, FrameTimelineVsyncId=12688, IntendedVsync=366044649812, Vsync=366044649812, InputEventId=998960348, HandleInputStart=366051995881, AnimationStart=366051998881, PerformTraversalsStart=366053936881, DrawStart=366054064339, FrameDeadline=366077983144, FrameInterval=366051987964, FrameStartTime=16666666, SyncQueued=366054462589, SyncStart=366059714964, IssueDrawCommandsStart=366060978214, SwapBuffers=366083011964, FrameCompleted=9223372036854775807, DequeueBufferDuration=17770958, QueueBufferDuration=1614334, GpuCompleted=9223372036854775807, SwapBuffersCompleted=366090397422, DisplayPresentTime=0,
05-27 11:03:34.402 474 595 D GpioService: mFlickerEnable = true
05-27 11:03:34.411 3164 3366 I OpenGLRenderer: Davey! duration=9223371670768ms; Flags=0, FrameTimelineVsyncId=12690, IntendedVsync=366061317601, Vsync=366061317601, InputEventId=0, HandleInputStart=366062590131, AnimationStart=366062595631, PerformTraversalsStart=366064778839, DrawStart=366064896131, FrameDeadline=366094650933, FrameInterval=366062580672, FrameStartTime=16666666, SyncQueued=366065250547, SyncStart=366090523922, IssueDrawCommandsStart=366091253839, SwapBuffers=366108592214, FrameCompleted=9223372036854775807, DequeueBufferDuration=13285666, QueueBufferDuration=1128583, GpuCompleted=9223372036854775807, SwapBuffersCompleted=366118378631, DisplayPresentTime=0,
05-27 11:03:34.414 2136 2136 I SogouIME: onKeyDown: keyoCode=19
05-27 11:03:34.414 2136 2136 I DefaultIMS: onKeyDown: keyoCode=19
05-27 11:03:34.443 2136 2136 I DefaultIMS: onStartInput attribute=android.view.inputmethod.EditorInfo@74c0869 restarting=false inputType: 0
05-27 11:03:34.477 3164 3180 I OpenGLRenderer: Davey! duration=9223371670710ms; Flags=0, FrameTimelineVsyncId=12699, IntendedVsync=366144651327, Vsync=366144651327, InputEventId=0, HandleInputStart=366153466047, AnimationStart=366153471547, PerformTraversalsStart=366154186922, DrawStart=366160240297, FrameDeadline=366177984659, FrameInterval=366153455506, FrameStartTime=16666666, SyncQueued=366162922922, SyncStart=366163046422, IssueDrawCommandsStart=366164269422, SwapBuffers=366176863339, FrameCompleted=9223372036854775807, DequeueBufferDuration=7510000, QueueBufferDuration=1097084, GpuCompleted=9223372036854775807, SwapBuffersCompleted=366178788131, DisplayPresentTime=0,
05-27 11:03:34.494 3164 3180 I OpenGLRenderer: Davey! duration=9223371670688ms; Flags=0, FrameTimelineVsyncId=12701, IntendedVsync=366161316880, Vsync=366161316880, InputEventId=0, HandleInputStart=366171055089, AnimationStart=366171062047, PerformTraversalsStart=366173102256, DrawStart=366173214922, FrameDeadline=366194650212, FrameInterval=366171043922, FrameStartTime=16666666, SyncQueued=366173606214, SyncStart=366178922131, IssueDrawCommandsStart=366180281839, SwapBuffers=366193370089, FrameCompleted=9223372036854775807, DequeueBufferDuration=7757125, QueueBufferDuration=8699791, GpuCompleted=9223372036854775807, SwapBuffersCompleted=366203311631, DisplayPresentTime=0,
05-27 11:03:34.511 319 3334 D XM_HIDREAD: poll ret=1, event=1
05-27 11:03:34.511 319 3334 D XM_HIDREAD: [9 bytes]:01 00 00 00 00 00 00 00 00
05-27 11:03:34.511 474 596 D TvWindowManager: key event key = KEYCODE_DPAD_UP down = false
05-27 11:03:34.512 3164 3180 I OpenGLRenderer: Davey! duration=9223371670663ms; Flags=0, FrameTimelineVsyncId=12703, IntendedVsync=366177983493, Vsync=366177983493, InputEventId=0, HandleInputStart=366180852381, AnimationStart=366180855506, PerformTraversalsStart=366188293964, DrawStart=366188430756, FrameDeadline=366211316825, FrameInterval=366180846172, FrameStartTime=16666666, SyncQueued=366189826089, SyncStart=366203459464, IssueDrawCommandsStart=366204332631, SwapBuffers=366208340922, FrameCompleted=9223372036854775807, DequeueBufferDuration=38416, QueueBufferDuration=10552417, GpuCompleted=9223372036854775807, SwapBuffersCompleted=366219810006, DisplayPresentTime=0,
05-27 11:03:34.519 2136 2136 I SogouIME: onKeyUp: keyoCode=19
05-27 11:03:34.520 2136 2136 I DefaultIMS: onKeyUp: keyoCode=19
05-27 11:03:34.627 3164 3180 I OpenGLRenderer: Davey! duration=9223371670560ms; Flags=0, FrameTimelineVsyncId=12715, IntendedVsync=366277980529, Vsync=366277980529, InputEventId=0, HandleInputStart=366285628881, AnimationStart=366285631881, PerformTraversalsStart=366286736672, DrawStart=366286890714, FrameDeadline=366311313861, FrameInterval=366285621297, FrameStartTime=16666666, SyncQueued=366287262089, SyncStart=366303549881, IssueDrawCommandsStart=366305324547, SwapBuffers=366307546172, FrameCompleted=9223372036854775807, DequeueBufferDuration=32250, QueueBufferDuration=697292, GpuCompleted=9223372036854775807, SwapBuffersCompleted=366308915464, DisplayPresentTime=0,
05-27 11:03:34.652 3164 3180 I OpenGLRenderer: Davey! duration=9223371670557ms; Flags=0, FrameTimelineVsyncId=12717, IntendedVsync=366294649821, Vsync=366294649821, InputEventId=0, HandleInputStart=366305739964, AnimationStart=366305742297, PerformTraversalsStart=366306554589, DrawStart=366306640006, FrameDeadline=366327983153, FrameInterval=366305735756, FrameStartTime=16666666, SyncQueued=366306882714, SyncStart=366309017047, IssueDrawCommandsStart=366309585464, SwapBuffers=366334453631, FrameCompleted=9223372036854775807, DequeueBufferDuration=20568166, QueueBufferDuration=1206500, GpuCompleted=9223372036854775807, SwapBuffersCompleted=366341858256, DisplayPresentTime=0,
05-27 11:03:34.677 3164 3180 I OpenGLRenderer: Davey! duration=9223371670514ms; Flags=0, FrameTimelineVsyncId=12719, IntendedVsync=366311316240, Vsync=366311316240, InputEventId=0, HandleInputStart=366311894631, AnimationStart=366311899881, PerformTraversalsStart=366313037506, DrawStart=366313148506, FrameDeadline=366344649572, FrameInterval=366311885839, FrameStartTime=16666666, SyncQueued=366313520172, SyncStart=366341989631, IssueDrawCommandsStart=366342650589, SwapBuffers=366358845756, FrameCompleted=9223372036854775807, DequeueBufferDuration=11749083, QueueBufferDuration=1516458, GpuCompleted=9223372036854775807, SwapBuffersCompleted=366370501672, DisplayPresentTime=0,
05-27 11:03:34.694 3164 3180 I OpenGLRenderer: Davey! duration=9223371670500ms; Flags=0, FrameTimelineVsyncId=12721, IntendedVsync=366327982882, Vsync=366327982882, InputEventId=0, HandleInputStart=366343034089, AnimationStart=366343036756, PerformTraversalsStart=366344064464, DrawStart=366344169422, FrameDeadline=366361316214, FrameInterval=366343028964, FrameStartTime=16666666, SyncQueued=366344477422, SyncStart=366370687964, IssueDrawCommandsStart=366371623797, SwapBuffers=366383602131, FrameCompleted=9223372036854775807, DequeueBufferDuration=7663875, QueueBufferDuration=839750, GpuCompleted=9223372036854775807, SwapBuffersCompleted=366389552297, DisplayPresentTime=0,
05-27 11:03:34.747 319 3334 D XM_HIDREAD: poll ret=1, event=1
05-27 11:03:34.747 319 3334 D XM_HIDREAD: [9 bytes]:01 00 00 52 00 00 00 00 00
05-27 11:03:34.748 474 596 D TvWindowManager: key event key = KEYCODE_DPAD_UP down = true
05-27 11:03:34.749 474 595 D GpioService: mFlickerEnable = true
05-27 11:03:34.751 2136 2136 I SogouIME: onKeyDown: keyoCode=19
05-27 11:03:34.751 2136 2136 I DefaultIMS: onKeyDown: keyoCode=19
05-27 11:03:34.779 2136 2136 I DefaultIMS: onStartInput attribute=android.view.inputmethod.EditorInfo@25c2ee restarting=false inputType: 0
05-27 11:03:34.824 3164 3366 I OpenGLRenderer: Davey! duration=9223371670343ms; Flags=0, FrameTimelineVsyncId=12733, IntendedVsync=366511314667, Vsync=366511314667, InputEventId=0, HandleInputStart=366511805589, AnimationStart=366511811673, PerformTraversalsStart=366519072131, DrawStart=366519202298, FrameDeadline=366544647999, FrameInterval=366511795631, FrameStartTime=16666666, SyncQueued=366520648964, SyncStart=366520832798, IssueDrawCommandsStart=366521917214, SwapBuffers=366527976256, FrameCompleted=9223372036854775807, DequeueBufferDuration=48416, QueueBufferDuration=1113333, GpuCompleted=9223372036854775807, SwapBuffersCompleted=366538878964, DisplayPresentTime=0,
05-27 11:03:34.844 3164 3366 I OpenGLRenderer: Davey! duration=9223371670318ms; Flags=0, FrameTimelineVsyncId=12735, IntendedVsync=366527981291, Vsync=366527981291, InputEventId=0, HandleInputStart=366528744589, AnimationStart=366528751548, PerformTraversalsStart=366530408214, DrawStart=366530527256, FrameDeadline=366561314623, FrameInterval=366528734339, FrameStartTime=16666666, SyncQueued=366530931714, SyncStart=366539050839, IssueDrawCommandsStart=366539970048, SwapBuffers=366544316131, FrameCompleted=9223372036854775807, DequeueBufferDuration=44208, QueueBufferDuration=7899458, GpuCompleted=9223372036854775807, SwapBuffersCompleted=366553522673, DisplayPresentTime=0,
05-27 11:03:34.871 319 3334 D XM_HIDREAD: poll ret=1, event=1
05-27 11:03:34.871 319 3334 D XM_HIDREAD: [9 bytes]:01 00 00 00 00 00 00 00 00
05-27 11:03:34.873 474 596 D TvWindowManager: key event key = KEYCODE_DPAD_UP down = false
05-27 11:03:34.876 2136 2136 I SogouIME: onKeyUp: keyoCode=19
05-27 11:03:34.876 2136 2136 I DefaultIMS: onKeyUp: keyoCode=19
05-27 11:03:34.901 474 521 W IorapForwardingService: No service published for: iorapd
05-27 11:03:34.978 3164 3180 I OpenGLRenderer: Davey! duration=9223371670210ms; Flags=0, FrameTimelineVsyncId=12749, IntendedVsync=366644645810, Vsync=366644645810, InputEventId=0, HandleInputStart=366645336339, AnimationStart=366645340798, PerformTraversalsStart=366646460089, DrawStart=366646580256, FrameDeadline=366677979142, FrameInterval=366645323923, FrameStartTime=16666666, SyncQueued=366646941214, SyncStart=366647063506, IssueDrawCommandsStart=366648072423, SwapBuffers=366657623339, FrameCompleted=9223372036854775807, DequeueBufferDuration=6502791, QueueBufferDuration=1291292, GpuCompleted=9223372036854775807, SwapBuffersCompleted=366659782756, DisplayPresentTime=0,
05-27 11:03:34.995 3164 3180 I OpenGLRenderer: Davey! duration=9223371670193ms; Flags=0, FrameTimelineVsyncId=12751, IntendedVsync=366661312735, Vsync=366661312735, InputEventId=0, HandleInputStart=366661950631, AnimationStart=366661956548, PerformTraversalsStart=366663206048, DrawStart=366663309048, FrameDeadline=366694646067, FrameInterval=366661940964, FrameStartTime=16666666, SyncQueued=366663701964, SyncStart=366663899923, IssueDrawCommandsStart=366664888089, SwapBuffers=366685855256, FrameCompleted=9223372036854775807, DequeueBufferDuration=15041833, QueueBufferDuration=2055833, GpuCompleted=9223372036854775807, SwapBuffersCompleted=366689144714, DisplayPresentTime=0,
05-27 11:03:34.996 1114 1138 I OpenGLRenderer: Davey! duration=9223371670193ms; Flags=0, FrameTimelineVsyncId=12751, IntendedVsync=366661312735, Vsync=366661312735, InputEventId=0, HandleInputStart=366661951381, AnimationStart=366661956506, PerformTraversalsStart=366662347006, DrawStart=366663434464, FrameDeadline=366694646067, FrameInterval=366661941589, FrameStartTime=16666666, SyncQueued=366665064089, SyncStart=366665452256, IssueDrawCommandsStart=366666720964, SwapBuffers=366678317923, FrameCompleted=9223372036854775807, DequeueBufferDuration=53917, QueueBufferDuration=1415958, GpuCompleted=9223372036854775807, SwapBuffersCompleted=366684516589, DisplayPresentTime=1423966617412635664,
05-27 11:03:35.010 3164 3180 I OpenGLRenderer: Davey! duration=9223371670168ms; Flags=0, FrameTimelineVsyncId=12753, IntendedVsync=366677979280, Vsync=366677979280, InputEventId=0, HandleInputStart=366678686839, AnimationStart=366678693548, PerformTraversalsStart=366679958048, DrawStart=366680422464, FrameDeadline=366711312612, FrameInterval=366678676589, FrameStartTime=16666666, SyncQueued=366680955173, SyncStart=366689360923, IssueDrawCommandsStart=366690468048, SwapBuffers=366707982881, FrameCompleted=9223372036854775807, DequeueBufferDuration=14516125, QueueBufferDuration=15212042, GpuCompleted=9223372036854775807, SwapBuffersCompleted=366724149506, DisplayPresentTime=0,
05-27 11:03:35.011 1114 1138 I OpenGLRenderer: Davey! duration=9223371670172ms; Flags=0, FrameTimelineVsyncId=12753, IntendedVsync=366677979280, Vsync=366677979280, InputEventId=0, HandleInputStart=366678687173, AnimationStart=366678693548, PerformTraversalsStart=366679173381, DrawStart=366679894173, FrameDeadline=366711312612, FrameInterval=366678676964, FrameStartTime=16666666, SyncQueued=366680639339, SyncStart=366684981298, IssueDrawCommandsStart=366686664464, SwapBuffers=366704327714, FrameCompleted=9223372036854775807, DequeueBufferDuration=67709, QueueBufferDuration=4644792, GpuCompleted=9223372036854775807, SwapBuffersCompleted=366709702548, DisplayPresentTime=0,
05-27 11:03:35.039 1114 1138 I OpenGLRenderer: Davey! duration=9223371670147ms; Flags=0, FrameTimelineVsyncId=12755, IntendedVsync=366694645579, Vsync=366694645579, InputEventId=0, HandleInputStart=366695492798, AnimationStart=366695498798, PerformTraversalsStart=366696520006, DrawStart=366696851548, FrameDeadline=366727978911, FrameInterval=366695475214, FrameStartTime=16666666, SyncQueued=366696972131, SyncStart=366709999631, IssueDrawCommandsStart=366711466673, SwapBuffers=366735142839, FrameCompleted=9223372036854775807, DequeueBufferDuration=11171792, QueueBufferDuration=19444458, GpuCompleted=9223372036854775807, SwapBuffersCompleted=366755326756, DisplayPresentTime=1361566240160024944,
05-27 11:03:35.043 3164 3180 I OpenGLRenderer: Davey! duration=9223371670132ms; Flags=0, FrameTimelineVsyncId=12755, IntendedVsync=366694645579, Vsync=366694645579, InputEventId=0, HandleInputStart=366695491423, AnimationStart=366695498631, PerformTraversalsStart=366696804089, DrawStart=366697278714, FrameDeadline=366727978911, FrameInterval=366695474256, FrameStartTime=16666666, SyncQueued=366697958464, SyncStart=366725247298, IssueDrawCommandsStart=366728755089, SwapBuffers=366732562381, FrameCompleted=9223372036854775807, DequeueBufferDuration=72292, QueueBufferDuration=6730500, GpuCompleted=9223372036854775807, SwapBuffersCompleted=366740424923, DisplayPresentTime=0,
05-27 11:03:35.070 3164 3180 I OpenGLRenderer: Davey! duration=9223371670131ms; Flags=0, FrameTimelineVsyncId=12757, IntendedVsync=366711312462, Vsync=366711312462, InputEventId=0, HandleInputStart=366726868006, AnimationStart=366726872548, PerformTraversalsStart=366727996923, DrawStart=366728213631, FrameDeadline=366744645794, FrameInterval=366726859631, FrameStartTime=16666666, SyncQueued=366728688131, SyncStart=366740611131, IssueDrawCommandsStart=366741512714, SwapBuffers=366745210798, FrameCompleted=9223372036854775807, DequeueBufferDuration=51375, QueueBufferDuration=21272542, GpuCompleted=9223372036854775807, SwapBuffersCompleted=366767494756, DisplayPresentTime=0,
05-27 11:03:35.092 1114 1138 I OpenGLRenderer: Davey! duration=9223371670100ms; Flags=0, FrameTimelineVsyncId=12757, IntendedVsync=366711312462, Vsync=366711312462, InputEventId=0, HandleInputStart=366711922756, AnimationStart=366711925548, PerformTraversalsStart=366712373964, DrawStart=366712573339, FrameDeadline=366744645794, FrameInterval=366711916048, FrameStartTime=16666666, SyncQueued=366712665256, SyncStart=366755675506, IssueDrawCommandsStart=366756835298, SwapBuffers=366766873423, FrameCompleted=9223372036854775807, DequeueBufferDuration=49750, QueueBufferDuration=16691084, GpuCompleted=9223372036854775807, SwapBuffersCompleted=366786152756, DisplayPresentTime=1361595411577749248,
05-27 11:03:35.118 1114 1138 I OpenGLRenderer: Davey! duration=9223371670093ms; Flags=0, FrameTimelineVsyncId=12758, IntendedVsync=366727979651, Vsync=366744646317, InputEventId=0, HandleInputStart=366757251506, AnimationStart=366757256173, PerformTraversalsStart=366757693381, DrawStart=366757897673, FrameDeadline=366761312983, FrameInterval=366757239798, FrameStartTime=16666666, SyncQueued=366757978881, SyncStart=366791101131, IssueDrawCommandsStart=366792729506, SwapBuffers=366797788048, FrameCompleted=9223372036854775807, DequeueBufferDuration=60459, QueueBufferDuration=22457458, GpuCompleted=9223372036854775807, SwapBuffersCompleted=366821455923, DisplayPresentTime=1362019823066095776,
05-27 11:03:35.127 1114 1138 I OpenGLRenderer: Davey! duration=9223371670068ms; Flags=0, FrameTimelineVsyncId=12762, IntendedVsync=366761316068, Vsync=366777982734, InputEventId=0, HandleInputStart=366794266881, AnimationStart=366794271881, PerformTraversalsStart=366794639881, DrawStart=366795798964, FrameDeadline=366794649400, FrameInterval=366794255298, FrameStartTime=16666666, SyncQueued=366796558006, SyncStart=366821902048, IssueDrawCommandsStart=366823167464, SwapBuffers=366832469131, FrameCompleted=9223372036854775807, DequeueBufferDuration=37458, QueueBufferDuration=1685125, GpuCompleted=9223372036854775807, SwapBuffersCompleted=366838877464, DisplayPresentTime=1362159254567387136,
05-27 11:03:35.140 658 658 E WifiHAL : wifi_get_link_stats: requestResponse Error:-5
05-27 11:03:35.143 474 607 E WifiVendorHal: getWifiLinkLayerStats_1_5_Internal(l.1191) failed {.code = ERROR_INVALID_ARGS, .description = }
05-27 11:03:35.146 1114 1138 I OpenGLRenderer: Davey! duration=9223371670028ms; Flags=0, FrameTimelineVsyncId=12766, IntendedVsync=366811316818, Vsync=366811316818, InputEventId=0, HandleInputStart=366823464423, AnimationStart=366823466756, PerformTraversalsStart=366823777006, DrawStart=366823933006, FrameDeadline=366844650150, FrameInterval=366823458881, FrameStartTime=16666666, SyncQueued=366823997256, SyncStart=366839241673, IssueDrawCommandsStart=366840673089, SwapBuffers=366857676214, FrameCompleted=9223372036854775807, DequeueBufferDuration=4507792, QueueBufferDuration=1403417, GpuCompleted=9223372036854775807, SwapBuffersCompleted=366860213006, DisplayPresentTime=1424107354901062672,
05-27 11:03:35.342 2184 2259 D UtilLog : 日志批量上报 进行正常循环 !!!!!!本次有0次请求,共0条数据
05-27 11:03:35.378 1114 1699 I OpenGLRenderer: Davey! duration=9223371669812ms; Flags=0, FrameTimelineVsyncId=12790, IntendedVsync=367027981869, Vsync=367027981869, InputEventId=0, HandleInputStart=367035416048, AnimationStart=367035419673, PerformTraversalsStart=367035679173, DrawStart=367035850589, FrameDeadline=367061315201, FrameInterval=367035410506, FrameStartTime=16666666, SyncQueued=367035923298, SyncStart=367050585756, IssueDrawCommandsStart=367051799839, SwapBuffers=367064104714, FrameCompleted=9223372036854775807, DequeueBufferDuration=7883041, QueueBufferDuration=1451167, GpuCompleted=9223372036854775807, SwapBuffersCompleted=367070882131, DisplayPresentTime=1423777020376301376,
05-27 11:03:35.395 1114 1699 I OpenGLRenderer: Davey! duration=9223371669791ms; Flags=0, FrameTimelineVsyncId=12792, IntendedVsync=367044647188, Vsync=367044647188, InputEventId=0, HandleInputStart=367052263464, AnimationStart=367052266423, PerformTraversalsStart=367052557714, DrawStart=367052729839, FrameDeadline=367077980520, FrameInterval=367052255548, FrameStartTime=16666666, SyncQueued=367052803506, SyncStart=367071237464, IssueDrawCommandsStart=367072269923, SwapBuffers=367084547923, FrameCompleted=9223372036854775807, DequeueBufferDuration=7443166, QueueBufferDuration=2032250, GpuCompleted=9223372036854775807, SwapBuffersCompleted=367091010423, DisplayPresentTime=1361812324289085440,
05-27 11:03:35.494 1114 1699 I OpenGLRenderer: Davey! duration=9223371669679ms; Flags=0, FrameTimelineVsyncId=12805, IntendedVsync=367161313477, Vsync=367161313477, InputEventId=0, HandleInputStart=367163551131, AnimationStart=367163553423, PerformTraversalsStart=367163834923, DrawStart=367164075715, FrameDeadline=367194646809, FrameInterval=367163544340, FrameStartTime=16666666, SyncQueued=367164170423, SyncStart=367178085756, IssueDrawCommandsStart=367179571048, SwapBuffers=367191019256, FrameCompleted=9223372036854775807, DequeueBufferDuration=7512750, QueueBufferDuration=1580791, GpuCompleted=9223372036854775807, SwapBuffersCompleted=367202783048, DisplayPresentTime=0,
05-27 11:03:35.578 1114 1699 I OpenGLRenderer: Davey! duration=9223371669589ms; Flags=0, FrameTimelineVsyncId=12815, IntendedVsync=367244646421, Vsync=367244646421, InputEventId=0, HandleInputStart=367245330548, AnimationStart=367245333631, PerformTraversalsStart=367245654465, DrawStart=367245850465, FrameDeadline=367277979753, FrameInterval=367245323006, FrameStartTime=16666666, SyncQueued=367245933840, SyncStart=367266453215, IssueDrawCommandsStart=367267638923, SwapBuffers=367279482131, FrameCompleted=9223372036854775807, DequeueBufferDuration=7815625, QueueBufferDuration=2846958, GpuCompleted=9223372036854775807, SwapBuffersCompleted=367288312256, DisplayPresentTime=317133688,
05-27 11:03:35.594 1114 1699 I OpenGLRenderer: Davey! duration=9223371669575ms; Flags=0, FrameTimelineVsyncId=12817, IntendedVsync=367261312716, Vsync=367261312716, InputEventId=0, HandleInputStart=367267961965, AnimationStart=367267964006, PerformTraversalsStart=367269677465, DrawStart=367270103006, FrameDeadline=367294646048, FrameInterval=367267956590, FrameStartTime=16666666, SyncQueued=367270370965, SyncStart=367288715631, IssueDrawCommandsStart=367290646756, SwapBuffers=367307626298, FrameCompleted=9223372036854775807, DequeueBufferDuration=4944041, QueueBufferDuration=1033208, GpuCompleted=9223372036854775807, SwapBuffersCompleted=367309627840, DisplayPresentTime=0,
05-27 11:03:35.887 2827 2836 I gbei.screencas: Background concurrent copying GC freed 67019(6135KB) AllocSpace objects, 0(0B) LOS objects, 49% free, 6155KB/12MB, paused 255us total 139.246ms
05-27 11:03:35.904 474 521 W IorapForwardingService: No service published for: iorapd
05-27 11:03:36.085 319 3334 D XM_HIDREAD: poll ret=1, event=1
05-27 11:03:36.086 319 3334 D XM_HIDREAD: [9 bytes]:01 00 00 28 00 00 00 00 00
05-27 11:03:36.086 474 596 D TvWindowManager: key event key = KEYCODE_DPAD_CENTER down = true
05-27 11:03:36.088 474 595 D GpioService: mFlickerEnable = true
05-27 11:03:36.176 319 3334 D XM_HIDREAD: poll ret=1, event=1
05-27 11:03:36.176 319 3334 D XM_HIDREAD: [9 bytes]:01 00 00 00 00 00 00 00 00
05-27 11:03:36.176 474 596 D TvWindowManager: key event key = KEYCODE_DPAD_CENTER down = false
05-27 11:03:36.235 474 595 D GpioService: mFlickerEnable = true
05-27 11:03:36.237 2136 2136 I SogouIME: onKeyDown: keyoCode=23
05-27 11:03:36.237 2136 2136 I DefaultIMS: onKeyDown: keyoCode=23
05-27 11:03:36.239 2136 2136 I SogouIME: onKeyUp: keyoCode=23
05-27 11:03:36.239 2136 2136 I DefaultIMS: onKeyUp: keyoCode=23
05-27 11:03:36.244 1058 1072 D DisplayOutputImpl: updateSupportModes type = 4
05-27 11:03:36.247 260 3320 D DisplayConfig: virtual Return vendor::display::config::V1_0::implementation::DisplayConfig::getSupportedModes(int32_t, vendor::display::config::V1_0::IDisplayConfig::getSupportedModes_cb): display[0] ret=0, supported modes count(19)
05-27 11:03:36.249 260 3320 D DisplayConfig: virtual Return vendor::display::config::V1_0::implementation::DisplayConfig::getSupportedModes(int32_t, vendor::display::config::V1_0::IDisplayConfig::getSupportedModes_cb): display[0] ret=0, supported modes count(19)
05-27 11:03:36.250 260 3320 W displayd: xxxxxxx: hdmi user strategy: 255
05-27 11:03:36.251 260 3320 W displayd: xxxxxxx: getHDMINativeMode: use perfect hdmi mode(35) as native mode
05-27 11:03:36.252 1058 1072 D DisplayOutputImpl: updateSupportModes = 35 , 255 , true
05-27 11:03:36.252 1058 1072 D DisplayOutputImpl: setDisplayOutputMode = 255
05-27 11:03:36.252 260 3320 W displayd: xxxxxxx: getHDMINativeMode: use perfect hdmi mode(35) as native mode
05-27 11:03:36.882 266 294 D hdmi-cec: receive invalid cec message!
05-27 11:03:36.882 266 294 D hdmi-cec: receive poll message [04], skip!
05-27 11:03:36.905 474 521 W IorapForwardingService: No service published for: iorapd
05-27 11:03:37.647 1128 1128 D aaa : LedStatusService onStartCommand begin
05-27 11:03:37.649 1128 3584 D aaa : topPkg is -------------- :com.dangbei.haqusetting
05-27 11:03:37.653 1188 1188 D bbb : onStartCommand begin !!!!!!! data分区剩余 24846MB
05-27 11:03:37.908 474 521 W IorapForwardingService: No service published for: iorapd
05-27 11:03:37.977 1114 1151 I OpenGLRenderer: Davey! duration=9223371667193ms; Flags=0, FrameTimelineVsyncId=12826, IntendedVsync=369661309623, Vsync=369661309623, InputEventId=0, HandleInputStart=369661897216, AnimationStart=369661903091, PerformTraversalsStart=369662130799, DrawStart=369663085674, FrameDeadline=369694642955, FrameInterval=369661886841, FrameStartTime=16666666, SyncQueued=369664535882, SyncStart=369664925507, IssueDrawCommandsStart=369666190466, SwapBuffers=369681766757, FrameCompleted=9223372036854775807, DequeueBufferDuration=52959, QueueBufferDuration=1952083, GpuCompleted=9223372036854775807, SwapBuffersCompleted=369695547591, DisplayPresentTime=1361847714819604480,
05-27 11:03:38.008 1114 1151 I OpenGLRenderer: Davey! duration=9223371667161ms; Flags=0, FrameTimelineVsyncId=12827, IntendedVsync=369677976289, Vsync=369677976289, InputEventId=0, HandleInputStart=369678616424, AnimationStart=369678621424, PerformTraversalsStart=369678927049, DrawStart=369679585799, FrameDeadline=369711309621, FrameInterval=369678604674, FrameStartTime=16666666, SyncQueued=369680391924, SyncStart=369696152382, IssueDrawCommandsStart=369698691257, SwapBuffers=369714608216, FrameCompleted=9223372036854775807, DequeueBufferDuration=46917, QueueBufferDuration=1351041, GpuCompleted=9223372036854775807, SwapBuffersCompleted=369716961716, DisplayPresentTime=317078712,
05-27 11:03:38.026 1114 1151 I OpenGLRenderer: Davey! duration=9223371667142ms; Flags=0, FrameTimelineVsyncId=12829, IntendedVsync=369694857996, Vsync=369694857996, InputEventId=0, HandleInputStart=369699562466, AnimationStart=369699566841, PerformTraversalsStart=369699924966, DrawStart=369700173216, FrameDeadline=369728191328, FrameInterval=369699554757, FrameStartTime=16666666, SyncQueued=369700250632, SyncStart=369717249674, IssueDrawCommandsStart=369718303007, SwapBuffers=369728729966, FrameCompleted=9223372036854775807, DequeueBufferDuration=33375, QueueBufferDuration=11274292, GpuCompleted=9223372036854775807, SwapBuffersCompleted=369741380507, DisplayPresentTime=1361777998910455808,
05-27 11:03:38.051 1114 1151 I OpenGLRenderer: Davey! duration=9223371667120ms; Flags=0, FrameTimelineVsyncId=12830, IntendedVsync=369711524662, Vsync=369711524662, InputEventId=0, HandleInputStart=369718814507, AnimationStart=369718817007, PerformTraversalsStart=369719116799, DrawStart=369719331174, FrameDeadline=369744857994, FrameInterval=369718806341, FrameStartTime=16666666, SyncQueued=369719410632, SyncStart=369742028507, IssueDrawCommandsStart=369744673299, SwapBuffers=369757185216, FrameCompleted=9223372036854775807, DequeueBufferDuration=81917, QueueBufferDuration=10109458, GpuCompleted=9223372036854775807, SwapBuffersCompleted=369768357049, DisplayPresentTime=1423437717959880720,
05-27 11:03:38.080 1114 1151 I OpenGLRenderer: Davey! duration=9223371667104ms; Flags=0, FrameTimelineVsyncId=12832, IntendedVsync=369728191328, Vsync=369744857994, InputEventId=0, HandleInputStart=369745821507, AnimationStart=369745829007, PerformTraversalsStart=369746754716, DrawStart=369747025091, FrameDeadline=369761524660, FrameInterval=369745805549, FrameStartTime=16666666, SyncQueued=369747128007, SyncStart=369768848091, IssueDrawCommandsStart=369770406132, SwapBuffers=369774315757, FrameCompleted=9223372036854775807, DequeueBufferDuration=63417, QueueBufferDuration=19805833, GpuCompleted=9223372036854775807, SwapBuffersCompleted=369795048841, DisplayPresentTime=1362055556876992512,
05-27 11:03:38.107 1114 1151 I OpenGLRenderer: Davey! duration=9223371667068ms; Flags=0, FrameTimelineVsyncId=12836, IntendedVsync=369761490666, Vsync=369761490666, InputEventId=0, HandleInputStart=369771801674, AnimationStart=369771806382, PerformTraversalsStart=369772410632, DrawStart=369773369841, FrameDeadline=369794823998, FrameInterval=369771791591, FrameStartTime=16666666, SyncQueued=369774023299, SyncStart=369798979257, IssueDrawCommandsStart=369800114716, SwapBuffers=369812755049, FrameCompleted=9223372036854775807, DequeueBufferDuration=54875, QueueBufferDuration=1256500, GpuCompleted=9223372036854775807, SwapBuffersCompleted=369814801757, DisplayPresentTime=1423986133427027968,
05-27 11:03:38.126 1114 1151 I OpenGLRenderer: Davey! duration=9223371667062ms; Flags=0, FrameTimelineVsyncId=12838, IntendedVsync=369778152894, Vsync=369794819560, InputEventId=0, HandleInputStart=369800511132, AnimationStart=369800514007, PerformTraversalsStart=369800860382, DrawStart=369801067216, FrameDeadline=369811486226, FrameInterval=369800505049, FrameStartTime=16666666, SyncQueued=369801143632, SyncStart=369815140049, IssueDrawCommandsStart=369816301716, SwapBuffers=369823542174, FrameCompleted=9223372036854775807, DequeueBufferDuration=28541, QueueBufferDuration=16776625, GpuCompleted=9223372036854775807, SwapBuffersCompleted=369840972674, DisplayPresentTime=1361811809224557976,
05-27 11:03:38.146 1114 1151 I OpenGLRenderer: Davey! duration=9223371667019ms; Flags=0, FrameTimelineVsyncId=12840, IntendedVsync=369811317729, Vsync=369811317729, InputEventId=0, HandleInputStart=369816687591, AnimationStart=369816690466, PerformTraversalsStart=369816980382, DrawStart=369817187674, FrameDeadline=369844651061, FrameInterval=369816682091, FrameStartTime=16666666, SyncQueued=369817267716, SyncStart=369841271466, IssueDrawCommandsStart=369842423007, SwapBuffers=369856317716, FrameCompleted=9223372036854775807, DequeueBufferDuration=44542, QueueBufferDuration=7046166, GpuCompleted=9223372036854775807, SwapBuffersCompleted=369864315341, DisplayPresentTime=1423989294840026992,
05-27 11:03:38.161 658 658 E WifiHAL : wifi_get_link_stats: requestResponse Error:-5
05-27 11:03:38.163 1114 1151 I OpenGLRenderer: Davey! duration=9223371667005ms; Flags=0, FrameTimelineVsyncId=12842, IntendedVsync=369827960964, Vsync=369827960964, InputEventId=0, HandleInputStart=369842817841, AnimationStart=369842820132, PerformTraversalsStart=369843155716, DrawStart=369843407257, FrameDeadline=369861294296, FrameInterval=369842812132, FrameStartTime=16666666, SyncQueued=369843509757, SyncStart=369864758257, IssueDrawCommandsStart=369866257632, SwapBuffers=369871108799, FrameCompleted=9223372036854775807, DequeueBufferDuration=59875, QueueBufferDuration=7982375, GpuCompleted=9223372036854775807, SwapBuffersCompleted=369880107674, DisplayPresentTime=1361744910482407424,
05-27 11:03:38.165 474 607 E WifiVendorHal: getWifiLinkLayerStats_1_5_Internal(l.1191) failed {.code = ERROR_INVALID_ARGS, .description = }
05-27 11:03:38.378 1114 1699 I OpenGLRenderer: Davey! duration=9223371666800ms; Flags=0, FrameTimelineVsyncId=12867, IntendedVsync=370044552988, Vsync=370044552988, InputEventId=0, HandleInputStart=370055876466, AnimationStart=370055881424, PerformTraversalsStart=370056412008, DrawStart=370056589341, FrameDeadline=370077886320, FrameInterval=370055869091, FrameStartTime=16666666, SyncQueued=370056664591, SyncStart=370066697758, IssueDrawCommandsStart=370067805758, SwapBuffers=370076542799, FrameCompleted=9223372036854775807, DequeueBufferDuration=4999167, QueueBufferDuration=1268375, GpuCompleted=9223372036854775807, SwapBuffersCompleted=370086439341, DisplayPresentTime=1424012040986904792,
05-27 11:03:38.495 1114 1699 I OpenGLRenderer: Davey! duration=9223371666692ms; Flags=0, FrameTimelineVsyncId=12879, IntendedVsync=370144618806, Vsync=370144618806, InputEventId=0, HandleInputStart=370152445966, AnimationStart=370152449133, PerformTraversalsStart=370152760716, DrawStart=370152933924, FrameDeadline=370177952138, FrameInterval=370152438383, FrameStartTime=16666666, SyncQueued=370153008383, SyncStart=370170396133, IssueDrawCommandsStart=370171519091, SwapBuffers=370183596591, FrameCompleted=9223372036854775807, DequeueBufferDuration=7801584, QueueBufferDuration=1041500, GpuCompleted=9223372036854775807, SwapBuffersCompleted=370189855049, DisplayPresentTime=1362036178301676696,
05-27 11:03:38.593 1114 1699 I OpenGLRenderer: Davey! duration=9223371666582ms; Flags=0, FrameTimelineVsyncId=12892, IntendedVsync=370261315198, Vsync=370261315198, InputEventId=0, HandleInputStart=370262058716, AnimationStart=370262064633, PerformTraversalsStart=370263375674, DrawStart=370264000008, FrameDeadline=370294648530, FrameInterval=370262045216, FrameStartTime=16666666, SyncQueued=370264873883, SyncStart=370276091424, IssueDrawCommandsStart=370277402341, SwapBuffers=370302950633, FrameCompleted=9223372036854775807, DequeueBufferDuration=10876125, QueueBufferDuration=1177958, GpuCompleted=9223372036854775807, SwapBuffersCompleted=370304930216, DisplayPresentTime=334276448,
05-27 11:03:38.910 474 521 W IorapForwardingService: No service published for: iorapd
05-27 11:03:39.143 2952 3029 D nStackXCoAP: IsInSameNetwork:[276] :IsInSameNetwork exec
05-27 11:03:39.143 2952 3029 I nStackXDFinder: GetLocalInterfaceDetail:[461] :GetLocalInterfaceDetail in
05-27 11:03:39.143 2952 3029 E nStackXCoAP: IsInSameNetwork:[281] :IsInSameNetwork: not priority process
05-27 11:03:39.143 2952 3029 D nStackXCoAP: ParseServiceDiscover:[330] :new device join
05-27 11:03:39.143 2952 3029 I nStackXDFinder: NotifyDeviceListChanged:[540] :notify callback: device list changed callback is null
05-27 11:03:39.143 2952 3029 E nStackXDFinder: GetLocalIp:[401] :GetLocalIp exec
05-27 11:03:39.368 2952 3029 D nStackXCoAP: CoapMessageHandler:[133] :2.01
05-27 11:03:39.449 2952 3029 D nStackXCoAP: IsInSameNetwork:[276] :IsInSameNetwork exec
05-27 11:03:39.449 2952 3029 I nStackXDFinder: GetLocalInterfaceDetail:[461] :GetLocalInterfaceDetail in
05-27 11:03:39.449 2952 3029 E nStackXCoAP: IsInSameNetwork:[281] :IsInSameNetwork: not priority process
05-27 11:03:39.450 2952 3029 D nStackXCoAP: ParseServiceDiscover:[330] :new device join
05-27 11:03:39.450 2952 3029 E nStackXDFinder: GetLocalIp:[401] :GetLocalIp exec
05-27 11:03:39.462 2952 3029 D nStackXCoAP: CoapMessageHandler:[133] :2.01
05-27 11:03:39.757 2952 3029 D nStackXCoAP: IsInSameNetwork:[276] :IsInSameNetwork exec
05-27 11:03:39.757 2952 3029 I nStackXDFinder: GetLocalInterfaceDetail:[461] :GetLocalInterfaceDetail in
05-27 11:03:39.757 2952 3029 E nStackXCoAP: IsInSameNetwork:[281] :IsInSameNetwork: not priority process
05-27 11:03:39.757 2952 3029 D nStackXCoAP: ParseServiceDiscover:[330] :new device join
05-27 11:03:39.757 2952 3029 E nStackXDFinder: GetLocalIp:[401] :GetLocalIp exec
05-27 11:03:39.913 474 521 W IorapForwardingService: No service published for: iorapd
05-27 11:03:39.993 2952 3029 D nStackXCoAP: CoapMessageHandler:[133] :2.01
05-27 11:03:40.575 2952 3029 D nStackXCoAP: IsInSameNetwork:[276] :IsInSameNetwork exec
05-27 11:03:40.575 2952 3029 I nStackXDFinder: GetLocalInterfaceDetail:[461] :GetLocalInterfaceDetail in
05-27 11:03:40.575 2952 3029 E nStackXCoAP: IsInSameNetwork:[281] :IsInSameNetwork: not priority process
05-27 11:03:40.575 2952 3029 D nStackXCoAP: ParseServiceDiscover:[330] :new device join
05-27 11:03:40.575 2952 3029 E nStackXDFinder: GetLocalIp:[401] :GetLocalIp exec
05-27 11:03:40.606 2952 3029 D nStackXCoAP: CoapMessageHandler:[133] :2.01
05-27 11:03:40.916 474 521 W IorapForwardingService: No service published for: iorapd
05-27 11:03:40.974 1114 1699 I OpenGLRenderer: Davey! duration=9223371664192ms; Flags=0, FrameTimelineVsyncId=12898, IntendedVsync=372661316080, Vsync=372661316080, InputEventId=0, HandleInputStart=372665328217, AnimationStart=372665333675, PerformTraversalsStart=372665593425, DrawStart=372666399092, FrameDeadline=372694649412, FrameInterval=372665318717, FrameStartTime=16666666, SyncQueued=372667748425, SyncStart=372668299467, IssueDrawCommandsStart=372669572384, SwapBuffers=372678433384, FrameCompleted=9223372036854775807, DequeueBufferDuration=55250, QueueBufferDuration=1252500, GpuCompleted=9223372036854775807, SwapBuffersCompleted=372681029925, DisplayPresentTime=1423672085735422384,
