05-28 18:11:55.949 I/hwservicemanager( 180): getTransport: Cannot find entry android.hardware.tv.cec@1.1::IHdmiCec/default in either framework or device VINTF manifest.
05-28 18:11:55.949 E/HDMI ( 470): [1]:Couldn't connect to cec@1.1java.util.NoSuchElementException
05-28 18:11:55.950 W/HDMI ( 470): [1]:Couldn't get tv.cec service.
05-28 18:11:55.950 W/HDMI ( 470): [1]:Unable to use cec@1.1
05-28 18:11:55.953 I/android_os_HwBinder( 470): HwBinder: Starting thread pool for getting: android.hardware.tv.cec@1.0::IHdmiCec/default
05-28 18:11:55.957 I/HdmiControlService( 470): Device does not support MHL-control.
05-28 18:11:55.960 D/hdmi-cec( 263): setOption, flag=0x0002, value=0x00000000
05-28 18:11:55.974 I/system_server( 470): Background young concurrent copying GC freed 90365(5056KB) AllocSpace objects, 18(532KB) LOS objects, 35% free, 8680KB/13MB, paused 254us total 174.664ms
05-28 18:11:55.976 I/SystemServerTiming( 470): StartTvInputManager
05-28 18:11:55.976 I/SystemServiceManager( 470): Starting com.android.server.tv.TvInputManagerService
05-28 18:11:55.979 I/hwservicemanager( 180): getTransport: Cannot find entry android.hardware.tv.input@1.0::ITvInput/default in either framework or device VINTF manifest.
05-28 18:11:55.979 E/TvInputHal( 470): Couldn't get tv.input service.
05-28 18:11:55.983 I/SystemServerTiming( 470): StartMediaResourceMonitor
05-28 18:11:55.983 I/SystemServiceManager( 470): Starting com.android.server.media.MediaResourceMonitorService
05-28 18:11:55.984 I/SystemServerTiming( 470): StartTvRemoteService
05-28 18:11:55.984 I/SystemServiceManager( 470): Starting com.android.server.tv.TvRemoteService
05-28 18:11:55.985 I/SystemServerTiming( 470): StartMediaRouterService
05-28 18:11:55.985 V/HistoricalRegistry( 470): Interaction before persistence initialized
05-28 18:11:55.989 I/SystemServerTiming( 470): StartBiometricService
05-28 18:11:55.989 I/SystemServiceManager( 470): Starting com.android.server.biometrics.BiometricService
05-28 18:11:55.994 I/SystemServerTiming( 470): StartAuthService
05-28 18:11:55.994 I/SystemServiceManager( 470): Starting com.android.server.biometrics.AuthService
05-28 18:11:55.996 I/SystemServerTiming( 470): StartBackgroundDexOptService
05-28 18:11:55.996 W/BackgroundDexOptService( 470): SysProp pm.dexopt.downgrade_after_inactive_days not set
05-28 18:11:55.997 I/SystemServerTiming( 470): StartDynamicCodeLoggingService
05-28 18:11:55.998 I/SystemServerTiming( 470): StartPruneInstantAppsJobService
05-28 18:11:55.999 I/SystemServerTiming( 470): StartShortcutServiceLifecycle
05-28 18:11:55.999 I/SystemServiceManager( 470): Starting com.android.server.pm.ShortcutService$Lifecycle
05-28 18:11:56.001 V/HistoricalRegistry( 470): Interaction before persistence initialized
05-28 18:11:56.002 I/SystemServerTiming( 470): StartLauncherAppsService
05-28 18:11:56.002 I/SystemServiceManager( 470): Starting com.android.server.pm.LauncherAppsService
05-28 18:11:56.004 I/SystemServerTiming( 470): StartCrossProfileAppsService
05-28 18:11:56.004 I/SystemServiceManager( 470): Starting com.android.server.pm.CrossProfileAppsService
05-28 18:11:56.005 I/SystemServerTiming( 470): StartPeopleService
05-28 18:11:56.005 I/SystemServiceManager( 470): Starting com.android.server.people.PeopleService
05-28 18:11:56.005 I/SystemServerTiming( 470): StartMediaMetricsManager
05-28 18:11:56.006 I/SystemServiceManager( 470): Starting com.android.server.media.metrics.MediaMetricsManagerService
05-28 18:11:56.008 I/SystemServerTiming( 470): StartMediaProjectionManager
05-28 18:11:56.008 I/SystemServiceManager( 470): Starting com.android.server.media.projection.MediaProjectionManagerService
05-28 18:11:56.009 V/MediaRouter( 470): Selecting route: RouteInfo{ name=手机, description=null, status=null, category=RouteCategory{ name=系统 types=ROUTE_TYPE_LIVE_AUDIO ROUTE_TYPE_LIVE_VIDEO groupable=false }, supportedTypes=ROUTE_TYPE_LIVE_AUDIO ROUTE_TYPE_LIVE_VIDEO , presentationDisplay=null }
05-28 18:11:56.009 I/MediaRouter( 470): Skip setBluetoothA2dpOn(): types=8388615, isPlaybackActive()=false, BT route=null
05-28 18:11:56.010 I/SystemServerTiming( 470): StartSliceManagerService
05-28 18:11:56.010 I/SystemServiceManager( 470): Starting com.android.server.slice.SliceManagerService$Lifecycle
05-28 18:11:56.013 I/SystemServerTiming( 470): StartStatsCompanion
05-28 18:11:56.021 I/SystemServiceManager( 470): Starting com.android.server.stats.StatsCompanion$Lifecycle
05-28 18:11:56.025 I/SystemServerTiming( 470): StartRebootReadinessManagerService
05-28 18:11:56.033 I/SystemServiceManager( 470): Starting com.android.server.scheduling.RebootReadinessManagerService$Lifecycle
05-28 18:11:56.041 I/TetheringManager( 470): registerTetheringEventCallback:android
05-28 18:11:56.041 I/TetheringManager( 470): registerTetheringEventCallback caller:android
05-28 18:11:56.042 I/SystemServerTiming( 470): StartStatsPullAtomService
05-28 18:11:56.043 I/SystemServiceManager( 470): Starting com.android.server.stats.pull.StatsPullAtomService
05-28 18:11:56.043 I/SystemServerTiming( 470): StartIncidentCompanionService
05-28 18:11:56.043 I/SystemServiceManager( 470): Starting com.android.server.incident.IncidentCompanionService
05-28 18:11:56.043 I/SystemServerTiming( 470): StartMmsService
05-28 18:11:56.043 I/SystemServiceManager( 470): Starting com.android.server.MmsServiceBroker
05-28 18:11:56.044 I/SystemServerTiming( 470): StartAutoFillService
05-28 18:11:56.044 I/SystemServiceManager( 470): Starting com.android.server.autofill.AutofillManagerService
05-28 18:11:56.045 D/AutofillManagerService( 470): setLogLevelFromSettings(): level=2, debug=true, verbose=false
05-28 18:11:56.046 D/AutofillManagerService( 470): setMaxPartitionsFromSettings(): 10
05-28 18:11:56.046 D/AutofillManagerService( 470): setMaxVisibleDatasetsFromSettings(): 0
05-28 18:11:56.046 D/AutofillUI( 470): destroySaveUiUiThread(): already destroyed
05-28 18:11:56.046 D/AutofillManagerServiceImpl( 470): Reset component for user 0:
05-28 18:11:56.049 D/SystemServer( 470): TranslationService not defined by OEM
05-28 18:11:56.049 I/SystemServerTiming( 470): StartClipboardService
05-28 18:11:56.049 I/SystemServiceManager( 470): Starting com.android.server.clipboard.ClipboardService
05-28 18:11:56.052 I/SystemServerTiming( 470): AppServiceManager
05-28 18:11:56.052 I/SystemServiceManager( 470): Starting com.android.server.appbinding.AppBindingService$Lifecycle
05-28 18:11:56.053 I/SystemServerTiming( 470): startTracingServiceProxy
05-28 18:11:56.053 I/SystemServiceManager( 470): Starting com.android.server.tracing.TracingServiceProxy
05-28 18:11:56.055 I/SystemServerTiming( 470): startOranthService
05-28 18:11:56.055 I/SystemServiceManager( 470): Starting com.android.server.oranth.OranthManagerService$Lifecycle
05-28 18:11:56.055 I/OranthManagerService( 470): -------------- OranthManagerService --------------
05-28 18:11:56.055 E/SELinux ( 179): avc: denied { add } for pid=470 uid=1000 name=oranth_manager scontext=u:r:system_server:s0 tcontext=u:object_r:default_android_service:s0 tclass=service_manager permissive=1
05-28 18:11:56.056 I/SystemServerTiming( 470): MakeLockSettingsServiceReady
05-28 18:11:56.060 I/ServiceManager( 241): Waiting for service 'statscompanion' on '/dev/binder' successful after waiting 1412ms
05-28 18:11:56.062 I/hwservicemanager( 180): getTransport: Cannot find entry android.hardware.weaver@1.0::IWeaver/default in either framework or device VINTF manifest.
05-28 18:11:56.063 I/SyntheticPasswordManager( 470): Device does not support weaver
05-28 18:11:56.063 I/hwservicemanager( 180): getTransport: Cannot find entry android.hardware.authsecret@1.0::IAuthSecret/default in either framework or device VINTF manifest.
05-28 18:11:56.064 I/LockSettingsService( 470): Device doesn't implement AuthSecret HAL
05-28 18:11:56.065 I/SystemServerTiming( 470): StartBootPhaseLockSettingsReady
05-28 18:11:56.066 I/SystemServiceManager( 470): Starting phase 480
05-28 18:11:56.066 I/SystemServerTiming( 470): OnBootPhase_480
05-28 18:11:56.066 D/SoundTriggerService( 470): onBootPhase: 480 : false
05-28 18:11:56.068 I/SystemServerTiming( 470): StartBootPhaseSystemServicesReady
05-28 18:11:56.068 I/SystemServiceManager( 470): Starting phase 500
05-28 18:11:56.068 I/SystemServerTiming( 470): OnBootPhase_500
05-28 18:11:56.069 E/StatsPullAtomCallbackImpl( 470): Failed to start PowerStatsService statsd pullers
05-28 18:11:56.070 I/update_engine( 376): [INFO:cleanup_previous_update_action.cc(112)] Executing task 4
05-28 18:11:56.072 I/update_engine( 376): [INFO:cleanup_previous_update_action.cc(124)] CleanupPreviousUpdateAction scheduled task ID 5 for WaitBootCompleted
05-28 18:11:56.075 D/ConnectivityService( 470): requestNetwork for uid/pid:1000/470 activeRequest: null callbackRequest: 9 [NetworkRequest [ REQUEST id=10, [ Capabilities: INTERNET&NOT_RESTRICTED&TRUSTED&NOT_VCN_MANAGED Uid: 1000 RequestorUid: 1000 RequestorPkg: android] ]] callback flags: 0 priority: 2147483647
05-28 18:11:56.075 E/BatteryStatsService( 470): Could not register PowerStatsInternal
05-28 18:11:56.075 D/ConnectivityService( 470): NetReassign [no changes]
05-28 18:11:56.078 V/HintManagerService( 470): Initializing HintManager service...
05-28 18:11:56.078 V/HistoricalRegistry( 470): Interaction before persistence initialized
05-28 18:11:56.080 D/AppStandbyController( 470): Setting app idle enabled state
05-28 18:11:56.083 V/HistoricalRegistry( 470): Interaction before persistence initialized
05-28 18:11:56.087 V/VibratorManagerService( 470): Initializing VibratorManager service...
05-28 18:11:56.088 V/HistoricalRegistry( 470): Interaction before persistence initialized
05-28 18:11:56.089 V/VibratorManagerService( 470): VibratorManager service initialized
05-28 18:11:56.093 D/ConnectivityService( 470): NetReassign [no changes]
05-28 18:11:56.097 I/ActivityTaskManager( 470): Config changes=200 {1.0 ?mcc?mnc [zh_CN] ldltr sw720dp w1280dp h696dp 240dpi xlrg long land television -touch qwerty/v/v dpad/v winConfig={ mBounds=Rect(0, 0 - 1920, 1080) mAppBounds=Rect(0, 0 - 1920, 1080) mMaxBounds=Rect(0, 0 - 1920, 1080) mWindowingMode=fullscreen mDisplayWindowingMode=fullscreen mActivityType=undefined mAlwaysOnTop=undefined mRotation=ROTATION_0} s.4 ?fontWeightAdjustment}
05-28 18:11:56.099 I/WindowManager( 470): Override config changes=200 {1.0 ?mcc?mnc [zh_CN] ldltr sw720dp w1280dp h696dp 240dpi xlrg long land television -touch qwerty/v/v dpad/v winConfig={ mBounds=Rect(0, 0 - 1920, 1080) mAppBounds=Rect(0, 0 - 1920, 1080) mMaxBounds=Rect(0, 0 - 1920, 1080) mWindowingMode=fullscreen mDisplayWindowingMode=fullscreen mActivityType=undefined mAlwaysOnTop=undefined mRotation=ROTATION_0} s.4 ?fontWeightAdjustment} for displayId=0
05-28 18:11:56.102 D/TestHarnessModeService( 470): Setting up test harness mode
05-28 18:11:56.102 D/TestHarnessModeService( 470): Getting PersistentDataBlockManagerInternal from LocalServices
05-28 18:11:56.116 V/HistoricalRegistry( 470): Interaction before persistence initialized
05-28 18:11:56.119 W/NetworkPolicy( 470): setRestrictBackgroundUL: already false
05-28 18:11:56.120 I/WifiScanningService( 470): Starting wifiscanner
05-28 18:11:56.125 I/EthernetServiceImpl( 470): Starting Ethernet service
05-28 18:11:56.128 D/EthernetTracker( 470): Interface match regexp set to 'eth\d'
05-28 18:11:56.130 D/Ethernet( 470): Registering NetworkFactory
05-28 18:11:56.131 D/ConnectivityService( 470): Got NetworkProvider Messenger for Ethernet
05-28 18:11:56.131 E/IpConfigStore( 470): Error opening configuration file: java.io.FileNotFoundException: /data/misc/ethernet/ipconfig.txt: open failed: ENOENT (No such file or directory)
05-28 18:11:56.132 I/PppoeServiceImpl( 470): Starting PPPOE service
05-28 18:11:56.133 W/WifiXmlUtil( 470): Ignoring unknown value name found: CarrierMerged
05-28 18:11:56.134 I/EthernetTracker( 470): maybeTrackInterface: eth0
05-28 18:11:56.135 W/WifiXmlUtil( 470): Ignoring unknown value name found: CaptivePortalNeverDetected
05-28 18:11:56.132 I/xiriservice_All( 332): type=1400 audit(0.0:339): avc: denied { read } for scontext=u:r:init:s0 tcontext=u:r:init:s0 tclass=netlink_kobject_uevent_socket permissive=1
05-28 18:11:56.137 D/XM_HIDREAD( 318): add@ add@/devices/platform/soc@3000000/5030000.eth/mdio_bus/5030000.eth-0
05-28 18:11:56.137 D/XM_HIDREAD( 318): add@ add@/devices/platform/soc@3000000/5030000.eth/mdio_bus/5030000.eth-0/5030000.eth-0:00
05-28 18:11:56.137 W/WifiXmlUtil( 470): Ignoring unknown value name found: CarrierMerged
05-28 18:11:56.138 W/WifiXmlUtil( 470): Ignoring unknown value name found: CaptivePortalNeverDetected
05-28 18:11:56.139 D/XM_HIDREAD( 318): add@ add@/devices/platform/soc@3000000/5030000.eth/mdio_bus/5030000.eth-0/5030000.eth-0:10
05-28 18:11:56.139 W/WifiXmlUtil( 470): Ignoring unknown value name found: CarrierMerged
05-28 18:11:56.140 W/WifiXmlUtil( 470): Ignoring unknown value name found: CaptivePortalNeverDetected
05-28 18:11:56.141 W/WifiXmlUtil( 470): Ignoring unknown value name found: CarrierMerged
05-28 18:11:56.142 W/WifiXmlUtil( 470): Ignoring unknown value name found: CaptivePortalNeverDetected
05-28 18:11:56.158 D/PPPOE ( 470): Registering NetworkFactory
05-28 18:11:56.159 D/ConnectivityService( 470): Got NetworkProvider Messenger for PPPOE
05-28 18:11:56.159 D/WifiConfigStore( 470): Reading from all stores completed in 38 ms.
05-28 18:11:56.159 W/PppoeServiceImpl( 470): pppoe interface file not exist!
05-28 18:11:56.159 D/PPPOE ( 470): got request NetworkRequest [ REQUEST id=10, [ Capabilities: INTERNET&NOT_RESTRICTED&TRUSTED&NOT_VCN_MANAGED Uid: 1000 RequestorUid: 1000 RequestorPkg: android] ]
05-28 18:11:56.160 D/PppoeNetworkFactory( 470): onRequestNetwork
05-28 18:11:56.160 D/PPPOE ( 470): got request NetworkRequest [ REQUEST id=1, [ Capabilities: INTERNET&NOT_RESTRICTED&TRUSTED&NOT_VPN&NOT_VCN_MANAGED RequestorUid: 1000 RequestorPkg: android] ]
05-28 18:11:56.160 D/PPPOE ( 470): got request NetworkRequest [ REQUEST id=5, [ Transports: PPPOE Capabilities: INTERNET&NOT_RESTRICTED&TRUSTED&NOT_VPN&NOT_VCN_MANAGED RequestorUid: 1000 RequestorPkg: android] ]
05-28 18:11:56.162 E/WifiConfigManager( 470): Cannot find network with networkId -1 or configKey "2"WPA_PSK or upgradable security type check
05-28 18:11:56.163 E/WifiConfigManager( 470): Cannot find network with networkId -1 or configKey "5G"WPA_PSK or upgradable security type check
05-28 18:11:56.164 E/WifiConfigManager( 470): Cannot find network with networkId -1 or configKey "DB-machines5G"WPA_PSK or upgradable security type check
05-28 18:11:56.164 E/WifiConfigManager( 470): Cannot find network with networkId -1 or configKey "DZNB"WPA_PSK or upgradable security type check
05-28 18:11:56.165 V/HistoricalRegistry( 470): Interaction before persistence initialized
05-28 18:11:56.175 I/WifiInjector( 470): enableVerboseLogging(0): false
05-28 18:11:56.175 E/SupplicantStaIfaceHal( 470): Can't call setDebugParams, ISupplicant is null
05-28 18:11:56.175 E/HostapdHal( 470): Can't call setDebugParams, IHostapd is null
05-28 18:11:56.175 V/HistoricalRegistry( 470): Interaction before persistence initialized
05-28 18:11:56.175 I/WifiService( 470): WifiService starting up with Wi-Fi disabled
05-28 18:11:56.176 D/SoundTriggerService( 470): onBootPhase: 500 : false
05-28 18:11:56.181 D/WifiController( 470): isAirplaneModeOn = false, isWifiEnabled = false, isScanningAvailable = false, isLocationModeActive = true
05-28 18:11:56.182 E/WifiActiveModeWarden( 470): Something is wrong, no client mode toggles enabled
05-28 18:11:56.184 I/SystemServerTiming( 470): MakeWindowManagerServiceReady
05-28 18:11:56.184 I/android_os_HwBinder( 470): HwBinder: Starting thread pool for getting: android.hidl.manager@1.2::IServiceManager/default
05-28 18:11:56.192 I/hwservicemanager( 180): getTransport: Cannot find entry android.hardware.configstore@1.1::ISurfaceFlingerConfigs/default in either framework or device VINTF manifest.
05-28 18:11:56.192 I/hwservicemanager( 180): getTransport: Cannot find entry android.hardware.configstore@1.1::ISurfaceFlingerConfigs/default in either framework or device VINTF manifest.
05-28 18:11:56.194 I/hwservicemanager( 180): getTransport: Cannot find entry android.hardware.configstore@1.1::ISurfaceFlingerConfigs/default in either framework or device VINTF manifest.
05-28 18:11:56.194 E/KernelCpuThreadReader( 470): Failed to initialize KernelCpuThreadReader
05-28 18:11:56.194 E/KernelCpuThreadReader( 470): java.nio.file.NoSuchFileException: /proc/self/time_in_state
05-28 18:11:56.194 E/KernelCpuThreadReader( 470): at sun.nio.fs.UnixFileSystemProvider.newByteChannel(UnixFileSystemProvider.java:214)
05-28 18:11:56.194 E/KernelCpuThreadReader( 470): at java.nio.file.Files.newByteChannel(Files.java:361)
05-28 18:11:56.194 E/KernelCpuThreadReader( 470): at java.nio.file.Files.newByteChannel(Files.java:407)
05-28 18:11:56.194 E/KernelCpuThreadReader( 470): at java.nio.file.Files.readAllBytes(Files.java:3152)
05-28 18:11:56.194 E/KernelCpuThreadReader( 470): at com.android.internal.os.ProcTimeInStateReader.initializeTimeInStateFormat(ProcTimeInStateReader.java:159)
05-28 18:11:56.194 E/KernelCpuThreadReader( 470): at com.android.internal.os.ProcTimeInStateReader.(ProcTimeInStateReader.java:106)
05-28 18:11:56.194 E/KernelCpuThreadReader( 470): at com.android.internal.os.KernelCpuThreadReader.(KernelCpuThreadReader.java:138)
05-28 18:11:56.194 E/KernelCpuThreadReader( 470): at com.android.internal.os.KernelCpuThreadReader.create(KernelCpuThreadReader.java:151)
05-28 18:11:56.194 E/KernelCpuThreadReader( 470): at com.android.internal.os.KernelCpuThreadReaderSettingsObserver.(KernelCpuThreadReaderSettingsObserver.java:95)
05-28 18:11:56.194 E/KernelCpuThreadReader( 470): at com.android.internal.os.KernelCpuThreadReaderSettingsObserver.getSettingsModifiedReader(KernelCpuThreadReaderSettingsObserver.java:80)
05-28 18:11:56.194 E/KernelCpuThreadReader( 470): at com.android.server.stats.pull.StatsPullAtomService.initializePullersState(StatsPullAtomService.java:798)
05-28 18:11:56.194 E/KernelCpuThreadReader( 470): at com.android.server.stats.pull.StatsPullAtomService.lambda$onBootPhase$0$StatsPullAtomService(StatsPullAtomService.java:757)
05-28 18:11:56.194 E/KernelCpuThreadReader( 470): at com.android.server.stats.pull.StatsPullAtomService$$ExternalSyntheticLambda14.run(Unknown Source:2)
05-28 18:11:56.194 E/KernelCpuThreadReader( 470): at android.os.Handler.handleCallback(Handler.java:938)
05-28 18:11:56.194 E/KernelCpuThreadReader( 470): at android.os.Handler.dispatchMessage(Handler.java:99)
05-28 18:11:56.194 E/KernelCpuThreadReader( 470): at android.os.Looper.loopOnce(Looper.java:201)
05-28 18:11:56.194 E/KernelCpuThreadReader( 470): at android.os.Looper.loop(Looper.java:288)
05-28 18:11:56.194 E/KernelCpuThreadReader( 470): at android.os.HandlerThread.run(HandlerThread.java:67)
05-28 18:11:56.194 I/hwservicemanager( 180): Since android.hardware.wifi@1.0::IWifi/default is not registered, trying to start it as a lazy HAL.
05-28 18:11:56.196 I/hwservicemanager( 180): Since android.hardware.wifi@1.0::IWifi/default is not registered, trying to start it as a lazy HAL.
05-28 18:11:56.196 I/android_os_HwBinder( 470): HwBinder: Starting thread pool for getting: android.hardware.health@2.0::IHealth/default
05-28 18:11:56.196 I/HidlServiceManagement( 470): getService: Trying again for android.hardware.wifi@1.0::IWifi/default...
05-28 18:11:56.203 I/init ( 1): starting service 'vendor.wifi_hal_legacy'...
05-28 18:11:56.197 I/android_os_HwBinder( 470): HwBinder: Starting thread pool for getting: android.hidl.manager@1.0::IServiceManager/default
05-28 18:11:56.198 I/HealthServiceWrapper( 470): health: HealthServiceWrapper listening to instance default
05-28 18:11:56.201 D/StatsPullAtomService( 470): Registering pullers with statsd
05-28 18:11:56.202 I/SystemServerTiming( 470): MakePowerManagerServiceReady
05-28 18:11:56.204 I/AttentionDetector( 470): readValuesFromDeviceConfig():
05-28 18:11:56.204 I/AttentionDetector( 470): mMaximumExtensionMillis=900000
05-28 18:11:56.204 I/AttentionDetector( 470): mPreDimCheckDurationMillis=2000
05-28 18:11:56.204 I/AttentionDetector( 470): mRequestedPostDimTimeoutMillis=0
05-28 18:11:56.209 I/init ( 1): Control message: Processed ctl.interface_start for 'android.hardware.wifi@1.0::IWifi/default' from pid: 180 (/system/bin/hwservicemanager)
05-28 18:11:56.210 I/init ( 1): Control message: Processed ctl.interface_start for 'android.hardware.wifi@1.0::IWifi/default' from pid: 180 (/system/bin/hwservicemanager)
05-28 18:11:56.206 I/android_os_HwBinder( 470): HwBinder: Starting thread pool for getting: android.hardware.health@2.0::IHealth/default
05-28 18:11:56.207 D/ConnectivityService( 470): NetReassign [no changes]
05-28 18:11:56.208 I/StatsPullAtomService( 470): register thermal listener successfully
05-28 18:11:56.210 E/DisplayPowerController[0]( 470): failed to set up display white-balance: java.lang.IllegalStateException: cannot find light sensor
05-28 18:11:56.212 I/AW_PowerHAL( 262): isBoostSupported: 0
05-28 18:11:56.215 I/AW_PowerHAL( 262): Power setMode: DISPLAY_INACTIVE to: 0
05-28 18:11:56.215 I/AW_PowerHAL( 262): not completed yet, ignore mode request other
05-28 18:11:56.215 D/SurfaceFlinger( 273): Setting power mode 2 on display 0
05-28 18:11:56.216 I/DisplayDeviceRepository( 470): Display device changed state: "内置屏幕", ON
05-28 18:11:56.218 I/InputManager-JNI( 470): Viewport [0] to add: local:0, isActive: true
05-28 18:11:56.222 I/InputReader( 470): Reconfiguring input devices, changes=DISPLAY_INFO |
05-28 18:11:56.222 I/FaceDownDetector( 470): readValuesFromDeviceConfig():
05-28 18:11:56.222 I/FaceDownDetector( 470): mAccelerationThreshold=0.2
05-28 18:11:56.222 I/FaceDownDetector( 470): mZAccelerationThreshold=-9.5
05-28 18:11:56.222 I/FaceDownDetector( 470): mTimeThreshold=PT1S
05-28 18:11:56.222 I/FaceDownDetector( 470): mIsEnabled=false
05-28 18:11:56.223 I/android.hardware.lights-service( 261): Lights setting state for id=0 to color ffffffff
05-28 18:11:56.224 W/KernelCpuProcStringReader( 470): File not found. It's normal if not implemented: /proc/uid_time_in_state
05-28 18:11:56.225 W/KernelCpuProcStringReader( 470): File not found. It's normal if not implemented: /proc/uid_concurrent_active_time
05-28 18:11:56.225 W/KernelCpuProcStringReader( 470): File not found. It's normal if not implemented: /proc/uid_concurrent_policy_time
05-28 18:11:56.226 E/KernelCpuSpeedReader( 470): Failed to read cpu-freq: /sys/devices/system/cpu/cpu0/cpufreq/stats/time_in_state: open failed: ENOENT (No such file or directory)
05-28 18:11:56.226 E/system_server( 470): Cannot read thread CPU times for PID 470
05-28 18:11:56.226 W/KeyguardServiceDelegate( 470): onScreenTurningOn(): no keyguard service!
05-28 18:11:56.227 I/SystemServerTiming( 470): StartPermissionPolicyService
05-28 18:11:56.227 I/SystemServiceManager( 470): Starting com.android.server.policy.PermissionPolicyService
05-28 18:11:56.228 V/DisplayPowerController[0]( 470): Brightness [0.39763778] reason changing to: 'override', previous reason: '0'.
05-28 18:11:56.230 I/android.hardware.lights-service( 261): Lights setting state for id=0 to color ff6a6a6a
05-28 18:11:56.233 I/SystemServerTiming( 470): MakePackageManagerServiceReady
05-28 18:11:56.244 V/UserDataPreparer( 470): Found /data/user_de/0 with serial number 0
05-28 18:11:56.245 V/UserDataPreparer( 470): Found /data/user/0 with serial number 0
05-28 18:11:56.245 V/UserDataPreparer( 470): Found /data/system_de/0 with serial number 0
05-28 18:11:56.245 W/UserDataPreparer( 470): Invalid user directory /data/system_de/usagestats
05-28 18:11:56.245 V/UserDataPreparer( 470): Found /data/system_ce/0 with serial number 0
05-28 18:11:56.245 V/UserDataPreparer( 470): Found /data/misc_ce/0 with serial number 0
05-28 18:11:56.250 I/PackageManager( 470): Permission ownership changed. Updating all permissions.
05-28 18:11:56.282 I/android.hardware.wifi@1.0-service-lazy( 661): Wifi Hal is booting up...
05-28 18:11:56.283 I/HidlLazyUtils( 661): Registering HAL: android.hardware.wifi@1.5::IWifi with name: default
05-28 18:11:56.283 E/cutils-trace( 661): Error opening trace file: No such file or directory (2)
05-28 18:11:56.285 I/HidlServiceManagement( 661): Registered android.hardware.wifi@1.5::IWifi/default
05-28 18:11:56.285 D/HalDevMgr( 470): IWifi registration notification: fqName=android.hardware.wifi@1.0::IWifi, name=default, preexisting=false
05-28 18:11:56.285 I/HidlServiceManagement( 661): Removing namespace from process name android.hardware.wifi@1.0-service-lazy to wifi@1.0-service-lazy.
05-28 18:11:56.286 I/hw-BpHwBinder( 180): onLastStrongRef automatically unlinking death recipients
05-28 18:11:56.286 I/android_os_HwBinder( 470): HwBinder: Starting thread pool for getting: android.hardware.wifi@1.0::IWifi/default
05-28 18:11:56.288 D/WifiNl80211Manager( 470): tearing down interfaces in wificond
05-28 18:11:56.298 D/WifiAdaptConnObserver( 470): Adaptive connectivity status initialized to: true
05-28 18:11:56.298 D/WifiController( 470): DisabledState.enter()
05-28 18:11:56.299 E/DefaultPermGrantPolicy( 470): Package not found: org.xbmc.kodi
05-28 18:11:56.299 W/DefaultPermGrantPolicy( 470): No such package:org.xbmc.kodi
05-28 18:11:56.300 E/DefaultPermGrantPolicy( 470): Package not found: cm.aptoidetv.pt
05-28 18:11:56.300 W/DefaultPermGrantPolicy( 470): No such package:cm.aptoidetv.pt
05-28 18:11:56.300 E/DefaultPermGrantPolicy( 470): Package not found: com.softwinner.TvdFileManager
05-28 18:11:56.300 W/DefaultPermGrantPolicy( 470): No such package:com.softwinner.TvdFileManager
05-28 18:11:56.300 E/DefaultPermGrantPolicy( 470): Package not found: com.softwinner.TvdVideo
05-28 18:11:56.300 W/DefaultPermGrantPolicy( 470): No such package:com.softwinner.TvdVideo
05-28 18:11:56.300 E/DefaultPermGrantPolicy( 470): Package not found: com.android.chrome
05-28 18:11:56.300 W/DefaultPermGrantPolicy( 470): No such package:com.android.chrome
05-28 18:11:56.300 E/DefaultPermGrantPolicy( 470): Package not found: com.android.vending
05-28 18:11:56.300 W/DefaultPermGrantPolicy( 470): No such package:com.android.vending
05-28 18:11:56.300 E/DefaultPermGrantPolicy( 470): Package not found: com.google.android.tts
05-28 18:11:56.300 W/DefaultPermGrantPolicy( 470): No such package:com.google.android.tts
05-28 18:11:56.300 E/DefaultPermGrantPolicy( 470): Package not found: com.google.android.youtube.tv
05-28 18:11:56.300 W/DefaultPermGrantPolicy( 470): No such package:com.google.android.youtube.tv
05-28 18:11:56.300 E/DefaultPermGrantPolicy( 470): Package not found: com.google.android.katniss
05-28 18:11:56.300 W/DefaultPermGrantPolicy( 470): No such package:com.google.android.katniss
05-28 18:11:56.300 E/DefaultPermGrantPolicy( 470): Package not found: com.google.android.gms
05-28 18:11:56.301 W/DefaultPermGrantPolicy( 470): No such package:com.google.android.gms
05-28 18:11:56.304 I/SystemServerTiming( 470): MakeDisplayManagerServiceReady
05-28 18:11:56.306 E/DisplayModeDirector( 470): Asked about unknown display, returning empty display mode specs!(id=0)
05-28 18:11:56.306 E/DisplayModeDirector( 470): Asked about unknown display, returning empty display mode specs!(id=0)
05-28 18:11:56.308 I/SystemServerTiming( 470): StartDeviceSpecificServices
05-28 18:11:56.309 I/SystemServerTiming( 470): GameManagerService
05-28 18:11:56.309 I/SystemServiceManager( 470): Starting com.android.server.app.GameManagerService$Lifecycle
05-28 18:11:56.313 I/SystemServerTiming( 470): StartBootPhaseDeviceSpecificServicesReady
05-28 18:11:56.313 I/SystemServiceManager( 470): Starting phase 520
05-28 18:11:56.313 I/SystemServerTiming( 470): OnBootPhase_520
05-28 18:11:56.314 D/SoundTriggerService( 470): onBootPhase: 520 : false
05-28 18:11:56.314 I/SystemServerTiming( 470): AppSearchManagerService
05-28 18:11:56.320 I/SystemServiceManager( 470): Starting com.android.server.appsearch.AppSearchManagerService
05-28 18:11:56.324 I/SystemServerTiming( 470): StartMediaCommunicationService
05-28 18:11:56.325 I/SystemServiceManager( 470): Starting com.android.server.media.MediaCommunicationService
05-28 18:11:56.327 I/SystemServerTiming( 470): PhaseActivityManagerReady
05-28 18:11:56.327 I/SystemServerTiming( 470): controllersReady
05-28 18:11:56.331 I/SystemServerTimingAsync( 470): InitThreadPoolExec:Update app-ops uidState in case package com.android.providers.media.module changed
05-28 18:11:56.331 I/SystemServerTimingAsync( 470): InitThreadPoolExec:Update app-ops uidState in case package com.dangbei.hqmedia changed
05-28 18:11:56.331 D/SystemServerInitThreadPool( 470): Started executing Update app-ops uidState in case package com.dangbei.hqmedia changed
05-28 18:11:56.331 I/SystemServerTimingAsync( 470): InitThreadPoolExec:Update app-ops uidState in case package com.android.systemui changed
05-28 18:11:56.331 D/SystemServerInitThreadPool( 470): Started executing Update app-ops uidState in case package com.android.systemui changed
05-28 18:11:56.331 I/SystemServerTimingAsync( 470): InitThreadPoolExec:Update app-ops uidState in case package com.android.tv changed
05-28 18:11:56.332 D/SystemServerInitThreadPool( 470): Started executing Update app-ops uidState in case package com.android.providers.media.module changed
05-28 18:11:56.332 D/SystemServerInitThreadPool( 470): Started executing Update app-ops uidState in case package com.android.tv changed
05-28 18:11:56.332 D/SystemServerInitThreadPool( 470): Finished executing Update app-ops uidState in case package com.dangbei.hqmedia changed
05-28 18:11:56.332 D/SystemServerInitThreadPool( 470): Finished executing Update app-ops uidState in case package com.android.providers.media.module changed
05-28 18:11:56.332 D/SystemServerInitThreadPool( 470): Finished executing Update app-ops uidState in case package com.android.tv changed
05-28 18:11:56.332 I/SystemServerTimingAsync( 470): InitThreadPoolExec:Update app-ops uidState in case package com.tv.filemanager.os changed
05-28 18:11:56.332 I/SystemServerTimingAsync( 470): InitThreadPoolExec:Update app-ops uidState in case package com.dangbei.lerad.screensaver changed
05-28 18:11:56.332 D/SystemServerInitThreadPool( 470): Started executing Update app-ops uidState in case package com.tv.filemanager.os changed
05-28 18:11:56.332 D/SystemServerInitThreadPool( 470): Finished executing Update app-ops uidState in case package com.android.systemui changed
05-28 18:11:56.332 I/SystemServerTimingAsync( 470): InitThreadPoolExec:Update app-ops uidState in case package com.android.music changed
05-28 18:11:56.332 D/SystemServerInitThreadPool( 470): Finished executing Update app-ops uidState in case package com.tv.filemanager.os changed
05-28 18:11:56.332 D/SystemServerInitThreadPool( 470): Started executing Update app-ops uidState in case package com.android.music changed
05-28 18:11:56.332 I/SystemServerTimingAsync( 470): InitThreadPoolExec:Update app-ops uidState in case package com.dangbei.lerad.videoposter changed
05-28 18:11:56.332 D/SystemServerInitThreadPool( 470): Finished executing Update app-ops uidState in case package com.android.music changed
05-28 18:11:56.332 I/SystemServerTimingAsync( 470): InitThreadPoolExec:Update app-ops uidState in case package com.sohu.inputmethod.sogou.tv changed
05-28 18:11:56.332 I/SystemServerTimingAsync( 470): InitThreadPoolExec:Update app-ops uidState in case package com.dangbei.hqguide changed
05-28 18:11:56.332 D/SystemServerInitThreadPool( 470): Started executing Update app-ops uidState in case package com.sohu.inputmethod.sogou.tv changed
05-28 18:11:56.332 D/SystemServerInitThreadPool( 470): Started executing Update app-ops uidState in case package com.dangbei.hqguide changed
05-28 18:11:56.332 D/SystemServerInitThreadPool( 470): Finished executing Update app-ops uidState in case package com.sohu.inputmethod.sogou.tv changed
05-28 18:11:56.332 I/SystemServerTimingAsync( 470): InitThreadPoolExec:Update app-ops uidState in case package com.android.providers.calendar changed
05-28 18:11:56.332 D/SystemServerInitThreadPool( 470): Started executing Update app-ops uidState in case package com.dangbei.lerad.screensaver changed
05-28 18:11:56.332 D/SystemServerInitThreadPool( 470): Started executing Update app-ops uidState in case package com.android.providers.calendar changed
05-28 18:11:56.332 D/SystemServerInitThreadPool( 470): Finished executing Update app-ops uidState in case package com.dangbei.lerad.screensaver changed
05-28 18:11:56.332 D/SystemServerInitThreadPool( 470): Finished executing Update app-ops uidState in case package com.android.providers.calendar changed
05-28 18:11:56.332 D/SystemServerInitThreadPool( 470): Finished executing Update app-ops uidState in case package com.dangbei.hqguide changed
05-28 18:11:56.332 I/SystemServerTimingAsync( 470): InitThreadPoolExec:Update app-ops uidState in case package com.android.providers.contacts changed
05-28 18:11:56.332 I/SystemServerTimingAsync( 470): InitThreadPoolExec:Update app-ops uidState in case package com.dangbei.screencast changed
05-28 18:11:56.332 D/SystemServerInitThreadPool( 470): Started executing Update app-ops uidState in case package com.android.providers.contacts changed
05-28 18:11:56.332 D/SystemServerInitThreadPool( 470): Started executing Update app-ops uidState in case package com.dangbei.screencast changed
05-28 18:11:56.332 D/SystemServerInitThreadPool( 470): Finished executing Update app-ops uidState in case package com.android.providers.contacts changed
05-28 18:11:56.332 I/SystemServerTimingAsync( 470): InitThreadPoolExec:Update app-ops uidState in case package com.android.bluetooth changed
05-28 18:11:56.332 I/SystemServerTimingAsync( 470): InitThreadPoolExec:Update app-ops uidState in case package com.android.providers.downloads changed
05-28 18:11:56.332 D/SystemServerInitThreadPool( 470): Started executing Update app-ops uidState in case package com.android.bluetooth changed
05-28 18:11:56.332 D/SystemServerInitThreadPool( 470): Finished executing Update app-ops uidState in case package com.dangbei.screencast changed
05-28 18:11:56.332 D/SystemServerInitThreadPool( 470): Finished executing Update app-ops uidState in case package com.android.bluetooth changed
05-28 18:11:56.332 I/SystemServerTimingAsync( 470): InitThreadPoolExec:Update app-ops uidState in case package com.oranth.factory changed
05-28 18:11:56.332 D/SystemServerInitThreadPool( 470): Started executing Update app-ops uidState in case package com.oranth.factory changed
05-28 18:11:56.333 D/SystemServerInitThreadPool( 470): Finished executing Update app-ops uidState in case package com.oranth.factory changed
05-28 18:11:56.333 I/SystemServerTimingAsync( 470): InitThreadPoolExec:Update app-ops uidState in case package com.dangbei.zhushou.os changed
05-28 18:11:56.333 I/SystemServerTimingAsync( 470): InitThreadPoolExec:Update app-ops uidState in case package com.android.dynsystem changed
05-28 18:11:56.333 D/SystemServerInitThreadPool( 470): Started executing Update app-ops uidState in case package com.dangbei.lerad.videoposter changed
05-28 18:11:56.333 D/SystemServerInitThreadPool( 470): Started executing Update app-ops uidState in case package com.android.dynsystem changed
05-28 18:11:56.333 D/SystemServerInitThreadPool( 470): Finished executing Update app-ops uidState in case package com.dangbei.lerad.videoposter changed
05-28 18:11:56.333 I/SystemServerTimingAsync( 470): InitThreadPoolExec:Update app-ops uidState in case package com.oranth.ledstatus changed
05-28 18:11:56.333 D/SystemServerInitThreadPool( 470): Started executing Update app-ops uidState in case package com.android.providers.downloads changed
05-28 18:11:56.333 D/SystemServerInitThreadPool( 470): Finished executing Update app-ops uidState in case package com.android.providers.downloads changed
05-28 18:11:56.333 I/SystemServerTimingAsync( 470): InitThreadPoolExec:Update app-ops uidState in case package android changed
05-28 18:11:56.333 D/SystemServerInitThreadPool( 470): Started executing Update app-ops uidState in case package android changed
05-28 18:11:56.333 D/SystemServerInitThreadPool( 470): Finished executing Update app-ops uidState in case package android changed
05-28 18:11:56.333 I/SystemServerTimingAsync( 470): InitThreadPoolExec:Update app-ops uidState in case package com.dangbei.leard.leradlauncher changed
05-28 18:11:56.333 D/SystemServerInitThreadPool( 470): Started executing Update app-ops uidState in case package com.dangbei.leard.leradlauncher changed
05-28 18:11:56.333 D/SystemServerInitThreadPool( 470): Finished executing Update app-ops uidState in case package com.dangbei.leard.leradlauncher changed
05-28 18:11:56.333 I/SystemServerTimingAsync( 470): InitThreadPoolExec:Update app-ops uidState in case package com.android.inputdevices changed
05-28 18:11:56.333 D/SystemServerInitThreadPool( 470): Started executing Update app-ops uidState in case package com.android.inputdevices changed
05-28 18:11:56.333 D/SystemServerInitThreadPool( 470): Finished executing Update app-ops uidState in case package com.android.inputdevices changed
05-28 18:11:56.333 I/SystemServerTimingAsync( 470): InitThreadPoolExec:Update app-ops uidState in case package com.android.localtransport changed
05-28 18:11:56.333 D/SystemServerInitThreadPool( 470): Started executing Update app-ops uidState in case package com.android.localtransport changed
05-28 18:11:56.333 D/SystemServerInitThreadPool( 470): Finished executing Update app-ops uidState in case package com.android.localtransport changed
05-28 18:11:56.333 I/SystemServerTimingAsync( 470): InitThreadPoolExec:Update app-ops uidState in case package com.android.packageinstaller changed
05-28 18:11:56.334 D/SystemServerInitThreadPool( 470): Started executing Update app-ops uidState in case package com.android.packageinstaller changed
05-28 18:11:56.334 D/SystemServerInitThreadPool( 470): Finished executing Update app-ops uidState in case package com.android.packageinstaller changed
05-28 18:11:56.334 I/SystemServerTimingAsync( 470): InitThreadPoolExec:Update app-ops uidState in case package com.oranth.usbopenft changed
05-28 18:11:56.334 D/SystemServerInitThreadPool( 470): Started executing Update app-ops uidState in case package com.oranth.usbopenft changed
05-28 18:11:56.334 D/SystemServerInitThreadPool( 470): Finished executing Update app-ops uidState in case package com.oranth.usbopenft changed
05-28 18:11:56.334 I/SystemServerTimingAsync( 470): InitThreadPoolExec:Update app-ops uidState in case package com.dangbei.lerad.etna.haqu changed
05-28 18:11:56.334 D/SystemServerInitThreadPool( 470): Started executing Update app-ops uidState in case package com.dangbei.lerad.etna.haqu changed
05-28 18:11:56.334 D/SystemServerInitThreadPool( 470): Finished executing Update app-ops uidState in case package com.dangbei.lerad.etna.haqu changed
05-28 18:11:56.334 I/SystemServerTimingAsync( 470): InitThreadPoolExec:Update app-ops uidState in case package com.oranth.powerwindow changed
05-28 18:11:56.334 D/SystemServerInitThreadPool( 470): Started executing Update app-ops uidState in case package com.oranth.powerwindow changed
05-28 18:11:56.334 D/SystemServerInitThreadPool( 470): Finished executing Update app-ops uidState in case package com.oranth.powerwindow changed
05-28 18:11:56.334 I/SystemServerTimingAsync( 470): InitThreadPoolExec:Update app-ops uidState in case package com.android.wallpaperbackup changed
05-28 18:11:56.334 D/SystemServerInitThreadPool( 470): Started executing Update app-ops uidState in case package com.android.wallpaperbackup changed
05-28 18:11:56.334 D/SystemServerInitThreadPool( 470): Finished executing Update app-ops uidState in case package com.android.wallpaperbackup changed
05-28 18:11:56.334 I/SystemServerTimingAsync( 470): InitThreadPoolExec:Update app-ops uidState in case package com.oranth.storage changed
05-28 18:11:56.334 D/SystemServerInitThreadPool( 470): Started executing Update app-ops uidState in case package com.oranth.storage changed
05-28 18:11:56.334 D/SystemServerInitThreadPool( 470): Finished executing Update app-ops uidState in case package com.oranth.storage changed
05-28 18:11:56.334 I/SystemServerTimingAsync( 470): InitThreadPoolExec:Update app-ops uidState in case package com.android.location.fused changed
05-28 18:11:56.334 D/SystemServerInitThreadPool( 470): Started executing Update app-ops uidState in case package com.android.location.fused changed
05-28 18:11:56.334 D/SystemServerInitThreadPool( 470): Finished executing Update app-ops uidState in case package com.android.location.fused changed
05-28 18:11:56.334 I/SystemServerTimingAsync( 470): InitThreadPoolExec:Update app-ops uidState in case package com.dangbei.haqusetting changed
05-28 18:11:56.334 D/SystemServerInitThreadPool( 470): Started executing Update app-ops uidState in case package com.dangbei.haqusetting changed
05-28 18:11:56.334 D/SystemServerInitThreadPool( 470): Finished executing Update app-ops uidState in case package com.dangbei.haqusetting changed
05-28 18:11:56.335 D/SystemServerInitThreadPool( 470): Started executing Update app-ops uidState in case package com.oranth.ledstatus changed
05-28 18:11:56.335 D/SystemServerInitThreadPool( 470): Finished executing Update app-ops uidState in case package com.oranth.ledstatus changed
05-28 18:11:56.335 D/SystemServerInitThreadPool( 470): Started executing Update app-ops uidState in case package com.dangbei.zhushou.os changed
05-28 18:11:56.335 D/SystemServerInitThreadPool( 470): Finished executing Update app-ops uidState in case package com.android.dynsystem changed
05-28 18:11:56.335 D/SystemServerInitThreadPool( 470): Finished executing Update app-ops uidState in case package com.dangbei.zhushou.os changed
05-28 18:11:56.335 I/SystemServerTiming( 470): killProcesses
05-28 18:11:56.335 I/ActivityManager( 470): System now ready
05-28 18:11:56.336 I/SystemServerTiming( 470): updateTopComponentForFactoryTest
05-28 18:11:56.336 I/SystemServerTiming( 470): registerActivityLaunchObserver
05-28 18:11:56.336 I/SystemServerTiming( 470): watchDeviceProvisioning
05-28 18:11:56.347 I/SystemServerTiming( 470): retrieveSettings
05-28 18:11:56.349 I/ActivityTaskManager( 470): Config changes=10000000 {1.0 ?mcc?mnc [zh_CN] ldltr sw720dp w1280dp h696dp 240dpi xlrg long land television -touch qwerty/v/v dpad/v winConfig={ mBounds=Rect(0, 0 - 1920, 1080) mAppBounds=Rect(0, 0 - 1920, 1080) mMaxBounds=Rect(0, 0 - 1920, 1080) mWindowingMode=fullscreen mDisplayWindowingMode=fullscreen mActivityType=undefined mAlwaysOnTop=undefined mRotation=ROTATION_0} s.6 fontWeightAdjustment=0}
05-28 18:11:56.350 I/WindowManager( 470): Override config changes=10000000 {1.0 ?mcc?mnc [zh_CN] ldltr sw720dp w1280dp h696dp 240dpi xlrg long land television -touch qwerty/v/v dpad/v winConfig={ mBounds=Rect(0, 0 - 1920, 1080) mAppBounds=Rect(0, 0 - 1920, 1080) mMaxBounds=Rect(0, 0 - 1920, 1080) mWindowingMode=fullscreen mDisplayWindowingMode=fullscreen mActivityType=undefined mAlwaysOnTop=undefined mRotation=ROTATION_0} s.6 fontWeightAdjustment=0} for displayId=0
05-28 18:11:56.355 I/SystemServerTiming( 470): Ugm.onSystemReady
05-28 18:11:56.356 I/SystemServerTiming( 470): updateForceBackgroundCheck
05-28 18:11:56.357 I/SystemServer( 470): Making services ready
05-28 18:11:56.357 I/SystemServerTiming( 470): StartActivityManagerReadyPhase
05-28 18:11:56.357 I/SystemServiceManager( 470): Starting phase 550
05-28 18:11:56.357 I/SystemServerTiming( 470): OnBootPhase_550
05-28 18:11:56.358 I/hwservicemanager( 180): getTransport: Cannot find entry android.hardware.thermal@2.0::IThermal/default in either framework or device VINTF manifest.
05-28 18:11:56.359 E/ThermalHalWrapper( 470): Thermal HAL 2.0 service not connected.
05-28 18:11:56.360 I/hwservicemanager( 180): getTransport: Cannot find entry android.hardware.thermal@1.1::IThermal/default in either framework or device VINTF manifest.
05-28 18:11:56.360 E/ThermalHalWrapper( 470): Thermal HAL 1.1 service not connected.
05-28 18:11:56.360 I/hwservicemanager( 180): getTransport: Cannot find entry android.hardware.thermal@1.0::IThermal/default in either framework or device VINTF manifest.
05-28 18:11:56.360 E/ThermalHalWrapper( 470): Thermal HAL 1.0 service not connected.
05-28 18:11:56.360 W/ThermalManagerService( 470): No Thermal HAL service on this device
05-28 18:11:56.364 W/ActivityManager( 470): Unable to start service Intent { act=com.android.ITelecomService cmp=com.android.server.telecom/.components.TelecomService } U=0: not found
05-28 18:11:56.364 I/rainbow_flow( 323): type=1400 audit(0.0:340): avc: denied { ioctl } for path="/dev/spidev1.0" dev="tmpfs" ino=5872 ioctlcmd=0x6b00 scontext=u:r:init:s0 tcontext=u:object_r:device:s0 tclass=chr_file permissive=1
05-28 18:11:56.368 I/SyncManager( 470): No initial accounts
05-28 18:11:56.371 E/NativeTombstoneManager( 470): Tombstone's UID (1000) not an app, ignoring
05-28 18:11:56.372 I/DropBoxManagerService( 470): add tag=SYSTEM_TOMBSTONE_PROTO isTagEnabled=true flags=0x4
05-28 18:11:56.375 D/BluetoothManagerService( 470): Bluetooth boot completed
05-28 18:11:56.375 D/BluetoothManagerService( 470): Auto-enabling Bluetooth.
05-28 18:11:56.376 D/BluetoothA2dp( 470): Binding service...
05-28 18:11:56.378 D/BluetoothManagerService( 470): MESSAGE_ENABLE(0): mBluetooth = null
05-28 18:11:56.378 D/BluetoothManagerService( 470): binding Bluetooth service
05-28 18:11:56.380 I/BluetoothAirplaneModeListener( 470): start
05-28 18:11:56.384 D/CompatibilityChangeReporter( 470): Compat change id reported: 135634846; UID 1002; state: DISABLED
05-28 18:11:56.403 D/Zygote ( 243): Forked child process 666
05-28 18:11:56.405 I/ActivityManager( 470): app.processName = com.android.bluetooth
05-28 18:11:56.405 I/ActivityManager( 470): Start proc 666:com.android.bluetooth/1002 for service {com.android.bluetooth/com.android.bluetooth.btservice.AdapterService}
05-28 18:11:56.406 W/InputMethodUtils( 470): Found no fallback locale. imis=[InputMethodInfo{com.sohu.inputmethod.sogou.tv/.SogouIME, settings: com.sohu.inputmethod.sogou.SogouIMESettingsLauncher}]
05-28 18:11:56.406 W/InputMethodUtils( 470): No software keyboard is found. imis=[InputMethodInfo{com.sohu.inputmethod.sogou.tv/.SogouIME, settings: com.sohu.inputmethod.sogou.SogouIMESettingsLauncher}] systemLocale=zh_CN fallbackLocale=null
05-28 18:11:56.409 I/RebootEscrowManager( 470): No reboot escrow data found for users, skipping loading escrow data
05-28 18:11:56.410 I/Zygote ( 666): seccomp disabled by setenforce 0
05-28 18:11:56.413 I/WallpaperManagerService( 470): No static wallpaper imagery; defaults will be shown
05-28 18:11:56.413 V/WallpaperManagerService( 470): bindWallpaperComponentLocked: componentName=ComponentInfo{com.android.systemui/com.android.systemui.ImageWallpaper}
05-28 18:11:56.417 D/CompatibilityChangeReporter( 470): Compat change id reported: 135634846; UID 10067; state: DISABLED
05-28 18:11:56.417 D/CompatibilityChangeReporter( 470): Compat change id reported: 177438394; UID 10067; state: DISABLED
05-28 18:11:56.417 D/CompatibilityChangeReporter( 470): Compat change id reported: 135772972; UID 10067; state: DISABLED
05-28 18:11:56.417 D/CompatibilityChangeReporter( 470): Compat change id reported: 135754954; UID 10067; state: ENABLED
05-28 18:11:56.417 D/CompatibilityChangeReporter( 470): Compat change id reported: 143937733; UID 10067; state: ENABLED
05-28 18:11:56.430 D/Zygote ( 243): Forked child process 674
05-28 18:11:56.431 I/adbd ( 386): jdwp connection from 666
05-28 18:11:56.432 I/ActivityManager( 470): app.processName = com.android.systemui
05-28 18:11:56.432 I/ActivityManager( 470): Start proc 674:com.android.systemui/u0a67 for service {com.android.systemui/com.android.systemui.ImageWallpaper}
05-28 18:11:56.433 E/BitmapFactory( 470): Unable to decode stream: java.io.FileNotFoundException: /data/system/users/0/wallpaper_orig: open failed: ENOENT (No such file or directory)
05-28 18:11:56.433 W/WallpaperManagerService( 470): Invalid wallpaper data
05-28 18:11:56.433 E/WallpaperManagerService( 470): Unable to apply new wallpaper
05-28 18:11:56.435 V/audio_hw_primary( 248): adev_set_parameters, A2dpSuspended=false
05-28 18:11:56.435 D/AdbService( 470): systemReady
05-28 18:11:56.438 D/BluetoothManagerService( 470): Trying to bind to profile: 1, while Bluetooth was disabled
05-28 18:11:56.439 D/BluetoothA2dp( 470): Binding service...
05-28 18:11:56.441 D/SoundTriggerService( 470): onBootPhase: 550 : false
05-28 18:11:56.442 I/SystemServerTimingAsync( 470): InitThreadPoolExec:UsbService$Lifecycle#onBootPhase
05-28 18:11:56.442 D/SystemServerInitThreadPool( 470): Started executing UsbService$Lifecycle#onBootPhase
05-28 18:11:56.442 V/audio_hw_primary( 248): adev_set_parameters, BT_SCO=off
05-28 18:11:56.443 I/AS.AudioDeviceInventory( 470): removePreferredDevicesForStrategySync, strategy: 14
05-28 18:11:56.443 E/android.hardware.usb@1.0-service( 264): Failed to open /sys/class/typec
05-28 18:11:56.444 D/SystemServerInitThreadPool( 470): Finished executing UsbService$Lifecycle#onBootPhase
05-28 18:11:56.444 E/UsbPortManager( 470): port status enquiry failed
05-28 18:11:56.446 I/Zygote ( 674): seccomp disabled by setenforce 0
05-28 18:11:56.447 I/AppBindingService( 470): Updating constants with: null
05-28 18:11:56.449 I/AudioFlinger( 269): systemReady
05-28 18:11:56.453 D/AS.AudioService( 470): No vibrator found
05-28 18:11:56.465 I/adbd ( 386): jdwp connection from 674
05-28 18:11:56.467 I/PackageManager( 470): Permission ownership changed. Updating all permissions.
05-28 18:11:56.489 D/MediaCodecList( 352): Allowing all OMX codecs
05-28 18:11:56.492 E/cutils-trace( 352): Error opening trace file: No such file or directory (2)
05-28 18:11:56.496 I/OMXClient( 352): IOmx service obtained
05-28 18:11:56.496 I/OMXStore( 361): makeComponentInstance(OMX.allwinner.video.decoder.avc) in android.hardwar process
