05-28 18:11:48.004 D/LibBpfLoader( 239): applying relo to instruction at byte offset: 1672, insn offset 209 , insn 118
05-28 18:11:48.004 D/LibBpfLoader( 239): applying relo to instruction at byte offset: 1752, insn offset 219 , insn 118
05-28 18:11:48.004 D/LibBpfLoader( 239): applying relo to instruction at byte offset: 1816, insn offset 227 , insn 118
05-28 18:11:48.005 D/LibBpfLoader( 239): applying relo to instruction at byte offset: 1904, insn offset 238 , insn 118
05-28 18:11:48.005 D/LibBpfLoader( 239): applying relo to instruction at byte offset: 2176, insn offset 272 , insn 118
05-28 18:11:48.005 D/LibBpfLoader( 239): applying relo to instruction at byte offset: 2328, insn offset 291 , insn 118
05-28 18:11:48.005 D/LibBpfLoader( 239): applying relo to instruction at byte offset: 2472, insn offset 309 , insn 118
05-28 18:11:48.006 D/LibBpfLoader( 239): applying relo to instruction at byte offset: 248, insn offset 31 , insn 118
05-28 18:11:48.006 D/LibBpfLoader( 239): applying relo to instruction at byte offset: 640, insn offset 80 , insn 118
05-28 18:11:48.006 D/LibBpfLoader( 239): applying relo to instruction at byte offset: 712, insn offset 89 , insn 118
05-28 18:11:48.006 D/LibBpfLoader( 239): applying relo to instruction at byte offset: 784, insn offset 98 , insn 118
05-28 18:11:48.007 D/LibBpfLoader( 239): applying relo to instruction at byte offset: 872, insn offset 109 , insn 118
05-28 18:11:48.007 D/LibBpfLoader( 239): applying relo to instruction at byte offset: 960, insn offset 120 , insn 118
05-28 18:11:48.007 D/LibBpfLoader( 239): applying relo to instruction at byte offset: 1056, insn offset 132 , insn 118
05-28 18:11:48.007 D/LibBpfLoader( 239): applying relo to instruction at byte offset: 1184, insn offset 148 , insn 118
05-28 18:11:48.008 D/LibBpfLoader( 239): applying relo to instruction at byte offset: 1256, insn offset 157 , insn 118
05-28 18:11:48.008 D/LibBpfLoader( 239): applying relo to instruction at byte offset: 1352, insn offset 169 , insn 118
05-28 18:11:48.008 D/LibBpfLoader( 239): applying relo to instruction at byte offset: 1528, insn offset 191 , insn 118
05-28 18:11:48.008 D/LibBpfLoader( 239): applying relo to instruction at byte offset: 1600, insn offset 200 , insn 118
05-28 18:11:48.009 D/LibBpfLoader( 239): applying relo to instruction at byte offset: 1672, insn offset 209 , insn 118
05-28 18:11:48.009 D/LibBpfLoader( 239): applying relo to instruction at byte offset: 1752, insn offset 219 , insn 118
05-28 18:11:48.009 D/LibBpfLoader( 239): applying relo to instruction at byte offset: 1816, insn offset 227 , insn 118
05-28 18:11:48.009 D/LibBpfLoader( 239): applying relo to instruction at byte offset: 1904, insn offset 238 , insn 118
05-28 18:11:48.009 D/LibBpfLoader( 239): applying relo to instruction at byte offset: 2176, insn offset 272 , insn 118
05-28 18:11:48.010 D/LibBpfLoader( 239): applying relo to instruction at byte offset: 2328, insn offset 291 , insn 118
05-28 18:11:48.010 D/LibBpfLoader( 239): applying relo to instruction at byte offset: 2472, insn offset 309 , insn 118
05-28 18:11:48.010 D/LibBpfLoader( 239): applying relo to instruction at byte offset: 304, insn offset 38 , insn 118
05-28 18:11:48.010 D/LibBpfLoader( 239): applying relo to instruction at byte offset: 696, insn offset 87 , insn 118
05-28 18:11:48.011 D/LibBpfLoader( 239): applying relo to instruction at byte offset: 768, insn offset 96 , insn 118
05-28 18:11:48.011 D/LibBpfLoader( 239): applying relo to instruction at byte offset: 840, insn offset 105 , insn 118
05-28 18:11:48.011 D/LibBpfLoader( 239): applying relo to instruction at byte offset: 928, insn offset 116 , insn 118
05-28 18:11:48.011 D/LibBpfLoader( 239): applying relo to instruction at byte offset: 1016, insn offset 127 , insn 118
05-28 18:11:48.012 D/LibBpfLoader( 239): applying relo to instruction at byte offset: 1112, insn offset 139 , insn 118
05-28 18:11:48.012 D/LibBpfLoader( 239): applying relo to instruction at byte offset: 1240, insn offset 155 , insn 118
05-28 18:11:48.012 D/LibBpfLoader( 239): applying relo to instruction at byte offset: 1312, insn offset 164 , insn 118
05-28 18:11:48.012 D/LibBpfLoader( 239): applying relo to instruction at byte offset: 1408, insn offset 176 , insn 118
05-28 18:11:48.013 D/LibBpfLoader( 239): applying relo to instruction at byte offset: 1696, insn offset 212 , insn 118
05-28 18:11:48.013 D/LibBpfLoader( 239): applying relo to instruction at byte offset: 1768, insn offset 221 , insn 118
05-28 18:11:48.013 D/LibBpfLoader( 239): applying relo to instruction at byte offset: 1840, insn offset 230 , insn 118
05-28 18:11:48.013 D/LibBpfLoader( 239): applying relo to instruction at byte offset: 1920, insn offset 240 , insn 118
05-28 18:11:48.014 D/LibBpfLoader( 239): applying relo to instruction at byte offset: 1984, insn offset 248 , insn 118
05-28 18:11:48.014 D/LibBpfLoader( 239): applying relo to instruction at byte offset: 2072, insn offset 259 , insn 118
05-28 18:11:48.014 D/LibBpfLoader( 239): applying relo to instruction at byte offset: 2368, insn offset 296 , insn 118
05-28 18:11:48.014 D/LibBpfLoader( 239): applying relo to instruction at byte offset: 304, insn offset 38 , insn 118
05-28 18:11:48.015 D/LibBpfLoader( 239): applying relo to instruction at byte offset: 696, insn offset 87 , insn 118
05-28 18:11:48.015 D/LibBpfLoader( 239): applying relo to instruction at byte offset: 768, insn offset 96 , insn 118
05-28 18:11:48.015 D/LibBpfLoader( 239): applying relo to instruction at byte offset: 840, insn offset 105 , insn 118
05-28 18:11:48.015 D/LibBpfLoader( 239): applying relo to instruction at byte offset: 928, insn offset 116 , insn 118
05-28 18:11:48.015 D/LibBpfLoader( 239): applying relo to instruction at byte offset: 1016, insn offset 127 , insn 118
05-28 18:11:48.016 D/LibBpfLoader( 239): applying relo to instruction at byte offset: 1112, insn offset 139 , insn 118
05-28 18:11:48.016 D/LibBpfLoader( 239): applying relo to instruction at byte offset: 1240, insn offset 155 , insn 118
05-28 18:11:48.016 D/LibBpfLoader( 239): applying relo to instruction at byte offset: 1312, insn offset 164 , insn 118
05-28 18:11:48.016 D/LibBpfLoader( 239): applying relo to instruction at byte offset: 1408, insn offset 176 , insn 118
05-28 18:11:48.017 D/LibBpfLoader( 239): applying relo to instruction at byte offset: 1696, insn offset 212 , insn 118
05-28 18:11:48.017 D/LibBpfLoader( 239): applying relo to instruction at byte offset: 1768, insn offset 221 , insn 118
05-28 18:11:48.017 D/LibBpfLoader( 239): applying relo to instruction at byte offset: 1840, insn offset 230 , insn 118
05-28 18:11:48.017 D/LibBpfLoader( 239): applying relo to instruction at byte offset: 1920, insn offset 240 , insn 118
05-28 18:11:48.018 D/LibBpfLoader( 239): applying relo to instruction at byte offset: 1984, insn offset 248 , insn 118
05-28 18:11:48.018 D/LibBpfLoader( 239): applying relo to instruction at byte offset: 2072, insn offset 259 , insn 118
05-28 18:11:48.018 D/LibBpfLoader( 239): applying relo to instruction at byte offset: 2368, insn offset 296 , insn 118
05-28 18:11:48.018 D/LibBpfLoader( 239): cs[0].name:schedcls_tether_downstream6_ether min_kver:0 .max_kver:ffffffff (kvers:504007d)
05-28 18:11:48.018 D/LibBpfLoader( 239): cs[0].name:schedcls_tether_downstream6_ether requires bpfloader version [0x00000,0x10000)
05-28 18:11:48.020 D/LibBpfLoader( 239): bpf_prog_load lib call for /apex/com.android.tethering/etc/bpf/offload.o (schedcls_tether_downstream6_ether) returned fd: 15 (no error)
05-28 18:11:48.020 D/LibBpfLoader( 239): cs[1].name:schedcls_tether_upstream6_ether min_kver:0 .max_kver:ffffffff (kvers:504007d)
05-28 18:11:48.020 D/LibBpfLoader( 239): cs[1].name:schedcls_tether_upstream6_ether requires bpfloader version [0x00000,0x10000)
05-28 18:11:48.021 D/LibBpfLoader( 239): bpf_prog_load lib call for /apex/com.android.tethering/etc/bpf/offload.o (schedcls_tether_upstream6_ether) returned fd: 16 (no error)
05-28 18:11:48.022 D/LibBpfLoader( 239): cs[2].name:schedcls_tether_downstream6_rawip$5_4 min_kver:5040000 .max_kver:ffffffff (kvers:504007d)
05-28 18:11:48.022 D/LibBpfLoader( 239): cs[2].name:schedcls_tether_downstream6_rawip$5_4 requires bpfloader version [0x00000,0x10000)
05-28 18:11:48.023 D/LibBpfLoader( 239): bpf_prog_load lib call for /apex/com.android.tethering/etc/bpf/offload.o (schedcls_tether_downstream6_rawip$5_4) returned fd: 17 (no error)
05-28 18:11:48.023 D/LibBpfLoader( 239): cs[3].name:schedcls_tether_upstream6_rawip$5_4 min_kver:5040000 .max_kver:ffffffff (kvers:504007d)
05-28 18:11:48.023 D/LibBpfLoader( 239): cs[3].name:schedcls_tether_upstream6_rawip$5_4 requires bpfloader version [0x00000,0x10000)
05-28 18:11:48.024 D/LibBpfLoader( 239): bpf_prog_load lib call for /apex/com.android.tethering/etc/bpf/offload.o (schedcls_tether_upstream6_rawip$5_4) returned fd: 18 (no error)
05-28 18:11:48.024 D/LibBpfLoader( 239): cs[4].name:schedcls_tether_downstream6_rawip$4_14 min_kver:40e0000 .max_kver:5040000 (kvers:504007d)
05-28 18:11:48.024 D/LibBpfLoader( 239): cs[5].name:schedcls_tether_upstream6_rawip$4_14 min_kver:40e0000 .max_kver:5040000 (kvers:504007d)
05-28 18:11:48.024 D/LibBpfLoader( 239): cs[6].name:schedcls_tether_downstream6_rawip$stub min_kver:0 .max_kver:5040000 (kvers:504007d)
05-28 18:11:48.024 D/LibBpfLoader( 239): cs[7].name:schedcls_tether_upstream6_rawip$stub min_kver:0 .max_kver:5040000 (kvers:504007d)
05-28 18:11:48.024 D/LibBpfLoader( 239): cs[8].name:schedcls_tether_downstream4_rawip$5_8 min_kver:5080000 .max_kver:ffffffff (kvers:504007d)
05-28 18:11:48.024 D/LibBpfLoader( 239): cs[9].name:schedcls_tether_upstream4_rawip$5_8 min_kver:5080000 .max_kver:ffffffff (kvers:504007d)
05-28 18:11:48.024 D/LibBpfLoader( 239): cs[10].name:schedcls_tether_downstream4_ether$5_8 min_kver:5080000 .max_kver:ffffffff (kvers:504007d)
05-28 18:11:48.024 D/LibBpfLoader( 239): cs[11].name:schedcls_tether_upstream4_ether$5_8 min_kver:5080000 .max_kver:ffffffff (kvers:504007d)
05-28 18:11:48.024 D/LibBpfLoader( 239): cs[12].name:schedcls_tether_downstream4_rawip$opt min_kver:40e0000 .max_kver:5080000 (kvers:504007d)
05-28 18:11:48.024 D/LibBpfLoader( 239): cs[12].name:schedcls_tether_downstream4_rawip$opt requires bpfloader version [0x00000,0x10000)
05-28 18:11:48.027 D/LibBpfLoader( 239): bpf_prog_load lib call for /apex/com.android.tethering/etc/bpf/offload.o (schedcls_tether_downstream4_rawip$opt) returned fd: 19 (no error)
05-28 18:11:48.027 D/LibBpfLoader( 239): cs[13].name:schedcls_tether_upstream4_rawip$opt min_kver:40e0000 .max_kver:5080000 (kvers:504007d)
05-28 18:11:48.027 D/LibBpfLoader( 239): cs[13].name:schedcls_tether_upstream4_rawip$opt requires bpfloader version [0x00000,0x10000)
05-28 18:11:48.029 D/LibBpfLoader( 239): bpf_prog_load lib call for /apex/com.android.tethering/etc/bpf/offload.o (schedcls_tether_upstream4_rawip$opt) returned fd: 20 (no error)
05-28 18:11:48.029 D/LibBpfLoader( 239): cs[14].name:schedcls_tether_downstream4_ether$opt min_kver:40e0000 .max_kver:5080000 (kvers:504007d)
05-28 18:11:48.029 D/LibBpfLoader( 239): cs[14].name:schedcls_tether_downstream4_ether$opt requires bpfloader version [0x00000,0x10000)
05-28 18:11:48.031 D/LibBpfLoader( 239): bpf_prog_load lib call for /apex/com.android.tethering/etc/bpf/offload.o (schedcls_tether_downstream4_ether$opt) returned fd: 21 (no error)
05-28 18:11:48.031 D/LibBpfLoader( 239): cs[15].name:schedcls_tether_upstream4_ether$opt min_kver:40e0000 .max_kver:5080000 (kvers:504007d)
05-28 18:11:48.031 D/LibBpfLoader( 239): cs[15].name:schedcls_tether_upstream4_ether$opt requires bpfloader version [0x00000,0x10000)
05-28 18:11:48.033 D/LibBpfLoader( 239): bpf_prog_load lib call for /apex/com.android.tethering/etc/bpf/offload.o (schedcls_tether_upstream4_ether$opt) returned fd: 22 (no error)
05-28 18:11:48.034 D/LibBpfLoader( 239): cs[16].name:schedcls_tether_downstream4_rawip$5_4 min_kver:5040000 .max_kver:5080000 (kvers:504007d)
05-28 18:11:48.034 D/LibBpfLoader( 239): cs[16].name:schedcls_tether_downstream4_rawip$5_4 requires bpfloader version [0x00000,0x10000)
05-28 18:11:48.034 D/LibBpfLoader( 239): New bpf prog load reusing prog /sys/fs/bpf/tethering/prog_offload_schedcls_tether_downstream4_rawip, ret: 23 (no error)
05-28 18:11:48.034 D/LibBpfLoader( 239): cs[17].name:schedcls_tether_upstream4_rawip$5_4 min_kver:5040000 .max_kver:5080000 (kvers:504007d)
05-28 18:11:48.034 D/LibBpfLoader( 239): cs[17].name:schedcls_tether_upstream4_rawip$5_4 requires bpfloader version [0x00000,0x10000)
05-28 18:11:48.034 D/LibBpfLoader( 239): New bpf prog load reusing prog /sys/fs/bpf/tethering/prog_offload_schedcls_tether_upstream4_rawip, ret: 24 (no error)
05-28 18:11:48.034 D/LibBpfLoader( 239): cs[18].name:schedcls_tether_downstream4_rawip$4_14 min_kver:40e0000 .max_kver:5040000 (kvers:504007d)
05-28 18:11:48.034 D/LibBpfLoader( 239): cs[19].name:schedcls_tether_upstream4_rawip$4_14 min_kver:40e0000 .max_kver:5040000 (kvers:504007d)
05-28 18:11:48.034 D/LibBpfLoader( 239): cs[20].name:schedcls_tether_downstream4_ether$4_14 min_kver:40e0000 .max_kver:5080000 (kvers:504007d)
05-28 18:11:48.034 D/LibBpfLoader( 239): cs[20].name:schedcls_tether_downstream4_ether$4_14 requires bpfloader version [0x00000,0x10000)
05-28 18:11:48.034 D/LibBpfLoader( 239): New bpf prog load reusing prog /sys/fs/bpf/tethering/prog_offload_schedcls_tether_downstream4_ether, ret: 25 (no error)
05-28 18:11:48.034 D/LibBpfLoader( 239): cs[21].name:schedcls_tether_upstream4_ether$4_14 min_kver:40e0000 .max_kver:5080000 (kvers:504007d)
05-28 18:11:48.034 D/LibBpfLoader( 239): cs[21].name:schedcls_tether_upstream4_ether$4_14 requires bpfloader version [0x00000,0x10000)
05-28 18:11:48.034 D/LibBpfLoader( 239): New bpf prog load reusing prog /sys/fs/bpf/tethering/prog_offload_schedcls_tether_upstream4_ether, ret: 26 (no error)
05-28 18:11:48.034 D/LibBpfLoader( 239): cs[22].name:schedcls_tether_downstream4_rawip$stub min_kver:0 .max_kver:5040000 (kvers:504007d)
05-28 18:11:48.034 D/LibBpfLoader( 239): cs[23].name:schedcls_tether_upstream4_rawip$stub min_kver:0 .max_kver:5040000 (kvers:504007d)
05-28 18:11:48.034 D/LibBpfLoader( 239): cs[24].name:schedcls_tether_downstream4_ether$stub min_kver:0 .max_kver:40e0000 (kvers:504007d)
05-28 18:11:48.034 D/LibBpfLoader( 239): cs[25].name:schedcls_tether_upstream4_ether$stub min_kver:0 .max_kver:40e0000 (kvers:504007d)
05-28 18:11:48.034 D/LibBpfLoader( 239): cs[26].name:xdp_tether_downstream_ether min_kver:5090000 .max_kver:ffffffff (kvers:504007d)
05-28 18:11:48.034 D/LibBpfLoader( 239): cs[27].name:xdp_tether_downstream_rawip min_kver:5090000 .max_kver:ffffffff (kvers:504007d)
05-28 18:11:48.034 D/LibBpfLoader( 239): cs[28].name:xdp_tether_upstream_ether min_kver:5090000 .max_kver:ffffffff (kvers:504007d)
05-28 18:11:48.034 D/LibBpfLoader( 239): cs[29].name:xdp_tether_upstream_rawip min_kver:5090000 .max_kver:ffffffff (kvers:504007d)
05-28 18:11:48.035 I/bpfloader( 239): Loaded object: /apex/com.android.tethering/etc/bpf/offload.o
05-28 18:11:48.040 D/LibBpfLoader( 239): Loading optional ELF object /system/etc/bpf/time_in_state.o with license GPL
05-28 18:11:48.041 I/LibBpfLoader( 239): Section bpfloader_min_ver value is 0 [0x0]
05-28 18:11:48.041 I/LibBpfLoader( 239): Section bpfloader_max_ver value is 65536 [0x10000]
05-28 18:11:48.041 I/LibBpfLoader( 239): Section size_of_bpf_map_def value is 48 [0x30]
05-28 18:11:48.041 I/LibBpfLoader( 239): Section size_of_bpf_prog_def value is 28 [0x1c]
05-28 18:11:48.041 I/LibBpfLoader( 239): BpfLoader version 0x00002 processing ELF object /system/etc/bpf/time_in_state.o with ver [0x00000,0x10000)
05-28 18:11:48.042 D/LibBpfLoader( 239): Loaded code section 3 (tracepoint_sched_sched_switch)
05-28 18:11:48.044 D/LibBpfLoader( 239): Loaded relo section 3 (.reltracepoint/sched/sched_switch)
05-28 18:11:48.044 D/LibBpfLoader( 239): Adding section 3 to cs list
05-28 18:11:48.045 D/LibBpfLoader( 239): Loaded code section 5 (tracepoint_power_cpu_frequency)
05-28 18:11:48.045 D/LibBpfLoader( 239): Loaded relo section 5 (.reltracepoint/power/cpu_frequency)
05-28 18:11:48.045 D/LibBpfLoader( 239): Adding section 5 to cs list
05-28 18:11:48.045 D/LibBpfLoader( 239): Loaded code section 7 (tracepoint_sched_sched_process_free)
05-28 18:11:48.047 D/LibBpfLoader( 239): Loaded relo section 7 (.reltracepoint/sched/sched_process_free)
05-28 18:11:48.047 D/LibBpfLoader( 239): Adding section 7 to cs list
05-28 18:11:48.050 D/LibBpfLoader( 239): bpf_create_map name total_time_in_state_map, ret: 6
05-28 18:11:48.052 D/LibBpfLoader( 239): bpf_create_map name uid_time_in_state_map, ret: 7
05-28 18:11:48.054 D/LibBpfLoader( 239): bpf_create_map name uid_concurrent_times_map, ret: 8
05-28 18:11:48.055 D/LibBpfLoader( 239): bpf_create_map name uid_last_update_map, ret: 9
05-28 18:11:48.055 D/LibBpfLoader( 239): bpf_create_map name cpu_last_update_map, ret: 10
05-28 18:11:48.055 D/LibBpfLoader( 239): bpf_create_map name cpu_policy_map, ret: 11
05-28 18:11:48.055 D/LibBpfLoader( 239): bpf_create_map name policy_freq_idx_map, ret: 12
05-28 18:11:48.056 D/LibBpfLoader( 239): bpf_create_map name freq_to_idx_map, ret: 13
05-28 18:11:48.056 D/LibBpfLoader( 239): bpf_create_map name nr_active_map, ret: 14
05-28 18:11:48.056 D/LibBpfLoader( 239): bpf_create_map name policy_nr_active_map, ret: 15
05-28 18:11:48.056 D/LibBpfLoader( 239): bpf_create_map name pid_tracked_hash_map, ret: 16
05-28 18:11:48.056 D/LibBpfLoader( 239): bpf_create_map name pid_tracked_map, ret: 17
05-28 18:11:48.057 D/LibBpfLoader( 239): bpf_create_map name pid_task_aggregation_map, ret: 18
05-28 18:11:48.060 D/LibBpfLoader( 239): bpf_create_map name pid_time_in_state_map, ret: 19
05-28 18:11:48.060 D/LibBpfLoader( 239): map_fd found at 0 is 6 in /system/etc/bpf/time_in_state.o
05-28 18:11:48.060 D/LibBpfLoader( 239): map_fd found at 1 is 7 in /system/etc/bpf/time_in_state.o
05-28 18:11:48.060 D/LibBpfLoader( 239): map_fd found at 2 is 8 in /system/etc/bpf/time_in_state.o
05-28 18:11:48.060 D/LibBpfLoader( 239): map_fd found at 3 is 9 in /system/etc/bpf/time_in_state.o
05-28 18:11:48.060 D/LibBpfLoader( 239): map_fd found at 4 is 10 in /system/etc/bpf/time_in_state.o
05-28 18:11:48.060 D/LibBpfLoader( 239): map_fd found at 5 is 11 in /system/etc/bpf/time_in_state.o
05-28 18:11:48.060 D/LibBpfLoader( 239): map_fd found at 6 is 12 in /system/etc/bpf/time_in_state.o
05-28 18:11:48.060 D/LibBpfLoader( 239): map_fd found at 7 is 13 in /system/etc/bpf/time_in_state.o
05-28 18:11:48.060 D/LibBpfLoader( 239): map_fd found at 8 is 14 in /system/etc/bpf/time_in_state.o
05-28 18:11:48.060 D/LibBpfLoader( 239): map_fd found at 9 is 15 in /system/etc/bpf/time_in_state.o
05-28 18:11:48.060 D/LibBpfLoader( 239): map_fd found at 10 is 16 in /system/etc/bpf/time_in_state.o
05-28 18:11:48.060 D/LibBpfLoader( 239): map_fd found at 11 is 17 in /system/etc/bpf/time_in_state.o
05-28 18:11:48.060 D/LibBpfLoader( 239): map_fd found at 12 is 18 in /system/etc/bpf/time_in_state.o
05-28 18:11:48.060 D/LibBpfLoader( 239): map_fd found at 13 is 19 in /system/etc/bpf/time_in_state.o
05-28 18:11:48.061 D/LibBpfLoader( 239): applying relo to instruction at byte offset: 40, insn offset 5 , insn 118
05-28 18:11:48.062 D/LibBpfLoader( 239): applying relo to instruction at byte offset: 128, insn offset 16 , insn 118
05-28 18:11:48.062 D/LibBpfLoader( 239): applying relo to instruction at byte offset: 200, insn offset 25 , insn 118
05-28 18:11:48.062 D/LibBpfLoader( 239): applying relo to instruction at byte offset: 264, insn offset 33 , insn 118
05-28 18:11:48.062 D/LibBpfLoader( 239): applying relo to instruction at byte offset: 504, insn offset 63 , insn 118
05-28 18:11:48.062 D/LibBpfLoader( 239): applying relo to instruction at byte offset: 640, insn offset 80 , insn 118
05-28 18:11:48.062 D/LibBpfLoader( 239): applying relo to instruction at byte offset: 1000, insn offset 125 , insn 118
05-28 18:11:48.062 D/LibBpfLoader( 239): applying relo to instruction at byte offset: 1040, insn offset 130 , insn 118
05-28 18:11:48.062 D/LibBpfLoader( 239): applying relo to instruction at byte offset: 1216, insn offset 152 , insn 118
05-28 18:11:48.062 D/LibBpfLoader( 239): applying relo to instruction at byte offset: 1344, insn offset 168 , insn 118
05-28 18:11:48.063 D/LibBpfLoader( 239): applying relo to instruction at byte offset: 1440, insn offset 180 , insn 118
05-28 18:11:48.063 D/LibBpfLoader( 239): applying relo to instruction at byte offset: 1536, insn offset 192 , insn 118
05-28 18:11:48.063 D/LibBpfLoader( 239): applying relo to instruction at byte offset: 1864, insn offset 233 , insn 118
05-28 18:11:48.063 D/LibBpfLoader( 239): applying relo to instruction at byte offset: 1904, insn offset 238 , insn 118
05-28 18:11:48.063 D/LibBpfLoader( 239): applying relo to instruction at byte offset: 2080, insn offset 260 , insn 118
05-28 18:11:48.063 D/LibBpfLoader( 239): applying relo to instruction at byte offset: 2288, insn offset 286 , insn 118
05-28 18:11:48.063 D/LibBpfLoader( 239): applying relo to instruction at byte offset: 2328, insn offset 291 , insn 118
05-28 18:11:48.063 D/LibBpfLoader( 239): applying relo to instruction at byte offset: 2504, insn offset 313 , insn 118
05-28 18:11:48.063 D/LibBpfLoader( 239): applying relo to instruction at byte offset: 2712, insn offset 339 , insn 118
05-28 18:11:48.063 D/LibBpfLoader( 239): applying relo to instruction at byte offset: 2752, insn offset 344 , insn 118
05-28 18:11:48.064 D/LibBpfLoader( 239): applying relo to instruction at byte offset: 2864, insn offset 358 , insn 118
05-28 18:11:48.064 D/LibBpfLoader( 239): applying relo to instruction at byte offset: 2952, insn offset 369 , insn 118
05-28 18:11:48.064 D/LibBpfLoader( 239): applying relo to instruction at byte offset: 3056, insn offset 382 , insn 118
05-28 18:11:48.064 D/LibBpfLoader( 239): applying relo to instruction at byte offset: 3160, insn offset 395 , insn 118
05-28 18:11:48.064 D/LibBpfLoader( 239): applying relo to instruction at byte offset: 3264, insn offset 408 , insn 118
05-28 18:11:48.064 D/LibBpfLoader( 239): applying relo to instruction at byte offset: 3368, insn offset 421 , insn 118
05-28 18:11:48.064 D/LibBpfLoader( 239): applying relo to instruction at byte offset: 3472, insn offset 434 , insn 118
05-28 18:11:48.064 D/LibBpfLoader( 239): applying relo to instruction at byte offset: 3576, insn offset 447 , insn 118
05-28 18:11:48.064 D/LibBpfLoader( 239): applying relo to instruction at byte offset: 3688, insn offset 461 , insn 118
05-28 18:11:48.065 D/LibBpfLoader( 239): applying relo to instruction at byte offset: 40, insn offset 5 , insn 118
05-28 18:11:48.065 D/LibBpfLoader( 239): applying relo to instruction at byte offset: 120, insn offset 15 , insn 118
05-28 18:11:48.065 D/LibBpfLoader( 239): applying relo to instruction at byte offset: 200, insn offset 25 , insn 118
05-28 18:11:48.065 D/LibBpfLoader( 239): applying relo to instruction at byte offset: 48, insn offset 6 , insn 118
05-28 18:11:48.065 D/LibBpfLoader( 239): applying relo to instruction at byte offset: 200, insn offset 25 , insn 118
05-28 18:11:48.065 D/LibBpfLoader( 239): applying relo to instruction at byte offset: 328, insn offset 41 , insn 118
05-28 18:11:48.065 D/LibBpfLoader( 239): applying relo to instruction at byte offset: 456, insn offset 57 , insn 118
05-28 18:11:48.065 D/LibBpfLoader( 239): applying relo to instruction at byte offset: 584, insn offset 73 , insn 118
05-28 18:11:48.065 D/LibBpfLoader( 239): applying relo to instruction at byte offset: 712, insn offset 89 , insn 118
05-28 18:11:48.065 D/LibBpfLoader( 239): applying relo to instruction at byte offset: 840, insn offset 105 , insn 118
05-28 18:11:48.066 D/LibBpfLoader( 239): applying relo to instruction at byte offset: 968, insn offset 121 , insn 118
05-28 18:11:48.066 D/LibBpfLoader( 239): applying relo to instruction at byte offset: 1104, insn offset 138 , insn 118
05-28 18:11:48.066 D/LibBpfLoader( 239): applying relo to instruction at byte offset: 1144, insn offset 143 , insn 118
05-28 18:11:48.066 D/LibBpfLoader( 239): cs[0].name:tracepoint_sched_sched_switch min_kver:0 .max_kver:ffffffff (kvers:504007d)
05-28 18:11:48.066 D/LibBpfLoader( 239): cs[0].name:tracepoint_sched_sched_switch requires bpfloader version [0x00000,0x10000)
05-28 18:11:48.066 D/LibBpfLoader( 239): bpf_prog_load lib call for /system/etc/bpf/time_in_state.o (tracepoint_sched_sched_switch) returned fd: -1 (Invalid argument)
05-28 18:11:48.066 W/LibBpfLoader( 239): bpf_prog_load - BEGIN log_buf contents:
05-28 18:11:48.066 W/LibBpfLoader( 239):
05-28 18:11:48.066 W/LibBpfLoader( 239): bpf_prog_load - END log_buf contents.
05-28 18:11:48.066 E/LibBpfLoader( 239): non-optional program failed to load.
05-28 18:11:48.066 E/LibBpfLoader( 239): Failed to load programs, loadCodeSections ret=-1
05-28 18:11:48.067 E/bpfloader( 239): Failed to load object: /system/etc/bpf/time_in_state.o, ret: Operation not permitted
05-28 18:11:48.067 D/LibBpfLoader( 239): Loading critical for netd ELF object /system/etc/bpf/clatd.o with license Apache 2.0
05-28 18:11:48.067 I/LibBpfLoader( 239): Section bpfloader_min_ver value is 0 [0x0]
05-28 18:11:48.068 I/LibBpfLoader( 239): Section bpfloader_max_ver value is 65536 [0x10000]
05-28 18:11:48.068 I/LibBpfLoader( 239): Section size_of_bpf_map_def value is 48 [0x30]
05-28 18:11:48.068 I/LibBpfLoader( 239): Section size_of_bpf_prog_def value is 28 [0x1c]
05-28 18:11:48.068 I/LibBpfLoader( 239): BpfLoader version 0x00002 processing ELF object /system/etc/bpf/clatd.o with ver [0x00000,0x10000)
05-28 18:11:48.069 D/LibBpfLoader( 239): Loaded code section 3 (schedcls_ingress6_clat_ether)
05-28 18:11:48.069 D/LibBpfLoader( 239): Loaded relo section 3 (.relschedcls/ingress6/clat_ether)
05-28 18:11:48.069 D/LibBpfLoader( 239): Adding section 3 to cs list
05-28 18:11:48.070 D/LibBpfLoader( 239): Loaded code section 5 (schedcls_ingress6_clat_rawip)
05-28 18:11:48.070 D/LibBpfLoader( 239): Loaded relo section 5 (.relschedcls/ingress6/clat_rawip)
05-28 18:11:48.070 D/LibBpfLoader( 239): Adding section 5 to cs list
05-28 18:11:48.070 D/LibBpfLoader( 239): Loaded code section 7 (schedcls_egress4_clat_ether)
05-28 18:11:48.071 D/LibBpfLoader( 239): Adding section 7 to cs list
05-28 18:11:48.071 D/LibBpfLoader( 239): Loaded code section 8 (schedcls_egress4_clat_rawip)
05-28 18:11:48.071 D/LibBpfLoader( 239): Loaded relo section 8 (.relschedcls/egress4/clat_rawip)
05-28 18:11:48.071 D/LibBpfLoader( 239): Adding section 8 to cs list
05-28 18:11:48.073 D/LibBpfLoader( 239): bpf_create_map name clat_ingress6_map, ret: 6
05-28 18:11:48.073 D/LibBpfLoader( 239): bpf_create_map name clat_egress4_map, ret: 7
05-28 18:11:48.073 D/LibBpfLoader( 239): map_fd found at 0 is 6 in /system/etc/bpf/clatd.o
05-28 18:11:48.073 D/LibBpfLoader( 239): map_fd found at 1 is 7 in /system/etc/bpf/clatd.o
05-28 18:11:48.074 D/LibBpfLoader( 239): applying relo to instruction at byte offset: 408, insn offset 51 , insn 118
05-28 18:11:48.074 D/LibBpfLoader( 239): applying relo to instruction at byte offset: 352, insn offset 44 , insn 118
05-28 18:11:48.074 D/LibBpfLoader( 239): applying relo to instruction at byte offset: 520, insn offset 65 , insn 118
05-28 18:11:48.074 D/LibBpfLoader( 239): cs[0].name:schedcls_ingress6_clat_ether min_kver:0 .max_kver:ffffffff (kvers:504007d)
05-28 18:11:48.074 D/LibBpfLoader( 239): cs[0].name:schedcls_ingress6_clat_ether requires bpfloader version [0x00000,0x10000)
05-28 18:11:48.075 D/LibBpfLoader( 239): bpf_prog_load lib call for /system/etc/bpf/clatd.o (schedcls_ingress6_clat_ether) returned fd: 8 (no error)
05-28 18:11:48.075 D/LibBpfLoader( 239): cs[1].name:schedcls_ingress6_clat_rawip min_kver:0 .max_kver:ffffffff (kvers:504007d)
05-28 18:11:48.075 D/LibBpfLoader( 239): cs[1].name:schedcls_ingress6_clat_rawip requires bpfloader version [0x00000,0x10000)
05-28 18:11:48.076 D/LibBpfLoader( 239): bpf_prog_load lib call for /system/etc/bpf/clatd.o (schedcls_ingress6_clat_rawip) returned fd: 9 (no error)
05-28 18:11:48.076 D/LibBpfLoader( 239): cs[2].name:schedcls_egress4_clat_ether min_kver:0 .max_kver:ffffffff (kvers:504007d)
05-28 18:11:48.076 D/LibBpfLoader( 239): cs[2].name:schedcls_egress4_clat_ether requires bpfloader version [0x00000,0x10000)
05-28 18:11:48.076 D/LibBpfLoader( 239): bpf_prog_load lib call for /system/etc/bpf/clatd.o (schedcls_egress4_clat_ether) returned fd: 10 (no error)
05-28 18:11:48.076 D/LibBpfLoader( 239): cs[3].name:schedcls_egress4_clat_rawip min_kver:0 .max_kver:ffffffff (kvers:504007d)
05-28 18:11:48.076 D/LibBpfLoader( 239): cs[3].name:schedcls_egress4_clat_rawip requires bpfloader version [0x00000,0x10000)
05-28 18:11:48.077 D/LibBpfLoader( 239): bpf_prog_load lib call for /system/etc/bpf/clatd.o (schedcls_egress4_clat_rawip) returned fd: 11 (no error)
05-28 18:11:48.077 I/bpfloader( 239): Loaded object: /system/etc/bpf/clatd.o
05-28 18:11:48.078 D/LibBpfLoader( 239): Loading critical for netd ELF object /system/etc/bpf/netd.o with license Apache 2.0
05-28 18:11:48.078 I/LibBpfLoader( 239): Section bpfloader_min_ver value is 0 [0x0]
05-28 18:11:48.078 I/LibBpfLoader( 239): Section bpfloader_max_ver value is 65536 [0x10000]
05-28 18:11:48.078 I/LibBpfLoader( 239): Section size_of_bpf_map_def value is 48 [0x30]
05-28 18:11:48.079 I/LibBpfLoader( 239): Section size_of_bpf_prog_def value is 28 [0x1c]
05-28 18:11:48.079 I/LibBpfLoader( 239): BpfLoader version 0x00002 processing ELF object /system/etc/bpf/netd.o with ver [0x00000,0x10000)
05-28 18:11:48.080 D/LibBpfLoader( 239): Loaded code section 3 (cgroupskb_ingress_stats)
05-28 18:11:48.082 D/LibBpfLoader( 239): Loaded relo section 3 (.relcgroupskb/ingress/stats)
05-28 18:11:48.082 D/LibBpfLoader( 239): Adding section 3 to cs list
05-28 18:11:48.082 D/LibBpfLoader( 239): Loaded code section 5 (cgroupskb_egress_stats)
05-28 18:11:48.084 D/LibBpfLoader( 239): Loaded relo section 5 (.relcgroupskb/egress/stats)
05-28 18:11:48.084 D/LibBpfLoader( 239): Adding section 5 to cs list
05-28 18:11:48.084 D/LibBpfLoader( 239): Loaded code section 7 (skfilter_egress_xtbpf)
05-28 18:11:48.084 D/LibBpfLoader( 239): Loaded relo section 7 (.relskfilter/egress/xtbpf)
05-28 18:11:48.085 D/LibBpfLoader( 239): Adding section 7 to cs list
05-28 18:11:48.085 D/LibBpfLoader( 239): Loaded code section 9 (skfilter_ingress_xtbpf)
05-28 18:11:48.085 D/LibBpfLoader( 239): Loaded relo section 9 (.relskfilter/ingress/xtbpf)
05-28 18:11:48.085 D/LibBpfLoader( 239): Adding section 9 to cs list
05-28 18:11:48.085 D/LibBpfLoader( 239): Loaded code section 11 (skfilter_allowlist_xtbpf)
05-28 18:11:48.086 D/LibBpfLoader( 239): Loaded relo section 11 (.relskfilter/allowlist/xtbpf)
05-28 18:11:48.086 D/LibBpfLoader( 239): Adding section 11 to cs list
05-28 18:11:48.086 D/LibBpfLoader( 239): Loaded code section 13 (skfilter_denylist_xtbpf)
05-28 18:11:48.087 D/LibBpfLoader( 239): Loaded relo section 13 (.relskfilter/denylist/xtbpf)
05-28 18:11:48.087 D/LibBpfLoader( 239): Adding section 13 to cs list
05-28 18:11:48.087 D/LibBpfLoader( 239): Loaded code section 15 (cgroupsock_inet_create)
05-28 18:11:48.088 D/LibBpfLoader( 239): Loaded relo section 15 (.relcgroupsock/inet/create)
05-28 18:11:48.088 D/LibBpfLoader( 239): Adding section 15 to cs list
05-28 18:11:48.093 D/LibBpfLoader( 239): bpf_create_map name cookie_tag_map, ret: 6
05-28 18:11:48.094 D/LibBpfLoader( 239): bpf_create_map name uid_counterset_map, ret: 7
05-28 18:11:48.098 D/LibBpfLoader( 239): bpf_create_map name app_uid_stats_map, ret: 8
05-28 18:11:48.100 D/LibBpfLoader( 239): bpf_create_map name stats_map_A, ret: 9
05-28 18:11:48.102 D/LibBpfLoader( 239): bpf_create_map name stats_map_B, ret: 10
05-28 18:11:48.103 D/LibBpfLoader( 239): bpf_create_map name iface_stats_map, ret: 11
05-28 18:11:48.103 D/LibBpfLoader( 239): bpf_create_map name configuration_map, ret: 12
05-28 18:11:48.104 D/LibBpfLoader( 239): bpf_create_map name uid_owner_map, ret: 13
05-28 18:11:48.104 D/LibBpfLoader( 239): bpf_create_map name iface_index_name_map, ret: 14
05-28 18:11:48.105 D/LibBpfLoader( 239): bpf_create_map name uid_permission_map, ret: 15
05-28 18:11:48.105 D/LibBpfLoader( 239): map_fd found at 0 is 6 in /system/etc/bpf/netd.o
05-28 18:11:48.105 D/LibBpfLoader( 239): map_fd found at 1 is 7 in /system/etc/bpf/netd.o
05-28 18:11:48.105 D/LibBpfLoader( 239): map_fd found at 2 is 8 in /system/etc/bpf/netd.o
05-28 18:11:48.105 D/LibBpfLoader( 239): map_fd found at 3 is 9 in /system/etc/bpf/netd.o
05-28 18:11:48.105 D/LibBpfLoader( 239): map_fd found at 4 is 10 in /system/etc/bpf/netd.o
05-28 18:11:48.105 D/LibBpfLoader( 239): map_fd found at 5 is 11 in /system/etc/bpf/netd.o
05-28 18:11:48.105 D/LibBpfLoader( 239): map_fd found at 6 is 12 in /system/etc/bpf/netd.o
05-28 18:11:48.105 D/LibBpfLoader( 239): map_fd found at 7 is 13 in /system/etc/bpf/netd.o
05-28 18:11:48.105 D/LibBpfLoader( 239): map_fd found at 8 is 14 in /system/etc/bpf/netd.o
05-28 18:11:48.105 D/LibBpfLoader( 239): map_fd found at 9 is 15 in /system/etc/bpf/netd.o
05-28 18:11:48.106 D/LibBpfLoader( 239): applying relo to instruction at byte offset: 472, insn offset 59 , insn 118
05-28 18:11:48.106 D/LibBpfLoader( 239): applying relo to instruction at byte offset: 544, insn offset 68 , insn 118
05-28 18:11:48.106 D/LibBpfLoader( 239): applying relo to instruction at byte offset: 1008, insn offset 126 , insn 118
05-28 18:11:48.106 D/LibBpfLoader( 239): applying relo to instruction at byte offset: 1304, insn offset 163 , insn 118
05-28 18:11:48.107 D/LibBpfLoader( 239): applying relo to instruction at byte offset: 1384, insn offset 173 , insn 118
05-28 18:11:48.107 D/LibBpfLoader( 239): applying relo to instruction at byte offset: 1488, insn offset 186 , insn 118
05-28 18:11:48.107 D/LibBpfLoader( 239): applying relo to instruction at byte offset: 1600, insn offset 200 , insn 118
05-28 18:11:48.107 D/LibBpfLoader( 239): applying relo to instruction at byte offset: 1640, insn offset 205 , insn 118
05-28 18:11:48.107 D/LibBpfLoader( 239): applying relo to instruction at byte offset: 1992, insn offset 249 , insn 118
05-28 18:11:48.107 D/LibBpfLoader( 239): applying relo to instruction at byte offset: 2104, insn offset 263 , insn 118
05-28 18:11:48.107 D/LibBpfLoader( 239): applying relo to instruction at byte offset: 2144, insn offset 268 , insn 118
05-28 18:11:48.107 D/LibBpfLoader( 239): applying relo to instruction at byte offset: 2424, insn offset 303 , insn 118
05-28 18:11:48.107 D/LibBpfLoader( 239): applying relo to instruction at byte offset: 2528, insn offset 316 , insn 118
05-28 18:11:48.107 D/LibBpfLoader( 239): applying relo to instruction at byte offset: 2568, insn offset 321 , insn 118
05-28 18:11:48.107 D/LibBpfLoader( 239): applying relo to instruction at byte offset: 2712, insn offset 339 , insn 118
05-28 18:11:48.107 D/LibBpfLoader( 239): applying relo to instruction at byte offset: 2816, insn offset 352 , insn 118
05-28 18:11:48.108 D/LibBpfLoader( 239): applying relo to instruction at byte offset: 2856, insn offset 357 , insn 118
05-28 18:11:48.108 D/LibBpfLoader( 239): applying relo to instruction at byte offset: 3088, insn offset 386 , insn 118
05-28 18:11:48.108 D/LibBpfLoader( 239): applying relo to instruction at byte offset: 3192, insn offset 399 , insn 118
05-28 18:11:48.108 D/LibBpfLoader( 239): applying relo to instruction at byte offset: 3232, insn offset 404 , insn 118
05-28 18:11:48.108 D/LibBpfLoader( 239): applying relo to instruction at byte offset: 448, insn offset 56 , insn 118
05-28 18:11:48.108 D/LibBpfLoader( 239): applying relo to instruction at byte offset: 520, insn offset 65 , insn 118
05-28 18:11:48.108 D/LibBpfLoader( 239): applying relo to instruction at byte offset: 992, insn offset 124 , insn 118
05-28 18:11:48.108 D/LibBpfLoader( 239): applying relo to instruction at byte offset: 1272, insn offset 159 , insn 118
05-28 18:11:48.108 D/LibBpfLoader( 239): applying relo to instruction at byte offset: 1352, insn offset 169 , insn 118
05-28 18:11:48.108 D/LibBpfLoader( 239): applying relo to instruction at byte offset: 1456, insn offset 182 , insn 118
05-28 18:11:48.108 D/LibBpfLoader( 239): applying relo to instruction at byte offset: 1560, insn offset 195 , insn 118
05-28 18:11:48.108 D/LibBpfLoader( 239): applying relo to instruction at byte offset: 1600, insn offset 200 , insn 118
05-28 18:11:48.109 D/LibBpfLoader( 239): applying relo to instruction at byte offset: 1744, insn offset 218 , insn 118
05-28 18:11:48.109 D/LibBpfLoader( 239): applying relo to instruction at byte offset: 1848, insn offset 231 , insn 118
05-28 18:11:48.109 D/LibBpfLoader( 239): applying relo to instruction at byte offset: 1888, insn offset 236 , insn 118
05-28 18:11:48.109 D/LibBpfLoader( 239): applying relo to instruction at byte offset: 2160, insn offset 270 , insn 118
05-28 18:11:48.109 D/LibBpfLoader( 239): applying relo to instruction at byte offset: 2264, insn offset 283 , insn 118
05-28 18:11:48.109 D/LibBpfLoader( 239): applying relo to instruction at byte offset: 2304, insn offset 288 , insn 118
05-28 18:11:48.109 D/LibBpfLoader( 239): applying relo to instruction at byte offset: 2448, insn offset 306 , insn 118
05-28 18:11:48.109 D/LibBpfLoader( 239): applying relo to instruction at byte offset: 2552, insn offset 319 , insn 118
05-28 18:11:48.109 D/LibBpfLoader( 239): applying relo to instruction at byte offset: 2592, insn offset 324 , insn 118
05-28 18:11:48.109 D/LibBpfLoader( 239): applying relo to instruction at byte offset: 2824, insn offset 353 , insn 118
05-28 18:11:48.109 D/LibBpfLoader( 239): applying relo to instruction at byte offset: 2928, insn offset 366 , insn 118
05-28 18:11:48.109 D/LibBpfLoader( 239): applying relo to instruction at byte offset: 2968, insn offset 371 , insn 118
05-28 18:11:48.110 D/LibBpfLoader( 239): applying relo to instruction at byte offset: 88, insn offset 11 , insn 118
05-28 18:11:48.110 D/LibBpfLoader( 239): applying relo to instruction at byte offset: 192, insn offset 24 , insn 118
05-28 18:11:48.110 D/LibBpfLoader( 239): applying relo to instruction at byte offset: 232, insn offset 29 , insn 118
05-28 18:11:48.110 D/LibBpfLoader( 239): applying relo to instruction at byte offset: 40, insn offset 5 , insn 118
05-28 18:11:48.110 D/LibBpfLoader( 239): applying relo to instruction at byte offset: 144, insn offset 18 , insn 118
05-28 18:11:48.110 D/LibBpfLoader( 239): applying relo to instruction at byte offset: 184, insn offset 23 , insn 118
05-28 18:11:48.110 D/LibBpfLoader( 239): applying relo to instruction at byte offset: 136, insn offset 17 , insn 118
05-28 18:11:48.110 D/LibBpfLoader( 239): applying relo to instruction at byte offset: 32, insn offset 4 , insn 118
05-28 18:11:48.110 D/LibBpfLoader( 239): applying relo to instruction at byte offset: 80, insn offset 10 , insn 118
05-28 18:11:48.110 D/LibBpfLoader( 239): cs[0].name:cgroupskb_ingress_stats min_kver:0 .max_kver:ffffffff (kvers:504007d)
05-28 18:11:48.110 D/LibBpfLoader( 239): cs[0].name:cgroupskb_ingress_stats requires bpfloader version [0x00000,0x10000)
05-28 18:11:48.113 D/LibBpfLoader( 239): bpf_prog_load lib call for /system/etc/bpf/netd.o (cgroupskb_ingress_stats) returned fd: 16 (no error)
05-28 18:11:48.113 D/LibBpfLoader( 239): cs[1].name:cgroupskb_egress_stats min_kver:0 .max_kver:ffffffff (kvers:504007d)
05-28 18:11:48.113 D/LibBpfLoader( 239): cs[1].name:cgroupskb_egress_stats requires bpfloader version [0x00000,0x10000)
05-28 18:11:48.116 D/LibBpfLoader( 239): bpf_prog_load lib call for /system/etc/bpf/netd.o (cgroupskb_egress_stats) returned fd: 17 (no error)
05-28 18:11:48.116 D/LibBpfLoader( 239): cs[2].name:skfilter_egress_xtbpf min_kver:0 .max_kver:ffffffff (kvers:504007d)
05-28 18:11:48.116 D/LibBpfLoader( 239): cs[2].name:skfilter_egress_xtbpf requires bpfloader version [0x00000,0x10000)
05-28 18:11:48.116 D/LibBpfLoader( 239): bpf_prog_load lib call for /system/etc/bpf/netd.o (skfilter_egress_xtbpf) returned fd: 18 (no error)
05-28 18:11:48.116 D/LibBpfLoader( 239): cs[3].name:skfilter_ingress_xtbpf min_kver:0 .max_kver:ffffffff (kvers:504007d)
05-28 18:11:48.116 D/LibBpfLoader( 239): cs[3].name:skfilter_ingress_xtbpf requires bpfloader version [0x00000,0x10000)
05-28 18:11:48.117 D/LibBpfLoader( 239): bpf_prog_load lib call for /system/etc/bpf/netd.o (skfilter_ingress_xtbpf) returned fd: 19 (no error)
05-28 18:11:48.117 D/LibBpfLoader( 239): cs[4].name:skfilter_allowlist_xtbpf min_kver:0 .max_kver:ffffffff (kvers:504007d)
05-28 18:11:48.117 D/LibBpfLoader( 239): cs[4].name:skfilter_allowlist_xtbpf requires bpfloader version [0x00000,0x10000)
05-28 18:11:48.117 D/LibBpfLoader( 239): bpf_prog_load lib call for /system/etc/bpf/netd.o (skfilter_allowlist_xtbpf) returned fd: 20 (no error)
05-28 18:11:48.117 D/LibBpfLoader( 239): cs[5].name:skfilter_denylist_xtbpf min_kver:0 .max_kver:ffffffff (kvers:504007d)
05-28 18:11:48.117 D/LibBpfLoader( 239): cs[5].name:skfilter_denylist_xtbpf requires bpfloader version [0x00000,0x10000)
05-28 18:11:48.118 D/LibBpfLoader( 239): bpf_prog_load lib call for /system/etc/bpf/netd.o (skfilter_denylist_xtbpf) returned fd: 21 (no error)
05-28 18:11:48.118 D/LibBpfLoader( 239): cs[6].name:cgroupsock_inet_create min_kver:40e0000 .max_kver:ffffffff (kvers:504007d)
05-28 18:11:48.118 D/LibBpfLoader( 239): cs[6].name:cgroupsock_inet_create requires bpfloader version [0x00000,0x10000)
05-28 18:11:48.118 D/LibBpfLoader( 239): bpf_prog_load lib call for /system/etc/bpf/netd.o (cgroupsock_inet_create) returned fd: 22 (no error)
05-28 18:11:48.118 I/bpfloader( 239): Loaded object: /system/etc/bpf/netd.o
05-28 18:11:48.119 D/LibBpfLoader( 239): Loading optional ELF object /system/etc/bpf/gpu_mem.o with license Apache 2.0
05-28 18:11:48.119 I/LibBpfLoader( 239): Section bpfloader_min_ver value is 0 [0x0]
05-28 18:11:48.120 I/LibBpfLoader( 239): Section bpfloader_max_ver value is 65536 [0x10000]
05-28 18:11:48.120 I/LibBpfLoader( 239): Section size_of_bpf_map_def value is 48 [0x30]
05-28 18:11:48.120 I/LibBpfLoader( 239): Section size_of_bpf_prog_def value is 28 [0x1c]
05-28 18:11:48.120 I/LibBpfLoader( 239): BpfLoader version 0x00002 processing ELF object /system/etc/bpf/gpu_mem.o with ver [0x00000,0x10000)
05-28 18:11:48.121 D/LibBpfLoader( 239): Loaded code section 3 (tracepoint_gpu_mem_gpu_mem_total)
05-28 18:11:48.121 D/LibBpfLoader( 239): Loaded relo section 3 (.reltracepoint/gpu_mem/gpu_mem_total)
05-28 18:11:48.121 D/LibBpfLoader( 239): Adding section 3 to cs list
05-28 18:11:48.123 D/LibBpfLoader( 239): bpf_create_map name gpu_mem_total_map, ret: 6
05-28 18:11:48.123 D/LibBpfLoader( 239): map_fd found at 0 is 6 in /system/etc/bpf/gpu_mem.o
05-28 18:11:48.123 D/LibBpfLoader( 239): applying relo to instruction at byte offset: 80, insn offset 10 , insn 118
05-28 18:11:48.123 D/LibBpfLoader( 239): applying relo to instruction at byte offset: 128, insn offset 16 , insn 118
05-28 18:11:48.123 D/LibBpfLoader( 239): applying relo to instruction at byte offset: 208, insn offset 26 , insn 118
05-28 18:11:48.123 D/LibBpfLoader( 239): cs[0].name:tracepoint_gpu_mem_gpu_mem_total min_kver:0 .max_kver:ffffffff (kvers:504007d)
05-28 18:11:48.124 D/LibBpfLoader( 239): cs[0].name:tracepoint_gpu_mem_gpu_mem_total requires bpfloader version [0x00000,0x10000)
05-28 18:11:48.124 D/LibBpfLoader( 239): bpf_prog_load lib call for /system/etc/bpf/gpu_mem.o (tracepoint_gpu_mem_gpu_mem_total) returned fd: -1 (Invalid argument)
05-28 18:11:48.124 W/LibBpfLoader( 239): bpf_prog_load - BEGIN log_buf contents:
05-28 18:11:48.124 W/LibBpfLoader( 239):
05-28 18:11:48.124 W/LibBpfLoader( 239): bpf_prog_load - END log_buf contents.
05-28 18:11:48.124 E/LibBpfLoader( 239): non-optional program failed to load.
05-28 18:11:48.124 E/LibBpfLoader( 239): Failed to load programs, loadCodeSections ret=-1
05-28 18:11:48.124 E/bpfloader( 239): Failed to load object: /system/etc/bpf/gpu_mem.o, ret: Operation not permitted
05-28 18:11:48.163 I/update_verifier( 240): Started with arg 1: nonencrypted
05-28 18:11:48.164 E/cutils-trace( 240): Error opening trace file: No such file or directory (2)
05-28 18:11:48.176 I/update_verifier( 240): Booting slot 0: isSlotMarkedSuccessful=1
05-28 18:11:48.176 I/update_verifier( 240): Leaving update_verifier.
05-28 18:11:48.216 I/ServiceManager( 241): Waiting for service 'statscompanion' on '/dev/binder'...
05-28 18:11:48.244 I/netdClient( 242): Skipping libnetd_client init since *we* are netd
05-28 18:11:48.250 I/netd ( 242): netd 1.0 starting
05-28 18:11:48.253 I/netd ( 242): Pid file removed
05-28 18:11:48.253 I/netd ( 242): SIGPIPE is blocked
05-28 18:11:48.254 I/netd ( 242): setCloseOnExec(dnsproxyd)
05-28 18:11:48.254 I/netd ( 242): setCloseOnExec(fwmarkd)
05-28 18:11:48.254 I/netd ( 242): setCloseOnExec(mdns)
05-28 18:11:48.254 I/netd ( 242): BPF programs are loaded
05-28 18:11:48.254 I/netd ( 242): NetlinkManager instanced
05-28 18:11:48.254 I/netd ( 242): enter NetworkController ctor
05-28 18:11:48.256 I/netd ( 242): leave NetworkController ctor
05-28 18:11:48.256 I/netd ( 242): enter TetherController ctor
05-28 18:11:48.256 D/TetherController( 242): Setting IP forward enable = 0
05-28 18:11:48.259 I/netd ( 242): leave TetherController ctor
05-28 18:11:48.260 D/FirewallController( 242): Could not read /proc/self/uid_map, max uid defaulting to 4294967294
05-28 18:11:48.262 E/cutils-trace( 247): Error opening trace file: No such file or directory (2)
05-28 18:11:48.266 I/HidlServiceManagement( 247): Registered android.hidl.allocator@1.0::IAllocator/ashmem
05-28 18:11:48.267 I/HidlServiceManagement( 247): Removing namespace from process name android.hidl.allocator@1.0-service to allocator@1.0-service.
05-28 18:11:48.306 E/cutils-trace( 248): Error opening trace file: No such file or directory (2)
05-28 18:11:48.378 E/cutils-trace( 255): Error opening trace file: No such file or directory (2)
05-28 18:11:48.390 I/netd ( 242): Creating child chains: 103228us
05-28 18:11:48.390 I/netd ( 242): Setting up OEM hooks: 342us
05-28 18:11:48.391 I/netd ( 242): Setting up FirewallController hooks: 70us
05-28 18:11:48.395 D/Module_SUNXI( 255): hardware/aw/gatekeeper/teeGateKeeper/module_sunxi.cpp 34, trusty_gatekeeper_open
05-28 18:11:48.396 V/SUNXI_TrustyGateKeeper( 255): Gatekeeper_Initialize
05-28 18:11:48.396 D/tee_supplicant( 207): Spawning a new thread
05-28 18:11:48.397 D/tee_supplicant( 207): failed to open the ta /vendor/lib/optee_armtz/2233b43b-cec6-449a-9509-469f5023e425.ta TA-file
05-28 18:11:48.398 D/tee_supplicant( 207): looping
05-28 18:11:48.400 I/netd ( 242): Setting up TetherController hooks: 8986us
05-28 18:11:48.397 E/cutils-trace( 254): Error opening trace file: No such file or directory (2)
05-28 18:11:48.401 D/tee_supplicant( 207): looping
05-28 18:11:48.401 D/tee_supplicant( 207): failed to open the ta /vendor/lib/optee_armtz/2233b43b-cec6-449a-9509-469f5023e425.ta TA-file
05-28 18:11:48.404 D/tee_supplicant( 207): looping
05-28 18:11:48.406 D/tee_supplicant( 207): looping
05-28 18:11:48.410 I/netd ( 242): Setting up BandwidthController hooks: 10638us
05-28 18:11:48.410 I/netd ( 242): Setting up IdletimerController hooks: 309us
05-28 18:11:48.404 I/android.hardware.lights-service( 261): Light Hal current version V2.0.0
05-28 18:11:48.418 I/HidlServiceManagement( 254): Registered android.hardware.cas@1.2::IMediaCasService/default
05-28 18:11:48.418 I/HidlServiceManagement( 254): Removing namespace from process name android.hardware.cas@1.2-service to cas@1.2-service.
05-28 18:11:48.419 E/cutils-trace( 256): Error opening trace file: No such file or directory (2)
05-28 18:11:48.419 D/lights_device( 261): success open disp device type=0.
05-28 18:11:48.421 I/servicemanager( 179): Found android.hardware.light.ILights/default in device VINTF manifest.
05-28 18:11:48.430 I/netd ( 242): Setting up StrictController hooks: 19901us
05-28 18:11:48.431 I/netd ( 242): Initializing ClatdController: 274us
05-28 18:11:48.441 D/tee_supplicant( 207): looping
05-28 18:11:48.441 I/netd ( 242): Initializing traffic control: 10480us
05-28 18:11:48.444 E/cutils-trace( 260): Error opening trace file: No such file or directory (2)
05-28 18:11:48.444 I/AW_PowerHAL( 262): AW Power HAL AIDL Service is starting.
05-28 18:11:48.451 E/cutils-trace( 249): Error opening trace file: No such file or directory (2)
05-28 18:11:48.452 I/android.hardware.camera.provider@2.4-external-service( 251): External camera provider service is starting.
05-28 18:11:48.455 E/cutils-trace( 251): Error opening trace file: No such file or directory (2)
05-28 18:11:48.456 I/AW_PowerHAL( 262): PowerHAL initiated
05-28 18:11:48.459 I/servicemanager( 179): Found android.hardware.power.IPower/default in device VINTF manifest.
05-28 18:11:48.466 I/HidlServiceManagement( 255): Registered android.hardware.gatekeeper@1.0::IGatekeeper/default
05-28 18:11:48.466 I/HidlServiceManagement( 255): Removing namespace from process name android.hardware.gatekeeper@1.0-service-aw to gatekeeper@1.0-service-aw.
05-28 18:11:48.467 I/LegacySupport( 255): Registration complete for android.hardware.gatekeeper@1.0::IGatekeeper/default.
05-28 18:11:48.480 I/android.hardware.health@2.1-service( 260): default instance initializing with healthd_config...
05-28 18:11:48.483 W/healthd ( 260): No battery devices found
05-28 18:11:48.486 I/HidlServiceManagement( 260): Registered android.hardware.health@2.1::IHealth/default
05-28 18:11:48.487 I/HidlServiceManagement( 260): Removing namespace from process name android.hardware.health@2.1-service to health@2.1-service.
05-28 18:11:48.487 I/android.hardware.health@2.1-service( 260): default: Hal init done
05-28 18:11:48.494 W/healthd ( 260): battery none chg=
05-28 18:11:48.502 I/display.output-service( 265): DisplayOutputManagerService is started
05-28 18:11:48.502 I/display.output-service( 265): DisplayOutputManagerService current version V2.2.0
