05-28 18:11:55.003 D/SystemServerInitThreadPool( 470): Started executing PersistentDataBlockService.onStart
05-28 18:11:55.004 I/SystemServerTiming( 470): StartOemLockService
05-28 18:11:55.004 I/SystemServiceManager( 470): Starting com.android.server.oemlock.OemLockService
05-28 18:11:55.006 I/hwservicemanager( 180): getTransport: Cannot find entry android.hardware.oemlock@1.0::IOemLock/default in either framework or device VINTF manifest.
05-28 18:11:55.010 D/XiriService( 311): check file name: /data/data/com.android.tv.settings/lib
05-28 18:11:55.010 D/XiriService( 311): check file name: /data/data/com.android.tv.settings/lib
05-28 18:11:55.010 D/XiriService( 311): check file name: /data/data/com.android.tv.settings/lib
05-28 18:11:55.010 D/XiriService( 311): check file name: /data/data/com.android.tv.settings/lib
05-28 18:11:55.011 I/OemLock ( 470): OemLock HAL not present on device
05-28 18:11:55.011 I/OemLock ( 470): Using persistent data block based lock
05-28 18:11:55.012 I/SystemServerTiming( 470): StartDeviceIdleController
05-28 18:11:55.012 I/SystemServiceManager( 470): Starting com.android.server.DeviceIdleController
05-28 18:11:55.018 D/SystemServerInitThreadPool( 470): Finished executing PersistentDataBlockService.onStart
05-28 18:11:55.019 D/XiriService( 311): check file name: /data/data/com.oranth.factory/lib
05-28 18:11:55.019 D/XiriService( 311): check file name: /data/data/com.oranth.factory/lib
05-28 18:11:55.019 D/XiriService( 311): check file name: /data/data/com.oranth.factory/lib
05-28 18:11:55.019 D/XiriService( 311): check file name: /data/data/com.oranth.factory/lib
05-28 18:11:55.023 I/SystemServerTiming( 470): StartDevicePolicyManager
05-28 18:11:55.023 I/SystemServiceManager( 470): Starting com.android.server.devicepolicy.DevicePolicyManagerService$Lifecycle
05-28 18:11:55.025 D/XiriService( 311): check file name: /data/data/com.oranth.factory/lib
05-28 18:11:55.026 D/XiriService( 311): check file name: /data/data/com.oranth.factory/lib
05-28 18:11:55.026 D/XiriService( 311): check file name: /data/data/com.oranth.factory/lib
05-28 18:11:55.026 D/XiriService( 311): check file name: /data/data/com.oranth.factory/lib
05-28 18:11:55.034 I/SystemServerTiming( 470): StartStatusBarManagerService
05-28 18:11:55.035 D/XiriService( 311): check file name: /data/data/com.dangbei.zhushou.os/lib
05-28 18:11:55.037 D/XiriService( 311): check file name: /data/data/com.dangbei.zhushou.os/lib
05-28 18:11:55.038 D/XiriService( 311): check file name: /data/data/com.dangbei.zhushou.os/lib
05-28 18:11:55.038 D/SystemServer( 470): MusicRecognitionManagerService not defined by OEM or disabled by flag
05-28 18:11:55.040 D/SystemServer( 470): ContentCaptureService disabled because resource is not overlaid
05-28 18:11:55.040 D/SystemServer( 470): AttentionService is not configured on this device
05-28 18:11:55.040 D/SystemServer( 470): RotationResolverService is not configured on this device
05-28 18:11:55.040 D/SystemServer( 470): SystemCaptionsManagerService disabled because resource is not overlaid
05-28 18:11:55.040 I/SystemServerTiming( 470): StartTextToSpeechManagerService
05-28 18:11:55.040 I/SystemServiceManager( 470): Starting com.android.server.texttospeech.TextToSpeechManagerService
05-28 18:11:55.043 I/SystemServerTiming( 470): StartSpeechRecognitionManagerService
05-28 18:11:55.044 I/SystemServiceManager( 470): Starting com.android.server.speech.SpeechRecognitionManagerService
05-28 18:11:55.045 D/XiriService( 311): check file name: /data/data/com.dangbei.zhushou.os/lib
05-28 18:11:55.045 D/XiriService( 311): check file name: /data/data/com.dangbei.zhushou.os/lib
05-28 18:11:55.045 D/XiriService( 311): check file name: /data/data/com.dangbei.zhushou.os/lib
05-28 18:11:55.048 D/SystemServer( 470): AppPredictionService not defined by OEM
05-28 18:11:55.048 D/SystemServer( 470): ContentSuggestionsService not defined by OEM
05-28 18:11:55.048 I/SystemServerTiming( 470): StartSearchUiService
05-28 18:11:55.049 I/SystemServiceManager( 470): Starting com.android.server.searchui.SearchUiManagerService
05-28 18:11:55.051 I/SystemServerTiming( 470): StartSmartspaceService
05-28 18:11:55.051 I/SystemServiceManager( 470): Starting com.android.server.smartspace.SmartspaceManagerService
05-28 18:11:55.053 I/SystemServerTiming( 470): InitConnectivityModuleConnector
05-28 18:11:55.054 D/ConnectivityModuleConnector( 470): Network stack init
05-28 18:11:55.061 I/SystemServerTiming( 470): InitNetworkStackClient
05-28 18:11:55.063 I/SystemServerTiming( 470): StartNetworkManagementService
05-28 18:11:55.074 I/SystemServerTiming( 470): StartIpSecService
05-28 18:11:55.078 D/XiriService( 311): check file name: /data/data/com.sohu.inputmethod.sogou.tv/lib
05-28 18:11:55.076 I/xiriservice_All( 311): type=1400 audit(0.0:322): avc: denied { search } for name="com.sohu.inputmethod.sogou.tv" dev="mmcblk0p25" ino=1409 scontext=u:r:init:s0 tcontext=u:object_r:app_data_file:s0:c39,c256,c512,c768 tclass=dir permissive=1
05-28 18:11:55.079 I/SystemServerTiming( 470): StartTextServicesManager
05-28 18:11:55.079 I/SystemServerTimingAsync( 470): InitThreadPoolExec:START_FONT_MANAGER_SERVICE
05-28 18:11:55.079 D/SystemServerInitThreadPool( 470): Started executing START_FONT_MANAGER_SERVICE
05-28 18:11:55.079 I/SystemServerTimingAsync( 470): START_FONT_MANAGER_SERVICE
05-28 18:11:55.079 I/SystemServiceManager( 470): Starting com.android.server.textservices.TextServicesManagerService$Lifecycle
05-28 18:11:55.080 D/XiriService( 311): check file name: /data/data/com.sohu.inputmethod.sogou.tv/lib
05-28 18:11:55.076 I/xiriservice_All( 311): type=1400 audit(0.0:323): avc: denied { read } for name="lib" dev="mmcblk0p25" ino=10978 scontext=u:r:init:s0 tcontext=u:object_r:app_data_file:s0:c39,c256,c512,c768 tclass=lnk_file permissive=1
05-28 18:11:55.080 D/XiriService( 311): check file name: /data/data/com.sohu.inputmethod.sogou.tv/lib
05-28 18:11:55.086 I/SystemServerTiming( 470): StartTextClassificationManagerService
05-28 18:11:55.086 I/SystemServiceManager( 470): Starting com.android.server.textclassifier.TextClassificationManagerService$Lifecycle
05-28 18:11:55.087 D/XiriService( 311): check file name: /data/data/com.sohu.inputmethod.sogou.tv/lib
05-28 18:11:55.087 D/XiriService( 311): check file name: /data/data/com.sohu.inputmethod.sogou.tv/lib
05-28 18:11:55.087 D/XiriService( 311): check file name: /data/data/com.sohu.inputmethod.sogou.tv/lib
05-28 18:11:55.091 I/SystemServerTiming( 470): StartNetworkScoreService
05-28 18:11:55.091 I/SystemServiceManager( 470): Starting com.android.server.NetworkScoreService$Lifecycle
05-28 18:11:55.092 I/NetworkScoreService( 470): Registering network_score
05-28 18:11:55.094 I/SystemServerTiming( 470): StartNetworkStatsService
05-28 18:11:55.098 I/SystemServerTiming( 470): StartNetworkPolicyManagerService
05-28 18:11:55.110 I/SystemServerTiming( 470): StartWifi
05-28 18:11:55.139 D/XiriService( 311): check file name: /data/data/com.oranth.ledstatus/lib
05-28 18:11:55.139 D/XiriService( 311): check file name: /data/data/com.oranth.ledstatus/lib
05-28 18:11:55.140 D/XiriService( 311): check file name: /data/data/com.oranth.ledstatus/lib
05-28 18:11:55.140 D/XiriService( 311): check file name: /data/data/com.oranth.ledstatus/lib
05-28 18:11:55.136 I/xiriservice_All( 311): type=1400 audit(0.0:324): avc: denied { read } for name="lib" dev="mmcblk0p25" ino=10980 scontext=u:r:init:s0 tcontext=u:object_r:system_app_data_file:s0 tclass=lnk_file permissive=1
05-28 18:11:55.149 D/XiriService( 311): check file name: /data/data/com.oranth.ledstatus/lib
05-28 18:11:55.149 D/XiriService( 311): check file name: /data/data/com.oranth.ledstatus/lib
05-28 18:11:55.149 D/XiriService( 311): check file name: /data/data/com.oranth.ledstatus/lib
05-28 18:11:55.152 D/XiriService( 311): check file name: /data/data/com.dangbei.lerad.videoposter/lib
05-28 18:11:55.152 D/XiriService( 311): check file name: /data/data/com.dangbei.lerad.videoposter/lib
05-28 18:11:55.152 D/XiriService( 311): check file name: /data/data/com.dangbei.lerad.videoposter/lib
05-28 18:11:55.162 D/XiriService( 311): check file name: /data/data/com.dangbei.lerad.videoposter/lib
05-28 18:11:55.162 D/XiriService( 311): check file name: /data/data/com.dangbei.lerad.videoposter/lib
05-28 18:11:55.163 D/XiriService( 311): check file name: /data/data/com.dangbei.lerad.videoposter/lib
05-28 18:11:55.163 D/XiriService( 311): check file name: /data/data/com.dangbei.lerad.videoposter/lib
05-28 18:11:55.169 I/SystemServiceManager( 470): Starting com.android.server.wifi.WifiService
05-28 18:11:55.187 D/XiriService( 311): check file name: /data/data/com.android.networkstack/lib
05-28 18:11:55.187 D/XiriService( 311): check file name: /data/data/com.android.networkstack/lib
05-28 18:11:55.188 D/XiriService( 311): check file name: /data/data/com.android.networkstack/lib
05-28 18:11:55.184 I/xiriservice_All( 311): type=1400 audit(0.0:325): avc: denied { read } for name="lib" dev="mmcblk0p25" ino=10984 scontext=u:r:init:s0 tcontext=u:object_r:radio_data_file:s0 tclass=lnk_file permissive=1
05-28 18:11:55.196 D/XiriService( 311): check file name: /data/data/com.android.networkstack/lib
05-28 18:11:55.196 D/XiriService( 311): check file name: /data/data/com.android.networkstack/lib
05-28 18:11:55.196 I/WifiContext( 470): Found Wifi Resources APK at: com.android.wifi.resources
05-28 18:11:55.196 D/XiriService( 311): check file name: /data/data/com.android.networkstack/lib
05-28 18:11:55.197 D/XiriService( 311): check file name: /data/data/com.android.networkstack/lib
05-28 18:11:55.216 V/NetworkScoreManager( 470): registerNetworkScoreCallback: callback=com.android.server.wifi.WifiNetworkScoreCache@890edc3, executor=com.android.wifi.x.android.os.HandlerExecutor@5f8d640
05-28 18:11:55.244 D/ScanMetrics( 470): Settings package: com.android.tv.settings
05-28 18:11:55.244 E/ScanMetrics( 470): Can't get GMS uid
05-28 18:11:55.255 W/Zygote ( 243): Class not found for preloading: android.view.SurfaceView$2
05-28 18:11:55.267 I/WifiCoexManager( 470): Default coex algorithm is disabled.
05-28 18:11:55.290 D/XiriService( 311): check file name: /data/data/com.dangbei.screencast/lib
05-28 18:11:55.288 I/xiriservice_All( 311): type=1400 audit(0.0:326): avc: denied { read } for name="lib" dev="mmcblk0p25" ino=11106 scontext=u:r:init:s0 tcontext=u:object_r:app_data_file:s0:c512,c768 tclass=lnk_file permissive=1
05-28 18:11:55.291 D/XiriService( 311): check file name: /data/data/com.dangbei.screencast/lib
05-28 18:11:55.299 D/XiriService( 311): check file name: /data/data/com.dangbei.screencast/lib
05-28 18:11:55.300 D/XiriService( 311): check file name: /data/data/com.dangbei.screencast/lib
05-28 18:11:55.300 D/XiriService( 311): check file name: /data/data/com.dangbei.screencast/lib
05-28 18:11:55.301 D/XiriService( 311): check file name: /data/data/com.dangbei.screencast/lib
05-28 18:11:55.320 D/XiriService( 311): check file name: /data/data/com.dangbei.leard.leradlauncher/lib
05-28 18:11:55.320 D/XiriService( 311): check file name: /data/data/com.dangbei.leard.leradlauncher/lib
05-28 18:11:55.320 D/XiriService( 311): check file name: /data/data/com.dangbei.leard.leradlauncher/lib
05-28 18:11:55.320 D/XiriService( 311): check file name: /data/data/com.dangbei.leard.leradlauncher/lib
05-28 18:11:55.328 D/XiriService( 311): check file name: /data/data/com.dangbei.leard.leradlauncher/lib
05-28 18:11:55.328 D/XiriService( 311): check file name: /data/data/com.dangbei.leard.leradlauncher/lib
05-28 18:11:55.329 D/XiriService( 311): check file name: /data/data/com.dangbei.leard.leradlauncher/lib
05-28 18:11:55.329 D/XiriService( 311): check file name: /data/data/com.dangbei.leard.leradlauncher/lib
05-28 18:11:55.330 D/WifiOpenNetworkNotifier( 470): Settings toggle enabled=true
05-28 18:11:55.339 D/XiriService( 311): check file name: /data/data/com.android.printspooler/lib
05-28 18:11:55.336 I/xiriservice_All( 311): type=1400 audit(0.0:327): avc: denied { search } for name="com.android.printspooler" dev="mmcblk0p25" ino=937 scontext=u:r:init:s0 tcontext=u:object_r:app_data_file:s0:c53,c256,c512,c768 tclass=dir permissive=1
05-28 18:11:55.336 I/xiriservice_All( 311): type=1400 audit(0.0:328): avc: denied { read } for name="lib" dev="mmcblk0p25" ino=10990 scontext=u:r:init:s0 tcontext=u:object_r:app_data_file:s0:c53,c256,c512,c768 tclass=lnk_file permissive=1
05-28 18:11:55.340 I/wificond( 360): New wificond event callback registered
05-28 18:11:55.341 D/WifiNl80211Manager( 470): registerCountryCodeEventListener called
05-28 18:11:55.342 D/WifiCountryCode( 470): Default country code from system property ro.boot.wificountrycode is CN
05-28 18:11:55.349 D/XiriService( 311): check file name: /data/data/com.android.printspooler/lib
05-28 18:11:55.357 D/WakeupController( 470): WifiWake enabled
05-28 18:11:55.361 D/XiriService( 311): check file name: /data/data/com.android.webview/lib
05-28 18:11:55.360 I/xiriservice_All( 311): type=1400 audit(0.0:329): avc: denied { search } for name="com.android.webview" dev="mmcblk0p25" ino=953 scontext=u:r:init:s0 tcontext=u:object_r:app_data_file:s0:c60,c256,c512,c768 tclass=dir permissive=1
05-28 18:11:55.361 D/XiriService( 311): check file name: /data/data/com.android.webview/lib
05-28 18:11:55.360 I/xiriservice_All( 311): type=1400 audit(0.0:330): avc: denied { read } for name="lib" dev="mmcblk0p25" ino=11110 scontext=u:r:init:s0 tcontext=u:object_r:app_data_file:s0:c60,c256,c512,c768 tclass=lnk_file permissive=1
05-28 18:11:55.362 D/XiriService( 311): check file name: /data/data/com.android.webview/lib
05-28 18:11:55.362 D/XiriService( 311): check file name: /data/data/com.android.webview/lib
05-28 18:11:55.362 V/HistoricalRegistry( 470): Interaction before persistence initialized
05-28 18:11:55.370 D/XiriService( 311): check file name: /data/data/com.android.webview/lib
05-28 18:11:55.372 I/WifiService( 470): Registering wifi
05-28 18:11:55.374 I/SystemServerTiming( 470): StartWifiScanning
05-28 18:11:55.374 I/SystemServiceManager( 470): Starting com.android.server.wifi.scanner.WifiScanningService
05-28 18:11:55.374 I/WifiScanningService( 470): Creating wifiscanner
05-28 18:11:55.385 D/XiriService( 311): check file name: /data/data/com.android.bips/lib
05-28 18:11:55.385 D/XiriService( 311): check file name: /data/data/com.android.bips/lib
05-28 18:11:55.386 D/XiriService( 311): check file name: /data/data/com.android.bips/lib
05-28 18:11:55.386 D/XiriService( 311): check file name: /data/data/com.android.bips/lib
05-28 18:11:55.393 I/WifiScanningService( 470): Publishing wifiscanner
05-28 18:11:55.395 I/SystemServerTiming( 470): StartWifiP2P
05-28 18:11:55.396 D/XiriService( 311): check file name: /data/data/com.android.bips/lib
05-28 18:11:55.396 D/XiriService( 311): check file name: /data/data/com.android.bips/lib
05-28 18:11:55.396 D/XiriService( 311): check file name: /data/data/com.android.bips/lib
05-28 18:11:55.396 D/XiriService( 311): check file name: /data/data/com.android.bips/lib
05-28 18:11:55.396 I/SystemServiceManager( 470): Starting com.android.server.wifi.p2p.WifiP2pService
05-28 18:11:55.398 D/XiriService( 311): check file name: /data/data/com.oranth.inputmacsn/lib
05-28 18:11:55.405 D/XiriService( 311): check file name: /data/data/com.oranth.inputmacsn/lib
05-28 18:11:55.405 D/XiriService( 311): check file name: /data/data/com.oranth.inputmacsn/lib
05-28 18:11:55.406 I/WifiP2pService( 470): Registering wifip2p
05-28 18:11:55.406 D/XiriService( 311): check file name: /data/data/com.oranth.inputmacsn/lib
05-28 18:11:55.406 D/XiriService( 311): check file name: /data/data/com.oranth.inputmacsn/lib
05-28 18:11:55.409 I/SystemServerTiming( 470): StartEthernet
05-28 18:11:55.410 I/SystemServiceManager( 470): Starting com.android.server.ethernet.EthernetService
05-28 18:11:55.411 I/EthernetService( 470): Registering service ethernet
05-28 18:11:55.412 I/SystemServerTiming( 470): StartPacProxyService
05-28 18:11:55.416 I/xiriservice_All( 311): type=1400 audit(0.0:331): avc: denied { search } for name="com.dangbei.hqmedia" dev="mmcblk0p25" ino=5001 scontext=u:r:init:s0 tcontext=u:object_r:app_data_file:s0:c76,c256,c512,c768 tclass=dir permissive=1
05-28 18:11:55.419 D/XiriService( 311): check file name: /data/data/com.dangbei.hqmedia/lib
05-28 18:11:55.419 D/XiriService( 311): check file name: /data/data/com.dangbei.hqmedia/lib
05-28 18:11:55.420 D/XiriService( 311): check file name: /data/data/com.dangbei.hqmedia/lib
05-28 18:11:55.416 I/xiriservice_All( 311): type=1400 audit(0.0:332): avc: denied { read } for name="lib" dev="mmcblk0p25" ino=10998 scontext=u:r:init:s0 tcontext=u:object_r:app_data_file:s0:c76,c256,c512,c768 tclass=lnk_file permissive=1
05-28 18:11:55.424 I/SystemServerTiming( 470): StartPppoe
05-28 18:11:55.425 I/SystemServiceManager( 470): Starting com.android.server.pppoe.PppoeService
05-28 18:11:55.426 I/PppoeServiceImpl( 470): Creating PppoeServiceImpl
05-28 18:11:55.427 D/XiriService( 311): check file name: /data/data/com.android.keychain/lib
05-28 18:11:55.427 D/XiriService( 311): check file name: /data/data/com.android.keychain/lib
05-28 18:11:55.428 D/XiriService( 311): check file name: /data/data/com.android.keychain/lib
05-28 18:11:55.428 D/XiriService( 311): check file name: /data/data/com.android.keychain/lib
05-28 18:11:55.436 D/XiriService( 311): check file name: /data/data/com.android.keychain/lib
05-28 18:11:55.436 D/XiriService( 311): check file name: /data/data/com.android.keychain/lib
05-28 18:11:55.437 D/XiriService( 311): check file name: /data/data/com.android.keychain/lib
05-28 18:11:55.438 D/XiriService( 311): check file name: /data/data/com.android.keychain/lib
05-28 18:11:55.443 I/PppoeService( 470): Registering service pppoe
05-28 18:11:55.444 I/SystemServerTiming( 470): StartConnectivityService
05-28 18:11:55.453 D/XiriService( 311): check file name: /data/data/com.android.localtransport/lib
05-28 18:11:55.453 D/XiriService( 311): check file name: /data/data/com.android.localtransport/lib
05-28 18:11:55.454 D/XiriService( 311): check file name: /data/data/com.android.localtransport/lib
05-28 18:11:55.454 D/XiriService( 311): check file name: /data/data/com.android.localtransport/lib
05-28 18:11:55.462 D/XiriService( 311): check file name: /data/data/com.android.localtransport/lib
05-28 18:11:55.462 D/XiriService( 311): check file name: /data/data/com.android.localtransport/lib
05-28 18:11:55.462 D/XiriService( 311): check file name: /data/data/com.android.localtransport/lib
05-28 18:11:55.462 D/XiriService( 311): check file name: /data/data/com.android.localtransport/lib
05-28 18:11:55.463 D/XiriService( 311): check file name: /data/data/com.android.packageinstaller/lib
05-28 18:11:55.463 D/XiriService( 311): check file name: /data/data/com.android.packageinstaller/lib
05-28 18:11:55.463 D/XiriService( 311): check file name: /data/data/com.android.packageinstaller/lib
05-28 18:11:55.463 D/XiriService( 311): check file name: /data/data/com.android.packageinstaller/lib
05-28 18:11:55.468 D/SystemServerInitThreadPool( 470): Finished executing START_FONT_MANAGER_SERVICE
05-28 18:11:55.468 I/SystemServiceManager( 470): Starting com.android.server.ConnectivityServiceInitializer
05-28 18:11:55.476 D/XiriService( 311): check file name: /data/data/com.android.packageinstaller/lib
05-28 18:11:55.476 D/XiriService( 311): check file name: /data/data/com.android.packageinstaller/lib
05-28 18:11:55.476 D/XiriService( 311): check file name: /data/data/com.android.packageinstaller/lib
05-28 18:11:55.476 D/XiriService( 311): check file name: /data/data/com.android.packageinstaller/lib
05-28 18:11:55.489 D/XiriService( 311): check file name: /data/data/com.oranth.usbopenft/lib
05-28 18:11:55.489 D/XiriService( 311): check file name: /data/data/com.oranth.usbopenft/lib
05-28 18:11:55.489 D/XiriService( 311): check file name: /data/data/com.oranth.usbopenft/lib
05-28 18:11:55.489 D/XiriService( 311): check file name: /data/data/com.oranth.usbopenft/lib
05-28 18:11:55.495 D/ConnectivityService( 470): ConnectivityService starting up
05-28 18:11:55.495 I/Zygote ( 243): ...preloaded 7337 classes in 987ms.
05-28 18:11:55.495 D/XiriService( 311): check file name: /data/data/com.oranth.usbopenft/lib
05-28 18:11:55.495 D/XiriService( 311): check file name: /data/data/com.oranth.usbopenft/lib
05-28 18:11:55.492 I/xiriservice_All( 311): type=1400 audit(0.0:333): avc: denied { search } for name="com.oranth.usbopenft" dev="mmcblk0p25" ino=1073 scontext=u:r:init:s0 tcontext=u:object_r:system_app_data_file:s0 tclass=dir permissive=1
05-28 18:11:55.496 D/XiriService( 311): check file name: /data/data/com.oranth.usbopenft/lib
05-28 18:11:55.496 D/XiriService( 311): check file name: /data/data/com.android.networkstack.tethering/lib
05-28 18:11:55.496 D/XiriService( 311): check file name: /data/data/com.android.networkstack.tethering/lib
05-28 18:11:55.497 D/XiriService( 311): check file name: /data/data/com.android.networkstack.tethering/lib
05-28 18:11:55.497 D/XiriService( 311): check file name: /data/data/com.android.networkstack.tethering/lib
05-28 18:11:55.502 D/ApplicationLoaders( 243): Created zygote-cached class loader: /system/framework/android.hidl.base-V1.0-java.jar
05-28 18:11:55.504 D/pppoeNRI:( 470): uid/pid:1000/470 activeRequest: null callbackRequest: 5 [NetworkRequest [ REQUEST id=5, [ Transports: PPPOE Capabilities: INTERNET&NOT_RESTRICTED&TRUSTED&NOT_VPN&NOT_VCN_MANAGED RequestorUid: 1000 RequestorPkg: android] ]] callback flags: 1 priority: 2147483647
05-28 18:11:55.506 D/XiriService( 311): check file name: /data/data/com.android.networkstack.tethering/lib
05-28 18:11:55.506 D/XiriService( 311): check file name: /data/data/com.android.networkstack.tethering/lib
05-28 18:11:55.507 D/XiriService( 311): check file name: /data/data/com.android.networkstack.tethering/lib
05-28 18:11:55.507 D/XiriService( 311): check file name: /data/data/com.android.networkstack.tethering/lib
05-28 18:11:55.508 D/ApplicationLoaders( 243): Created zygote-cached class loader: /system/framework/android.hidl.manager-V1.0-java.jar
05-28 18:11:55.512 E/TAG ( 470): Exception = android.content.pm.PackageManager$NameNotFoundException: android.telephony.cts
05-28 18:11:55.513 E/TAG ( 470): Exception = android.content.pm.PackageManager$NameNotFoundException: android.net.cts
05-28 18:11:55.513 D/ApplicationLoaders( 243): Created zygote-cached class loader: /system/framework/android.test.base.jar
05-28 18:11:55.513 I/Zygote ( 243): Preloading resources...
05-28 18:11:55.514 D/XiriService( 311): check file name: /data/data/com.dangbei.lerad.etna.haqu/lib
05-28 18:11:55.514 D/XiriService( 311): check file name: /data/data/com.dangbei.lerad.etna.haqu/lib
05-28 18:11:55.514 D/XiriService( 311): check file name: /data/data/com.dangbei.lerad.etna.haqu/lib
05-28 18:11:55.515 D/XiriService( 311): check file name: /data/data/com.dangbei.lerad.etna.haqu/lib
05-28 18:11:55.521 D/XiriService( 311): check file name: /data/data/com.dangbei.lerad.etna.haqu/lib
05-28 18:11:55.521 D/XiriService( 311): check file name: /data/data/com.dangbei.lerad.etna.haqu/lib
05-28 18:11:55.522 D/XiriService( 311): check file name: /data/data/com.dangbei.lerad.etna.haqu/lib
05-28 18:11:55.522 D/XiriService( 311): check file name: /data/data/com.dangbei.lerad.etna.haqu/lib
05-28 18:11:55.530 W/Resources( 243): Preloaded drawable resource #0x1080286 (android:drawable/dialog_background_material) that varies with configuration!!
05-28 18:11:55.541 D/CompatibilityChangeReporter( 470): Compat change id reported: 182478738; UID 1000; state: ENABLED
05-28 18:11:55.549 I/ConnectivityServiceInitializer( 470): Registering connectivity
05-28 18:11:55.552 I/SystemServerTiming( 470): StartVpnManagerService
05-28 18:11:55.555 D/XiriService( 311): check file name: /data/data/com.oranth.powerwindow/lib
05-28 18:11:55.556 D/XiriService( 311): check file name: /data/data/com.oranth.powerwindow/lib
05-28 18:11:55.556 D/XiriService( 311): check file name: /data/data/com.oranth.powerwindow/lib
05-28 18:11:55.559 D/VpnManagerService( 470): VpnManagerService starting up
05-28 18:11:55.559 I/SystemServerTiming( 470): StartVcnManagementService
05-28 18:11:55.564 I/SystemServerTiming( 470): StartNsdService
05-28 18:11:55.565 D/XiriService( 311): check file name: /data/data/com.oranth.powerwindow/lib
05-28 18:11:55.565 D/XiriService( 311): check file name: /data/data/com.oranth.powerwindow/lib
05-28 18:11:55.566 D/XiriService( 311): check file name: /data/data/com.oranth.powerwindow/lib
05-28 18:11:55.566 D/XiriService( 311): check file name: /data/data/com.oranth.powerwindow/lib
05-28 18:11:55.566 D/NsdService( 470): Network service discovery is enabled
05-28 18:11:55.569 I/SystemServerTiming( 470): StartSystemUpdateManagerService
05-28 18:11:55.570 I/SystemUpdateManagerService( 470): No existing info file /data/system/system-update-info.xml
05-28 18:11:55.571 I/SystemServerTiming( 470): StartUpdateLockService
05-28 18:11:55.572 I/SystemServerTiming( 470): StartNotificationManager
05-28 18:11:55.573 I/SystemServiceManager( 470): Starting com.android.server.notification.NotificationManagerService
05-28 18:11:55.573 I/Zygote ( 243): ...preloaded 64 resources in 60ms.
05-28 18:11:55.580 D/XiriService( 311): check file name: /data/data/com.android.networkstack.permissionconfig/lib
05-28 18:11:55.580 D/XiriService( 311): check file name: /data/data/com.android.networkstack.permissionconfig/lib
05-28 18:11:55.580 D/XiriService( 311): check file name: /data/data/com.android.networkstack.permissionconfig/lib
05-28 18:11:55.580 D/XiriService( 311): check file name: /data/data/com.android.networkstack.permissionconfig/lib
05-28 18:11:55.584 I/Zygote ( 243): ...preloaded 41 resources in 10ms.
05-28 18:11:55.592 D/XiriService( 311): check file name: /data/data/com.android.networkstack.permissionconfig/lib
05-28 18:11:55.592 D/XiriService( 311): check file name: /data/data/com.android.networkstack.permissionconfig/lib
05-28 18:11:55.592 D/XiriService( 311): check file name: /data/data/com.android.networkstack.permissionconfig/lib
05-28 18:11:55.592 D/XiriService( 311): check file name: /data/data/com.android.networkstack.permissionconfig/lib
05-28 18:11:55.594 D/ConditionProviders.SCP( 470): new ScheduleConditionProvider()
05-28 18:11:55.596 I/xiriservice_All( 311): type=1400 audit(0.0:334): avc: denied { search } for name="com.dangbei.lerad.screensaver" dev="mmcblk0p25" ino=1185 scontext=u:r:init:s0 tcontext=u:object_r:app_data_file:s0:c47,c256,c512,c768 tclass=dir permissive=1
05-28 18:11:55.600 I/xiriservice_All( 311): type=1400 audit(0.0:335): avc: denied { read } for name="lib" dev="mmcblk0p25" ino=11016 scontext=u:r:init:s0 tcontext=u:object_r:app_data_file:s0:c47,c256,c512,c768 tclass=lnk_file permissive=1
05-28 18:11:55.600 D/XiriService( 311): check file name: /data/data/com.dangbei.lerad.screensaver/lib
05-28 18:11:55.600 D/XiriService( 311): check file name: /data/data/com.dangbei.lerad.screensaver/lib
05-28 18:11:55.601 D/XiriService( 311): check file name: /data/data/com.dangbei.lerad.screensaver/lib
05-28 18:11:55.608 D/XiriService( 311): check file name: /data/data/com.dangbei.lerad.screensaver/lib
05-28 18:11:55.608 D/XiriService( 311): check file name: /data/data/com.dangbei.lerad.screensaver/lib
05-28 18:11:55.609 D/XiriService( 311): check file name: /data/data/com.dangbei.lerad.screensaver/lib
05-28 18:11:55.609 D/XiriService( 311): check file name: /data/data/com.dangbei.lerad.screensaver/lib
05-28 18:11:55.613 D/libEGL ( 243): loaded /vendor/lib/egl/libGLES_mali.so
05-28 18:11:55.613 I/NotificationAssistants( 470): Read notification assistant permissions from xml
05-28 18:11:55.614 I/ConditionProviders( 470): Read condition provider permissions from xml
05-28 18:11:55.614 I/ConditionProviders( 470): Read condition provider permissions from xml
05-28 18:11:55.614 D/NotificationAssistants( 470): Approving default notification assistant for user 0
05-28 18:11:55.615 I/ConditionProviders( 470): Allowing condition provider android.ext.services/android.ext.services.notification.Assistant (userSet: true)
05-28 18:11:55.620 D/CompatibilityChangeReporter( 470): Compat change id reported: 147600208; UID 1000; state: ENABLED
05-28 18:11:55.622 D/CompatibilityChangeReporter( 470): Compat change id reported: 157233955; UID 1000; state: ENABLED
05-28 18:11:55.630 I/SystemServerTiming( 470): StartDeviceMonitor
05-28 18:11:55.630 I/SystemServiceManager( 470): Starting com.android.server.storage.DeviceStorageMonitorService
05-28 18:11:55.632 I/SystemServerTiming( 470): StartLocationManagerService
05-28 18:11:55.632 I/SystemServiceManager( 470): Starting com.android.server.location.LocationManagerService$Lifecycle
05-28 18:11:55.642 I/SystemServerTiming( 470): StartCountryDetectorService
05-28 18:11:55.643 I/SystemServerTiming( 470): StartTimeDetectorService
05-28 18:11:55.644 I/SystemServiceManager( 470): Starting com.android.server.timedetector.TimeDetectorService$Lifecycle
05-28 18:11:55.646 D/XiriService( 311): check file name: /data/data/com.android.wallpaperbackup/lib
05-28 18:11:55.646 I/SystemServerTiming( 470): StartTimeZoneDetectorService
05-28 18:11:55.646 I/SystemServiceManager( 470): Starting com.android.server.timezonedetector.TimeZoneDetectorService$Lifecycle
05-28 18:11:55.646 D/XiriService( 311): check file name: /data/data/com.android.wallpaperbackup/lib
05-28 18:11:55.647 D/XiriService( 311): check file name: /data/data/com.android.wallpaperbackup/lib
05-28 18:11:55.647 D/XiriService( 311): check file name: /data/data/com.android.wallpaperbackup/lib
05-28 18:11:55.649 I/SystemServerTiming( 470): StartLocationTimeZoneManagerService
05-28 18:11:55.650 I/SystemServiceManager( 470): Starting com.android.server.timezonedetector.location.LocationTimeZoneManagerService$Lifecycle
05-28 18:11:55.651 I/SystemServerTiming( 470): StartSearchManagerService
05-28 18:11:55.651 I/SystemServiceManager( 470): Starting com.android.server.search.SearchManagerService$Lifecycle
05-28 18:11:55.653 I/SystemServerTiming( 470): StartWallpaperManagerService
05-28 18:11:55.653 I/SystemServiceManager( 470): Starting com.android.server.wallpaper.WallpaperManagerService$Lifecycle
05-28 18:11:55.654 D/XiriService( 311): check file name: /data/data/com.android.wallpaperbackup/lib
05-28 18:11:55.654 D/XiriService( 311): check file name: /data/data/com.android.wallpaperbackup/lib
05-28 18:11:55.654 I/SystemServerTiming( 470): StartAudioService
05-28 18:11:55.654 I/SystemServiceManager( 470): Starting com.android.server.audio.AudioService$Lifecycle
05-28 18:11:55.654 D/XiriService( 311): check file name: /data/data/com.android.wallpaperbackup/lib
05-28 18:11:55.654 D/XiriService( 311): check file name: /data/data/com.android.wallpaperbackup/lib
05-28 18:11:55.672 D/XiriService( 311): check file name: /data/data/com.android.providers.media.module/lib
05-28 18:11:55.668 I/xiriservice_All( 311): type=1400 audit(0.0:336): avc: denied { search } for name="com.android.providers.media.module" dev="mmcblk0p25" ino=1259 scontext=u:r:init:s0 tcontext=u:object_r:privapp_data_file:s0:c74,c256,c512,c768 tclass=dir permissive=1
05-28 18:11:55.673 D/XiriService( 311): check file name: /data/data/com.android.providers.media.module/lib
05-28 18:11:55.673 D/XiriService( 311): check file name: /data/data/com.android.providers.media.module/lib
05-28 18:11:55.672 I/xiriservice_All( 311): type=1400 audit(0.0:337): avc: denied { read } for name="lib" dev="mmcblk0p25" ino=11020 scontext=u:r:init:s0 tcontext=u:object_r:privapp_data_file:s0:c74,c256,c512,c768 tclass=lnk_file permissive=1
05-28 18:11:55.673 D/XiriService( 311): check file name: /data/data/com.android.providers.media.module/lib
05-28 18:11:55.675 I/android_os_HwBinder( 470): HwBinder: Starting thread pool for getting: android.hidl.manager@1.0::IServiceManager/default
05-28 18:11:55.680 D/XiriService( 311): check file name: /data/data/com.android.providers.media.module/lib
05-28 18:11:55.681 D/XiriService( 311): check file name: /data/data/com.android.providers.media.module/lib
05-28 18:11:55.681 W/AudioFlinger( 269): no wake lock to update, system not ready yet
05-28 18:11:55.681 D/XiriService( 311): check file name: /data/data/com.android.providers.media.module/lib
05-28 18:11:55.681 D/XiriService( 311): check file name: /data/data/com.android.providers.media.module/lib
05-28 18:11:55.687 D/XiriService( 311): check file name: /data/data/com.oranth.storage/lib
05-28 18:11:55.687 D/XiriService( 311): check file name: /data/data/com.oranth.storage/lib
05-28 18:11:55.688 D/XiriService( 311): check file name: /data/data/com.oranth.storage/lib
05-28 18:11:55.688 D/XiriService( 311): check file name: /data/data/com.oranth.storage/lib
05-28 18:11:55.695 D/XiriService( 311): check file name: /data/data/com.oranth.storage/lib
05-28 18:11:55.696 D/XiriService( 311): check file name: /data/data/com.oranth.storage/lib
05-28 18:11:55.696 D/XiriService( 311): check file name: /data/data/com.oranth.storage/lib
05-28 18:11:55.696 D/PermissionCache( 269): checking android.permission.MODIFY_AUDIO_ROUTING for uid=1000 => granted (2283 us)
05-28 18:11:55.712 I/Zygote ( 243): Preloading shared libraries...
05-28 18:11:55.713 D/PermissionCache( 269): checking android.permission.MODIFY_AUDIO_SETTINGS for uid=1000 => granted (249 us)
05-28 18:11:55.714 D/XiriService( 311): check file name: /data/data/com.dangbei.haqusetting/lib
05-28 18:11:55.714 D/XiriService( 311): check file name: /data/data/com.dangbei.haqusetting/lib
05-28 18:11:55.715 D/XiriService( 311): check file name: /data/data/com.dangbei.haqusetting/lib
05-28 18:11:55.715 D/XiriService( 311): check file name: /data/data/com.dangbei.haqusetting/lib
05-28 18:11:55.719 D/AudioFlinger( 269): isLowRamDevice:false totalMemory:2055442432 mClientSharedHeapSize:4194304
05-28 18:11:55.720 I/Zygote ( 243): Called ZygoteHooks.endPreload()
05-28 18:11:55.721 I/SystemServerTiming( 470): StartSoundTriggerMiddlewareService
05-28 18:11:55.721 I/Zygote ( 243): Installed AndroidKeyStoreProvider in 1ms.
05-28 18:11:55.721 I/SystemServiceManager( 470): Starting com.android.server.soundtrigger_middleware.SoundTriggerMiddlewareService$Lifecycle
05-28 18:11:55.721 D/XiriService( 311): check file name: /data/data/com.dangbei.haqusetting/lib
05-28 18:11:55.721 D/XiriService( 311): check file name: /data/data/com.dangbei.haqusetting/lib
05-28 18:11:55.722 D/XiriService( 311): check file name: /data/data/com.dangbei.haqusetting/lib
05-28 18:11:55.722 D/XiriService( 311): check file name: /data/data/com.dangbei.haqusetting/lib
05-28 18:11:55.723 D/SoundTriggerMiddlewareService( 470): Connecting to default ISoundTriggerHw
05-28 18:11:55.724 I/hwservicemanager( 180): getTransport: Cannot find entry android.hardware.soundtrigger@2.0::ISoundTriggerHw/default in either framework or device VINTF manifest.
05-28 18:11:55.727 E/SoundTriggerMiddlewareImpl( 470): Failed to add a SoundTriggerModule instance
05-28 18:11:55.727 E/SoundTriggerMiddlewareImpl( 470): java.util.NoSuchElementException
05-28 18:11:55.727 E/SoundTriggerMiddlewareImpl( 470): at android.os.HwBinder.getService(Native Method)
05-28 18:11:55.727 E/SoundTriggerMiddlewareImpl( 470): at android.hardware.soundtrigger.V2_0.ISoundTriggerHw.getService(ISoundTriggerHw.java:57)
05-28 18:11:55.727 E/SoundTriggerMiddlewareImpl( 470): at android.hardware.soundtrigger.V2_0.ISoundTriggerHw.getService(ISoundTriggerHw.java:64)
05-28 18:11:55.727 E/SoundTriggerMiddlewareImpl( 470): at com.android.server.soundtrigger_middleware.SoundTriggerMiddlewareService$Lifecycle.lambda$onStart$0(SoundTriggerMiddlewareService.java:238)
05-28 18:11:55.727 E/SoundTriggerMiddlewareImpl( 470): at com.android.server.soundtrigger_middleware.SoundTriggerMiddlewareService$Lifecycle$$ExternalSyntheticLambda0.create(Unknown Source:0)
05-28 18:11:55.727 E/SoundTriggerMiddlewareImpl( 470): at com.android.server.soundtrigger_middleware.SoundTriggerModule.attachToHal(SoundTriggerModule.java:222)
05-28 18:11:55.727 E/SoundTriggerMiddlewareImpl( 470): at com.android.server.soundtrigger_middleware.SoundTriggerModule.(SoundTriggerModule.java:112)
05-28 18:11:55.727 E/SoundTriggerMiddlewareImpl( 470): at com.android.server.soundtrigger_middleware.SoundTriggerMiddlewareImpl.(SoundTriggerMiddlewareImpl.java:89)
05-28 18:11:55.727 E/SoundTriggerMiddlewareImpl( 470): at com.android.server.soundtrigger_middleware.SoundTriggerMiddlewareService$Lifecycle.onStart(SoundTriggerMiddlewareService.java:244)
05-28 18:11:55.727 E/SoundTriggerMiddlewareImpl( 470): at com.android.server.SystemServiceManager.startService(SystemServiceManager.java:205)
05-28 18:11:55.727 E/SoundTriggerMiddlewareImpl( 470): at com.android.server.SystemServiceManager.startService(SystemServiceManager.java:192)
05-28 18:11:55.727 E/SoundTriggerMiddlewareImpl( 470): at com.android.server.SystemServer.startOtherServices(SystemServer.java:2161)
05-28 18:11:55.727 E/SoundTriggerMiddlewareImpl( 470): at com.android.server.SystemServer.run(SystemServer.java:928)
05-28 18:11:55.727 E/SoundTriggerMiddlewareImpl( 470): at com.android.server.SystemServer.main(SystemServer.java:628)
05-28 18:11:55.727 E/SoundTriggerMiddlewareImpl( 470): at java.lang.reflect.Method.invoke(Native Method)
05-28 18:11:55.727 E/SoundTriggerMiddlewareImpl( 470): at com.android.internal.os.RuntimeInit$MethodAndArgsCaller.run(RuntimeInit.java:548)
05-28 18:11:55.727 E/SoundTriggerMiddlewareImpl( 470): at com.android.internal.os.ZygoteInit.main(ZygoteInit.java:1160)
05-28 18:11:55.731 I/SystemServerTiming( 470): StartDockObserver
05-28 18:11:55.731 I/SystemServiceManager( 470): Starting com.android.server.DockObserver
05-28 18:11:55.732 W/DockObserver( 470): This kernel does not have dock station support
05-28 18:11:55.733 I/SystemServerTiming( 470): StartWiredAccessoryManager
05-28 18:11:55.734 I/SystemServer( 470): Audio device manager Observer
05-28 18:11:55.735 E/Environment( 470): Path requests must specify a user by using UserEnvironment
05-28 18:11:55.735 E/Environment( 470): java.lang.Throwable
05-28 18:11:55.735 E/Environment( 470): at android.os.Environment.throwIfUserRequired(Environment.java:1449)
05-28 18:11:55.735 E/Environment( 470): at android.os.Environment.getExternalStorageDirectory(Environment.java:707)
05-28 18:11:55.735 E/Environment( 470): at com.android.server.SystemServer.startOtherServices(SystemServer.java:2192)
05-28 18:11:55.735 E/Environment( 470): at com.android.server.SystemServer.run(SystemServer.java:928)
05-28 18:11:55.735 E/Environment( 470): at com.android.server.SystemServer.main(SystemServer.java:628)
05-28 18:11:55.735 E/Environment( 470): at java.lang.reflect.Method.invoke(Native Method)
05-28 18:11:55.735 E/Environment( 470): at com.android.internal.os.RuntimeInit$MethodAndArgsCaller.run(RuntimeInit.java:548)
05-28 18:11:55.735 E/Environment( 470): at com.android.internal.os.ZygoteInit.main(ZygoteInit.java:1160)
05-28 18:11:55.736 D/XiriService( 311): check file name: /data/data/com.softwinner.miracastReceiver/lib
05-28 18:11:55.736 D/XiriService( 311): check file name: /data/data/com.softwinner.miracastReceiver/lib
05-28 18:11:55.737 D/XiriService( 311): check file name: /data/data/com.softwinner.miracastReceiver/lib
05-28 18:11:55.737 D/XiriService( 311): check file name: /data/data/com.softwinner.miracastReceiver/lib
05-28 18:11:55.739 I/CaptureStateNotifier( 269): Registering a listener
05-28 18:11:55.741 I/Zygote ( 243): Warmed up JCA providers in 20ms.
05-28 18:11:55.742 D/Zygote ( 243): end preload
05-28 18:11:55.742 D/SystemServerInitThreadPool( 470): Finished executing SecondaryZygotePreload
05-28 18:11:55.746 D/XiriService( 311): check file name: /data/data/com.softwinner.miracastReceiver/lib
05-28 18:11:55.746 D/XiriService( 311): check file name: /data/data/com.softwinner.miracastReceiver/lib
05-28 18:11:55.746 D/XiriService( 311): check file name: /data/data/com.softwinner.miracastReceiver/lib
05-28 18:11:55.746 D/XiriService( 311): check file name: /data/data/com.softwinner.miracastReceiver/lib
05-28 18:11:55.747 I/DropBoxManagerService( 470): add tag=system_server_wtf isTagEnabled=true flags=0x2
05-28 18:11:55.753 I/SoundTriggerMiddlewareLogging( 470): setCaptureState[this=com.android.server.soundtrigger_middleware.SoundTriggerMiddlewareImpl@548307b, client=null](false)
05-28 18:11:55.753 W/StorageManagerService( 470): No primary storage defined yet; hacking together a stub
05-28 18:11:55.758 D/XiriService( 311): check file name: /data/data/com.android.bluetooth/lib
05-28 18:11:55.759 D/XiriService( 311): check file name: /data/data/com.android.bluetooth/lib
05-28 18:11:55.756 I/xiriservice_All( 311): type=1400 audit(0.0:338): avc: denied { read } for name="lib" dev="mmcblk0p25" ino=11028 scontext=u:r:init:s0 tcontext=u:object_r:bluetooth_data_file:s0 tclass=lnk_file permissive=1
05-28 18:11:55.766 D/XiriService( 311): check file name: /data/data/com.android.bluetooth/lib
05-28 18:11:55.766 D/XiriService( 311): check file name: /data/data/com.android.bluetooth/lib
05-28 18:11:55.766 W/system_server( 470): ClassLoaderContext parent mismatch. (PCL[] | PCL[];PCL[/system/framework/com.android.location.provider.jar*3633238673:/system/framework/services.jar*324275400:/system/framework/services.jar!classes2.dex*606410504:/system/framework/ethernet-service.jar*655162001:/system/framework/pppoe-service.jar*2082030846:/apex/com.android.appsearch/javalib/service-appsearch.jar*4100577803:/apex/com.android.media/javalib/service-media-s.jar*3881732923:/apex/com.android.permission/javalib/service-permission.jar*62506796])
05-28 18:11:55.766 D/XiriService( 311): check file name: /data/data/com.android.bluetooth/lib
05-28 18:11:55.800 I/PackageManager( 470): Deferred reconcileAppsData finished 99 packages
05-28 18:11:55.800 D/SystemServerInitThreadPool( 470): Finished executing prepareAppData
05-28 18:11:55.802 D/DisplayOutputManager( 470): ro.build.characteristics=homlet
05-28 18:11:55.804 E/SELinux ( 179): avc: denied { find } for pid=470 uid=1000 name=vendor.display.output.IDisplayOutputManager/default scontext=u:r:system_server:s0 tcontext=u:object_r:hal_awdisplayoutput_service:s0 tclass=service_manager permissive=1
05-28 18:11:55.804 I/servicemanager( 179): Found vendor.display.output.IDisplayOutputManager/default in device VINTF manifest.
05-28 18:11:55.808 D/HomletDisplayOutputManager( 470): get IDisplayOutputManager service success
05-28 18:11:55.808 D/AudioManagerEx( 470): AudioManagerEx
05-28 18:11:55.808 D/AudioDeviceManagerObserver( 470): AudioDeviceManagerObserver construct
05-28 18:11:55.809 I/SystemServerTiming( 470): StartMidiManager
05-28 18:11:55.810 I/SystemServiceManager( 470): Starting com.android.server.midi.MidiService$Lifecycle
05-28 18:11:55.811 I/SystemServerTiming( 470): StartAdbService
05-28 18:11:55.811 I/SystemServiceManager( 470): Starting com.android.server.adb.AdbService$Lifecycle
05-28 18:11:55.813 I/SystemServerTiming( 470): StartUsbService
05-28 18:11:55.814 I/SystemServiceManager( 470): Starting com.android.server.usb.UsbService$Lifecycle
05-28 18:11:55.814 I/SystemServerTiming( 470): StartSerialService
05-28 18:11:55.814 I/SystemServerTimingAsync( 470): InitThreadPoolExec:UsbService$Lifecycle#onStart
05-28 18:11:55.814 D/SystemServerInitThreadPool( 470): Started executing UsbService$Lifecycle#onStart
05-28 18:11:55.815 I/SystemServerTiming( 470): StartHardwarePropertiesManagerService
05-28 18:11:55.816 I/hwservicemanager( 180): getTransport: Cannot find entry android.hardware.thermal@1.0::IThermal/default in either framework or device VINTF manifest.
05-28 18:11:55.816 E/HardwarePropertiesManagerService-JNI( 470): Unable to get Thermal service.
05-28 18:11:55.817 I/SystemServerTiming( 470): StartTwilightService
05-28 18:11:55.818 I/SystemServiceManager( 470): Starting com.android.server.twilight.TwilightService
05-28 18:11:55.818 E/UsbDeviceManager( 470): failed to write to /sys/class/android_usb/android0/f_rndis/ethaddr
05-28 18:11:55.819 I/SystemServerTiming( 470): StartColorDisplay
05-28 18:11:55.819 I/SystemServiceManager( 470): Starting com.android.server.display.color.ColorDisplayService
05-28 18:11:55.821 I/android_os_HwBinder( 470): HwBinder: Starting thread pool for getting: android.hardware.usb.gadget@1.0::IUsbGadget/default
05-28 18:11:55.822 I/SystemServerTiming( 470): StartJobScheduler
05-28 18:11:55.825 I/SystemServiceManager( 470): Starting com.android.server.job.JobSchedulerService
05-28 18:11:55.829 I/ ( 574): read descriptors
05-28 18:11:55.829 I/ ( 574): read strings
05-28 18:11:55.829 I/ ( 574): read descriptors
05-28 18:11:55.829 I/ ( 574): read strings
05-28 18:11:55.833 W/StorageManagerService( 470): No primary storage defined yet; hacking together a stub
05-28 18:11:55.835 D/JobStore( 470): Start tag: job-info
05-28 18:11:55.837 I/android_os_HwBinder( 470): HwBinder: Starting thread pool for getting: android.hidl.manager@1.0::IServiceManager/default
05-28 18:11:55.840 I/UsbDeviceManager( 470): Usb gadget hal service started android.hardware.usb.gadget@1.0::IUsbGadget default
05-28 18:11:55.843 I/android_os_HwBinder( 470): HwBinder: Starting thread pool for getting: android.hardware.usb.gadget@1.0::IUsbGadget/default
05-28 18:11:55.847 I/JobStore( 470): Read 5 jobs
05-28 18:11:55.847 I/android_os_HwBinder( 470): HwBinder: Starting thread pool for getting: android.hardware.usb.gadget@1.0::IUsbGadget/default
05-28 18:11:55.848 E/UsbDeviceManager( 470): prcessing MSG_GET_CURRENT_USB_FUNCTIONS
05-28 18:11:55.848 E/UsbDeviceManager( 470): updating mCurrentFunctions
05-28 18:11:55.848 E/UsbDeviceManager( 470): mCurrentFunctions:0applied:1
05-28 18:11:55.851 I/android_os_HwBinder( 470): HwBinder: Starting thread pool for getting: android.hidl.manager@1.0::IServiceManager/default
05-28 18:11:55.853 I/UsbPortManager( 470): Usb hal service started android.hardware.usb@1.0::IUsb default
05-28 18:11:55.855 I/android_os_HwBinder( 470): HwBinder: Starting thread pool for getting: android.hardware.usb@1.0::IUsb/default
05-28 18:11:55.856 I/android.hardware.usb@1.0-service( 264): registering callback
05-28 18:11:55.856 E/android.hardware.usb@1.0-service( 264): Failed to open /sys/class/typec
05-28 18:11:55.857 E/android.hardware.usb@1.0-service( 264): creating thread
05-28 18:11:55.860 I/UsbPortManager( 470): USB HAL version: 10
05-28 18:11:55.864 D/SystemServerInitThreadPool( 470): Finished executing UsbService$Lifecycle#onStart
05-28 18:11:55.870 D/ConnectivityService( 470): NetReassign [no changes]
05-28 18:11:55.876 V/HistoricalRegistry( 470): Interaction before persistence initialized
05-28 18:11:55.876 V/HistoricalRegistry( 470): Interaction before persistence initialized
05-28 18:11:55.877 I/SystemServerTiming( 470): StartSoundTrigger
05-28 18:11:55.877 I/SystemServiceManager( 470): Starting com.android.server.soundtrigger.SoundTriggerService
05-28 18:11:55.878 I/SystemServerTiming( 470): StartTrustManager
05-28 18:11:55.878 I/SystemServiceManager( 470): Starting com.android.server.trust.TrustManagerService
05-28 18:11:55.881 I/SystemServerTiming( 470): StartBackupManager
05-28 18:11:55.881 I/SystemServiceManager( 470): Starting com.android.server.backup.BackupManagerService$Lifecycle
05-28 18:11:55.882 W/IorapForwardingService( 470): No service published for: iorapd
05-28 18:11:55.885 I/SystemServerTiming( 470): StartAppWidgetService
05-28 18:11:55.885 I/SystemServiceManager( 470): Starting com.android.server.appwidget.AppWidgetService
05-28 18:11:55.888 I/SystemServerTiming( 470): StartVoiceRecognitionManager
05-28 18:11:55.888 I/SystemServiceManager( 470): Starting com.android.server.voiceinteraction.VoiceInteractionManagerService
05-28 18:11:55.898 I/SystemServerTiming( 470): StartAppHibernationService
05-28 18:11:55.898 I/SystemServiceManager( 470): Starting com.android.server.apphibernation.AppHibernationService
05-28 18:11:55.901 I/SystemServerTiming( 470): StartGestureLauncher
05-28 18:11:55.902 I/SystemServiceManager( 470): Starting com.android.server.GestureLauncherService
05-28 18:11:55.902 I/SystemServerTiming( 470): StartSensorNotification
05-28 18:11:55.902 I/SystemServiceManager( 470): Starting com.android.server.SensorNotificationService
05-28 18:11:55.902 I/SystemServerTiming( 470): StartDiskStatsService
05-28 18:11:55.905 I/SystemServerTiming( 470): RuntimeService
05-28 18:11:55.906 I/SystemServerTiming( 470): StartNetworkTimeUpdateService
05-28 18:11:55.912 I/SystemServerTiming( 470): CertBlacklister
05-28 18:11:55.914 I/SystemServerTiming( 470): StartEmergencyAffordanceService
05-28 18:11:55.915 I/SystemServiceManager( 470): Starting com.android.server.emergency.EmergencyAffordanceService
05-28 18:11:55.916 I/SystemServerTiming( 470): StartDreamManager
05-28 18:11:55.916 I/SystemServiceManager( 470): Starting com.android.server.dreams.DreamManagerService
05-28 18:11:55.916 I/SystemServerTimingAsync( 470): InitThreadPoolExec:startBlobStoreManagerService
05-28 18:11:55.916 D/SystemServerInitThreadPool( 470): Started executing startBlobStoreManagerService
05-28 18:11:55.916 I/SystemServerTimingAsync( 470): startBlobStoreManagerService
05-28 18:11:55.917 I/SystemServiceManager( 470): Starting com.android.server.blob.BlobStoreManagerService
05-28 18:11:55.918 I/SystemServerTiming( 470): AddGraphicsStatsService
05-28 18:11:55.925 D/SystemServerInitThreadPool( 470): Finished executing startBlobStoreManagerService
05-28 18:11:55.929 I/SystemServerTiming( 470): StartRestrictionManager
05-28 18:11:55.929 I/SystemServiceManager( 470): Starting com.android.server.restrictions.RestrictionsManagerService
05-28 18:11:55.930 I/SystemServerTiming( 470): StartMediaSessionService
05-28 18:11:55.931 I/SystemServiceManager( 470): Starting com.android.server.media.MediaSessionService
05-28 18:11:55.935 I/SystemServerTiming( 470): StartHdmiControlService
05-28 18:11:55.935 I/SystemServiceManager( 470): Starting com.android.server.hdmi.HdmiControlService
