05-28 18:11:56.693 W/OMXUtils( 352): do not know color format 0x7f000789 = 2130708361
05-28 18:11:56.694 W/OMXUtils( 352): do not know color format 0x7f000001 = 2130706433
05-28 18:11:56.694 E/omx_venc( 361): <__AwOmxVencGetParameter:882>: get_parameter erro: pParamData->nIndex > m_sInPortFormatType.nIndex, param index 3. impl in->index 2.
05-28 18:11:56.694 E/OMXNodeInstance( 361): getConfig(0xeb260000:allwinner.encoder.avc, ConfigAndroidIntraRefresh(0x6f60000a)) ERROR: UnsupportedIndex(0x8000101a)
05-28 18:11:56.694 E/omx_venc( 361): : get_parameter: unknown param 0xeb3f0ce0
05-28 18:11:56.694 E/omx_venc( 361): 
05-28 18:11:56.694 E/OMXNodeInstance( 361): getParameter(0xeb260000:allwinner.encoder.avc, ParamVideoIntraRefresh(0x6000006)) ERROR: UnsupportedIndex(0x8000101a)
05-28 18:11:56.694 D/MediaCodecInfo( 352): detail feature-frame-parsing wasn't present to remove
05-28 18:11:56.702 I/cedarc ( 361): : not malloc locks
05-28 18:11:56.703 I/system_server( 470): Background young concurrent copying GC freed 79594(4094KB) AllocSpace objects, 20(616KB) LOS objects, 29% free, 9496KB/13MB, paused 296us total 227.825ms
05-28 18:11:56.708 D/ ( 419): disable_cedar_hw_clk,546
05-28 18:11:56.705 W/JHwRemoteBinder( 470): BinderProxy is being destroyed but the application did not call unlinkToDeath to unlink all of its death recipients beforehand. Releasing leaked death recipient: com.android.server.usb.UsbDeviceManager$UsbHandlerHal$UsbGadgetDeathRecipient
05-28 18:11:56.708 I/Codec2Client( 352): Available Codec2 services: "software"
05-28 18:11:56.710 D/PermissionMonitor( 470): Users: 1, Apps: 9
05-28 18:11:56.711 V/C2Store ( 374): in init
05-28 18:11:56.712 V/C2Store ( 374): loading dll
05-28 18:11:56.712 I/ndroid.systemui( 674): type=1400 audit(0.0:343): avc: denied { getattr } for path="/data/user_de/0/com.android.systemui" dev="mmcblk0p25" ino=486 scontext=u:r:platform_app:s0:c512,c768 tcontext=u:object_r:app_data_file:s0:c512,c768 tclass=dir permissive=1 app=com.softwinner.screenshot
05-28 18:11:56.722 W/PackageManager( 470): Loading a package that does not exist for the calling user. package=null, user=0
05-28 18:11:56.722 D/nativeloader( 718): classloader namespace configured for unbundled product apk. library_path=/product/app/webview/lib/arm:/product/app/webview/webview.apk!/lib/armeabi-v7a:/product/lib:/system/product/lib
05-28 18:11:56.727 V/GraphicsEnvironment( 666): ANGLE Developer option for 'com.android.bluetooth' set to: 'default'
05-28 18:11:56.727 V/GraphicsEnvironment( 666): Neither updatable production driver nor prerelease driver is supported.
05-28 18:11:56.728 D/ConnectivityService( 470): NetReassign [no changes]
05-28 18:11:56.729 I/SystemServerTiming( 470): MakeVpnManagerServiceReady
05-28 18:11:56.731 V/C2Store ( 374): in ~ComponentModule
05-28 18:11:56.731 V/C2Store ( 374): unloading dll
05-28 18:11:56.731 V/C2Store ( 374): in init
05-28 18:11:56.731 V/C2Store ( 374): loading dll
05-28 18:11:56.733 D/NetworkSecurityConfig( 666): No Network Security Config specified, using platform default
05-28 18:11:56.733 D/NetworkSecurityConfig( 666): No Network Security Config specified, using platform default
05-28 18:11:56.742 I/SystemServerTiming( 470): MakeVcnManagementServiceReady
05-28 18:11:56.743 D/ConnectivityService( 470): Got NetworkProvider Messenger for VcnNetworkProvider
05-28 18:11:56.744 V/C2Store ( 374): in ~ComponentModule
05-28 18:11:56.744 V/C2Store ( 374): unloading dll
05-28 18:11:56.744 V/C2Store ( 374): in init
05-28 18:11:56.744 V/C2Store ( 374): loading dll
05-28 18:11:56.747 D/ConnectivityService( 470): NetReassign [no changes]
05-28 18:11:56.749 I/SystemServerTiming( 470): MakeNetworkPolicyServiceReady
05-28 18:11:56.752 D/ConnectivityService( 470): NetReassign [no changes]
05-28 18:11:56.753 I/SystemServerTiming( 470): PhaseThirdPartyAppsCanStart
05-28 18:11:56.753 I/SystemServiceManager( 470): Starting phase 600
05-28 18:11:56.753 I/SystemServerTiming( 470): OnBootPhase_600
05-28 18:11:56.755 I/ExplicitHealthCheckController( 470): Explicit health checks enabled.
05-28 18:11:56.756 I/PackageWatchdog( 470): Syncing state, reason: health check state enabled
05-28 18:11:56.756 I/PackageWatchdog( 470): Not pruning observers, elapsed time: 0ms
05-28 18:11:56.756 I/PackageWatchdog( 470): Cancelling state sync, nothing to sync
05-28 18:11:56.756 I/PackageWatchdog( 470): Saving observer state to file
05-28 18:11:56.763 W/LocationManagerService( 470): no network location provider found
05-28 18:11:56.766 I/ServiceWatcher( 470): [fused] chose new implementation 1000/com.android.location.fused/.FusedLocationService@0
05-28 18:11:56.769 E/servicemanager( 179): Could not find android.hardware.gnss.IGnss/default in the VINTF manifest.
05-28 18:11:56.769 D/GnssLocationProviderJni( 470): Trying IGnss_V2_1::getService()
05-28 18:11:56.770 I/hwservicemanager( 180): getTransport: Cannot find entry android.hardware.gnss@2.1::IGnss/default in either framework or device VINTF manifest.
05-28 18:11:56.770 D/CompatibilityChangeReporter( 470): Compat change id reported: 168419799; UID 1000; state: DISABLED
05-28 18:11:56.770 D/GnssLocationProviderJni( 470): gnssHal 2.1 was null, trying 2.0
05-28 18:11:56.770 I/hwservicemanager( 180): getTransport: Cannot find entry android.hardware.gnss@2.0::IGnss/default in either framework or device VINTF manifest.
05-28 18:11:56.770 D/GnssLocationProviderJni( 470): gnssHal 2.0 was null, trying 1.1
05-28 18:11:56.770 I/hwservicemanager( 180): getTransport: Cannot find entry android.hardware.gnss@1.1::IGnss/default in either framework or device VINTF manifest.
05-28 18:11:56.771 D/GnssLocationProviderJni( 470): gnssHal 1.1 was null, trying 1.0
05-28 18:11:56.771 I/hwservicemanager( 180): getTransport: Cannot find entry android.hardware.gnss@1.0::IGnss/default in either framework or device VINTF manifest.
05-28 18:11:56.773 V/C2Store ( 374): in ~ComponentModule
05-28 18:11:56.773 V/C2Store ( 374): unloading dll
05-28 18:11:56.774 V/C2Store ( 374): in init
05-28 18:11:56.774 V/C2Store ( 374): loading dll
05-28 18:11:56.779 E/LocationManagerService( 470): no geocoder provider found
05-28 18:11:56.779 E/ActivityRecognitionHardware( 470): activity_recognition HAL is deprecated. is_supported is effectively a no-op
05-28 18:11:56.779 E/LocationManagerService( 470): unable to bind ActivityRecognitionProxy
05-28 18:11:56.780 I/WallpaperManagerService( 470): switch-user-0
05-28 18:11:56.780 V/WallpaperManagerService( 470): bindWallpaperComponentLocked: componentName=ComponentInfo{com.android.systemui/com.android.systemui.ImageWallpaper}
05-28 18:11:56.784 D/SoundTriggerService( 470): onBootPhase: 600 : false
05-28 18:11:56.788 I/keystore2( 204): keystore2::authorization: on_lock_screen_event(LockScreenEvent(0), user_id=0, password.is_some()=false, unlocking_sids=Some([]))
05-28 18:11:56.792 V/C2Store ( 374): in ~ComponentModule
05-28 18:11:56.793 V/C2Store ( 374): unloading dll
05-28 18:11:56.793 V/C2Store ( 374): in init
05-28 18:11:56.793 V/C2Store ( 374): loading dll
05-28 18:11:56.801 W/AlarmManager( 470): Unrecognized alarm listener com.android.server.stats.StatsCompanionService$AnomalyAlarmListener@4bb342d
05-28 18:11:56.801 W/AlarmManager( 470): Unrecognized alarm listener com.android.server.stats.StatsCompanionService$PullingAlarmListener@5691d62
05-28 18:11:56.801 W/AlarmManager( 470): Unrecognized alarm listener com.android.server.stats.StatsCompanionService$PeriodicAlarmListener@818ef3
05-28 18:11:56.811 V/C2Store ( 374): in ~ComponentModule
05-28 18:11:56.811 V/C2Store ( 374): unloading dll
05-28 18:11:56.811 V/C2Store ( 374): in init
05-28 18:11:56.811 V/C2Store ( 374): loading dll
05-28 18:11:56.815 I/StatsCompanionService( 470): Told statsd that StatsCompanionService is alive.
05-28 18:11:56.819 I/SystemServerTiming( 470): StartNetworkStack
05-28 18:11:56.820 D/ConnectivityModuleConnector( 470): Starting networking module android.net.INetworkStackConnector
05-28 18:11:56.822 D/ConnectivityModuleConnector( 470): Starting networking module in network_stack process
05-28 18:11:56.825 D/StatsPullAtomService( 470): Registering NetworkStats pullers with statsd
05-28 18:11:56.826 V/C2Store ( 374): in ~ComponentModule
05-28 18:11:56.826 V/C2Store ( 374): unloading dll
05-28 18:11:56.826 V/C2Store ( 374): in init
05-28 18:11:56.826 V/C2Store ( 374): loading dll
05-28 18:11:56.831 D/CompatibilityChangeReporter( 470): Compat change id reported: 135634846; UID 1073; state: DISABLED
05-28 18:11:56.832 W/BestClock( 470): java.time.DateTimeException: Missing NTP fix
05-28 18:11:56.832 D/ConnectivityModuleConnector( 470): Networking module service start requested
05-28 18:11:56.833 I/SystemServerTiming( 470): StartTethering
05-28 18:11:56.833 D/ConnectivityModuleConnector( 470): Starting networking module android.net.ITetheringConnector
05-28 18:11:56.834 D/ConnectivityModuleConnector( 470): Starting networking module in network_stack process
05-28 18:11:56.836 V/C2Store ( 374): in ~ComponentModule
05-28 18:11:56.836 D/ConnectivityModuleConnector( 470): Networking module service start requested
05-28 18:11:56.836 V/C2Store ( 374): unloading dll
05-28 18:11:56.836 I/SystemServerTiming( 470): MakeCountryDetectionServiceReady
05-28 18:11:56.836 V/C2Store ( 374): in init
05-28 18:11:56.836 V/C2Store ( 374): loading dll
05-28 18:11:56.836 I/SystemServerTiming( 470): MakeNetworkTimeUpdateReady
05-28 18:11:56.841 D/ConnectivityService( 470): requestNetwork for uid/pid:1000/470 activeRequest: null callbackRequest: 16 [NetworkRequest [ REQUEST id=17, [ Capabilities: INTERNET&NOT_RESTRICTED&TRUSTED&NOT_VCN_MANAGED Uid: 1000 RequestorUid: 1000 RequestorPkg: android] ]] callback flags: 0 priority: 2147483647
05-28 18:11:56.841 D/ConnectivityService( 470): NetReassign [no changes]
05-28 18:11:56.842 D/PPPOE ( 470): got request NetworkRequest [ REQUEST id=17, [ Capabilities: INTERNET&NOT_RESTRICTED&TRUSTED&NOT_VCN_MANAGED Uid: 1000 RequestorUid: 1000 RequestorPkg: android] ]
05-28 18:11:56.843 I/SystemServerTiming( 470): MakeInputManagerServiceReady
05-28 18:11:56.848 V/C2Store ( 374): in ~ComponentModule
05-28 18:11:56.849 V/C2Store ( 374): unloading dll
05-28 18:11:56.849 V/C2Store ( 374): in init
05-28 18:11:56.849 V/C2Store ( 374): loading dll
05-28 18:11:56.850 D/Zygote ( 243): Forked child process 753
05-28 18:11:56.852 I/ActivityManager( 470): app.processName = com.android.networkstack.process
05-28 18:11:56.852 I/ActivityManager( 470): Start proc 753:com.android.networkstack.process/1073 for service {com.android.networkstack/com.android.server.NetworkStackService}
05-28 18:11:56.857 I/SystemServerTiming( 470): MakeTelephonyRegistryReady
05-28 18:11:56.858 I/SystemServerTiming( 470): MakeMediaRouterServiceReady
05-28 18:11:56.858 I/SystemServerTiming( 470): MakeMmsServiceReady
05-28 18:11:56.858 I/MmsServiceBroker( 470): Delay connecting to MmsService until an API is called
05-28 18:11:56.858 I/SystemServerTiming( 470): IncidentDaemonReady
05-28 18:11:56.861 I/InputReader( 470): Reconfiguring input devices, changes=DEVICE_ALIAS |
05-28 18:11:56.863 I/Zygote ( 753): seccomp disabled by setenforce 0
05-28 18:11:56.863 I/mediaswcodec( 374): missing struct descriptor #Param::CoreIndex(--004) for field values of struct #Param::CoreIndex(F-12004)
05-28 18:11:56.863 I/mediaswcodec( 374): missing struct descriptor #Param::CoreIndex(--1812) for field values of struct #Param::CoreIndex(F-11812)
05-28 18:11:56.865 V/C2Store ( 374): in ~ComponentModule
05-28 18:11:56.866 V/C2Store ( 374): unloading dll
05-28 18:11:56.866 V/C2Store ( 374): in init
05-28 18:11:56.866 V/C2Store ( 374): loading dll
05-28 18:11:56.873 W/BestClock( 470): java.time.DateTimeException: Missing NTP fix
05-28 18:11:56.872 I/rainbow_flow( 323): type=1400 audit(0.0:344): avc: denied { ioctl } for path="/dev/spidev1.0" dev="tmpfs" ino=5872 ioctlcmd=0x6b00 scontext=u:r:init:s0 tcontext=u:object_r:device:s0 tclass=chr_file permissive=1
05-28 18:11:56.876 I/InputReader( 470): Reconfiguring input devices, changes=KEYBOARD_LAYOUTS |
05-28 18:11:56.879 V/C2Store ( 374): in ~ComponentModule
05-28 18:11:56.879 V/C2Store ( 374): unloading dll
05-28 18:11:56.879 V/C2Store ( 374): in init
05-28 18:11:56.879 V/C2Store ( 374): loading dll
05-28 18:11:56.882 I/SystemServerTiming( 470): MakeIncrementalServiceReady
05-28 18:11:56.883 I/SystemServerTiming( 470): getCurrentUser
05-28 18:11:56.883 I/ActivityManager( 470): Current user:0
05-28 18:11:56.883 I/SystemServerTiming( 470): ActivityManagerStartApps
05-28 18:11:56.883 I/SystemServerTiming( 470): ssm.StartUser-0
05-28 18:11:56.883 I/SystemServiceManager( 470): Calling onStartUser 0
05-28 18:11:56.883 W/IorapForwardingService( 470): No service published for: iorapd
05-28 18:11:56.885 W/BestClock( 470): java.time.DateTimeException: Missing NTP fix
05-28 18:11:56.885 W/BestClock( 470): java.time.DateTimeException: Missing NTP fix
05-28 18:11:56.887 W/BestClock( 470): java.time.DateTimeException: Missing NTP fix
05-28 18:11:56.887 I/adbd ( 386): jdwp connection from 753
05-28 18:11:56.889 V/C2Store ( 374): in ~ComponentModule
05-28 18:11:56.889 V/C2Store ( 374): unloading dll
05-28 18:11:56.889 V/C2Store ( 374): in init
05-28 18:11:56.889 V/C2Store ( 374): loading dll
05-28 18:11:56.897 V/StorageManagerService( 470): Package com.dangbei.lerad.leradwatcher has legacy storage
05-28 18:11:56.898 V/StorageManagerService( 470): Package com.android.cts.priv.ctsshim does not have legacy storage
05-28 18:11:56.898 V/StorageManagerService( 470): Package com.android.dynsystem does not have legacy storage
05-28 18:11:56.898 V/StorageManagerService( 470): Package com.dangbei.lerad.rocky does not have legacy storage
05-28 18:11:56.898 V/StorageManagerService( 470): Package com.android.providers.calendar does not have legacy storage
05-28 18:11:56.898 V/StorageManagerService( 470): Package com.android.tv.settings does not have legacy storage
05-28 18:11:56.898 V/StorageManagerService( 470): Package com.android.providers.media does not have legacy storage
05-28 18:11:56.898 V/StorageManagerService( 470): Package com.oranth.factory does not have legacy storage
05-28 18:11:56.898 V/StorageManagerService( 470): Package com.android.internal.systemui.navbar.gestural_wide_back does not have legacy storage
05-28 18:11:56.898 V/StorageManagerService( 470): Package com.dangbei.zhushou.os does not have legacy storage
05-28 18:11:56.898 V/StorageManagerService( 470): Package com.android.wallpapercropper does not have legacy storage
05-28 18:11:56.898 V/StorageManagerService( 470): Package com.softwinner.provision does not have legacy storage
05-28 18:11:56.898 V/StorageManagerService( 470): Package com.softwinner.awlogsettings does not have legacy storage
05-28 18:11:56.899 V/StorageManagerService( 470): Package com.android.documentsui does not have legacy storage
05-28 18:11:56.899 V/StorageManagerService( 470): Package com.sohu.inputmethod.sogou.tv has legacy storage
05-28 18:11:56.899 V/StorageManagerService( 470): Package com.android.externalstorage does not have legacy storage
05-28 18:11:56.899 V/StorageManagerService( 470): Package com.android.htmlviewer does not have legacy storage
05-28 18:11:56.899 V/StorageManagerService( 470): Package com.android.companiondevicemanager does not have legacy storage
05-28 18:11:56.899 V/StorageManagerService( 470): Package com.android.mms.service does not have legacy storage
05-28 18:11:56.899 V/StorageManagerService( 470): Package com.android.providers.downloads does not have legacy storage
05-28 18:11:56.899 V/StorageManagerService( 470): Package com.android.providers.tv does not have legacy storage
05-28 18:11:56.899 V/StorageManagerService( 470): Package com.android.internal.systemui.onehanded.gestural does not have legacy storage
05-28 18:11:56.900 V/StorageManagerService( 470): Package com.oranth.ledstatus does not have legacy storage
05-28 18:11:56.900 V/StorageManagerService( 470): Package com.dangbei.lerad.videoposter has legacy storage
05-28 18:11:56.900 V/StorageManagerService( 470): Package com.android.providers.downloads.ui does not have legacy storage
05-28 18:11:56.900 V/StorageManagerService( 470): Package com.android.pacprocessor does not have legacy storage
05-28 18:11:56.900 V/StorageManagerService( 470): Package com.android.simappdialog does not have legacy storage
05-28 18:11:56.900 V/StorageManagerService( 470): Package com.android.networkstack does not have legacy storage
05-28 18:11:56.900 V/StorageManagerService( 470): Package com.android.connectivity.resources does not have legacy storage
05-28 18:11:56.900 V/StorageManagerService( 470): Package com.android.modulemetadata does not have legacy storage
05-28 18:11:56.900 V/C2Store ( 374): in ~ComponentModule
05-28 18:11:56.900 V/C2Store ( 374): unloading dll
05-28 18:11:56.901 V/C2Store ( 374): in init
05-28 18:11:56.901 V/C2Store ( 374): loading dll
05-28 18:11:56.901 V/StorageManagerService( 470): Package com.android.certinstaller does not have legacy storage
05-28 18:11:56.901 V/StorageManagerService( 470): Package com.android.carrierconfig does not have legacy storage
05-28 18:11:56.901 V/StorageManagerService( 470): Package com.google.android.apps.searchlite.overlay does not have legacy storage
05-28 18:11:56.901 V/StorageManagerService( 470): Package com.android.internal.systemui.navbar.threebutton does not have legacy storage
05-28 18:11:56.901 V/StorageManagerService( 470): Package android does not have legacy storage
05-28 18:11:56.901 V/StorageManagerService( 470): Package com.google.android.networkstackconfig does not have legacy storage
05-28 18:11:56.901 V/StorageManagerService( 470): Package com.softwinner.settingssetup does not have legacy storage
05-28 18:11:56.901 V/StorageManagerService( 470): Package com.android.egg does not have legacy storage
05-28 18:11:56.901 V/StorageManagerService( 470): Package com.android.mtp does not have legacy storage
05-28 18:11:56.901 V/StorageManagerService( 470): Package com.android.backupconfirm does not have legacy storage
05-28 18:11:56.901 V/StorageManagerService( 470): Package com.softwinner.timerswitch does not have legacy storage
05-28 18:11:56.902 V/StorageManagerService( 470): Package com.android.statementservice does not have legacy storage
05-28 18:11:56.902 V/StorageManagerService( 470): Package com.dangbei.screencast has legacy storage
05-28 18:11:56.902 V/StorageManagerService( 470): Package com.android.settings.intelligence does not have legacy storage
05-28 18:11:56.902 V/StorageManagerService( 470): Package com.android.internal.systemui.navbar.gestural_extra_wide_back does not have legacy storage
05-28 18:11:56.902 V/StorageManagerService( 470): Package com.dangbei.leard.leradlauncher does not have legacy storage
05-28 18:11:56.902 V/StorageManagerService( 470): Package com.android.providers.settings does not have legacy storage
05-28 18:11:56.902 V/StorageManagerService( 470): Package com.android.sharedstoragebackup does not have legacy storage
05-28 18:11:56.902 V/StorageManagerService( 470): Package com.android.printspooler does not have legacy storage
05-28 18:11:56.902 V/StorageManagerService( 470): Package com.android.dreams.basic does not have legacy storage
05-28 18:11:56.902 V/StorageManagerService( 470): Package com.android.webview does not have legacy storage
05-28 18:11:56.902 V/StorageManagerService( 470): Package com.android.se does not have legacy storage
05-28 18:11:56.902 V/StorageManagerService( 470): Package com.android.tv does not have legacy storage
05-28 18:11:56.902 V/StorageManagerService( 470): Package com.android.inputdevices does not have legacy storage
05-28 18:11:56.902 V/StorageManagerService( 470): Package com.android.bips does not have legacy storage
05-28 18:11:56.902 V/StorageManagerService( 470): Package com.oranth.inputmacsn does not have legacy storage
05-28 18:11:56.902 V/StorageManagerService( 470): Package com.android.musicfx does not have legacy storage
05-28 18:11:56.903 V/StorageManagerService( 470): Package com.dangbei.hqguide does not have legacy storage
05-28 18:11:56.903 V/StorageManagerService( 470): Package com.dangbei.hqmedia does not have legacy storage
05-28 18:11:56.903 V/StorageManagerService( 470): Package android.ext.shared does not have legacy storage
05-28 18:11:56.903 V/StorageManagerService( 470): Package com.android.onetimeinitializer does not have legacy storage
05-28 18:11:56.903 V/StorageManagerService( 470): Package com.android.keychain does not have legacy storage
05-28 18:11:56.903 V/StorageManagerService( 470): Package com.android.printservice.recommendation does not have legacy storage
05-28 18:11:56.903 V/StorageManagerService( 470): Package com.google.android.networkstack.tetheringconfig does not have legacy storage
05-28 18:11:56.903 V/StorageManagerService( 470): Package android.ext.services does not have legacy storage
05-28 18:11:56.903 V/StorageManagerService( 470): Package com.android.wifi.resources does not have legacy storage
05-28 18:11:56.903 V/StorageManagerService( 470): Package com.android.localtransport does not have legacy storage
05-28 18:11:56.903 V/StorageManagerService( 470): Package com.android.packageinstaller does not have legacy storage
05-28 18:11:56.903 V/StorageManagerService( 470): Package com.android.theme.font.notoserifsource does not have legacy storage
05-28 18:11:56.903 V/StorageManagerService( 470): Package com.android.proxyhandler does not have legacy storage
05-28 18:11:56.903 V/StorageManagerService( 470): Package com.softwinner.screenshot does not have legacy storage
05-28 18:11:56.903 V/StorageManagerService( 470): Package com.android.managedprovisioning does not have legacy storage
05-28 18:11:56.903 V/StorageManagerService( 470): Package com.oranth.usbopenft does not have legacy storage
05-28 18:11:56.904 V/StorageManagerService( 470): Package com.android.networkstack.tethering does not have legacy storage
05-28 18:11:56.904 V/StorageManagerService( 470): Package com.android.soundpicker does not have legacy storage
05-28 18:11:56.904 V/StorageManagerService( 470): Package com.dangbei.lerad.etna.haqu does not have legacy storage
05-28 18:11:56.904 V/StorageManagerService( 470): Package com.allwinnertech.packageoverride does not have legacy storage
05-28 18:11:56.904 V/StorageManagerService( 470): Package com.android.smspush does not have legacy storage
05-28 18:11:56.904 V/StorageManagerService( 470): Package com.android.wallpaper.livepicker does not have legacy storage
05-28 18:11:56.904 V/StorageManagerService( 470): Package com.tv.filemanager.os has legacy storage
05-28 18:11:56.904 V/StorageManagerService( 470): Package com.oranth.powerwindow does not have legacy storage
05-28 18:11:56.904 V/StorageManagerService( 470): Package com.android.storagemanager does not have legacy storage
05-28 18:11:56.904 V/StorageManagerService( 470): Package com.android.bookmarkprovider does not have legacy storage
05-28 18:11:56.904 V/StorageManagerService( 470): Package com.android.networkstack.permissionconfig does not have legacy storage
05-28 18:11:56.904 V/StorageManagerService( 470): Package com.android.cts.ctsshim does not have legacy storage
05-28 18:11:56.904 V/StorageManagerService( 470): Package com.dangbei.lerad.screensaver does not have legacy storage
05-28 18:11:56.904 V/StorageManagerService( 470): Package com.android.remoteprovisioner does not have legacy storage
05-28 18:11:56.905 V/StorageManagerService( 470): Package com.softwinner.theme.icon does not have legacy storage
05-28 18:11:56.905 V/StorageManagerService( 470): Package com.android.wallpaper does not have legacy storage
05-28 18:11:56.905 V/StorageManagerService( 470): Package com.android.vpndialogs does not have legacy storage
05-28 18:11:56.905 V/StorageManagerService( 470): Package com.android.music does not have legacy storage
05-28 18:11:56.905 V/StorageManagerService( 470): Package com.android.shell does not have legacy storage
05-28 18:11:56.905 V/StorageManagerService( 470): Package com.android.wallpaperbackup does not have legacy storage
05-28 18:11:56.905 V/StorageManagerService( 470): Package com.android.providers.blockednumber does not have legacy storage
05-28 18:11:56.905 V/StorageManagerService( 470): Package com.android.providers.userdictionary does not have legacy storage
05-28 18:11:56.905 V/StorageManagerService( 470): Package com.android.providers.media.module does not have legacy storage
05-28 18:11:56.905 V/StorageManagerService( 470): Package com.softwinner.theme.color does not have legacy storage
05-28 18:11:56.905 V/StorageManagerService( 470): Package com.oranth.storage does not have legacy storage
05-28 18:11:56.905 V/StorageManagerService( 470): Package com.android.hotspot2.osulogin does not have legacy storage
05-28 18:11:56.906 V/StorageManagerService( 470): Package com.android.internal.systemui.navbar.gestural does not have legacy storage
05-28 18:11:56.906 V/StorageManagerService( 470): Package com.android.location.fused does not have legacy storage
05-28 18:11:56.906 V/StorageManagerService( 470): Package com.android.systemui does not have legacy storage
05-28 18:11:56.906 V/StorageManagerService( 470): Package com.dangbei.haqusetting does not have legacy storage
05-28 18:11:56.906 V/StorageManagerService( 470): Package com.android.bluetoothmidiservice does not have legacy storage
05-28 18:11:56.906 V/StorageManagerService( 470): Package com.softwinner.awmanager does not have legacy storage
05-28 18:11:56.906 V/StorageManagerService( 470): Package com.android.permissioncontroller does not have legacy storage
05-28 18:11:56.906 V/StorageManagerService( 470): Package com.softwinner.miracastReceiver does not have legacy storage
05-28 18:11:56.906 V/StorageManagerService( 470): Package com.android.traceur does not have legacy storage
05-28 18:11:56.906 V/StorageManagerService( 470): Package com.android.bluetooth does not have legacy storage
05-28 18:11:56.906 V/StorageManagerService( 470): Package com.android.providers.contacts does not have legacy storage
05-28 18:11:56.906 V/StorageManagerService( 470): Package com.android.captiveportallogin does not have legacy storage
05-28 18:11:56.907 V/StorageManagerService( 470): Package com.android.internal.systemui.navbar.gestural_narrow_back does not have legacy storage
05-28 18:11:56.907 V/StorageManagerService( 470): Package android.auto_generated_rro_vendor__ does not have legacy storage
05-28 18:11:56.911 V/C2Store ( 374): in ~ComponentModule
05-28 18:11:56.911 V/C2Store ( 374): unloading dll
05-28 18:11:56.913 D/CompatibilityChangeReporter( 470): Compat change id reported: 168419799; UID 1073; state: DISABLED
05-28 18:11:56.913 W/VoiceInteractionManager( 470): no available voice recognition services found for user 0
05-28 18:11:56.913 W/AppBindingService( 470): [Default SMS app] u0 Target package not found
05-28 18:11:56.916 V/C2Store ( 374): in init
05-28 18:11:56.916 V/C2Store ( 374): loading dll
05-28 18:11:56.919 V/GameManagerService( 470): Settings file doesn't exists, skip reading
05-28 18:11:56.927 D/CompatibilityChangeReporter( 470): Compat change id reported: 168419799; UID 1073; state: DISABLED
05-28 18:11:56.931 V/C2Store ( 374): in ~ComponentModule
05-28 18:11:56.933 W/BestClock( 470): java.time.DateTimeException: Missing NTP fix
05-28 18:11:56.933 D/CompatibilityChangeReporter( 753): Compat change id reported: 171979766; UID 1073; state: ENABLED
05-28 18:11:56.935 V/C2Store ( 374): unloading dll
05-28 18:11:56.935 V/C2Store ( 374): in init
05-28 18:11:56.935 V/C2Store ( 374): loading dll
05-28 18:11:56.936 I/SystemServerTiming( 470): startPersistentApps
05-28 18:11:56.938 D/CompatibilityChangeReporter( 470): Compat change id reported: 135634846; UID 1068; state: DISABLED
05-28 18:11:56.939 W/BestClock( 470): java.time.DateTimeException: Missing NTP fix
05-28 18:11:56.939 V/AdapterServiceConfig( 666): Adding HeadsetService
05-28 18:11:56.939 V/AdapterServiceConfig( 666): Adding A2dpService
05-28 18:11:56.939 V/AdapterServiceConfig( 666): Adding HidHostService
05-28 18:11:56.939 V/AdapterServiceConfig( 666): Adding PanService
05-28 18:11:56.939 V/AdapterServiceConfig( 666): Adding GattService
05-28 18:11:56.939 V/AdapterServiceConfig( 666): Adding BluetoothMapService
05-28 18:11:56.939 V/AdapterServiceConfig( 666): Adding AvrcpTargetService
05-28 18:11:56.939 V/AdapterServiceConfig( 666): Adding HidDeviceService
05-28 18:11:56.940 V/AdapterServiceConfig( 666): Adding BluetoothOppService
05-28 18:11:56.940 V/AdapterServiceConfig( 666): Adding BluetoothPbapService
05-28 18:11:56.940 I/SystemServerTiming( 470): startHomeOnAllDisplays
05-28 18:11:56.943 I/ActivityStarter( 470): ---START u0 {act=android.intent.action.MAIN cat=[android.intent.category.HOME] flg=0x10000100 cmp=com.android.tv.settings/.system.FallbackHome (has extras)} from uid 0
05-28 18:11:56.950 V/C2Store ( 374): in ~ComponentModule
05-28 18:11:56.950 V/C2Store ( 374): unloading dll
05-28 18:11:56.950 V/C2Store ( 374): in init
05-28 18:11:56.950 V/C2Store ( 374): loading dll
05-28 18:11:56.958 I/WebViewLoader-( 718): System.exit called, status: 0
05-28 18:11:56.959 I/AndroidRuntime( 718): VM exiting with result code 0, cleanup skipped.
05-28 18:11:56.960 D/Zygote ( 243): Forked child process 771
05-28 18:11:56.961 W/Zygote ( 243): forkRepeatedly terminated due to non-simple command
05-28 18:11:56.962 D/Zygote ( 243): mbuffer starts with 14, nice name is webview_zygote, mEnd = 401, mNext = 159, mLinesLeft = 6, mFd = 4
05-28 18:11:56.969 I/Zygote ( 771): seccomp disabled by setenforce 0
05-28 18:11:56.969 V/C2Store ( 374): in ~ComponentModule
05-28 18:11:56.969 V/C2Store ( 374): unloading dll
05-28 18:11:56.969 V/C2Store ( 374): in init
05-28 18:11:56.969 V/C2Store ( 374): loading dll
05-28 18:11:56.977 W/BestClock( 470): java.time.DateTimeException: Missing NTP fix
05-28 18:11:56.982 W/BestClock( 470): java.time.DateTimeException: Missing NTP fix
05-28 18:11:56.987 D/Zygote ( 243): Forked child process 784
05-28 18:11:56.988 I/adbd ( 386): jdwp connection from 771
05-28 18:11:56.992 W/ZygoteProcess( 470): Got error connecting to zygote, retrying. msg= Connection refused
05-28 18:11:57.009 V/C2Store ( 374): in ~ComponentModule
05-28 18:11:57.010 I/Zygote ( 784): seccomp disabled by setenforce 0
05-28 18:11:57.011 I/Zygote ( 243): Process 718 exited cleanly (0)
05-28 18:11:57.013 V/C2Store ( 374): unloading dll
05-28 18:11:57.014 V/C2Store ( 374): in init
05-28 18:11:57.014 V/C2Store ( 374): loading dll
05-28 18:11:57.022 I/WebViewZygoteInit( 784): Starting WebViewZygoteInit
05-28 18:11:57.024 I/mediaswcodec( 374): missing struct descriptor #Param::CoreIndex(--004) for field values of struct #Param::CoreIndex(F-12004)
05-28 18:11:57.025 I/Zygote ( 784): seccomp disabled by setenforce 0
05-28 18:11:57.024 I/ndroid.systemui( 674): type=1400 audit(0.0:345): avc: denied { search } for name="com.android.systemui" dev="mmcblk0p25" ino=486 scontext=u:r:platform_app:s0:c512,c768 tcontext=u:object_r:app_data_file:s0:c512,c768 tclass=dir permissive=1 app=com.softwinner.screenshot
05-28 18:11:57.025 W/BestClock( 470): java.time.DateTimeException: Missing NTP fix
05-28 18:11:57.024 I/rainbow_flow( 323): type=1400 audit(0.0:346): avc: denied { ioctl } for path="/dev/spidev1.0" dev="tmpfs" ino=5872 ioctlcmd=0x6b00 scontext=u:r:init:s0 tcontext=u:object_r:device:s0 tclass=chr_file permissive=1
05-28 18:11:57.030 W/BestClock( 470): java.time.DateTimeException: Missing NTP fix
05-28 18:11:57.031 V/GraphicsEnvironment( 674): ANGLE Developer option for 'com.android.systemui' set to: 'default'
05-28 18:11:57.031 D/C2SoftHevcEnc( 374): Given level 6000 does not cover current configuration: adjusting to 6001
05-28 18:11:57.031 V/GraphicsEnvironment( 674): Neither updatable production driver nor prerelease driver is supported.
05-28 18:11:57.032 V/C2Store ( 374): in ~ComponentModule
05-28 18:11:57.032 V/C2Store ( 374): unloading dll
05-28 18:11:57.032 V/C2Store ( 374): in init
05-28 18:11:57.032 V/C2Store ( 374): loading dll
05-28 18:11:57.033 D/NetworkSecurityConfig( 674): No Network Security Config specified, using platform default
05-28 18:11:57.034 D/NetworkSecurityConfig( 674): No Network Security Config specified, using platform default
05-28 18:11:57.044 V/C2Store ( 374): in ~ComponentModule
05-28 18:11:57.045 V/C2Store ( 374): unloading dll
05-28 18:11:57.046 V/C2Store ( 374): in init
05-28 18:11:57.046 V/C2Store ( 374): loading dll
05-28 18:11:57.046 V/GraphicsEnvironment( 753): ANGLE Developer option for 'com.android.networkstack' set to: 'default'
05-28 18:11:57.047 V/GraphicsEnvironment( 753): Neither updatable production driver nor prerelease driver is supported.
05-28 18:11:57.052 I/WebViewZygoteInit( 784): Beginning application preload for com.android.webview
05-28 18:11:57.052 W/BestClock( 470): java.time.DateTimeException: Missing NTP fix
05-28 18:11:57.054 D/CompatibilityChangeReporter( 470): Compat change id reported: 174042980; UID 1000; state: DISABLED
05-28 18:11:57.055 D/NetworkSecurityConfig( 753): No Network Security Config specified, using platform default
05-28 18:11:57.056 D/NetworkSecurityConfig( 753): No Network Security Config specified, using platform default
05-28 18:11:57.059 W/BestClock( 470): java.time.DateTimeException: Missing NTP fix
05-28 18:11:57.063 V/C2Store ( 374): in ~ComponentModule
05-28 18:11:57.063 V/C2Store ( 374): unloading dll
05-28 18:11:57.063 V/C2Store ( 374): in init
05-28 18:11:57.063 V/C2Store ( 374): loading dll
05-28 18:11:57.064 D/libcheckfile( 470): checkfile_init
05-28 18:11:57.065 D/ActivityTaskManager( 470): isHomeLauncher info= ActivityInfo{dcb37ad com.android.tv.settings.system.FallbackHome}
05-28 18:11:57.066 V/SystemUIService( 674): SystemUIApplication constructed.
05-28 18:11:57.073 D/nativeloader( 784): classloader namespace configured for unbundled product apk. library_path=/product/app/webview/lib/arm:/product/app/webview/webview.apk!/lib/armeabi-v7a:/product/lib:/system/product/lib
05-28 18:11:57.075 V/C2Store ( 374): in ~ComponentModule
05-28 18:11:57.076 V/C2Store ( 374): unloading dll
05-28 18:11:57.076 V/C2Store ( 374): in init
05-28 18:11:57.076 V/C2Store ( 374): loading dll
05-28 18:11:57.084 V/C2Store ( 374): in ~ComponentModule
05-28 18:11:57.084 V/C2Store ( 374): unloading dll
05-28 18:11:57.085 V/C2Store ( 374): in init
05-28 18:11:57.085 V/C2Store ( 374): loading dll
05-28 18:11:57.085 W/System.err( 470): java.io.IOException: Cannot run program "su": error=2, No such file or directory
05-28 18:11:57.096 W/StorageManagerService( 470): No primary storage defined yet; hacking together a stub
05-28 18:11:57.098 W/System.err( 470): at java.lang.ProcessBuilder.start(ProcessBuilder.java:1050)
05-28 18:11:57.098 W/System.err( 470): at java.lang.Runtime.exec(Runtime.java:694)
05-28 18:11:57.098 W/System.err( 470): at java.lang.Runtime.exec(Runtime.java:524)
05-28 18:11:57.098 W/BestClock( 470): java.time.DateTimeException: Missing NTP fix
05-28 18:11:57.098 W/System.err( 470): at java.lang.Runtime.exec(Runtime.java:421)
05-28 18:11:57.098 W/System.err( 470): at com.android.server.wm.ActivityRecord.executeCMD(ActivityRecord.java:5940)
05-28 18:11:57.098 W/System.err( 470): at com.android.server.wm.ActivityRecord.isHomeLauncher(ActivityRecord.java:2431)
05-28 18:11:57.098 W/System.err( 470): at com.android.server.wm.RootWindowContainer.startPowerModeLaunchIfNeeded(RootWindowContainer.java:3653)
05-28 18:11:57.098 W/System.err( 470): at com.android.server.wm.ActivityStarter.startActivityInner(ActivityStarter.java:1786)
05-28 18:11:57.098 W/System.err( 470): at com.android.server.wm.ActivityStarter.startActivityUnchecked(ActivityStarter.java:1579)
05-28 18:11:57.098 W/System.err( 470): at com.android.server.wm.ActivityStarter.executeRequest(ActivityStarter.java:1186)
05-28 18:11:57.098 W/System.err( 470): at com.android.server.wm.ActivityStarter.execute(ActivityStarter.java:667)
05-28 18:11:57.099 W/System.err( 470): at com.android.server.wm.ActivityStartController.startHomeActivity(ActivityStartController.java:177)
05-28 18:11:57.099 W/System.err( 470): at com.android.server.wm.RootWindowContainer.startHomeOnTaskDisplayArea(RootWindowContainer.java:1565)
05-28 18:11:57.099 W/System.err( 470): at com.android.server.wm.RootWindowContainer.lambda$startHomeOnDisplay$12$RootWindowContainer(RootWindowContainer.java:1506)
05-28 18:11:57.099 W/System.err( 470): at com.android.server.wm.RootWindowContainer$$ExternalSyntheticLambda10.apply(Unknown Source:16)
05-28 18:11:57.099 W/System.err( 470): at com.android.server.wm.TaskDisplayArea.reduceOnAllTaskDisplayAreas(TaskDisplayArea.java:543)
05-28 18:11:57.099 W/System.err( 470): at com.android.server.wm.DisplayArea.reduceOnAllTaskDisplayAreas(DisplayArea.java:392)
05-28 18:11:57.099 W/System.err( 470): at com.android.server.wm.DisplayArea.reduceOnAllTaskDisplayAreas(DisplayArea.java:392)
05-28 18:11:57.099 W/System.err( 470): at com.android.server.wm.DisplayArea.reduceOnAllTaskDisplayAreas(DisplayArea.java:392)
05-28 18:11:57.099 W/System.err( 470): at com.android.server.wm.DisplayArea.reduceOnAllTaskDisplayAreas(DisplayArea.java:392)
05-28 18:11:57.099 W/System.err( 470): at com.android.server.wm.DisplayArea.reduceOnAllTaskDisplayAreas(DisplayArea.java:392)
05-28 18:11:57.099 W/System.err( 470): at com.android.server.wm.WindowContainer.reduceOnAllTaskDisplayAreas(WindowContainer.java:2018)
05-28 18:11:57.099 W/System.err( 470): at com.android.server.wm.RootWindowContainer.startHomeOnDisplay(RootWindowContainer.java:1505)
05-28 18:11:57.099 W/System.err( 470): at com.android.server.wm.RootWindowContainer.startHomeOnDisplay(RootWindowContainer.java:1492)
05-28 18:11:57.099 W/System.err( 470): at com.android.server.wm.RootWindowContainer.startHomeOnAllDisplays(RootWindowContainer.java:1477)
05-28 18:11:57.099 W/System.err( 470): at com.android.server.wm.ActivityTaskManagerService$LocalService.startHomeOnAllDisplays(ActivityTaskManagerService.java:5728)
05-28 18:11:57.099 W/System.err( 470): at com.android.server.am.ActivityManagerService.systemReady(ActivityManagerService.java:7748)
05-28 18:11:57.099 W/System.err( 470): at com.android.server.SystemServer.startOtherServices(SystemServer.java:2798)
05-28 18:11:57.099 W/System.err( 470): at com.android.server.SystemServer.run(SystemServer.java:928)
05-28 18:11:57.099 W/System.err( 470): at com.android.server.SystemServer.main(SystemServer.java:628)
05-28 18:11:57.099 W/System.err( 470): at java.lang.reflect.Method.invoke(Native Method)
05-28 18:11:57.099 W/System.err( 470): at com.android.internal.os.RuntimeInit$MethodAndArgsCaller.run(RuntimeInit.java:548)
05-28 18:11:57.099 W/System.err( 470): at com.android.internal.os.ZygoteInit.main(ZygoteInit.java:1160)
05-28 18:11:57.100 W/System.err( 470): Caused by: java.io.IOException: error=2, No such file or directory
05-28 18:11:57.100 W/System.err( 470): at java.lang.UNIXProcess.forkAndExec(Native Method)
05-28 18:11:57.100 W/System.err( 470): at java.lang.UNIXProcess.(UNIXProcess.java:133)
05-28 18:11:57.100 W/System.err( 470): at java.lang.ProcessImpl.start(ProcessImpl.java:141)
05-28 18:11:57.100 W/System.err( 470): at java.lang.ProcessBuilder.start(ProcessBuilder.java:1029)
05-28 18:11:57.100 W/System.err( 470): ... 32 more
05-28 18:11:57.101 I/AW_PowerHAL( 262): Power setMode: SUSTAINED_PERFORMANCE to: 1
05-28 18:11:57.102 W/AW_PowerHAL( 262): Could not open nsi-bw: No such file or directory
05-28 18:11:57.102 I/AW_PowerHAL( 262): cur-mode:PERFORMANCE
05-28 18:11:57.103 W/BestClock( 470): java.time.DateTimeException: Missing NTP fix
05-28 18:11:57.111 V/C2Store ( 374): in ~ComponentModule
05-28 18:11:57.112 V/C2Store ( 374): unloading dll
05-28 18:11:57.112 V/C2Store ( 374): in init
05-28 18:11:57.112 V/C2Store ( 374): loading dll
05-28 18:11:57.112 I/EventThread( 263): type=1400 audit(0.0:347): avc: denied { search } for name="extcon" dev="sysfs" ino=18109 scontext=u:r:hal_tv_cec_default:s0 tcontext=u:object_r:sysfs_extcon:s0 tclass=dir permissive=1
05-28 18:11:57.115 I/SystemServerTiming( 470): showSystemReadyErrorDialogs
05-28 18:11:57.117 I/system_server( 470): getFrameworkHalManifest: Reading VINTF information.
05-28 18:11:57.123 I/system_server( 470): getDeviceHalManifest: Reading VINTF information.
05-28 18:11:57.125 V/C2Store ( 374): in ~ComponentModule
05-28 18:11:57.125 V/C2Store ( 374): unloading dll
05-28 18:11:57.125 V/C2Store ( 374): in init
05-28 18:11:57.125 V/C2Store ( 374): loading dll
05-28 18:11:57.130 W/BestClock( 470): java.time.DateTimeException: Missing NTP fix
05-28 18:11:57.130 I/system_server( 470): getDeviceHalManifest: Successfully processed VINTF information
05-28 18:11:57.131 I/system_server( 470): getFrameworkHalManifest: Successfully processed VINTF information
05-28 18:11:57.131 I/system_server( 470): getFrameworkCompatibilityMatrix: Reading VINTF information.
05-28 18:11:57.132 V/C2Store ( 374): in ~ComponentModule
05-28 18:11:57.133 V/C2Store ( 374): unloading dll
05-28 18:11:57.133 V/C2Store ( 374): in init
05-28 18:11:57.133 V/C2Store ( 374): loading dll
05-28 18:11:57.133 W/BestClock( 470): java.time.DateTimeException: Missing NTP fix
05-28 18:11:57.142 V/C2Store ( 374): in ~ComponentModule
05-28 18:11:57.142 V/C2Store ( 374): unloading dll
05-28 18:11:57.142 V/C2Store ( 374): in init
05-28 18:11:57.142 V/C2Store ( 374): loading dll
05-28 18:11:57.152 I/xiriservice_All( 332): type=1400 audit(0.0:348): avc: denied { read } for scontext=u:r:init:s0 tcontext=u:r:init:s0 tclass=netlink_kobject_uevent_socket permissive=1
05-28 18:11:57.156 E/droid.bluetoot( 666): [0528/181157.155929:ERROR:hal_version_manager.h(125)] HalVersionManager No supported HAL version
05-28 18:11:57.162 V/C2Store ( 374): in ~ComponentModule
05-28 18:11:57.162 V/C2Store ( 374): unloading dll
05-28 18:11:57.162 V/C2Store ( 374): in init
05-28 18:11:57.162 V/C2Store ( 374): loading dll
05-28 18:11:57.162 I/droid.bluetoot( 666): [0528/181157.162002:INFO:btif_config_cache.cc(61)] BtifConfigCache, capacity: 10000
05-28 18:11:57.163 I/libphy ( 242): 5030000.eth: probed
05-28 18:11:57.164 E/ ( 242): get_key_map_info()187 - Failed to find "oe" in dts.
05-28 18:11:57.168 W/BestClock( 470): java.time.DateTimeException: Missing NTP fix
05-28 18:11:57.173 I/ ( 242): sunxi-gmac 5030000.eth eth0: eth0: Type(7) PHY ID 00441400 at 0 IRQ poll (5030000.eth-0:00)
05-28 18:11:57.169 I/C2SoftVp8Enc( 374): setting temporal layering 0 + 0
05-28 18:11:57.171 W/BestClock( 470): java.time.DateTimeException: Missing NTP fix
05-28 18:11:57.172 V/C2Store ( 374): in ~ComponentModule
05-28 18:11:57.172 V/C2Store ( 374): unloading dll
05-28 18:11:57.173 V/C2Store ( 374): in init
05-28 18:11:57.173 V/C2Store ( 374): loading dll
05-28 18:11:57.182 W/PppoeNetworkFactory( 470): interfaceLinkStateChanged
05-28 18:11:57.182 D/PppoeNetworkFactory( 470): updateInterface: mIface: mPhyIface:eth0 iface:eth0 link:down
05-28 18:11:57.182 I/EthernetTracker( 470): interfaceLinkStateChanged, iface: eth0, up: false
05-28 18:11:57.183 W/PppoeNetworkFactory( 470): interfaceLinkStateChanged
05-28 18:11:57.183 D/PppoeNetworkFactory( 470): updateInterface: mIface: mPhyIface:eth0 iface:eth0 link:down
05-28 18:11:57.183 I/EthernetTracker( 470): interfaceLinkStateChanged, iface: eth0, up: false
05-28 18:11:57.185 V/C2Store ( 374): in ~ComponentModule
05-28 18:11:57.185 V/C2Store ( 374): unloading dll
05-28 18:11:57.185 D/EthernetTracker( 470): Tracking interface in client mode: eth0
05-28 18:11:57.185 V/C2Store ( 374): in init
05-28 18:11:57.185 V/C2Store ( 374): loading dll
05-28 18:11:57.185 D/EthernetNetworkFactory( 470): addInterface, iface: eth0, capabilities: [ Transports: ETHERNET Capabilities: NOT_METERED&INTERNET&NOT_RESTRICTED&TRUSTED&NOT_VPN&NOT_ROAMING&NOT_CONGESTED&NOT_SUSPENDED&NOT_VCN_MANAGED LinkUpBandwidth>=100000Kbps LinkDnBandwidth>=100000Kbps]
05-28 18:11:57.186 D/EthernetNetworkFactory( 470): updateCapabilityFilter: [ Transports: ETHERNET Capabilities: NOT_METERED&INTERNET&NOT_RESTRICTED&TRUSTED&NOT_VPN&NOT_ROAMING&NOT_CONGESTED&NOT_SUSPENDED&NOT_VCN_MANAGED]
05-28 18:11:57.188 D/EthernetNetworkFactory( 470): updateInterfaceLinkState, iface: eth0, up: false
05-28 18:11:57.188 D/EthernetNetworkFactory( 470): updateInterfaceLinkState, iface: eth0, up: false
05-28 18:11:57.189 D/Ethernet( 470): got request NetworkRequest [ REQUEST id=10, [ Capabilities: INTERNET&NOT_RESTRICTED&TRUSTED&NOT_VCN_MANAGED Uid: 1000 RequestorUid: 1000 RequestorPkg: android] ]
05-28 18:11:57.189 D/EthernetNetworkFactory( 470): acceptRequest, request: NetworkRequest [ REQUEST id=10, [ Capabilities: INTERNET&NOT_RESTRICTED&TRUSTED&NOT_VCN_MANAGED Uid: 1000 RequestorUid: 1000 RequestorPkg: android] ]
05-28 18:11:57.190 I/EthernetNetworkFactory( 470): networkForRequest, request: NetworkRequest [ REQUEST id=10, [ Capabilities: INTERNET&NOT_RESTRICTED&TRUSTED&NOT_VCN_MANAGED Uid: 1000 RequestorUid: 1000 RequestorPkg: android] ], network: null
05-28 18:11:57.190 D/Ethernet( 470): got request NetworkRequest [ REQUEST id=1, [ Capabilities: INTERNET&NOT_RESTRICTED&TRUSTED&NOT_VPN&NOT_VCN_MANAGED RequestorUid: 1000 RequestorPkg: android] ]
05-28 18:11:57.190 D/EthernetNetworkFactory( 470): acceptRequest, request: NetworkRequest [ REQUEST id=1, [ Capabilities: INTERNET&NOT_RESTRICTED&TRUSTED&NOT_VPN&NOT_VCN_MANAGED RequestorUid: 1000 RequestorPkg: android] ]
05-28 18:11:57.190 I/EthernetNetworkFactory( 470): networkForRequest, request: NetworkRequest [ REQUEST id=1, [ Capabilities: INTERNET&NOT_RESTRICTED&TRUSTED&NOT_VPN&NOT_VCN_MANAGED RequestorUid: 1000 RequestorPkg: android] ], network: null
05-28 18:11:57.190 D/Ethernet( 470): got request NetworkRequest [ REQUEST id=17, [ Capabilities: INTERNET&NOT_RESTRICTED&TRUSTED&NOT_VCN_MANAGED Uid: 1000 RequestorUid: 1000 RequestorPkg: android] ]
05-28 18:11:57.190 D/EthernetNetworkFactory( 470): acceptRequest, request: NetworkRequest [ REQUEST id=17, [ Capabilities: INTERNET&NOT_RESTRICTED&TRUSTED&NOT_VCN_MANAGED Uid: 1000 RequestorUid: 1000 RequestorPkg: android] ]
05-28 18:11:57.190 I/EthernetNetworkFactory( 470): networkForRequest, request: NetworkRequest [ REQUEST id=17, [ Capabilities: INTERNET&NOT_RESTRICTED&TRUSTED&NOT_VCN_MANAGED Uid: 1000 RequestorUid: 1000 RequestorPkg: android] ], network: null
05-28 18:11:57.190 D/Ethernet( 470): got request NetworkRequest [ REQUEST id=4, [ Transports: ETHERNET Capabilities: INTERNET&NOT_RESTRICTED&TRUSTED&NOT_VPN&NOT_VCN_MANAGED RequestorUid: 1000 RequestorPkg: android] ]
05-28 18:11:57.190 D/EthernetNetworkFactory( 470): acceptRequest, request: NetworkRequest [ REQUEST id=4, [ Transports: ETHERNET Capabilities: INTERNET&NOT_RESTRICTED&TRUSTED&NOT_VPN&NOT_VCN_MANAGED RequestorUid: 1000 RequestorPkg: android] ]
05-28 18:11:57.191 I/EthernetNetworkFactory( 470): networkForRequest, request: NetworkRequest [ REQUEST id=4, [ Transports: ETHERNET Capabilities: INTERNET&NOT_RESTRICTED&TRUSTED&NOT_VPN&NOT_VCN_MANAGED RequestorUid: 1000 RequestorPkg: android] ], network: null
05-28 18:11:57.193 I/C2SoftVp9Enc( 374): setting temporal layering 0 + 0
05-28 18:11:57.195 V/C2Store ( 374): in ~ComponentModule
05-28 18:11:57.195 V/C2Store ( 374): unloading dll
05-28 18:11:57.196 D/MediaCodecsXmlParser( 352): parsing /apex/com.android.media.swcodec/etc/media_codecs.xml...
05-28 18:11:57.198 I/WebViewZygoteInit( 784): Application preload done
05-28 18:11:57.198 D/MediaCodecsXmlParser( 352): disabling c2.android.gsm.decoder
05-28 18:11:57.199 D/MediaCodecsXmlParser( 352): disabling c2.android.mpeg2.decoder
05-28 18:11:57.206 I/BluetoothServiceJni( 666): hal_util_load_bt_library: loaded Bluetooth library successfully
05-28 18:11:57.206 I/MediaCodecsXmlParser( 352): Did not find media_codecs_performance.xml in search path
05-28 18:11:57.207 I/MediaCodecsXmlParser( 352): Did not find media_codecs_c2.xml in search path
05-28 18:11:57.207 I/MediaCodecsXmlParser( 352): Did not find media_codecs_performance_c2.xml in search path
05-28 18:11:57.207 D/MediaCodecsXmlParser( 352): parsing /vendor/etc/media_codecs.xml...
05-28 18:11:57.208 D/MediaCodecsXmlParser( 352): parsing /vendor/etc/media_codecs_google_audio.xml...
05-28 18:11:57.208 D/MediaCodecsXmlParser( 352): unable to open media codecs configuration xml file: /vendor/etc/media_codecs_google_audio.xml
05-28 18:11:57.208 D/MediaCodecsXmlParser( 352): Setting: updating existing setting at line 97 of /vendor/etc/media_codecs.xml
05-28 18:11:57.210 D/BluetoothAdapterService( 666): onCreate()
05-28 18:11:57.210 W/BestClock( 470): java.time.DateTimeException: Missing NTP fix
05-28 18:11:57.211 D/MediaCodecsXmlParser( 352): parsing /vendor/etc/media_codecs_google_video.xml...
05-28 18:11:57.211 D/MediaCodecsXmlParser( 352): unable to open media codecs configuration xml file: /vendor/etc/media_codecs_google_video.xml
05-28 18:11:57.211 D/MediaCodecsXmlParser( 352): parsing /vendor/etc/media_codecs_performance.xml...
05-28 18:11:57.212 D/MediaCodecsXmlParser( 352): MediaCodec: cannot update non-existing codec: OMX.google.h264.encoder at line 25 of /vendor/etc/media_codecs_performance.xml
05-28 18:11:57.212 D/MediaCodecsXmlParser( 352): MediaCodec: cannot update non-existing codec: OMX.google.h263.encoder at line 31 of /vendor/etc/media_codecs_performance.xml
05-28 18:11:57.212 D/MediaCodecsXmlParser( 352): MediaCodec: cannot update non-existing codec: OMX.google.mpeg4.encoder at line 34 of /vendor/etc/media_codecs_performance.xml
05-28 18:11:57.212 D/MediaCodecsXmlParser( 352): MediaCodec: cannot update non-existing codec: OMX.google.vp8.encoder at line 37 of /vendor/etc/media_codecs_performance.xml
05-28 18:11:57.212 W/BestClock( 470): java.time.DateTimeException: Missing NTP fix
05-28 18:11:57.212 D/MediaCodecsXmlParser( 352): MediaCodec: cannot update non-existing codec: OMX.allwinner.video.decoder.h263 at line 59 of /vendor/etc/media_codecs_performance.xml
