05-28 18:11:52.173 I/Binder ( 470): Setting heavy hitter watcher config: false, 0, 0.0
05-28 18:11:52.177 I/SystemConfig( 470): Reading permissions from /system_ext/etc/permissions/com.android.storagemanager.xml
05-28 18:11:52.182 I/SystemConfig( 470): Reading permissions from /system_ext/etc/permissions/com.android.systemui.xml
05-28 18:11:52.188 I/SystemConfig( 470): Reading permissions from /system_ext/etc/permissions/com.android.carrierconfig.xml
05-28 18:11:52.190 I/SystemConfig( 470): Reading permissions from /system_ext/etc/permissions/privapp-settingssetup.xml
05-28 18:11:52.194 I/SystemConfig( 470): Reading permissions from /system_ext/etc/permissions/com.android.tv.settings.xml
05-28 18:11:52.196 I/SystemConfig( 470): Reading permissions from /system_ext/etc/permissions/com.android.provision.xml
05-28 18:11:52.199 I/SystemConfig( 470): Reading permissions from /system_ext/etc/permissions/com.softwinner.screenshot.xml
05-28 18:11:52.204 I/SystemConfig( 470): Reading permissions from /apex/com.android.ipsec/etc/permissions/android.net.ipsec.ike.xml
05-28 18:11:52.212 W/SystemConfig( 470): Failed to read public libraries file /vendor/etc/public.libraries.txt
05-28 18:11:52.212 W/SystemConfig( 470): java.io.FileNotFoundException: /vendor/etc/public.libraries.txt: open failed: ENOENT (No such file or directory)
05-28 18:11:52.212 W/SystemConfig( 470): at libcore.io.IoBridge.open(IoBridge.java:575)
05-28 18:11:52.212 W/SystemConfig( 470): at java.io.FileInputStream.(FileInputStream.java:160)
05-28 18:11:52.212 W/SystemConfig( 470): at java.io.FileReader.(FileReader.java:72)
05-28 18:11:52.212 W/SystemConfig( 470): at com.android.server.SystemConfig.readPublicLibrariesListFile(SystemConfig.java:1601)
05-28 18:11:52.212 W/SystemConfig( 470): at com.android.server.SystemConfig.readPublicNativeLibrariesList(SystemConfig.java:1583)
05-28 18:11:52.212 W/SystemConfig( 470): at com.android.server.SystemConfig.(SystemConfig.java:484)
05-28 18:11:52.212 W/SystemConfig( 470): at com.android.server.SystemConfig.getInstance(SystemConfig.java:272)
05-28 18:11:52.212 W/SystemConfig( 470): at com.android.server.SystemServer$$ExternalSyntheticLambda7.run(Unknown Source:0)
05-28 18:11:52.212 W/SystemConfig( 470): at com.android.server.SystemServerInitThreadPool.lambda$submitTask$0$SystemServerInitThreadPool(SystemServerInitThreadPool.java:105)
05-28 18:11:52.212 W/SystemConfig( 470): at com.android.server.SystemServerInitThreadPool$$ExternalSyntheticLambda0.run(Unknown Source:6)
05-28 18:11:52.212 W/SystemConfig( 470): at java.util.concurrent.Executors$RunnableAdapter.call(Executors.java:462)
05-28 18:11:52.212 W/SystemConfig( 470): at java.util.concurrent.FutureTask.run(FutureTask.java:266)
05-28 18:11:52.212 W/SystemConfig( 470): at java.util.concurrent.ThreadPoolExecutor.runWorker(ThreadPoolExecutor.java:1167)
05-28 18:11:52.212 W/SystemConfig( 470): at java.util.concurrent.ThreadPoolExecutor$Worker.run(ThreadPoolExecutor.java:641)
05-28 18:11:52.212 W/SystemConfig( 470): at com.android.internal.util.ConcurrentUtils$1$1.run(ConcurrentUtils.java:65)
05-28 18:11:52.212 W/SystemConfig( 470): Caused by: android.system.ErrnoException: open failed: ENOENT (No such file or directory)
05-28 18:11:52.212 W/SystemConfig( 470): at libcore.io.Linux.open(Native Method)
05-28 18:11:52.212 W/SystemConfig( 470): at libcore.io.ForwardingOs.open(ForwardingOs.java:567)
05-28 18:11:52.212 W/SystemConfig( 470): at libcore.io.BlockGuardOs.open(BlockGuardOs.java:273)
05-28 18:11:52.212 W/SystemConfig( 470): at libcore.io.IoBridge.open(IoBridge.java:561)
05-28 18:11:52.212 W/SystemConfig( 470): ... 14 more
05-28 18:11:52.214 D/SystemServerInitThreadPool( 470): Finished executing ReadingSystemConfig
05-28 18:11:52.216 I/BootAnimation( 512): type=1400 audit(0.0:309): avc: denied { search } for name="data" dev="mmcblk0p25" ino=87 scontext=u:r:bootanim:s0 tcontext=u:object_r:system_data_file:s0:c512,c768 tclass=dir permissive=1
05-28 18:11:52.222 I/hwservicemanager( 180): getTransport: Cannot find entry android.hardware.configstore@1.0::ISurfaceFlingerConfigs/default in either framework or device VINTF manifest.
05-28 18:11:52.249 W/Zygote ( 470): Class not found for preloading: android.view.SurfaceView$2
05-28 18:11:52.261 D/BootAnimation( 512): BootAnimationShownTiming start time: 12196ms
05-28 18:11:52.264 D/BatteryStatsImpl( 470): Reading daily items from /data/system/batterystats-daily.xml
05-28 18:11:52.291 I/hwservicemanager( 180): getTransport: Cannot find entry android.hardware.power.stats@1.0::IPowerStats/default in either framework or device VINTF manifest.
05-28 18:11:52.293 E/BatteryStatsService( 470): Unable to load Power.Stats.HAL. Setting rail availability to false
05-28 18:11:52.301 E/BluetoothAdapter( 470): Bluetooth binder is null
05-28 18:11:52.302 I/KernelCpuUidFreqTimeReader( 470): mPerClusterTimesAvailable=false
05-28 18:11:52.306 W/KernelCpuUidFreqTimeBpfMapReader( 470): Failed to start tracking
05-28 18:11:52.308 W/KernelCpuProcStringReader( 470): File not found. It's normal if not implemented: /proc/uid_time_in_state
05-28 18:11:52.318 W/KernelCpuUidActiveTimeBpfMapReader( 470): Failed to start tracking
05-28 18:11:52.319 W/KernelCpuProcStringReader( 470): File not found. It's normal if not implemented: /proc/uid_concurrent_active_time
05-28 18:11:52.320 W/KernelCpuUidClusterTimeBpfMapReader( 470): Failed to start tracking
05-28 18:11:52.321 W/KernelCpuProcStringReader( 470): File not found. It's normal if not implemented: /proc/uid_concurrent_policy_time
05-28 18:11:52.322 E/KernelCpuSpeedReader( 470): Failed to read cpu-freq: /sys/devices/system/cpu/cpu0/cpufreq/stats/time_in_state: open failed: ENOENT (No such file or directory)
05-28 18:11:52.323 E/system_server( 470): Cannot read thread CPU times for PID 470
05-28 18:11:52.325 I/hwservicemanager( 180): getTransport: Cannot find entry android.hardware.graphics.mapper@4.0::IMapper/default in either framework or device VINTF manifest.
05-28 18:11:52.325 I/Gralloc4( 512): mapper 4.x is not supported
05-28 18:11:52.326 I/hwservicemanager( 180): getTransport: Cannot find entry android.hardware.graphics.mapper@3.0::IMapper/default in either framework or device VINTF manifest.
05-28 18:11:52.326 W/Gralloc3( 512): mapper 3.x is not supported
05-28 18:11:52.324 I/Binder:203_2( 203): type=1400 audit(0.0:310): avc: denied { read } for name="event_count" dev="sysfs" ino=22115 scontext=u:r:system_suspend:s0 tcontext=u:object_r:sysfs:s0 tclass=file permissive=1
05-28 18:11:52.334 E/gralloc ( 512): Arm Module v1.0
05-28 18:11:52.324 I/Binder:203_2( 203): type=1400 audit(0.0:311): avc: denied { open } for path="/sys/devices/platform/soc@3000000/7040000.s_cir/wakeup/wakeup4/event_count" dev="sysfs" ino=22115 scontext=u:r:system_suspend:s0 tcontext=u:object_r:sysfs:s0 tclass=file permissive=1
05-28 18:11:52.324 I/Binder:203_2( 203): type=1400 audit(0.0:312): avc: denied { getattr } for path="/sys/devices/platform/soc@3000000/7040000.s_cir/wakeup/wakeup4/event_count" dev="sysfs" ino=22115 scontext=u:r:system_suspend:s0 tcontext=u:object_r:sysfs:s0 tclass=file permissive=1
05-28 18:11:52.335 I/hwservicemanager( 180): getTransport: Cannot find entry android.hardware.graphics.allocator@4.0::IAllocator/default in either framework or device VINTF manifest.
05-28 18:11:52.335 W/Gralloc4( 512): allocator 4.x is not supported
05-28 18:11:52.336 I/hwservicemanager( 180): getTransport: Cannot find entry android.hardware.graphics.allocator@3.0::IAllocator/default in either framework or device VINTF manifest.
05-28 18:11:52.336 W/Gralloc3( 512): allocator 3.x is not supported
05-28 18:11:52.341 I/gralloc ( 256): alloc buffer:W:1920 H:1080 S:1920 PL[1920 1080] SZ:8294400 fmt:43 if:0 af:43 usg:20000b00 fg:00000004
05-28 18:11:52.342 W/KernelMemoryBandwidthStats( 470): No kernel memory bandwidth stats available
05-28 18:11:52.342 E/ion ( 512): ioctl c0044901 failed with code -1: Inappropriate ioctl for device
05-28 18:11:52.385 I/SurfaceFlinger( 273): Enter boot animation
05-28 18:11:52.387 E/ion ( 257): ioctl c0044901 failed with code -1: Inappropriate ioctl for device
05-28 18:11:52.387 W/sunxihwc( 257): computeLayerMemoryFootprint: Unknown pixelformat(-1)
05-28 18:11:52.405 I/ ( 408): DVI mode selected: packets not configured
05-28 18:11:52.405 I/ ( 408): Error: set vsif failed
05-28 18:11:52.442 I/gralloc ( 256): alloc buffer:W:1920 H:1080 S:1920 PL[1920 1080] SZ:8294400 fmt:43 if:0 af:43 usg:20000b00 fg:00000004
05-28 18:11:52.468 I/ ( 408): DVI mode selected: packets not configured
05-28 18:11:52.468 I/ ( 408): Error: set vsif failed
05-28 18:11:52.518 I/Zygote ( 470): ...preloaded 7337 classes in 1048ms.
05-28 18:11:52.520 I/Zygote ( 470): Called ZygoteHooks.endPreload()
05-28 18:11:52.523 I/Zygote ( 470): Installed AndroidKeyStoreProvider in 2ms.
05-28 18:11:52.531 I/ ( 408): DVI mode selected: packets not configured
05-28 18:11:52.531 I/ ( 408): Error: set vsif failed
05-28 18:11:52.531 I/IntentFirewall( 470): Read new rules (A:0 B:0 S:0)
05-28 18:11:52.550 E/libprocessgroup( 470): Failed to open /dev/memcg/apps: Permission denied
05-28 18:11:52.552 I/Zygote ( 470): Warmed up JCA providers in 29ms.
05-28 18:11:52.553 D/Zygote ( 470): Zygote:ThreadPreadloadClass took 1084ms.
05-28 18:11:52.554 D/AppOps ( 470): AppOpsService published
05-28 18:11:52.556 I/SystemServerTiming( 470): StartDataLoaderManagerService
05-28 18:11:52.556 I/SystemServiceManager( 470): Starting com.android.server.pm.DataLoaderManagerService
05-28 18:11:52.559 I/SystemServerTiming( 470): StartIncrementalService
05-28 18:11:52.568 I/incfs-mounts( 470): [incfs] Loaded incremental-fs mount info: 0 instances, 0 mount points
05-28 18:11:52.570 I/SystemServerTiming( 470): StartPowerManager
05-28 18:11:52.570 I/SystemServiceManager( 470): Starting com.android.server.power.PowerManagerService
05-28 18:11:52.582 I/ ( 408): DVI mode selected: packets not configured
05-28 18:11:52.582 I/ ( 408): Error: set vsif failed
05-28 18:11:52.586 I/servicemanager( 179): Found android.hardware.power.IPower/default in device VINTF manifest.
05-28 18:11:52.589 I/hw-BpHwBinder( 180): onLastStrongRef automatically unlinking death recipients
05-28 18:11:52.591 I/AW_PowerHAL( 262): Power setMode: INTERACTIVE to: 1
05-28 18:11:52.591 I/AW_PowerHAL( 262): not completed yet, ignore mode request other
05-28 18:11:52.591 I/AW_PowerHAL( 262): check: Mode 0 not Supported ,do nothing
05-28 18:11:52.594 I/SystemServerTiming( 470): StartThermalManager
05-28 18:11:52.594 I/SystemServiceManager( 470): Starting com.android.server.power.ThermalManagerService
05-28 18:11:52.596 I/SystemServerTiming( 470): StartHintManager
05-28 18:11:52.596 I/SystemServiceManager( 470): Starting com.android.server.power.hint.HintManagerService
05-28 18:11:52.599 E/PowerHalController( 470): getHintSessionPreferredRate failed: Status(-129, EX_TRANSACTION_FAILED): 'UNKNOWN_TRANSACTION: '
05-28 18:11:52.601 I/SystemServerTiming( 470): InitPowerManagement
05-28 18:11:52.604 I/SystemServerTiming( 470): StartRecoverySystemService
05-28 18:11:52.605 I/SystemServiceManager( 470): Starting com.android.server.recoverysystem.RecoverySystemService$Lifecycle
05-28 18:11:52.612 I/PackageWatchdog( 470): Syncing state, reason: added new observer
05-28 18:11:52.612 I/PackageWatchdog( 470): Not pruning observers, elapsed time: 0ms
05-28 18:11:52.612 I/PackageWatchdog( 470): Cancelling state sync, nothing to sync
05-28 18:11:52.612 I/PackageWatchdog( 470): Saving observer state to file
05-28 18:11:52.614 I/SystemServerTiming( 470): StartLightsService
05-28 18:11:52.615 I/SystemServiceManager( 470): Starting com.android.server.lights.LightsService
05-28 18:11:52.618 I/servicemanager( 179): Found android.hardware.light.ILights/default in device VINTF manifest.
05-28 18:11:52.625 I/android.hardware.lights-service( 261): Lights reporting supported lights size=1
05-28 18:11:52.628 I/SystemServerTiming( 470): StartSidekickService
05-28 18:11:52.628 I/SystemServerTiming( 470): StartDisplayManager
05-28 18:11:52.628 I/SystemServiceManager( 470): Starting com.android.server.display.DisplayManagerService
05-28 18:11:52.633 I/ ( 408): DVI mode selected: packets not configured
05-28 18:11:52.633 I/ ( 408): Error: set vsif failed
05-28 18:11:52.645 E/HWComposer( 273): getSupportedContentTypes: getSupportedContentTypes failed for display 0: Unsupported (8)
05-28 18:11:52.646 I/SystemServerTiming( 470): WaitForDisplay
05-28 18:11:52.646 I/SystemServiceManager( 470): Starting phase 100
05-28 18:11:52.646 I/SystemServerTiming( 470): OnBootPhase_100
05-28 18:11:52.660 I/DisplayDeviceRepository( 470): Display device added: DisplayDeviceInfo{"内置屏幕": uniqueId="local:0", 1920 x 1080, modeId 1, defaultModeId 1, supportedModes [{id=1, width=1920, height=1080, fps=60.000004, alternativeRefreshRates=[]}], colorMode 0, supportedColorModes [0], hdrCapabilities HdrCapabilities{mSupportedHdrTypes=[2, 3], mMaxLuminance=500.0, mMaxAverageLuminance=500.0, mMinLuminance=0.0}, allmSupported false, gameContentTypeSupported false, density 240, 0.16 x 0.16 dpi, appVsyncOff 1000000, presDeadline 16666666, touch INTERNAL, rotation 0, type INTERNAL, address {port=0}, deviceProductInfo null, state UNKNOWN, frameRateOverride , brightnessMinimum 0.0, brightnessMaximum 1.0, brightnessDefault 0.39763778, FLAG_DEFAULT_DISPLAY, FLAG_ROTATES_WITH_CONTENT, FLAG_SECURE, FLAG_SUPPORTS_PROTECTED_BUFFERS}
05-28 18:11:52.664 I/LogicalDisplayMapper( 470): Applying layout: [{addr: {port=0}, dispId: 0(ON)}], Previous layout: null
05-28 18:11:52.668 I/LogicalDisplayMapper( 470): Adding new display: 0: DisplayInfo{"内置屏幕", displayId 0", displayGroupId -1, FLAG_SECURE, FLAG_SUPPORTS_PROTECTED_BUFFERS, FLAG_TRUSTED, real 1920 x 1080, largest app 1920 x 1080, smallest app 1920 x 1080, appVsyncOff 1000000, presDeadline 16666666, mode 1, defaultMode 1, modes [{id=1, width=1920, height=1080, fps=60.000004, alternativeRefreshRates=[]}], hdrCapabilities HdrCapabilities{mSupportedHdrTypes=[2, 3], mMaxLuminance=500.0, mMaxAverageLuminance=500.0, mMinLuminance=0.0}, userDisabledHdrTypes [], minimalPostProcessingSupported false, rotation 0, state UNKNOWN, type INTERNAL, uniqueId "local:0", app 1920 x 1080, density 240 (0.16 x 0.16) dpi, layerStack 0, colorMode 0, supportedColorModes [0], address {port=0}, deviceProductInfo null, removeMode 0, refreshRateOverride 0.0, brightnessMinimum 0.0, brightnessMaximum 1.0, brightnessDefault 0.39763778}
05-28 18:11:52.669 I/LogicalDisplayMapper( 470): Setting new display group 0 for display 0, from previous group: null
05-28 18:11:52.670 I/SystemServerTiming( 470): StartDomainVerificationService
05-28 18:11:52.698 I/ ( 408): DVI mode selected: packets not configured
05-28 18:11:52.698 I/ ( 408): Error: set vsif failed
05-28 18:11:52.697 I/SystemServerTiming( 470): StartPackageManagerService
05-28 18:11:52.698 I/Watchdog( 470): Pausing HandlerChecker: main thread for reason: packagemanagermain. Pause count: 1
05-28 18:11:52.706 I/PackageManagerTiming( 470): create package manager
05-28 18:11:52.717 E/PackageManager( 470): /oem/delete.txt not exist
05-28 18:11:52.717 I/PackageManagerTiming( 470): createSubComponents
05-28 18:11:52.747 I/ ( 408): DVI mode selected: packets not configured
05-28 18:11:52.747 I/ ( 408): Error: set vsif failed
05-28 18:11:52.755 I/PackageManagerTiming( 470): addSharedUsers
05-28 18:11:52.759 I/PackageManagerTiming( 470): get system config
05-28 18:11:52.762 D/PackageManager( 470): Directories scanned as system partitions: [/system:0, /vendor:524288, /odm:4194304, /oem:262144, /product:1048576, /system/system_ext:2097152, /apex/com.android.wifi:8388608, /apex/com.android.vndk.v31:8388608, /apex/com.android.tzdata:8388608, /apex/com.android.tethering:8388608, /apex/com.android.sdkext:8388608, /apex/com.android.scheduling:8388608, /apex/com.android.runtime:8388608, /apex/com.android.resolv:8388608, /apex/com.android.permission:8388608, /apex/com.android.os.statsd:8388608, /apex/com.android.neuralnetworks:8388608, /apex/com.android.mediaprovider:8388608, /apex/com.android.media.swcodec:8388608, /apex/com.android.media:8388608, /apex/com.android.ipsec:8388608, /apex/com.android.i18n:8388608, /apex/com.android.extservices:8388608, /apex/com.android.conscrypt:8388608, /apex/com.android.art:8388608, /apex/com.android.appsearch:8388608, /apex/com.android.adbd:8388608]
05-28 18:11:52.766 D/SELinuxMMAC( 470): Using policy file /system/etc/selinux/plat_mac_permissions.xml
05-28 18:11:52.769 D/SELinuxMMAC( 470): Using policy file /system_ext/etc/selinux/system_ext_mac_permissions.xml
05-28 18:11:52.770 D/SELinuxMMAC( 470): Using policy file /vendor/etc/selinux/vendor_mac_permissions.xml
05-28 18:11:52.773 I/PackageManagerTiming( 470): loadFallbacks
05-28 18:11:52.777 D/FallbackCategoryProvider( 470): Found 1 fallback categories
05-28 18:11:52.777 I/PackageManagerTiming( 470): read user settings
05-28 18:11:52.814 I/ ( 408): DVI mode selected: packets not configured
05-28 18:11:52.814 I/ ( 408): Error: set vsif failed
05-28 18:11:52.846 D/SystemServerInitThreadPool( 470): Finished executing loadPreinstalledSystemFontMap
05-28 18:11:52.864 I/ ( 408): DVI mode selected: packets not configured
05-28 18:11:52.864 I/ ( 408): Error: set vsif failed
05-28 18:11:52.915 I/ ( 408): DVI mode selected: packets not configured
05-28 18:11:52.915 I/ ( 408): Error: set vsif failed
05-28 18:11:52.978 W/android.permission.PermissionManager( 470): Missing ActivityManager; assuming 1000 holds android.permission.SET_PREFERRED_APPLICATIONS
05-28 18:11:52.978 W/android.permission.PermissionManager( 470): Missing ActivityManager; assuming 1000 holds android.permission.SET_PREFERRED_APPLICATIONS
05-28 18:11:52.979 W/android.permission.PermissionManager( 470): Missing ActivityManager; assuming 1000 holds android.permission.SET_PREFERRED_APPLICATIONS
05-28 18:11:52.979 W/android.permission.PermissionManager( 470): Missing ActivityManager; assuming 1000 holds android.permission.SET_PREFERRED_APPLICATIONS
05-28 18:11:52.979 W/android.permission.PermissionManager( 470): Missing ActivityManager; assuming 1000 holds android.permission.SET_PREFERRED_APPLICATIONS
05-28 18:11:52.980 W/android.permission.PermissionManager( 470): Missing ActivityManager; assuming 1000 holds android.permission.SET_PREFERRED_APPLICATIONS
05-28 18:11:52.980 W/android.permission.PermissionManager( 470): Missing ActivityManager; assuming 1000 holds android.permission.SET_PREFERRED_APPLICATIONS
05-28 18:11:52.980 W/android.permission.PermissionManager( 470): Missing ActivityManager; assuming 1000 holds android.permission.SET_PREFERRED_APPLICATIONS
05-28 18:11:52.980 W/android.permission.PermissionManager( 470): Missing ActivityManager; assuming 1000 holds android.permission.SET_PREFERRED_APPLICATIONS
05-28 18:11:52.980 W/android.permission.PermissionManager( 470): Missing ActivityManager; assuming 1000 holds android.permission.SET_PREFERRED_APPLICATIONS
05-28 18:11:52.981 W/android.permission.PermissionManager( 470): Missing ActivityManager; assuming 1000 holds android.permission.SET_PREFERRED_APPLICATIONS
05-28 18:11:52.981 W/android.permission.PermissionManager( 470): Missing ActivityManager; assuming 1000 holds android.permission.SET_PREFERRED_APPLICATIONS
05-28 18:11:52.981 W/android.permission.PermissionManager( 470): Missing ActivityManager; assuming 1000 holds android.permission.SET_PREFERRED_APPLICATIONS
05-28 18:11:52.981 W/android.permission.PermissionManager( 470): Missing ActivityManager; assuming 1000 holds android.permission.SET_PREFERRED_APPLICATIONS
05-28 18:11:52.982 W/android.permission.PermissionManager( 470): Missing ActivityManager; assuming 1000 holds android.permission.SET_PREFERRED_APPLICATIONS
05-28 18:11:52.982 W/android.permission.PermissionManager( 470): Missing ActivityManager; assuming 1000 holds android.permission.SET_PREFERRED_APPLICATIONS
05-28 18:11:52.982 W/android.permission.PermissionManager( 470): Missing ActivityManager; assuming 1000 holds android.permission.SET_PREFERRED_APPLICATIONS
05-28 18:11:52.982 W/android.permission.PermissionManager( 470): Missing ActivityManager; assuming 1000 holds android.permission.SET_PREFERRED_APPLICATIONS
05-28 18:11:52.982 W/android.permission.PermissionManager( 470): Missing ActivityManager; assuming 1000 holds android.permission.SET_PREFERRED_APPLICATIONS
05-28 18:11:52.983 W/android.permission.PermissionManager( 470): Missing ActivityManager; assuming 1000 holds android.permission.SET_PREFERRED_APPLICATIONS
05-28 18:11:52.983 W/android.permission.PermissionManager( 470): Missing ActivityManager; assuming 1000 holds android.permission.SET_PREFERRED_APPLICATIONS
05-28 18:11:52.983 W/android.permission.PermissionManager( 470): Missing ActivityManager; assuming 1000 holds android.permission.SET_PREFERRED_APPLICATIONS
05-28 18:11:52.983 W/android.permission.PermissionManager( 470): Missing ActivityManager; assuming 1000 holds android.permission.SET_PREFERRED_APPLICATIONS
05-28 18:11:52.984 W/android.permission.PermissionManager( 470): Missing ActivityManager; assuming 1000 holds android.permission.SET_PREFERRED_APPLICATIONS
05-28 18:11:52.984 W/android.permission.PermissionManager( 470): Missing ActivityManager; assuming 1000 holds android.permission.SET_PREFERRED_APPLICATIONS
05-28 18:11:52.984 W/android.permission.PermissionManager( 470): Missing ActivityManager; assuming 1000 holds android.permission.SET_PREFERRED_APPLICATIONS
05-28 18:11:52.984 W/android.permission.PermissionManager( 470): Missing ActivityManager; assuming 1000 holds android.permission.SET_PREFERRED_APPLICATIONS
05-28 18:11:52.985 W/android.permission.PermissionManager( 470): Missing ActivityManager; assuming 1000 holds android.permission.SET_PREFERRED_APPLICATIONS
05-28 18:11:52.985 W/android.permission.PermissionManager( 470): Missing ActivityManager; assuming 1000 holds android.permission.SET_PREFERRED_APPLICATIONS
05-28 18:11:52.985 W/android.permission.PermissionManager( 470): Missing ActivityManager; assuming 1000 holds android.permission.SET_PREFERRED_APPLICATIONS
05-28 18:11:52.985 W/android.permission.PermissionManager( 470): Missing ActivityManager; assuming 1000 holds android.permission.SET_PREFERRED_APPLICATIONS
05-28 18:11:52.985 W/android.permission.PermissionManager( 470): Missing ActivityManager; assuming 1000 holds android.permission.SET_PREFERRED_APPLICATIONS
05-28 18:11:52.986 W/android.permission.PermissionManager( 470): Missing ActivityManager; assuming 1000 holds android.permission.SET_PREFERRED_APPLICATIONS
05-28 18:11:52.986 W/android.permission.PermissionManager( 470): Missing ActivityManager; assuming 1000 holds android.permission.SET_PREFERRED_APPLICATIONS
05-28 18:11:52.986 W/android.permission.PermissionManager( 470): Missing ActivityManager; assuming 1000 holds android.permission.SET_PREFERRED_APPLICATIONS
05-28 18:11:52.986 W/android.permission.PermissionManager( 470): Missing ActivityManager; assuming 1000 holds android.permission.SET_PREFERRED_APPLICATIONS
05-28 18:11:52.987 W/android.permission.PermissionManager( 470): Missing ActivityManager; assuming 1000 holds android.permission.SET_PREFERRED_APPLICATIONS
05-28 18:11:52.987 W/android.permission.PermissionManager( 470): Missing ActivityManager; assuming 1000 holds android.permission.SET_PREFERRED_APPLICATIONS
05-28 18:11:52.987 W/android.permission.PermissionManager( 470): Missing ActivityManager; assuming 1000 holds android.permission.SET_PREFERRED_APPLICATIONS
05-28 18:11:52.987 W/android.permission.PermissionManager( 470): Missing ActivityManager; assuming 1000 holds android.permission.SET_PREFERRED_APPLICATIONS
05-28 18:11:52.988 W/android.permission.PermissionManager( 470): Missing ActivityManager; assuming 1000 holds android.permission.SET_PREFERRED_APPLICATIONS
05-28 18:11:52.988 W/android.permission.PermissionManager( 470): Missing ActivityManager; assuming 1000 holds android.permission.SET_PREFERRED_APPLICATIONS
05-28 18:11:52.988 W/android.permission.PermissionManager( 470): Missing ActivityManager; assuming 1000 holds android.permission.SET_PREFERRED_APPLICATIONS
05-28 18:11:52.988 W/android.permission.PermissionManager( 470): Missing ActivityManager; assuming 1000 holds android.permission.SET_PREFERRED_APPLICATIONS
05-28 18:11:52.988 W/android.permission.PermissionManager( 470): Missing ActivityManager; assuming 1000 holds android.permission.SET_PREFERRED_APPLICATIONS
05-28 18:11:52.989 W/android.permission.PermissionManager( 470): Missing ActivityManager; assuming 1000 holds android.permission.SET_PREFERRED_APPLICATIONS
05-28 18:11:52.989 W/android.permission.PermissionManager( 470): Missing ActivityManager; assuming 1000 holds android.permission.SET_PREFERRED_APPLICATIONS
05-28 18:11:52.989 W/android.permission.PermissionManager( 470): Missing ActivityManager; assuming 1000 holds android.permission.SET_PREFERRED_APPLICATIONS
05-28 18:11:52.989 W/android.permission.PermissionManager( 470): Missing ActivityManager; assuming 1000 holds android.permission.SET_PREFERRED_APPLICATIONS
05-28 18:11:52.990 W/android.permission.PermissionManager( 470): Missing ActivityManager; assuming 1000 holds android.permission.SET_PREFERRED_APPLICATIONS
05-28 18:11:52.990 W/android.permission.PermissionManager( 470): Missing ActivityManager; assuming 1000 holds android.permission.SET_PREFERRED_APPLICATIONS
05-28 18:11:52.990 W/android.permission.PermissionManager( 470): Missing ActivityManager; assuming 1000 holds android.permission.SET_PREFERRED_APPLICATIONS
05-28 18:11:52.990 W/android.permission.PermissionManager( 470): Missing ActivityManager; assuming 1000 holds android.permission.SET_PREFERRED_APPLICATIONS
05-28 18:11:52.990 W/android.permission.PermissionManager( 470): Missing ActivityManager; assuming 1000 holds android.permission.SET_PREFERRED_APPLICATIONS
05-28 18:11:52.991 W/android.permission.PermissionManager( 470): Missing ActivityManager; assuming 1000 holds android.permission.SET_PREFERRED_APPLICATIONS
05-28 18:11:52.991 W/android.permission.PermissionManager( 470): Missing ActivityManager; assuming 1000 holds android.permission.SET_PREFERRED_APPLICATIONS
05-28 18:11:52.991 W/android.permission.PermissionManager( 470): Missing ActivityManager; assuming 1000 holds android.permission.SET_PREFERRED_APPLICATIONS
05-28 18:11:52.991 W/android.permission.PermissionManager( 470): Missing ActivityManager; assuming 1000 holds android.permission.SET_PREFERRED_APPLICATIONS
05-28 18:11:52.992 W/android.permission.PermissionManager( 470): Missing ActivityManager; assuming 1000 holds android.permission.SET_PREFERRED_APPLICATIONS
05-28 18:11:52.992 W/android.permission.PermissionManager( 470): Missing ActivityManager; assuming 1000 holds android.permission.SET_PREFERRED_APPLICATIONS
05-28 18:11:52.992 W/android.permission.PermissionManager( 470): Missing ActivityManager; assuming 1000 holds android.permission.SET_PREFERRED_APPLICATIONS
05-28 18:11:52.992 W/android.permission.PermissionManager( 470): Missing ActivityManager; assuming 1000 holds android.permission.SET_PREFERRED_APPLICATIONS
05-28 18:11:52.992 W/android.permission.PermissionManager( 470): Missing ActivityManager; assuming 1000 holds android.permission.SET_PREFERRED_APPLICATIONS
05-28 18:11:52.993 W/android.permission.PermissionManager( 470): Missing ActivityManager; assuming 1000 holds android.permission.SET_PREFERRED_APPLICATIONS
05-28 18:11:52.993 W/android.permission.PermissionManager( 470): Missing ActivityManager; assuming 1000 holds android.permission.SET_PREFERRED_APPLICATIONS
05-28 18:11:52.993 W/android.permission.PermissionManager( 470): Missing ActivityManager; assuming 1000 holds android.permission.SET_PREFERRED_APPLICATIONS
05-28 18:11:52.993 W/android.permission.PermissionManager( 470): Missing ActivityManager; assuming 1000 holds android.permission.SET_PREFERRED_APPLICATIONS
05-28 18:11:52.994 W/android.permission.PermissionManager( 470): Missing ActivityManager; assuming 1000 holds android.permission.SET_PREFERRED_APPLICATIONS
05-28 18:11:52.994 W/android.permission.PermissionManager( 470): Missing ActivityManager; assuming 1000 holds android.permission.SET_PREFERRED_APPLICATIONS
05-28 18:11:52.994 W/android.permission.PermissionManager( 470): Missing ActivityManager; assuming 1000 holds android.permission.SET_PREFERRED_APPLICATIONS
05-28 18:11:52.994 W/android.permission.PermissionManager( 470): Missing ActivityManager; assuming 1000 holds android.permission.SET_PREFERRED_APPLICATIONS
05-28 18:11:52.995 W/android.permission.PermissionManager( 470): Missing ActivityManager; assuming 1000 holds android.permission.SET_PREFERRED_APPLICATIONS
05-28 18:11:52.995 W/android.permission.PermissionManager( 470): Missing ActivityManager; assuming 1000 holds android.permission.SET_PREFERRED_APPLICATIONS
05-28 18:11:52.996 W/android.permission.PermissionManager( 470): Missing ActivityManager; assuming 1000 holds android.permission.SET_PREFERRED_APPLICATIONS
05-28 18:11:52.997 W/android.permission.PermissionManager( 470): Missing ActivityManager; assuming 1000 holds android.permission.SET_PREFERRED_APPLICATIONS
05-28 18:11:52.998 W/android.permission.PermissionManager( 470): Missing ActivityManager; assuming 1000 holds android.permission.SET_PREFERRED_APPLICATIONS
05-28 18:11:53.000 W/android.permission.PermissionManager( 470): Missing ActivityManager; assuming 1000 holds android.permission.SET_PREFERRED_APPLICATIONS
05-28 18:11:53.001 W/android.permission.PermissionManager( 470): Missing ActivityManager; assuming 1000 holds android.permission.SET_PREFERRED_APPLICATIONS
05-28 18:11:53.003 W/android.permission.PermissionManager( 470): Missing ActivityManager; assuming 1000 holds android.permission.SET_PREFERRED_APPLICATIONS
05-28 18:11:53.004 W/android.permission.PermissionManager( 470): Missing ActivityManager; assuming 1000 holds android.permission.SET_PREFERRED_APPLICATIONS
05-28 18:11:53.006 W/android.permission.PermissionManager( 470): Missing ActivityManager; assuming 1000 holds android.permission.SET_PREFERRED_APPLICATIONS
05-28 18:11:53.007 W/android.permission.PermissionManager( 470): Missing ActivityManager; assuming 1000 holds android.permission.SET_PREFERRED_APPLICATIONS
05-28 18:11:53.007 W/android.permission.PermissionManager( 470): Missing ActivityManager; assuming 1000 holds android.permission.SET_PREFERRED_APPLICATIONS
05-28 18:11:53.008 W/android.permission.PermissionManager( 470): Missing ActivityManager; assuming 1000 holds android.permission.SET_PREFERRED_APPLICATIONS
05-28 18:11:53.008 W/android.permission.PermissionManager( 470): Missing ActivityManager; assuming 1000 holds android.permission.SET_PREFERRED_APPLICATIONS
05-28 18:11:53.008 W/android.permission.PermissionManager( 470): Missing ActivityManager; assuming 1000 holds android.permission.SET_PREFERRED_APPLICATIONS
05-28 18:11:53.008 W/android.permission.PermissionManager( 470): Missing ActivityManager; assuming 1000 holds android.permission.SET_PREFERRED_APPLICATIONS
05-28 18:11:53.009 W/android.permission.PermissionManager( 470): Missing ActivityManager; assuming 1000 holds android.permission.SET_PREFERRED_APPLICATIONS
05-28 18:11:53.009 W/android.permission.PermissionManager( 470): Missing ActivityManager; assuming 1000 holds android.permission.SET_PREFERRED_APPLICATIONS
05-28 18:11:53.009 W/android.permission.PermissionManager( 470): Missing ActivityManager; assuming 1000 holds android.permission.SET_PREFERRED_APPLICATIONS
05-28 18:11:53.009 W/android.permission.PermissionManager( 470): Missing ActivityManager; assuming 1000 holds android.permission.SET_PREFERRED_APPLICATIONS
05-28 18:11:53.010 W/android.permission.PermissionManager( 470): Missing ActivityManager; assuming 1000 holds android.permission.SET_PREFERRED_APPLICATIONS
05-28 18:11:53.010 W/android.permission.PermissionManager( 470): Missing ActivityManager; assuming 1000 holds android.permission.SET_PREFERRED_APPLICATIONS
05-28 18:11:53.010 W/android.permission.PermissionManager( 470): Missing ActivityManager; assuming 1000 holds android.permission.SET_PREFERRED_APPLICATIONS
05-28 18:11:53.010 W/android.permission.PermissionManager( 470): Missing ActivityManager; assuming 1000 holds android.permission.SET_PREFERRED_APPLICATIONS
05-28 18:11:53.010 W/android.permission.PermissionManager( 470): Missing ActivityManager; assuming 1000 holds android.permission.SET_PREFERRED_APPLICATIONS
05-28 18:11:53.011 W/android.permission.PermissionManager( 470): Missing ActivityManager; assuming 1000 holds android.permission.SET_PREFERRED_APPLICATIONS
05-28 18:11:53.011 W/android.permission.PermissionManager( 470): Missing ActivityManager; assuming 1000 holds android.permission.SET_PREFERRED_APPLICATIONS
05-28 18:11:53.011 W/android.permission.PermissionManager( 470): Missing ActivityManager; assuming 1000 holds android.permission.SET_PREFERRED_APPLICATIONS
05-28 18:11:53.011 W/android.permission.PermissionManager( 470): Missing ActivityManager; assuming 1000 holds android.permission.SET_PREFERRED_APPLICATIONS
05-28 18:11:53.012 W/android.permission.PermissionManager( 470): Missing ActivityManager; assuming 1000 holds android.permission.SET_PREFERRED_APPLICATIONS
05-28 18:11:53.012 W/android.permission.PermissionManager( 470): Missing ActivityManager; assuming 1000 holds android.permission.SET_PREFERRED_APPLICATIONS
05-28 18:11:53.012 W/android.permission.PermissionManager( 470): Missing ActivityManager; assuming 1000 holds android.permission.SET_PREFERRED_APPLICATIONS
05-28 18:11:53.012 W/android.permission.PermissionManager( 470): Missing ActivityManager; assuming 1000 holds android.permission.SET_PREFERRED_APPLICATIONS
05-28 18:11:53.013 W/android.permission.PermissionManager( 470): Missing ActivityManager; assuming 1000 holds android.permission.SET_PREFERRED_APPLICATIONS
05-28 18:11:53.013 W/android.permission.PermissionManager( 470): Missing ActivityManager; assuming 1000 holds android.permission.SET_PREFERRED_APPLICATIONS
05-28 18:11:53.013 W/android.permission.PermissionManager( 470): Missing ActivityManager; assuming 1000 holds android.permission.SET_PREFERRED_APPLICATIONS
05-28 18:11:53.013 W/android.permission.PermissionManager( 470): Missing ActivityManager; assuming 1000 holds android.permission.SET_PREFERRED_APPLICATIONS
05-28 18:11:53.014 W/android.permission.PermissionManager( 470): Missing ActivityManager; assuming 1000 holds android.permission.SET_PREFERRED_APPLICATIONS
05-28 18:11:53.014 W/android.permission.PermissionManager( 470): Missing ActivityManager; assuming 1000 holds android.permission.SET_PREFERRED_APPLICATIONS
05-28 18:11:53.014 W/android.permission.PermissionManager( 470): Missing ActivityManager; assuming 1000 holds android.permission.SET_PREFERRED_APPLICATIONS
05-28 18:11:53.014 W/android.permission.PermissionManager( 470): Missing ActivityManager; assuming 1000 holds android.permission.SET_PREFERRED_APPLICATIONS
05-28 18:11:53.015 W/android.permission.PermissionManager( 470): Missing ActivityManager; assuming 1000 holds android.permission.SET_PREFERRED_APPLICATIONS
05-28 18:11:53.043 W/PackageSettings( 470): Missing permission state for package: com.android.cts.priv.ctsshim
05-28 18:11:53.043 W/PackageSettings( 470): Missing permission state for package: com.android.internal.systemui.navbar.gestural_wide_back
05-28 18:11:53.043 W/PackageSettings( 470): Missing permission state for package: com.softwinner.awlogsettings
05-28 18:11:53.043 W/PackageSettings( 470): Missing permission state for package: com.android.htmlviewer
05-28 18:11:53.043 W/PackageSettings( 470): Missing permission state for package: com.android.internal.systemui.onehanded.gestural
05-28 18:11:53.043 W/PackageSettings( 470): Missing permission state for package: com.android.simappdialog
05-28 18:11:53.043 W/PackageSettings( 470): Missing permission state for package: com.android.connectivity.resources
05-28 18:11:53.043 W/PackageSettings( 470): Missing permission state for package: com.android.modulemetadata
05-28 18:11:53.044 W/PackageSettings( 470): Missing permission state for package: com.google.android.apps.searchlite.overlay
05-28 18:11:53.044 W/PackageSettings( 470): Missing permission state for package: com.android.internal.systemui.navbar.threebutton
05-28 18:11:53.044 W/PackageSettings( 470): Missing permission state for package: com.google.android.networkstackconfig
05-28 18:11:53.044 W/PackageSettings( 470): Missing permission state for package: com.android.internal.systemui.navbar.gestural_extra_wide_back
05-28 18:11:53.044 W/PackageSettings( 470): Missing permission state for package: com.android.dreams.basic
05-28 18:11:53.044 W/PackageSettings( 470): Missing permission state for package: android.ext.shared
05-28 18:11:53.044 W/PackageSettings( 470): Missing permission state for package: com.google.android.networkstack.tetheringconfig
05-28 18:11:53.044 W/PackageSettings( 470): Missing permission state for package: com.android.wifi.resources
05-28 18:11:53.045 W/PackageSettings( 470): Missing permission state for package: com.android.theme.font.notoserifsource
05-28 18:11:53.045 W/PackageSettings( 470): Missing permission state for package: com.allwinnertech.packageoverride
05-28 18:11:53.045 W/PackageSettings( 470): Missing permission state for package: com.android.bookmarkprovider
05-28 18:11:53.045 W/PackageSettings( 470): Missing permission state for package: com.android.cts.ctsshim
05-28 18:11:53.045 W/PackageSettings( 470): Missing permission state for package: com.softwinner.theme.icon
05-28 18:11:53.045 W/PackageSettings( 470): Missing permission state for package: com.softwinner.theme.color
05-28 18:11:53.045 W/PackageSettings( 470): Missing permission state for package: com.android.internal.systemui.navbar.gestural
05-28 18:11:53.046 W/PackageSettings( 470): Missing permission state for package: com.android.internal.systemui.navbar.gestural_narrow_back
05-28 18:11:53.046 W/PackageSettings( 470): Missing permission state for package: android.auto_generated_rro_vendor__
05-28 18:11:53.047 W/PackageSettings( 470): Missing permission state for shared user: android.uid.log
05-28 18:11:53.047 W/PackageSettings( 470): Missing permission state for shared user: android.uid.nfc
05-28 18:11:53.047 W/PackageSettings( 470): Missing permission state for shared user: android.uid.uwb
05-28 18:11:53.056 D/PackageManager( 470): Keeping known cache e4c16908b0e0e642cbd78ac9e39cf21c9bdc31f3
05-28 18:11:53.059 D/PackageManager( 470): No files in app dir /system/system_ext/overlay
05-28 18:11:53.072 I/PackageBackwardCompatibility( 470): Loaded android.content.pm.AndroidTestBaseUpdater
05-28 18:11:53.073 D/CompatibilityChangeReporter( 470): Compat change id reported: 143539591; UID -1; state: ENABLED
05-28 18:11:53.095 D/PackageManager( 470): No files in app dir /oem/overlay
05-28 18:11:53.096 D/PackageManager( 470): No files in app dir /odm/overlay
05-28 18:11:53.103 W/PackageManager( 470): Failed to parse /system/framework/oat: Missing base APK in /system/framework/oat/arm
05-28 18:11:53.104 W/PackageManager( 470): Failed to parse /system/framework/arm: Missing base APK in /system/framework/arm
05-28 18:11:53.168 D/PackageParsing( 470): homlet: force set orientation: 0
05-28 18:11:53.170 D/CompatibilityChangeReporter( 470): Compat change id reported: 150232615; UID -1; state: ENABLED
05-28 18:11:53.191 W/PackageManager( 470): Failed to parse /system/priv-app/SettingsAssist: /system/priv-app/SettingsAssist/SettingsAssist.apk (at Binary XML file line #34): com.softwinner.settingsassist.Recovery: Targeting S+ (version 31 and above) requires that an explicit value for android:exported be defined when intent filters are present
05-28 18:11:53.202 D/CompatibilityChangeReporter( 470): Compat change id reported: 143539591; UID -1; state: DISABLED
05-28 18:11:53.203 D/CompatibilityChangeReporter( 470): Compat change id reported: 168782947; UID -1; state: DISABLED
05-28 18:11:53.213 W/PackageManager( 470): Provider ComponentInfo{com.dangbei.leard.leradlauncher/androidx.core.content.FileProvider} already defined; ignoring
05-28 18:11:53.232 D/CompatibilityChangeReporter( 470): Compat change id reported: 168782947; UID -1; state: ENABLED
05-28 18:11:53.270 W/ServiceManager( 241): Service statscompanion didn't start. Returning NULL
05-28 18:11:53.273 I/statsd ( 241): Statsd starts to listen to socket.
05-28 18:11:53.431 I/system_server( 470): Background young concurrent copying GC freed 189609(10097KB) AllocSpace objects, 114(2804KB) LOS objects, 79% free, 6439KB/30MB, paused 387us total 247.537ms
05-28 18:11:53.486 D/PackageManager( 470): No files in app dir /vendor/priv-app
05-28 18:11:53.486 D/PackageManager( 470): No files in app dir /vendor/app
05-28 18:11:53.486 D/PackageManager( 470): No files in app dir /odm/priv-app
05-28 18:11:53.486 D/PackageManager( 470): No files in app dir /odm/app
05-28 18:11:53.486 D/PackageManager( 470): No files in app dir /oem/priv-app
05-28 18:11:53.487 D/PackageManager( 470): No files in app dir /oem/app
05-28 18:11:53.571 D/PackageManager( 470): No files in app dir /apex/com.android.vndk.v31/priv-app
05-28 18:11:53.572 D/PackageManager( 470): No files in app dir /apex/com.android.vndk.v31/app
05-28 18:11:53.572 D/PackageManager( 470): No files in app dir /apex/com.android.tzdata/priv-app
05-28 18:11:53.572 D/PackageManager( 470): No files in app dir /apex/com.android.tzdata/app
05-28 18:11:53.582 D/PackageManager( 470): No files in app dir /apex/com.android.tethering/app
05-28 18:11:53.582 D/PackageManager( 470): No files in app dir /apex/com.android.sdkext/priv-app
05-28 18:11:53.583 D/PackageManager( 470): No files in app dir /apex/com.android.sdkext/app
05-28 18:11:53.583 D/PackageManager( 470): No files in app dir /apex/com.android.scheduling/priv-app
05-28 18:11:53.583 D/PackageManager( 470): No files in app dir /apex/com.android.scheduling/app
05-28 18:11:53.583 D/PackageManager( 470): No files in app dir /apex/com.android.runtime/priv-app
05-28 18:11:53.583 D/PackageManager( 470): No files in app dir /apex/com.android.runtime/app
05-28 18:11:53.583 D/PackageManager( 470): No files in app dir /apex/com.android.resolv/priv-app
05-28 18:11:53.584 D/PackageManager( 470): No files in app dir /apex/com.android.resolv/app
05-28 18:11:53.596 D/PackageManager( 470): No files in app dir /apex/com.android.permission/app
05-28 18:11:53.596 D/PackageManager( 470): No files in app dir /apex/com.android.os.statsd/priv-app
05-28 18:11:53.596 D/PackageManager( 470): No files in app dir /apex/com.android.os.statsd/app
05-28 18:11:53.596 D/PackageManager( 470): No files in app dir /apex/com.android.neuralnetworks/priv-app
05-28 18:11:53.597 D/PackageManager( 470): No files in app dir /apex/com.android.neuralnetworks/app
05-28 18:11:53.609 D/PackageManager( 470): No files in app dir /apex/com.android.mediaprovider/app
05-28 18:11:53.610 D/PackageManager( 470): No files in app dir /apex/com.android.media.swcodec/priv-app
05-28 18:11:53.610 D/PackageManager( 470): No files in app dir /apex/com.android.media.swcodec/app
05-28 18:11:53.610 D/PackageManager( 470): No files in app dir /apex/com.android.media/priv-app
05-28 18:11:53.610 D/PackageManager( 470): No files in app dir /apex/com.android.media/app
05-28 18:11:53.610 D/PackageManager( 470): No files in app dir /apex/com.android.ipsec/priv-app
05-28 18:11:53.610 D/PackageManager( 470): No files in app dir /apex/com.android.ipsec/app
05-28 18:11:53.610 D/PackageManager( 470): No files in app dir /apex/com.android.i18n/priv-app
05-28 18:11:53.611 D/PackageManager( 470): No files in app dir /apex/com.android.i18n/app
05-28 18:11:53.616 D/PackageManager( 470): No files in app dir /apex/com.android.extservices/app
05-28 18:11:53.616 D/PackageManager( 470): No files in app dir /apex/com.android.conscrypt/priv-app
05-28 18:11:53.616 D/PackageManager( 470): No files in app dir /apex/com.android.conscrypt/app
05-28 18:11:53.617 D/PackageManager( 470): No files in app dir /apex/com.android.art/priv-app
05-28 18:11:53.617 D/PackageManager( 470): No files in app dir /apex/com.android.art/app
05-28 18:11:53.617 D/PackageManager( 470): No files in app dir /apex/com.android.appsearch/priv-app
05-28 18:11:53.617 D/PackageManager( 470): No files in app dir /apex/com.android.appsearch/app
05-28 18:11:53.617 D/PackageManager( 470): No files in app dir /apex/com.android.adbd/priv-app
05-28 18:11:53.617 D/PackageManager( 470): No files in app dir /apex/com.android.adbd/app
05-28 18:11:53.625 I/PackageManager( 470): Finished scanning system apps. Time: 572 ms, packageCount: 112 , timePerPackage: 5 , cached: 112
05-28 18:11:53.630 D/CompatibilityChangeReporter( 470): Compat change id reported: 133396946; UID -1; state: DISABLED
05-28 18:11:53.632 I/PackageManager( 470): Finished scanning non-system apps. Time: 8 ms, packageCount: 1 , timePerPackage: 8 , cached: 1
05-28 18:11:53.634 W/PackageManager( 470): There should probably be exactly one storage manager; found 2: matches=[ResolveInfo{c1a325c com.android.storagemanager/.deletionhelper.DeletionHelperActivity m=0x108000}, ResolveInfo{1a7a965 com.android.tv.settings/.device.StorageResetActivity m=0x108000}]
05-28 18:11:53.635 E/PackageManager( 470): There should probably be exactly one setup wizard; found 2: matches=[ResolveInfo{31e163a com.dangbei.hqguide/.main.MainActivity p=1000 m=0x108000}, ResolveInfo{97152eb com.softwinner.provision/.DefaultActivity p=1 m=0x108000}]
05-28 18:11:53.647 I/PackageManager( 470): Time to scan packages: 0.595 seconds
05-28 18:11:53.689 I/PackageManager( 470): Permission ownership changed. Updating all permissions.
05-28 18:11:53.744 V/PackageManager( 470): reconcileAppsData for null u0 0x3 migrateAppData=true
05-28 18:11:53.774 I/SELinux ( 348): SELinux: Loaded file_contexts
05-28 18:11:53.889 D/XiriService( 311): check file name: /data/data/android/lib
05-28 18:11:53.888 I/xiriservice_All( 311): type=1400 audit(0.0:313): avc: denied { search } for name="android" dev="mmcblk0p25" ino=507 scontext=u:r:init:s0 tcontext=u:object_r:system_app_data_file:s0 tclass=dir permissive=1
05-28 18:11:53.888 I/xiriservice_All( 311): type=1400 audit(0.0:314): avc: denied { read } for name="lib" dev="mmcblk0p25" ino=10937 scontext=u:r:init:s0 tcontext=u:object_r:system_app_data_file:s0 tclass=lnk_file permissive=1
05-28 18:11:53.890 D/XiriService( 311): check file name: /data/data/android/lib
05-28 18:11:53.890 D/XiriService( 311): check file name: /data/data/android/lib
05-28 18:11:53.890 D/XiriService( 311): check file name: /data/data/android/lib
05-28 18:11:53.895 D/XiriService( 311): check file name: /data/data/android/lib
05-28 18:11:53.896 D/XiriService( 311): check file name: /data/data/android/lib
05-28 18:11:53.896 D/XiriService( 311): check file name: /data/data/android/lib
05-28 18:11:53.896 D/XiriService( 311): check file name: /data/data/android/lib
05-28 18:11:53.896 D/XiriService( 311): check file name: /data/data/com.android.providers.settings/lib
05-28 18:11:53.896 D/XiriService( 311): check file name: /data/data/com.android.providers.settings/lib
05-28 18:11:53.897 D/XiriService( 311): check file name: /data/data/com.android.providers.settings/lib
05-28 18:11:53.897 D/XiriService( 311): check file name: /data/data/com.android.providers.settings/lib
05-28 18:11:53.910 D/XiriService( 311): check file name: /data/data/com.android.providers.settings/lib
05-28 18:11:53.910 D/XiriService( 311): check file name: /data/data/com.android.providers.settings/lib
05-28 18:11:53.910 D/XiriService( 311): check file name: /data/data/com.android.providers.settings/lib
05-28 18:11:53.910 D/XiriService( 311): check file name: /data/data/com.android.providers.settings/lib
05-28 18:11:53.911 D/XiriService( 311): check file name: /data/data/com.android.inputdevices/lib
05-28 18:11:53.911 D/XiriService( 311): check file name: /data/data/com.android.inputdevices/lib
05-28 18:11:53.911 D/XiriService( 311): check file name: /data/data/com.android.inputdevices/lib
05-28 18:11:53.911 D/XiriService( 311): check file name: /data/data/com.android.inputdevices/lib
05-28 18:11:53.916 D/XiriService( 311): check file name: /data/data/com.android.inputdevices/lib
05-28 18:11:53.916 D/XiriService( 311): check file name: /data/data/com.android.inputdevices/lib
05-28 18:11:53.916 D/XiriService( 311): check file name: /data/data/com.android.inputdevices/lib
05-28 18:11:53.916 D/XiriService( 311): check file name: /data/data/com.android.inputdevices/lib
05-28 18:11:53.926 D/XiriService( 311): check file name: /data/data/android.ext.services/lib
05-28 18:11:53.924 I/xiriservice_All( 311): type=1400 audit(0.0:315): avc: denied { search } for name="android.ext.services" dev="mmcblk0p25" ino=439 scontext=u:r:init:s0 tcontext=u:object_r:app_data_file:s0:c512,c768 tclass=dir permissive=1
05-28 18:11:53.926 D/XiriService( 311): check file name: /data/data/android.ext.services/lib
05-28 18:11:53.926 D/XiriService( 311): check file name: /data/data/android.ext.services/lib
05-28 18:11:53.924 I/xiriservice_All( 311): type=1400 audit(0.0:316): avc: denied { read } for name="lib" dev="mmcblk0p25" ino=10946 scontext=u:r:init:s0 tcontext=u:object_r:app_data_file:s0:c512,c768 tclass=lnk_file permissive=1
05-28 18:11:53.926 D/XiriService( 311): check file name: /data/data/android.ext.services/lib
05-28 18:11:53.932 D/XiriService( 311): check file name: /data/data/android.ext.services/lib
05-28 18:11:53.932 D/XiriService( 311): check file name: /data/data/android.ext.services/lib
05-28 18:11:53.932 D/XiriService( 311): check file name: /data/data/android.ext.services/lib
05-28 18:11:53.933 D/XiriService( 311): check file name: /data/data/android.ext.services/lib
05-28 18:11:53.951 D/XiriService( 311): check file name: /data/data/com.android.location.fused/lib
05-28 18:11:53.951 D/XiriService( 311): check file name: /data/data/com.android.location.fused/lib
05-28 18:11:53.951 D/XiriService( 311): check file name: /data/data/com.android.location.fused/lib
