05-28 18:11:53.951 D/XiriService( 311): check file name: /data/data/com.android.location.fused/lib
05-28 18:11:53.957 D/XiriService( 311): check file name: /data/data/com.android.location.fused/lib
05-28 18:11:53.957 D/XiriService( 311): check file name: /data/data/com.android.location.fused/lib
05-28 18:11:53.957 D/XiriService( 311): check file name: /data/data/com.android.location.fused/lib
05-28 18:11:53.957 D/XiriService( 311): check file name: /data/data/com.android.location.fused/lib
05-28 18:11:53.972 V/PackageManager( 470): reconcileAppsData finished 14 packages
05-28 18:11:53.975 I/PackageManagerTiming( 470): write settings
05-28 18:11:53.975 I/SystemServerTimingAsync( 470): InitThreadPoolExec:prepareAppData
05-28 18:11:53.975 D/SystemServerInitThreadPool( 470): Started executing prepareAppData
05-28 18:11:53.976 E/cutils-trace( 348): Error opening trace file: No such file or directory (2)
05-28 18:11:53.979 W/installd( 348): Ignoring /data/data/android/lib with unexpected GID 0 instead of 1000
05-28 18:11:53.979 W/installd( 348): Ignoring /data/data/com.android.providers.settings/lib with unexpected GID 0 instead of 1000
05-28 18:11:53.979 W/installd( 348): Ignoring /data/data/com.android.inputdevices/lib with unexpected GID 0 instead of 1000
05-28 18:11:53.979 W/installd( 348): Ignoring /data/data/android.ext.services/lib with unexpected GID 0 instead of 10075
05-28 18:11:53.980 W/installd( 348): Ignoring /data/data/com.android.location.fused/lib with unexpected GID 0 instead of 1000
05-28 18:11:53.981 W/installd( 348): Ignoring /data/data/com.android.cts.priv.ctsshim/lib with unexpected GID 0 instead of 10016
05-28 18:11:53.982 W/installd( 348): Ignoring /data/data/com.android.dynsystem/lib with unexpected GID 0 instead of 1000
05-28 18:11:53.982 W/installd( 348): Ignoring /data/data/com.dangbei.lerad.rocky/lib with unexpected GID 0 instead of 1000
05-28 18:11:53.983 W/installd( 348): Ignoring /data/data/com.android.tv.settings/lib with unexpected GID 0 instead of 1000
05-28 18:11:53.985 W/installd( 348): Ignoring /data/data/com.oranth.factory/lib with unexpected GID 0 instead of 1000
05-28 18:11:53.986 W/installd( 348): Ignoring /data/data/com.dangbei.zhushou.os/lib with unexpected GID 0 instead of 1000
05-28 18:11:53.990 W/installd( 348): Ignoring /data/data/com.sohu.inputmethod.sogou.tv/lib with unexpected GID 0 instead of 10039
05-28 18:11:53.994 W/installd( 348): Ignoring /data/data/com.oranth.ledstatus/lib with unexpected GID 0 instead of 1000
05-28 18:11:53.995 W/installd( 348): Ignoring /data/data/com.dangbei.lerad.videoposter/lib with unexpected GID 0 instead of 10049
05-28 18:11:53.997 W/installd( 348): Ignoring /data/data/com.android.networkstack/lib with unexpected GID 0 instead of 1073
05-28 18:11:54.004 W/installd( 348): Ignoring /data/data/com.dangbei.screencast/lib with unexpected GID 0 instead of 10022
05-28 18:11:54.006 W/installd( 348): Ignoring /data/data/com.dangbei.leard.leradlauncher/lib with unexpected GID 0 instead of 1000
05-28 18:11:54.008 W/installd( 348): Ignoring /data/data/com.android.printspooler/lib with unexpected GID 0 instead of 10053
05-28 18:11:54.009 W/installd( 348): Ignoring /data/data/com.android.webview/lib with unexpected GID 0 instead of 10060
05-28 18:11:54.011 W/installd( 348): Ignoring /data/data/com.android.bips/lib with unexpected GID 0 instead of 10030
05-28 18:11:54.011 W/installd( 348): Ignoring /data/data/com.oranth.inputmacsn/lib with unexpected GID 0 instead of 1000
05-28 18:11:54.014 W/installd( 348): Ignoring /data/data/com.android.keychain/lib with unexpected GID 0 instead of 1000
05-28 18:11:54.016 W/installd( 348): Ignoring /data/data/com.android.localtransport/lib with unexpected GID 0 instead of 1000
05-28 18:11:54.016 W/installd( 348): Ignoring /data/data/com.android.packageinstaller/lib with unexpected GID 0 instead of 1000
05-28 18:11:54.018 W/installd( 348): Ignoring /data/data/com.oranth.usbopenft/lib with unexpected GID 0 instead of 1000
05-28 18:11:54.018 W/installd( 348): Ignoring /data/data/com.android.networkstack.tethering/lib with unexpected GID 0 instead of 1073
05-28 18:11:54.020 W/installd( 348): Ignoring /data/data/com.dangbei.lerad.etna.haqu/lib with unexpected GID 0 instead of 1000
05-28 18:11:54.020 I/SELinux ( 470): SELinux: Loaded file_contexts
05-28 18:11:54.022 W/installd( 348): Ignoring /data/data/com.oranth.powerwindow/lib with unexpected GID 0 instead of 1000
05-28 18:11:54.024 W/installd( 348): Ignoring /data/data/com.android.networkstack.permissionconfig/lib with unexpected GID 0 instead of 1073
05-28 18:11:54.025 W/installd( 348): Ignoring /data/data/com.dangbei.lerad.screensaver/lib with unexpected GID 0 instead of 10047
05-28 18:11:54.028 W/installd( 348): Ignoring /data/data/com.android.wallpaperbackup/lib with unexpected GID 0 instead of 1000
05-28 18:11:54.031 W/installd( 348): Ignoring /data/data/com.android.providers.media.module/lib with unexpected GID 0 instead of 10074
05-28 18:11:54.032 W/installd( 348): Ignoring /data/data/com.oranth.storage/lib with unexpected GID 0 instead of 1000
05-28 18:11:54.033 W/installd( 348): Ignoring /data/data/com.dangbei.haqusetting/lib with unexpected GID 0 instead of 1000
05-28 18:11:54.034 W/installd( 348): Ignoring /data/data/com.softwinner.miracastReceiver/lib with unexpected GID 0 instead of 1000
05-28 18:11:54.035 W/installd( 348): Ignoring /data/data/com.android.bluetooth/lib with unexpected GID 0 instead of 1002
05-28 18:11:54.040 W/PackageManager( 470): There should probably be a verifier, but, none were found
05-28 18:11:54.041 W/installd( 348): Ignoring /data/data/com.dangbei.hqmedia/lib with unexpected GID 0 instead of 10076
05-28 18:11:54.043 W/PackageManager( 470): Domain verification agent not found
05-28 18:11:54.049 W/installd( 348): Ignoring /data/user_de/0/android/lib with unexpected GID 0 instead of 1000
05-28 18:11:54.049 W/installd( 348): Ignoring /data/user_de/0/com.android.providers.settings/lib with unexpected GID 0 instead of 1000
05-28 18:11:54.050 W/installd( 348): Ignoring /data/user_de/0/com.android.inputdevices/lib with unexpected GID 0 instead of 1000
05-28 18:11:54.051 W/installd( 348): Ignoring /data/user_de/0/com.android.location.fused/lib with unexpected GID 0 instead of 1000
05-28 18:11:54.051 D/PackageManager( 470): Ephemeral resolver NOT found; no matching intent filters
05-28 18:11:54.051 D/PackageManager( 470): Instant App installer not found with android.intent.action.INSTALL_INSTANT_APP_PACKAGE
05-28 18:11:54.051 D/PackageManager( 470): Clear ephemeral installer activity
05-28 18:11:54.054 W/installd( 348): Ignoring /data/user_de/0/com.android.tv.settings/lib with unexpected GID 0 instead of 1000
05-28 18:11:54.060 I/PackageManagerTiming( 470): GC
05-28 18:11:54.060 W/installd( 348): Ignoring /data/user_de/0/com.sohu.inputmethod.sogou.tv/lib with unexpected GID 0 instead of 10039
05-28 18:11:54.065 I/PackageManager( 470): Fix for b/169414761 is applied
05-28 18:11:54.065 I/update_engine( 376): [INFO:cleanup_previous_update_action.cc(112)] Executing task 3
05-28 18:11:54.067 I/update_engine( 376): [INFO:cleanup_previous_update_action.cc(124)] CleanupPreviousUpdateAction scheduled task ID 4 for WaitBootCompleted
05-28 18:11:54.074 W/installd( 348): Ignoring /data/user_de/0/com.android.networkstack/lib with unexpected GID 0 instead of 1073
05-28 18:11:54.088 W/installd( 348): Ignoring /data/user_de/0/com.android.packageinstaller/lib with unexpected GID 0 instead of 1000
05-28 18:11:54.090 W/installd( 348): Ignoring /data/user_de/0/com.android.networkstack.tethering/lib with unexpected GID 0 instead of 1073
05-28 18:11:54.100 V/UserManagerService( 470): Checking that all system packages are whitelisted.
05-28 18:11:54.104 W/installd( 348): Ignoring /data/user_de/0/com.android.bluetooth/lib with unexpected GID 0 instead of 1002
05-28 18:11:54.107 W/UserManagerService( 470): checkWhitelistedSystemPackages(mode=ENFORCE|IMPLICIT_WHITELIST|IMPLICIT_WHITELIST_SYSTEM) has 55 warnings:
05-28 18:11:54.107 W/UserManagerService( 470): com.android.internal.display.cutout.emulation.corner is allowlisted but not present.
05-28 18:11:54.107 W/UserManagerService( 470): com.android.internal.display.cutout.emulation.double is allowlisted but not present.
05-28 18:11:54.107 W/UserManagerService( 470): com.android.theme.color.amethyst is allowlisted but not present.
05-28 18:11:54.107 W/UserManagerService( 470): com.android.theme.icon.pebble is allowlisted but not present.
05-28 18:11:54.107 W/UserManagerService( 470): com.android.theme.color.sand is allowlisted but not present.
05-28 18:11:54.107 W/UserManagerService( 470): com.android.theme.icon.vessel is allowlisted but not present.
05-28 18:11:54.107 W/UserManagerService( 470): com.android.theme.color.cinnamon is allowlisted but not present.
05-28 18:11:54.107 W/UserManagerService( 470): com.android.theme.icon_pack.victor.settings is allowlisted but not present.
05-28 18:11:54.107 W/UserManagerService( 470): com.android.theme.icon_pack.rounded.systemui is allowlisted but not present.
05-28 18:11:54.107 W/UserManagerService( 470): com.android.theme.icon.taperedrect is allowlisted but not present.
05-28 18:11:54.107 W/UserManagerService( 470): com.android.theme.icon_pack.rounded.android is allowlisted but not present.
05-28 18:11:54.107 W/UserManagerService( 470): com.android.theme.icon_pack.victor.systemui is allowlisted but not present.
05-28 18:11:54.107 W/UserManagerService( 470): com.android.theme.icon_pack.circular.themepicker is allowlisted but not present.
05-28 18:11:54.107 W/UserManagerService( 470): com.android.theme.color.tangerine is allowlisted but not present.
05-28 18:11:54.107 W/UserManagerService( 470): com.android.theme.color.aquamarine is allowlisted but not present.
05-28 18:11:54.107 W/UserManagerService( 470): com.android.internal.display.cutout.emulation.hole is allowlisted but not present.
05-28 18:11:54.107 W/UserManagerService( 470): com.android.internal.display.cutout.emulation.tall is allowlisted but not present.
05-28 18:11:54.107 W/UserManagerService( 470): com.android.theme.color.black is allowlisted but not present.
05-28 18:11:54.107 W/UserManagerService( 470): com.android.theme.color.green is allowlisted but not present.
05-28 18:11:54.107 W/UserManagerService( 470): com.android.theme.color.ocean is allowlisted but not present.
05-28 18:11:54.107 W/UserManagerService( 470): com.android.theme.color.space is allowlisted but not present.
05-28 18:11:54.107 W/UserManagerService( 470): com.android.theme.icon_pack.rounded.launcher is allowlisted but not present.
05-28 18:11:54.107 W/UserManagerService( 470): com.android.theme.icon_pack.kai.settings is allowlisted but not present.
05-28 18:11:54.107 W/UserManagerService( 470): com.android.internal.systemui.navbar.twobutton is allowlisted but not present.
05-28 18:11:54.107 W/UserManagerService( 470): com.android.theme.icon_pack.sam.settings is allowlisted but not present.
05-28 18:11:54.107 W/UserManagerService( 470): com.android.theme.icon_pack.kai.themepicker is allowlisted but not present.
05-28 18:11:54.107 W/UserManagerService( 470): com.android.theme.icon_pack.victor.launcher is allowlisted but not present.
05-28 18:11:54.107 W/UserManagerService( 470): com.android.theme.icon_pack.filled.settings is allowlisted but not present.
05-28 18:11:54.107 W/UserManagerService( 470): com.android.theme.icon_pack.kai.systemui is allowlisted but not present.
05-28 18:11:54.107 W/UserManagerService( 470): com.android.theme.icon_pack.circular.settings is allowlisted but not present.
05-28 18:11:54.107 W/UserManagerService( 470): com.android.theme.icon_pack.sam.systemui is allowlisted but not present.
05-28 18:11:54.107 W/UserManagerService( 470): com.android.theme.icon.teardrop is allowlisted but not present.
05-28 18:11:54.107 W/UserManagerService( 470): com.android.theme.icon_pack.rounded.themepicker is allowlisted but not present.
05-28 18:11:54.107 W/UserManagerService( 470): com.android.theme.icon_pack.filled.systemui is allowlisted but not present.
05-28 18:11:54.107 W/UserManagerService( 470): com.android.theme.icon_pack.sam.android is allowlisted but not present.
05-28 18:11:54.107 W/UserManagerService( 470): com.android.theme.icon_pack.filled.android is allowlisted but not present.
05-28 18:11:54.107 W/UserManagerService( 470): com.android.internal.display.cutout.emulation.waterfall is allowlisted but not present.
05-28 18:11:54.107 W/UserManagerService( 470): com.android.theme.icon_pack.circular.systemui is allowlisted but not present.
05-28 18:11:54.107 W/UserManagerService( 470): com.android.theme.icon_pack.kai.android is allowlisted but not present.
05-28 18:11:54.107 W/UserManagerService( 470): com.android.theme.icon_pack.kai.launcher is allowlisted but not present.
05-28 18:11:54.107 W/UserManagerService( 470): com.android.theme.icon_pack.sam.launcher is allowlisted but not present.
05-28 18:11:54.107 W/UserManagerService( 470): com.android.theme.icon.squircle is allowlisted but not present.
05-28 18:11:54.107 W/UserManagerService( 470): com.android.theme.icon_pack.victor.android is allowlisted but not present.
05-28 18:11:54.107 W/UserManagerService( 470): com.android.theme.color.palette is allowlisted but not present.
05-28 18:11:54.107 W/UserManagerService( 470): com.android.theme.icon_pack.filled.launcher is allowlisted but not present.
05-28 18:11:54.107 W/UserManagerService( 470): com.android.theme.color.carbon is allowlisted but not present.
05-28 18:11:54.107 W/UserManagerService( 470): com.android.theme.icon_pack.circular.launcher is allowlisted but not present.
05-28 18:11:54.107 W/UserManagerService( 470): com.android.theme.icon_pack.filled.themepicker is allowlisted but not present.
05-28 18:11:54.107 W/UserManagerService( 470): com.android.theme.icon_pack.victor.themepicker is allowlisted but not present.
05-28 18:11:54.107 W/UserManagerService( 470): com.android.theme.color.orchid is allowlisted but not present.
05-28 18:11:54.107 W/UserManagerService( 470): com.android.theme.color.purple is allowlisted but not present.
05-28 18:11:54.107 W/UserManagerService( 470): com.android.theme.icon_pack.sam.themepicker is allowlisted but not present.
05-28 18:11:54.107 W/UserManagerService( 470): com.android.theme.icon.roundedrect is allowlisted but not present.
05-28 18:11:54.107 W/UserManagerService( 470): com.android.theme.icon_pack.rounded.settings is allowlisted but not present.
05-28 18:11:54.107 W/UserManagerService( 470): com.android.theme.icon_pack.circular.android is allowlisted but not present.
05-28 18:11:54.109 I/Watchdog( 470): Resuming HandlerChecker: main thread for reason: packagemanagermain. Pause count: 0
05-28 18:11:54.110 I/SystemServerDexLoadReporter( 470): Configuring system server dex reporter
05-28 18:11:54.124 I/ServiceManager( 351): Waiting for service 'package_native' on '/dev/binder' successful after waiting 3956ms
05-28 18:11:54.125 W/AudioAnalytics( 351): (key=audio.flinger) Audioflinger constructor event detected
05-28 18:11:54.132 I/SystemServerTiming( 470): StartOtaDexOptService
05-28 18:11:54.132 I/Watchdog( 470): Pausing HandlerChecker: main thread for reason: moveab. Pause count: 1
05-28 18:11:54.134 D/OTADexopt( 470): No upgrade, skipping A/B artifacts check.
05-28 18:11:54.135 I/Watchdog( 470): Resuming HandlerChecker: main thread for reason: moveab. Pause count: 0
05-28 18:11:54.135 I/SystemServerTiming( 470): StartUserManagerService
05-28 18:11:54.135 I/SystemServiceManager( 470): Starting com.android.server.pm.UserManagerService$LifeCycle
05-28 18:11:54.136 I/SystemServerTiming( 470): InitAttributerCache
05-28 18:11:54.137 I/SystemServerTiming( 470): SetSystemProcess
05-28 18:11:54.152 I/lowmemorykiller( 178): lmkd data connection established
05-28 18:11:54.152 I/ActivityManager( 470): Connection with lmkd established
05-28 18:11:54.157 I/SystemServerTiming( 470): InitWatchdog
05-28 18:11:54.158 I/SystemServerTiming( 470): StartOverlayManagerService
05-28 18:11:54.162 V/HistoricalRegistry( 470): Interaction before persistence initialized
05-28 18:11:54.163 V/HistoricalRegistry( 470): Interaction before persistence initialized
05-28 18:11:54.165 I/cameraserver( 344): Waiting for sensor privacy service
05-28 18:11:54.168 I/audioserver( 269): Waiting for sensor privacy service
05-28 18:11:54.172 I/ServiceManager( 354): Waiting for service 'package_native' on '/dev/binder' successful after waiting 4065ms
05-28 18:11:54.181 I/init ( 1): Control message: Processed ctl.start for 'idmap2d' from pid: 470 (system_server)
05-28 18:11:54.185 I/storaged( 354): storaged: Start
05-28 18:11:54.186 E/cutils-trace( 346): Error opening trace file: No such file or directory (2)
05-28 18:11:54.217 W/idmap2d ( 346): active ffro iterator was not previously released
05-28 18:11:54.234 I/SystemServerTiming( 470): StartSensorPrivacyService
05-28 18:11:54.241 I/SystemServerTiming( 470): StartSensorService
05-28 18:11:54.241 I/SystemServiceManager( 470): Starting com.android.server.sensors.SensorService
05-28 18:11:54.242 I/SystemServerTiming( 470): startCoreServices
05-28 18:11:54.242 I/SystemServerTiming( 470): StartSystemConfigService
05-28 18:11:54.242 I/SystemServiceManager( 470): Starting com.android.server.SystemConfigService
05-28 18:11:54.243 I/SystemServerTiming( 470): StartBatteryService
05-28 18:11:54.244 I/SystemServiceManager( 470): Starting com.android.server.BatteryService
05-28 18:11:54.251 I/android_os_HwBinder( 470): HwBinder: Starting thread pool for getting: android.hardware.health@2.0::IHealth/default
05-28 18:11:54.252 I/SystemServerTimingAsync( 470): InitThreadPoolExec:StartNativeSensorService
05-28 18:11:54.252 D/SystemServerInitThreadPool( 470): Started executing StartNativeSensorService
05-28 18:11:54.252 I/SystemServerTimingAsync( 470): StartNativeSensorService
05-28 18:11:54.253 D/SensorService( 470): nuSensorService starting...
05-28 18:11:54.256 I/hwservicemanager( 180): getTransport: Cannot find entry android.hardware.sensors@2.1::ISensors/default in either framework or device VINTF manifest.
05-28 18:11:54.259 I/hwservicemanager( 180): getTransport: Cannot find entry android.hardware.sensors@2.0::ISensors/default in either framework or device VINTF manifest.
05-28 18:11:54.262 I/hwservicemanager( 180): getTransport: Cannot find entry android.hardware.sensors@1.0::ISensors/default in either framework or device VINTF manifest.
05-28 18:11:54.271 W/healthd ( 260): battery none chg=
05-28 18:11:54.269 D/SystemServerInitThreadPool( 470): Finished executing StartNativeSensorService
05-28 18:11:54.271 I/android_os_HwBinder( 470): HwBinder: Starting thread pool for getting: android.hidl.manager@1.0::IServiceManager/default
05-28 18:11:54.272 I/HidlServiceManagement( 344): Registered android.frameworks.cameraservice.service@2.2::ICameraService/default
05-28 18:11:54.272 I/HealthServiceWrapper( 470): health: HealthServiceWrapper listening to instance default
05-28 18:11:54.272 I/BatteryService( 470): health: Waited 0ms and received the update.
05-28 18:11:54.274 I/SystemServerTiming( 470): StartUsageService
05-28 18:11:54.274 I/SystemServiceManager( 470): Starting com.android.server.usage.UsageStatsService
05-28 18:11:54.275 I/CameraService( 344): CameraService pinged cameraservice proxy
05-28 18:11:54.279 I/cameraserver( 344): ServiceManager: 0xf02d8960 done instantiate
05-28 18:11:54.280 I/android_os_HwBinder( 470): HwBinder: Starting thread pool for getting: android.hardware.health@2.0::IHealth/default
05-28 18:11:54.293 I/SystemServerTiming( 470): StartWebViewUpdateService
05-28 18:11:54.294 I/SystemServiceManager( 470): Starting com.android.server.webkit.WebViewUpdateService
05-28 18:11:54.297 I/SystemServerTiming( 470): StartCachedDeviceStateService
05-28 18:11:54.297 I/SystemServiceManager( 470): Starting com.android.server.CachedDeviceStateService
05-28 18:11:54.297 I/SystemServerTiming( 470): StartBinderCallsStatsService
05-28 18:11:54.298 I/SystemServiceManager( 470): Starting com.android.server.BinderCallsStatsService$LifeCycle
05-28 18:11:54.300 I/SystemServerTiming( 470): StartLooperStatsService
05-28 18:11:54.300 I/SystemServiceManager( 470): Starting com.android.server.LooperStatsService$Lifecycle
05-28 18:11:54.302 I/SystemServerTiming( 470): StartRollbackManagerService
05-28 18:11:54.303 I/SystemServiceManager( 470): Starting com.android.server.rollback.RollbackManagerService
05-28 18:11:54.306 D/installd( 348): Found quota mount /dev/block/by-name/userdata at /data
05-28 18:11:54.306 D/installd( 348): Found quota mount /dev/block/by-name/userdata at /data/user/0
05-28 18:11:54.314 I/PackageWatchdog( 470): Syncing state, reason: added new observer
05-28 18:11:54.314 I/PackageWatchdog( 470): Not pruning observers, elapsed time: 0ms
05-28 18:11:54.314 I/PackageWatchdog( 470): Saving observer state to file
05-28 18:11:54.314 I/PackageWatchdog( 470): Cancelling state sync, nothing to sync
05-28 18:11:54.322 I/SystemServerTiming( 470): StartNativeTombstoneManagerService
05-28 18:11:54.323 I/SystemServiceManager( 470): Starting com.android.server.os.NativeTombstoneManagerService
05-28 18:11:54.326 I/SystemServerTiming( 470): StartBugreportManagerService
05-28 18:11:54.327 I/SystemServiceManager( 470): Starting com.android.server.os.BugreportManagerService
05-28 18:11:54.331 I/SystemServerTiming( 470): GpuService
05-28 18:11:54.332 I/SystemServiceManager( 470): Starting com.android.server.gpu.GpuService
05-28 18:11:54.332 I/SystemServerTiming( 470): startOtherServices
05-28 18:11:54.335 I/SystemServerTimingAsync( 470): InitThreadPoolExec:SecondaryZygotePreload
05-28 18:11:54.335 D/SystemServerInitThreadPool( 470): Started executing SecondaryZygotePreload
05-28 18:11:54.336 I/SystemServer( 470): SecondaryZygotePreload
05-28 18:11:54.336 I/SystemServerTimingAsync( 470): SecondaryZygotePreload
05-28 18:11:54.340 I/Zygote ( 243): Lazily preloading resources.
05-28 18:11:54.340 D/Zygote ( 243): begin preload
05-28 18:11:54.340 I/Zygote ( 243): Calling ZygoteHooks.beginPreload()
05-28 18:11:54.349 I/SystemServerTiming( 470): StartKeyAttestationApplicationIdProviderService
05-28 18:11:54.354 I/SystemServerTiming( 470): StartKeyChainSystemService
05-28 18:11:54.354 I/SystemServiceManager( 470): Starting com.android.server.security.KeyChainSystemService
05-28 18:11:54.357 I/SystemServerTiming( 470): StartSchedulingPolicyService
05-28 18:11:54.359 I/SystemServerTimingAsync( 470): InitThreadPoolExec:SchedulingPolicyService.
05-28 18:11:54.359 D/SystemServerInitThreadPool( 470): Started executing SchedulingPolicyService.
05-28 18:11:54.359 I/SystemServerTiming( 470): StartTelecomLoaderService
05-28 18:11:54.359 I/SystemServiceManager( 470): Starting com.android.server.telecom.TelecomLoaderService
05-28 18:11:54.362 I/SystemServerTiming( 470): StartTelephonyRegistry
05-28 18:11:54.368 I/rainbow_flow( 323): type=1400 audit(0.0:317): avc: denied { ioctl } for path="/dev/spidev1.0" dev="tmpfs" ino=5872 ioctlcmd=0x6b00 scontext=u:r:init:s0 tcontext=u:object_r:device:s0 tclass=chr_file permissive=1
05-28 18:11:54.370 I/SchedulingPolicyService( 470): Moving 374 back to group default
05-28 18:11:54.373 I/SystemServerTiming( 470): StartEntropyMixer
05-28 18:11:54.390 D/SystemServerInitThreadPool( 470): Finished executing SchedulingPolicyService.
05-28 18:11:54.392 I/EntropyMixer( 470): Writing entropy...
05-28 18:11:54.395 I/SystemServerTiming( 470): StartAccountManagerService
05-28 18:11:54.395 I/SystemServiceManager( 470): Starting com.android.server.accounts.AccountManagerService$Lifecycle
05-28 18:11:54.402 D/CompatibilityChangeReporter( 470): Compat change id reported: 148180766; UID 1000; state: ENABLED
05-28 18:11:54.406 I/SystemServerTiming( 470): StartContentService
05-28 18:11:54.407 I/SystemServiceManager( 470): Starting com.android.server.content.ContentService$Lifecycle
05-28 18:11:54.411 I/SystemServerTiming( 470): InstallSystemProviders
05-28 18:11:54.426 I/system_server( 470): Background concurrent copying GC freed 99067(4255KB) AllocSpace objects, 18(464KB) LOS objects, 49% free, 6704KB/13MB, paused 1.038ms total 365.913ms
05-28 18:11:54.495 W/SettingsState( 470): No settings state /data/system/users/0/settings_config.xml
05-28 18:11:54.501 I/SettingsState( 470): directory info for directory/file /data/system/users/0/settings_config.xml with stacktrace
05-28 18:11:54.501 I/SettingsState( 470): java.lang.Exception
05-28 18:11:54.501 I/SettingsState( 470): at com.android.providers.settings.SettingsState.logSettingsDirectoryInformation(SettingsState.java:877)
05-28 18:11:54.501 I/SettingsState( 470): at com.android.providers.settings.SettingsState.readStateSyncLocked(SettingsState.java:1008)
05-28 18:11:54.501 I/SettingsState( 470): at com.android.providers.settings.SettingsState.(SettingsState.java:283)
05-28 18:11:54.501 I/SettingsState( 470): at com.android.providers.settings.SettingsProvider$SettingsRegistry.ensureSettingsStateLocked(SettingsProvider.java:2884)
05-28 18:11:54.501 I/SettingsState( 470): at com.android.providers.settings.SettingsProvider$SettingsRegistry.ensureSettingsForUserLocked(SettingsProvider.java:2849)
05-28 18:11:54.501 I/SettingsState( 470): at com.android.providers.settings.SettingsProvider$SettingsRegistry.peekSettingsStateLocked(SettingsProvider.java:3201)
05-28 18:11:54.501 I/SettingsState( 470): at com.android.providers.settings.SettingsProvider$SettingsRegistry.getSettingsNamesLocked(SettingsProvider.java:2814)
05-28 18:11:54.501 I/SettingsState( 470): at com.android.providers.settings.SettingsProvider$SettingsRegistry.syncSsaidTableOnStartLocked(SettingsProvider.java:2797)
05-28 18:11:54.501 I/SettingsState( 470): at com.android.providers.settings.SettingsProvider$SettingsRegistry.access$100(SettingsProvider.java:2667)
05-28 18:11:54.501 I/SettingsState( 470): at com.android.providers.settings.SettingsProvider.onCreate(SettingsProvider.java:397)
05-28 18:11:54.501 I/SettingsState( 470): at android.content.ContentProvider.attachInfo(ContentProvider.java:2404)
05-28 18:11:54.501 I/SettingsState( 470): at android.content.ContentProvider.attachInfo(ContentProvider.java:2374)
05-28 18:11:54.501 I/SettingsState( 470): at android.app.ActivityThread.installProvider(ActivityThread.java:7437)
05-28 18:11:54.501 I/SettingsState( 470): at android.app.ActivityThread.installContentProviders(ActivityThread.java:6954)
05-28 18:11:54.501 I/SettingsState( 470): at android.app.ActivityThread.installSystemProviders(ActivityThread.java:7624)
05-28 18:11:54.501 I/SettingsState( 470): at com.android.server.am.ContentProviderHelper.installSystemProviders(ContentProviderHelper.java:1247)
05-28 18:11:54.501 I/SettingsState( 470): at com.android.server.SystemServer.startOtherServices(SystemServer.java:1507)
05-28 18:11:54.501 I/SettingsState( 470): at com.android.server.SystemServer.run(SystemServer.java:928)
05-28 18:11:54.501 I/SettingsState( 470): at com.android.server.SystemServer.main(SystemServer.java:628)
05-28 18:11:54.501 I/SettingsState( 470): at java.lang.reflect.Method.invoke(Native Method)
05-28 18:11:54.501 I/SettingsState( 470): at com.android.internal.os.RuntimeInit$MethodAndArgsCaller.run(RuntimeInit.java:548)
05-28 18:11:54.501 I/SettingsState( 470): at com.android.internal.os.ZygoteInit.main(ZygoteInit.java:1160)
05-28 18:11:54.501 I/SettingsState( 470): ancestor directory /data/system/users/0 exists
05-28 18:11:54.501 I/SettingsState( 470): ancestor directory /data/system/users/0 permissions: r: true w: true x: true
05-28 18:11:54.501 I/SettingsState( 470): ancestor's parent directory /data/system/users permissions: r: true w: true x: true
05-28 18:11:54.508 I/Zygote ( 243): Preloading classes...
05-28 18:11:54.560 D/ActivityManager( 470): Freezer enabled
05-28 18:11:54.561 I/SystemServerTiming( 470): StartDropBoxManager
05-28 18:11:54.562 I/SystemServiceManager( 470): Starting com.android.server.DropBoxManagerService
05-28 18:11:54.564 I/SystemServerTiming( 470): StartRoleManagerService
05-28 18:11:54.565 I/SystemServiceManager( 470): Starting com.android.role.RoleService
05-28 18:11:54.567 D/ActivityManager( 470): freezer override set to false
05-28 18:11:54.578 I/SystemServerTiming( 470): StartVibratorManagerService
05-28 18:11:54.578 I/SystemServiceManager( 470): Starting com.android.server.vibrator.VibratorManagerService$Lifecycle
05-28 18:11:54.583 E/servicemanager( 179): Could not find android.hardware.vibrator.IVibratorManager/default in the VINTF manifest.
05-28 18:11:54.584 E/servicemanager( 179): Could not find android.hardware.vibrator.IVibrator/default in the VINTF manifest.
05-28 18:11:54.585 I/hwservicemanager( 180): getTransport: Cannot find entry android.hardware.vibrator@1.0::IVibrator/default in either framework or device VINTF manifest.
05-28 18:11:54.588 I/SystemServerTiming( 470): StartDynamicSystemService
05-28 18:11:54.590 I/SystemServerTiming( 470): StartConsumerIrService
05-28 18:11:54.591 I/hwservicemanager( 180): getTransport: Cannot find entry android.hardware.ir@1.0::IConsumerIr/default in either framework or device VINTF manifest.
05-28 18:11:54.593 I/SystemServerTiming( 470): StartAlarmManagerService
05-28 18:11:54.595 I/SystemServiceManager( 470): Starting com.android.server.alarm.AlarmManagerService
05-28 18:11:54.601 I/Typeface( 243): Preloading /system/fonts/Roboto-Regular.ttf
05-28 18:11:54.601 D/Sunxi_PQ( 274): has no clients connectted, close the socket.
05-28 18:11:54.600 I/xiriservice_All( 332): type=1400 audit(0.0:318): avc: denied { read } for scontext=u:r:init:s0 tcontext=u:r:init:s0 tclass=netlink_kobject_uevent_socket permissive=1
05-28 18:11:54.602 I/Typeface( 243): Preloading /system/fonts/RobotoStatic-Regular.ttf
05-28 18:11:54.604 D/XM_HIDREAD( 318): add@ add@/devices/virtual/wakeup/wakeup13
05-28 18:11:54.607 D/XM_HIDREAD( 318): add@ add@/devices/virtual/wakeup/wakeup14
05-28 18:11:54.608 I/EventThread( 263): type=1400 audit(0.0:319): avc: denied { search } for name="extcon" dev="sysfs" ino=18109 scontext=u:r:hal_tv_cec_default:s0 tcontext=u:object_r:sysfs_extcon:s0 tclass=dir permissive=1
05-28 18:11:54.612 D/XM_HIDREAD( 318): add@ add@/devices/virtual/wakeup/wakeup15
05-28 18:11:54.613 D/XM_HIDREAD( 318): add@ add@/devices/virtual/wakeup/wakeup16
05-28 18:11:54.614 D/XM_HIDREAD( 318): add@ add@/devices/virtual/wakeup/wakeup17
05-28 18:11:54.614 D/XM_HIDREAD( 318): add@ add@/devices/virtual/wakeup/wakeup18
05-28 18:11:54.615 D/XM_HIDREAD( 318): add@ add@/devices/virtual/wakeup/wakeup19
05-28 18:11:54.616 D/AlarmManagerService( 470): Kernel timezone updated to -480 minutes west of GMT
05-28 18:11:54.617 D/CompatibilityChangeReporter( 470): Compat change id reported: 160794467; UID 1000; state: ENABLED
05-28 18:11:54.624 I/SystemServerTiming( 470): StartInputManagerService
05-28 18:11:54.626 I/InputManager( 470): Initializing input manager, mUseDevInputEventForAudioJack=true
05-28 18:11:54.636 D/XM_HIDREAD( 318): add@ add@/devices/virtual/wakeup/wakeup20
05-28 18:11:54.637 D/XM_HIDREAD( 318): add@ add@/devices/virtual/wakeup/wakeup21
05-28 18:11:54.638 D/XM_HIDREAD( 318): add@ add@/devices/virtual/wakeup/wakeup22
05-28 18:11:54.648 I/ServiceManager( 241): Waiting for service 'statscompanion' on '/dev/binder'...
05-28 18:11:54.652 I/SystemServerTiming( 470): DeviceStateManagerService
05-28 18:11:54.652 I/SystemServiceManager( 470): Starting com.android.server.devicestate.DeviceStateManagerService
05-28 18:11:54.661 I/SystemServerTiming( 470): StartCameraServiceProxy
05-28 18:11:54.662 I/SystemServiceManager( 470): Starting com.android.server.camera.CameraServiceProxy
05-28 18:11:54.665 I/SystemServerTiming( 470): StartWindowManagerService
05-28 18:11:54.665 I/SystemServiceManager( 470): Starting phase 200
05-28 18:11:54.665 I/SystemServerTiming( 470): OnBootPhase_200
05-28 18:11:54.668 I/WindowManager( 470): No existing display settings, starting empty
05-28 18:11:54.669 I/WindowManager( 470): No existing display settings, starting empty
05-28 18:11:54.689 I/WindowTracing( 470): Setting window tracing log level to 1
05-28 18:11:54.693 I/WindowTracing( 470): Setting window tracing buffer capacity to 2097152bytes
05-28 18:11:54.722 I/SystemServerTiming( 470): SetWindowManagerService
05-28 18:11:54.730 I/InputDispatcher( 470): Created monitor PointerEventDispatcher0 for display 0, gesture=false, pid=470
05-28 18:11:54.767 I/Typeface( 243): Preloading /system/fonts/NotoSansCJK-Regular.ttc
05-28 18:11:54.768 I/Typeface( 243): Preloading /system/fonts/NotoSerifCJK-Regular.ttc
05-28 18:11:54.779 I/gralloc ( 256): alloc buffer:W:1920 H:1080 S:1920 PL[1920 1080] SZ:8294400 fmt:43 if:0 af:43 usg:20000b00 fg:00000004
05-28 18:11:54.812 I/ActivityTaskManager( 470): Loaded persisted task ids for user 0
05-28 18:11:54.817 I/SystemServerTiming( 470): WindowManagerServiceOnInitReady
05-28 18:11:54.835 D/ExtconUEventObserver( 470): FilenameExtconByName: /sys/class/extcon/extcon0
05-28 18:11:54.836 E/ActivityRecognitionHardware( 243): activity_recognition HAL is deprecated. class_init is effectively a no-op
05-28 18:11:54.837 W/WindowManager( 470): /sys/class/extcon/hdmi/state not found while attempting to determine initial state
05-28 18:11:54.837 W/WindowManager( 470): java.io.FileNotFoundException: /sys/class/extcon/hdmi/state: open failed: ENOENT (No such file or directory)
05-28 18:11:54.837 W/WindowManager( 470): at libcore.io.IoBridge.open(IoBridge.java:575)
05-28 18:11:54.837 W/WindowManager( 470): at java.io.FileInputStream.(FileInputStream.java:160)
05-28 18:11:54.837 W/WindowManager( 470): at android.os.FileUtils.readTextFile(FileUtils.java:637)
05-28 18:11:54.837 W/WindowManager( 470): at com.android.server.ExtconStateObserver.parseStateFromFile(ExtconStateObserver.java:49)
05-28 18:11:54.837 W/WindowManager( 470): at com.android.server.policy.PhoneWindowManager$HdmiVideoExtconUEventObserver.init(PhoneWindowManager.java:5666)
05-28 18:11:54.837 W/WindowManager( 470): at com.android.server.policy.PhoneWindowManager$HdmiVideoExtconUEventObserver.access$5200(PhoneWindowManager.java:5658)
05-28 18:11:54.837 W/WindowManager( 470): at com.android.server.policy.PhoneWindowManager.initializeHdmiStateInternal(PhoneWindowManager.java:3425)
05-28 18:11:54.837 W/WindowManager( 470): at com.android.server.policy.PhoneWindowManager.initializeHdmiState(PhoneWindowManager.java:3389)
05-28 18:11:54.837 W/WindowManager( 470): at com.android.server.policy.PhoneWindowManager.init(PhoneWindowManager.java:1821)
05-28 18:11:54.837 W/WindowManager( 470): at com.android.server.policy.TvWindowManager.init(TvWindowManager.java:259)
05-28 18:11:54.837 W/WindowManager( 470): at com.android.server.wm.WindowManagerService$5.run(WindowManagerService.java:1199)
05-28 18:11:54.837 W/WindowManager( 470): at android.os.Handler$BlockingRunnable.run(Handler.java:961)
05-28 18:11:54.837 W/WindowManager( 470): at android.os.Handler.handleCallback(Handler.java:938)
05-28 18:11:54.837 W/WindowManager( 470): at android.os.Handler.dispatchMessage(Handler.java:99)
05-28 18:11:54.837 W/WindowManager( 470): at android.os.Looper.loopOnce(Looper.java:201)
05-28 18:11:54.837 W/WindowManager( 470): at android.os.Looper.loop(Looper.java:288)
05-28 18:11:54.837 W/WindowManager( 470): at android.os.HandlerThread.run(HandlerThread.java:67)
05-28 18:11:54.837 W/WindowManager( 470): at com.android.server.ServiceThread.run(ServiceThread.java:44)
05-28 18:11:54.837 W/WindowManager( 470): at com.android.server.UiThread.run(UiThread.java:45)
05-28 18:11:54.837 W/WindowManager( 470): Caused by: android.system.ErrnoException: open failed: ENOENT (No such file or directory)
05-28 18:11:54.837 W/WindowManager( 470): at libcore.io.Linux.open(Native Method)
05-28 18:11:54.837 W/WindowManager( 470): at libcore.io.ForwardingOs.open(ForwardingOs.java:567)
05-28 18:11:54.837 W/WindowManager( 470): at libcore.io.BlockGuardOs.open(BlockGuardOs.java:273)
05-28 18:11:54.837 W/WindowManager( 470): at libcore.io.IoBridge.open(IoBridge.java:561)
05-28 18:11:54.837 W/WindowManager( 470): ... 18 more
05-28 18:11:54.845 D/com_softwinner_gpio( 470): Gpio JNI_OnLoad()
05-28 18:11:54.845 D/com_softwinner_gpio( 470): init
05-28 18:11:54.846 E/SELinux ( 179): avc: denied { find } for pid=470 uid=1000 name=softwinner.gpio scontext=u:r:system_server:s0 tcontext=u:object_r:default_android_service:s0 tclass=service_manager permissive=1
05-28 18:11:54.848 I/SystemServerTimingAsync( 470): InitThreadPoolExec:StartHidlServices
05-28 18:11:54.848 D/SystemServerInitThreadPool( 470): Started executing StartHidlServices
05-28 18:11:54.848 I/SystemServerTimingAsync( 470): StartHidlServices
05-28 18:11:54.848 I/SystemServerTiming( 470): StartInputManager
05-28 18:11:54.848 I/InputManager( 470): Starting input manager
05-28 18:11:54.850 I/HidlServiceManagement( 470): Registered android.frameworks.sensorservice@1.0::ISensorManager/default
05-28 18:11:54.852 I/hwservicemanager( 180): getTransport: Cannot find entry android.frameworks.schedulerservice@1.0::ISchedulingPolicyService/default in either framework or device VINTF manifest.
05-28 18:11:54.852 W/system_server( 470): android.frameworks.schedulerservice@1.0::ISchedulingPolicyService is deprecated. Skipping registration.
05-28 18:11:54.852 D/SystemServerInitThreadPool( 470): Finished executing StartHidlServices
05-28 18:11:54.853 D/EventHub( 470): No input device configuration file found for device 'sunxi-ir-uinput'.
05-28 18:11:54.856 I/InputManager( 470): Enabling motion classifier because just booted: feature enabled, long press timeout = 400
05-28 18:11:54.856 I/InputClassifier( 470): Enabling motion classifier
05-28 18:11:54.858 I/SystemServerTiming( 470): DisplayManagerWindowManagerAndInputReady
05-28 18:11:54.859 I/LogicalDisplayMapper( 470): Requesting Transition to state: 0
05-28 18:11:54.859 I/LogicalDisplayMapper( 470): Applying layout: [{addr: {port=0}, dispId: 0(ON)}], Previous layout: [{addr: {port=0}, dispId: 0(ON)}]
05-28 18:11:54.860 I/SystemServerTiming( 470): StartBluetoothService
05-28 18:11:54.860 I/SystemServiceManager( 470): Starting com.android.server.BluetoothService
05-28 18:11:54.862 I/hwservicemanager( 180): getTransport: Cannot find entry android.hardware.input.classifier@1.0::IInputClassifier/default in either framework or device VINTF manifest.
05-28 18:11:54.863 I/EventHub( 470): usingClockIoctl=true
05-28 18:11:54.863 I/EventHub( 470): New device: id=1, fd=164, path='/dev/input/event1', name='sunxi-ir-uinput', classes=KEYBOARD | ALPHAKEY | CURSOR | DPAD, configuration='', keyLayout='/system/usr/keylayout/sunxi-ir-uinput.kl', keyCharacterMap='/system/usr/keychars/Generic.kcm', builtinKeyboard=false,
05-28 18:11:54.863 D/XM_HIDREAD( 318): add@ add@/devices/virtual/wakeup/wakeup23
05-28 18:11:54.863 D/BluetoothManagerService( 470): Loading stored name and address
05-28 18:11:54.863 D/BluetoothManagerService( 470): Stored bluetooth Name=DBBOX-A2,Address=B4:2F:03:15:A3:36
05-28 18:11:54.863 D/BluetoothManagerService( 470): Bluetooth persisted state: 1
05-28 18:11:54.863 D/EventHub( 470): No input device configuration file found for device 'sunxi-ir'.
05-28 18:11:54.863 D/BluetoothManagerService( 470): Startup: Bluetooth persisted state is ON.
05-28 18:11:54.864 D/BluetoothManagerService( 470): Detected SystemUiUid: 10067
05-28 18:11:54.864 I/SystemServerTiming( 470): IpConnectivityMetrics
05-28 18:11:54.864 I/SystemServiceManager( 470): Starting com.android.server.connectivity.IpConnectivityMetrics
05-28 18:11:54.865 I/SystemServerTiming( 470): NetworkWatchlistService
05-28 18:11:54.865 I/SystemServiceManager( 470): Starting com.android.server.net.watchlist.NetworkWatchlistService$Lifecycle
05-28 18:11:54.866 I/InputClassifier( 470): Could not obtain InputClassifier HAL
05-28 18:11:54.873 I/EventHub( 470): usingClockIoctl=true
05-28 18:11:54.873 I/EventHub( 470): New device: id=2, fd=165, path='/dev/input/event0', name='sunxi-ir', classes=KEYBOARD, configuration='', keyLayout='/system/usr/keylayout/sunxi-ir.kl', keyCharacterMap='/system/usr/keychars/Generic.kcm', builtinKeyboard=false,
05-28 18:11:54.873 D/XM_HIDREAD( 318): add@ add@/devices/virtual/wakeup/wakeup24
05-28 18:11:54.874 I/WatchlistSettings( 470): Reload watchlist settings done
05-28 18:11:54.876 I/SystemServerTiming( 470): PinnerService
05-28 18:11:54.876 I/SystemServiceManager( 470): Starting com.android.server.PinnerService
05-28 18:11:54.877 V/HistoricalRegistry( 470): Interaction before persistence initialized
05-28 18:11:54.879 I/WatchlistLoggingHandler( 470): No need to aggregate record yet.
05-28 18:11:54.879 I/WatchlistLoggingHandler( 470): Milliseconds spent on tryAggregateRecords(): 0
05-28 18:11:54.880 I/SystemServerTiming( 470): IorapForwardingService
05-28 18:11:54.880 I/SystemServiceManager( 470): Starting com.google.android.startop.iorap.IorapForwardingService
05-28 18:11:54.882 W/IorapForwardingService( 470): No service published for: iorapd
05-28 18:11:54.882 I/InputReader( 470): Device added: id=-1, eventHubId=-1, name='Virtual', descriptor='a718a782d34bc767f4689c232d64d527998ea7fd',sources=0x00000301
05-28 18:11:54.882 I/InputReader( 470): Device added: id=2, eventHubId=2, name='sunxi-ir', descriptor='485d69228e24f5e46da1598745890b214130dbc4',sources=0x00000101
05-28 18:11:54.882 I/SystemServerTiming( 470): SignedConfigService
05-28 18:11:54.883 I/SystemServerTiming( 470): AppIntegrityService
05-28 18:11:54.883 I/SystemServiceManager( 470): Starting com.android.server.integrity.AppIntegrityManagerService
05-28 18:11:54.883 W/InputReader( 470): Can't find the designated viewport with ID 0 to update cursor input mapper. Fall back to default display
05-28 18:11:54.883 E/InputReader( 470): Still can't find a viable viewport to update cursor input mapper. Skip setting it to PointerController.
05-28 18:11:54.883 I/InputReader( 470): Device added: id=3, eventHubId=1, name='sunxi-ir-uinput', descriptor='0a253e777d1b2169367be63d7c9054e7991953a6',sources=0x00002303
05-28 18:11:54.886 E/IntegrityFileManager( 470): Error creating staging and rules directory
05-28 18:11:54.889 I/WindowManager( 470): SAFE MODE not enabled
05-28 18:11:54.890 I/SystemServerTiming( 470): StartInputMethodManagerLifecycle
05-28 18:11:54.890 I/SystemServiceManager( 470): Starting com.android.server.inputmethod.InputMethodManagerService$Lifecycle
05-28 18:11:54.895 I/SystemServerTiming( 470): StartAccessibilityManagerService
05-28 18:11:54.896 I/SystemServiceManager( 470): Starting com.android.server.accessibility.AccessibilityManagerService$Lifecycle
05-28 18:11:54.908 I/SystemServerTiming( 470): MakeDisplayReady
05-28 18:11:54.911 W/InputReader( 470): Device sunxi-ir-uinput is associated with display ADISPLAY_ID_NONE.
05-28 18:11:54.911 W/InputReader( 470): Device sunxi-ir-uinput is associated with display ADISPLAY_ID_NONE.
05-28 18:11:54.912 I/ActivityTaskManager( 470): Config changes=20005df8 {1.0 ?mcc?mnc [zh_CN] ldltr sw720dp w1280dp h696dp 240dpi xlrg long land ?uimode ?night -touch qwerty/v/v dpad/v winConfig={ mBounds=Rect(0, 0 - 1920, 1080) mAppBounds=Rect(0, 0 - 1920, 1080) mMaxBounds=Rect(0, 0 - 1920, 1080) mWindowingMode=fullscreen mDisplayWindowingMode=fullscreen mActivityType=undefined mAlwaysOnTop=undefined mRotation=ROTATION_0} s.2 ?fontWeightAdjustment}
05-28 18:11:54.918 I/WindowManager( 470): Override config changes=60007dfc {1.0 ?mcc?mnc [zh_CN] ldltr sw720dp w1280dp h696dp 240dpi xlrg long land ?uimode ?night -touch qwerty/v/v dpad/v winConfig={ mBounds=Rect(0, 0 - 1920, 1080) mAppBounds=Rect(0, 0 - 1920, 1080) mMaxBounds=Rect(0, 0 - 1920, 1080) mWindowingMode=fullscreen mDisplayWindowingMode=fullscreen mActivityType=undefined mAlwaysOnTop=undefined mRotation=ROTATION_0} s.2 ?fontWeightAdjustment} for displayId=0
05-28 18:11:54.930 W/InputReader( 470): Device sunxi-ir-uinput is associated with display ADISPLAY_ID_NONE.
05-28 18:11:54.931 I/SystemServerTiming( 470): StartStorageManagerService
05-28 18:11:54.931 I/SystemServiceManager( 470): Starting com.android.server.StorageManagerService$Lifecycle
05-28 18:11:54.932 I/InputManager-JNI( 470): Viewport [0] to add: local:0, isActive: false
05-28 18:11:54.937 I/init ( 1): processing action (sys.sysctl.extra_free_kbytes=*) from (/system/etc/init/hw/init.rc:1139)
05-28 18:11:54.935 I/InputReader( 470): Reconfiguring input devices, changes=DISPLAY_INFO |
05-28 18:11:54.943 D/installd( 348): Found quota mount /dev/block/by-name/userdata at /data
05-28 18:11:54.943 D/installd( 348): Found quota mount /dev/block/by-name/userdata at /data/user/0
05-28 18:11:54.953 D/XiriService( 311): check file name: /data/data/com.android.cts.priv.ctsshim/lib
05-28 18:11:54.952 I/xiriservice_All( 311): type=1400 audit(0.0:320): avc: denied { search } for name="com.android.cts.priv.ctsshim" dev="mmcblk0p25" ino=569 scontext=u:r:init:s0 tcontext=u:object_r:privapp_data_file:s0:c512,c768 tclass=dir permissive=1
05-28 18:11:54.952 I/xiriservice_All( 311): type=1400 audit(0.0:321): avc: denied { read } for name="lib" dev="mmcblk0p25" ino=10960 scontext=u:r:init:s0 tcontext=u:object_r:privapp_data_file:s0:c512,c768 tclass=lnk_file permissive=1
05-28 18:11:54.956 D/XiriService( 311): check file name: /data/data/com.android.cts.priv.ctsshim/lib
05-28 18:11:54.962 D/StorageManagerService( 470): Thinking about init, mBootCompleted=false, mDaemonConnected=true
05-28 18:11:54.963 D/StorageManagerService( 470): Thinking about reset, mBootCompleted=false, mDaemonConnected=true
05-28 18:11:54.964 I/SystemServerTiming( 470): StartStorageStatsService
05-28 18:11:54.964 I/SystemServiceManager( 470): Starting com.android.server.usage.StorageStatsService$Lifecycle
05-28 18:11:54.964 D/StorageManagerService( 470): Thinking about init, mBootCompleted=false, mDaemonConnected=true
05-28 18:11:54.964 D/StorageManagerService( 470): Thinking about reset, mBootCompleted=false, mDaemonConnected=true
05-28 18:11:54.965 D/XiriService( 311): check file name: /data/data/com.android.cts.priv.ctsshim/lib
05-28 18:11:54.965 D/XiriService( 311): check file name: /data/data/com.android.cts.priv.ctsshim/lib
05-28 18:11:54.965 D/XiriService( 311): check file name: /data/data/com.android.cts.priv.ctsshim/lib
05-28 18:11:54.966 D/XiriService( 311): check file name: /data/data/com.android.cts.priv.ctsshim/lib
05-28 18:11:54.966 D/installd( 348): Found quota mount /dev/block/by-name/userdata at /data
05-28 18:11:54.966 D/installd( 348): Found quota mount /dev/block/by-name/userdata at /data/user/0
05-28 18:11:54.966 D/XiriService( 311): check file name: /data/data/com.android.dynsystem/lib
05-28 18:11:54.966 D/XiriService( 311): check file name: /data/data/com.android.dynsystem/lib
05-28 18:11:54.967 D/XiriService( 311): check file name: /data/data/com.android.dynsystem/lib
05-28 18:11:54.968 D/installd( 348): Found quota mount /dev/block/by-name/userdata at /data
05-28 18:11:54.968 D/installd( 348): Found quota mount /dev/block/by-name/userdata at /data/user/0
05-28 18:11:54.971 I/SystemServerTiming( 470): StartUiModeManager
05-28 18:11:54.971 I/SystemServiceManager( 470): Starting com.android.server.UiModeManagerService
05-28 18:11:54.972 I/SystemServerTimingAsync( 470): InitThreadPoolExec:UiModeManager.onStart
05-28 18:11:54.972 D/SystemServerInitThreadPool( 470): Started executing UiModeManager.onStart
05-28 18:11:54.973 I/SystemServerTiming( 470): UpdatePackagesIfNeeded
05-28 18:11:54.973 I/Watchdog( 470): Pausing HandlerChecker: main thread for reason: dexopt. Pause count: 1
05-28 18:11:54.973 D/XiriService( 311): check file name: /data/data/com.android.dynsystem/lib
05-28 18:11:54.973 I/Watchdog( 470): Resuming HandlerChecker: main thread for reason: dexopt. Pause count: 0
05-28 18:11:54.973 D/XiriService( 311): check file name: /data/data/com.android.dynsystem/lib
05-28 18:11:54.974 I/SystemServerTiming( 470): PerformFstrimIfNeeded
05-28 18:11:54.974 D/XiriService( 311): check file name: /data/data/com.android.dynsystem/lib
05-28 18:11:54.974 I/SystemServerTiming( 470): StartLockSettingsService
05-28 18:11:54.974 D/XiriService( 311): check file name: /data/data/com.android.dynsystem/lib
05-28 18:11:54.974 I/SystemServiceManager( 470): Starting com.android.server.locksettings.LockSettingsService$Lifecycle
05-28 18:11:54.980 D/SystemServerInitThreadPool( 470): Finished executing UiModeManager.onStart
05-28 18:11:54.980 D/XiriService( 311): check file name: /data/data/com.dangbei.lerad.rocky/lib
05-28 18:11:54.980 D/XiriService( 311): check file name: /data/data/com.dangbei.lerad.rocky/lib
05-28 18:11:54.981 D/XiriService( 311): check file name: /data/data/com.dangbei.lerad.rocky/lib
05-28 18:11:54.981 D/XiriService( 311): check file name: /data/data/com.dangbei.lerad.rocky/lib
05-28 18:11:54.988 D/MtpDeviceJNI( 243): register_android_mtp_MtpDevice
05-28 18:11:54.992 D/XiriService( 311): check file name: /data/data/com.dangbei.lerad.rocky/lib
05-28 18:11:54.992 D/XiriService( 311): check file name: /data/data/com.dangbei.lerad.rocky/lib
05-28 18:11:54.993 D/XiriService( 311): check file name: /data/data/com.dangbei.lerad.rocky/lib
05-28 18:11:54.993 D/XiriService( 311): check file name: /data/data/com.dangbei.lerad.rocky/lib
05-28 18:11:55.000 D/XiriService( 311): check file name: /data/data/com.android.tv.settings/lib
05-28 18:11:55.000 D/XiriService( 311): check file name: /data/data/com.android.tv.settings/lib
05-28 18:11:55.001 D/XiriService( 311): check file name: /data/data/com.android.tv.settings/lib
05-28 18:11:55.001 D/XiriService( 311): check file name: /data/data/com.android.tv.settings/lib
05-28 18:11:55.002 I/SystemServerTiming( 470): StartPersistentDataBlock
05-28 18:11:55.002 I/SystemServiceManager( 470): Starting com.android.server.PersistentDataBlockService
05-28 18:11:55.003 I/SystemServerTiming( 470): StartTestHarnessMode
05-28 18:11:55.003 I/SystemServiceManager( 470): Starting com.android.server.testharness.TestHarnessModeService
05-28 18:11:55.003 I/SystemServerTimingAsync( 470): InitThreadPoolExec:PersistentDataBlockService.onStart
