05-28 18:11:56.504 I/omx_vdec_aw( 361): : OmxDecoderCreate.
05-28 18:11:56.504 W/cedarc ( 361): : cannot open /dev/sunxi_soc_info, it maybe ok!
05-28 18:11:56.504 I/cedarc ( 361): : *** ic_version = 0x3301000012011,
05-28 18:11:56.510 D/ ( 361): enable_cedar_hw_clk,516
05-28 18:11:56.505 W/omx_vdec( 361): <__AwOmxVdecSetParameter:1566>: Set Parameter called in valid state
05-28 18:11:56.506 W/omx_vdec( 361): : pParamProfileLevel->nProfileIndex[0x3] error!
05-28 18:11:56.506 E/OMXNodeInstance( 361): getParameter(0xeb262000:allwinner.decoder.avc, ParamVideoProfileLevelQuerySupported(0x600000f)) ERROR: BadParameter(0x80001005)
05-28 18:11:56.506 W/omx_vdec( 361): <__AwOmxVdecGetExtensionIndex:1741>: GetExtensionIndex OMX.google.android.index.describeColorFormat, err [0x80001001].
05-28 18:11:56.506 W/omx_vdec( 361): <__AwOmxVdecGetExtensionIndex:1741>: GetExtensionIndex OMX.google.android.index.describeColorFormat2, err [0x80001001].
05-28 18:11:56.506 E/omx_vdec( 361): : erro: pParamData->nIndex > m_sPortFormatType.nIndex
05-28 18:11:56.507 W/omx_vdec( 361): <__AwOmxVdecGetExtensionIndex:1741>: GetExtensionIndex OMX.google.android.index.describeColorFormat, err [0x80001001].
05-28 18:11:56.507 W/omx_vdec( 361): <__AwOmxVdecGetExtensionIndex:1741>: GetExtensionIndex OMX.google.android.index.describeColorFormat2, err [0x80001001].
05-28 18:11:56.507 E/omx_vdec( 361): : erro: pParamData->nIndex > m_sPortFormatType.nIndex
05-28 18:11:56.507 W/omx_vdec( 361): <__AwOmxVdecGetExtensionIndex:1741>: GetExtensionIndex OMX.google.android.index.describeColorFormat, err [0x80001001].
05-28 18:11:56.507 W/omx_vdec( 361): <__AwOmxVdecGetExtensionIndex:1741>: GetExtensionIndex OMX.google.android.index.describeColorFormat2, err [0x80001001].
05-28 18:11:56.507 E/omx_vdec( 361): : erro: pParamData->nIndex > m_sPortFormatType.nIndex
05-28 18:11:56.507 W/omx_vdec( 361): <__AwOmxVdecGetExtensionIndex:1741>: GetExtensionIndex OMX.google.android.index.describeColorFormat, err [0x80001001].
05-28 18:11:56.507 W/omx_vdec( 361): <__AwOmxVdecGetExtensionIndex:1741>: GetExtensionIndex OMX.google.android.index.describeColorFormat2, err [0x80001001].
05-28 18:11:56.507 E/omx_vdec( 361): : erro: pParamData->nIndex > m_sPortFormatType.nIndex
05-28 18:11:56.508 W/omx_vdec( 361): <__AwOmxVdecGetExtensionIndex:1741>: GetExtensionIndex OMX.google.android.index.describeColorFormat, err [0x80001001].
05-28 18:11:56.508 W/omx_vdec( 361): <__AwOmxVdecGetExtensionIndex:1741>: GetExtensionIndex OMX.google.android.index.describeColorFormat2, err [0x80001001].
05-28 18:11:56.508 E/omx_vdec( 361): : erro: pParamData->nIndex > m_sPortFormatType.nIndex
05-28 18:11:56.508 W/omx_vdec( 361): <__AwOmxVdecGetExtensionIndex:1741>: GetExtensionIndex OMX.google.android.index.describeColorFormat, err [0x80001001].
05-28 18:11:56.508 W/omx_vdec( 361): <__AwOmxVdecGetExtensionIndex:1741>: GetExtensionIndex OMX.google.android.index.describeColorFormat2, err [0x80001001].
05-28 18:11:56.508 E/omx_vdec( 361): : erro: pParamData->nIndex > m_sPortFormatType.nIndex
05-28 18:11:56.508 W/omx_vdec( 361): <__AwOmxVdecGetExtensionIndex:1741>: GetExtensionIndex OMX.google.android.index.describeColorFormat, err [0x80001001].
05-28 18:11:56.508 W/omx_vdec( 361): <__AwOmxVdecGetExtensionIndex:1741>: GetExtensionIndex OMX.google.android.index.describeColorFormat2, err [0x80001001].
05-28 18:11:56.508 E/omx_vdec( 361): : erro: pParamData->nIndex > m_sPortFormatType.nIndex
05-28 18:11:56.508 W/omx_vdec( 361): <__AwOmxVdecGetExtensionIndex:1741>: GetExtensionIndex OMX.google.android.index.describeColorFormat, err [0x80001001].
05-28 18:11:56.509 W/omx_vdec( 361): <__AwOmxVdecGetExtensionIndex:1741>: GetExtensionIndex OMX.google.android.index.describeColorFormat2, err [0x80001001].
05-28 18:11:56.509 E/omx_vdec( 361): : erro: pParamData->nIndex > m_sPortFormatType.nIndex
05-28 18:11:56.509 W/omx_vdec( 361): <__AwOmxVdecGetExtensionIndex:1741>: GetExtensionIndex OMX.google.android.index.describeColorFormat, err [0x80001001].
05-28 18:11:56.509 W/omx_vdec( 361): <__AwOmxVdecGetExtensionIndex:1741>: GetExtensionIndex OMX.google.android.index.describeColorFormat2, err [0x80001001].
05-28 18:11:56.509 E/omx_vdec( 361): : erro: pParamData->nIndex > m_sPortFormatType.nIndex
05-28 18:11:56.509 W/omx_vdec( 361): <__AwOmxVdecGetExtensionIndex:1741>: GetExtensionIndex OMX.google.android.index.describeColorFormat, err [0x80001001].
05-28 18:11:56.509 W/omx_vdec( 361): <__AwOmxVdecGetExtensionIndex:1741>: GetExtensionIndex OMX.google.android.index.describeColorFormat2, err [0x80001001].
05-28 18:11:56.509 E/omx_vdec( 361): : erro: pParamData->nIndex > m_sPortFormatType.nIndex
05-28 18:11:56.509 W/omx_vdec( 361): <__AwOmxVdecGetExtensionIndex:1741>: GetExtensionIndex OMX.google.android.index.describeColorFormat, err [0x80001001].
05-28 18:11:56.510 W/omx_vdec( 361): <__AwOmxVdecGetExtensionIndex:1741>: GetExtensionIndex OMX.google.android.index.describeColorFormat2, err [0x80001001].
05-28 18:11:56.510 E/omx_vdec( 361): : erro: pParamData->nIndex > m_sPortFormatType.nIndex
05-28 18:11:56.510 W/omx_vdec( 361): <__AwOmxVdecGetExtensionIndex:1741>: GetExtensionIndex OMX.google.android.index.describeColorFormat, err [0x80001001].
05-28 18:11:56.510 W/omx_vdec( 361): <__AwOmxVdecGetExtensionIndex:1741>: GetExtensionIndex OMX.google.android.index.describeColorFormat2, err [0x80001001].
05-28 18:11:56.510 E/omx_vdec( 361): : erro: pParamData->nIndex > m_sPortFormatType.nIndex
05-28 18:11:56.510 W/omx_vdec( 361): <__AwOmxVdecGetExtensionIndex:1741>: GetExtensionIndex OMX.google.android.index.describeColorFormat, err [0x80001001].
05-28 18:11:56.510 W/omx_vdec( 361): <__AwOmxVdecGetExtensionIndex:1741>: GetExtensionIndex OMX.google.android.index.describeColorFormat2, err [0x80001001].
05-28 18:11:56.510 E/omx_vdec( 361): : erro: pParamData->nIndex > m_sPortFormatType.nIndex
05-28 18:11:56.510 W/omx_vdec( 361): <__AwOmxVdecGetExtensionIndex:1741>: GetExtensionIndex OMX.google.android.index.describeColorFormat, err [0x80001001].
05-28 18:11:56.511 W/omx_vdec( 361): <__AwOmxVdecGetExtensionIndex:1741>: GetExtensionIndex OMX.google.android.index.describeColorFormat2, err [0x80001001].
05-28 18:11:56.511 E/omx_vdec( 361): : erro: pParamData->nIndex > m_sPortFormatType.nIndex
05-28 18:11:56.511 W/omx_vdec( 361): <__AwOmxVdecGetExtensionIndex:1741>: GetExtensionIndex OMX.google.android.index.describeColorFormat, err [0x80001001].
05-28 18:11:56.511 W/omx_vdec( 361): <__AwOmxVdecGetExtensionIndex:1741>: GetExtensionIndex OMX.google.android.index.describeColorFormat2, err [0x80001001].
05-28 18:11:56.511 E/omx_vdec( 361): : erro: pParamData->nIndex > m_sPortFormatType.nIndex
05-28 18:11:56.511 W/omx_vdec( 361): <__AwOmxVdecGetExtensionIndex:1741>: GetExtensionIndex OMX.google.android.index.describeColorFormat, err [0x80001001].
05-28 18:11:56.511 W/omx_vdec( 361): <__AwOmxVdecGetExtensionIndex:1741>: GetExtensionIndex OMX.google.android.index.describeColorFormat2, err [0x80001001].
05-28 18:11:56.511 E/omx_vdec( 361): : erro: pParamData->nIndex > m_sPortFormatType.nIndex
05-28 18:11:56.511 W/omx_vdec( 361): <__AwOmxVdecGetExtensionIndex:1741>: GetExtensionIndex OMX.google.android.index.describeColorFormat, err [0x80001001].
05-28 18:11:56.511 W/omx_vdec( 361): <__AwOmxVdecGetExtensionIndex:1741>: GetExtensionIndex OMX.google.android.index.describeColorFormat2, err [0x80001001].
05-28 18:11:56.512 E/omx_vdec( 361): : erro: pParamData->nIndex > m_sPortFormatType.nIndex
05-28 18:11:56.512 W/omx_vdec( 361): <__AwOmxVdecGetExtensionIndex:1741>: GetExtensionIndex OMX.google.android.index.describeColorFormat, err [0x80001001].
05-28 18:11:56.512 W/omx_vdec( 361): <__AwOmxVdecGetExtensionIndex:1741>: GetExtensionIndex OMX.google.android.index.describeColorFormat2, err [0x80001001].
05-28 18:11:56.512 E/omx_vdec( 361): : erro: pParamData->nIndex > m_sPortFormatType.nIndex
05-28 18:11:56.512 W/omx_vdec( 361): <__AwOmxVdecGetExtensionIndex:1741>: GetExtensionIndex OMX.google.android.index.describeColorFormat, err [0x80001001].
05-28 18:11:56.512 W/omx_vdec( 361): <__AwOmxVdecGetExtensionIndex:1741>: GetExtensionIndex OMX.google.android.index.describeColorFormat2, err [0x80001001].
05-28 18:11:56.512 E/omx_vdec( 361): : erro: pParamData->nIndex > m_sPortFormatType.nIndex
05-28 18:11:56.512 W/omx_vdec( 361): <__AwOmxVdecGetExtensionIndex:1741>: GetExtensionIndex OMX.google.android.index.describeColorFormat, err [0x80001001].
05-28 18:11:56.512 W/omx_vdec( 361): <__AwOmxVdecGetExtensionIndex:1741>: GetExtensionIndex OMX.google.android.index.describeColorFormat2, err [0x80001001].
05-28 18:11:56.513 E/omx_vdec( 361): : erro: pParamData->nIndex > m_sPortFormatType.nIndex
05-28 18:11:56.513 W/omx_vdec( 361): <__AwOmxVdecGetExtensionIndex:1741>: GetExtensionIndex OMX.google.android.index.describeColorFormat, err [0x80001001].
05-28 18:11:56.513 W/omx_vdec( 361): <__AwOmxVdecGetExtensionIndex:1741>: GetExtensionIndex OMX.google.android.index.describeColorFormat2, err [0x80001001].
05-28 18:11:56.513 E/omx_vdec( 361): : erro: pParamData->nIndex > m_sPortFormatType.nIndex
05-28 18:11:56.513 W/omx_vdec( 361): <__AwOmxVdecGetExtensionIndex:1741>: GetExtensionIndex OMX.google.android.index.describeColorFormat, err [0x80001001].
05-28 18:11:56.513 W/omx_vdec( 361): <__AwOmxVdecGetExtensionIndex:1741>: GetExtensionIndex OMX.google.android.index.describeColorFormat2, err [0x80001001].
05-28 18:11:56.513 E/omx_vdec( 361): : erro: pParamData->nIndex > m_sPortFormatType.nIndex
05-28 18:11:56.513 W/omx_vdec( 361): <__AwOmxVdecGetExtensionIndex:1741>: GetExtensionIndex OMX.google.android.index.describeColorFormat, err [0x80001001].
05-28 18:11:56.513 W/omx_vdec( 361): <__AwOmxVdecGetExtensionIndex:1741>: GetExtensionIndex OMX.google.android.index.describeColorFormat2, err [0x80001001].
05-28 18:11:56.514 E/omx_vdec( 361): : erro: pParamData->nIndex > m_sPortFormatType.nIndex
05-28 18:11:56.514 W/omx_vdec( 361): <__AwOmxVdecGetExtensionIndex:1741>: GetExtensionIndex OMX.google.android.index.describeColorFormat, err [0x80001001].
05-28 18:11:56.514 W/omx_vdec( 361): <__AwOmxVdecGetExtensionIndex:1741>: GetExtensionIndex OMX.google.android.index.describeColorFormat2, err [0x80001001].
05-28 18:11:56.514 E/omx_vdec( 361): : erro: pParamData->nIndex > m_sPortFormatType.nIndex
05-28 18:11:56.514 W/omx_vdec( 361): <__AwOmxVdecGetExtensionIndex:1741>: GetExtensionIndex OMX.google.android.index.describeColorFormat, err [0x80001001].
05-28 18:11:56.514 W/omx_vdec( 361): <__AwOmxVdecGetExtensionIndex:1741>: GetExtensionIndex OMX.google.android.index.describeColorFormat2, err [0x80001001].
05-28 18:11:56.514 E/omx_vdec( 361): : erro: pParamData->nIndex > m_sPortFormatType.nIndex
05-28 18:11:56.514 W/omx_vdec( 361): <__AwOmxVdecGetExtensionIndex:1741>: GetExtensionIndex OMX.google.android.index.describeColorFormat, err [0x80001001].
05-28 18:11:56.514 W/omx_vdec( 361): <__AwOmxVdecGetExtensionIndex:1741>: GetExtensionIndex OMX.google.android.index.describeColorFormat2, err [0x80001001].
05-28 18:11:56.514 E/omx_vdec( 361): : erro: pParamData->nIndex > m_sPortFormatType.nIndex
05-28 18:11:56.515 W/omx_vdec( 361): <__AwOmxVdecGetExtensionIndex:1741>: GetExtensionIndex OMX.google.android.index.describeColorFormat, err [0x80001001].
05-28 18:11:56.515 W/omx_vdec( 361): <__AwOmxVdecGetExtensionIndex:1741>: GetExtensionIndex OMX.google.android.index.describeColorFormat2, err [0x80001001].
05-28 18:11:56.515 E/omx_vdec( 361): : erro: pParamData->nIndex > m_sPortFormatType.nIndex
05-28 18:11:56.515 W/omx_vdec( 361): <__AwOmxVdecGetExtensionIndex:1741>: GetExtensionIndex OMX.google.android.index.describeColorFormat, err [0x80001001].
05-28 18:11:56.515 W/omx_vdec( 361): <__AwOmxVdecGetExtensionIndex:1741>: GetExtensionIndex OMX.google.android.index.describeColorFormat2, err [0x80001001].
05-28 18:11:56.515 E/omx_vdec( 361): : erro: pParamData->nIndex > m_sPortFormatType.nIndex
05-28 18:11:56.515 W/omx_vdec( 361): <__AwOmxVdecGetExtensionIndex:1741>: GetExtensionIndex OMX.google.android.index.describeColorFormat, err [0x80001001].
05-28 18:11:56.515 W/omx_vdec( 361): <__AwOmxVdecGetExtensionIndex:1741>: GetExtensionIndex OMX.google.android.index.describeColorFormat2, err [0x80001001].
05-28 18:11:56.515 E/omx_vdec( 361): : erro: pParamData->nIndex > m_sPortFormatType.nIndex
05-28 18:11:56.516 W/omx_vdec( 361): <__AwOmxVdecGetExtensionIndex:1741>: GetExtensionIndex OMX.google.android.index.describeColorFormat, err [0x80001001].
05-28 18:11:56.516 W/omx_vdec( 361): <__AwOmxVdecGetExtensionIndex:1741>: GetExtensionIndex OMX.google.android.index.describeColorFormat2, err [0x80001001].
05-28 18:11:56.516 E/omx_vdec( 361): : erro: pParamData->nIndex > m_sPortFormatType.nIndex
05-28 18:11:56.516 W/omx_vdec( 361): <__AwOmxVdecGetExtensionIndex:1741>: GetExtensionIndex OMX.google.android.index.describeColorFormat, err [0x80001001].
05-28 18:11:56.516 W/omx_vdec( 361): <__AwOmxVdecGetExtensionIndex:1741>: GetExtensionIndex OMX.google.android.index.describeColorFormat2, err [0x80001001].
05-28 18:11:56.516 E/omx_vdec( 361): : erro: pParamData->nIndex > m_sPortFormatType.nIndex
05-28 18:11:56.516 W/omx_vdec( 361): <__AwOmxVdecGetExtensionIndex:1741>: GetExtensionIndex OMX.google.android.index.describeColorFormat, err [0x80001001].
05-28 18:11:56.517 W/omx_vdec( 361): <__AwOmxVdecGetExtensionIndex:1741>: GetExtensionIndex OMX.google.android.index.describeColorFormat2, err [0x80001001].
05-28 18:11:56.517 E/omx_vdec( 361): : erro: pParamData->nIndex > m_sPortFormatType.nIndex
05-28 18:11:56.517 W/omx_vdec( 361): <__AwOmxVdecGetExtensionIndex:1741>: GetExtensionIndex OMX.google.android.index.describeColorFormat, err [0x80001001].
05-28 18:11:56.517 W/omx_vdec( 361): <__AwOmxVdecGetExtensionIndex:1741>: GetExtensionIndex OMX.google.android.index.describeColorFormat2, err [0x80001001].
05-28 18:11:56.517 W/ACodec ( 352): [OMX.allwinner.video.decoder.avc] stopping checking formats after 32: COLOR_FormatYUV420Planar(13)
05-28 18:11:56.517 W/omx_vdec( 361): <__AwOmxVdecGetExtensionIndex:1741>: GetExtensionIndex OMX.google.android.index.configureVideoTunnelMode, err [0x80001001].
05-28 18:11:56.517 E/OMXNodeInstance( 361): getExtensionIndex(0xeb262000:allwinner.decoder.avc, OMX.google.android.index.configureVideoTunnelMode) ERROR: Undefined(0x80001001)
05-28 18:11:56.517 D/MediaCodecInfo( 352): detail feature-tunneled-playback wasn't present to remove
05-28 18:11:56.517 W/omx_vdec( 361): <__AwOmxVdecGetExtensionIndex:1741>: GetExtensionIndex OMX.google.android.index.storeANWBufferInMetadata, err [0x80001001].
05-28 18:11:56.517 W/omx_vdec_aw( 361): <__anSetExtPara:3004>: Setparameter: unknown param 2131755011
05-28 18:11:56.517 W/OMXNodeInstance( 361): [0xeb262000:allwinner.decoder.avc] component does not support metadata mode; using fallback
05-28 18:11:56.518 W/libc ( 361): invalid pthread_t (0) passed to pthread_join
05-28 18:11:56.518 W/libc ( 361): invalid pthread_t (0) passed to pthread_join
05-28 18:11:56.518 W/libc ( 361): invalid pthread_t (0) passed to pthread_join
05-28 18:11:56.519 I/cedarc ( 361): : not malloc locks
05-28 18:11:56.525 D/ ( 419): disable_cedar_hw_clk,546
05-28 18:11:56.522 I/OMXClient( 352): IOmx service obtained
05-28 18:11:56.523 I/OMXStore( 361): makeComponentInstance(OMX.allwinner.video.decoder.avc.secure) in android.hardwar process
05-28 18:11:56.527 E/omx_vdec( 361): : This platform does not support secure video playback
05-28 18:11:56.527 E/omx_sem ( 361): : handle is null
05-28 18:11:56.527 E/omx_sem ( 361): : handle is null
05-28 18:11:56.527 E/omx_sem ( 361): : handle is null
05-28 18:11:56.527 E/omx_sem ( 361): : handle is null
05-28 18:11:56.527 E/omx_sem ( 361): : handle is null
05-28 18:11:56.527 W/omx_vdec_aw( 361): : pdec is null
05-28 18:11:56.527 E/android.hardware.media.omx@1.0-service( 361): Failed to allocate omx component 'OMX.allwinner.video.decoder.avc.secure' err=InvalidComponentName(0x80001002)
05-28 18:11:56.528 W/OmxInfoBuilder( 352): Fail to add media type video/avc to codec OMX.allwinner.video.decoder.avc.secure
05-28 18:11:56.529 I/OMXClient( 352): IOmx service obtained
05-28 18:11:56.529 I/OMXStore( 361): makeComponentInstance(OMX.allwinner.video.decoder.hevc) in android.hardwar process
05-28 18:11:56.530 I/omx_vdec_aw( 361): : OmxDecoderCreate.
05-28 18:11:56.530 W/cedarc ( 361): : cannot open /dev/sunxi_soc_info, it maybe ok!
05-28 18:11:56.530 I/cedarc ( 361): : *** ic_version = 0x3301000012011,
05-28 18:11:56.531 W/omx_vdec( 361): <__AwOmxVdecSetParameter:1566>: Set Parameter called in valid state
05-28 18:11:56.531 W/omx_vdec( 361): : pParamProfileLevel->nProfileIndex[0x1] error!
05-28 18:11:56.531 E/OMXNodeInstance( 361): getParameter(0xeb262000:allwinner.decoder.hevc, ParamVideoProfileLevelQuerySupported(0x600000f)) ERROR: BadParameter(0x80001005)
05-28 18:11:56.531 W/omx_vdec( 361): <__AwOmxVdecGetExtensionIndex:1741>: GetExtensionIndex OMX.google.android.index.describeColorFormat, err [0x80001001].
05-28 18:11:56.531 W/omx_vdec( 361): <__AwOmxVdecGetExtensionIndex:1741>: GetExtensionIndex OMX.google.android.index.describeColorFormat2, err [0x80001001].
05-28 18:11:56.532 E/omx_vdec( 361): : erro: pParamData->nIndex > m_sPortFormatType.nIndex
05-28 18:11:56.532 W/omx_vdec( 361): <__AwOmxVdecGetExtensionIndex:1741>: GetExtensionIndex OMX.google.android.index.describeColorFormat, err [0x80001001].
05-28 18:11:56.532 W/omx_vdec( 361): <__AwOmxVdecGetExtensionIndex:1741>: GetExtensionIndex OMX.google.android.index.describeColorFormat2, err [0x80001001].
05-28 18:11:56.532 E/omx_vdec( 361): : erro: pParamData->nIndex > m_sPortFormatType.nIndex
05-28 18:11:56.532 W/omx_vdec( 361): <__AwOmxVdecGetExtensionIndex:1741>: GetExtensionIndex OMX.google.android.index.describeColorFormat, err [0x80001001].
05-28 18:11:56.532 W/omx_vdec( 361): <__AwOmxVdecGetExtensionIndex:1741>: GetExtensionIndex OMX.google.android.index.describeColorFormat2, err [0x80001001].
05-28 18:11:56.532 E/omx_vdec( 361): : erro: pParamData->nIndex > m_sPortFormatType.nIndex
05-28 18:11:56.532 W/omx_vdec( 361): <__AwOmxVdecGetExtensionIndex:1741>: GetExtensionIndex OMX.google.android.index.describeColorFormat, err [0x80001001].
05-28 18:11:56.533 W/omx_vdec( 361): <__AwOmxVdecGetExtensionIndex:1741>: GetExtensionIndex OMX.google.android.index.describeColorFormat2, err [0x80001001].
05-28 18:11:56.533 E/omx_vdec( 361): : erro: pParamData->nIndex > m_sPortFormatType.nIndex
05-28 18:11:56.536 D/ ( 419): enable_cedar_hw_clk,516
05-28 18:11:56.533 W/omx_vdec( 361): <__AwOmxVdecGetExtensionIndex:1741>: GetExtensionIndex OMX.google.android.index.describeColorFormat, err [0x80001001].
05-28 18:11:56.533 W/omx_vdec( 361): <__AwOmxVdecGetExtensionIndex:1741>: GetExtensionIndex OMX.google.android.index.describeColorFormat2, err [0x80001001].
05-28 18:11:56.533 E/omx_vdec( 361): : erro: pParamData->nIndex > m_sPortFormatType.nIndex
05-28 18:11:56.533 W/omx_vdec( 361): <__AwOmxVdecGetExtensionIndex:1741>: GetExtensionIndex OMX.google.android.index.describeColorFormat, err [0x80001001].
05-28 18:11:56.533 W/omx_vdec( 361): <__AwOmxVdecGetExtensionIndex:1741>: GetExtensionIndex OMX.google.android.index.describeColorFormat2, err [0x80001001].
05-28 18:11:56.533 E/omx_vdec( 361): : erro: pParamData->nIndex > m_sPortFormatType.nIndex
05-28 18:11:56.533 W/omx_vdec( 361): <__AwOmxVdecGetExtensionIndex:1741>: GetExtensionIndex OMX.google.android.index.describeColorFormat, err [0x80001001].
05-28 18:11:56.534 W/omx_vdec( 361): <__AwOmxVdecGetExtensionIndex:1741>: GetExtensionIndex OMX.google.android.index.describeColorFormat2, err [0x80001001].
05-28 18:11:56.534 E/omx_vdec( 361): : erro: pParamData->nIndex > m_sPortFormatType.nIndex
05-28 18:11:56.534 W/omx_vdec( 361): <__AwOmxVdecGetExtensionIndex:1741>: GetExtensionIndex OMX.google.android.index.describeColorFormat, err [0x80001001].
05-28 18:11:56.534 W/omx_vdec( 361): <__AwOmxVdecGetExtensionIndex:1741>: GetExtensionIndex OMX.google.android.index.describeColorFormat2, err [0x80001001].
05-28 18:11:56.534 E/omx_vdec( 361): : erro: pParamData->nIndex > m_sPortFormatType.nIndex
05-28 18:11:56.534 W/omx_vdec( 361): <__AwOmxVdecGetExtensionIndex:1741>: GetExtensionIndex OMX.google.android.index.describeColorFormat, err [0x80001001].
05-28 18:11:56.534 W/omx_vdec( 361): <__AwOmxVdecGetExtensionIndex:1741>: GetExtensionIndex OMX.google.android.index.describeColorFormat2, err [0x80001001].
05-28 18:11:56.534 E/omx_vdec( 361): : erro: pParamData->nIndex > m_sPortFormatType.nIndex
05-28 18:11:56.534 W/omx_vdec( 361): <__AwOmxVdecGetExtensionIndex:1741>: GetExtensionIndex OMX.google.android.index.describeColorFormat, err [0x80001001].
05-28 18:11:56.534 W/omx_vdec( 361): <__AwOmxVdecGetExtensionIndex:1741>: GetExtensionIndex OMX.google.android.index.describeColorFormat2, err [0x80001001].
05-28 18:11:56.535 E/omx_vdec( 361): : erro: pParamData->nIndex > m_sPortFormatType.nIndex
05-28 18:11:56.535 W/omx_vdec( 361): <__AwOmxVdecGetExtensionIndex:1741>: GetExtensionIndex OMX.google.android.index.describeColorFormat, err [0x80001001].
05-28 18:11:56.535 W/omx_vdec( 361): <__AwOmxVdecGetExtensionIndex:1741>: GetExtensionIndex OMX.google.android.index.describeColorFormat2, err [0x80001001].
05-28 18:11:56.535 E/omx_vdec( 361): : erro: pParamData->nIndex > m_sPortFormatType.nIndex
05-28 18:11:56.535 W/omx_vdec( 361): <__AwOmxVdecGetExtensionIndex:1741>: GetExtensionIndex OMX.google.android.index.describeColorFormat, err [0x80001001].
05-28 18:11:56.535 W/omx_vdec( 361): <__AwOmxVdecGetExtensionIndex:1741>: GetExtensionIndex OMX.google.android.index.describeColorFormat2, err [0x80001001].
05-28 18:11:56.535 E/omx_vdec( 361): : erro: pParamData->nIndex > m_sPortFormatType.nIndex
05-28 18:11:56.535 W/omx_vdec( 361): <__AwOmxVdecGetExtensionIndex:1741>: GetExtensionIndex OMX.google.android.index.describeColorFormat, err [0x80001001].
05-28 18:11:56.535 W/omx_vdec( 361): <__AwOmxVdecGetExtensionIndex:1741>: GetExtensionIndex OMX.google.android.index.describeColorFormat2, err [0x80001001].
05-28 18:11:56.536 E/omx_vdec( 361): : erro: pParamData->nIndex > m_sPortFormatType.nIndex
05-28 18:11:56.536 W/omx_vdec( 361): <__AwOmxVdecGetExtensionIndex:1741>: GetExtensionIndex OMX.google.android.index.describeColorFormat, err [0x80001001].
05-28 18:11:56.536 W/omx_vdec( 361): <__AwOmxVdecGetExtensionIndex:1741>: GetExtensionIndex OMX.google.android.index.describeColorFormat2, err [0x80001001].
05-28 18:11:56.536 E/omx_vdec( 361): : erro: pParamData->nIndex > m_sPortFormatType.nIndex
05-28 18:11:56.536 W/omx_vdec( 361): <__AwOmxVdecGetExtensionIndex:1741>: GetExtensionIndex OMX.google.android.index.describeColorFormat, err [0x80001001].
05-28 18:11:56.536 W/omx_vdec( 361): <__AwOmxVdecGetExtensionIndex:1741>: GetExtensionIndex OMX.google.android.index.describeColorFormat2, err [0x80001001].
05-28 18:11:56.536 E/omx_vdec( 361): : erro: pParamData->nIndex > m_sPortFormatType.nIndex
05-28 18:11:56.536 W/omx_vdec( 361): <__AwOmxVdecGetExtensionIndex:1741>: GetExtensionIndex OMX.google.android.index.describeColorFormat, err [0x80001001].
05-28 18:11:56.536 W/omx_vdec( 361): <__AwOmxVdecGetExtensionIndex:1741>: GetExtensionIndex OMX.google.android.index.describeColorFormat2, err [0x80001001].
05-28 18:11:56.536 E/omx_vdec( 361): : erro: pParamData->nIndex > m_sPortFormatType.nIndex
05-28 18:11:56.537 W/omx_vdec( 361): <__AwOmxVdecGetExtensionIndex:1741>: GetExtensionIndex OMX.google.android.index.describeColorFormat, err [0x80001001].
05-28 18:11:56.537 W/omx_vdec( 361): <__AwOmxVdecGetExtensionIndex:1741>: GetExtensionIndex OMX.google.android.index.describeColorFormat2, err [0x80001001].
05-28 18:11:56.537 E/omx_vdec( 361): : erro: pParamData->nIndex > m_sPortFormatType.nIndex
05-28 18:11:56.537 W/omx_vdec( 361): <__AwOmxVdecGetExtensionIndex:1741>: GetExtensionIndex OMX.google.android.index.describeColorFormat, err [0x80001001].
05-28 18:11:56.537 W/omx_vdec( 361): <__AwOmxVdecGetExtensionIndex:1741>: GetExtensionIndex OMX.google.android.index.describeColorFormat2, err [0x80001001].
05-28 18:11:56.537 E/omx_vdec( 361): : erro: pParamData->nIndex > m_sPortFormatType.nIndex
05-28 18:11:56.537 W/omx_vdec( 361): <__AwOmxVdecGetExtensionIndex:1741>: GetExtensionIndex OMX.google.android.index.describeColorFormat, err [0x80001001].
05-28 18:11:56.537 W/omx_vdec( 361): <__AwOmxVdecGetExtensionIndex:1741>: GetExtensionIndex OMX.google.android.index.describeColorFormat2, err [0x80001001].
05-28 18:11:56.537 W/SystemServiceManager( 470): Service com.android.server.policy.PermissionPolicyService took 90 ms in onBootPhase
05-28 18:11:56.537 E/omx_vdec( 361): : erro: pParamData->nIndex > m_sPortFormatType.nIndex
05-28 18:11:56.538 I/SystemServerTiming( 470): StartObservingNativeCrashes
05-28 18:11:56.538 W/omx_vdec( 361): <__AwOmxVdecGetExtensionIndex:1741>: GetExtensionIndex OMX.google.android.index.describeColorFormat, err [0x80001001].
05-28 18:11:56.538 W/omx_vdec( 361): <__AwOmxVdecGetExtensionIndex:1741>: GetExtensionIndex OMX.google.android.index.describeColorFormat2, err [0x80001001].
05-28 18:11:56.538 E/omx_vdec( 361): : erro: pParamData->nIndex > m_sPortFormatType.nIndex
05-28 18:11:56.538 W/ActivityManager( 470): Slow operation: 83ms so far, now at attachApplicationLocked: before bindApplication
05-28 18:11:56.538 W/omx_vdec( 361): <__AwOmxVdecGetExtensionIndex:1741>: GetExtensionIndex OMX.google.android.index.describeColorFormat, err [0x80001001].
05-28 18:11:56.538 W/omx_vdec( 361): <__AwOmxVdecGetExtensionIndex:1741>: GetExtensionIndex OMX.google.android.index.describeColorFormat2, err [0x80001001].
05-28 18:11:56.538 E/omx_vdec( 361): : erro: pParamData->nIndex > m_sPortFormatType.nIndex
05-28 18:11:56.538 I/SystemServerTiming( 470): RegisterAppOpsPolicy
05-28 18:11:56.538 W/omx_vdec( 361): <__AwOmxVdecGetExtensionIndex:1741>: GetExtensionIndex OMX.google.android.index.describeColorFormat, err [0x80001001].
05-28 18:11:56.538 W/omx_vdec( 361): <__AwOmxVdecGetExtensionIndex:1741>: GetExtensionIndex OMX.google.android.index.describeColorFormat2, err [0x80001001].
05-28 18:11:56.538 E/omx_vdec( 361): : erro: pParamData->nIndex > m_sPortFormatType.nIndex
05-28 18:11:56.539 W/omx_vdec( 361): <__AwOmxVdecGetExtensionIndex:1741>: GetExtensionIndex OMX.google.android.index.describeColorFormat, err [0x80001001].
05-28 18:11:56.539 W/omx_vdec( 361): <__AwOmxVdecGetExtensionIndex:1741>: GetExtensionIndex OMX.google.android.index.describeColorFormat2, err [0x80001001].
05-28 18:11:56.539 E/omx_vdec( 361): : erro: pParamData->nIndex > m_sPortFormatType.nIndex
05-28 18:11:56.539 W/omx_vdec( 361): <__AwOmxVdecGetExtensionIndex:1741>: GetExtensionIndex OMX.google.android.index.describeColorFormat, err [0x80001001].
05-28 18:11:56.539 W/omx_vdec( 361): <__AwOmxVdecGetExtensionIndex:1741>: GetExtensionIndex OMX.google.android.index.describeColorFormat2, err [0x80001001].
05-28 18:11:56.539 E/omx_vdec( 361): : erro: pParamData->nIndex > m_sPortFormatType.nIndex
05-28 18:11:56.539 W/omx_vdec( 361): <__AwOmxVdecGetExtensionIndex:1741>: GetExtensionIndex OMX.google.android.index.describeColorFormat, err [0x80001001].
05-28 18:11:56.540 D/CompatibilityChangeReporter( 470): Compat change id reported: 168419799; UID 1002; state: DISABLED
05-28 18:11:56.540 W/omx_vdec( 361): <__AwOmxVdecGetExtensionIndex:1741>: GetExtensionIndex OMX.google.android.index.describeColorFormat2, err [0x80001001].
05-28 18:11:56.540 E/omx_vdec( 361): : erro: pParamData->nIndex > m_sPortFormatType.nIndex
05-28 18:11:56.540 W/omx_vdec( 361): <__AwOmxVdecGetExtensionIndex:1741>: GetExtensionIndex OMX.google.android.index.describeColorFormat, err [0x80001001].
05-28 18:11:56.540 W/ActivityManager( 470): Slow operation: 85ms so far, now at attachApplicationLocked: immediately before bindApplication
05-28 18:11:56.540 W/omx_vdec( 361): <__AwOmxVdecGetExtensionIndex:1741>: GetExtensionIndex OMX.google.android.index.describeColorFormat2, err [0x80001001].
05-28 18:11:56.540 E/omx_vdec( 361): : erro: pParamData->nIndex > m_sPortFormatType.nIndex
05-28 18:11:56.540 W/omx_vdec( 361): <__AwOmxVdecGetExtensionIndex:1741>: GetExtensionIndex OMX.google.android.index.describeColorFormat, err [0x80001001].
05-28 18:11:56.540 W/omx_vdec( 361): <__AwOmxVdecGetExtensionIndex:1741>: GetExtensionIndex OMX.google.android.index.describeColorFormat2, err [0x80001001].
05-28 18:11:56.540 E/omx_vdec( 361): : erro: pParamData->nIndex > m_sPortFormatType.nIndex
05-28 18:11:56.540 W/omx_vdec( 361): <__AwOmxVdecGetExtensionIndex:1741>: GetExtensionIndex OMX.google.android.index.describeColorFormat, err [0x80001001].
05-28 18:11:56.541 W/omx_vdec( 361): <__AwOmxVdecGetExtensionIndex:1741>: GetExtensionIndex OMX.google.android.index.describeColorFormat2, err [0x80001001].
05-28 18:11:56.541 E/omx_vdec( 361): : erro: pParamData->nIndex > m_sPortFormatType.nIndex
05-28 18:11:56.541 W/omx_vdec( 361): <__AwOmxVdecGetExtensionIndex:1741>: GetExtensionIndex OMX.google.android.index.describeColorFormat, err [0x80001001].
05-28 18:11:56.541 W/omx_vdec( 361): <__AwOmxVdecGetExtensionIndex:1741>: GetExtensionIndex OMX.google.android.index.describeColorFormat2, err [0x80001001].
05-28 18:11:56.541 E/omx_vdec( 361): : erro: pParamData->nIndex > m_sPortFormatType.nIndex
05-28 18:11:56.541 W/omx_vdec( 361): <__AwOmxVdecGetExtensionIndex:1741>: GetExtensionIndex OMX.google.android.index.describeColorFormat, err [0x80001001].
05-28 18:11:56.541 W/omx_vdec( 361): <__AwOmxVdecGetExtensionIndex:1741>: GetExtensionIndex OMX.google.android.index.describeColorFormat2, err [0x80001001].
05-28 18:11:56.542 E/omx_vdec( 361): : erro: pParamData->nIndex > m_sPortFormatType.nIndex
05-28 18:11:56.542 W/omx_vdec( 361): <__AwOmxVdecGetExtensionIndex:1741>: GetExtensionIndex OMX.google.android.index.describeColorFormat, err [0x80001001].
05-28 18:11:56.542 W/omx_vdec( 361): <__AwOmxVdecGetExtensionIndex:1741>: GetExtensionIndex OMX.google.android.index.describeColorFormat2, err [0x80001001].
05-28 18:11:56.542 E/omx_vdec( 361): : erro: pParamData->nIndex > m_sPortFormatType.nIndex
05-28 18:11:56.542 W/omx_vdec( 361): <__AwOmxVdecGetExtensionIndex:1741>: GetExtensionIndex OMX.google.android.index.describeColorFormat, err [0x80001001].
05-28 18:11:56.542 W/omx_vdec( 361): <__AwOmxVdecGetExtensionIndex:1741>: GetExtensionIndex OMX.google.android.index.describeColorFormat2, err [0x80001001].
05-28 18:11:56.543 E/omx_vdec( 361): : erro: pParamData->nIndex > m_sPortFormatType.nIndex
05-28 18:11:56.543 W/omx_vdec( 361): <__AwOmxVdecGetExtensionIndex:1741>: GetExtensionIndex OMX.google.android.index.describeColorFormat, err [0x80001001].
05-28 18:11:56.543 W/omx_vdec( 361): <__AwOmxVdecGetExtensionIndex:1741>: GetExtensionIndex OMX.google.android.index.describeColorFormat2, err [0x80001001].
05-28 18:11:56.543 W/ACodec ( 352): [OMX.allwinner.video.decoder.hevc] stopping checking formats after 32: COLOR_FormatYUV420Planar(13)
05-28 18:11:56.543 W/omx_vdec( 361): <__AwOmxVdecGetExtensionIndex:1741>: GetExtensionIndex OMX.google.android.index.configureVideoTunnelMode, err [0x80001001].
05-28 18:11:56.543 E/OMXNodeInstance( 361): getExtensionIndex(0xeb262000:allwinner.decoder.hevc, OMX.google.android.index.configureVideoTunnelMode) ERROR: Undefined(0x80001001)
05-28 18:11:56.543 D/MediaCodecInfo( 352): detail feature-tunneled-playback wasn't present to remove
05-28 18:11:56.543 W/omx_vdec( 361): <__AwOmxVdecGetExtensionIndex:1741>: GetExtensionIndex OMX.google.android.index.storeANWBufferInMetadata, err [0x80001001].
05-28 18:11:56.543 W/omx_vdec_aw( 361): <__anSetExtPara:3004>: Setparameter: unknown param 2131755011
05-28 18:11:56.543 W/OMXNodeInstance( 361): [0xeb262000:allwinner.decoder.hevc] component does not support metadata mode; using fallback
05-28 18:11:56.544 W/libc ( 361): invalid pthread_t (0) passed to pthread_join
05-28 18:11:56.544 W/libc ( 361): invalid pthread_t (0) passed to pthread_join
05-28 18:11:56.544 W/libc ( 361): invalid pthread_t (0) passed to pthread_join
05-28 18:11:56.544 I/cedarc ( 361): : not malloc locks
05-28 18:11:56.550 D/ ( 419): disable_cedar_hw_clk,546
05-28 18:11:56.546 I/OMXClient( 352): IOmx service obtained
05-28 18:11:56.546 I/OMXStore( 361): makeComponentInstance(OMX.allwinner.video.decoder.hevc.secure) in android.hardwar process
05-28 18:11:56.547 E/omx_vdec( 361): : This platform does not support secure video playback
05-28 18:11:56.547 E/omx_sem ( 361): : handle is null
05-28 18:11:56.547 E/omx_sem ( 361): : handle is null
05-28 18:11:56.547 E/omx_sem ( 361): : handle is null
05-28 18:11:56.547 E/omx_sem ( 361): : handle is null
05-28 18:11:56.547 E/omx_sem ( 361): : handle is null
05-28 18:11:56.547 W/omx_vdec_aw( 361): : pdec is null
05-28 18:11:56.547 E/android.hardware.media.omx@1.0-service( 361): Failed to allocate omx component 'OMX.allwinner.video.decoder.hevc.secure' err=InvalidComponentName(0x80001002)
05-28 18:11:56.548 W/OmxInfoBuilder( 352): Fail to add media type video/hevc to codec OMX.allwinner.video.decoder.hevc.secure
05-28 18:11:56.549 W/ActivityManager( 470): Slow operation: 94ms so far, now at attachApplicationLocked: immediately after bindApplication
05-28 18:11:56.549 W/ActivityManager( 470): Slow operation: 94ms so far, now at attachApplicationLocked: after updateLruProcessLocked
05-28 18:11:56.554 I/OMXClient( 352): IOmx service obtained
05-28 18:11:56.555 I/OMXStore( 361): makeComponentInstance(OMX.allwinner.video.decoder.mpeg2) in android.hardwar process
05-28 18:11:56.556 I/omx_vdec_aw( 361): : OmxDecoderCreate.
05-28 18:11:56.556 W/cedarc ( 361): : cannot open /dev/sunxi_soc_info, it maybe ok!
05-28 18:11:56.556 I/cedarc ( 361): : *** ic_version = 0x3301000012011,
05-28 18:11:56.562 D/ ( 419): enable_cedar_hw_clk,516
05-28 18:11:56.557 W/omx_vdec( 361): <__AwOmxVdecSetParameter:1566>: Set Parameter called in valid state
05-28 18:11:56.558 W/omx_vdec( 361): : pParamProfileLevel->nProfileIndex[0x2] error!
05-28 18:11:56.558 E/OMXNodeInstance( 361): getParameter(0xeb262000:allwinner.decoder.mpeg2, ParamVideoProfileLevelQuerySupported(0x600000f)) ERROR: BadParameter(0x80001005)
05-28 18:11:56.558 W/omx_vdec( 361): <__AwOmxVdecGetExtensionIndex:1741>: GetExtensionIndex OMX.google.android.index.describeColorFormat, err [0x80001001].
05-28 18:11:56.558 W/omx_vdec( 361): <__AwOmxVdecGetExtensionIndex:1741>: GetExtensionIndex OMX.google.android.index.describeColorFormat2, err [0x80001001].
05-28 18:11:56.558 E/omx_vdec( 361): : erro: pParamData->nIndex > m_sPortFormatType.nIndex
05-28 18:11:56.558 W/omx_vdec( 361): <__AwOmxVdecGetExtensionIndex:1741>: GetExtensionIndex OMX.google.android.index.describeColorFormat, err [0x80001001].
05-28 18:11:56.558 W/omx_vdec( 361): <__AwOmxVdecGetExtensionIndex:1741>: GetExtensionIndex OMX.google.android.index.describeColorFormat2, err [0x80001001].
05-28 18:11:56.558 W/ActivityManager( 470): Slow operation: 103ms so far, now at attachApplicationLocked: after mServices.attachApplicationLocked
05-28 18:11:56.559 E/omx_vdec( 361): : erro: pParamData->nIndex > m_sPortFormatType.nIndex
05-28 18:11:56.556 I/rainbow_flow( 323): type=1400 audit(0.0:341): avc: denied { ioctl } for path="/dev/spidev1.0" dev="tmpfs" ino=5872 ioctlcmd=0x6b00 scontext=u:r:init:s0 tcontext=u:object_r:device:s0 tclass=chr_file permissive=1
05-28 18:11:56.559 W/omx_vdec( 361): <__AwOmxVdecGetExtensionIndex:1741>: GetExtensionIndex OMX.google.android.index.describeColorFormat, err [0x80001001].
05-28 18:11:56.559 W/omx_vdec( 361): <__AwOmxVdecGetExtensionIndex:1741>: GetExtensionIndex OMX.google.android.index.describeColorFormat2, err [0x80001001].
05-28 18:11:56.561 E/omx_vdec( 361): : erro: pParamData->nIndex > m_sPortFormatType.nIndex
05-28 18:11:56.561 W/omx_vdec( 361): <__AwOmxVdecGetExtensionIndex:1741>: GetExtensionIndex OMX.google.android.index.describeColorFormat, err [0x80001001].
05-28 18:11:56.561 W/omx_vdec( 361): <__AwOmxVdecGetExtensionIndex:1741>: GetExtensionIndex OMX.google.android.index.describeColorFormat2, err [0x80001001].
05-28 18:11:56.561 E/omx_vdec( 361): : erro: pParamData->nIndex > m_sPortFormatType.nIndex
05-28 18:11:56.561 W/omx_vdec( 361): <__AwOmxVdecGetExtensionIndex:1741>: GetExtensionIndex OMX.google.android.index.describeColorFormat, err [0x80001001].
05-28 18:11:56.561 D/CompatibilityChangeReporter( 470): Compat change id reported: 168419799; UID 10067; state: DISABLED
05-28 18:11:56.562 W/omx_vdec( 361): <__AwOmxVdecGetExtensionIndex:1741>: GetExtensionIndex OMX.google.android.index.describeColorFormat2, err [0x80001001].
05-28 18:11:56.562 E/omx_vdec( 361): : erro: pParamData->nIndex > m_sPortFormatType.nIndex
05-28 18:11:56.562 W/omx_vdec( 361): <__AwOmxVdecGetExtensionIndex:1741>: GetExtensionIndex OMX.google.android.index.describeColorFormat, err [0x80001001].
05-28 18:11:56.562 D/CompatibilityChangeReporter( 666): Compat change id reported: 171979766; UID 1002; state: ENABLED
05-28 18:11:56.562 W/omx_vdec( 361): <__AwOmxVdecGetExtensionIndex:1741>: GetExtensionIndex OMX.google.android.index.describeColorFormat2, err [0x80001001].
05-28 18:11:56.562 E/omx_vdec( 361): : erro: pParamData->nIndex > m_sPortFormatType.nIndex
05-28 18:11:56.562 W/omx_vdec( 361): <__AwOmxVdecGetExtensionIndex:1741>: GetExtensionIndex OMX.google.android.index.describeColorFormat, err [0x80001001].
05-28 18:11:56.562 W/omx_vdec( 361): <__AwOmxVdecGetExtensionIndex:1741>: GetExtensionIndex OMX.google.android.index.describeColorFormat2, err [0x80001001].
05-28 18:11:56.562 E/omx_vdec( 361): : erro: pParamData->nIndex > m_sPortFormatType.nIndex
05-28 18:11:56.562 W/omx_vdec( 361): <__AwOmxVdecGetExtensionIndex:1741>: GetExtensionIndex OMX.google.android.index.describeColorFormat, err [0x80001001].
05-28 18:11:56.563 W/omx_vdec( 361): <__AwOmxVdecGetExtensionIndex:1741>: GetExtensionIndex OMX.google.android.index.describeColorFormat2, err [0x80001001].
05-28 18:11:56.563 E/omx_vdec( 361): : erro: pParamData->nIndex > m_sPortFormatType.nIndex
05-28 18:11:56.563 W/omx_vdec( 361): <__AwOmxVdecGetExtensionIndex:1741>: GetExtensionIndex OMX.google.android.index.describeColorFormat, err [0x80001001].
05-28 18:11:56.563 W/omx_vdec( 361): <__AwOmxVdecGetExtensionIndex:1741>: GetExtensionIndex OMX.google.android.index.describeColorFormat2, err [0x80001001].
05-28 18:11:56.563 E/omx_vdec( 361): : erro: pParamData->nIndex > m_sPortFormatType.nIndex
05-28 18:11:56.563 W/omx_vdec( 361): <__AwOmxVdecGetExtensionIndex:1741>: GetExtensionIndex OMX.google.android.index.describeColorFormat, err [0x80001001].
05-28 18:11:56.563 W/omx_vdec( 361): <__AwOmxVdecGetExtensionIndex:1741>: GetExtensionIndex OMX.google.android.index.describeColorFormat2, err [0x80001001].
05-28 18:11:56.563 E/omx_vdec( 361): : erro: pParamData->nIndex > m_sPortFormatType.nIndex
05-28 18:11:56.563 W/omx_vdec( 361): <__AwOmxVdecGetExtensionIndex:1741>: GetExtensionIndex OMX.google.android.index.describeColorFormat, err [0x80001001].
05-28 18:11:56.564 W/omx_vdec( 361): <__AwOmxVdecGetExtensionIndex:1741>: GetExtensionIndex OMX.google.android.index.describeColorFormat2, err [0x80001001].
05-28 18:11:56.564 E/omx_vdec( 361): : erro: pParamData->nIndex > m_sPortFormatType.nIndex
05-28 18:11:56.564 W/omx_vdec( 361): <__AwOmxVdecGetExtensionIndex:1741>: GetExtensionIndex OMX.google.android.index.describeColorFormat, err [0x80001001].
05-28 18:11:56.564 W/omx_vdec( 361): <__AwOmxVdecGetExtensionIndex:1741>: GetExtensionIndex OMX.google.android.index.describeColorFormat2, err [0x80001001].
05-28 18:11:56.564 E/omx_vdec( 361): : erro: pParamData->nIndex > m_sPortFormatType.nIndex
05-28 18:11:56.564 W/omx_vdec( 361): <__AwOmxVdecGetExtensionIndex:1741>: GetExtensionIndex OMX.google.android.index.describeColorFormat, err [0x80001001].
05-28 18:11:56.564 W/omx_vdec( 361): <__AwOmxVdecGetExtensionIndex:1741>: GetExtensionIndex OMX.google.android.index.describeColorFormat2, err [0x80001001].
05-28 18:11:56.564 E/omx_vdec( 361): : erro: pParamData->nIndex > m_sPortFormatType.nIndex
05-28 18:11:56.564 W/omx_vdec( 361): <__AwOmxVdecGetExtensionIndex:1741>: GetExtensionIndex OMX.google.android.index.describeColorFormat, err [0x80001001].
05-28 18:11:56.565 W/omx_vdec( 361): <__AwOmxVdecGetExtensionIndex:1741>: GetExtensionIndex OMX.google.android.index.describeColorFormat2, err [0x80001001].
05-28 18:11:56.565 E/omx_vdec( 361): : erro: pParamData->nIndex > m_sPortFormatType.nIndex
05-28 18:11:56.565 W/omx_vdec( 361): <__AwOmxVdecGetExtensionIndex:1741>: GetExtensionIndex OMX.google.android.index.describeColorFormat, err [0x80001001].
05-28 18:11:56.565 W/omx_vdec( 361): <__AwOmxVdecGetExtensionIndex:1741>: GetExtensionIndex OMX.google.android.index.describeColorFormat2, err [0x80001001].
05-28 18:11:56.565 E/omx_vdec( 361): : erro: pParamData->nIndex > m_sPortFormatType.nIndex
05-28 18:11:56.565 W/omx_vdec( 361): <__AwOmxVdecGetExtensionIndex:1741>: GetExtensionIndex OMX.google.android.index.describeColorFormat, err [0x80001001].
05-28 18:11:56.565 W/omx_vdec( 361): <__AwOmxVdecGetExtensionIndex:1741>: GetExtensionIndex OMX.google.android.index.describeColorFormat2, err [0x80001001].
05-28 18:11:56.565 E/omx_vdec( 361): : erro: pParamData->nIndex > m_sPortFormatType.nIndex
05-28 18:11:56.565 W/omx_vdec( 361): <__AwOmxVdecGetExtensionIndex:1741>: GetExtensionIndex OMX.google.android.index.describeColorFormat, err [0x80001001].
05-28 18:11:56.566 W/omx_vdec( 361): <__AwOmxVdecGetExtensionIndex:1741>: GetExtensionIndex OMX.google.android.index.describeColorFormat2, err [0x80001001].
05-28 18:11:56.566 E/omx_vdec( 361): : erro: pParamData->nIndex > m_sPortFormatType.nIndex
05-28 18:11:56.566 W/omx_vdec( 361): <__AwOmxVdecGetExtensionIndex:1741>: GetExtensionIndex OMX.google.android.index.describeColorFormat, err [0x80001001].
05-28 18:11:56.566 W/omx_vdec( 361): <__AwOmxVdecGetExtensionIndex:1741>: GetExtensionIndex OMX.google.android.index.describeColorFormat2, err [0x80001001].
05-28 18:11:56.566 E/omx_vdec( 361): : erro: pParamData->nIndex > m_sPortFormatType.nIndex
05-28 18:11:56.566 W/omx_vdec( 361): <__AwOmxVdecGetExtensionIndex:1741>: GetExtensionIndex OMX.google.android.index.describeColorFormat, err [0x80001001].
05-28 18:11:56.566 W/omx_vdec( 361): <__AwOmxVdecGetExtensionIndex:1741>: GetExtensionIndex OMX.google.android.index.describeColorFormat2, err [0x80001001].
05-28 18:11:56.566 E/omx_vdec( 361): : erro: pParamData->nIndex > m_sPortFormatType.nIndex
05-28 18:11:56.567 W/omx_vdec( 361): <__AwOmxVdecGetExtensionIndex:1741>: GetExtensionIndex OMX.google.android.index.describeColorFormat, err [0x80001001].
05-28 18:11:56.567 W/omx_vdec( 361): <__AwOmxVdecGetExtensionIndex:1741>: GetExtensionIndex OMX.google.android.index.describeColorFormat2, err [0x80001001].
05-28 18:11:56.567 E/omx_vdec( 361): : erro: pParamData->nIndex > m_sPortFormatType.nIndex
05-28 18:11:56.567 W/omx_vdec( 361): <__AwOmxVdecGetExtensionIndex:1741>: GetExtensionIndex OMX.google.android.index.describeColorFormat, err [0x80001001].
05-28 18:11:56.567 W/omx_vdec( 361): <__AwOmxVdecGetExtensionIndex:1741>: GetExtensionIndex OMX.google.android.index.describeColorFormat2, err [0x80001001].
05-28 18:11:56.567 E/omx_vdec( 361): : erro: pParamData->nIndex > m_sPortFormatType.nIndex
05-28 18:11:56.567 W/omx_vdec( 361): <__AwOmxVdecGetExtensionIndex:1741>: GetExtensionIndex OMX.google.android.index.describeColorFormat, err [0x80001001].
05-28 18:11:56.567 W/omx_vdec( 361): <__AwOmxVdecGetExtensionIndex:1741>: GetExtensionIndex OMX.google.android.index.describeColorFormat2, err [0x80001001].
05-28 18:11:56.567 E/omx_vdec( 361): : erro: pParamData->nIndex > m_sPortFormatType.nIndex
05-28 18:11:56.568 W/omx_vdec( 361): <__AwOmxVdecGetExtensionIndex:1741>: GetExtensionIndex OMX.google.android.index.describeColorFormat, err [0x80001001].
05-28 18:11:56.568 W/omx_vdec( 361): <__AwOmxVdecGetExtensionIndex:1741>: GetExtensionIndex OMX.google.android.index.describeColorFormat2, err [0x80001001].
05-28 18:11:56.568 E/omx_vdec( 361): : erro: pParamData->nIndex > m_sPortFormatType.nIndex
05-28 18:11:56.568 W/omx_vdec( 361): <__AwOmxVdecGetExtensionIndex:1741>: GetExtensionIndex OMX.google.android.index.describeColorFormat, err [0x80001001].
05-28 18:11:56.568 W/omx_vdec( 361): <__AwOmxVdecGetExtensionIndex:1741>: GetExtensionIndex OMX.google.android.index.describeColorFormat2, err [0x80001001].
05-28 18:11:56.568 E/omx_vdec( 361): : erro: pParamData->nIndex > m_sPortFormatType.nIndex
05-28 18:11:56.568 W/omx_vdec( 361): <__AwOmxVdecGetExtensionIndex:1741>: GetExtensionIndex OMX.google.android.index.describeColorFormat, err [0x80001001].
05-28 18:11:56.568 W/omx_vdec( 361): <__AwOmxVdecGetExtensionIndex:1741>: GetExtensionIndex OMX.google.android.index.describeColorFormat2, err [0x80001001].
05-28 18:11:56.568 E/omx_vdec( 361): : erro: pParamData->nIndex > m_sPortFormatType.nIndex
05-28 18:11:56.569 W/omx_vdec( 361): <__AwOmxVdecGetExtensionIndex:1741>: GetExtensionIndex OMX.google.android.index.describeColorFormat, err [0x80001001].
05-28 18:11:56.569 W/omx_vdec( 361): <__AwOmxVdecGetExtensionIndex:1741>: GetExtensionIndex OMX.google.android.index.describeColorFormat2, err [0x80001001].
05-28 18:11:56.569 E/omx_vdec( 361): : erro: pParamData->nIndex > m_sPortFormatType.nIndex
05-28 18:11:56.570 W/omx_vdec( 361): <__AwOmxVdecGetExtensionIndex:1741>: GetExtensionIndex OMX.google.android.index.describeColorFormat, err [0x80001001].
05-28 18:11:56.570 W/omx_vdec( 361): <__AwOmxVdecGetExtensionIndex:1741>: GetExtensionIndex OMX.google.android.index.describeColorFormat2, err [0x80001001].
05-28 18:11:56.571 E/omx_vdec( 361): : erro: pParamData->nIndex > m_sPortFormatType.nIndex
05-28 18:11:56.571 W/omx_vdec( 361): <__AwOmxVdecGetExtensionIndex:1741>: GetExtensionIndex OMX.google.android.index.describeColorFormat, err [0x80001001].
05-28 18:11:56.571 W/omx_vdec( 361): <__AwOmxVdecGetExtensionIndex:1741>: GetExtensionIndex OMX.google.android.index.describeColorFormat2, err [0x80001001].
05-28 18:11:56.571 E/omx_vdec( 361): : erro: pParamData->nIndex > m_sPortFormatType.nIndex
05-28 18:11:56.572 W/omx_vdec( 361): <__AwOmxVdecGetExtensionIndex:1741>: GetExtensionIndex OMX.google.android.index.describeColorFormat, err [0x80001001].
05-28 18:11:56.572 W/omx_vdec( 361): <__AwOmxVdecGetExtensionIndex:1741>: GetExtensionIndex OMX.google.android.index.describeColorFormat2, err [0x80001001].
05-28 18:11:56.572 E/omx_vdec( 361): : erro: pParamData->nIndex > m_sPortFormatType.nIndex
05-28 18:11:56.572 W/omx_vdec( 361): <__AwOmxVdecGetExtensionIndex:1741>: GetExtensionIndex OMX.google.android.index.describeColorFormat, err [0x80001001].
05-28 18:11:56.572 W/omx_vdec( 361): <__AwOmxVdecGetExtensionIndex:1741>: GetExtensionIndex OMX.google.android.index.describeColorFormat2, err [0x80001001].
05-28 18:11:56.572 E/omx_vdec( 361): : erro: pParamData->nIndex > m_sPortFormatType.nIndex
05-28 18:11:56.572 W/omx_vdec( 361): <__AwOmxVdecGetExtensionIndex:1741>: GetExtensionIndex OMX.google.android.index.describeColorFormat, err [0x80001001].
05-28 18:11:56.572 W/omx_vdec( 361): <__AwOmxVdecGetExtensionIndex:1741>: GetExtensionIndex OMX.google.android.index.describeColorFormat2, err [0x80001001].
05-28 18:11:56.573 E/omx_vdec( 361): : erro: pParamData->nIndex > m_sPortFormatType.nIndex
05-28 18:11:56.573 W/omx_vdec( 361): <__AwOmxVdecGetExtensionIndex:1741>: GetExtensionIndex OMX.google.android.index.describeColorFormat, err [0x80001001].
05-28 18:11:56.573 W/omx_vdec( 361): <__AwOmxVdecGetExtensionIndex:1741>: GetExtensionIndex OMX.google.android.index.describeColorFormat2, err [0x80001001].
05-28 18:11:56.573 E/omx_vdec( 361): : erro: pParamData->nIndex > m_sPortFormatType.nIndex
05-28 18:11:56.573 W/omx_vdec( 361): <__AwOmxVdecGetExtensionIndex:1741>: GetExtensionIndex OMX.google.android.index.describeColorFormat, err [0x80001001].
05-28 18:11:56.573 W/omx_vdec( 361): <__AwOmxVdecGetExtensionIndex:1741>: GetExtensionIndex OMX.google.android.index.describeColorFormat2, err [0x80001001].
05-28 18:11:56.573 W/ACodec ( 352): [OMX.allwinner.video.decoder.mpeg2] stopping checking formats after 32: COLOR_FormatYUV420Planar(13)
05-28 18:11:56.573 W/omx_vdec( 361): <__AwOmxVdecGetExtensionIndex:1741>: GetExtensionIndex OMX.google.android.index.configureVideoTunnelMode, err [0x80001001].
05-28 18:11:56.573 E/OMXNodeInstance( 361): getExtensionIndex(0xeb262000:allwinner.decoder.mpeg2, OMX.google.android.index.configureVideoTunnelMode) ERROR: Undefined(0x80001001)
05-28 18:11:56.573 D/MediaCodecInfo( 352): detail feature-tunneled-playback wasn't present to remove
05-28 18:11:56.573 W/omx_vdec( 361): <__AwOmxVdecGetExtensionIndex:1741>: GetExtensionIndex OMX.google.android.index.storeANWBufferInMetadata, err [0x80001001].
05-28 18:11:56.574 W/omx_vdec_aw( 361): <__anSetExtPara:3004>: Setparameter: unknown param 2131755011
05-28 18:11:56.574 W/OMXNodeInstance( 361): [0xeb262000:allwinner.decoder.mpeg2] component does not support metadata mode; using fallback
05-28 18:11:56.575 W/libc ( 361): invalid pthread_t (0) passed to pthread_join
05-28 18:11:56.575 W/libc ( 361): invalid pthread_t (0) passed to pthread_join
05-28 18:11:56.575 W/libc ( 361): invalid pthread_t (0) passed to pthread_join
05-28 18:11:56.576 I/cedarc ( 361): : not malloc locks
05-28 18:11:56.576 D/CompatibilityChangeReporter( 674): Compat change id reported: 171979766; UID 10067; state: ENABLED
05-28 18:11:56.582 D/ ( 419): disable_cedar_hw_clk,546
05-28 18:11:56.578 I/OMXClient( 352): IOmx service obtained
05-28 18:11:56.579 I/OMXStore( 361): makeComponentInstance(OMX.allwinner.video.decoder.mpeg4) in android.hardwar process
05-28 18:11:56.580 I/omx_vdec_aw( 361): : OmxDecoderCreate.
05-28 18:11:56.580 W/cedarc ( 361): : cannot open /dev/sunxi_soc_info, it maybe ok!
05-28 18:11:56.580 I/cedarc ( 361): : *** ic_version = 0x3301000012011,
05-28 18:11:56.580 I/SystemServerTimingAsync( 470): InitThreadPoolExec:WebViewFactoryPreparation
