05-28 18:11:57.213 D/MediaCodecsXmlParser( 352): MediaCodec: cannot update non-existing codec: OMX.google.mpeg4.decoder at line 80 of /vendor/etc/media_codecs_performance.xml
05-28 18:11:57.213 D/MediaCodecsXmlParser( 352): MediaCodec: cannot update non-existing codec: OMX.google.h264.decoder at line 83 of /vendor/etc/media_codecs_performance.xml
05-28 18:11:57.213 D/MediaCodecsXmlParser( 352): MediaCodec: cannot update non-existing codec: OMX.google.h263.decoder at line 89 of /vendor/etc/media_codecs_performance.xml
05-28 18:11:57.213 D/MediaCodecsXmlParser( 352): MediaCodec: cannot update non-existing codec: OMX.google.hevc.decoder at line 93 of /vendor/etc/media_codecs_performance.xml
05-28 18:11:57.213 D/MediaCodecsXmlParser( 352): MediaCodec: cannot update non-existing codec: OMX.google.vp8.decoder at line 101 of /vendor/etc/media_codecs_performance.xml
05-28 18:11:57.213 D/MediaCodecsXmlParser( 352): MediaCodec: cannot update non-existing codec: OMX.google.vp9.decoder at line 107 of /vendor/etc/media_codecs_performance.xml
05-28 18:11:57.213 I/MediaCodecsXmlParser( 352): Did not find media_codecs_shaping.xml in search path
05-28 18:11:57.213 I/MediaCodecsXmlParser( 352): Did not find media_codecs_shaping.xml in search path
05-28 18:11:57.214 V/C2Store ( 374): in init
05-28 18:11:57.214 V/C2Store ( 374): loading dll
05-28 18:11:57.221 I/Codec2InfoBuilder( 352): adding type 'audio/mp4a-latm'
05-28 18:11:57.225 V/C2Store ( 374): in init
05-28 18:11:57.226 V/C2Store ( 374): in ~ComponentModule
05-28 18:11:57.226 V/C2Store ( 374): unloading dll
05-28 18:11:57.226 V/C2Store ( 374): loading dll
05-28 18:11:57.232 I/Codec2InfoBuilder( 352): adding type 'audio/mp4a-latm'
05-28 18:11:57.236 W/BestClock( 470): java.time.DateTimeException: Missing NTP fix
05-28 18:11:57.240 W/BestClock( 470): java.time.DateTimeException: Missing NTP fix
05-28 18:11:57.241 V/C2Store ( 374): in init
05-28 18:11:57.241 V/C2Store ( 374): loading dll
05-28 18:11:57.241 V/C2Store ( 374): in ~ComponentModule
05-28 18:11:57.241 V/C2Store ( 374): unloading dll
05-28 18:11:57.245 I/Codec2InfoBuilder( 352): adding type 'audio/3gpp'
05-28 18:11:57.246 V/C2Store ( 374): in ~ComponentModule
05-28 18:11:57.246 V/C2Store ( 374): in init
05-28 18:11:57.246 V/C2Store ( 374): loading dll
05-28 18:11:57.246 V/C2Store ( 374): unloading dll
05-28 18:11:57.249 I/Codec2InfoBuilder( 352): adding type 'audio/3gpp'
05-28 18:11:57.250 V/C2Store ( 374): in init
05-28 18:11:57.250 V/C2Store ( 374): loading dll
05-28 18:11:57.250 V/C2Store ( 374): in ~ComponentModule
05-28 18:11:57.250 V/C2Store ( 374): unloading dll
05-28 18:11:57.253 I/Codec2InfoBuilder( 352): adding type 'audio/amr-wb'
05-28 18:11:57.253 V/C2Store ( 374): in init
05-28 18:11:57.253 V/C2Store ( 374): loading dll
05-28 18:11:57.254 V/C2Store ( 374): in ~ComponentModule
05-28 18:11:57.254 V/C2Store ( 374): unloading dll
05-28 18:11:57.257 I/Codec2InfoBuilder( 352): adding type 'audio/amr-wb'
05-28 18:11:57.257 V/C2Store ( 374): in init
05-28 18:11:57.257 V/C2Store ( 374): loading dll
05-28 18:11:57.257 V/C2Store ( 374): in ~ComponentModule
05-28 18:11:57.257 V/C2Store ( 374): unloading dll
05-28 18:11:57.262 D/Codec2InfoBuilder( 352): component 'c2.android.av1.decoder' not found in xml
05-28 18:11:57.262 V/C2Store ( 374): in init
05-28 18:11:57.262 V/C2Store ( 374): loading dll
05-28 18:11:57.262 I/system_server( 470): getFrameworkCompatibilityMatrix: Successfully processed VINTF information
05-28 18:11:57.262 I/system_server( 470): getDeviceCompatibilityMatrix: Reading VINTF information.
05-28 18:11:57.263 V/C2Store ( 374): in ~ComponentModule
05-28 18:11:57.263 V/C2Store ( 374): unloading dll
05-28 18:11:57.264 I/system_server( 470): getDeviceCompatibilityMatrix: Successfully processed VINTF information
05-28 18:11:57.268 I/Codec2InfoBuilder( 352): adding type 'video/avc'
05-28 18:11:57.272 V/C2Store ( 374): in init
05-28 18:11:57.272 V/C2Store ( 374): loading dll
05-28 18:11:57.273 I/mediaswcodec( 374): missing struct descriptor #Param::CoreIndex(--004) for field values of struct #Param::CoreIndex(F-12004)
05-28 18:11:57.273 I/mediaswcodec( 374): missing struct descriptor #Param::CoreIndex(--1812) for field values of struct #Param::CoreIndex(F-11812)
05-28 18:11:57.275 I/SystemServerTiming( 470): sendUserStartBroadcast
05-28 18:11:57.275 I/SystemServerTiming( 470): resumeTopActivities
05-28 18:11:57.277 I/mediaswcodec( 374): missing struct descriptor #Param::CoreIndex(--004) for field values of struct #Param::CoreIndex(F-12004)
05-28 18:11:57.277 I/mediaswcodec( 374): missing struct descriptor #Param::CoreIndex(--1812) for field values of struct #Param::CoreIndex(F-11812)
05-28 18:11:57.277 I/SystemServerTiming( 470): sendUserSwitchBroadcasts
05-28 18:11:57.277 I/SystemServerTiming( 470): setBinderProxies
05-28 18:11:57.278 I/SystemServerTiming( 470): StartSystemUI
05-28 18:11:57.279 V/C2Store ( 374): in ~ComponentModule
05-28 18:11:57.279 V/C2Store ( 374): unloading dll
05-28 18:11:57.280 W/ActivityManager( 470): Slow operation: 343ms so far, now at startProcess: done updating battery stats
05-28 18:11:57.280 W/ActivityManager( 470): Slow operation: 343ms so far, now at startProcess: building log message
05-28 18:11:57.280 I/ActivityManager( 470): app.processName = com.android.se
05-28 18:11:57.280 I/ActivityManager( 470): Start proc 771:com.android.se/1068 for added application com.android.se
05-28 18:11:57.280 W/ActivityManager( 470): Slow operation: 343ms so far, now at startProcess: starting to update pids map
05-28 18:11:57.280 W/ActivityManager( 470): Slow operation: 343ms so far, now at startProcess: done updating pids map
05-28 18:11:57.281 I/ActivityManager( 470): Process WebViewLoader-armeabi-v7a (pid 718) has died: psvc PER
05-28 18:11:57.281 I/Codec2InfoBuilder( 352): adding type 'video/avc'
05-28 18:11:57.282 I/libprocessgroup( 470): Successfully killed process cgroup uid 1037 pid 718 in 0ms
05-28 18:11:57.285 W/BestClock( 470): java.time.DateTimeException: Missing NTP fix
05-28 18:11:57.292 W/BestClock( 470): java.time.DateTimeException: Missing NTP fix
05-28 18:11:57.293 W/KernelCpuProcStringReader( 470): File not found. It's normal if not implemented: /proc/uid_time_in_state
05-28 18:11:57.293 D/CompatibilityChangeReporter( 470): Compat change id reported: 168419799; UID 1068; state: DISABLED
05-28 18:11:57.293 W/KernelCpuProcStringReader( 470): File not found. It's normal if not implemented: /proc/uid_concurrent_active_time
05-28 18:11:57.294 W/KernelCpuProcStringReader( 470): File not found. It's normal if not implemented: /proc/uid_concurrent_policy_time
05-28 18:11:57.294 E/KernelCpuSpeedReader( 470): Failed to read cpu-freq: /sys/devices/system/cpu/cpu0/cpufreq/stats/time_in_state: open failed: ENOENT (No such file or directory)
05-28 18:11:57.295 E/system_server( 470): Cannot read thread CPU times for PID 470
05-28 18:11:57.301 D/CompatibilityChangeReporter( 771): Compat change id reported: 171979766; UID 1068; state: ENABLED
05-28 18:11:57.303 I/ActivityManager( 470): com.android.tv.settings is exempt from freezer
05-28 18:11:57.303 D/CompatibilityChangeReporter( 470): Compat change id reported: 135634846; UID 1000; state: DISABLED
05-28 18:11:57.315 V/C2Store ( 374): in init
05-28 18:11:57.315 V/C2Store ( 374): loading dll
05-28 18:11:57.315 V/C2Store ( 374): in ~ComponentModule
05-28 18:11:57.315 V/C2Store ( 374): unloading dll
05-28 18:11:57.327 W/BestClock( 470): java.time.DateTimeException: Missing NTP fix
05-28 18:11:57.328 W/BestClock( 470): java.time.DateTimeException: Missing NTP fix
05-28 18:11:57.329 W/BestClock( 470): java.time.DateTimeException: Missing NTP fix
05-28 18:11:57.335 D/ConnectivityService( 470): Got NetworkProvider Messenger for VpnNetworkProvider:0
05-28 18:11:57.338 D/Zygote ( 243): Forked child process 811
05-28 18:11:57.339 I/InputManager( 470): Enabling motion classifier because user switched: feature enabled, long press timeout = 400
05-28 18:11:57.339 I/InputClassifier( 470): Enabling motion classifier
05-28 18:11:57.341 W/BestClock( 470): java.time.DateTimeException: Missing NTP fix
05-28 18:11:57.341 I/hwservicemanager( 180): getTransport: Cannot find entry android.hardware.input.classifier@1.0::IInputClassifier/default in either framework or device VINTF manifest.
05-28 18:11:57.342 I/InputClassifier( 470): Could not obtain InputClassifier HAL
05-28 18:11:57.342 I/ActivityManager( 470): app.processName = com.android.tv.settings
05-28 18:11:57.342 I/ActivityManager( 470): Start proc 811:com.android.tv.settings/1000 for top-activity {com.android.tv.settings/com.android.tv.settings.system.FallbackHome}
05-28 18:11:57.345 W/BestClock( 470): java.time.DateTimeException: Missing NTP fix
05-28 18:11:57.348 W/BestClock( 470): java.time.DateTimeException: Missing NTP fix
05-28 18:11:57.348 I/Zygote ( 811): seccomp disabled by setenforce 0
05-28 18:11:57.363 D/JNIMultiir( 470): Multiir JNI_OnLoad()
05-28 18:11:57.363 D/JNIMultiir( 470): init
05-28 18:11:57.363 I/Codec2InfoBuilder( 352): adding type 'audio/flac'
05-28 18:11:57.366 D/AdapterState( 666): make() - Creating AdapterState
05-28 18:11:57.366 V/C2Store ( 374): in init
05-28 18:11:57.366 V/C2Store ( 374): loading dll
05-28 18:11:57.367 V/C2Store ( 374): in ~ComponentModule
05-28 18:11:57.367 V/C2Store ( 374): unloading dll
05-28 18:11:57.372 I/adbd ( 386): jdwp connection from 811
05-28 18:11:57.373 I/Codec2InfoBuilder( 352): adding type 'audio/flac'
05-28 18:11:57.375 V/C2Store ( 374): in init
05-28 18:11:57.375 V/C2Store ( 374): loading dll
05-28 18:11:57.375 V/C2Store ( 374): in ~ComponentModule
05-28 18:11:57.375 V/C2Store ( 374): unloading dll
05-28 18:11:57.375 D/SystemServer( 470): VMRuntime.setVerifierEnabled(true)
05-28 18:11:57.378 W/Looper ( 470): Slow delivery took 4588ms main h=android.app.PropertyInvalidatedCache$AutoCorker$1 c=null m=0
05-28 18:11:57.384 D/ConditionProviders.SCP( 470): onConnected
05-28 18:11:57.384 D/BluetoothKeystoreService( 666): new BluetoothKeystoreService isCommonCriteriaMode: false
05-28 18:11:57.384 W/BestClock( 470): java.time.DateTimeException: Missing NTP fix
05-28 18:11:57.387 D/BluetoothKeystoreService( 666): start
05-28 18:11:57.389 D/ConditionProviders( 470): Subscribing to condition://android/event?userId=-10000&calendar=&reply=1 with ComponentInfo{android/com.android.server.notification.EventConditionProvider}
05-28 18:11:57.389 I/AdapterState( 666): OFF : entered
05-28 18:11:57.390 I/Codec2InfoBuilder( 352): adding type 'audio/g711-alaw'
05-28 18:11:57.391 W/BestClock( 470): java.time.DateTimeException: Missing NTP fix
05-28 18:11:57.391 D/AdapterProperties( 666): Setting state to OFF
05-28 18:11:57.391 W/BestClock( 470): java.time.DateTimeException: Missing NTP fix
05-28 18:11:57.392 W/BestClock( 470): java.time.DateTimeException: Missing NTP fix
05-28 18:11:57.393 V/C2Store ( 374): in init
05-28 18:11:57.393 V/C2Store ( 374): in ~ComponentModule
05-28 18:11:57.393 V/C2Store ( 374): unloading dll
05-28 18:11:57.393 V/C2Store ( 374): loading dll
05-28 18:11:57.394 W/BestClock( 470): java.time.DateTimeException: Missing NTP fix
05-28 18:11:57.394 D/ConditionProviders( 470): Subscribing to condition://android/schedule?days=1.2.3.4.5.6.7&start=22.0&end=7.0&exitAtAlarm=true with ComponentInfo{android/com.android.server.notification.ScheduleConditionProvider}
05-28 18:11:57.395 W/BestClock( 470): java.time.DateTimeException: Missing NTP fix
05-28 18:11:57.398 I/droid.bluetoot( 666): [0528/181157.398694:INFO:com_android_bluetooth_btservice_BluetoothKeystore.cpp(97)] classInitNative: succeeds
05-28 18:11:57.398 D/hdmi-cec( 263): reset logical address to broadcast
05-28 18:11:57.399 D/BluetoothKeystoreService( 666): setBluetoothKeystoreService(): set to: com.android.bluetooth.btservice.bluetoothkeystore.BluetoothKeystoreService@d756908
05-28 18:11:57.399 W/BestClock( 470): java.time.DateTimeException: Missing NTP fix
05-28 18:11:57.400 W/BestClock( 470): java.time.DateTimeException: Missing NTP fix
05-28 18:11:57.401 W/BestClock( 470): java.time.DateTimeException: Missing NTP fix
05-28 18:11:57.402 W/BestClock( 470): java.time.DateTimeException: Missing NTP fix
05-28 18:11:57.404 I/Codec2InfoBuilder( 352): adding type 'audio/g711-mlaw'
05-28 18:11:57.404 W/BestClock( 470): java.time.DateTimeException: Missing NTP fix
05-28 18:11:57.405 V/C2Store ( 374): in ~ComponentModule
05-28 18:11:57.406 V/C2Store ( 374): unloading dll
05-28 18:11:57.406 V/C2Store ( 374): in init
05-28 18:11:57.406 V/C2Store ( 374): loading dll
05-28 18:11:57.408 W/BestClock( 470): java.time.DateTimeException: Missing NTP fix
05-28 18:11:57.414 W/hdr10p_Configure( 408): 98 callbacks suppressed
05-28 18:11:57.414 I/ ( 408): DVI mode selected: packets not configured
05-28 18:11:57.414 W/set_vsif_config( 408): 98 callbacks suppressed
05-28 18:11:57.414 I/ ( 408): Error: set vsif failed
05-28 18:11:57.410 W/BestClock( 470): java.time.DateTimeException: Missing NTP fix
05-28 18:11:57.411 D/Codec2InfoBuilder( 352): codec entry for 'c2.android.gsm.decoder' is disabled
05-28 18:11:57.412 V/C2Store ( 374): in init
05-28 18:11:57.412 V/C2Store ( 374): loading dll
05-28 18:11:57.417 D/BluetoothKeystoreService( 666): loadConfigData
05-28 18:11:57.418 D/ConnectivityService( 470): requestNetwork for uid/pid:1073/753 activeRequest: null callbackRequest: 18 [NetworkRequest [ REQUEST id=19, [ Capabilities: INTERNET&NOT_RESTRICTED&TRUSTED&NOT_VCN_MANAGED Uid: 1073 RequestorUid: 1073 RequestorPkg: com.android.networkstack] ]] callback flags: 0 priority: 2147483647
05-28 18:11:57.419 D/ConnectivityService( 470): NetReassign [no changes]
05-28 18:11:57.419 W/BestClock( 470): java.time.DateTimeException: Missing NTP fix
05-28 18:11:57.419 D/PPPOE ( 470): got request NetworkRequest [ REQUEST id=19, [ Capabilities: INTERNET&NOT_RESTRICTED&TRUSTED&NOT_VCN_MANAGED Uid: 1073 RequestorUid: 1073 RequestorPkg: com.android.networkstack] ]
05-28 18:11:57.420 D/Ethernet( 470): got request NetworkRequest [ REQUEST id=19, [ Capabilities: INTERNET&NOT_RESTRICTED&TRUSTED&NOT_VCN_MANAGED Uid: 1073 RequestorUid: 1073 RequestorPkg: com.android.networkstack] ]
05-28 18:11:57.420 D/EthernetNetworkFactory( 470): acceptRequest, request: NetworkRequest [ REQUEST id=19, [ Capabilities: INTERNET&NOT_RESTRICTED&TRUSTED&NOT_VCN_MANAGED Uid: 1073 RequestorUid: 1073 RequestorPkg: com.android.networkstack] ]
05-28 18:11:57.420 I/EthernetNetworkFactory( 470): networkForRequest, request: NetworkRequest [ REQUEST id=19, [ Capabilities: INTERNET&NOT_RESTRICTED&TRUSTED&NOT_VCN_MANAGED Uid: 1073 RequestorUid: 1073 RequestorPkg: com.android.networkstack] ], network: null
05-28 18:11:57.421 V/C2Store ( 374): in ~ComponentModule
05-28 18:11:57.421 V/C2Store ( 374): unloading dll
05-28 18:11:57.422 W/BestClock( 470): java.time.DateTimeException: Missing NTP fix
05-28 18:11:57.422 I/Codec2InfoBuilder( 352): adding type 'video/3gpp'
05-28 18:11:57.424 V/GraphicsEnvironment( 771): ANGLE Developer option for 'com.android.se' set to: 'default'
05-28 18:11:57.424 V/GraphicsEnvironment( 771): Neither updatable production driver nor prerelease driver is supported.
05-28 18:11:57.425 V/C2Store ( 374): in init
05-28 18:11:57.425 V/C2Store ( 374): loading dll
05-28 18:11:57.425 D/ConnectivityService( 470): NetReassign [no changes]
05-28 18:11:57.428 D/NetworkSecurityConfig( 771): No Network Security Config specified, using platform default
05-28 18:11:57.428 D/CompatibilityChangeReporter( 470): Compat change id reported: 181136395; UID 1000; state: DISABLED
05-28 18:11:57.429 D/NetworkSecurityConfig( 771): No Network Security Config specified, using platform default
05-28 18:11:57.430 D/CompatibilityChangeReporter( 470): Compat change id reported: 174042936; UID 1000; state: DISABLED
05-28 18:11:57.430 V/C2Store ( 374): in ~ComponentModule
05-28 18:11:57.430 V/C2Store ( 374): unloading dll
05-28 18:11:57.431 W/BestClock( 470): java.time.DateTimeException: Missing NTP fix
05-28 18:11:57.432 I/Codec2InfoBuilder( 352): adding type 'video/3gpp'
05-28 18:11:57.441 V/C2Store ( 374): in init
05-28 18:11:57.441 V/C2Store ( 374): loading dll
05-28 18:11:57.443 D/CompatibilityChangeReporter( 811): Compat change id reported: 171979766; UID 1000; state: ENABLED
05-28 18:11:57.446 V/C2Store ( 374): in ~ComponentModule
05-28 18:11:57.447 V/C2Store ( 374): unloading dll
05-28 18:11:57.447 I/SecureElementService( 771): main onCreate
05-28 18:11:57.452 D/ApplicationLoaders( 753): Returning zygote-cached class loader: /system/framework/android.test.base.jar
05-28 18:11:57.456 W/BestClock( 470): java.time.DateTimeException: Missing NTP fix
05-28 18:11:57.457 I/Codec2InfoBuilder( 352): adding type 'video/hevc'
05-28 18:11:57.458 D/CompatibilityChangeReporter( 470): Compat change id reported: 135634846; UID 10075; state: DISABLED
05-28 18:11:57.464 I/ ( 408): DVI mode selected: packets not configured
05-28 18:11:57.464 I/ ( 408): Error: set vsif failed
05-28 18:11:57.459 D/CompatibilityChangeReporter( 470): Compat change id reported: 143937733; UID 10075; state: ENABLED
05-28 18:11:57.460 W/BestClock( 470): java.time.DateTimeException: Missing NTP fix
05-28 18:11:57.462 W/BestClock( 470): java.time.DateTimeException: Missing NTP fix
05-28 18:11:57.466 D/CountryDetector( 470): Using custom country detector class: com.android.server.location.ComprehensiveCountryDetector
05-28 18:11:57.467 W/BestClock( 470): java.time.DateTimeException: Missing NTP fix
05-28 18:11:57.467 E/CountryDetector( 470): Could not instantiate the custom country detector class
05-28 18:11:57.467 D/CountryDetector( 470): Using default country detector
05-28 18:11:57.468 V/C2Store ( 374): in init
05-28 18:11:57.468 V/C2Store ( 374): loading dll
05-28 18:11:57.470 I/mediaswcodec( 374): missing struct descriptor #Param::CoreIndex(--004) for field values of struct #Param::CoreIndex(F-12004)
05-28 18:11:57.472 D/C2SoftHevcEnc( 374): Given level 6000 does not cover current configuration: adjusting to 6001
05-28 18:11:57.474 D/PermissionCache( 273): checking android.permission.ACCESS_SURFACE_FLINGER for uid=10067 => granted (6304 us)
05-28 18:11:57.474 V/C2Store ( 374): in ~ComponentModule
05-28 18:11:57.474 V/C2Store ( 374): unloading dll
05-28 18:11:57.477 D/Zygote ( 243): Forked child process 837
05-28 18:11:57.477 I/mediaswcodec( 374): missing struct descriptor #Param::CoreIndex(--004) for field values of struct #Param::CoreIndex(F-12004)
05-28 18:11:57.478 I/ActivityManager( 470): app.processName = android.ext.services
05-28 18:11:57.478 I/ActivityManager( 470): Start proc 837:android.ext.services/u0a75 for service {android.ext.services/android.ext.services.autofill.InlineSuggestionRenderServiceImpl}
05-28 18:11:57.480 I/SecureElementService( 771): Check if terminal eSE1 is available.
05-28 18:11:57.482 I/hwservicemanager( 180): getTransport: Cannot find entry android.hardware.secure_element@1.2::ISecureElement/eSE1 in either framework or device VINTF manifest.
05-28 18:11:57.485 D/SecureElement-Terminal-eSE1( 771): SE Hal V1.2 is not supported
05-28 18:11:57.486 W/BestClock( 470): java.time.DateTimeException: Missing NTP fix
05-28 18:11:57.487 D/C2SoftHevcEnc( 374): Given level 6000 does not cover current configuration: adjusting to 6001
05-28 18:11:57.492 I/hwservicemanager( 180): getTransport: Cannot find entry android.hardware.secure_element@1.1::ISecureElement/eSE1 in either framework or device VINTF manifest.
05-28 18:11:57.492 D/SecureElement-Terminal-eSE1( 771): SE Hal V1.1 is not supported
05-28 18:11:57.498 I/ ( 408): DVI mode selected: packets not configured
05-28 18:11:57.498 I/ ( 408): Error: set vsif failed
05-28 18:11:57.493 I/hwservicemanager( 180): getTransport: Cannot find entry android.hardware.secure_element@1.0::ISecureElement/eSE1 in either framework or device VINTF manifest.
05-28 18:11:57.494 I/SecureElementService( 771): No HAL implementation for eSE1
05-28 18:11:57.494 I/SecureElementService( 771): Check if terminal SIM1 is available.
05-28 18:11:57.494 I/hwservicemanager( 180): getTransport: Cannot find entry android.hardware.secure_element@1.2::ISecureElement/SIM1 in either framework or device VINTF manifest.
05-28 18:11:57.495 D/SecureElement-Terminal-SIM1( 771): SE Hal V1.2 is not supported
05-28 18:11:57.495 I/Zygote ( 837): seccomp disabled by setenforce 0
05-28 18:11:57.495 I/hwservicemanager( 180): getTransport: Cannot find entry android.hardware.secure_element@1.1::ISecureElement/SIM1 in either framework or device VINTF manifest.
05-28 18:11:57.496 W/BestClock( 470): java.time.DateTimeException: Missing NTP fix
05-28 18:11:57.497 D/SecureElement-Terminal-SIM1( 771): SE Hal V1.1 is not supported
05-28 18:11:57.498 I/hwservicemanager( 180): getTransport: Cannot find entry android.hardware.secure_element@1.0::ISecureElement/SIM1 in either framework or device VINTF manifest.
05-28 18:11:57.498 D/Codec2InfoBuilder( 352): codec entry for 'c2.android.hevc.encoder' is disabled
05-28 18:11:57.498 V/C2Store ( 374): in init
05-28 18:11:57.498 V/C2Store ( 374): loading dll
05-28 18:11:57.502 W/BestClock( 470): java.time.DateTimeException: Missing NTP fix
05-28 18:11:57.500 I/rainbow_flow( 323): type=1400 audit(0.0:349): avc: denied { ioctl } for path="/dev/spidev1.0" dev="tmpfs" ino=5872 ioctlcmd=0x6b00 scontext=u:r:init:s0 tcontext=u:object_r:device:s0 tclass=chr_file permissive=1
05-28 18:11:57.505 V/C2Store ( 374): in ~ComponentModule
05-28 18:11:57.505 V/C2Store ( 374): unloading dll
05-28 18:11:57.506 W/BestClock( 470): java.time.DateTimeException: Missing NTP fix
05-28 18:11:57.514 I/ ( 408): DVI mode selected: packets not configured
05-28 18:11:57.514 I/ ( 408): Error: set vsif failed
05-28 18:11:57.511 I/SecureElementService( 771): No HAL implementation for SIM1
05-28 18:11:57.514 I/hwservicemanager( 180): Notifying android.hardware.wifi@1.5::IWifi/default they have clients: 1
05-28 18:11:57.515 I/HidlLazyUtils( 661): Process has 1 (of 1 available) client(s) in use after notification android.hardware.wifi@1.5::IWifi/default has clients: 1
05-28 18:11:57.516 D/CompatibilityChangeReporter( 470): Compat change id reported: 150939131; UID 1000; state: ENABLED
05-28 18:11:57.517 I/Codec2InfoBuilder( 352): adding type 'audio/mpeg'
05-28 18:11:57.518 V/C2Store ( 374): in init
05-28 18:11:57.518 V/C2Store ( 374): loading dll
05-28 18:11:57.520 D/AdbService( 470): setAdbEnabled(true), mIsAdbUsbEnabled=true, mIsAdbWifiEnabled=true, transportType=1
05-28 18:11:57.531 I/ ( 408): DVI mode selected: packets not configured
05-28 18:11:57.531 I/ ( 408): Error: set vsif failed
05-28 18:11:57.526 V/C2Store ( 374): in ~ComponentModule
05-28 18:11:57.526 V/C2Store ( 374): unloading dll
05-28 18:11:57.526 W/BestClock( 470): java.time.DateTimeException: Missing NTP fix
05-28 18:11:57.534 W/BestClock( 470): java.time.DateTimeException: Missing NTP fix
05-28 18:11:57.534 D/NetworkSecurityConfig( 753): No Network Security Config specified, using platform default
05-28 18:11:57.535 I/adbd ( 386): jdwp connection from 837
05-28 18:11:57.535 D/Codec2InfoBuilder( 352): codec entry for 'c2.android.mpeg2.decoder' is disabled
05-28 18:11:57.536 V/C2Store ( 374): in init
05-28 18:11:57.536 V/C2Store ( 374): loading dll
05-28 18:11:57.536 V/C2Store ( 374): in ~ComponentModule
05-28 18:11:57.537 V/C2Store ( 374): unloading dll
05-28 18:11:57.540 D/CompatibilityChangeReporter( 674): Compat change id reported: 160794467; UID 10067; state: ENABLED
05-28 18:11:57.541 W/BestClock( 470): java.time.DateTimeException: Missing NTP fix
05-28 18:11:57.543 I/droid.bluetoot( 666): [0528/181157.543653:INFO:com_android_bluetooth_btservice_ActivityAttribution.cpp(96)] classInitNative: succeeds
05-28 18:11:57.544 D/BluetoothKeystoreService( 666): getCompareResult: 0
05-28 18:11:57.544 W/BestClock( 470): java.time.DateTimeException: Missing NTP fix
05-28 18:11:57.546 I/Codec2InfoBuilder( 352): adding type 'video/mp4v-es'
05-28 18:11:57.549 V/C2Store ( 374): in ~ComponentModule
05-28 18:11:57.549 V/C2Store ( 374): unloading dll
05-28 18:11:57.549 V/C2Store ( 374): in init
05-28 18:11:57.549 V/C2Store ( 374): loading dll
05-28 18:11:57.551 W/BestClock( 470): java.time.DateTimeException: Missing NTP fix
05-28 18:11:57.556 I/Codec2InfoBuilder( 352): adding type 'video/mp4v-es'
05-28 18:11:57.557 D/TvPipMenuController( 674): onMediaActionsChanged()
05-28 18:11:57.558 V/C2Store ( 374): in init
05-28 18:11:57.558 V/C2Store ( 374): loading dll
05-28 18:11:57.563 I/Codec2InfoBuilder( 352): adding type 'audio/opus'
05-28 18:11:57.563 V/C2Store ( 374): in init
05-28 18:11:57.563 V/C2Store ( 374): loading dll
05-28 18:11:57.565 V/C2Store ( 374): in ~ComponentModule
05-28 18:11:57.565 V/C2Store ( 374): unloading dll
05-28 18:11:57.566 I/PackageWatchdog( 470): Syncing health check requests for packages: {}
05-28 18:11:57.567 I/ExplicitHealthCheckController( 470): Service not ready to get health check supported packages. Binding...
05-28 18:11:57.570 I/bt_btif ( 666): system/bt/btif/src/bluetooth.cc:162 init: init: start restricted = 0 ; common criteria mode = 0, config compare result = 0
05-28 18:11:57.570 I/Codec2InfoBuilder( 352): adding type 'audio/opus'
05-28 18:11:57.571 V/C2Store ( 374): in init
05-28 18:11:57.571 V/C2Store ( 374): loading dll
05-28 18:11:57.572 V/C2Store ( 374): in ~ComponentModule
05-28 18:11:57.572 V/C2Store ( 374): unloading dll
05-28 18:11:57.573 V/C2Store ( 374): in ~ComponentModule
05-28 18:11:57.573 V/C2Store ( 374): unloading dll
05-28 18:11:57.576 I/ExplicitHealthCheckController( 470): Explicit health check service is bound
05-28 18:11:57.576 I/Codec2InfoBuilder( 352): adding type 'audio/raw'
05-28 18:11:57.581 I/ ( 408): DVI mode selected: packets not configured
05-28 18:11:57.581 I/ ( 408): Error: set vsif failed
05-28 18:11:57.577 V/C2Store ( 374): in init
05-28 18:11:57.577 V/C2Store ( 374): loading dll
05-28 18:11:57.578 I/bt ( 666): bt_common::init_flags: Flags loaded: gd_core=false gd_advertising=false gd_scanning=false gd_security=false gd_acl=false gd_l2cap=false gd_hci=false gd_controller=false gatt_robust_caching=false btaa_hci=false gd_rust=false gd_link_policy=false
05-28 18:11:57.581 V/C2Store ( 374): in ~ComponentModule
05-28 18:11:57.581 V/C2Store ( 374): unloading dll
05-28 18:11:57.582 D/TvPipNotification( 674): setDelegate(), delegate=com.android.wm.shell.pip.tv.TvPipController@5fa3f6d
05-28 18:11:57.582 D/TvPipMenuController( 674): setDelegate(), delegate=com.android.wm.shell.pip.tv.TvPipController@5fa3f6d
05-28 18:11:57.583 I/Codec2InfoBuilder( 352): adding type 'audio/vorbis'
05-28 18:11:57.583 V/C2Store ( 374): in init
05-28 18:11:57.584 V/C2Store ( 374): loading dll
05-28 18:11:57.584 V/C2Store ( 374): in ~ComponentModule
05-28 18:11:57.584 V/C2Store ( 374): unloading dll
05-28 18:11:57.586 I/droid.bluetoot( 666): [0528/181157.586376:INFO:message_loop_thread.cc(224)] Run: message loop starting for thread bt_stack_manager_thread
05-28 18:11:57.588 I/bt_stack_manager( 666): system/bt/btif/src/stack_manager.cc:200 event_init_stack: is initializing the stack
05-28 18:11:57.590 W/OneHandedController( 674): Device doesn't support OneHanded feature
05-28 18:11:57.592 I/Codec2InfoBuilder( 352): adding type 'video/x-vnd.on2.vp8'
05-28 18:11:57.593 V/C2Store ( 374): in init
05-28 18:11:57.594 V/C2Store ( 374): loading dll
05-28 18:11:57.595 V/GraphicsEnvironment( 811): ANGLE Developer option for 'com.android.tv.settings' set to: 'default'
05-28 18:11:57.595 V/GraphicsEnvironment( 811): Neither updatable production driver nor prerelease driver is supported.
05-28 18:11:57.596 I/bt_osi_thread( 666): system/bt/osi/src/thread.cc:209 run_thread: run_thread: thread id 860, thread name alarm_default_ca started
05-28 18:11:57.597 D/CompatibilityChangeReporter( 470): Compat change id reported: 168419799; UID 10075; state: DISABLED
05-28 18:11:57.598 I/C2SoftVp8Enc( 374): setting temporal layering 0 + 0
05-28 18:11:57.598 I/bt_osi_thread( 666): system/bt/osi/src/thread.cc:209 run_thread: run_thread: thread id 861, thread name alarm_dispatcher started
05-28 18:11:57.598 I/bt_btif_core( 666): system/bt/btif/src/btif_core.cc:235 btif_init_bluetooth: btif_init_bluetooth entered
05-28 18:11:57.605 D/NetworkSecurityConfig( 811): No Network Security Config specified, using platform default
05-28 18:11:57.606 D/NetworkSecurityConfig( 811): No Network Security Config specified, using platform default
05-28 18:11:57.614 I/ ( 408): DVI mode selected: packets not configured
05-28 18:11:57.614 I/ ( 408): Error: set vsif failed
05-28 18:11:57.612 V/C2Store ( 374): in ~ComponentModule
05-28 18:11:57.612 V/C2Store ( 374): unloading dll
05-28 18:11:57.612 D/CompatibilityChangeReporter( 837): Compat change id reported: 171979766; UID 10075; state: DISABLED
05-28 18:11:57.615 I/droid.bluetoot( 666): [0528/181157.615821:INFO:message_loop_thread.cc(224)] Run: message loop starting for thread bt_jni_thread
05-28 18:11:57.616 I/C2SoftVp8Enc( 374): setting temporal layering 0 + 0
05-28 18:11:57.616 I/bt_btif_core( 666): system/bt/btif/src/btif_core.cc:239 btif_init_bluetooth: btif_init_bluetooth finished
05-28 18:11:57.616 I/bt_stack_config( 666): system/bt/main/stack_config.cc:51 init: init attempt to load stack conf from /etc/bluetooth/bt_stack.conf
05-28 18:11:57.620 I/Codec2InfoBuilder( 352): adding type 'video/x-vnd.on2.vp8'
05-28 18:11:57.621 I/bt_stack_manager( 666): system/bt/btif/src/stack_manager.cc:223 event_init_stack: finished
05-28 18:11:57.621 I/bt_osi_wakelock( 666): system/bt/osi/src/wakelock.cc:98 wakelock_set_os_callouts: wakelock_set_os_callouts set to non-native
05-28 18:11:57.621 I/bt_btif ( 666): system/bt/btif/src/bluetooth.cc:417 get_profile_interface: get_profile_interface: id = socket
05-28 18:11:57.623 E/droid.bluetoot( 666): [0528/181157.623033:ERROR:message_loop_thread.cc(102)] DoInThreadDelayed: message loop is null for thread bt_main_thread(-1), from pc:0xbf0d03bb
05-28 18:11:57.623 E/droid.bluetoot( 666): [0528/181157.623257:ERROR:btu_task.cc(94)] do_in_main_thread: failed from pc:0xbf0d03bb
05-28 18:11:57.623 E/droid.bluetoot( 666): [0528/181157.623326:ERROR:message_loop_thread.cc(102)] DoInThreadDelayed: message loop is null for thread bt_main_thread(-1), from pc:0xbf0d03bb
05-28 18:11:57.623 E/droid.bluetoot( 666): [0528/181157.623389:ERROR:btu_task.cc(94)] do_in_main_thread: failed from pc:0xbf0d03bb
05-28 18:11:57.623 E/droid.bluetoot( 666): [0528/181157.623442:ERROR:message_loop_thread.cc(102)] DoInThreadDelayed: message loop is null for thread bt_main_thread(-1), from pc:0xbf0d03bb
05-28 18:11:57.623 E/droid.bluetoot( 666): [0528/181157.623502:ERROR:btu_task.cc(94)] do_in_main_thread: failed from pc:0xbf0d03bb
05-28 18:11:57.624 I/EventThread( 263): type=1400 audit(0.0:350): avc: denied { search } for name="extcon" dev="sysfs" ino=18109 scontext=u:r:hal_tv_cec_default:s0 tcontext=u:object_r:sysfs_extcon:s0 tclass=dir permissive=1
05-28 18:11:57.626 D/BluetoothKeystoreService( 666): initJni()
05-28 18:11:57.627 I/bt_btif ( 666): system/bt/btif/src/bluetooth.cc:417 get_profile_interface: get_profile_interface: id = bluetooth_keystore
05-28 18:11:57.627 I/bt_btif ( 666): system/bt/btif/src/bluetooth.cc:417 get_profile_interface: get_profile_interface: id = sdp
05-28 18:11:57.630 V/C2Store ( 374): in init
05-28 18:11:57.630 V/C2Store ( 374): loading dll
05-28 18:11:57.632 D/NetworkStats( 470): registerNetworkStatsProvider from OffloadController uid/pid=1073/753
05-28 18:11:57.640 D/NetworkSecurityConfig( 470): No Network Security Config specified, using platform default
05-28 18:11:57.640 D/NetworkSecurityConfig( 470): No Network Security Config specified, using platform default
05-28 18:11:57.640 I/system_server( 470): Waiting for a blocking GC ClassLinker
05-28 18:11:57.643 V/C2Store ( 374): in ~ComponentModule
05-28 18:11:57.643 V/C2Store ( 374): unloading dll
05-28 18:11:57.649 D/Codec2InfoBuilder( 352): component 'c2.android.vp9.decoder' not found in xml
05-28 18:11:57.651 V/C2Store ( 374): in init
05-28 18:11:57.651 V/C2Store ( 374): loading dll
05-28 18:11:57.654 V/C2Store ( 374): in ~ComponentModule
05-28 18:11:57.653 I/C2SoftVp9Enc( 374): setting temporal layering 0 + 0
05-28 18:11:57.654 V/C2Store ( 374): unloading dll
05-28 18:11:57.658 D/BluetoothDatabase( 666): start()
05-28 18:11:57.658 I/C2SoftVp9Enc( 374): setting temporal layering 0 + 0
05-28 18:11:57.660 D/Codec2InfoBuilder( 352): codec entry for 'c2.android.vp9.encoder' is disabled
05-28 18:11:57.664 I/ ( 408): DVI mode selected: packets not configured
05-28 18:11:57.664 I/ ( 408): Error: set vsif failed
05-28 18:11:57.663 D/MediaCodecList( 470): codecHandlesFormat: no format, so no extra checks
05-28 18:11:57.663 D/MediaCodecList( 470): codecHandlesFormat: no format, so no extra checks
05-28 18:11:57.665 V/C2Store ( 374): in ~ComponentModule
05-28 18:11:57.665 V/C2Store ( 374): unloading dll
05-28 18:11:57.666 D/BluetoothDatabase( 666): Load Database
05-28 18:11:57.667 I/BluetoothAdapterService( 666): Phone policy enabled
05-28 18:11:57.664 I/id.ext.services( 837): type=1400 audit(0.0:351): avc: denied { getattr } for path="/data/data/android.ext.services" dev="mmcblk0p25" ino=439 scontext=u:r:platform_app:s0:c512,c768 tcontext=u:object_r:app_data_file:s0:c512,c768 tclass=dir permissive=1 app=android.ext.services
05-28 18:11:57.670 D/CCodec ( 470): allocate(c2.android.vorbis.decoder)
05-28 18:11:57.670 D/CCodec ( 470): allocate(c2.android.vorbis.decoder)
05-28 18:11:57.672 D/BluetoothActiveDeviceManager( 666): start()
05-28 18:11:57.673 I/Codec2Client( 470): Available Codec2 services: "software"
05-28 18:11:57.677 V/C2Store ( 374): in init
05-28 18:11:57.678 V/C2Store ( 374): loading dll
05-28 18:11:57.683 I/CCodec ( 470): Created component [c2.android.vorbis.decoder]
05-28 18:11:57.683 I/CCodec ( 470): Created component [c2.android.vorbis.decoder]
05-28 18:11:57.684 D/CCodecConfig( 470): read media type: audio/vorbis
05-28 18:11:57.686 D/CCodecConfig( 470): read media type: audio/vorbis
05-28 18:11:57.690 D/ReflectedParamUpdater( 470): extent() != 1 for single value type: algo.buffers.max-count.values
05-28 18:11:57.692 D/ReflectedParamUpdater( 470): extent() != 1 for single value type: output.subscribed-indices.values
05-28 18:11:57.697 I/ ( 408): DVI mode selected: packets not configured
05-28 18:11:57.697 I/ ( 408): Error: set vsif failed
05-28 18:11:57.693 D/ReflectedParamUpdater( 470): extent() != 1 for single value type: input.buffers.allocator-ids.values
05-28 18:11:57.694 D/ReflectedParamUpdater( 470): extent() != 1 for single value type: algo.buffers.max-count.values
05-28 18:11:57.694 D/ReflectedParamUpdater( 470): extent() != 1 for single value type: output.buffers.allocator-ids.values
05-28 18:11:57.694 D/ReflectedParamUpdater( 470): extent() != 1 for single value type: output.subscribed-indices.values
05-28 18:11:57.694 D/ReflectedParamUpdater( 470): extent() != 1 for single value type: algo.buffers.allocator-ids.values
05-28 18:11:57.694 D/ReflectedParamUpdater( 470): extent() != 1 for single value type: input.buffers.allocator-ids.values
05-28 18:11:57.695 D/ReflectedParamUpdater( 470): extent() != 1 for single value type: output.buffers.pool-ids.values
05-28 18:11:57.696 D/ReflectedParamUpdater( 470): extent() != 1 for single value type: output.buffers.allocator-ids.values
05-28 18:11:57.696 D/ReflectedParamUpdater( 470): extent() != 1 for single value type: algo.buffers.allocator-ids.values
05-28 18:11:57.696 D/ReflectedParamUpdater( 470): extent() != 1 for single value type: algo.buffers.pool-ids.values
05-28 18:11:57.696 D/ReflectedParamUpdater( 470): extent() != 1 for single value type: output.buffers.pool-ids.values
05-28 18:11:57.696 D/ReflectedParamUpdater( 470): extent() != 1 for single value type: algo.buffers.pool-ids.values
05-28 18:11:57.703 I/CCodecConfig( 470): query failed after returning 7 values (BAD_INDEX)
05-28 18:11:57.704 D/CCodecConfig( 470): c2 config diff is Dict {
05-28 18:11:57.704 D/CCodecConfig( 470): c2::u32 coded.bitrate.value = 64000
05-28 18:11:57.704 D/CCodecConfig( 470): c2::u32 input.buffers.max-size.value = 32768
05-28 18:11:57.704 D/CCodecConfig( 470): c2::u32 input.delay.value = 0
05-28 18:11:57.704 D/CCodecConfig( 470): string input.media-type.value = "audio/vorbis"
05-28 18:11:57.704 D/CCodecConfig( 470): string output.media-type.value = "audio/raw"
05-28 18:11:57.704 D/CCodecConfig( 470): c2::u32 raw.channel-count.value = 1
05-28 18:11:57.704 D/CCodecConfig( 470): c2::u32 raw.sample-rate.value = 48000
05-28 18:11:57.704 D/CCodecConfig( 470): }
05-28 18:11:57.704 I/CCodecConfig( 470): query failed after returning 7 values (BAD_INDEX)
05-28 18:11:57.704 D/CCodecConfig( 470): c2 config diff is Dict {
05-28 18:11:57.704 D/CCodecConfig( 470): c2::u32 coded.bitrate.value = 64000
05-28 18:11:57.704 D/CCodecConfig( 470): c2::u32 input.buffers.max-size.value = 32768
05-28 18:11:57.704 D/CCodecConfig( 470): c2::u32 input.delay.value = 0
05-28 18:11:57.704 D/CCodecConfig( 470): string input.media-type.value = "audio/vorbis"
05-28 18:11:57.704 D/CCodecConfig( 470): string output.media-type.value = "audio/raw"
05-28 18:11:57.704 D/CCodecConfig( 470): c2::u32 raw.channel-count.value = 1
05-28 18:11:57.704 D/CCodecConfig( 470): c2::u32 raw.sample-rate.value = 48000
05-28 18:11:57.704 D/CCodecConfig( 470): }
05-28 18:11:57.705 D/BluetoothAdapterService( 666): setAdapterService() - trying to set service to com.android.bluetooth.btservice.AdapterService@5fa3f6d
05-28 18:11:57.705 D/BluetoothActiveDeviceManager( 666): onAudioDevicesAdded
05-28 18:11:57.707 D/BluetoothActiveDeviceManager( 666): Audio device added: DBBOX-A2 type: 2
05-28 18:11:57.707 D/BluetoothActiveDeviceManager( 666): Audio device added: DBBOX-A2 type: 15
05-28 18:11:57.707 D/BluetoothActiveDeviceManager( 666): Audio device added: DBBOX-A2 type: 25
05-28 18:11:57.710 D/CCodec ( 470): [c2.android.vorbis.decoder] buffers are bound to CCodec for this session
05-28 18:11:57.710 D/CCodecConfig( 470): no c2 equivalents for durationUs
05-28 18:11:57.710 D/CCodecConfig( 470): no c2 equivalents for track-id
05-28 18:11:57.710 D/CCodecConfig( 470): no c2 equivalents for csd-1
05-28 18:11:57.710 D/CCodecConfig( 470): no c2 equivalents for channel-mask
05-28 18:11:57.710 D/CCodecConfig( 470): no c2 equivalents for flags
05-28 18:11:57.711 D/CCodecConfig( 470): c2 config diff is c2::u32 raw.channel-count.value = 2
05-28 18:11:57.711 D/CCodecConfig( 470): c2::u32 raw.sample-rate.value = 44100
05-28 18:11:57.715 W/Codec2Client( 470): query -- param skipped: index = 1107298332.
05-28 18:11:57.715 D/CCodec ( 470): setup formats input: AMessage(what = 0x00000000) = {
05-28 18:11:57.715 D/CCodec ( 470): int32_t bitrate = 64000
05-28 18:11:57.715 D/CCodec ( 470): int32_t channel-count = 2
05-28 18:11:57.715 D/CCodec ( 470): int32_t max-input-size = 32768
05-28 18:11:57.715 D/CCodec ( 470): string mime = "audio/vorbis"
05-28 18:11:57.715 D/CCodec ( 470): int32_t sample-rate = 44100
05-28 18:11:57.715 D/CCodec ( 470): }
05-28 18:11:57.716 D/CCodec ( 470): setup formats output: AMessage(what = 0x00000000) = {
05-28 18:11:57.716 D/CCodec ( 470): int32_t channel-count = 2
05-28 18:11:57.716 D/CCodec ( 470): string mime = "audio/raw"
05-28 18:11:57.716 D/CCodec ( 470): int32_t sample-rate = 44100
05-28 18:11:57.716 D/CCodec ( 470): int32_t channel-mask = 3
05-28 18:11:57.716 D/CCodec ( 470): }
05-28 18:11:57.716 I/CCodecConfig( 470): query failed after returning 7 values (BAD_INDEX)
05-28 18:11:57.716 D/CCodec ( 470): [c2.android.vorbis.decoder] buffers are bound to CCodec for this session
05-28 18:11:57.716 D/CCodecConfig( 470): no c2 equivalents for durationUs
05-28 18:11:57.716 D/CCodecConfig( 470): no c2 equivalents for track-id
05-28 18:11:57.717 D/CCodecConfig( 470): no c2 equivalents for csd-1
05-28 18:11:57.717 D/CCodecConfig( 470): no c2 equivalents for channel-mask
05-28 18:11:57.717 W/Codec2Client( 470): query -- param skipped: index = 1342179345.
05-28 18:11:57.717 W/Codec2Client( 470): query -- param skipped: index = 2415921170.
05-28 18:11:57.717 D/CCodecConfig( 470): no c2 equivalents for flags
05-28 18:11:57.718 D/CCodecConfig( 470): c2 config diff is c2::u32 raw.channel-count.value = 2
05-28 18:11:57.718 D/CCodecConfig( 470): c2::u32 raw.sample-rate.value = 44100