05-28 18:11:50.305 W/audio_route( 248): Control 'AIF2 ADL Mixer ADCL Switch' doesn't exist - skipping
05-28 18:11:50.305 W/audio_route( 248): Control 'AIF2OUTL Mux' doesn't exist - skipping
05-28 18:11:50.305 W/audio_route( 248): Control 'AIF2INL Mux' doesn't exist - skipping
05-28 18:11:50.305 W/audio_route( 248): Control 'AIF2INL Mux switch aif2inl aif2Switch' doesn't exist - skipping
05-28 18:11:50.305 W/audio_route( 248): Control 'DACL Mixer AIF2DACL Switch' doesn't exist - skipping
05-28 18:11:50.305 W/audio_route( 248): Control 'Left Output Mixer DACL Switch' doesn't exist - skipping
05-28 18:11:50.305 W/audio_route( 248): Control 'Right Output Mixer DACL Switch' doesn't exist - skipping
05-28 18:11:50.305 W/audio_route( 248): Control 'HP_L Mux' doesn't exist - skipping
05-28 18:11:50.305 W/audio_route( 248): Control 'HP_R Mux' doesn't exist - skipping
05-28 18:11:50.305 W/audio_route( 248): Control 'Headphone Switch' doesn't exist - skipping
05-28 18:11:50.305 W/audio_route( 248): Control 'AIF2 ADC volume' doesn't exist - skipping
05-28 18:11:50.305 W/audio_route( 248): Control 'LEFT ADC input Mixer MIC1 boost Switch' doesn't exist - skipping
05-28 18:11:50.305 W/audio_route( 248): Control 'ADCL Mux' doesn't exist - skipping
05-28 18:11:50.305 W/audio_route( 248): Control 'AIF2 ADL Mixer ADCL Switch' doesn't exist - skipping
05-28 18:11:50.305 W/audio_route( 248): Control 'AIF2OUTL Mux' doesn't exist - skipping
05-28 18:11:50.306 W/audio_route( 248): Control 'AIF2INL Mux' doesn't exist - skipping
05-28 18:11:50.306 W/audio_route( 248): Control 'AIF2INL Mux switch aif2inl aif2Switch' doesn't exist - skipping
05-28 18:11:50.306 W/audio_route( 248): Control 'DACL Mixer AIF2DACL Switch' doesn't exist - skipping
05-28 18:11:50.306 W/audio_route( 248): Control 'Left Output Mixer DACL Switch' doesn't exist - skipping
05-28 18:11:50.306 W/audio_route( 248): Control 'Right Output Mixer DACL Switch' doesn't exist - skipping
05-28 18:11:50.306 W/audio_route( 248): Control 'HP_L Mux' doesn't exist - skipping
05-28 18:11:50.306 W/audio_route( 248): Control 'HP_R Mux' doesn't exist - skipping
05-28 18:11:50.306 W/audio_route( 248): Control 'Headphone Switch' doesn't exist - skipping
05-28 18:11:50.306 W/audio_route( 248): Control 'AIF2INL Mux' doesn't exist - skipping
05-28 18:11:50.306 W/audio_route( 248): Control 'AIF2INL Mux switch aif2inl aif2Switch' doesn't exist - skipping
05-28 18:11:50.306 W/audio_route( 248): Control 'AIF2 ADR Mixer AIF2 DACL Switch' doesn't exist - skipping
05-28 18:11:50.306 W/audio_route( 248): Control 'AIF3OUT Mux' doesn't exist - skipping
05-28 18:11:50.306 W/audio_route( 248): Control 'AIF2INR Mux VIR switch aif2inr aif3Switch' doesn't exist - skipping
05-28 18:11:50.306 W/audio_route( 248): Control 'AIF2 ADL Mixer AIF2 DACR Switch' doesn't exist - skipping
05-28 18:11:50.306 W/audio_route( 248): Control 'AIF2OUTL Mux' doesn't exist - skipping
05-28 18:11:50.306 W/audio_route( 248): Control 'AIF2 ADC volume' doesn't exist - skipping
05-28 18:11:50.306 W/audio_route( 248): Control 'LEFT ADC input Mixer MIC1 boost Switch' doesn't exist - skipping
05-28 18:11:50.306 W/audio_route( 248): Control 'ADCL Mux' doesn't exist - skipping
05-28 18:11:50.306 W/audio_route( 248): Control 'AIF2 ADL Mixer ADCL Switch' doesn't exist - skipping
05-28 18:11:50.306 W/audio_route( 248): Control 'AIF2OUTL Mux' doesn't exist - skipping
05-28 18:11:50.306 W/audio_route( 248): Control 'AIF2INL Mux' doesn't exist - skipping
05-28 18:11:50.306 W/audio_route( 248): Control 'AIF2INL Mux switch aif2inl aif2Switch' doesn't exist - skipping
05-28 18:11:50.306 W/audio_route( 248): Control 'DACL Mixer AIF2DACL Switch' doesn't exist - skipping
05-28 18:11:50.306 W/audio_route( 248): Control 'EAR Mux' doesn't exist - skipping
05-28 18:11:50.306 W/audio_route( 248): Control 'Earpiece Switch' doesn't exist - skipping
05-28 18:11:50.306 W/audio_route( 248): Control 'AIF1 AD0L Mixer ADCL Switch' doesn't exist - skipping
05-28 18:11:50.306 W/audio_route( 248): Control 'AIF1 AD0L Mixer AIF2 DACL Switch' doesn't exist - skipping
05-28 18:11:50.306 W/audio_route( 248): Control 'AIF1OUT0L Mux' doesn't exist - skipping
05-28 18:11:50.306 W/audio_route( 248): Control 'AIF1 AD0L Mixer ADCL Switch' doesn't exist - skipping
05-28 18:11:50.306 W/audio_route( 248): Control 'AIF1 AD0L Mixer AIF2 DACL Switch' doesn't exist - skipping
05-28 18:11:50.306 W/audio_route( 248): Control 'AIF1OUT0L Mux' doesn't exist - skipping
05-28 18:11:50.306 W/audio_route( 248): Control 'AIF1 AD0L Mixer AIF2 DACL Switch' doesn't exist - skipping
05-28 18:11:50.306 W/audio_route( 248): Control 'AIF1 AD0L Mixer AIF2 DACR Switch' doesn't exist - skipping
05-28 18:11:50.306 W/audio_route( 248): Control 'AIF1OUT0L Mux' doesn't exist - skipping
05-28 18:11:50.306 W/audio_route( 248): Control 'Line Out Mixer MIC1 boost Switch' doesn't exist - skipping
05-28 18:11:50.306 W/audio_route( 248): Control 'MIC2 SRC' doesn't exist - skipping
05-28 18:11:50.306 W/audio_route( 248): Control 'Line Out Mixer MIC2 boost Switch' doesn't exist - skipping
05-28 18:11:50.306 W/audio_route( 248): Control 'Left Output Mixer LINEINL-LINEINR Switch' doesn't exist - skipping
05-28 18:11:50.306 W/audio_route( 248): Control 'Right Output Mixer LINEINL-LINEINR Switch' doesn't exist - skipping
05-28 18:11:50.306 W/audio_route( 248): Control 'EAR Mux' doesn't exist - skipping
05-28 18:11:50.306 W/audio_route( 248): Control 'External Speaker Switch' doesn't exist - skipping
05-28 18:11:50.306 W/audio_route( 248): Control 'Headphone Switch' doesn't exist - skipping
05-28 18:11:50.306 W/audio_route( 248): Control 'Headphone Switch' doesn't exist - skipping
05-28 18:11:50.306 W/audio_route( 248): Control 'Earpiece Switch' doesn't exist - skipping
05-28 18:11:50.306 W/audio_route( 248): Control 'LEFT ADC input Mixer LININL-R Switch' doesn't exist - skipping
05-28 18:11:50.306 W/audio_route( 248): Control 'ADCL Mux' doesn't exist - skipping
05-28 18:11:50.306 W/audio_route( 248): Control 'AIF2 ADL Mixer ADCL Switch' doesn't exist - skipping
05-28 18:11:50.306 W/audio_route( 248): Control 'AIF3OUT Mux' doesn't exist - skipping
05-28 18:11:50.306 W/audio_route( 248): Control 'AIF2INL Mux switch aif2inl aif2Switch' doesn't exist - skipping
05-28 18:11:50.307 W/audio_route( 248): Control 'AIF2INR Mux VIR switch aif2inr aif3Switch' doesn't exist - skipping
05-28 18:11:50.307 W/audio_route( 248): Control 'DACR Mixer AIF2DACR Switch' doesn't exist - skipping
05-28 18:11:50.307 W/audio_route( 248): Control 'Right Output Mixer DACR Switch' doesn't exist - skipping
05-28 18:11:50.307 W/audio_route( 248): Control 'Line Out Mixer Right Output mixer Switch' doesn't exist - skipping
05-28 18:11:50.307 W/audio_route( 248): Control 'AIF1OUT0L Mux' doesn't exist - skipping
05-28 18:11:50.307 W/audio_route( 248): Control 'AIF1 AD0L Mixer ADCL Switch' doesn't exist - skipping
05-28 18:11:50.307 W/audio_route( 248): Control 'ADCL Mux' doesn't exist - skipping
05-28 18:11:50.307 W/audio_route( 248): Control 'LEFT ADC input Mixer MIC1 boost Switch' doesn't exist - skipping
05-28 18:11:50.307 W/audio_route( 248): Control 'LEFT ADC input Mixer LININL-R Switch' doesn't exist - skipping
05-28 18:11:50.307 W/audio_route( 248): Control 'AIF1OUT0L Mux' doesn't exist - skipping
05-28 18:11:50.307 W/audio_route( 248): Control 'AIF1 AD0L Mixer ADCL Switch' doesn't exist - skipping
05-28 18:11:50.307 W/audio_route( 248): Control 'ADCL Mux' doesn't exist - skipping
05-28 18:11:50.307 W/audio_route( 248): Control 'LEFT ADC input Mixer MIC2 boost Switch' doesn't exist - skipping
05-28 18:11:50.307 W/audio_route( 248): Control 'LEFT ADC input Mixer LININL-R Switch' doesn't exist - skipping
05-28 18:11:50.307 W/audio_route( 248): Control 'AIF1OUT0L Mux' doesn't exist - skipping
05-28 18:11:50.307 W/audio_route( 248): Control 'AIF1 AD0L Mixer ADCL Switch' doesn't exist - skipping
05-28 18:11:50.307 W/audio_route( 248): Control 'AIF1 AD0L Mixer AIF2 DACR Switch' doesn't exist - skipping
05-28 18:11:50.307 W/audio_route( 248): Control 'AIF1IN0L Mux' doesn't exist - skipping
05-28 18:11:50.307 W/audio_route( 248): Control 'AIF2 ADL Mixer AIF1 DA0L Switch' doesn't exist - skipping
05-28 18:11:50.307 W/audio_route( 248): Control 'AIF2 ADL Mixer AIF1 DA0L Switch' doesn't exist - skipping
05-28 18:11:50.307 W/audio_route( 248): Control 'AIF3OUT Mux' doesn't exist - skipping
05-28 18:11:50.307 W/audio_route( 248): Control 'AIF2INR Mux switch aif2inr aif2Switch' doesn't exist - skipping
05-28 18:11:50.307 W/audio_route( 248): Control 'AIF2INR Mux VIR switch aif2inr aif3Switch' doesn't exist - skipping
05-28 18:11:50.307 W/audio_route( 248): Control 'AIF1 AD0L Mixer AIF2 DACR Switch' doesn't exist - skipping
05-28 18:11:50.307 W/audio_route( 248): Control 'AIF1OUT0L Mux' doesn't exist - skipping
05-28 18:11:50.307 W/audio_route( 248): Control 'AC DACR mixer I2S_DACDATR Switch' doesn't exist - skipping
05-28 18:11:50.308 W/audio_route( 248): Control 'AC DACL mixer I2S_DACDATL Switch' doesn't exist - skipping
05-28 18:11:50.308 W/audio_route( 248): Control 'Right Output Mixer DACR Switch' doesn't exist - skipping
05-28 18:11:50.308 W/audio_route( 248): Control 'Left Output Mixer DACL Switch' doesn't exist - skipping
05-28 18:11:50.308 W/audio_route( 248): Control 'External Speaker Switch' doesn't exist - skipping
05-28 18:11:50.308 D/audio_route( 248): Apply path: media-speaker-headphones
05-28 18:11:50.308 D/audio_route( 248): Apply path: media-headset-mic
05-28 18:11:50.309 V/audio_hw_primary( 248): adev_get_master_volume, line: 3587
05-28 18:11:50.310 V/audio_hw_primary( 248): adev_set_master_volume, line: 3579
05-28 18:11:50.311 I/AudioFlinger( 269): loadHwModule() Loaded primary audio interface, handle 10
05-28 18:11:50.311 I/AudioFlinger( 269): openOutput() this 0xeb5a6000, module 10 Device type:0x2,@:, SamplingRate 48000, Format 0x000001, Channels 0x3, flags 0x2
05-28 18:11:50.312 D/audio_hw_primary( 248): adev_open_output_stream
05-28 18:11:50.312 V/audio_hw_primary( 248): adev_open_output_stream, flags: 2
05-28 18:11:50.313 V/audio_hw_primary( 248): +++++++++++++++ adev_open_output_stream: req_sample_rate: 44100, fmt: 1, channel_count: 3
05-28 18:11:50.315 I/AudioFlinger( 269): HAL output buffer size 960 frames, normal sink buffer size 960 frames
05-28 18:11:50.359 I/BufferProvider( 269): found effect "Multichannel Downmix To Stereo" from The Android Open Source Project
05-28 18:11:50.360 D/AudioFlinger( 269): Failed to add event callback
05-28 18:11:50.361 I/AudioFlinger( 269): AudioFlinger's thread 0xeb23f440 tid=444 ready to run
05-28 18:11:50.362 W/AudioFlinger( 269): no wake lock to update, system not ready yet
05-28 18:11:50.362 D/AudioFlinger( 269): ro.audio.silent is ignored since no output device is set
05-28 18:11:50.362 D/audio_hw_primary( 248): out_standby
05-28 18:11:50.366 W/AudioFlinger( 269): no wake lock to update, system not ready yet
05-28 18:11:50.366 D/AudioFlinger( 269): ro.audio.silent is ignored since no output device is set
05-28 18:11:50.366 V/APM_AudioPolicyManager( 269): checkAndSetVolume cannot set volume group 3 volume when isn ot requested for comm
05-28 18:11:50.378 W/AudioFlinger( 269): moveEffects() bad srcOutput 0
05-28 18:11:50.378 V/APM_AudioPolicyManager( 269): selectOutputForMusicEffects selected output 13
05-28 18:11:50.378 V/APM_AudioPolicyManager( 269): setOutputDevices device {type:0x2,@:} delayMs 0
05-28 18:11:50.378 V/APM_AudioPolicyManager( 269): setOutputDevices() prevDevice {type:0x2,@:}
05-28 18:11:50.379 I/zygote ( 243): Verified 2763 classes from mainline modules in 222.560ms
05-28 18:11:50.379 V/APM_AudioPolicyManager( 269): setOutputDevices changing device to {type:0x2,@:}
05-28 18:11:50.402 V/audio_hw_primary( 248): adev_create_audio_patch num_sources: 1, num_sinks: 1
05-28 18:11:50.402 V/audio_hw_primary( 248): playback device: 2
05-28 18:11:50.404 V/APM_AudioPolicyManager( 269): setOutputDevices() AF::createAudioPatch returned 0 patchHandle 12 num_sources 1 num_sinks 1
05-28 18:11:50.407 V/APM_AudioPolicyManager( 269): checkAndSetVolume cannot set volume group 3 volume when isn ot requested for comm
05-28 18:11:50.414 W/APM_AudioPolicyManager( 269): Input profile contains no device on module primary
05-28 18:11:50.414 W/APM_AudioPolicyManager( 269): Input profile contains no device on module primary
05-28 18:11:50.419 D/xm_audio( 248): -->adev_open, name=audio_hw_if, socketthread_running=false, pth_listen=0
05-28 18:11:50.420 I/AudioFlinger( 269): loadHwModule() Loaded xm_hidraw audio interface, handle 18
05-28 18:11:50.421 D/xm_audio( 248): -->adev_open_input_stream
05-28 18:11:50.421 D/xm_audio( 248): -->adev_open_input_stream, config->sample_rate=16000
05-28 18:11:50.421 D/xm_audio( 248): -->adev_open_input_stream exit
05-28 18:11:50.421 I/xm_audio( 248): in_get_sample_rate
05-28 18:11:50.421 I/xm_audio( 248): in_get_channels
05-28 18:11:50.423 I/xm_audio( 248): in_get_sample_rate
05-28 18:11:50.423 I/xm_audio( 248): in_get_channels
05-28 18:11:50.423 I/xm_audio( 248): in_get_channels
05-28 18:11:50.424 I/xm_audio( 248): in_get_buffer_size
05-28 18:11:50.424 I/xm_audio( 248): in_get_buffer_size: fsize=512.000000, size=512
05-28 18:11:50.424 I/xm_audio( 248): in_get_buffer_size
05-28 18:11:50.424 I/xm_audio( 248): in_get_buffer_size: fsize=512.000000, size=512
05-28 18:11:50.424 I/xm_audio( 248): in_get_sample_rate
05-28 18:11:50.424 I/xm_audio( 248): in_get_channels
05-28 18:11:50.425 D/xm_audio( 248): socket_thread start
05-28 18:11:50.426 D/xm_audio( 248): create socket g_is_running4
05-28 18:11:50.426 D/XM_HIDREAD( 318): Client connected.
05-28 18:11:50.426 D/XM_HIDREAD( 318): accept before.
05-28 18:11:50.426 D/xm_audio( 248): create socket g_is_running5
05-28 18:11:50.426 E/xm_audio( 248): so socket connect suc
05-28 18:11:50.429 D/XM_HIDREAD( 318): handle_client start.
05-28 18:11:50.429 I/AudioFlinger( 269): AudioFlinger's thread 0xeaa9e000 tid=448 ready to run
05-28 18:11:50.430 I/adbd ( 386): USB event: FUNCTIONFS_BIND
05-28 18:11:50.431 I/android.hardware.usb.gadget@1.1-service.aw( 264): GADGET pulled up
05-28 18:11:50.433 D/xm_audio( 248): data_thread start
05-28 18:11:50.434 W/AudioFlinger( 269): no wake lock to update, system not ready yet
05-28 18:11:50.434 D/xm_audio( 248): -->adev_close_input_stream
05-28 18:11:50.435 D/xm_audio( 248): -->adev_close_input_stream ready free stream.
05-28 18:11:50.435 D/xm_audio( 248): -->adev_close_input_stream free stream finish.
05-28 18:11:50.484 I/bt_a2dp_hw( 269): system/bt/audio_a2dp_hw/src/audio_a2dp_hw.cc:1893 adev_open: adev_open: adev_open in A2dp_hw module
05-28 18:11:50.486 I/AudioFlinger( 269): loadHwModule() Loaded a2dp audio interface, handle 26
05-28 18:11:50.486 V/APM_AudioPolicyManager( 269): onNewAudioModulesAvailableInt: Input device list is empty! for profile a2dp input
05-28 18:11:50.490 I/r_submix( 248): adev_open(name=audio_hw_if)
05-28 18:11:50.491 I/r_submix( 248): adev_init_check()
05-28 18:11:50.492 I/AudioFlinger( 269): loadHwModule() Loaded r_submix audio interface, handle 34
05-28 18:11:50.492 D/r_submix( 248): adev_open_input_stream(addr=0)
05-28 18:11:50.492 D/r_submix( 248): submix_audio_device_create_pipe_l(addr=0, idx=9)
05-28 18:11:50.492 D/r_submix( 248): now using address 0 for route 9
05-28 18:11:50.500 I/AudioFlinger( 269): AudioFlinger's thread 0xeaa9ec80 tid=453 ready to run
05-28 18:11:50.522 D/r_submix( 248): adev_close_input_stream()
05-28 18:11:50.523 D/r_submix( 248): submix_audio_device_release_pipe_l(idx=9) addr=0
05-28 18:11:50.524 D/r_submix( 248): submix_audio_device_destroy_pipe_l(): pipe destroyed
05-28 18:11:50.531 I/audioserver( 269): Waiting for activity service
05-28 18:11:50.596 I/EventThread( 263): type=1400 audit(0.0:306): avc: denied { search } for name="extcon" dev="sysfs" ino=18109 scontext=u:r:hal_tv_cec_default:s0 tcontext=u:object_r:sysfs_extcon:s0 tclass=dir permissive=1
05-28 18:11:50.628 W/awplayer( 352): : Set log level to 3
05-28 18:11:50.636 E/cutils-trace( 458): Error opening trace file: No such file or directory (2)
05-28 18:11:50.672 I/cedarc ( 352): : register avs decoder success!
05-28 18:11:50.673 I/cedarc ( 352): : register h264 decoder success!
05-28 18:11:50.674 I/cedarc ( 352): : register h265 decoder success!
05-28 18:11:50.674 I/cedarc ( 352): : register mjpeg decoder success!
05-28 18:11:50.674 I/cedarc ( 352): : register mjpegplus decoder success!
05-28 18:11:50.675 I/cedarc ( 352): : register mpeg2 decoder success!
05-28 18:11:50.675 W/awplayer( 352): : Invalid plugin,function CedarPluginVDInit not found.
05-28 18:11:50.675 I/cedarc ( 352): : register mpeg4dx decoder success!
05-28 18:11:50.676 I/cedarc ( 352): : register mpeg4H263 decoder success!
05-28 18:11:50.676 I/cedarc ( 352): : register mpeg4Normal decoder success!
05-28 18:11:50.676 I/cedarc ( 352): : register Mpeg4Vp6 decoder success!
05-28 18:11:50.677 I/cedarc ( 352): : register vp6Soft decoder success!
05-28 18:11:50.677 I/cedarc ( 352): : register vp8 decoder success!
05-28 18:11:50.677 E/cedarc ( 352): : register Wmv12Soft decoder failure!!!
05-28 18:11:50.677 I/cedarc ( 352): : register vc1 decoder success!
05-28 18:11:50.678 D/cedarc ( 352): : register Vp9Hw decoder success!
05-28 18:11:50.678 I/cedarc ( 352): : register avs2 decoder success!
05-28 18:11:50.681 D/awplayer( 352): : aw stream init...
05-28 18:11:50.682 D/awplayer( 352): : Register stream rtp version v1.1
05-28 18:11:50.692 I/mediaserver( 352): ServiceManager: 0xf060f960
05-28 18:11:50.692 E/cutils-trace( 461): Error opening trace file: No such file or directory (2)
05-28 18:11:50.693 W/BatteryNotifier( 352): batterystats service unavailable!
05-28 18:11:50.694 W/BatteryNotifier( 352): batterystats service unavailable!
05-28 18:11:50.718 D/Zygote ( 243): VMRuntime.setVerifierEnabled(true)
05-28 18:11:50.749 I/zygote ( 243): Explicit concurrent copying GC freed 6063(606KB) AllocSpace objects, 0(0B) LOS objects, 68% free, 719KB/2255KB, paused 115us total 30.982ms
05-28 18:11:50.775 I/zygote ( 243): Explicit concurrent copying GC freed 229(40KB) AllocSpace objects, 0(0B) LOS objects, 68% free, 711KB/2247KB, paused 59us total 24.697ms
05-28 18:11:50.852 D/Zygote ( 243): Forked child process 470
05-28 18:11:50.852 I/Zygote ( 243): System server process 470 has been created
05-28 18:11:50.854 I/Zygote ( 243): Accepting command socket connections
05-28 18:11:50.950 I/adbd ( 386): adbd mDNS service _adb._tcp registered: 1
05-28 18:11:50.951 I/adbd ( 386): adbd mDNS service _adb-tls-connect._tcp registered: 1
05-28 18:11:51.167 I/Zygote ( 470): seccomp disabled by setenforce 0
05-28 18:11:51.186 W/system_server( 470): Failed to upload odrefresh metrics: metrics file '/data/misc/odrefresh/odrefresh-metrics.txt' could not be opened: No such file or directory
05-28 18:11:51.184 I/rainbow_flow( 323): type=1400 audit(0.0:307): avc: denied { ioctl } for path="/dev/spidev1.0" dev="tmpfs" ino=5872 ioctlcmd=0x6b00 scontext=u:r:init:s0 tcontext=u:object_r:device:s0 tclass=chr_file permissive=1
05-28 18:11:51.194 I/adbd ( 386): jdwp connection from 470
05-28 18:11:51.197 D/Zygote ( 470): begin preload_base
05-28 18:11:51.198 I/Zygote ( 470): Calling ZygoteHooks.beginPreload()
05-28 18:11:51.391 D/ApplicationLoaders( 470): Created zygote-cached class loader: /system/framework/android.hidl.base-V1.0-java.jar
05-28 18:11:51.398 D/ApplicationLoaders( 470): Created zygote-cached class loader: /system/framework/android.hidl.manager-V1.0-java.jar
05-28 18:11:51.405 D/ApplicationLoaders( 470): Created zygote-cached class loader: /system/framework/android.test.base.jar
05-28 18:11:51.405 I/Zygote ( 470): Preloading resources...
05-28 18:11:51.429 W/Resources( 470): Preloaded drawable resource #0x1080286 (android:drawable/dialog_background_material) that varies with configuration!!
05-28 18:11:51.459 I/Zygote ( 470): ...preloaded 64 resources in 53ms.
05-28 18:11:51.465 I/Zygote ( 470): ...preloaded 41 resources in 6ms.
05-28 18:11:51.466 D/Zygote ( 470): Zygote:ThreadPreadloadBase took 270ms.
05-28 18:11:51.468 D/Zygote ( 470): Zygote:ThreadPreadloadClass start
05-28 18:11:51.470 I/Zygote ( 470): Preloading classes...
05-28 18:11:51.474 I/SystemServerTiming( 470): InitBeforeStartServices
05-28 18:11:51.481 I/SystemServer( 470): Entered the Android system server!
05-28 18:11:51.506 D/libEGL ( 470): loaded /vendor/lib/egl/libGLES_mali.so
05-28 18:11:51.564 I/Typeface( 470): Preloading /system/fonts/Roboto-Regular.ttf
05-28 18:11:51.589 I/Typeface( 470): Preloading /system/fonts/RobotoStatic-Regular.ttf
05-28 18:11:51.600 I/EventThread( 263): type=1400 audit(0.0:308): avc: denied { search } for name="extcon" dev="sysfs" ino=18109 scontext=u:r:hal_tv_cec_default:s0 tcontext=u:object_r:sysfs_extcon:s0 tclass=dir permissive=1
05-28 18:11:51.690 I/Typeface( 470): Preloading /system/fonts/NotoSansCJK-Regular.ttc
05-28 18:11:51.691 I/Typeface( 470): Preloading /system/fonts/NotoSerifCJK-Regular.ttc
05-28 18:11:51.735 E/ActivityRecognitionHardware( 470): activity_recognition HAL is deprecated. class_init is effectively a no-op
05-28 18:11:51.768 D/RenderEngine( 273): shader cache generated - 48 shaders in 1769.593018 ms
05-28 18:11:51.781 I/HidlServiceManagement( 273): Registered android.frameworks.displayservice@1.0::IDisplayService/default
05-28 18:11:51.782 D/SurfaceFlinger( 273): Setting power mode 2 on display 0
05-28 18:11:51.782 D/sunxihwc( 257): setPowerMode: device(hdmi0) power mode: On
05-28 18:11:51.782 I/sunxihwc( 257): setRuntimeState: disp2 blank control [unblank], driver usage [1]
05-28 18:11:51.782 D/SurfaceFlinger( 273): Finished setting power mode 2 on display 0
05-28 18:11:51.831 E/UsbAlsaJackDetectorJNI( 470): Can't register UsbAlsaJackDetector native methods
05-28 18:11:51.860 I/SystemServerInitThreadPool( 470): Creating instance with 4 threads
05-28 18:11:51.863 I/SystemServerTimingAsync( 470): InitThreadPoolExec:loadPreinstalledSystemFontMap
05-28 18:11:51.863 D/SystemServerInitThreadPool( 470): Started executing loadPreinstalledSystemFontMap
05-28 18:11:51.863 I/SystemServerTimingAsync( 470): loadPreinstalledSystemFontMap
05-28 18:11:51.864 I/SystemServerTiming( 470): StartServices
05-28 18:11:51.864 D/SystemServer( 470): VMRuntime.setVerifierEnabled(false)
05-28 18:11:51.864 I/SystemServerTiming( 470): startBootstrapServices
05-28 18:11:51.864 I/SystemServerTiming( 470): StartWatchdog
05-28 18:11:51.881 I/SystemServer( 470): Reading configuration...
05-28 18:11:51.881 I/SystemServerTiming( 470): ReadingSystemConfig
05-28 18:11:51.883 I/SystemServerTiming( 470): PlatformCompat
05-28 18:11:51.886 D/CompatConfig( 470): Found a config file: /system/etc/compatconfig/services-platform-compat-config.xml
05-28 18:11:51.887 I/SystemServerTimingAsync( 470): InitThreadPoolExec:ReadingSystemConfig
05-28 18:11:51.887 D/SystemServerInitThreadPool( 470): Started executing ReadingSystemConfig
05-28 18:11:51.889 I/SystemConfig( 470): Reading permissions from /system/etc/sysconfig/preinstalled-packages-com.android.providers.media.module.xml
05-28 18:11:51.892 D/MtpDeviceJNI( 470): register_android_mtp_MtpDevice
05-28 18:11:51.899 I/incfs ( 470): Initial API level of the device: 31
05-28 18:11:51.900 I/incfs ( 470): ro.incremental.enable: module:/vendor/lib/modules/incrementalfs.ko
05-28 18:11:51.900 I/incfs ( 470): isFsAvailable: false
05-28 18:11:51.900 I/incfs ( 470): isFsAvailable: false
05-28 18:11:51.900 E/incfs ( 470): could not open IncFs kernel module "/vendor/lib/modules/incrementalfs.ko": No such file or directory
05-28 18:11:51.900 E/incfs ( 470): IncFs_Features: failed to open features dir, assuming v1/none.: No such file or directory
05-28 18:11:51.901 I/SystemConfig( 470): Reading permissions from /system/etc/sysconfig/hiddenapi-package-whitelist.xml
05-28 18:11:51.901 D/CompatConfig( 470): Adding: com.android.server.compat.config.Change@cb2a3a8
05-28 18:11:51.903 D/CompatConfig( 470): Adding: com.android.server.compat.config.Change@a893da7
05-28 18:11:51.903 I/SystemConfig( 470): Reading permissions from /system/etc/sysconfig/preinstalled-packages-platform.xml
05-28 18:11:51.904 D/CompatConfig( 470): Adding: com.android.server.compat.config.Change@3625254
05-28 18:11:51.904 D/CompatConfig( 470): Adding: com.android.server.compat.config.Change@6ead5fd
05-28 18:11:51.905 D/CompatConfig( 470): Adding: com.android.server.compat.config.Change@dde62f2
05-28 18:11:51.905 D/CompatConfig( 470): Adding: com.android.server.compat.config.Change@3020d43
05-28 18:11:51.906 D/CompatConfig( 470): Adding: com.android.server.compat.config.Change@cbc3fc0
05-28 18:11:51.906 D/CompatConfig( 470): Adding: com.android.server.compat.config.Change@613d4f9
05-28 18:11:51.906 D/CompatConfig( 470): Adding: com.android.server.compat.config.Change@2ebbc3e
05-28 18:11:51.907 D/CompatConfig( 470): Adding: com.android.server.compat.config.Change@7ae3a9f
05-28 18:11:51.907 D/CompatConfig( 470): Adding: com.android.server.compat.config.Change@10597ec
05-28 18:11:51.907 D/CompatConfig( 470): Adding: com.android.server.compat.config.Change@33c7b5
05-28 18:11:51.908 D/CompatConfig( 470): Adding: com.android.server.compat.config.Change@7e35e4a
05-28 18:11:51.908 D/CompatConfig( 470): Adding: com.android.server.compat.config.Change@9c5e1bb
05-28 18:11:51.908 D/CompatConfig( 470): Adding: com.android.server.compat.config.Change@5aa46d8
05-28 18:11:51.909 D/CompatConfig( 470): Adding: com.android.server.compat.config.Change@e262a31
05-28 18:11:51.909 D/CompatConfig( 470): Adding: com.android.server.compat.config.Change@a011516
05-28 18:11:51.909 D/CompatConfig( 470): Adding: com.android.server.compat.config.Change@be6de97
05-28 18:11:51.910 D/CompatConfig( 470): Adding: com.android.server.compat.config.Change@8e8f884
05-28 18:11:51.910 D/CompatConfig( 470): Adding: com.android.server.compat.config.Change@102386d
05-28 18:11:51.910 D/CompatConfig( 470): Adding: com.android.server.compat.config.Change@c716ca2
05-28 18:11:51.911 D/CompatConfig( 470): Adding: com.android.server.compat.config.Change@2b0cd33
05-28 18:11:51.911 D/CompatConfig( 470): Adding: com.android.server.compat.config.Change@c3f18f0
05-28 18:11:51.911 D/CompatConfig( 470): Adding: com.android.server.compat.config.Change@a16ee69
05-28 18:11:51.912 D/CompatConfig( 470): Adding: com.android.server.compat.config.Change@69db0ee
05-28 18:11:51.912 D/CompatConfig( 470): Adding: com.android.server.compat.config.Change@321098f
05-28 18:11:51.912 D/CompatConfig( 470): Adding: com.android.server.compat.config.Change@6a70825
05-28 18:11:51.913 D/CompatConfig( 470): Adding: com.android.server.compat.config.Change@b37edfa
05-28 18:11:51.913 D/CompatConfig( 470): Adding: com.android.server.compat.config.Change@aaeafab
05-28 18:11:51.913 D/CompatConfig( 470): Adding: com.android.server.compat.config.Change@f291608
05-28 18:11:51.914 D/CompatConfig( 470): Adding: com.android.server.compat.config.Change@b6501a1
05-28 18:11:51.914 D/CompatConfig( 470): Adding: com.android.server.compat.config.Change@406efc6
05-28 18:11:51.915 D/CompatConfig( 470): Adding: com.android.server.compat.config.Change@d269b87
05-28 18:11:51.915 I/SystemConfig( 470): Reading permissions from /system/etc/sysconfig/framework-sysconfig.xml
05-28 18:11:51.917 D/CompatConfig( 470): Adding: com.android.server.compat.config.Change@e3d8ab4
05-28 18:11:51.918 D/CompatConfig( 470): Adding: com.android.server.compat.config.Change@baf16dd
05-28 18:11:51.919 D/CompatConfig( 470): Adding: com.android.server.compat.config.Change@e724252
05-28 18:11:51.920 D/CompatConfig( 470): Adding: com.android.server.compat.config.Change@4476923
05-28 18:11:51.921 D/CompatConfig( 470): Adding: com.android.server.compat.config.Change@8829e20
05-28 18:11:51.922 D/CompatConfig( 470): Adding: com.android.server.compat.config.Change@88b43d9
05-28 18:11:51.923 D/CompatConfig( 470): Adding: com.android.server.compat.config.Change@4ce319e
05-28 18:11:51.924 D/CompatConfig( 470): Adding: com.android.server.compat.config.Change@d1d747f
05-28 18:11:51.925 D/CompatConfig( 470): Adding: com.android.server.compat.config.Change@8437c4c
05-28 18:11:51.926 D/CompatConfig( 470): Adding: com.android.server.compat.config.Change@67c9aa
05-28 18:11:51.926 D/CompatConfig( 470): Adding: com.android.server.compat.config.Change@f1ed99b
05-28 18:11:51.927 D/CompatConfig( 470): Adding: com.android.server.compat.config.Change@f521138
05-28 18:11:51.928 D/CompatConfig( 470): Adding: com.android.server.compat.config.Change@809511
05-28 18:11:51.928 I/SystemConfig( 470): Reading permissions from /system/etc/sysconfig/preinstalled-packages-platform-full-base.xml
05-28 18:11:51.929 D/CompatConfig( 470): Adding: com.android.server.compat.config.Change@50d676
05-28 18:11:51.930 D/CompatConfig( 470): Adding: com.android.server.compat.config.Change@9077477
05-28 18:11:51.931 D/CompatConfig( 470): Adding: com.android.server.compat.config.Change@8b308e4
05-28 18:11:51.931 D/CompatConfig( 470): Adding: com.android.server.compat.config.Change@548714d
05-28 18:11:51.932 D/CompatConfig( 470): Adding: com.android.server.compat.config.Change@ebe402
05-28 18:11:51.933 D/CompatConfig( 470): Adding: com.android.server.compat.config.Change@f74e113
05-28 18:11:51.933 D/CompatConfig( 470): Found a config file: /system/etc/compatconfig/framework-platform-compat-config.xml
05-28 18:11:51.938 I/SystemConfig( 470): Reading permissions from /system/etc/permissions/com.android.future.usb.accessory.xml
05-28 18:11:51.942 D/CompatConfig( 470): Adding: com.android.server.compat.config.Change@383e4e
05-28 18:11:51.943 D/CompatConfig( 470): Adding: com.android.server.compat.config.Change@9427b6f
05-28 18:11:51.947 D/CompatConfig( 470): Adding: com.android.server.compat.config.Change@9c4907c
05-28 18:11:51.948 D/CompatConfig( 470): Adding: com.android.server.compat.config.Change@89f7d05
05-28 18:11:51.948 D/CompatConfig( 470): Adding: com.android.server.compat.config.Change@addf15a
05-28 18:11:51.949 D/CompatConfig( 470): Adding: com.android.server.compat.config.Change@5a55f8b
05-28 18:11:51.950 D/CompatConfig( 470): Adding: com.android.server.compat.config.Change@b083868
05-28 18:11:51.950 D/CompatConfig( 470): Adding: com.android.server.compat.config.Change@c1fe481
05-28 18:11:51.950 D/CompatConfig( 470): Adding: com.android.server.compat.config.Change@df9c926
05-28 18:11:51.951 D/CompatConfig( 470): Adding: com.android.server.compat.config.Change@8086967
05-28 18:11:51.951 D/CompatConfig( 470): Adding: com.android.server.compat.config.Change@85c7314
05-28 18:11:51.952 D/CompatConfig( 470): Adding: com.android.server.compat.config.Change@fe547bd
05-28 18:11:51.952 D/CompatConfig( 470): Adding: com.android.server.compat.config.Change@9a951b2
05-28 18:11:51.952 D/CompatConfig( 470): Adding: com.android.server.compat.config.Change@c17ac80
05-28 18:11:51.953 D/CompatConfig( 470): Adding: com.android.server.compat.config.Change@7a3a2b9
05-28 18:11:51.953 D/CompatConfig( 470): Adding: com.android.server.compat.config.Change@56d6fe
05-28 18:11:51.954 D/CompatConfig( 470): Adding: com.android.server.compat.config.Change@ef1e5f
05-28 18:11:51.954 D/CompatConfig( 470): Adding: com.android.server.compat.config.Change@d8b10ac
05-28 18:11:51.954 I/SystemConfig( 470): Reading permissions from /system/etc/permissions/org.apache.http.legacy.xml
05-28 18:11:51.959 D/CompatConfig( 470): Adding: com.android.server.compat.config.Change@452b175
05-28 18:11:51.960 D/CompatConfig( 470): Adding: com.android.server.compat.config.Change@ec5650a
05-28 18:11:51.961 D/CompatConfig( 470): Adding: com.android.server.compat.config.Change@e91417b
05-28 18:11:51.962 D/CompatConfig( 470): Adding: com.android.server.compat.config.Change@5ee8b98
05-28 18:11:51.963 D/CompatConfig( 470): Adding: com.android.server.compat.config.Change@4a9eff1
05-28 18:11:51.963 D/CompatConfig( 470): Adding: com.android.server.compat.config.Change@8dcc7d6
05-28 18:11:51.964 D/CompatConfig( 470): Adding: com.android.server.compat.config.Change@687a57
05-28 18:11:51.965 D/CompatConfig( 470): Adding: com.android.server.compat.config.Change@80cc944
05-28 18:11:51.966 D/CompatConfig( 470): Adding: com.android.server.compat.config.Change@15c9a2d
05-28 18:11:51.967 D/CompatConfig( 470): Adding: com.android.server.compat.config.Change@7358b62
05-28 18:11:51.967 D/CompatConfig( 470): Adding: com.android.server.compat.config.Change@21064f3
05-28 18:11:51.968 D/CompatConfig( 470): Adding: com.android.server.compat.config.Change@6af35b0
05-28 18:11:51.969 D/CompatConfig( 470): Adding: com.android.server.compat.config.Change@115ac29
05-28 18:11:51.969 D/CompatConfig( 470): Adding: com.android.server.compat.config.Change@164fbae
05-28 18:11:51.971 D/CompatConfig( 470): Adding: com.android.server.compat.config.Change@3425d4f
05-28 18:11:51.971 D/CompatConfig( 470): Adding: com.android.server.compat.config.Change@5c9fcdc
05-28 18:11:51.972 D/CompatConfig( 470): Adding: com.android.server.compat.config.Change@33e1e5
05-28 18:11:51.973 I/SystemConfig( 470): Reading permissions from /system/etc/permissions/android.test.runner.xml
05-28 18:11:51.977 D/CompatConfig( 470): Adding: com.android.server.compat.config.Change@bf17f6b
05-28 18:11:51.978 D/CompatConfig( 470): Adding: com.android.server.compat.config.Change@2680ac8
05-28 18:11:51.979 D/CompatConfig( 470): Adding: com.android.server.compat.config.Change@845b761
05-28 18:11:51.980 D/CompatConfig( 470): Adding: com.android.server.compat.config.Change@994d286
05-28 18:11:51.984 I/Zygote ( 470): Preloading shared libraries...
05-28 18:11:51.985 I/SystemConfig( 470): Reading permissions from /system/etc/permissions/android.hardware.location.network.xml
05-28 18:11:51.986 D/CompatConfig( 470): Adding: com.android.server.compat.config.Change@345689d
05-28 18:11:51.987 D/CompatConfig( 470): Adding: com.android.server.compat.config.Change@db9112
05-28 18:11:51.988 I/SystemConfig( 470): Reading permissions from /system/etc/permissions/privapp-permissions-platform.xml
05-28 18:11:51.989 D/CompatConfig( 470): Adding: com.android.server.compat.config.Change@4936ae0
05-28 18:11:51.990 D/CompatConfig( 470): Adding: com.android.server.compat.config.Change@694f199
05-28 18:11:51.990 D/CompatConfig( 470): Adding: com.android.server.compat.config.Change@45dac5e
05-28 18:11:51.991 D/CompatConfig( 470): Adding: com.android.server.compat.config.Change@51b383f
05-28 18:11:51.991 D/CompatConfig( 470): Adding: com.android.server.compat.config.Change@774550c
05-28 18:11:51.992 D/CompatConfig( 470): Adding: com.android.server.compat.config.Change@1ba0e55
05-28 18:11:51.992 D/CompatConfig( 470): Adding: com.android.server.compat.config.Change@754306a
05-28 18:11:51.993 D/CompatConfig( 470): Adding: com.android.server.compat.config.Change@195195b
05-28 18:11:51.993 D/CompatConfig( 470): Adding: com.android.server.compat.config.Change@197b5f8
05-28 18:11:51.994 D/CompatConfig( 470): Adding: com.android.server.compat.config.Change@cda3ad1
05-28 18:11:51.995 D/CompatConfig( 470): Adding: com.android.server.compat.config.Change@57ce936
05-28 18:11:51.995 D/CompatConfig( 470): Adding: com.android.server.compat.config.Change@b01f037
05-28 18:11:51.997 D/CompatConfig( 470): Adding: com.android.server.compat.config.Change@88e39a4
05-28 18:11:51.998 D/CompatConfig( 470): Adding: com.android.server.compat.config.Change@2f6b30d
05-28 18:11:51.998 D/CompatConfig( 470): Adding: com.android.server.compat.config.Change@6a662c2
05-28 18:11:51.999 D/CompatConfig( 470): Adding: com.android.server.compat.config.Change@afb58d3
05-28 18:11:51.999 D/CompatConfig( 470): Adding: com.android.server.compat.config.Change@8474c10
05-28 18:11:52.000 D/CompatConfig( 470): Found a config file: /system/etc/compatconfig/calendar-provider-compat-config.xml
05-28 18:11:52.002 D/CompatConfig( 470): Adding: com.android.server.compat.config.Change@efbe90e
05-28 18:11:52.003 D/CompatConfig( 470): Found a config file: /system/etc/compatconfig/icu4j-platform-compat-config.xml
05-28 18:11:52.005 D/CompatConfig( 470): Adding: com.android.server.compat.config.Change@a3d193c
05-28 18:11:52.006 D/CompatConfig( 470): Found a config file: /system/etc/compatconfig/documents-ui-compat-config.xml
05-28 18:11:52.008 D/CompatConfig( 470): Adding: com.android.server.compat.config.Change@811881a
05-28 18:11:52.017 D/CompatConfig( 470): No directory /system/system_ext/etc/compatconfig, skipping
05-28 18:11:52.018 D/CompatConfig( 470): No directory /apex/com.android.wifi/etc/compatconfig, skipping
05-28 18:11:52.019 D/CompatConfig( 470): No directory /apex/com.android.vndk.v31/etc/compatconfig, skipping
05-28 18:11:52.019 D/CompatConfig( 470): No directory /apex/com.android.tzdata/etc/compatconfig, skipping
05-28 18:11:52.019 D/CompatConfig( 470): No directory /apex/com.android.tethering/etc/compatconfig, skipping
05-28 18:11:52.019 D/CompatConfig( 470): No directory /apex/com.android.sdkext/etc/compatconfig, skipping
05-28 18:11:52.020 D/CompatConfig( 470): No directory /apex/com.android.scheduling/etc/compatconfig, skipping
05-28 18:11:52.020 D/CompatConfig( 470): No directory /apex/com.android.runtime/etc/compatconfig, skipping
05-28 18:11:52.020 D/CompatConfig( 470): No directory /apex/com.android.resolv/etc/compatconfig, skipping
05-28 18:11:52.020 D/CompatConfig( 470): No directory /apex/com.android.permission/etc/compatconfig, skipping
05-28 18:11:52.020 D/CompatConfig( 470): No directory /apex/com.android.os.statsd/etc/compatconfig, skipping
05-28 18:11:52.020 D/CompatConfig( 470): No directory /apex/com.android.neuralnetworks/etc/compatconfig, skipping
05-28 18:11:52.021 D/CompatConfig( 470): Found a config file: /apex/com.android.mediaprovider/etc/compatconfig/media-provider-platform-compat-config.xml
05-28 18:11:52.023 D/CompatConfig( 470): Adding: com.android.server.compat.config.Change@e7a41
05-28 18:11:52.024 D/CompatConfig( 470): Adding: com.android.server.compat.config.Change@eb00be6
05-28 18:11:52.024 D/CompatConfig( 470): Adding: com.android.server.compat.config.Change@e795527
05-28 18:11:52.025 D/CompatConfig( 470): Adding: com.android.server.compat.config.Change@4c553d4
05-28 18:11:52.026 D/CompatConfig( 470): Adding: com.android.server.compat.config.Change@187797d
05-28 18:11:52.026 D/CompatConfig( 470): Adding: com.android.server.compat.config.Change@1610072
05-28 18:11:52.027 D/CompatConfig( 470): Adding: com.android.server.compat.config.Change@e9c1cc3
05-28 18:11:52.027 D/CompatConfig( 470): No directory /apex/com.android.media.swcodec/etc/compatconfig, skipping
05-28 18:11:52.028 D/CompatConfig( 470): No directory /apex/com.android.media/etc/compatconfig, skipping
05-28 18:11:52.028 D/CompatConfig( 470): No directory /apex/com.android.ipsec/etc/compatconfig, skipping
05-28 18:11:52.028 D/CompatConfig( 470): No directory /apex/com.android.i18n/etc/compatconfig, skipping
05-28 18:11:52.028 D/CompatConfig( 470): No directory /apex/com.android.extservices/etc/compatconfig, skipping
05-28 18:11:52.028 D/CompatConfig( 470): No directory /apex/com.android.conscrypt/etc/compatconfig, skipping
05-28 18:11:52.029 I/SystemConfig( 470): Reading permissions from /system/etc/permissions/oranth-privapp-permissions.xml
05-28 18:11:52.029 D/CompatConfig( 470): Found a config file: /apex/com.android.art/etc/compatconfig/libcore-platform-compat-config.xml
05-28 18:11:52.032 I/SystemConfig( 470): Reading permissions from /system/etc/permissions/com.android.networkstack.tethering.xml
05-28 18:11:52.033 D/CompatConfig( 470): Adding: com.android.server.compat.config.Change@799c21f
05-28 18:11:52.034 I/SystemConfig( 470): Reading permissions from /system/etc/permissions/privapp-vendor-permissions.xml
05-28 18:11:52.035 D/CompatConfig( 470): Adding: com.android.server.compat.config.Change@6515b35
05-28 18:11:52.036 D/CompatConfig( 470): Adding: com.android.server.compat.config.Change@a6c2bca
05-28 18:11:52.036 D/CompatConfig( 470): Adding: com.android.server.compat.config.Change@da2613b
05-28 18:11:52.037 I/SystemConfig( 470): Reading permissions from /system/etc/permissions/com.android.documentsui.xml
05-28 18:11:52.037 D/CompatConfig( 470): Adding: com.android.server.compat.config.Change@74975b1
05-28 18:11:52.038 D/CompatConfig( 470): No directory /apex/com.android.appsearch/etc/compatconfig, skipping
05-28 18:11:52.038 D/CompatConfig( 470): No directory /apex/com.android.adbd/etc/compatconfig, skipping
05-28 18:11:52.039 I/SystemConfig( 470): Reading permissions from /system/etc/permissions/android.software.controls.xml
05-28 18:11:52.042 I/SystemConfig( 470): Reading permissions from /system/etc/permissions/android.hardware.hdmi.cec.xml
05-28 18:11:52.043 I/SystemServerTiming( 470): StartFileIntegrityService
05-28 18:11:52.043 I/SystemServiceManager( 470): Starting com.android.server.security.FileIntegrityService
05-28 18:11:52.044 I/SystemConfig( 470): Reading permissions from /system/etc/permissions/android.test.base.xml
05-28 18:11:52.046 I/SystemConfig( 470): Reading permissions from /system/etc/permissions/javax.obex.xml
05-28 18:11:52.048 I/SystemConfig( 470): Reading permissions from /system/etc/permissions/com.android.location.provider.xml
05-28 18:11:52.049 I/SystemConfig( 470): Reading permissions from /system/etc/permissions/android.software.live_wallpaper.xml
05-28 18:11:52.051 I/SystemConfig( 470): Reading permissions from /system/etc/permissions/com.android.mediadrm.signer.xml
05-28 18:11:52.053 I/SystemConfig( 470): Reading permissions from /system/etc/permissions/permissions-awbms.xml
05-28 18:11:52.054 I/SystemConfig( 470): Reading permissions from /system/etc/permissions/android.test.mock.xml
05-28 18:11:52.056 I/SystemConfig( 470): Reading permissions from /system/etc/permissions/com.android.networkstack.xml
05-28 18:11:52.057 I/update_engine( 376): [INFO:cleanup_previous_update_action.cc(112)] Executing task 1
05-28 18:11:52.059 I/SystemConfig( 470): Reading permissions from /system/etc/permissions/com.android.media.remotedisplay.xml
05-28 18:11:52.062 I/SystemConfig( 470): Reading permissions from /system/etc/permissions/android.software.webview.xml
05-28 18:11:52.064 I/SystemConfig( 470): Reading permissions from /system/etc/permissions/platform.xml
05-28 18:11:52.064 I/update_engine( 376): [INFO:cleanup_previous_update_action.cc(124)] CleanupPreviousUpdateAction scheduled task ID 3 for WaitBootCompleted
05-28 18:11:52.073 I/SystemConfig( 470): Reading permissions from /vendor/etc/permissions/android.hardware.reboot_escrow.xml
05-28 18:11:52.076 I/SystemConfig( 470): Reading permissions from /vendor/etc/permissions/android.software.opengles.deqp.level.xml
05-28 18:11:52.077 I/SystemConfig( 470): Reading permissions from /vendor/etc/permissions/android.software.midi.xml
05-28 18:11:52.079 I/SystemConfig( 470): Reading permissions from /vendor/etc/permissions/android.hardware.usb.host.xml
05-28 18:11:52.080 D/BootAnimation( 512): BootAnimationPreloadTiming start time: 12014ms
05-28 18:11:52.080 I/SystemConfig( 470): Reading permissions from /vendor/etc/permissions/android.software.verified_boot.xml
05-28 18:11:52.082 I/SystemConfig( 470): Reading permissions from /vendor/etc/permissions/android.hardware.vulkan.level.xml
05-28 18:11:52.083 I/SystemConfig( 470): Reading permissions from /vendor/etc/permissions/android.hardware.wifi.direct.xml
05-28 18:11:52.085 I/SystemConfig( 470): Reading permissions from /vendor/etc/permissions/android.hardware.wifi.xml
05-28 18:11:52.088 I/SystemConfig( 470): Reading permissions from /vendor/etc/permissions/tv_core_hardware.xml
05-28 18:11:52.089 I/SystemConfig( 470): Reading permissions from /vendor/etc/permissions/android.hardware.camera.front.xml
05-28 18:11:52.093 I/SystemConfig( 470): Reading permissions from /vendor/etc/permissions/android.hardware.usb.accessory.xml
05-28 18:11:52.096 I/SystemConfig( 470): Reading permissions from /vendor/etc/permissions/android.hardware.opengles.aep.xml
05-28 18:11:52.101 I/SystemConfig( 470): Reading permissions from /vendor/etc/permissions/android.hardware.camera.external.xml
05-28 18:11:52.102 E/BootAnimation( 512): no audio.wav could be found!
05-28 18:11:52.102 D/BootAnimation( 512): BootAnimationPreloadStopTiming start time: 12037ms
05-28 18:11:52.103 I/SystemConfig( 470): Reading permissions from /vendor/etc/permissions/android.hardware.wifi.passpoint.xml
05-28 18:11:52.104 E/HWComposer( 273): getSupportedContentTypes: getSupportedContentTypes failed for display 0: Unsupported (8)
05-28 18:11:52.106 I/SystemConfig( 470): Reading permissions from /vendor/etc/permissions/android.software.backup.xml
05-28 18:11:52.106 E/cutils-trace( 512): Error opening trace file: No such file or directory (2)
05-28 18:11:52.107 I/SystemServerTiming( 470): StartInstaller
05-28 18:11:52.107 I/SystemServiceManager( 470): Starting com.android.server.pm.Installer
05-28 18:11:52.110 I/SystemConfig( 470): Reading permissions from /vendor/etc/permissions/android.software.vulkan.deqp.level.xml
05-28 18:11:52.111 D/installd( 348): Found quota mount /dev/block/by-name/userdata at /data
05-28 18:11:52.111 D/installd( 348): Found quota mount /dev/block/by-name/userdata at /data/user/0
05-28 18:11:52.112 I/SystemConfig( 470): Reading permissions from /vendor/etc/permissions/android.software.ipsec_tunnels.xml
05-28 18:11:52.113 I/SystemConfig( 470): Reading permissions from /vendor/etc/permissions/android.hardware.keystore.app_attest_key.xml
05-28 18:11:52.113 I/SystemServerTiming( 470): DeviceIdentifiersPolicyService
05-28 18:11:52.113 I/SystemServiceManager( 470): Starting com.android.server.os.DeviceIdentifiersPolicyService
05-28 18:11:52.115 I/SystemServerTiming( 470): UriGrantsManagerService
05-28 18:11:52.115 I/SystemServiceManager( 470): Starting com.android.server.uri.UriGrantsManagerService$Lifecycle
05-28 18:11:52.117 I/SystemConfig( 470): Reading permissions from /vendor/etc/permissions/android.hardware.vulkan.compute.xml
05-28 18:11:52.120 I/SystemServerTiming( 470): StartPowerStatsService
05-28 18:11:52.121 I/SystemServiceManager( 470): Starting com.android.server.powerstats.PowerStatsService
05-28 18:11:52.122 I/SystemConfig( 470): Reading permissions from /vendor/etc/permissions/android.software.pppoe.xml
05-28 18:11:52.124 E/servicemanager( 179): Could not find android.hardware.power.stats.IPowerStats/default in the VINTF manifest.
05-28 18:11:52.129 I/SystemConfig( 470): Reading permissions from /vendor/etc/permissions/android.hardware.camera.flash-autofocus.xml
05-28 18:11:52.129 I/hwservicemanager( 180): getTransport: Cannot find entry android.hardware.power.stats@1.0::IPowerStats/default in either framework or device VINTF manifest.
05-28 18:11:52.130 E/PowerStatsService( 470): Unable to get power.stats HAL service.
05-28 18:11:52.130 E/PowerStatsService( 470): nativeInit failed to connect to power.stats HAL
05-28 18:11:52.130 I/SystemConfig( 470): Reading permissions from /vendor/etc/permissions/android.hardware.bluetooth_le.xml
05-28 18:11:52.131 I/SystemConfig( 470): Reading permissions from /vendor/etc/permissions/android.hardware.hardware_keystore.xml
05-28 18:11:52.131 I/SystemServerTiming( 470): StartIStatsService
05-28 18:11:52.133 I/hwservicemanager( 180): getTransport: Cannot find entry android.frameworks.stats@1.0::IStats/default in either framework or device VINTF manifest.
05-28 18:11:52.134 D/libEGL ( 512): loaded /vendor/lib/egl/libGLES_mali.so
05-28 18:11:52.134 E/HidlServiceManagement( 470): Service android.frameworks.stats@1.0::IStats/default must be in VINTF manifest in order to register/get.
05-28 18:11:52.134 W/system_server( 470): Cannot register HIDL android.frameworks.stats@1.0::IStats: -2147483648
05-28 18:11:52.134 I/SystemConfig( 470): Reading permissions from /vendor/etc/permissions/android.hardware.ethernet.xml
05-28 18:11:52.135 I/servicemanager( 179): Found android.frameworks.stats.IStats/default in framework VINTF manifest.
05-28 18:11:52.136 I/SystemServerTiming( 470): MemtrackProxyService
05-28 18:11:52.137 I/SystemConfig( 470): Reading permissions from /vendor/etc/permissions/android.hardware.bluetooth.xml
05-28 18:11:52.137 I/hwservicemanager( 180): getTransport: Cannot find entry android.hardware.memtrack@1.0::IMemtrack/default in either framework or device VINTF manifest.
05-28 18:11:52.138 E/servicemanager( 179): Could not find android.hardware.memtrack.IMemtrack/default in the VINTF manifest.
05-28 18:11:52.139 I/Stability( 470): Interface set with vintf stability wire protocol version 1 downgraded to system stability wire protocol version 1 stability
05-28 18:11:52.140 I/SystemConfig( 470): Reading permissions from /vendor/etc/permissions/android.hardware.vulkan.version.xml
05-28 18:11:52.141 I/SystemServerTiming( 470): StartActivityManager
05-28 18:11:52.141 I/SystemServiceManager( 470): Starting com.android.server.wm.ActivityTaskManagerService$Lifecycle
05-28 18:11:52.142 I/SystemConfig( 470): Reading permissions from /vendor/etc/permissions/android.hardware.touchscreen.multitouch.xml
05-28 18:11:52.145 I/SystemConfig( 470): Reading permissions from /vendor/etc/permissions/id.hardware.camera.xml
05-28 18:11:52.149 I/SystemConfig( 470): Reading permissions from /product/etc/sysconfig/preinstalled-packages-platform-handheld-product.xml
05-28 18:11:52.151 I/SystemConfig( 470): Reading permissions from /product/etc/sysconfig/preinstalled-packages-platform-overlays.xml
05-28 18:11:52.154 I/SystemServiceManager( 470): Starting com.android.server.am.ActivityManagerService$Lifecycle
05-28 18:11:52.157 I/SystemConfig( 470): Reading permissions from /product/etc/permissions/com.android.settings.intelligence.xml
05-28 18:11:52.163 I/SystemConfig( 470): Reading permissions from /product/etc/permissions/com.android.tv.xml
05-28 18:11:52.166 W/SystemConfig( 470): No directory /system_ext/etc/sysconfig, skipping
05-28 18:11:52.168 I/SystemConfig( 470): Reading permissions from /system_ext/etc/permissions/provision-permissions.xml
05-28 18:11:52.169 I/ActivityManager( 470): Memory class: 256
