05-28 18:11:48.503 E/cutils-trace( 265): Error opening trace file: No such file or directory (2)
05-28 18:11:48.517 I/hwservicemanager( 180): Since vendor.display.config@1.0::IDisplayConfig/default is not registered, trying to start it as a lazy HAL.
05-28 18:11:48.516 I/init ( 164): type=1400 audit(0.0:14): avc: denied { add_name } for name="runtime_enable" scontext=u:r:vendor_init:s0 tcontext=u:object_r:sysfs_disp:s0 tclass=dir permissive=1
05-28 18:11:48.516 I/init ( 164): type=1400 audit(0.0:15): avc: denied { create } for name="runtime_enable" scontext=u:r:vendor_init:s0 tcontext=u:object_r:sysfs_disp:s0 tclass=file permissive=1
05-28 18:11:48.523 E/android.hardware.usb.gadget@1.1-service.aw( 264): configfs setup not done yet
05-28 18:11:48.524 E/cutils-trace( 264): Error opening trace file: No such file or directory (2)
05-28 18:11:48.529 W/libc ( 180): Unable to set property "ctl.interface_start" to "vendor.display.config@1.0::IDisplayConfig/default": error code: 0x20
05-28 18:11:48.530 I/hwservicemanager( 180): Tried to start vendor.display.config@1.0::IDisplayConfig/default as a lazy service, but was unable to. Usually this happens when a service is not installed, but if the service is intended to be used as a lazy service, then it may be configured incorrectly.
05-28 18:11:48.534 I/HidlServiceManagement( 249): Registered android.hardware.bluetooth@1.0::IBluetoothHci/default
05-28 18:11:48.541 E/cutils-trace( 263): Error opening trace file: No such file or directory (2)
05-28 18:11:48.542 I/HidlServiceManagement( 249): Removing namespace from process name android.hardware.bluetooth@1.0-service to bluetooth@1.0-service.
05-28 18:11:48.548 I/LegacySupport( 249): Registration complete for android.hardware.bluetooth@1.0::IBluetoothHci/default.
05-28 18:11:48.551 I/netd ( 242): Enabling bandwidth control: 109356us
05-28 18:11:48.556 I/netd ( 242): Initializing RouteController: 5650us
05-28 18:11:48.557 D/XfrmController( 242): XfrmController::ipSecAddXfrmInterface, line=1479
05-28 18:11:48.545 I/hwservicemanager( 180): Since vendor.display.config@1.0::IDisplayConfig/default is not registered, trying to start it as a lazy HAL.
05-28 18:11:48.565 I/HidlServiceManagement( 265): getService: Trying again for vendor.display.config@1.0::IDisplayConfig/default...
05-28 18:11:48.569 D/XfrmController( 242): XfrmController::ipSecRemoveTunnelInterface, line=1692
05-28 18:11:48.570 D/XfrmController( 242): deviceName=ipsec_test
05-28 18:11:48.582 I/ ( 164): file system registered
05-28 18:11:48.579 W/libc ( 180): Unable to set property "ctl.interface_start" to "vendor.display.config@1.0::IDisplayConfig/default": error code: 0x20
05-28 18:11:48.581 I/HidlServiceManagement( 264): Registered android.hardware.usb@1.0::IUsb/default
05-28 18:11:48.581 I/HidlServiceManagement( 264): Removing namespace from process name android.hardware.usb@1.0-service.aw to usb@1.0-service.aw.
05-28 18:11:48.586 I/servicemanager( 179): Found android.hardware.rebootescrow.IRebootEscrow/default in device VINTF manifest.
05-28 18:11:48.586 D/Sunxi_PQ( 274): ic_id=2, de_version=201 0x2
05-28 18:11:48.587 D/Sunxi_PQ( 274): /vendor/lib/libde201.so
05-28 18:11:48.591 D/Sunxi_PQ( 274): maybe /vendor/etc/firmware/disp_firmware, fd:-1 @O_RDONLY.
05-28 18:11:48.588 I/pqd ( 274): type=1400 audit(0.0:16): avc: denied { read write } for name="disp_firmware" dev="mmcblk0p25" ino=218 scontext=u:r:pqd:s0 tcontext=u:object_r:system_data_root_file:s0 tclass=file permissive=1
05-28 18:11:48.588 I/pqd ( 274): type=1400 audit(0.0:17): avc: denied { open } for path="/data/disp_firmware" dev="mmcblk0p25" ino=218 scontext=u:r:pqd:s0 tcontext=u:object_r:system_data_root_file:s0 tclass=file permissive=1
05-28 18:11:48.588 I/pqd ( 274): type=1400 audit(0.0:18): avc: denied { map } for path="/data/disp_firmware" dev="mmcblk0p25" ino=218 scontext=u:r:pqd:s0 tcontext=u:object_r:system_data_root_file:s0 tclass=file permissive=1
05-28 18:11:48.593 D/Sunxi_PQ( 274): config display firmware completed...
05-28 18:11:48.593 D/Sunxi_PQ( 274): There is not the /vendor/etc/firmware/disp_firmware, creat it.
05-28 18:11:48.594 D/Sunxi_PQ( 274): sunxi PQ wait for client connect from tcp port:5005...
05-28 18:11:48.594 D/hdmi-cec( 263): Loading: sunxi HDMI CEC module
05-28 18:11:48.595 D/Sunxi_PQ( 274): Sunxi PQ entry tanslate thread.
05-28 18:11:48.595 D/Sunxi_PQ( 274): creat a connect thread to deal the socket.
05-28 18:11:48.596 E/gralloc ( 256): Arm Module v1.0
05-28 18:11:48.596 I/hdmi-cec( 263): HDMI-CEC EventThread start
05-28 18:11:48.598 I/hwservicemanager( 180): Tried to start vendor.display.config@1.0::IDisplayConfig/default as a lazy service, but was unable to. Usually this happens when a service is not installed, but if the service is intended to be used as a lazy service, then it may be configured incorrectly.
05-28 18:11:48.600 I/credstore( 271): Registered binder service
05-28 18:11:48.601 I/HidlServiceManagement( 264): Registered android.hardware.usb.gadget@1.1::IUsbGadget/default
05-28 18:11:48.602 I/android.hardware.usb@1.0-service( 264): USB HAL Ready.
05-28 18:11:48.634 I/sunxihwc( 257): open: Loading: sunxi hwcomposer module
05-28 18:11:48.635 E/cutils-trace( 257): Error opening trace file: No such file or directory (2)
05-28 18:11:48.636 I/init ( 287): type=1400 audit(0.0:19): avc: denied { execute_no_trans } for path="/system/bin/xiriservice.sh" dev="dm-0" ino=1296 scontext=u:r:init:s0 tcontext=u:object_r:system_file:s0 tclass=file permissive=1
05-28 18:11:48.656 I/init ( 1): type=1400 audit(0.0:20): avc: denied { setattr } for name="ext_csd" dev="debugfs" ino=5778 scontext=u:r:init:s0 tcontext=u:object_r:debugfs_mmc:s0 tclass=file permissive=1
05-28 18:11:48.661 D/XfrmController( 242): Sending Netlink XFRM Message: XFRM_MSG_FLUSHSA
05-28 18:11:48.661 D/XfrmController( 242): Sending Netlink XFRM Message: XFRM_MSG_FLUSHPOLICY
05-28 18:11:48.662 I/netd ( 242): Initializing XfrmController: 105120us
05-28 18:11:48.664 E/GpuMem ( 272): Failed to retrieve pinned program from /sys/fs/bpf/prog_gpu_mem_tracepoint_gpu_mem_gpu_mem_total [2(No such file or directory)]
05-28 18:11:48.665 E/GpuMemTracer( 272): Cannot initialize GpuMemTracer before GpuMem
05-28 18:11:48.667 I/HidlServiceManagement( 248): Registered android.hardware.audio@7.0::IDevicesFactory/default
05-28 18:11:48.668 I/HidlServiceManagement( 248): Removing namespace from process name android.hardware.audio.service to audio.service.
05-28 18:11:48.668 I/check_xm_hidraw( 288): type=1400 audit(0.0:21): avc: denied { write } for name="tmp" dev="mmcblk0p25" ino=85 scontext=u:r:init:s0 tcontext=u:object_r:shell_data_file:s0 tclass=dir permissive=1 bug=b/77873135
05-28 18:11:48.679 I/sunxi-rfkill soc@3000000( 164): rfkill: set block: 0
05-28 18:11:48.679 I/sunxi-rfkill soc@3000000( 164): rfkill: bt power on success
05-28 18:11:48.674 I/LegacySupport( 248): Registration complete for android.hardware.audio@7.0::IDevicesFactory/default.
05-28 18:11:48.679 E/cutils-trace( 242): Error opening trace file: No such file or directory (2)
05-28 18:11:48.680 I/onstartup.sh( 286): type=1400 audit(0.0:22): avc: denied { write search } for name="tmp" dev="mmcblk0p25" ino=85 scontext=u:r:onstartup:s0 tcontext=u:object_r:shell_data_file:s0 tclass=dir permissive=1
05-28 18:11:48.684 I/onstartup.sh( 286): type=1400 audit(0.0:23): avc: denied { getattr } for path="/data/local/tmp" dev="mmcblk0p25" ino=85 scontext=u:r:onstartup:s0 tcontext=u:object_r:shell_data_file:s0 tclass=dir permissive=1
05-28 18:11:48.695 I/HidlServiceManagement( 263): Registered android.hardware.tv.cec@1.0::IHdmiCec/default
05-28 18:11:48.695 I/HidlServiceManagement( 263): Removing namespace from process name android.hardware.tv.cec@1.0-service to cec@1.0-service.
05-28 18:11:48.695 I/LegacySupport( 263): Registration complete for android.hardware.tv.cec@1.0::IHdmiCec/default.
05-28 18:11:48.696 I/init ( 310): type=1400 audit(0.0:24): avc: denied { write } for name="kmsg_debug" dev="tmpfs" ino=2152 scontext=u:r:init:s0 tcontext=u:object_r:kmsg_debug_device:s0 tclass=chr_file permissive=1
05-28 18:11:48.696 I/init ( 310): type=1400 audit(0.0:25): avc: denied { open } for path="/dev/kmsg_debug" dev="tmpfs" ino=2152 scontext=u:r:init:s0 tcontext=u:object_r:kmsg_debug_device:s0 tclass=chr_file permissive=1
05-28 18:11:48.702 I/HidlServiceManagement( 256): Registered android.hardware.graphics.allocator@2.0::IAllocator/default
05-28 18:11:48.703 I/HidlServiceManagement( 256): Removing namespace from process name android.hardware.graphics.allocator@2.0-service to allocator@2.0-service.
05-28 18:11:48.703 I/LegacySupport( 256): Registration complete for android.hardware.graphics.allocator@2.0::IAllocator/default.
05-28 18:11:48.714 I/HidlServiceManagement( 257): Registered android.hardware.graphics.composer@2.2::IComposer/default
05-28 18:11:48.715 I/HidlServiceManagement( 257): Removing namespace from process name android.hardware.graphics.composer@2.2-service to composer@2.2-service.
05-28 18:11:48.735 I/HidlServiceManagement( 248): Registered android.hardware.audio.effect@7.0::IEffectsFactory/default
05-28 18:11:48.737 I/LegacySupport( 248): Registration complete for android.hardware.audio.effect@7.0::IEffectsFactory/default.
05-28 18:11:48.742 I/hwservicemanager( 180): getTransport: Cannot find entry android.hardware.soundtrigger@2.3::ISoundTriggerHw/default in either framework or device VINTF manifest.
05-28 18:11:48.740 I/init ( 313): type=1400 audit(0.0:26): avc: denied { execute } for name="led_switch.sh" dev="dm-1" ino=129 scontext=u:r:init:s0 tcontext=u:object_r:vendor_file:s0 tclass=file permissive=1
05-28 18:11:48.745 E/LegacySupport( 248): Could not get passthrough implementation for android.hardware.soundtrigger@2.3::ISoundTriggerHw/default.
05-28 18:11:48.744 I/init ( 313): type=1400 audit(0.0:27): avc: denied { execute_no_trans } for path="/vendor/bin/led_switch.sh" dev="dm-1" ino=129 scontext=u:r:init:s0 tcontext=u:object_r:vendor_file:s0 tclass=file permissive=1
05-28 18:11:48.748 I/hwservicemanager( 180): getTransport: Cannot find entry android.hardware.soundtrigger@2.2::ISoundTriggerHw/default in either framework or device VINTF manifest.
05-28 18:11:48.748 I/gsid ( 292): no DSU: No such file or directory
05-28 18:11:48.748 I/pgrep ( 306): type=1400 audit(0.0:28): avc: denied { read } for scontext=u:r:toolbox:s0 tcontext=u:r:init:s0 tclass=file permissive=1
05-28 18:11:48.748 I/pgrep ( 306): type=1400 audit(0.0:29): avc: denied { read } for scontext=u:r:toolbox:s0 tcontext=u:r:kernel:s0 tclass=file permissive=1
05-28 18:11:48.752 I/pgrep ( 306): type=1400 audit(0.0:30): avc: denied { read } for scontext=u:r:toolbox:s0 tcontext=u:r:vendor_init:s0 tclass=file permissive=1
05-28 18:11:48.752 I/pgrep ( 306): type=1400 audit(0.0:31): avc: denied { sys_ptrace } for capability=19 scontext=u:r:toolbox:s0 tcontext=u:r:toolbox:s0 tclass=capability permissive=1
05-28 18:11:48.752 I/pgrep ( 306): type=1400 audit(0.0:32): avc: denied { read } for scontext=u:r:toolbox:s0 tcontext=u:r:ueventd:s0 tclass=file permissive=1
05-28 18:11:48.752 I/pgrep ( 306): type=1400 audit(0.0:33): avc: denied { read } for scontext=u:r:toolbox:s0 tcontext=u:r:logd:s0 tclass=file permissive=1
05-28 18:11:48.752 I/pgrep ( 306): type=1400 audit(0.0:34): avc: denied { read } for scontext=u:r:toolbox:s0 tcontext=u:r:lmkd:s0 tclass=file permissive=1
05-28 18:11:48.752 I/pgrep ( 306): type=1400 audit(0.0:35): avc: denied { read } for scontext=u:r:toolbox:s0 tcontext=u:r:servicemanager:s0 tclass=file permissive=1
05-28 18:11:48.752 I/pgrep ( 306): type=1400 audit(0.0:36): avc: denied { read } for scontext=u:r:toolbox:s0 tcontext=u:r:hwservicemanager:s0 tclass=file permissive=1
05-28 18:11:48.752 I/pgrep ( 306): type=1400 audit(0.0:37): avc: denied { getattr } for path="/proc/1" dev="proc" ino=2166 scontext=u:r:toolbox:s0 tcontext=u:r:init:s0 tclass=dir permissive=1
05-28 18:11:48.752 I/pgrep ( 306): type=1400 audit(0.0:38): avc: denied { search } for name="1" dev="proc" ino=2166 scontext=u:r:toolbox:s0 tcontext=u:r:init:s0 tclass=dir permissive=1
05-28 18:11:48.752 I/pgrep ( 306): type=1400 audit(0.0:39): avc: denied { open } for path="/proc/1/stat" dev="proc" ino=7098 scontext=u:r:toolbox:s0 tcontext=u:r:init:s0 tclass=file permissive=1
05-28 18:11:48.752 I/pgrep ( 306): type=1400 audit(0.0:40): avc: denied { getattr } for path="/proc/2" dev="proc" ino=7014 scontext=u:r:toolbox:s0 tcontext=u:r:kernel:s0 tclass=dir permissive=1
05-28 18:11:48.752 I/pgrep ( 306): type=1400 audit(0.0:41): avc: denied { search } for name="2" dev="proc" ino=7014 scontext=u:r:toolbox:s0 tcontext=u:r:kernel:s0 tclass=dir permissive=1
05-28 18:11:48.752 I/pgrep ( 306): type=1400 audit(0.0:42): avc: denied { open } for path="/proc/2/stat" dev="proc" ino=7099 scontext=u:r:toolbox:s0 tcontext=u:r:kernel:s0 tclass=file permissive=1
05-28 18:11:48.756 E/LegacySupport( 248): Could not get passthrough implementation for android.hardware.soundtrigger@2.2::ISoundTriggerHw/default.
05-28 18:11:48.756 I/onstartup.sh( 286): type=1400 audit(0.0:43): avc: denied { getattr } for path="/data/local/fast_apks_installed" dev="mmcblk0p25" ino=222 scontext=u:r:onstartup:s0 tcontext=u:object_r:onstartup_system_file:s0 tclass=file permissive=1
05-28 18:11:48.765 D/XiriService( 311): XiriService version 2.5.0.11258
05-28 18:11:48.760 I/pgrep ( 306): type=1400 audit(0.0:44): avc: denied { getattr } for path="/proc/164" dev="proc" ino=3903 scontext=u:r:toolbox:s0 tcontext=u:r:vendor_init:s0 tclass=dir permissive=1
05-28 18:11:48.760 I/pgrep ( 306): type=1400 audit(0.0:45): avc: denied { search } for name="164" dev="proc" ino=3903 scontext=u:r:toolbox:s0 tcontext=u:r:vendor_init:s0 tclass=dir permissive=1
05-28 18:11:48.760 I/pgrep ( 306): type=1400 audit(0.0:46): avc: denied { open } for path="/proc/164/stat" dev="proc" ino=10260 scontext=u:r:toolbox:s0 tcontext=u:r:vendor_init:s0 tclass=file permissive=1
05-28 18:11:48.760 I/pgrep ( 306): type=1400 audit(0.0:47): avc: denied { getattr } for path="/proc/167" dev="proc" ino=3945 scontext=u:r:toolbox:s0 tcontext=u:r:ueventd:s0 tclass=dir permissive=1
05-28 18:11:48.764 I/pgrep ( 306): type=1400 audit(0.0:48): avc: denied { search } for name="167" dev="proc" ino=3945 scontext=u:r:toolbox:s0 tcontext=u:r:ueventd:s0 tclass=dir permissive=1
05-28 18:11:48.764 I/pgrep ( 306): type=1400 audit(0.0:49): avc: denied { open } for path="/proc/167/stat" dev="proc" ino=10261 scontext=u:r:toolbox:s0 tcontext=u:r:ueventd:s0 tclass=file permissive=1
05-28 18:11:48.764 I/pgrep ( 306): type=1400 audit(0.0:50): avc: denied { getattr } for path="/proc/177" dev="proc" ino=4039 scontext=u:r:toolbox:s0 tcontext=u:r:logd:s0 tclass=dir permissive=1
05-28 18:11:48.764 I/pgrep ( 306): type=1400 audit(0.0:51): avc: denied { read } for scontext=u:r:toolbox:s0 tcontext=u:r:logd:s0 tclass=file permissive=1
05-28 18:11:48.764 I/pgrep ( 306): type=1400 audit(0.0:52): avc: denied { search } for name="177" dev="proc" ino=4039 scontext=u:r:toolbox:s0 tcontext=u:r:logd:s0 tclass=dir permissive=1
05-28 18:11:48.764 I/pgrep ( 306): type=1400 audit(0.0:53): avc: denied { open } for path="/proc/177/stat" dev="proc" ino=10262 scontext=u:r:toolbox:s0 tcontext=u:r:logd:s0 tclass=file permissive=1
05-28 18:11:48.764 I/pgrep ( 306): type=1400 audit(0.0:54): avc: denied { getattr } for path="/proc/178" dev="proc" ino=1953 scontext=u:r:toolbox:s0 tcontext=u:r:lmkd:s0 tclass=dir permissive=1
05-28 18:11:48.764 I/pgrep ( 306): type=1400 audit(0.0:55): avc: denied { search } for name="178" dev="proc" ino=1953 scontext=u:r:toolbox:s0 tcontext=u:r:lmkd:s0 tclass=dir permissive=1
05-28 18:11:48.764 I/pgrep ( 306): type=1400 audit(0.0:56): avc: denied { open } for path="/proc/178/stat" dev="proc" ino=10263 scontext=u:r:toolbox:s0 tcontext=u:r:lmkd:s0 tclass=file permissive=1
05-28 18:11:48.764 I/pgrep ( 306): type=1400 audit(0.0:57): avc: denied { getattr } for path="/proc/179" dev="proc" ino=2318 scontext=u:r:toolbox:s0 tcontext=u:r:servicemanager:s0 tclass=dir permissive=1
05-28 18:11:48.764 I/pgrep ( 306): type=1400 audit(0.0:58): avc: denied { search } for name="179" dev="proc" ino=2318 scontext=u:r:toolbox:s0 tcontext=u:r:servicemanager:s0 tclass=dir permissive=1
05-28 18:11:48.764 I/pgrep ( 306): type=1400 audit(0.0:59): avc: denied { open } for path="/proc/179/stat" dev="proc" ino=10264 scontext=u:r:toolbox:s0 tcontext=u:r:servicemanager:s0 tclass=file permissive=1
05-28 18:11:48.764 I/pgrep ( 306): type=1400 audit(0.0:60): avc: denied { read } for scontext=u:r:toolbox:s0 tcontext=u:r:vndservicemanager:s0 tclass=file permissive=1
05-28 18:11:48.764 I/pgrep ( 306): type=1400 audit(0.0:61): avc: denied { read } for scontext=u:r:toolbox:s0 tcontext=u:r:shell:s0 tclass=file permissive=1
05-28 18:11:48.764 I/pgrep ( 306): type=1400 audit(0.0:62): avc: denied { read } for scontext=u:r:toolbox:s0 tcontext=u:r:vold:s0 tclass=file permissive=1
05-28 18:11:48.764 I/pgrep ( 306): type=1400 audit(0.0:63): avc: denied { read } for scontext=u:r:toolbox:s0 tcontext=u:r:system_suspend:s0 tclass=file permissive=1
05-28 18:11:48.764 I/pgrep ( 306): type=1400 audit(0.0:64): avc: denied { read } for scontext=u:r:toolbox:s0 tcontext=u:r:keystore:s0 tclass=file permissive=1
05-28 18:11:48.764 I/pgrep ( 306): type=1400 audit(0.0:65): avc: denied { read } for scontext=u:r:toolbox:s0 tcontext=u:r:hal_bootctl_default:s0 tclass=file permissive=1
05-28 18:11:48.764 I/pgrep ( 306): type=1400 audit(0.0:66): avc: denied { read } for scontext=u:r:toolbox:s0 tcontext=u:r:hal_keymint_default:s0 tclass=file permissive=1
05-28 18:11:48.764 I/pgrep ( 306): type=1400 audit(0.0:67): avc: denied { read } for scontext=u:r:toolbox:s0 tcontext=u:r:tee:s0 tclass=file permissive=1
05-28 18:11:48.764 I/pgrep ( 306): type=1400 audit(0.0:68): avc: denied { read } for scontext=u:r:toolbox:s0 tcontext=u:r:tombstoned:s0 tclass=file permissive=1
05-28 18:11:48.764 I/pgrep ( 306): type=1400 audit(0.0:69): avc: denied { read } for scontext=u:r:toolbox:s0 tcontext=u:r:statsd:s0 tclass=file permissive=1
05-28 18:11:48.764 I/pgrep ( 306): type=1400 audit(0.0:70): avc: denied { read } for scontext=u:r:toolbox:s0 tcontext=u:r:netd:s0 tclass=file permissive=1
05-28 18:11:48.764 I/pgrep ( 306): type=1400 audit(0.0:71): avc: denied { read } for scontext=u:r:toolbox:s0 tcontext=u:r:zygote:s0 tclass=file permissive=1
05-28 18:11:48.764 I/pgrep ( 306): type=1400 audit(0.0:72): avc: denied { read } for scontext=u:r:toolbox:s0 tcontext=u:r:hal_allocator_default:s0 tclass=file permissive=1
05-28 18:11:48.764 I/pgrep ( 306): type=1400 audit(0.0:73): avc: denied { read } for scontext=u:r:toolbox:s0 tcontext=u:r:hal_audio_default:s0 tclass=file permissive=1
05-28 18:11:48.764 I/pgrep ( 306): type=1400 audit(0.0:74): avc: denied { read } for scontext=u:r:toolbox:s0 tcontext=u:r:hal_bluetooth_default:s0 tclass=file permissive=1
05-28 18:11:48.764 I/pgrep ( 306): type=1400 audit(0.0:75): avc: denied { read } for scontext=u:r:toolbox:s0 tcontext=u:r:hal_camera_default:s0 tclass=file permissive=1
05-28 18:11:48.764 I/pgrep ( 306): type=1400 audit(0.0:76): avc: denied { read } for scontext=u:r:toolbox:s0 tcontext=u:r:hal_cas_default:s0 tclass=file permissive=1
05-28 18:11:48.764 I/pgrep ( 306): type=1400 audit(0.0:77): avc: denied { read } for scontext=u:r:toolbox:s0 tcontext=u:r:hal_gatekeeper_default:s0 tclass=file permissive=1
05-28 18:11:48.764 I/pgrep ( 306): type=1400 audit(0.0:78): avc: denied { read } for scontext=u:r:toolbox:s0 tcontext=u:r:hal_graphics_allocator_default:s0 tclass=file permissive=1
05-28 18:11:48.764 I/pgrep ( 306): type=1400 audit(0.0:79): avc: denied { read } for scontext=u:r:toolbox:s0 tcontext=u:r:hal_graphics_composer_default:s0 tclass=file permissive=1
05-28 18:11:48.764 I/pgrep ( 306): type=1400 audit(0.0:80): avc: denied { read } for scontext=u:r:toolbox:s0 tcontext=u:r:hal_health_default:s0 tclass=file permissive=1
05-28 18:11:48.769 I/ExtCamUtils@3.4( 251): loadFromCfg: load external camera config succeed!
05-28 18:11:48.764 I/pgrep ( 306): type=1400 audit(0.0:81): avc: denied { read } for scontext=u:r:toolbox:s0 tcontext=u:r:hal_light_default:s0 tclass=file permissive=1
05-28 18:11:48.769 I/ExtCamUtils@3.4( 251): loadFromCfg: no internal ignored device specified
05-28 18:11:48.764 I/pgrep ( 306): type=1400 audit(0.0:82): avc: denied { read } for scontext=u:r:toolbox:s0 tcontext=u:r:hal_power_default:s0 tclass=file permissive=1
05-28 18:11:48.764 I/pgrep ( 306): type=1400 audit(0.0:83): avc: denied { read } for scontext=u:r:toolbox:s0 tcontext=u:r:hal_tv_cec_default:s0 tclass=file permissive=1
05-28 18:11:48.764 I/pgrep ( 306): type=1400 audit(0.0:84): avc: denied { read } for scontext=u:r:toolbox:s0 tcontext=u:r:hal_usb_impl:s0 tclass=file permissive=1
05-28 18:11:48.764 I/pgrep ( 306): type=1400 audit(0.0:85): avc: denied { read } for scontext=u:r:toolbox:s0 tcontext=u:r:hal_awdisplayoutput_default:s0 tclass=file permissive=1
05-28 18:11:48.764 I/pgrep ( 306): type=1400 audit(0.0:86): avc: denied { read } for scontext=u:r:toolbox:s0 tcontext=u:r:hal_rebootescrow_default:s0 tclass=file permissive=1
05-28 18:11:48.764 I/pgrep ( 306): type=1400 audit(0.0:87): avc: denied { read } for scontext=u:r:toolbox:s0 tcontext=u:r:audioserver:s0 tclass=file permissive=1
05-28 18:11:48.764 I/pgrep ( 306): type=1400 audit(0.0:88): avc: denied { read } for scontext=u:r:toolbox:s0 tcontext=u:r:credstore:s0 tclass=file permissive=1
05-28 18:11:48.764 I/pgrep ( 306): type=1400 audit(0.0:89): avc: denied { read } for scontext=u:r:toolbox:s0 tcontext=u:r:gpuservice:s0 tclass=file permissive=1
05-28 18:11:48.770 V/CamPrvdr@2.4-external( 251): Preferred HAL 3 minor version is 4
05-28 18:11:48.764 I/pgrep ( 306): type=1400 audit(0.0:90): avc: denied { read } for scontext=u:r:toolbox:s0 tcontext=u:r:surfaceflinger:s0 tclass=file permissive=1
05-28 18:11:48.764 I/pgrep ( 306): type=1400 audit(0.0:91): avc: denied { read } for scontext=u:r:toolbox:s0 tcontext=u:r:pqd:s0 tclass=file permissive=1
05-28 18:11:48.764 I/pgrep ( 306): type=1400 audit(0.0:92): avc: denied { read } for scontext=u:r:toolbox:s0 tcontext=u:r:onstartup:s0 tclass=file permissive=1
05-28 18:11:48.764 I/pgrep ( 306): type=1400 audit(0.0:93): avc: denied { read } for scontext=u:r:toolbox:s0 tcontext=u:r:init:s0 tclass=file permissive=1
05-28 18:11:48.764 I/pgrep ( 306): type=1400 audit(0.0:94): avc: denied { getattr } for path="/proc/180" dev="proc" ino=1960 scontext=u:r:toolbox:s0 tcontext=u:r:hwservicemanager:s0 tclass=dir permissive=1
05-28 18:11:48.764 I/pgrep ( 306): type=1400 audit(0.0:95): avc: denied { read } for scontext=u:r:toolbox:s0 tcontext=u:r:hwservicemanager:s0 tclass=file permissive=1
05-28 18:11:48.764 I/pgrep ( 306): type=1400 audit(0.0:96): avc: denied { search } for name="180" dev="proc" ino=1960 scontext=u:r:toolbox:s0 tcontext=u:r:hwservicemanager:s0 tclass=dir permissive=1
05-28 18:11:48.764 I/pgrep ( 306): type=1400 audit(0.0:97): avc: denied { open } for path="/proc/180/stat" dev="proc" ino=10277 scontext=u:r:toolbox:s0 tcontext=u:r:hwservicemanager:s0 tclass=file permissive=1
05-28 18:11:48.768 I/pgrep ( 306): type=1400 audit(0.0:98): avc: denied { getattr } for path="/proc/181" dev="proc" ino=2341 scontext=u:r:toolbox:s0 tcontext=u:r:vndservicemanager:s0 tclass=dir permissive=1
05-28 18:11:48.768 I/pgrep ( 306): type=1400 audit(0.0:99): avc: denied { search } for name="181" dev="proc" ino=2341 scontext=u:r:toolbox:s0 tcontext=u:r:vndservicemanager:s0 tclass=dir permissive=1
05-28 18:11:48.768 I/pgrep ( 306): type=1400 audit(0.0:100): avc: denied { open } for path="/proc/181/stat" dev="proc" ino=10278 scontext=u:r:toolbox:s0 tcontext=u:r:vndservicemanager:s0 tclass=file permissive=1
05-28 18:11:48.768 I/pgrep ( 306): type=1400 audit(0.0:101): avc: denied { getattr } for path="/proc/183" dev="proc" ino=5908 scontext=u:r:toolbox:s0 tcontext=u:r:shell:s0 tclass=dir permissive=1
05-28 18:11:48.768 I/pgrep ( 306): type=1400 audit(0.0:102): avc: denied { search } for name="183" dev="proc" ino=5908 scontext=u:r:toolbox:s0 tcontext=u:r:shell:s0 tclass=dir permissive=1
05-28 18:11:48.768 I/pgrep ( 306): type=1400 audit(0.0:103): avc: denied { open } for path="/proc/183/stat" dev="proc" ino=10280 scontext=u:r:toolbox:s0 tcontext=u:r:shell:s0 tclass=file permissive=1
05-28 18:11:48.768 I/pgrep ( 306): type=1400 audit(0.0:104): avc: denied { getattr } for path="/proc/188" dev="proc" ino=2366 scontext=u:r:toolbox:s0 tcontext=u:r:vold:s0 tclass=dir permissive=1
05-28 18:11:48.768 I/pgrep ( 306): type=1400 audit(0.0:105): avc: denied { read } for scontext=u:r:toolbox:s0 tcontext=u:r:vold:s0 tclass=file permissive=1
05-28 18:11:48.768 I/pgrep ( 306): type=1400 audit(0.0:106): avc: denied { search } for name="188" dev="proc" ino=2366 scontext=u:r:toolbox:s0 tcontext=u:r:vold:s0 tclass=dir permissive=1
05-28 18:11:48.768 I/pgrep ( 306): type=1400 audit(0.0:107): avc: denied { open } for path="/proc/188/stat" dev="proc" ino=10282 scontext=u:r:toolbox:s0 tcontext=u:r:vold:s0 tclass=file permissive=1
05-28 18:11:48.768 I/pgrep ( 306): type=1400 audit(0.0:108): avc: denied { getattr } for path="/proc/203" dev="proc" ino=2037 scontext=u:r:toolbox:s0 tcontext=u:r:system_suspend:s0 tclass=dir permissive=1
05-28 18:11:48.768 I/pgrep ( 306): type=1400 audit(0.0:109): avc: denied { search } for name="203" dev="proc" ino=2037 scontext=u:r:toolbox:s0 tcontext=u:r:system_suspend:s0 tclass=dir permissive=1
05-28 18:11:48.768 I/pgrep ( 306): type=1400 audit(0.0:110): avc: denied { open } for path="/proc/203/stat" dev="proc" ino=10288 scontext=u:r:toolbox:s0 tcontext=u:r:system_suspend:s0 tclass=file permissive=1
05-28 18:11:48.768 I/pgrep ( 306): type=1400 audit(0.0:111): avc: denied { getattr } for path="/proc/204" dev="proc" ino=2432 scontext=u:r:toolbox:s0 tcontext=u:r:keystore:s0 tclass=dir permissive=1
05-28 18:11:48.768 I/pgrep ( 306): type=1400 audit(0.0:112): avc: denied { search } for name="204" dev="proc" ino=2432 scontext=u:r:toolbox:s0 tcontext=u:r:keystore:s0 tclass=dir permissive=1
05-28 18:11:48.768 I/pgrep ( 306): type=1400 audit(0.0:113): avc: denied { open } for path="/proc/204/stat" dev="proc" ino=10289 scontext=u:r:toolbox:s0 tcontext=u:r:keystore:s0 tclass=file permissive=1
05-28 18:11:48.768 I/pgrep ( 306): type=1400 audit(0.0:114): avc: denied { getattr } for path="/proc/205" dev="proc" ino=7178 scontext=u:r:toolbox:s0 tcontext=u:r:hal_bootctl_default:s0 tclass=dir permissive=1
05-28 18:11:48.768 I/pgrep ( 306): type=1400 audit(0.0:115): avc: denied { search } for name="205" dev="proc" ino=7178 scontext=u:r:toolbox:s0 tcontext=u:r:hal_bootctl_default:s0 tclass=dir permissive=1
05-28 18:11:48.768 I/pgrep ( 306): type=1400 audit(0.0:116): avc: denied { open } for path="/proc/205/stat" dev="proc" ino=10290 scontext=u:r:toolbox:s0 tcontext=u:r:hal_bootctl_default:s0 tclass=file permissive=1
05-28 18:11:48.768 I/pgrep ( 306): type=1400 audit(0.0:117): avc: denied { getattr } for path="/proc/206" dev="proc" ino=2442 scontext=u:r:toolbox:s0 tcontext=u:r:hal_keymint_default:s0 tclass=dir permissive=1
05-28 18:11:48.768 I/pgrep ( 306): type=1400 audit(0.0:118): avc: denied { search } for name="206" dev="proc" ino=2442 scontext=u:r:toolbox:s0 tcontext=u:r:hal_keymint_default:s0 tclass=dir permissive=1
05-28 18:11:48.768 I/pgrep ( 306): type=1400 audit(0.0:119): avc: denied { open } for path="/proc/206/stat" dev="proc" ino=10291 scontext=u:r:toolbox:s0 tcontext=u:r:hal_keymint_default:s0 tclass=file permissive=1
05-28 18:11:48.768 I/pgrep ( 306): type=1400 audit(0.0:120): avc: denied { getattr } for path="/proc/207" dev="proc" ino=5976 scontext=u:r:toolbox:s0 tcontext=u:r:tee:s0 tclass=dir permissive=1
05-28 18:11:48.768 I/pgrep ( 306): type=1400 audit(0.0:121): avc: denied { search } for name="207" dev="proc" ino=5976 scontext=u:r:toolbox:s0 tcontext=u:r:tee:s0 tclass=dir permissive=1
05-28 18:11:48.768 I/pgrep ( 306): type=1400 audit(0.0:122): avc: denied { open } for path="/proc/207/stat" dev="proc" ino=10292 scontext=u:r:toolbox:s0 tcontext=u:r:tee:s0 tclass=file permissive=1
05-28 18:11:48.768 I/pgrep ( 306): type=1400 audit(0.0:123): avc: denied { getattr } for path="/proc/219" dev="proc" ino=7237 scontext=u:r:toolbox:s0 tcontext=u:r:tombstoned:s0 tclass=dir permissive=1
05-28 18:11:48.768 I/pgrep ( 306): type=1400 audit(0.0:124): avc: denied { search } for name="219" dev="proc" ino=7237 scontext=u:r:toolbox:s0 tcontext=u:r:tombstoned:s0 tclass=dir permissive=1
05-28 18:11:48.768 I/pgrep ( 306): type=1400 audit(0.0:125): avc: denied { open } for path="/proc/219/stat" dev="proc" ino=10297 scontext=u:r:toolbox:s0 tcontext=u:r:tombstoned:s0 tclass=file permissive=1
05-28 18:11:48.768 I/pgrep ( 306): type=1400 audit(0.0:126): avc: denied { getattr } for path="/proc/241" dev="proc" ino=6557 scontext=u:r:toolbox:s0 tcontext=u:r:statsd:s0 tclass=dir permissive=1
05-28 18:11:48.768 I/pgrep ( 306): type=1400 audit(0.0:127): avc: denied { search } for name="241" dev="proc" ino=6557 scontext=u:r:toolbox:s0 tcontext=u:r:statsd:s0 tclass=dir permissive=1
05-28 18:11:48.768 I/pgrep ( 306): type=1400 audit(0.0:128): avc: denied { open } for path="/proc/241/stat" dev="proc" ino=10298 scontext=u:r:toolbox:s0 tcontext=u:r:statsd:s0 tclass=file permissive=1
05-28 18:11:48.768 I/pgrep ( 306): type=1400 audit(0.0:129): avc: denied { getattr } for path="/proc/242" dev="proc" ino=7343 scontext=u:r:toolbox:s0 tcontext=u:r:netd:s0 tclass=dir permissive=1
05-28 18:11:48.768 I/pgrep ( 306): type=1400 audit(0.0:130): avc: denied { search } for name="242" dev="proc" ino=7343 scontext=u:r:toolbox:s0 tcontext=u:r:netd:s0 tclass=dir permissive=1
05-28 18:11:48.772 I/pgrep ( 306): type=1400 audit(0.0:131): avc: denied { open } for path="/proc/242/stat" dev="proc" ino=10299 scontext=u:r:toolbox:s0 tcontext=u:r:netd:s0 tclass=file permissive=1
05-28 18:11:48.772 I/pgrep ( 306): type=1400 audit(0.0:132): avc: denied { getattr } for path="/proc/243" dev="proc" ino=6572 scontext=u:r:toolbox:s0 tcontext=u:r:zygote:s0 tclass=dir permissive=1
05-28 18:11:48.772 I/pgrep ( 306): type=1400 audit(0.0:133): avc: denied { search } for name="243" dev="proc" ino=6572 scontext=u:r:toolbox:s0 tcontext=u:r:zygote:s0 tclass=dir permissive=1
05-28 18:11:48.772 I/pgrep ( 306): type=1400 audit(0.0:134): avc: denied { open } for path="/proc/243/stat" dev="proc" ino=10300 scontext=u:r:toolbox:s0 tcontext=u:r:zygote:s0 tclass=file permissive=1
05-28 18:11:48.779 I/hwservicemanager( 180): getTransport: Cannot find entry android.hardware.soundtrigger@2.1::ISoundTriggerHw/default in either framework or device VINTF manifest.
05-28 18:11:48.772 I/pgrep ( 306): type=1400 audit(0.0:135): avc: denied { getattr } for path="/proc/247" dev="proc" ino=6092 scontext=u:r:toolbox:s0 tcontext=u:r:hal_allocator_default:s0 tclass=dir permissive=1
05-28 18:11:48.772 I/pgrep ( 306): type=1400 audit(0.0:136): avc: denied { search } for name="247" dev="proc" ino=6092 scontext=u:r:toolbox:s0 tcontext=u:r:hal_allocator_default:s0 tclass=dir permissive=1
05-28 18:11:48.772 I/pgrep ( 306): type=1400 audit(0.0:137): avc: denied { open } for path="/proc/247/stat" dev="proc" ino=10301 scontext=u:r:toolbox:s0 tcontext=u:r:hal_allocator_default:s0 tclass=file permissive=1
05-28 18:11:48.772 I/pgrep ( 306): type=1400 audit(0.0:138): avc: denied { getattr } for path="/proc/248" dev="proc" ino=2686 scontext=u:r:toolbox:s0 tcontext=u:r:hal_audio_default:s0 tclass=dir permissive=1
05-28 18:11:48.772 I/pgrep ( 306): type=1400 audit(0.0:139): avc: denied { search } for name="248" dev="proc" ino=2686 scontext=u:r:toolbox:s0 tcontext=u:r:hal_audio_default:s0 tclass=dir permissive=1
05-28 18:11:48.772 I/pgrep ( 306): type=1400 audit(0.0:140): avc: denied { open } for path="/proc/248/stat" dev="proc" ino=10302 scontext=u:r:toolbox:s0 tcontext=u:r:hal_audio_default:s0 tclass=file permissive=1
05-28 18:11:48.772 I/pgrep ( 306): type=1400 audit(0.0:141): avc: denied { getattr } for path="/proc/249" dev="proc" ino=2709 scontext=u:r:toolbox:s0 tcontext=u:r:hal_bluetooth_default:s0 tclass=dir permissive=1
05-28 18:11:48.772 I/pgrep ( 306): type=1400 audit(0.0:142): avc: denied { search } for name="249" dev="proc" ino=2709 scontext=u:r:toolbox:s0 tcontext=u:r:hal_bluetooth_default:s0 tclass=dir permissive=1
05-28 18:11:48.772 I/pgrep ( 306): type=1400 audit(0.0:143): avc: denied { open } for path="/proc/249/stat" dev="proc" ino=10303 scontext=u:r:toolbox:s0 tcontext=u:r:hal_bluetooth_default:s0 tclass=file permissive=1
05-28 18:11:48.772 I/pgrep ( 306): type=1400 audit(0.0:144): avc: denied { getattr } for path="/proc/251" dev="proc" ino=6712 scontext=u:r:toolbox:s0 tcontext=u:r:hal_camera_default:s0 tclass=dir permissive=1
05-28 18:11:48.780 E/LegacySupport( 248): Could not get passthrough implementation for android.hardware.soundtrigger@2.1::ISoundTriggerHw/default.
05-28 18:11:48.772 I/pgrep ( 306): type=1400 audit(0.0:145): avc: denied { search } for name="251" dev="proc" ino=6712 scontext=u:r:toolbox:s0 tcontext=u:r:hal_camera_default:s0 tclass=dir permissive=1
05-28 18:11:48.772 I/pgrep ( 306): type=1400 audit(0.0:146): avc: denied { open } for path="/proc/251/stat" dev="proc" ino=10305 scontext=u:r:toolbox:s0 tcontext=u:r:hal_camera_default:s0 tclass=file permissive=1
05-28 18:11:48.772 I/pgrep ( 306): type=1400 audit(0.0:147): avc: denied { getattr } for path="/proc/254" dev="proc" ino=6718 scontext=u:r:toolbox:s0 tcontext=u:r:hal_cas_default:s0 tclass=dir permissive=1
05-28 18:11:48.772 I/pgrep ( 306): type=1400 audit(0.0:148): avc: denied { search } for name="254" dev="proc" ino=6718 scontext=u:r:toolbox:s0 tcontext=u:r:hal_cas_default:s0 tclass=dir permissive=1
05-28 18:11:48.772 I/pgrep ( 306): type=1400 audit(0.0:149): avc: denied { open } for path="/proc/254/stat" dev="proc" ino=10307 scontext=u:r:toolbox:s0 tcontext=u:r:hal_cas_default:s0 tclass=file permissive=1
05-28 18:11:48.772 I/pgrep ( 306): type=1400 audit(0.0:150): avc: denied { getattr } for path="/proc/255" dev="proc" ino=6722 scontext=u:r:toolbox:s0 tcontext=u:r:hal_gatekeeper_default:s0 tclass=dir permissive=1
05-28 18:11:48.772 I/pgrep ( 306): type=1400 audit(0.0:151): avc: denied { search } for name="255" dev="proc" ino=6722 scontext=u:r:toolbox:s0 tcontext=u:r:hal_gatekeeper_default:s0 tclass=dir permissive=1
05-28 18:11:48.772 I/pgrep ( 306): type=1400 audit(0.0:153): avc: denied { open } for path="/proc/255/stat" dev="proc" ino=10308 scontext=u:r:toolbox:s0 tcontext=u:r:hal_gatekeeper_default:s0 tclass=file permissive=1
05-28 18:11:48.772 I/xiriservice_All( 311): type=1400 audit(0.0:152): avc: denied { search } for name="com.android.connectivity.resources" dev="mmcblk0p25" ino=503 scontext=u:r:init:s0 tcontext=u:object_r:privapp_data_file:s0:c512,c768 tclass=dir permissive=1
05-28 18:11:48.772 I/xiriservice_All( 311): type=1400 audit(0.0:154): avc: denied { search } for name="android" dev="mmcblk0p25" ino=507 scontext=u:r:init:s0 tcontext=u:object_r:system_app_data_file:s0 tclass=dir permissive=1
05-28 18:11:48.772 I/pgrep ( 306): type=1400 audit(0.0:155): avc: denied { getattr } for path="/proc/256" dev="proc" ino=2775 scontext=u:r:toolbox:s0 tcontext=u:r:hal_graphics_allocator_default:s0 tclass=dir permissive=1
05-28 18:11:48.772 I/pgrep ( 306): type=1400 audit(0.0:156): avc: denied { search } for name="256" dev="proc" ino=2775 scontext=u:r:toolbox:s0 tcontext=u:r:hal_graphics_allocator_default:s0 tclass=dir permissive=1
05-28 18:11:48.772 I/pgrep ( 306): type=1400 audit(0.0:157): avc: denied { open } for path="/proc/256/stat" dev="proc" ino=10309 scontext=u:r:toolbox:s0 tcontext=u:r:hal_graphics_allocator_default:s0 tclass=file permissive=1
05-28 18:11:48.772 I/pgrep ( 306): type=1400 audit(0.0:158): avc: denied { getattr } for path="/proc/257" dev="proc" ino=2783 scontext=u:r:toolbox:s0 tcontext=u:r:hal_graphics_composer_default:s0 tclass=dir permissive=1
05-28 18:11:48.772 I/pgrep ( 306): type=1400 audit(0.0:159): avc: denied { search } for name="257" dev="proc" ino=2783 scontext=u:r:toolbox:s0 tcontext=u:r:hal_graphics_composer_default:s0 tclass=dir permissive=1
05-28 18:11:48.772 I/pgrep ( 306): type=1400 audit(0.0:160): avc: denied { open } for path="/proc/257/stat" dev="proc" ino=10310 scontext=u:r:toolbox:s0 tcontext=u:r:hal_graphics_composer_default:s0 tclass=file permissive=1
05-28 18:11:48.772 I/pgrep ( 306): type=1400 audit(0.0:161): avc: denied { getattr } for path="/proc/260" dev="proc" ino=2788 scontext=u:r:toolbox:s0 tcontext=u:r:hal_health_default:s0 tclass=dir permissive=1
05-28 18:11:48.772 I/pgrep ( 306): type=1400 audit(0.0:162): avc: denied { search } for name="260" dev="proc" ino=2788 scontext=u:r:toolbox:s0 tcontext=u:r:hal_health_default:s0 tclass=dir permissive=1
05-28 18:11:48.772 I/pgrep ( 306): type=1400 audit(0.0:163): avc: denied { open } for path="/proc/260/stat" dev="proc" ino=10311 scontext=u:r:toolbox:s0 tcontext=u:r:hal_health_default:s0 tclass=file permissive=1
05-28 18:11:48.772 I/pgrep ( 306): type=1400 audit(0.0:164): avc: denied { getattr } for path="/proc/261" dev="proc" ino=7469 scontext=u:r:toolbox:s0 tcontext=u:r:hal_light_default:s0 tclass=dir permissive=1
05-28 18:11:48.772 I/pgrep ( 306): type=1400 audit(0.0:165): avc: denied { search } for name="261" dev="proc" ino=7469 scontext=u:r:toolbox:s0 tcontext=u:r:hal_light_default:s0 tclass=dir permissive=1
05-28 18:11:48.772 I/pgrep ( 306): type=1400 audit(0.0:166): avc: denied { open } for path="/proc/261/stat" dev="proc" ino=10312 scontext=u:r:toolbox:s0 tcontext=u:r:hal_light_default:s0 tclass=file permissive=1
05-28 18:11:48.772 I/pgrep ( 306): type=1400 audit(0.0:167): avc: denied { getattr } for path="/proc/262" dev="proc" ino=6751 scontext=u:r:toolbox:s0 tcontext=u:r:hal_power_default:s0 tclass=dir permissive=1
05-28 18:11:48.772 I/pgrep ( 306): type=1400 audit(0.0:168): avc: denied { search } for name="262" dev="proc" ino=6751 scontext=u:r:toolbox:s0 tcontext=u:r:hal_power_default:s0 tclass=dir permissive=1
05-28 18:11:48.772 I/pgrep ( 306): type=1400 audit(0.0:169): avc: denied { open } for path="/proc/262/stat" dev="proc" ino=10313 scontext=u:r:toolbox:s0 tcontext=u:r:hal_power_default:s0 tclass=file permissive=1
05-28 18:11:48.772 I/pgrep ( 306): type=1400 audit(0.0:170): avc: denied { getattr } for path="/proc/263" dev="proc" ino=2821 scontext=u:r:toolbox:s0 tcontext=u:r:hal_tv_cec_default:s0 tclass=dir permissive=1
05-28 18:11:48.772 I/pgrep ( 306): type=1400 audit(0.0:171): avc: denied { search } for name="263" dev="proc" ino=2821 scontext=u:r:toolbox:s0 tcontext=u:r:hal_tv_cec_default:s0 tclass=dir permissive=1
05-28 18:11:48.783 I/HidlServiceManagement( 251): Registered android.hardware.camera.provider@2.4::ICameraProvider/external/0
05-28 18:11:48.788 I/HidlServiceManagement( 251): Removing namespace from process name android.hardware.camera.provider@2.4-external-service to provider@2.4-external-service.
05-28 18:11:48.790 I/LegacySupport( 251): Registration complete for android.hardware.camera.provider@2.4::ICameraProvider/external/0.
05-28 18:11:48.791 E/LegacySupport( 248): Could not get passthrough implementation for android.hardware.soundtrigger@2.0::ISoundTriggerHw/default.
05-28 18:11:48.791 W/audiohalservice( 248): Could not register Soundtrigger API
05-28 18:11:48.791 I/CamPrvdr@2.4-external( 251): threadLoop start monitoring new V4L2 devices
05-28 18:11:48.791 I/hwservicemanager( 180): getTransport: Cannot find entry android.hardware.bluetooth.audio@2.1::IBluetoothAudioProvidersFactory/default in either framework or device VINTF manifest.
05-28 18:11:48.772 I/pgrep ( 306): type=1400 audit(0.0:172): avc: denied { open } for path="/proc/263/stat" dev="proc" ino=10314 scontext=u:r:toolbox:s0 tcontext=u:r:hal_tv_cec_default:s0 tclass=file permissive=1
05-28 18:11:48.772 I/pgrep ( 306): type=1400 audit(0.0:173): avc: denied { getattr } for path="/proc/264" dev="proc" ino=2839 scontext=u:r:toolbox:s0 tcontext=u:r:hal_usb_impl:s0 tclass=dir permissive=1
05-28 18:11:48.772 I/pgrep ( 306): type=1400 audit(0.0:174): avc: denied { search } for name="264" dev="proc" ino=2839 scontext=u:r:toolbox:s0 tcontext=u:r:hal_usb_impl:s0 tclass=dir permissive=1
05-28 18:11:48.772 I/pgrep ( 306): type=1400 audit(0.0:175): avc: denied { open } for path="/proc/264/stat" dev="proc" ino=10315 scontext=u:r:toolbox:s0 tcontext=u:r:hal_usb_impl:s0 tclass=file permissive=1
05-28 18:11:48.776 I/pgrep ( 306): type=1400 audit(0.0:176): avc: denied { getattr } for path="/proc/265" dev="proc" ino=2845 scontext=u:r:toolbox:s0 tcontext=u:r:hal_awdisplayoutput_default:s0 tclass=dir permissive=1
05-28 18:11:48.776 I/pgrep ( 306): type=1400 audit(0.0:177): avc: denied { search } for name="265" dev="proc" ino=2845 scontext=u:r:toolbox:s0 tcontext=u:r:hal_awdisplayoutput_default:s0 tclass=dir permissive=1
05-28 18:11:48.776 I/pgrep ( 306): type=1400 audit(0.0:178): avc: denied { open } for path="/proc/265/stat" dev="proc" ino=10316 scontext=u:r:toolbox:s0 tcontext=u:r:hal_awdisplayoutput_default:s0 tclass=file permissive=1
05-28 18:11:48.794 E/LegacySupport( 248): Could not get passthrough implementation for android.hardware.bluetooth.audio@2.1::IBluetoothAudioProvidersFactory/default.
05-28 18:11:48.776 I/xiriservice_All( 311): type=1400 audit(0.0:179): avc: denied { read } for name="lib" dev="mmcblk0p25" ino=11105 scontext=u:r:init:s0 tcontext=u:object_r:system_app_data_file:s0 tclass=lnk_file permissive=1
05-28 18:11:48.776 I/pgrep ( 306): type=1400 audit(0.0:180): avc: denied { getattr } for path="/proc/267" dev="proc" ino=7618 scontext=u:r:toolbox:s0 tcontext=u:r:hal_rebootescrow_default:s0 tclass=dir permissive=1
05-28 18:11:48.776 I/pgrep ( 306): type=1400 audit(0.0:181): avc: denied { search } for name="267" dev="proc" ino=7618 scontext=u:r:toolbox:s0 tcontext=u:r:hal_rebootescrow_default:s0 tclass=dir permissive=1
05-28 18:11:48.776 I/pgrep ( 306): type=1400 audit(0.0:182): avc: denied { open } for path="/proc/267/stat" dev="proc" ino=10317 scontext=u:r:toolbox:s0 tcontext=u:r:hal_rebootescrow_default:s0 tclass=file permissive=1
05-28 18:11:48.776 I/pgrep ( 306): type=1400 audit(0.0:183): avc: denied { getattr } for path="/proc/269" dev="proc" ino=7691 scontext=u:r:toolbox:s0 tcontext=u:r:audioserver:s0 tclass=dir permissive=1
05-28 18:11:48.776 I/pgrep ( 306): type=1400 audit(0.0:184): avc: denied { search } for name="269" dev="proc" ino=7691 scontext=u:r:toolbox:s0 tcontext=u:r:audioserver:s0 tclass=dir permissive=1
05-28 18:11:48.776 I/pgrep ( 306): type=1400 audit(0.0:185): avc: denied { open } for path="/proc/269/stat" dev="proc" ino=10318 scontext=u:r:toolbox:s0 tcontext=u:r:audioserver:s0 tclass=file permissive=1
05-28 18:11:48.776 I/pgrep ( 306): type=1400 audit(0.0:186): avc: denied { getattr } for path="/proc/271" dev="proc" ino=2912 scontext=u:r:toolbox:s0 tcontext=u:r:credstore:s0 tclass=dir permissive=1
05-28 18:11:48.776 I/pgrep ( 306): type=1400 audit(0.0:187): avc: denied { search } for name="271" dev="proc" ino=2912 scontext=u:r:toolbox:s0 tcontext=u:r:credstore:s0 tclass=dir permissive=1
05-28 18:11:48.776 I/pgrep ( 306): type=1400 audit(0.0:188): avc: denied { open } for path="/proc/271/stat" dev="proc" ino=10319 scontext=u:r:toolbox:s0 tcontext=u:r:credstore:s0 tclass=file permissive=1
05-28 18:11:48.776 I/pgrep ( 306): type=1400 audit(0.0:189): avc: denied { getattr } for path="/proc/272" dev="proc" ino=8434 scontext=u:r:toolbox:s0 tcontext=u:r:gpuservice:s0 tclass=dir permissive=1
05-28 18:11:48.795 I/hwservicemanager( 180): getTransport: Cannot find entry android.hardware.bluetooth.audio@2.0::IBluetoothAudioProvidersFactory/default in either framework or device VINTF manifest.
05-28 18:11:48.776 I/pgrep ( 306): type=1400 audit(0.0:190): avc: denied { read } for scontext=u:r:toolbox:s0 tcontext=u:r:gpuservice:s0 tclass=file permissive=1
05-28 18:11:48.776 I/pgrep ( 306): type=1400 audit(0.0:191): avc: denied { search } for name="272" dev="proc" ino=8434 scontext=u:r:toolbox:s0 tcontext=u:r:gpuservice:s0 tclass=dir permissive=1
05-28 18:11:48.776 I/pgrep ( 306): type=1400 audit(0.0:192): avc: denied { open } for path="/proc/272/stat" dev="proc" ino=10320 scontext=u:r:toolbox:s0 tcontext=u:r:gpuservice:s0 tclass=file permissive=1
05-28 18:11:48.776 I/pgrep ( 306): type=1400 audit(0.0:193): avc: denied { getattr } for path="/proc/273" dev="proc" ino=8504 scontext=u:r:toolbox:s0 tcontext=u:r:surfaceflinger:s0 tclass=dir permissive=1
05-28 18:11:48.776 I/pgrep ( 306): type=1400 audit(0.0:194): avc: denied { read } for scontext=u:r:toolbox:s0 tcontext=u:r:surfaceflinger:s0 tclass=file permissive=1
05-28 18:11:48.776 I/pgrep ( 306): type=1400 audit(0.0:195): avc: denied { search } for name="273" dev="proc" ino=8504 scontext=u:r:toolbox:s0 tcontext=u:r:surfaceflinger:s0 tclass=dir permissive=1
05-28 18:11:48.776 I/pgrep ( 306): type=1400 audit(0.0:196): avc: denied { open } for path="/proc/273/stat" dev="proc" ino=10321 scontext=u:r:toolbox:s0 tcontext=u:r:surfaceflinger:s0 tclass=file permissive=1
05-28 18:11:48.776 I/pgrep ( 306): type=1400 audit(0.0:197): avc: denied { getattr } for path="/proc/274" dev="proc" ino=2966 scontext=u:r:toolbox:s0 tcontext=u:r:pqd:s0 tclass=dir permissive=1
05-28 18:11:48.776 I/pgrep ( 306): type=1400 audit(0.0:198): avc: denied { search } for name="274" dev="proc" ino=2966 scontext=u:r:toolbox:s0 tcontext=u:r:pqd:s0 tclass=dir permissive=1
05-28 18:11:48.776 I/pgrep ( 306): type=1400 audit(0.0:199): avc: denied { open } for path="/proc/274/stat" dev="proc" ino=10322 scontext=u:r:toolbox:s0 tcontext=u:r:pqd:s0 tclass=file permissive=1
05-28 18:11:48.776 I/pgrep ( 306): type=1400 audit(0.0:200): avc: denied { getattr } for path="/proc/286" dev="proc" ino=3039 scontext=u:r:toolbox:s0 tcontext=u:r:onstartup:s0 tclass=dir permissive=1
05-28 18:11:48.776 I/pgrep ( 306): type=1400 audit(0.0:201): avc: denied { search } for name="286" dev="proc" ino=3039 scontext=u:r:toolbox:s0 tcontext=u:r:onstartup:s0 tclass=dir permissive=1
05-28 18:11:48.776 I/pgrep ( 306): type=1400 audit(0.0:202): avc: denied { open } for path="/proc/286/stat" dev="proc" ino=10323 scontext=u:r:toolbox:s0 tcontext=u:r:onstartup:s0 tclass=file permissive=1
05-28 18:11:48.776 I/xiriservice_All( 311): type=1400 audit(0.0:203): avc: denied { search } for name="android.ext.shared" dev="mmcblk0p25" ino=524 scontext=u:r:init:s0 tcontext=u:object_r:app_data_file:s0:c512,c768 tclass=dir permissive=1
05-28 18:11:48.776 I/pgrep ( 306): type=1400 audit(0.0:204): avc: denied { open } for path="/proc/287/stat" dev="proc" ino=10324 scontext=u:r:toolbox:s0 tcontext=u:r:init:s0 tclass=file permissive=1
05-28 18:11:48.776 I/xiriservice_All( 311): type=1400 audit(0.0:205): avc: denied { read } for name="lib" dev="mmcblk0p25" ino=11116 scontext=u:r:init:s0 tcontext=u:object_r:app_data_file:s0:c512,c768 tclass=lnk_file permissive=1
05-28 18:11:48.780 I/xiriservice_All( 311): type=1400 audit(0.0:206): avc: denied { search } for name="com.android.permissioncontroller" dev="mmcblk0p25" ino=553 scontext=u:r:init:s0 tcontext=u:object_r:privapp_data_file:s0:c73,c256,c512,c768 tclass=dir permissive=1
05-28 18:11:48.780 I/xiriservice_All( 311): type=1400 audit(0.0:207): avc: denied { search } for name="com.android.cts.priv.ctsshim" dev="mmcblk0p25" ino=569 scontext=u:r:init:s0 tcontext=u:object_r:privapp_data_file:s0:c512,c768 tclass=dir permissive=1
05-28 18:11:48.780 I/xiriservice_All( 311): type=1400 audit(0.0:208): avc: denied { read } for name="lib" dev="mmcblk0p25" ino=11095 scontext=u:r:init:s0 tcontext=u:object_r:privapp_data_file:s0:c512,c768 tclass=lnk_file permissive=1
05-28 18:11:48.784 I/xiriservice_All( 311): type=1400 audit(0.0:209): avc: denied { search } for name="com.android.dynsystem" dev="mmcblk0p25" ino=577 scontext=u:r:init:s0 tcontext=u:object_r:system_app_data_file:s0 tclass=dir permissive=1
05-28 18:11:48.788 I/xiriservice_All( 311): type=1400 audit(0.0:210): avc: denied { search } for name="com.android.internal.systemui.navbar.gestural_wide_back" dev="mmcblk0p25" ino=628 scontext=u:r:init:s0 tcontext=u:object_r:app_data_file:s0:c1,c256,c512,c768 tclass=dir permissive=1
05-28 18:11:48.788 I/xiriservice_All( 311): type=1400 audit(0.0:211): avc: denied { search } for name="com.android.wallpapercropper" dev="mmcblk0p25" ino=646 scontext=u:r:init:s0 tcontext=u:object_r:app_data_file:s0:c512,c768 tclass=dir permissive=1
05-28 18:11:48.788 I/xiriservice_All( 311): type=1400 audit(0.0:212): avc: denied { search } for name="com.sohu.inputmethod.sogou.tv" dev="mmcblk0p25" ino=1409 scontext=u:r:init:s0 tcontext=u:object_r:app_data_file:s0:c39,c256,c512,c768 tclass=dir permissive=1
05-28 18:11:48.788 I/xiriservice_All( 311): type=1400 audit(0.0:213): avc: denied { read } for name="lib" dev="mmcblk0p25" ino=11101 scontext=u:r:init:s0 tcontext=u:object_r:app_data_file:s0:c39,c256,c512,c768 tclass=lnk_file permissive=1
05-28 18:11:48.798 E/LegacySupport( 248): Could not get passthrough implementation for android.hardware.bluetooth.audio@2.0::IBluetoothAudioProvidersFactory/default.
05-28 18:11:48.799 W/audiohalservice( 248): Could not register Bluetooth Audio API
05-28 18:11:48.792 I/check_xm_hidraw( 318): type=1400 audit(0.0:214): avc: denied { execute_no_trans } for path="/system/bin/xm_hidread" dev="dm-0" ino=1298 scontext=u:r:init:s0 tcontext=u:object_r:system_file:s0 tclass=file permissive=1
05-28 18:11:48.792 I/xiriservice_All( 311): type=1400 audit(0.0:215): avc: denied { search } for name="com.android.htmlviewer" dev="mmcblk0p25" ino=700 scontext=u:r:init:s0 tcontext=u:object_r:app_data_file:s0:c33,c256,c512,c768 tclass=dir permissive=1
05-28 18:11:48.792 I/xiriservice_All( 311): type=1400 audit(0.0:216): avc: denied { search } for name="com.android.companiondevicemanager" dev="mmcblk0p25" ino=708 scontext=u:r:init:s0 tcontext=u:object_r:app_data_file:s0:c35,c256,c512,c768 tclass=dir permissive=1
