05-28 18:11:56.580 D/SystemServerInitThreadPool( 470): Started executing WebViewFactoryPreparation
05-28 18:11:56.580 I/SystemServer( 470): WebViewFactoryPreparation
05-28 18:11:56.580 I/SystemServerTimingAsync( 470): WebViewFactoryPreparation
05-28 18:11:56.580 I/SystemServerTiming( 470): MakeNetworkManagementServiceReady
05-28 18:11:56.586 D/ ( 419): enable_cedar_hw_clk,516
05-28 18:11:56.581 W/omx_vdec( 361): <__AwOmxVdecSetParameter:1566>: Set Parameter called in valid state
05-28 18:11:56.582 W/NetworkManagement( 470): setDataSaverMode(): already false
05-28 18:11:56.583 W/omx_vdec( 361): : pParamProfileLevel->nProfileIndex[0x2] error!
05-28 18:11:56.583 E/OMXNodeInstance( 361): getParameter(0xeb262000:allwinner.decoder.mpeg4, ParamVideoProfileLevelQuerySupported(0x600000f)) ERROR: BadParameter(0x80001005)
05-28 18:11:56.583 W/omx_vdec( 361): <__AwOmxVdecGetExtensionIndex:1741>: GetExtensionIndex OMX.google.android.index.describeColorFormat, err [0x80001001].
05-28 18:11:56.584 W/omx_vdec( 361): <__AwOmxVdecGetExtensionIndex:1741>: GetExtensionIndex OMX.google.android.index.describeColorFormat2, err [0x80001001].
05-28 18:11:56.584 E/omx_vdec( 361): : erro: pParamData->nIndex > m_sPortFormatType.nIndex
05-28 18:11:56.584 W/omx_vdec( 361): <__AwOmxVdecGetExtensionIndex:1741>: GetExtensionIndex OMX.google.android.index.describeColorFormat, err [0x80001001].
05-28 18:11:56.584 W/omx_vdec( 361): <__AwOmxVdecGetExtensionIndex:1741>: GetExtensionIndex OMX.google.android.index.describeColorFormat2, err [0x80001001].
05-28 18:11:56.584 E/omx_vdec( 361): : erro: pParamData->nIndex > m_sPortFormatType.nIndex
05-28 18:11:56.584 W/omx_vdec( 361): <__AwOmxVdecGetExtensionIndex:1741>: GetExtensionIndex OMX.google.android.index.describeColorFormat, err [0x80001001].
05-28 18:11:56.584 W/omx_vdec( 361): <__AwOmxVdecGetExtensionIndex:1741>: GetExtensionIndex OMX.google.android.index.describeColorFormat2, err [0x80001001].
05-28 18:11:56.584 E/omx_vdec( 361): : erro: pParamData->nIndex > m_sPortFormatType.nIndex
05-28 18:11:56.584 W/omx_vdec( 361): <__AwOmxVdecGetExtensionIndex:1741>: GetExtensionIndex OMX.google.android.index.describeColorFormat, err [0x80001001].
05-28 18:11:56.585 W/omx_vdec( 361): <__AwOmxVdecGetExtensionIndex:1741>: GetExtensionIndex OMX.google.android.index.describeColorFormat2, err [0x80001001].
05-28 18:11:56.585 E/omx_vdec( 361): : erro: pParamData->nIndex > m_sPortFormatType.nIndex
05-28 18:11:56.585 W/omx_vdec( 361): <__AwOmxVdecGetExtensionIndex:1741>: GetExtensionIndex OMX.google.android.index.describeColorFormat, err [0x80001001].
05-28 18:11:56.585 D/CompatibilityChangeReporter( 470): Compat change id reported: 135634846; UID 1000; state: DISABLED
05-28 18:11:56.585 W/omx_vdec( 361): <__AwOmxVdecGetExtensionIndex:1741>: GetExtensionIndex OMX.google.android.index.describeColorFormat2, err [0x80001001].
05-28 18:11:56.585 D/CompatibilityChangeReporter( 470): Compat change id reported: 177438394; UID 1000; state: DISABLED
05-28 18:11:56.585 E/omx_vdec( 361): : erro: pParamData->nIndex > m_sPortFormatType.nIndex
05-28 18:11:56.585 D/CompatibilityChangeReporter( 470): Compat change id reported: 135772972; UID 1000; state: DISABLED
05-28 18:11:56.585 W/omx_vdec( 361): <__AwOmxVdecGetExtensionIndex:1741>: GetExtensionIndex OMX.google.android.index.describeColorFormat, err [0x80001001].
05-28 18:11:56.585 W/omx_vdec( 361): <__AwOmxVdecGetExtensionIndex:1741>: GetExtensionIndex OMX.google.android.index.describeColorFormat2, err [0x80001001].
05-28 18:11:56.585 D/CompatibilityChangeReporter( 470): Compat change id reported: 178038272; UID 1000; state: DISABLED
05-28 18:11:56.585 E/omx_vdec( 361): : erro: pParamData->nIndex > m_sPortFormatType.nIndex
05-28 18:11:56.585 I/SystemServerTiming( 470): MakeIpSecServiceReady
05-28 18:11:56.585 W/omx_vdec( 361): <__AwOmxVdecGetExtensionIndex:1741>: GetExtensionIndex OMX.google.android.index.describeColorFormat, err [0x80001001].
05-28 18:11:56.586 W/omx_vdec( 361): <__AwOmxVdecGetExtensionIndex:1741>: GetExtensionIndex OMX.google.android.index.describeColorFormat2, err [0x80001001].
05-28 18:11:56.586 E/omx_vdec( 361): : erro: pParamData->nIndex > m_sPortFormatType.nIndex
05-28 18:11:56.586 W/omx_vdec( 361): <__AwOmxVdecGetExtensionIndex:1741>: GetExtensionIndex OMX.google.android.index.describeColorFormat, err [0x80001001].
05-28 18:11:56.586 W/omx_vdec( 361): <__AwOmxVdecGetExtensionIndex:1741>: GetExtensionIndex OMX.google.android.index.describeColorFormat2, err [0x80001001].
05-28 18:11:56.586 E/omx_vdec( 361): : erro: pParamData->nIndex > m_sPortFormatType.nIndex
05-28 18:11:56.586 W/omx_vdec( 361): <__AwOmxVdecGetExtensionIndex:1741>: GetExtensionIndex OMX.google.android.index.describeColorFormat, err [0x80001001].
05-28 18:11:56.586 W/omx_vdec( 361): <__AwOmxVdecGetExtensionIndex:1741>: GetExtensionIndex OMX.google.android.index.describeColorFormat2, err [0x80001001].
05-28 18:11:56.586 E/omx_vdec( 361): : erro: pParamData->nIndex > m_sPortFormatType.nIndex
05-28 18:11:56.586 W/omx_vdec( 361): <__AwOmxVdecGetExtensionIndex:1741>: GetExtensionIndex OMX.google.android.index.describeColorFormat, err [0x80001001].
05-28 18:11:56.587 W/omx_vdec( 361): <__AwOmxVdecGetExtensionIndex:1741>: GetExtensionIndex OMX.google.android.index.describeColorFormat2, err [0x80001001].
05-28 18:11:56.587 E/omx_vdec( 361): : erro: pParamData->nIndex > m_sPortFormatType.nIndex
05-28 18:11:56.589 D/SystemServerInitThreadPool( 470): Finished executing WebViewFactoryPreparation
05-28 18:11:56.593 W/omx_vdec( 361): <__AwOmxVdecGetExtensionIndex:1741>: GetExtensionIndex OMX.google.android.index.describeColorFormat, err [0x80001001].
05-28 18:11:56.595 D/IpSecService( 470): IpSecService is ready
05-28 18:11:56.595 W/omx_vdec( 361): <__AwOmxVdecGetExtensionIndex:1741>: GetExtensionIndex OMX.google.android.index.describeColorFormat2, err [0x80001001].
05-28 18:11:56.595 I/SystemServerTiming( 470): MakeNetworkStatsServiceReady
05-28 18:11:56.596 W/BatteryExternalStatsWorker( 470): error reading modem stats:ERROR_PHONE_NOT_AVAILABLE
05-28 18:11:56.596 E/omx_vdec( 361): : erro: pParamData->nIndex > m_sPortFormatType.nIndex
05-28 18:11:56.596 W/omx_vdec( 361): <__AwOmxVdecGetExtensionIndex:1741>: GetExtensionIndex OMX.google.android.index.describeColorFormat, err [0x80001001].
05-28 18:11:56.596 W/omx_vdec( 361): <__AwOmxVdecGetExtensionIndex:1741>: GetExtensionIndex OMX.google.android.index.describeColorFormat2, err [0x80001001].
05-28 18:11:56.596 E/omx_vdec( 361): : erro: pParamData->nIndex > m_sPortFormatType.nIndex
05-28 18:11:56.596 W/omx_vdec( 361): <__AwOmxVdecGetExtensionIndex:1741>: GetExtensionIndex OMX.google.android.index.describeColorFormat, err [0x80001001].
05-28 18:11:56.596 W/omx_vdec( 361): <__AwOmxVdecGetExtensionIndex:1741>: GetExtensionIndex OMX.google.android.index.describeColorFormat2, err [0x80001001].
05-28 18:11:56.596 E/omx_vdec( 361): : erro: pParamData->nIndex > m_sPortFormatType.nIndex
05-28 18:11:56.597 W/omx_vdec( 361): <__AwOmxVdecGetExtensionIndex:1741>: GetExtensionIndex OMX.google.android.index.describeColorFormat, err [0x80001001].
05-28 18:11:56.597 W/omx_vdec( 361): <__AwOmxVdecGetExtensionIndex:1741>: GetExtensionIndex OMX.google.android.index.describeColorFormat2, err [0x80001001].
05-28 18:11:56.597 E/omx_vdec( 361): : erro: pParamData->nIndex > m_sPortFormatType.nIndex
05-28 18:11:56.597 W/omx_vdec( 361): <__AwOmxVdecGetExtensionIndex:1741>: GetExtensionIndex OMX.google.android.index.describeColorFormat, err [0x80001001].
05-28 18:11:56.597 W/omx_vdec( 361): <__AwOmxVdecGetExtensionIndex:1741>: GetExtensionIndex OMX.google.android.index.describeColorFormat2, err [0x80001001].
05-28 18:11:56.597 E/omx_vdec( 361): : erro: pParamData->nIndex > m_sPortFormatType.nIndex
05-28 18:11:56.597 W/omx_vdec( 361): <__AwOmxVdecGetExtensionIndex:1741>: GetExtensionIndex OMX.google.android.index.describeColorFormat, err [0x80001001].
05-28 18:11:56.598 W/omx_vdec( 361): <__AwOmxVdecGetExtensionIndex:1741>: GetExtensionIndex OMX.google.android.index.describeColorFormat2, err [0x80001001].
05-28 18:11:56.598 E/omx_vdec( 361): : erro: pParamData->nIndex > m_sPortFormatType.nIndex
05-28 18:11:56.598 W/omx_vdec( 361): <__AwOmxVdecGetExtensionIndex:1741>: GetExtensionIndex OMX.google.android.index.describeColorFormat, err [0x80001001].
05-28 18:11:56.598 W/omx_vdec( 361): <__AwOmxVdecGetExtensionIndex:1741>: GetExtensionIndex OMX.google.android.index.describeColorFormat2, err [0x80001001].
05-28 18:11:56.598 E/omx_vdec( 361): : erro: pParamData->nIndex > m_sPortFormatType.nIndex
05-28 18:11:56.598 W/omx_vdec( 361): <__AwOmxVdecGetExtensionIndex:1741>: GetExtensionIndex OMX.google.android.index.describeColorFormat, err [0x80001001].
05-28 18:11:56.598 W/omx_vdec( 361): <__AwOmxVdecGetExtensionIndex:1741>: GetExtensionIndex OMX.google.android.index.describeColorFormat2, err [0x80001001].
05-28 18:11:56.599 E/omx_vdec( 361): : erro: pParamData->nIndex > m_sPortFormatType.nIndex
05-28 18:11:56.599 W/omx_vdec( 361): <__AwOmxVdecGetExtensionIndex:1741>: GetExtensionIndex OMX.google.android.index.describeColorFormat, err [0x80001001].
05-28 18:11:56.599 W/omx_vdec( 361): <__AwOmxVdecGetExtensionIndex:1741>: GetExtensionIndex OMX.google.android.index.describeColorFormat2, err [0x80001001].
05-28 18:11:56.599 E/omx_vdec( 361): : erro: pParamData->nIndex > m_sPortFormatType.nIndex
05-28 18:11:56.599 W/omx_vdec( 361): <__AwOmxVdecGetExtensionIndex:1741>: GetExtensionIndex OMX.google.android.index.describeColorFormat, err [0x80001001].
05-28 18:11:56.599 W/omx_vdec( 361): <__AwOmxVdecGetExtensionIndex:1741>: GetExtensionIndex OMX.google.android.index.describeColorFormat2, err [0x80001001].
05-28 18:11:56.599 E/omx_vdec( 361): : erro: pParamData->nIndex > m_sPortFormatType.nIndex
05-28 18:11:56.600 W/omx_vdec( 361): <__AwOmxVdecGetExtensionIndex:1741>: GetExtensionIndex OMX.google.android.index.describeColorFormat, err [0x80001001].
05-28 18:11:56.600 W/omx_vdec( 361): <__AwOmxVdecGetExtensionIndex:1741>: GetExtensionIndex OMX.google.android.index.describeColorFormat2, err [0x80001001].
05-28 18:11:56.600 E/omx_vdec( 361): : erro: pParamData->nIndex > m_sPortFormatType.nIndex
05-28 18:11:56.600 W/omx_vdec( 361): <__AwOmxVdecGetExtensionIndex:1741>: GetExtensionIndex OMX.google.android.index.describeColorFormat, err [0x80001001].
05-28 18:11:56.600 W/omx_vdec( 361): <__AwOmxVdecGetExtensionIndex:1741>: GetExtensionIndex OMX.google.android.index.describeColorFormat2, err [0x80001001].
05-28 18:11:56.600 E/omx_vdec( 361): : erro: pParamData->nIndex > m_sPortFormatType.nIndex
05-28 18:11:56.600 W/omx_vdec( 361): <__AwOmxVdecGetExtensionIndex:1741>: GetExtensionIndex OMX.google.android.index.describeColorFormat, err [0x80001001].
05-28 18:11:56.600 W/omx_vdec( 361): <__AwOmxVdecGetExtensionIndex:1741>: GetExtensionIndex OMX.google.android.index.describeColorFormat2, err [0x80001001].
05-28 18:11:56.601 E/omx_vdec( 361): : erro: pParamData->nIndex > m_sPortFormatType.nIndex
05-28 18:11:56.601 W/omx_vdec( 361): <__AwOmxVdecGetExtensionIndex:1741>: GetExtensionIndex OMX.google.android.index.describeColorFormat, err [0x80001001].
05-28 18:11:56.601 W/omx_vdec( 361): <__AwOmxVdecGetExtensionIndex:1741>: GetExtensionIndex OMX.google.android.index.describeColorFormat2, err [0x80001001].
05-28 18:11:56.601 E/omx_vdec( 361): : erro: pParamData->nIndex > m_sPortFormatType.nIndex
05-28 18:11:56.602 W/omx_vdec( 361): <__AwOmxVdecGetExtensionIndex:1741>: GetExtensionIndex OMX.google.android.index.describeColorFormat, err [0x80001001].
05-28 18:11:56.602 W/NetworkPolicy( 470): setRestrictBackgroundUL: already false
05-28 18:11:56.602 W/omx_vdec( 361): <__AwOmxVdecGetExtensionIndex:1741>: GetExtensionIndex OMX.google.android.index.describeColorFormat2, err [0x80001001].
05-28 18:11:56.602 E/omx_vdec( 361): : erro: pParamData->nIndex > m_sPortFormatType.nIndex
05-28 18:11:56.602 W/omx_vdec( 361): <__AwOmxVdecGetExtensionIndex:1741>: GetExtensionIndex OMX.google.android.index.describeColorFormat, err [0x80001001].
05-28 18:11:56.603 W/omx_vdec( 361): <__AwOmxVdecGetExtensionIndex:1741>: GetExtensionIndex OMX.google.android.index.describeColorFormat2, err [0x80001001].
05-28 18:11:56.603 E/omx_vdec( 361): : erro: pParamData->nIndex > m_sPortFormatType.nIndex
05-28 18:11:56.603 W/omx_vdec( 361): <__AwOmxVdecGetExtensionIndex:1741>: GetExtensionIndex OMX.google.android.index.describeColorFormat, err [0x80001001].
05-28 18:11:56.603 W/omx_vdec( 361): <__AwOmxVdecGetExtensionIndex:1741>: GetExtensionIndex OMX.google.android.index.describeColorFormat2, err [0x80001001].
05-28 18:11:56.603 D/Zygote ( 243): Forked child process 718
05-28 18:11:56.605 E/omx_vdec( 361): : erro: pParamData->nIndex > m_sPortFormatType.nIndex
05-28 18:11:56.605 W/omx_vdec( 361): <__AwOmxVdecGetExtensionIndex:1741>: GetExtensionIndex OMX.google.android.index.describeColorFormat, err [0x80001001].
05-28 18:11:56.605 W/omx_vdec( 361): <__AwOmxVdecGetExtensionIndex:1741>: GetExtensionIndex OMX.google.android.index.describeColorFormat2, err [0x80001001].
05-28 18:11:56.606 E/omx_vdec( 361): : erro: pParamData->nIndex > m_sPortFormatType.nIndex
05-28 18:11:56.606 W/omx_vdec( 361): <__AwOmxVdecGetExtensionIndex:1741>: GetExtensionIndex OMX.google.android.index.describeColorFormat, err [0x80001001].
05-28 18:11:56.606 W/omx_vdec( 361): <__AwOmxVdecGetExtensionIndex:1741>: GetExtensionIndex OMX.google.android.index.describeColorFormat2, err [0x80001001].
05-28 18:11:56.606 E/omx_vdec( 361): : erro: pParamData->nIndex > m_sPortFormatType.nIndex
05-28 18:11:56.606 W/omx_vdec( 361): <__AwOmxVdecGetExtensionIndex:1741>: GetExtensionIndex OMX.google.android.index.describeColorFormat, err [0x80001001].
05-28 18:11:56.606 W/omx_vdec( 361): <__AwOmxVdecGetExtensionIndex:1741>: GetExtensionIndex OMX.google.android.index.describeColorFormat2, err [0x80001001].
05-28 18:11:56.606 E/omx_vdec( 361): : erro: pParamData->nIndex > m_sPortFormatType.nIndex
05-28 18:11:56.607 W/omx_vdec( 361): <__AwOmxVdecGetExtensionIndex:1741>: GetExtensionIndex OMX.google.android.index.describeColorFormat, err [0x80001001].
05-28 18:11:56.607 W/omx_vdec( 361): <__AwOmxVdecGetExtensionIndex:1741>: GetExtensionIndex OMX.google.android.index.describeColorFormat2, err [0x80001001].
05-28 18:11:56.607 E/omx_vdec( 361): : erro: pParamData->nIndex > m_sPortFormatType.nIndex
05-28 18:11:56.607 W/omx_vdec( 361): <__AwOmxVdecGetExtensionIndex:1741>: GetExtensionIndex OMX.google.android.index.describeColorFormat, err [0x80001001].
05-28 18:11:56.607 W/omx_vdec( 361): <__AwOmxVdecGetExtensionIndex:1741>: GetExtensionIndex OMX.google.android.index.describeColorFormat2, err [0x80001001].
05-28 18:11:56.607 E/omx_vdec( 361): : erro: pParamData->nIndex > m_sPortFormatType.nIndex
05-28 18:11:56.607 W/omx_vdec( 361): <__AwOmxVdecGetExtensionIndex:1741>: GetExtensionIndex OMX.google.android.index.describeColorFormat, err [0x80001001].
05-28 18:11:56.608 W/omx_vdec( 361): <__AwOmxVdecGetExtensionIndex:1741>: GetExtensionIndex OMX.google.android.index.describeColorFormat2, err [0x80001001].
05-28 18:11:56.608 W/ACodec ( 352): [OMX.allwinner.video.decoder.mpeg4] stopping checking formats after 32: COLOR_FormatYUV420Planar(13)
05-28 18:11:56.608 W/omx_vdec( 361): <__AwOmxVdecGetExtensionIndex:1741>: GetExtensionIndex OMX.google.android.index.configureVideoTunnelMode, err [0x80001001].
05-28 18:11:56.608 E/OMXNodeInstance( 361): getExtensionIndex(0xeb262000:allwinner.decoder.mpeg4, OMX.google.android.index.configureVideoTunnelMode) ERROR: Undefined(0x80001001)
05-28 18:11:56.608 D/MediaCodecInfo( 352): detail feature-tunneled-playback wasn't present to remove
05-28 18:11:56.608 W/omx_vdec( 361): <__AwOmxVdecGetExtensionIndex:1741>: GetExtensionIndex OMX.google.android.index.storeANWBufferInMetadata, err [0x80001001].
05-28 18:11:56.608 W/omx_vdec_aw( 361): <__anSetExtPara:3004>: Setparameter: unknown param 2131755011
05-28 18:11:56.608 W/OMXNodeInstance( 361): [0xeb262000:allwinner.decoder.mpeg4] component does not support metadata mode; using fallback
05-28 18:11:56.609 W/libc ( 361): invalid pthread_t (0) passed to pthread_join
05-28 18:11:56.609 W/libc ( 361): invalid pthread_t (0) passed to pthread_join
05-28 18:11:56.609 W/libc ( 361): invalid pthread_t (0) passed to pthread_join
05-28 18:11:56.609 W/BestClock( 470): java.time.DateTimeException: Missing NTP fix
05-28 18:11:56.610 I/cedarc ( 361): : not malloc locks
05-28 18:11:56.612 I/OMXClient( 352): IOmx service obtained
05-28 18:11:56.608 I/EventThread( 263): type=1400 audit(0.0:342): avc: denied { search } for name="extcon" dev="sysfs" ino=18109 scontext=u:r:hal_tv_cec_default:s0 tcontext=u:object_r:sysfs_extcon:s0 tclass=dir permissive=1
05-28 18:11:56.616 D/ ( 419): disable_cedar_hw_clk,546
05-28 18:11:56.612 I/OMXStore( 361): makeComponentInstance(OMX.allwinner.video.decoder.vp8) in android.hardwar process
05-28 18:11:56.613 I/Zygote ( 718): seccomp disabled by setenforce 0
05-28 18:11:56.613 I/omx_vdec_aw( 361): : OmxDecoderCreate.
05-28 18:11:56.614 W/cedarc ( 361): : cannot open /dev/sunxi_soc_info, it maybe ok!
05-28 18:11:56.614 I/cedarc ( 361): : *** ic_version = 0x3301000012011,
05-28 18:11:56.614 I/ActivityManager( 470): app.processName = WebViewLoader-armeabi-v7a
05-28 18:11:56.614 I/ActivityManager( 470): Start proc 718:WebViewLoader-armeabi-v7a/1037 [android.webkit.WebViewLibraryLoader$RelroFileCreator] for null
05-28 18:11:56.616 W/omx_vdec( 361): <__AwOmxVdecSetParameter:1566>: Set Parameter called in valid state
05-28 18:11:56.620 D/ ( 419): enable_cedar_hw_clk,516
05-28 18:11:56.617 W/omx_vdec( 361): : OMX_IndexParamVideoProfileLevelQuerySupported, Format[0x9] not support
05-28 18:11:56.617 E/OMXNodeInstance( 361): getParameter(0xeb262000:allwinner.decoder.vp8, ParamVideoProfileLevelQuerySupported(0x600000f)) ERROR: BadParameter(0x80001005)
05-28 18:11:56.617 W/omx_vdec( 361): <__AwOmxVdecGetExtensionIndex:1741>: GetExtensionIndex OMX.google.android.index.describeColorFormat, err [0x80001001].
05-28 18:11:56.617 W/omx_vdec( 361): <__AwOmxVdecGetExtensionIndex:1741>: GetExtensionIndex OMX.google.android.index.describeColorFormat2, err [0x80001001].
05-28 18:11:56.618 E/omx_vdec( 361): : erro: pParamData->nIndex > m_sPortFormatType.nIndex
05-28 18:11:56.618 W/omx_vdec( 361): <__AwOmxVdecGetExtensionIndex:1741>: GetExtensionIndex OMX.google.android.index.describeColorFormat, err [0x80001001].
05-28 18:11:56.618 W/omx_vdec( 361): <__AwOmxVdecGetExtensionIndex:1741>: GetExtensionIndex OMX.google.android.index.describeColorFormat2, err [0x80001001].
05-28 18:11:56.618 E/omx_vdec( 361): : erro: pParamData->nIndex > m_sPortFormatType.nIndex
05-28 18:11:56.618 W/omx_vdec( 361): <__AwOmxVdecGetExtensionIndex:1741>: GetExtensionIndex OMX.google.android.index.describeColorFormat, err [0x80001001].
05-28 18:11:56.618 W/omx_vdec( 361): <__AwOmxVdecGetExtensionIndex:1741>: GetExtensionIndex OMX.google.android.index.describeColorFormat2, err [0x80001001].
05-28 18:11:56.618 E/omx_vdec( 361): : erro: pParamData->nIndex > m_sPortFormatType.nIndex
05-28 18:11:56.618 W/omx_vdec( 361): <__AwOmxVdecGetExtensionIndex:1741>: GetExtensionIndex OMX.google.android.index.describeColorFormat, err [0x80001001].
05-28 18:11:56.619 W/omx_vdec( 361): <__AwOmxVdecGetExtensionIndex:1741>: GetExtensionIndex OMX.google.android.index.describeColorFormat2, err [0x80001001].
05-28 18:11:56.619 E/omx_vdec( 361): : erro: pParamData->nIndex > m_sPortFormatType.nIndex
05-28 18:11:56.619 W/omx_vdec( 361): <__AwOmxVdecGetExtensionIndex:1741>: GetExtensionIndex OMX.google.android.index.describeColorFormat, err [0x80001001].
05-28 18:11:56.619 W/omx_vdec( 361): <__AwOmxVdecGetExtensionIndex:1741>: GetExtensionIndex OMX.google.android.index.describeColorFormat2, err [0x80001001].
05-28 18:11:56.619 E/omx_vdec( 361): : erro: pParamData->nIndex > m_sPortFormatType.nIndex
05-28 18:11:56.619 W/omx_vdec( 361): <__AwOmxVdecGetExtensionIndex:1741>: GetExtensionIndex OMX.google.android.index.describeColorFormat, err [0x80001001].
05-28 18:11:56.619 W/omx_vdec( 361): <__AwOmxVdecGetExtensionIndex:1741>: GetExtensionIndex OMX.google.android.index.describeColorFormat2, err [0x80001001].
05-28 18:11:56.620 E/omx_vdec( 361): : erro: pParamData->nIndex > m_sPortFormatType.nIndex
05-28 18:11:56.620 W/omx_vdec( 361): <__AwOmxVdecGetExtensionIndex:1741>: GetExtensionIndex OMX.google.android.index.describeColorFormat, err [0x80001001].
05-28 18:11:56.620 W/omx_vdec( 361): <__AwOmxVdecGetExtensionIndex:1741>: GetExtensionIndex OMX.google.android.index.describeColorFormat2, err [0x80001001].
05-28 18:11:56.620 E/omx_vdec( 361): : erro: pParamData->nIndex > m_sPortFormatType.nIndex
05-28 18:11:56.620 W/omx_vdec( 361): <__AwOmxVdecGetExtensionIndex:1741>: GetExtensionIndex OMX.google.android.index.describeColorFormat, err [0x80001001].
05-28 18:11:56.620 W/omx_vdec( 361): <__AwOmxVdecGetExtensionIndex:1741>: GetExtensionIndex OMX.google.android.index.describeColorFormat2, err [0x80001001].
05-28 18:11:56.620 E/omx_vdec( 361): : erro: pParamData->nIndex > m_sPortFormatType.nIndex
05-28 18:11:56.620 W/omx_vdec( 361): <__AwOmxVdecGetExtensionIndex:1741>: GetExtensionIndex OMX.google.android.index.describeColorFormat, err [0x80001001].
05-28 18:11:56.621 W/omx_vdec( 361): <__AwOmxVdecGetExtensionIndex:1741>: GetExtensionIndex OMX.google.android.index.describeColorFormat2, err [0x80001001].
05-28 18:11:56.621 E/omx_vdec( 361): : erro: pParamData->nIndex > m_sPortFormatType.nIndex
05-28 18:11:56.621 W/omx_vdec( 361): <__AwOmxVdecGetExtensionIndex:1741>: GetExtensionIndex OMX.google.android.index.describeColorFormat, err [0x80001001].
05-28 18:11:56.621 W/omx_vdec( 361): <__AwOmxVdecGetExtensionIndex:1741>: GetExtensionIndex OMX.google.android.index.describeColorFormat2, err [0x80001001].
05-28 18:11:56.621 E/omx_vdec( 361): : erro: pParamData->nIndex > m_sPortFormatType.nIndex
05-28 18:11:56.621 W/omx_vdec( 361): <__AwOmxVdecGetExtensionIndex:1741>: GetExtensionIndex OMX.google.android.index.describeColorFormat, err [0x80001001].
05-28 18:11:56.621 W/omx_vdec( 361): <__AwOmxVdecGetExtensionIndex:1741>: GetExtensionIndex OMX.google.android.index.describeColorFormat2, err [0x80001001].
05-28 18:11:56.622 E/omx_vdec( 361): : erro: pParamData->nIndex > m_sPortFormatType.nIndex
05-28 18:11:56.622 W/omx_vdec( 361): <__AwOmxVdecGetExtensionIndex:1741>: GetExtensionIndex OMX.google.android.index.describeColorFormat, err [0x80001001].
05-28 18:11:56.622 W/omx_vdec( 361): <__AwOmxVdecGetExtensionIndex:1741>: GetExtensionIndex OMX.google.android.index.describeColorFormat2, err [0x80001001].
05-28 18:11:56.622 E/omx_vdec( 361): : erro: pParamData->nIndex > m_sPortFormatType.nIndex
05-28 18:11:56.622 W/omx_vdec( 361): <__AwOmxVdecGetExtensionIndex:1741>: GetExtensionIndex OMX.google.android.index.describeColorFormat, err [0x80001001].
05-28 18:11:56.622 W/omx_vdec( 361): <__AwOmxVdecGetExtensionIndex:1741>: GetExtensionIndex OMX.google.android.index.describeColorFormat2, err [0x80001001].
05-28 18:11:56.622 E/omx_vdec( 361): : erro: pParamData->nIndex > m_sPortFormatType.nIndex
05-28 18:11:56.623 W/omx_vdec( 361): <__AwOmxVdecGetExtensionIndex:1741>: GetExtensionIndex OMX.google.android.index.describeColorFormat, err [0x80001001].
05-28 18:11:56.623 W/omx_vdec( 361): <__AwOmxVdecGetExtensionIndex:1741>: GetExtensionIndex OMX.google.android.index.describeColorFormat2, err [0x80001001].
05-28 18:11:56.623 E/omx_vdec( 361): : erro: pParamData->nIndex > m_sPortFormatType.nIndex
05-28 18:11:56.623 W/omx_vdec( 361): <__AwOmxVdecGetExtensionIndex:1741>: GetExtensionIndex OMX.google.android.index.describeColorFormat, err [0x80001001].
05-28 18:11:56.623 W/omx_vdec( 361): <__AwOmxVdecGetExtensionIndex:1741>: GetExtensionIndex OMX.google.android.index.describeColorFormat2, err [0x80001001].
05-28 18:11:56.623 E/omx_vdec( 361): : erro: pParamData->nIndex > m_sPortFormatType.nIndex
05-28 18:11:56.623 W/omx_vdec( 361): <__AwOmxVdecGetExtensionIndex:1741>: GetExtensionIndex OMX.google.android.index.describeColorFormat, err [0x80001001].
05-28 18:11:56.623 W/omx_vdec( 361): <__AwOmxVdecGetExtensionIndex:1741>: GetExtensionIndex OMX.google.android.index.describeColorFormat2, err [0x80001001].
05-28 18:11:56.624 E/omx_vdec( 361): : erro: pParamData->nIndex > m_sPortFormatType.nIndex
05-28 18:11:56.624 W/omx_vdec( 361): <__AwOmxVdecGetExtensionIndex:1741>: GetExtensionIndex OMX.google.android.index.describeColorFormat, err [0x80001001].
05-28 18:11:56.624 W/omx_vdec( 361): <__AwOmxVdecGetExtensionIndex:1741>: GetExtensionIndex OMX.google.android.index.describeColorFormat2, err [0x80001001].
05-28 18:11:56.624 E/omx_vdec( 361): : erro: pParamData->nIndex > m_sPortFormatType.nIndex
05-28 18:11:56.624 W/omx_vdec( 361): <__AwOmxVdecGetExtensionIndex:1741>: GetExtensionIndex OMX.google.android.index.describeColorFormat, err [0x80001001].
05-28 18:11:56.624 W/omx_vdec( 361): <__AwOmxVdecGetExtensionIndex:1741>: GetExtensionIndex OMX.google.android.index.describeColorFormat2, err [0x80001001].
05-28 18:11:56.624 E/omx_vdec( 361): : erro: pParamData->nIndex > m_sPortFormatType.nIndex
05-28 18:11:56.625 W/omx_vdec( 361): <__AwOmxVdecGetExtensionIndex:1741>: GetExtensionIndex OMX.google.android.index.describeColorFormat, err [0x80001001].
05-28 18:11:56.625 W/omx_vdec( 361): <__AwOmxVdecGetExtensionIndex:1741>: GetExtensionIndex OMX.google.android.index.describeColorFormat2, err [0x80001001].
05-28 18:11:56.625 E/omx_vdec( 361): : erro: pParamData->nIndex > m_sPortFormatType.nIndex
05-28 18:11:56.625 W/omx_vdec( 361): <__AwOmxVdecGetExtensionIndex:1741>: GetExtensionIndex OMX.google.android.index.describeColorFormat, err [0x80001001].
05-28 18:11:56.625 W/omx_vdec( 361): <__AwOmxVdecGetExtensionIndex:1741>: GetExtensionIndex OMX.google.android.index.describeColorFormat2, err [0x80001001].
05-28 18:11:56.626 E/omx_vdec( 361): : erro: pParamData->nIndex > m_sPortFormatType.nIndex
05-28 18:11:56.626 W/omx_vdec( 361): <__AwOmxVdecGetExtensionIndex:1741>: GetExtensionIndex OMX.google.android.index.describeColorFormat, err [0x80001001].
05-28 18:11:56.626 W/omx_vdec( 361): <__AwOmxVdecGetExtensionIndex:1741>: GetExtensionIndex OMX.google.android.index.describeColorFormat2, err [0x80001001].
05-28 18:11:56.626 E/omx_vdec( 361): : erro: pParamData->nIndex > m_sPortFormatType.nIndex
05-28 18:11:56.626 W/omx_vdec( 361): <__AwOmxVdecGetExtensionIndex:1741>: GetExtensionIndex OMX.google.android.index.describeColorFormat, err [0x80001001].
05-28 18:11:56.626 W/omx_vdec( 361): <__AwOmxVdecGetExtensionIndex:1741>: GetExtensionIndex OMX.google.android.index.describeColorFormat2, err [0x80001001].
05-28 18:11:56.627 E/omx_vdec( 361): : erro: pParamData->nIndex > m_sPortFormatType.nIndex
05-28 18:11:56.627 W/omx_vdec( 361): <__AwOmxVdecGetExtensionIndex:1741>: GetExtensionIndex OMX.google.android.index.describeColorFormat, err [0x80001001].
05-28 18:11:56.628 W/omx_vdec( 361): <__AwOmxVdecGetExtensionIndex:1741>: GetExtensionIndex OMX.google.android.index.describeColorFormat2, err [0x80001001].
05-28 18:11:56.628 E/omx_vdec( 361): : erro: pParamData->nIndex > m_sPortFormatType.nIndex
05-28 18:11:56.629 W/omx_vdec( 361): <__AwOmxVdecGetExtensionIndex:1741>: GetExtensionIndex OMX.google.android.index.describeColorFormat, err [0x80001001].
05-28 18:11:56.629 W/omx_vdec( 361): <__AwOmxVdecGetExtensionIndex:1741>: GetExtensionIndex OMX.google.android.index.describeColorFormat2, err [0x80001001].
05-28 18:11:56.629 E/omx_vdec( 361): : erro: pParamData->nIndex > m_sPortFormatType.nIndex
05-28 18:11:56.629 W/omx_vdec( 361): <__AwOmxVdecGetExtensionIndex:1741>: GetExtensionIndex OMX.google.android.index.describeColorFormat, err [0x80001001].
05-28 18:11:56.629 W/omx_vdec( 361): <__AwOmxVdecGetExtensionIndex:1741>: GetExtensionIndex OMX.google.android.index.describeColorFormat2, err [0x80001001].
05-28 18:11:56.629 E/omx_vdec( 361): : erro: pParamData->nIndex > m_sPortFormatType.nIndex
05-28 18:11:56.630 W/omx_vdec( 361): <__AwOmxVdecGetExtensionIndex:1741>: GetExtensionIndex OMX.google.android.index.describeColorFormat, err [0x80001001].
05-28 18:11:56.630 W/omx_vdec( 361): <__AwOmxVdecGetExtensionIndex:1741>: GetExtensionIndex OMX.google.android.index.describeColorFormat2, err [0x80001001].
05-28 18:11:56.630 E/omx_vdec( 361): : erro: pParamData->nIndex > m_sPortFormatType.nIndex
05-28 18:11:56.630 W/omx_vdec( 361): <__AwOmxVdecGetExtensionIndex:1741>: GetExtensionIndex OMX.google.android.index.describeColorFormat, err [0x80001001].
05-28 18:11:56.630 W/omx_vdec( 361): <__AwOmxVdecGetExtensionIndex:1741>: GetExtensionIndex OMX.google.android.index.describeColorFormat2, err [0x80001001].
05-28 18:11:56.630 E/omx_vdec( 361): : erro: pParamData->nIndex > m_sPortFormatType.nIndex
05-28 18:11:56.631 W/omx_vdec( 361): <__AwOmxVdecGetExtensionIndex:1741>: GetExtensionIndex OMX.google.android.index.describeColorFormat, err [0x80001001].
05-28 18:11:56.631 W/omx_vdec( 361): <__AwOmxVdecGetExtensionIndex:1741>: GetExtensionIndex OMX.google.android.index.describeColorFormat2, err [0x80001001].
05-28 18:11:56.631 E/omx_vdec( 361): : erro: pParamData->nIndex > m_sPortFormatType.nIndex
05-28 18:11:56.631 W/omx_vdec( 361): <__AwOmxVdecGetExtensionIndex:1741>: GetExtensionIndex OMX.google.android.index.describeColorFormat, err [0x80001001].
05-28 18:11:56.631 W/omx_vdec( 361): <__AwOmxVdecGetExtensionIndex:1741>: GetExtensionIndex OMX.google.android.index.describeColorFormat2, err [0x80001001].
05-28 18:11:56.631 E/omx_vdec( 361): : erro: pParamData->nIndex > m_sPortFormatType.nIndex
05-28 18:11:56.632 W/omx_vdec( 361): <__AwOmxVdecGetExtensionIndex:1741>: GetExtensionIndex OMX.google.android.index.describeColorFormat, err [0x80001001].
05-28 18:11:56.632 W/omx_vdec( 361): <__AwOmxVdecGetExtensionIndex:1741>: GetExtensionIndex OMX.google.android.index.describeColorFormat2, err [0x80001001].
05-28 18:11:56.632 E/omx_vdec( 361): : erro: pParamData->nIndex > m_sPortFormatType.nIndex
05-28 18:11:56.632 W/omx_vdec( 361): <__AwOmxVdecGetExtensionIndex:1741>: GetExtensionIndex OMX.google.android.index.describeColorFormat, err [0x80001001].
05-28 18:11:56.632 W/omx_vdec( 361): <__AwOmxVdecGetExtensionIndex:1741>: GetExtensionIndex OMX.google.android.index.describeColorFormat2, err [0x80001001].
05-28 18:11:56.632 E/omx_vdec( 361): : erro: pParamData->nIndex > m_sPortFormatType.nIndex
05-28 18:11:56.632 W/omx_vdec( 361): <__AwOmxVdecGetExtensionIndex:1741>: GetExtensionIndex OMX.google.android.index.describeColorFormat, err [0x80001001].
05-28 18:11:56.633 W/omx_vdec( 361): <__AwOmxVdecGetExtensionIndex:1741>: GetExtensionIndex OMX.google.android.index.describeColorFormat2, err [0x80001001].
05-28 18:11:56.633 E/omx_vdec( 361): : erro: pParamData->nIndex > m_sPortFormatType.nIndex
05-28 18:11:56.633 W/omx_vdec( 361): <__AwOmxVdecGetExtensionIndex:1741>: GetExtensionIndex OMX.google.android.index.describeColorFormat, err [0x80001001].
05-28 18:11:56.633 W/omx_vdec( 361): <__AwOmxVdecGetExtensionIndex:1741>: GetExtensionIndex OMX.google.android.index.describeColorFormat2, err [0x80001001].
05-28 18:11:56.633 W/ACodec ( 352): [OMX.allwinner.video.decoder.vp8] stopping checking formats after 32: COLOR_FormatYUV420Planar(13)
05-28 18:11:56.634 W/omx_vdec( 361): <__AwOmxVdecGetExtensionIndex:1741>: GetExtensionIndex OMX.google.android.index.configureVideoTunnelMode, err [0x80001001].
05-28 18:11:56.634 E/OMXNodeInstance( 361): getExtensionIndex(0xeb262000:allwinner.decoder.vp8, OMX.google.android.index.configureVideoTunnelMode) ERROR: Undefined(0x80001001)
05-28 18:11:56.634 I/adbd ( 386): jdwp connection from 718
05-28 18:11:56.634 D/MediaCodecInfo( 352): detail feature-tunneled-playback wasn't present to remove
05-28 18:11:56.634 W/omx_vdec( 361): <__AwOmxVdecGetExtensionIndex:1741>: GetExtensionIndex OMX.google.android.index.storeANWBufferInMetadata, err [0x80001001].
05-28 18:11:56.634 W/omx_vdec_aw( 361): <__anSetExtPara:3004>: Setparameter: unknown param 2131755011
05-28 18:11:56.635 W/OMXNodeInstance( 361): [0xeb262000:allwinner.decoder.vp8] component does not support metadata mode; using fallback
05-28 18:11:56.637 W/libc ( 361): invalid pthread_t (0) passed to pthread_join
05-28 18:11:56.637 W/libc ( 361): invalid pthread_t (0) passed to pthread_join
05-28 18:11:56.639 W/libc ( 361): invalid pthread_t (0) passed to pthread_join
05-28 18:11:56.639 I/cedarc ( 361): : not malloc locks
05-28 18:11:56.645 D/ ( 419): disable_cedar_hw_clk,546
05-28 18:11:56.641 W/BestClock( 470): java.time.DateTimeException: Missing NTP fix
05-28 18:11:56.642 I/OMXClient( 352): IOmx service obtained
05-28 18:11:56.643 I/OMXStore( 361): makeComponentInstance(OMX.allwinner.video.decoder.vp9) in android.hardwar process
05-28 18:11:56.644 I/omx_vdec_aw( 361): : OmxDecoderCreate.
05-28 18:11:56.644 W/cedarc ( 361): : cannot open /dev/sunxi_soc_info, it maybe ok!
05-28 18:11:56.644 I/cedarc ( 361): : *** ic_version = 0x3301000012011,
05-28 18:11:56.650 D/ ( 419): enable_cedar_hw_clk,516
05-28 18:11:56.645 W/omx_vdec( 361): <__AwOmxVdecSetParameter:1566>: Set Parameter called in valid state
05-28 18:11:56.645 W/omx_vdec( 361): : OMX_IndexParamVideoProfileLevelQuerySupported, Format[0xa] not support
05-28 18:11:56.645 E/OMXNodeInstance( 361): getParameter(0xeb262000:allwinner.decoder.vp9, ParamVideoProfileLevelQuerySupported(0x600000f)) ERROR: BadParameter(0x80001005)
05-28 18:11:56.646 W/omx_vdec( 361): <__AwOmxVdecGetExtensionIndex:1741>: GetExtensionIndex OMX.google.android.index.describeColorFormat, err [0x80001001].
05-28 18:11:56.646 W/omx_vdec( 361): <__AwOmxVdecGetExtensionIndex:1741>: GetExtensionIndex OMX.google.android.index.describeColorFormat2, err [0x80001001].
05-28 18:11:56.646 E/omx_vdec( 361): : erro: pParamData->nIndex > m_sPortFormatType.nIndex
05-28 18:11:56.646 W/omx_vdec( 361): <__AwOmxVdecGetExtensionIndex:1741>: GetExtensionIndex OMX.google.android.index.describeColorFormat, err [0x80001001].
05-28 18:11:56.646 W/omx_vdec( 361): <__AwOmxVdecGetExtensionIndex:1741>: GetExtensionIndex OMX.google.android.index.describeColorFormat2, err [0x80001001].
05-28 18:11:56.646 E/omx_vdec( 361): : erro: pParamData->nIndex > m_sPortFormatType.nIndex
05-28 18:11:56.646 W/omx_vdec( 361): <__AwOmxVdecGetExtensionIndex:1741>: GetExtensionIndex OMX.google.android.index.describeColorFormat, err [0x80001001].
05-28 18:11:56.646 W/omx_vdec( 361): <__AwOmxVdecGetExtensionIndex:1741>: GetExtensionIndex OMX.google.android.index.describeColorFormat2, err [0x80001001].
05-28 18:11:56.647 E/omx_vdec( 361): : erro: pParamData->nIndex > m_sPortFormatType.nIndex
05-28 18:11:56.647 W/omx_vdec( 361): <__AwOmxVdecGetExtensionIndex:1741>: GetExtensionIndex OMX.google.android.index.describeColorFormat, err [0x80001001].
05-28 18:11:56.647 W/omx_vdec( 361): <__AwOmxVdecGetExtensionIndex:1741>: GetExtensionIndex OMX.google.android.index.describeColorFormat2, err [0x80001001].
05-28 18:11:56.647 E/omx_vdec( 361): : erro: pParamData->nIndex > m_sPortFormatType.nIndex
05-28 18:11:56.647 W/omx_vdec( 361): <__AwOmxVdecGetExtensionIndex:1741>: GetExtensionIndex OMX.google.android.index.describeColorFormat, err [0x80001001].
05-28 18:11:56.647 W/omx_vdec( 361): <__AwOmxVdecGetExtensionIndex:1741>: GetExtensionIndex OMX.google.android.index.describeColorFormat2, err [0x80001001].
05-28 18:11:56.648 D/ConnectivityService( 470): NetReassign [no changes]
05-28 18:11:56.648 E/omx_vdec( 361): : erro: pParamData->nIndex > m_sPortFormatType.nIndex
05-28 18:11:56.648 W/omx_vdec( 361): <__AwOmxVdecGetExtensionIndex:1741>: GetExtensionIndex OMX.google.android.index.describeColorFormat, err [0x80001001].
05-28 18:11:56.648 W/omx_vdec( 361): <__AwOmxVdecGetExtensionIndex:1741>: GetExtensionIndex OMX.google.android.index.describeColorFormat2, err [0x80001001].
05-28 18:11:56.648 E/omx_vdec( 361): : erro: pParamData->nIndex > m_sPortFormatType.nIndex
05-28 18:11:56.648 W/omx_vdec( 361): <__AwOmxVdecGetExtensionIndex:1741>: GetExtensionIndex OMX.google.android.index.describeColorFormat, err [0x80001001].
05-28 18:11:56.648 W/omx_vdec( 361): <__AwOmxVdecGetExtensionIndex:1741>: GetExtensionIndex OMX.google.android.index.describeColorFormat2, err [0x80001001].
05-28 18:11:56.648 E/omx_vdec( 361): : erro: pParamData->nIndex > m_sPortFormatType.nIndex
05-28 18:11:56.649 W/omx_vdec( 361): <__AwOmxVdecGetExtensionIndex:1741>: GetExtensionIndex OMX.google.android.index.describeColorFormat, err [0x80001001].
05-28 18:11:56.649 W/omx_vdec( 361): <__AwOmxVdecGetExtensionIndex:1741>: GetExtensionIndex OMX.google.android.index.describeColorFormat2, err [0x80001001].
05-28 18:11:56.649 E/omx_vdec( 361): : erro: pParamData->nIndex > m_sPortFormatType.nIndex
05-28 18:11:56.649 W/omx_vdec( 361): <__AwOmxVdecGetExtensionIndex:1741>: GetExtensionIndex OMX.google.android.index.describeColorFormat, err [0x80001001].
05-28 18:11:56.649 W/omx_vdec( 361): <__AwOmxVdecGetExtensionIndex:1741>: GetExtensionIndex OMX.google.android.index.describeColorFormat2, err [0x80001001].
05-28 18:11:56.649 E/omx_vdec( 361): : erro: pParamData->nIndex > m_sPortFormatType.nIndex
05-28 18:11:56.649 W/omx_vdec( 361): <__AwOmxVdecGetExtensionIndex:1741>: GetExtensionIndex OMX.google.android.index.describeColorFormat, err [0x80001001].
05-28 18:11:56.653 W/omx_vdec( 361): <__AwOmxVdecGetExtensionIndex:1741>: GetExtensionIndex OMX.google.android.index.describeColorFormat2, err [0x80001001].
05-28 18:11:56.653 E/omx_vdec( 361): : erro: pParamData->nIndex > m_sPortFormatType.nIndex
05-28 18:11:56.654 W/omx_vdec( 361): <__AwOmxVdecGetExtensionIndex:1741>: GetExtensionIndex OMX.google.android.index.describeColorFormat, err [0x80001001].
05-28 18:11:56.654 W/omx_vdec( 361): <__AwOmxVdecGetExtensionIndex:1741>: GetExtensionIndex OMX.google.android.index.describeColorFormat2, err [0x80001001].
05-28 18:11:56.654 E/omx_vdec( 361): : erro: pParamData->nIndex > m_sPortFormatType.nIndex
05-28 18:11:56.654 W/omx_vdec( 361): <__AwOmxVdecGetExtensionIndex:1741>: GetExtensionIndex OMX.google.android.index.describeColorFormat, err [0x80001001].
05-28 18:11:56.654 W/omx_vdec( 361): <__AwOmxVdecGetExtensionIndex:1741>: GetExtensionIndex OMX.google.android.index.describeColorFormat2, err [0x80001001].
05-28 18:11:56.654 E/omx_vdec( 361): : erro: pParamData->nIndex > m_sPortFormatType.nIndex
05-28 18:11:56.654 W/omx_vdec( 361): <__AwOmxVdecGetExtensionIndex:1741>: GetExtensionIndex OMX.google.android.index.describeColorFormat, err [0x80001001].
05-28 18:11:56.654 W/omx_vdec( 361): <__AwOmxVdecGetExtensionIndex:1741>: GetExtensionIndex OMX.google.android.index.describeColorFormat2, err [0x80001001].
05-28 18:11:56.654 E/omx_vdec( 361): : erro: pParamData->nIndex > m_sPortFormatType.nIndex
05-28 18:11:56.655 W/omx_vdec( 361): <__AwOmxVdecGetExtensionIndex:1741>: GetExtensionIndex OMX.google.android.index.describeColorFormat, err [0x80001001].
05-28 18:11:56.657 W/omx_vdec( 361): <__AwOmxVdecGetExtensionIndex:1741>: GetExtensionIndex OMX.google.android.index.describeColorFormat2, err [0x80001001].
05-28 18:11:56.658 E/omx_vdec( 361): : erro: pParamData->nIndex > m_sPortFormatType.nIndex
05-28 18:11:56.658 W/omx_vdec( 361): <__AwOmxVdecGetExtensionIndex:1741>: GetExtensionIndex OMX.google.android.index.describeColorFormat, err [0x80001001].
05-28 18:11:56.658 W/omx_vdec( 361): <__AwOmxVdecGetExtensionIndex:1741>: GetExtensionIndex OMX.google.android.index.describeColorFormat2, err [0x80001001].
05-28 18:11:56.658 E/omx_vdec( 361): : erro: pParamData->nIndex > m_sPortFormatType.nIndex
05-28 18:11:56.658 W/omx_vdec( 361): <__AwOmxVdecGetExtensionIndex:1741>: GetExtensionIndex OMX.google.android.index.describeColorFormat, err [0x80001001].
05-28 18:11:56.658 W/omx_vdec( 361): <__AwOmxVdecGetExtensionIndex:1741>: GetExtensionIndex OMX.google.android.index.describeColorFormat2, err [0x80001001].
05-28 18:11:56.658 E/omx_vdec( 361): : erro: pParamData->nIndex > m_sPortFormatType.nIndex
05-28 18:11:56.658 W/omx_vdec( 361): <__AwOmxVdecGetExtensionIndex:1741>: GetExtensionIndex OMX.google.android.index.describeColorFormat, err [0x80001001].
05-28 18:11:56.659 W/omx_vdec( 361): <__AwOmxVdecGetExtensionIndex:1741>: GetExtensionIndex OMX.google.android.index.describeColorFormat2, err [0x80001001].
05-28 18:11:56.659 E/omx_vdec( 361): : erro: pParamData->nIndex > m_sPortFormatType.nIndex
05-28 18:11:56.659 W/omx_vdec( 361): <__AwOmxVdecGetExtensionIndex:1741>: GetExtensionIndex OMX.google.android.index.describeColorFormat, err [0x80001001].
05-28 18:11:56.659 W/omx_vdec( 361): <__AwOmxVdecGetExtensionIndex:1741>: GetExtensionIndex OMX.google.android.index.describeColorFormat2, err [0x80001001].
05-28 18:11:56.659 E/omx_vdec( 361): : erro: pParamData->nIndex > m_sPortFormatType.nIndex
05-28 18:11:56.659 W/omx_vdec( 361): <__AwOmxVdecGetExtensionIndex:1741>: GetExtensionIndex OMX.google.android.index.describeColorFormat, err [0x80001001].
05-28 18:11:56.659 W/omx_vdec( 361): <__AwOmxVdecGetExtensionIndex:1741>: GetExtensionIndex OMX.google.android.index.describeColorFormat2, err [0x80001001].
05-28 18:11:56.659 E/omx_vdec( 361): : erro: pParamData->nIndex > m_sPortFormatType.nIndex
05-28 18:11:56.659 W/omx_vdec( 361): <__AwOmxVdecGetExtensionIndex:1741>: GetExtensionIndex OMX.google.android.index.describeColorFormat, err [0x80001001].
05-28 18:11:56.660 W/omx_vdec( 361): <__AwOmxVdecGetExtensionIndex:1741>: GetExtensionIndex OMX.google.android.index.describeColorFormat2, err [0x80001001].
05-28 18:11:56.660 E/omx_vdec( 361): : erro: pParamData->nIndex > m_sPortFormatType.nIndex
05-28 18:11:56.660 W/omx_vdec( 361): <__AwOmxVdecGetExtensionIndex:1741>: GetExtensionIndex OMX.google.android.index.describeColorFormat, err [0x80001001].
05-28 18:11:56.660 W/omx_vdec( 361): <__AwOmxVdecGetExtensionIndex:1741>: GetExtensionIndex OMX.google.android.index.describeColorFormat2, err [0x80001001].
05-28 18:11:56.660 E/omx_vdec( 361): : erro: pParamData->nIndex > m_sPortFormatType.nIndex
05-28 18:11:56.660 W/omx_vdec( 361): <__AwOmxVdecGetExtensionIndex:1741>: GetExtensionIndex OMX.google.android.index.describeColorFormat, err [0x80001001].
05-28 18:11:56.660 W/omx_vdec( 361): <__AwOmxVdecGetExtensionIndex:1741>: GetExtensionIndex OMX.google.android.index.describeColorFormat2, err [0x80001001].
05-28 18:11:56.660 E/omx_vdec( 361): : erro: pParamData->nIndex > m_sPortFormatType.nIndex
05-28 18:11:56.660 W/omx_vdec( 361): <__AwOmxVdecGetExtensionIndex:1741>: GetExtensionIndex OMX.google.android.index.describeColorFormat, err [0x80001001].
05-28 18:11:56.661 W/omx_vdec( 361): <__AwOmxVdecGetExtensionIndex:1741>: GetExtensionIndex OMX.google.android.index.describeColorFormat2, err [0x80001001].
05-28 18:11:56.661 E/omx_vdec( 361): : erro: pParamData->nIndex > m_sPortFormatType.nIndex
05-28 18:11:56.661 W/omx_vdec( 361): <__AwOmxVdecGetExtensionIndex:1741>: GetExtensionIndex OMX.google.android.index.describeColorFormat, err [0x80001001].
05-28 18:11:56.661 W/omx_vdec( 361): <__AwOmxVdecGetExtensionIndex:1741>: GetExtensionIndex OMX.google.android.index.describeColorFormat2, err [0x80001001].
05-28 18:11:56.661 E/omx_vdec( 361): : erro: pParamData->nIndex > m_sPortFormatType.nIndex
05-28 18:11:56.661 W/omx_vdec( 361): <__AwOmxVdecGetExtensionIndex:1741>: GetExtensionIndex OMX.google.android.index.describeColorFormat, err [0x80001001].
05-28 18:11:56.662 W/omx_vdec( 361): <__AwOmxVdecGetExtensionIndex:1741>: GetExtensionIndex OMX.google.android.index.describeColorFormat2, err [0x80001001].
05-28 18:11:56.662 E/omx_vdec( 361): : erro: pParamData->nIndex > m_sPortFormatType.nIndex
05-28 18:11:56.662 W/omx_vdec( 361): <__AwOmxVdecGetExtensionIndex:1741>: GetExtensionIndex OMX.google.android.index.describeColorFormat, err [0x80001001].
05-28 18:11:56.662 W/omx_vdec( 361): <__AwOmxVdecGetExtensionIndex:1741>: GetExtensionIndex OMX.google.android.index.describeColorFormat2, err [0x80001001].
05-28 18:11:56.662 E/omx_vdec( 361): : erro: pParamData->nIndex > m_sPortFormatType.nIndex
05-28 18:11:56.662 W/omx_vdec( 361): <__AwOmxVdecGetExtensionIndex:1741>: GetExtensionIndex OMX.google.android.index.describeColorFormat, err [0x80001001].
05-28 18:11:56.662 W/omx_vdec( 361): <__AwOmxVdecGetExtensionIndex:1741>: GetExtensionIndex OMX.google.android.index.describeColorFormat2, err [0x80001001].
05-28 18:11:56.662 E/omx_vdec( 361): : erro: pParamData->nIndex > m_sPortFormatType.nIndex
05-28 18:11:56.662 W/omx_vdec( 361): <__AwOmxVdecGetExtensionIndex:1741>: GetExtensionIndex OMX.google.android.index.describeColorFormat, err [0x80001001].
05-28 18:11:56.663 W/omx_vdec( 361): <__AwOmxVdecGetExtensionIndex:1741>: GetExtensionIndex OMX.google.android.index.describeColorFormat2, err [0x80001001].
05-28 18:11:56.663 E/omx_vdec( 361): : erro: pParamData->nIndex > m_sPortFormatType.nIndex
05-28 18:11:56.663 W/omx_vdec( 361): <__AwOmxVdecGetExtensionIndex:1741>: GetExtensionIndex OMX.google.android.index.describeColorFormat, err [0x80001001].
05-28 18:11:56.663 W/omx_vdec( 361): <__AwOmxVdecGetExtensionIndex:1741>: GetExtensionIndex OMX.google.android.index.describeColorFormat2, err [0x80001001].
05-28 18:11:56.663 E/omx_vdec( 361): : erro: pParamData->nIndex > m_sPortFormatType.nIndex
05-28 18:11:56.663 W/omx_vdec( 361): <__AwOmxVdecGetExtensionIndex:1741>: GetExtensionIndex OMX.google.android.index.describeColorFormat, err [0x80001001].
05-28 18:11:56.663 W/omx_vdec( 361): <__AwOmxVdecGetExtensionIndex:1741>: GetExtensionIndex OMX.google.android.index.describeColorFormat2, err [0x80001001].
05-28 18:11:56.663 E/omx_vdec( 361): : erro: pParamData->nIndex > m_sPortFormatType.nIndex
05-28 18:11:56.663 W/omx_vdec( 361): <__AwOmxVdecGetExtensionIndex:1741>: GetExtensionIndex OMX.google.android.index.describeColorFormat, err [0x80001001].
05-28 18:11:56.664 W/omx_vdec( 361): <__AwOmxVdecGetExtensionIndex:1741>: GetExtensionIndex OMX.google.android.index.describeColorFormat2, err [0x80001001].
05-28 18:11:56.664 E/omx_vdec( 361): : erro: pParamData->nIndex > m_sPortFormatType.nIndex
05-28 18:11:56.664 W/omx_vdec( 361): <__AwOmxVdecGetExtensionIndex:1741>: GetExtensionIndex OMX.google.android.index.describeColorFormat, err [0x80001001].
05-28 18:11:56.664 W/omx_vdec( 361): <__AwOmxVdecGetExtensionIndex:1741>: GetExtensionIndex OMX.google.android.index.describeColorFormat2, err [0x80001001].
05-28 18:11:56.664 E/omx_vdec( 361): : erro: pParamData->nIndex > m_sPortFormatType.nIndex
05-28 18:11:56.664 D/CompatibilityChangeReporter( 470): Compat change id reported: 168419799; UID 1000; state: DISABLED
05-28 18:11:56.664 W/omx_vdec( 361): <__AwOmxVdecGetExtensionIndex:1741>: GetExtensionIndex OMX.google.android.index.describeColorFormat, err [0x80001001].
05-28 18:11:56.664 W/omx_vdec( 361): <__AwOmxVdecGetExtensionIndex:1741>: GetExtensionIndex OMX.google.android.index.describeColorFormat2, err [0x80001001].
05-28 18:11:56.664 W/ACodec ( 352): [OMX.allwinner.video.decoder.vp9] stopping checking formats after 32: COLOR_FormatYUV420Planar(13)
05-28 18:11:56.664 W/omx_vdec( 361): <__AwOmxVdecGetExtensionIndex:1741>: GetExtensionIndex OMX.google.android.index.configureVideoTunnelMode, err [0x80001001].
05-28 18:11:56.664 E/OMXNodeInstance( 361): getExtensionIndex(0xeb262000:allwinner.decoder.vp9, OMX.google.android.index.configureVideoTunnelMode) ERROR: Undefined(0x80001001)
05-28 18:11:56.664 D/MediaCodecInfo( 352): detail feature-tunneled-playback wasn't present to remove
05-28 18:11:56.665 W/omx_vdec( 361): <__AwOmxVdecGetExtensionIndex:1741>: GetExtensionIndex OMX.google.android.index.storeANWBufferInMetadata, err [0x80001001].
05-28 18:11:56.665 W/omx_vdec_aw( 361): <__anSetExtPara:3004>: Setparameter: unknown param 2131755011
05-28 18:11:56.665 W/OMXNodeInstance( 361): [0xeb262000:allwinner.decoder.vp9] component does not support metadata mode; using fallback
05-28 18:11:56.665 W/libc ( 361): invalid pthread_t (0) passed to pthread_join
05-28 18:11:56.665 W/libc ( 361): invalid pthread_t (0) passed to pthread_join
05-28 18:11:56.665 W/libc ( 361): invalid pthread_t (0) passed to pthread_join
05-28 18:11:56.666 I/cedarc ( 361): : not malloc locks
05-28 18:11:56.667 I/SystemServerTiming( 470): MakeConnectivityServiceReady
05-28 18:11:56.668 D/PermissionMonitor( 470): Monitoring
05-28 18:11:56.672 D/ ( 419): disable_cedar_hw_clk,546
05-28 18:11:56.676 I/OMXClient( 352): IOmx service obtained
05-28 18:11:56.677 I/OMXStore( 361): makeComponentInstance(OMX.allwinner.video.decoder.vp9.secure) in android.hardwar process
05-28 18:11:56.678 E/omx_vdec( 361): : This platform does not support secure video playback
05-28 18:11:56.678 E/omx_sem ( 361): : handle is null
05-28 18:11:56.678 E/omx_sem ( 361): : handle is null
05-28 18:11:56.678 E/omx_sem ( 361): : handle is null
05-28 18:11:56.678 E/omx_sem ( 361): : handle is null
05-28 18:11:56.678 E/omx_sem ( 361): : handle is null
05-28 18:11:56.678 W/omx_vdec_aw( 361): : pdec is null
05-28 18:11:56.678 E/android.hardware.media.omx@1.0-service( 361): Failed to allocate omx component 'OMX.allwinner.video.decoder.vp9.secure' err=InvalidComponentName(0x80001002)
05-28 18:11:56.679 W/OmxInfoBuilder( 352): Fail to add media type video/x-vnd.on2.vp9 to codec OMX.allwinner.video.decoder.vp9.secure
05-28 18:11:56.680 I/OMXClient( 352): IOmx service obtained
05-28 18:11:56.680 I/OMXStore( 361): makeComponentInstance(OMX.allwinner.video.encoder.avc) in android.hardwar process
05-28 18:11:56.686 V/WebViewLibraryLoader( 718): RelroFileCreator (64bit = false), package: com.android.webview library: libwebviewchromium.so
05-28 18:11:56.689 W/cedarc ( 361): : cannot open /dev/sunxi_soc_info, it maybe ok!
05-28 18:11:56.689 I/cedarc ( 361): : *** ic_version = 0x3301000012011,
05-28 18:11:56.691 E/OMXNodeInstance( 361): getParameter(0xeb260000:allwinner.encoder.avc, ParamVideoProfileLevelQuerySupported(0x600000f)) ERROR: BadParameter(0x80001005)
05-28 18:11:56.695 D/ ( 419): enable_cedar_hw_clk,516
