05-28 18:11:49.928 W/android.hardware.media.omx@1.0-service( 361): libminijail[361]: compile_file: /system/etc/seccomp_policy/crash_dump.arm.policy(7): syscall clock_gettime redefined here
05-28 18:11:49.929 W/android.hardware.media.omx@1.0-service( 361): libminijail[361]: compile_file: (7): previous definition here
05-28 18:11:49.929 W/android.hardware.media.omx@1.0-service( 361): libminijail[361]: compile_file: /system/etc/seccomp_policy/crash_dump.arm.policy(8): syscall gettimeofday redefined here
05-28 18:11:49.931 I/HidlServiceManagement( 257): Registered vendor.display.config@1.0::IDisplayConfig/default
05-28 18:11:49.932 D/android.hardware.graphics.composer@2.2-service( 257): IDisplayConfig register: ok
05-28 18:11:49.932 I/sunxihwc( 257): initialize: DisplayConfigService init: ok
05-28 18:11:49.932 D/sunxihwc( 257): setHotplugState: mbHotplug = 1
05-28 18:11:49.932 E/sunxihwc( 257): notifyDeviceChanged: DeviceChangedListener not register yet!
05-28 18:11:49.932 I/sunxihwc( 257): setVendorInterface: register IVendorInterface: 0xf781f310
05-28 18:11:49.932 D/sunxihwc( 257): HAL device config file: /vendor/etc/dispconfigs/homlet-default.json
05-28 18:11:49.932 D/sunxihwc( 257): Displays (2 entries)
05-28 18:11:49.932 D/sunxihwc( 257): + Display{id=0, framebuffer=1920x1080(override=1), dpi=160x160}
05-28 18:11:49.932 D/sunxihwc( 257): DisplayEnginePortId=0
05-28 18:11:49.932 D/sunxihwc( 257): InterfaceType=HDMI
05-28 18:11:49.932 D/sunxihwc( 257): DefaultOutputMode=0
05-28 18:11:49.932 D/sunxihwc( 257): HotplugSupported=0
05-28 18:11:49.932 D/sunxihwc( 257): AfbcSupported=0
05-28 18:11:49.932 D/sunxihwc( 257): HardwareRotateSupported=0
05-28 18:11:49.932 D/sunxihwc( 257): BandwidthLimited=338800 Bytes per frame
05-28 18:11:49.932 D/sunxihwc( 257): + Display{id=1, framebuffer=1920x1080(override=1), dpi=160x160}
05-28 18:11:49.932 D/sunxihwc( 257): DisplayEnginePortId=1
05-28 18:11:49.932 D/sunxihwc( 257): InterfaceType=CVBS
05-28 18:11:49.932 D/sunxihwc( 257): DefaultOutputMode=0
05-28 18:11:49.932 D/sunxihwc( 257): HotplugSupported=0
05-28 18:11:49.932 D/sunxihwc( 257): AfbcSupported=0
05-28 18:11:49.932 D/sunxihwc( 257): HardwareRotateSupported=0
05-28 18:11:49.932 D/sunxihwc( 257): BandwidthLimited=338800 Bytes per frame
05-28 18:11:49.932 W/sunxihwc( 257): bringupDevices: display.1 was off, request type 2, try to bringup it!
05-28 18:11:49.932 I/sunxihwc( 257): scanConnectedDevice: wait for device connect
05-28 18:11:49.933 W/android.hardware.media.omx@1.0-service( 361): libminijail[361]: compile_file: (47): previous definition here
05-28 18:11:49.933 W/android.hardware.media.omx@1.0-service( 361): libminijail[361]: compile_file: /system/etc/seccomp_policy/crash_dump.arm.policy(9): syscall futex redefined here
05-28 18:11:49.933 W/android.hardware.media.omx@1.0-service( 361): libminijail[361]: compile_file: (3): previous definition here
05-28 18:11:49.933 W/android.hardware.media.omx@1.0-service( 361): libminijail[361]: compile_file: /system/etc/seccomp_policy/crash_dump.arm.policy(10): syscall getrandom redefined here
05-28 18:11:49.933 W/android.hardware.media.omx@1.0-service( 361): libminijail[361]: compile_file: (15): previous definition here
05-28 18:11:49.935 W/android.hardware.media.omx@1.0-service( 361): libminijail[361]: compile_file: /system/etc/seccomp_policy/crash_dump.arm.policy(13): syscall ppoll redefined here
05-28 18:11:49.935 W/android.hardware.media.omx@1.0-service( 361): libminijail[361]: compile_file: (13): previous definition here
05-28 18:11:49.935 W/android.hardware.media.omx@1.0-service( 361): libminijail[361]: compile_file: /system/etc/seccomp_policy/crash_dump.arm.policy(14): syscall pipe2 redefined here
05-28 18:11:49.935 W/android.hardware.media.omx@1.0-service( 361): libminijail[361]: compile_file: (46): previous definition here
05-28 18:11:49.935 W/android.hardware.media.omx@1.0-service( 361): libminijail[361]: compile_file: /system/etc/seccomp_policy/crash_dump.arm.policy(15): syscall openat redefined here
05-28 18:11:49.935 W/android.hardware.media.omx@1.0-service( 361): libminijail[361]: compile_file: (30): previous definition here
05-28 18:11:49.936 I/adbd ( 386): UsbFfsConnection constructed
05-28 18:11:49.936 I/MediaExtractorFactory( 350): plugin directory not present (/system/lib/extractors)
05-28 18:11:49.936 W/android.hardware.media.omx@1.0-service( 361): libminijail[361]: compile_file: /system/etc/seccomp_policy/crash_dump.arm.policy(16): syscall dup redefined here
05-28 18:11:49.936 W/android.hardware.media.omx@1.0-service( 361): libminijail[361]: compile_file: (12): previous definition here
05-28 18:11:49.937 W/android.hardware.media.omx@1.0-service( 361): libminijail[361]: compile_file: /system/etc/seccomp_policy/crash_dump.arm.policy(17): syscall close redefined here
05-28 18:11:49.937 W/android.hardware.media.omx@1.0-service( 361): libminijail[361]: compile_file: (10): previous definition here
05-28 18:11:49.937 W/android.hardware.media.omx@1.0-service( 361): libminijail[361]: compile_file: /system/etc/seccomp_policy/crash_dump.arm.policy(18): syscall lseek redefined here
05-28 18:11:49.937 W/displayd( 257): xxxxxxx: threadedStartup begin
05-28 18:11:49.937 W/android.hardware.media.omx@1.0-service( 361): libminijail[361]: compile_file: (50): previous definition here
05-28 18:11:49.936 I/MediaExtractorFactory( 350): plugin directory not present (/system_ext/lib/extractors)
05-28 18:11:49.937 W/android.hardware.media.omx@1.0-service( 361): libminijail[361]: compile_file: /system/etc/seccomp_policy/crash_dump.arm.policy(19): syscall getdents64 redefined here
05-28 18:11:49.937 W/android.hardware.media.omx@1.0-service( 361): libminijail[361]: compile_file: (58): previous definition here
05-28 18:11:49.937 W/android.hardware.media.omx@1.0-service( 361): libminijail[361]: compile_file: /system/etc/seccomp_policy/crash_dump.arm.policy(20): syscall faccessat redefined here
05-28 18:11:49.937 W/android.hardware.media.omx@1.0-service( 361): libminijail[361]: compile_file: (38): previous definition here
05-28 18:11:49.937 I/sunxihwc( 257): Device name: raven
05-28 18:11:49.937 W/android.hardware.media.omx@1.0-service( 361): libminijail[361]: compile_file: /system/etc/seccomp_policy/crash_dump.arm.policy(25): syscall rt_sigprocmask redefined here
05-28 18:11:49.937 W/android.hardware.media.omx@1.0-service( 361): libminijail[361]: compile_file: (41): previous definition here
05-28 18:11:49.937 W/android.hardware.media.omx@1.0-service( 361): libminijail[361]: compile_file: /system/etc/seccomp_policy/crash_dump.arm.policy(28): syscall prctl redefined here
05-28 18:11:49.938 W/android.hardware.media.omx@1.0-service( 361): libminijail[361]: compile_file: (6): previous definition here
05-28 18:11:49.938 W/android.hardware.media.omx@1.0-service( 361): libminijail[361]: compile_file: /system/etc/seccomp_policy/crash_dump.arm.policy(29): syscall madvise redefined here
05-28 18:11:49.938 D/sunxihwc( 257): Device config file: /vendor/etc/dispconfigs/homlet-default.json
05-28 18:11:49.938 W/android.hardware.media.omx@1.0-service( 361): libminijail[361]: compile_file: (29): previous definition here
05-28 18:11:49.938 W/android.hardware.media.omx@1.0-service( 361): libminijail[361]: compile_file: /system/etc/seccomp_policy/crash_dump.arm.policy(30): syscall mprotect redefined here
05-28 18:11:49.939 W/android.hardware.media.omx@1.0-service( 361): libminijail[361]: compile_file: (28): previous definition here
05-28 18:11:49.939 W/android.hardware.media.omx@1.0-service( 361): libminijail[361]: compile_file: /system/etc/seccomp_policy/crash_dump.arm.policy(31): syscall munmap redefined here
05-28 18:11:49.939 W/android.hardware.media.omx@1.0-service( 361): libminijail[361]: compile_file: (27): previous definition here
05-28 18:11:49.939 W/android.hardware.media.omx@1.0-service( 361): libminijail[361]: compile_file: /system/etc/seccomp_policy/crash_dump.arm.policy(32): syscall getuid32 redefined here
05-28 18:11:49.939 W/android.hardware.media.omx@1.0-service( 361): libminijail[361]: compile_file: (34): previous definition here
05-28 18:11:49.939 W/android.hardware.media.omx@1.0-service( 361): libminijail[361]: compile_file: /system/etc/seccomp_policy/crash_dump.arm.policy(33): syscall fstat64 redefined here
05-28 18:11:49.940 D/sunxihwc( 257): Parse 'Display0' config
05-28 18:11:49.940 D/sunxihwc( 257): Parse 'Display1' config
05-28 18:11:49.940 W/displayd( 257): xxxxxxx: HAL device config file: /vendor/etc/dispconfigs/homlet-default.json
05-28 18:11:49.940 W/displayd( 257): Displays (2 entries)
05-28 18:11:49.940 W/displayd( 257): + Display{id=0, framebuffer=1920x1080(override=1), dpi=160x160}
05-28 18:11:49.940 W/displayd( 257): DisplayEnginePortId=0
05-28 18:11:49.940 W/displayd( 257): InterfaceType=HDMI
05-28 18:11:49.940 W/displayd( 257): DefaultOutputMode=0
05-28 18:11:49.940 W/displayd( 257): HotplugSupported=0
05-28 18:11:49.940 W/displayd( 257): AfbcSupported=0
05-28 18:11:49.940 W/displayd( 257): HardwareRotateSupported=0
05-28 18:11:49.940 W/displayd( 257): BandwidthLimited=338800 Bytes per frame
05-28 18:11:49.940 W/displayd( 257): + Display{id=1, framebuffer=1920x1080(override=1), dpi=160x160}
05-28 18:11:49.940 W/displayd( 257): DisplayEnginePortId=1
05-28 18:11:49.940 W/displayd( 257): InterfaceType=CVBS
05-28 18:11:49.940 W/displayd( 257): DefaultOutputMode=0
05-28 18:11:49.940 W/displayd( 257): HotplugSupported=0
05-28 18:11:49.940 W/displayd( 257): AfbcSupported=0
05-28 18:11:49.940 W/displayd( 257): HardwareRotateSupported=0
05-28 18:11:49.940 W/displayd( 257): BandwidthLimited=338800 Bytes per frame
05-28 18:11:49.940 I/MQ-Thread( 257): type=1400 audit(0.0:288): avc: denied { read } for name="u:object_r:system_prop:s0" dev="tmpfs" ino=3850 scontext=u:r:hal_graphics_composer_default:s0 tcontext=u:object_r:system_prop:s0 tclass=file permissive=1
05-28 18:11:49.940 I/MQ-Thread( 257): type=1400 audit(0.0:289): avc: denied { open } for path="/dev/__properties__/u:object_r:system_prop:s0" dev="tmpfs" ino=3850 scontext=u:r:hal_graphics_composer_default:s0 tcontext=u:object_r:system_prop:s0 tclass=file permissive=1
05-28 18:11:49.940 I/MQ-Thread( 257): type=1400 audit(0.0:290): avc: denied { getattr } for path="/dev/__properties__/u:object_r:system_prop:s0" dev="tmpfs" ino=3850 scontext=u:r:hal_graphics_composer_default:s0 tcontext=u:object_r:system_prop:s0 tclass=file permissive=1
05-28 18:11:49.940 I/MQ-Thread( 257): type=1400 audit(0.0:291): avc: denied { map } for path="/dev/__properties__/u:object_r:system_prop:s0" dev="tmpfs" ino=3850 scontext=u:r:hal_graphics_composer_default:s0 tcontext=u:object_r:system_prop:s0 tclass=file permissive=1
05-28 18:11:49.944 W/displayd( 257): xxxxxxx: display output policy: dual
05-28 18:11:49.944 W/displayd( 257): xxxxxxx: Display.0 output type: 4
05-28 18:11:49.944 W/displayd( 257): xxxxxxx: Display.1 output type: 2
05-28 18:11:49.944 W/displayd( 257): xxxxxxx: createDevice: type=4 on port 0
05-28 18:11:49.948 W/android.hardware.media.omx@1.0-service( 361): libminijail[361]: compile_file: (35): previous definition here
05-28 18:11:49.948 W/android.hardware.media.omx@1.0-service( 361): libminijail[361]: compile_file: /system/etc/seccomp_policy/crash_dump.arm.policy(34): syscall mmap2 redefined here
05-28 18:11:49.948 W/android.hardware.media.omx@1.0-service( 361): libminijail[361]: compile_file: (14): previous definition here
05-28 18:11:49.950 I/adbd ( 386): UsbFfs-monitor thread spawned
05-28 18:11:49.950 W/android.hardware.media.omx@1.0-service( 361): libminijail[361]: logging seccomp filter failures
05-28 18:11:49.951 I/display.output-service( 265): platform is homlet
05-28 18:11:49.953 I/servicemanager( 179): Found vendor.display.output.IDisplayOutputManager/default in device VINTF manifest.
05-28 18:11:49.953 I/hw-BpHwBinder( 180): onLastStrongRef automatically unlinking death recipients
05-28 18:11:49.955 I/adbd ( 386): adbwifi started on port 36797
05-28 18:11:49.956 I/adbd ( 386): TlsServer running on port 36797
05-28 18:11:49.957 I/adbd ( 386): adb wifi started on port 36797
05-28 18:11:49.958 I/adbd ( 386): Waiting for persist.adb.tls_server.enable=0
05-28 18:11:49.952 I/MQ-Thread( 257): type=1400 audit(0.0:292): avc: denied { read } for name="u:object_r:default_prop:s0" dev="tmpfs" ino=3723 scontext=u:r:hal_graphics_composer_default:s0 tcontext=u:object_r:default_prop:s0 tclass=file permissive=1
05-28 18:11:49.956 I/MQ-Thread( 257): type=1400 audit(0.0:293): avc: denied { open } for path="/dev/__properties__/u:object_r:default_prop:s0" dev="tmpfs" ino=3723 scontext=u:r:hal_graphics_composer_default:s0 tcontext=u:object_r:default_prop:s0 tclass=file permissive=1
05-28 18:11:49.956 I/MQ-Thread( 257): type=1400 audit(0.0:294): avc: denied { getattr } for path="/dev/__properties__/u:object_r:default_prop:s0" dev="tmpfs" ino=3723 scontext=u:r:hal_graphics_composer_default:s0 tcontext=u:object_r:default_prop:s0 tclass=file permissive=1
05-28 18:11:49.956 I/MQ-Thread( 257): type=1400 audit(0.0:295): avc: denied { map } for path="/dev/__properties__/u:object_r:default_prop:s0" dev="tmpfs" ino=3723 scontext=u:r:hal_graphics_composer_default:s0 tcontext=u:object_r:default_prop:s0 tclass=file permissive=1
05-28 18:11:49.960 W/displayd( 257): xxxxxxx: Device hdmi init
05-28 18:11:49.960 W/displayd( 257): xxxxxxx: createDevice: type=2 on port 1
05-28 18:11:49.960 W/displayd( 257): xxxxxxx: Device cvbs init
05-28 18:11:49.960 W/displayd( 257): xxxxxxx: Initizlize display device mapping
05-28 18:11:49.961 D/displayd( 257): xxxxxxx: updateConnectState: type=-1 connected=-1
05-28 18:11:49.960 I/MQ-Thread( 257): type=1400 audit(0.0:296): avc: denied { getattr } for path="/sys/devices/platform/soc@3000000/6520000.tv0/extcon/extcon1/state" dev="sysfs" ino=19386 scontext=u:r:hal_graphics_composer_default:s0 tcontext=u:object_r:sysfs:s0 tclass=file permissive=1
05-28 18:11:49.962 W/displayd( 257): xxxxxxx: platformGetDeviceConnectStatePath:
05-28 18:11:49.962 W/displayd( 257): hdmi: /sys/class/extcon/extcon0/state
05-28 18:11:49.962 W/displayd( 257): cvbs: /sys/class/extcon/extcon1/state
05-28 18:11:49.963 D/displayd( 257): xxxxxxx: updated: type=2 connected=0
05-28 18:11:49.965 I/cameraserver( 344): ServiceManager: 0xf02d8960
05-28 18:11:49.965 I/update_engine( 376): [INFO:boot_control_android.cc(69)] Loaded boot control hidl hal.
05-28 18:11:49.965 I/CameraService( 344): CameraService started (pid=344)
05-28 18:11:49.966 I/CameraService( 344): CameraService process starting
05-28 18:11:49.966 I/adbd ( 386): Registering secure_connect service (adb-DZOH58251929088-8AaF4g)
05-28 18:11:49.966 W/BatteryNotifier( 344): batterystats service unavailable!
05-28 18:11:49.964 D/displayd( 257): xxxxxxx: updated: type=4 connected=1
05-28 18:11:49.967 W/displayd( 257): xxxxxxx: setupDefaultOutput: hdmi user strategy: 255
05-28 18:11:49.967 W/edid ( 257): Parse block0:
05-28 18:11:49.967 W/edid ( 257): Extension block count: 1
05-28 18:11:49.967 W/edid ( 257): Parse CEA extension block (version: 3)
05-28 18:11:49.967 W/edid ( 257): CEA data length: 47 bytes
05-28 18:11:49.968 I//system/bin/init( 1): type=1107 audit(0.0:297): uid=0 auid=4294967295 ses=4294967295 subj=u:r:init:s0 msg='avc: denied { set } for property=vendor.sys.tv_vdid_fex pid=257 uid=1000 gid=1003 scontext=u:r:hal_graphics_composer_default:s0 tcontext=u:object_r:vendor_default_prop:s0 tclass=property_service permissive=1'
05-28 18:11:49.971 W/BatteryNotifier( 344): batterystats service unavailable!
05-28 18:11:49.972 E/cutils-trace( 344): Error opening trace file: No such file or directory (2)
05-28 18:11:49.974 W/displayd( 257): xxxxxxx: performDefaultConfig dirty=0
05-28 18:11:49.974 W/displayd( 257): xxxxxxx: Old config: type[4] mode[10] pixelformat[1] bits[0] eotf[4] colorspace[257]
05-28 18:11:49.974 W/displayd( 257): xxxxxxx: New config: type[4] mode[10] pixelformat[1] bits[0] eotf[4] colorspace[257]
05-28 18:11:49.974 I/sunxihwc( 257): switchDevice: display[1]: type=2 mode=0 enable=0
05-28 18:11:49.975 I/sunxihwc( 257): switchDevice: display[0]: type=4 mode=10 enable=1
05-28 18:11:49.976 D/sunxihwc( 257): setHotplugState: mbHotplug = 1
05-28 18:11:49.976 I/sunxihwc( 257): createSyncTimeline: DisplayEngine Frequency: 696000000 Hz
05-28 18:11:49.976 I/sunxihwc( 257): setup: timeline0 create
05-28 18:11:49.976 E/sunxihwc( 257): readFromFile: Could not open '/sys/firmware/devicetree/base/dram/dram_clk', No such file or directory(2)
05-28 18:11:49.978 E/sunxihwc( 257): readFromFile: Could not open '/sys/firmware/devicetree/base/dram/dram_mr1', No such file or directory(2)
05-28 18:11:49.979 E/sunxihwc( 257): readFromFile: Could not open '/sys/firmware/devicetree/base/dram/dram_type', No such file or directory(2)
05-28 18:11:49.979 I/sunxihwc( 257): getDramInfoFromDeviceTree: draminfo: freq 0 MHz, bus width 32 bits, type 0
05-28 18:11:49.979 I/sunxihwc( 257): computeEffectiveBandwidth: dram effective bandwidth: 0 MBytes
05-28 18:11:49.979 I/cedarc ( 361): : register h265 decoder success!
05-28 18:11:49.979 E/sunxihwc( 257): calculateBandwidthLimitation: getDramFrequency return error(0), fallback to default bandwidth config
05-28 18:11:49.979 I/sunxihwc( 257): setup: Bandwidth limitation: 49152000 Bytes per frame
05-28 18:11:49.980 E/cedarc ( 361): : dlopen 'libawh265soft.so' fail: dlopen failed: library "libawh265soft.so" not found
05-28 18:11:49.981 I/cedarc ( 361): : register h264 decoder success!
05-28 18:11:49.982 I/sunxihwc( 257): setDisplaydCb: get mDisplaydCb =0x0x696c4372
05-28 18:11:49.982 I/sunxihwc( 257): updateConnectedDevices: display[0] connected=1 type=4 device=0xf77b700c
05-28 18:11:49.982 I/sunxihwc( 257): updateConnectedDevices: display[1] connected=0 type=2 device=0x0
05-28 18:11:49.982 D/sunxihwc( 257): enqueueEvent: enqueueEvent: event 1
05-28 18:11:49.982 I/sunxihwc( 257): setMargin: display[0]: margin 100 100 100 100
05-28 18:11:49.982 D/sunxihwc( 257): enqueueEvent: enqueueEvent: event 1
05-28 18:11:49.982 W/sunxihwc( 257): deviceChangedEventProcess: Display.0 (hdmi0) connect
05-28 18:11:49.982 I/sunxihwc( 257): onHotplugReceived: display(0) connect state[1]
05-28 18:11:49.982 I/sunxihwc( 257): onHotplugReceived: display size: 0 display.0 0 display.1 0 display.0 0
05-28 18:11:49.982 I/sunxihwc( 257): waitForHotplugIssued: Wait for display connect
05-28 18:11:49.982 W/sunxihwc( 257): onHotplugReceived: display(0) is 0xf76db010
05-28 18:11:49.982 D/sunxihwc( 257): setDisplays: display =0xf76db010
05-28 18:11:49.982 D/sunxihwc( 257): setDisplays: display size=1
05-28 18:11:49.983 D/sunxihwc( 257): setHotplugState: mbHotplug = 0
05-28 18:11:49.983 D/sunxihwc( 257): setHotplugState: mbHotplug = 0
05-28 18:11:49.983 I/SurfaceFlinger( 273): onComposerHalHotplug(0, connected)
05-28 18:11:49.983 I/HWComposer( 273): Switching to legacy multi-display mode
05-28 18:11:49.984 E/HWComposer( 273): getAttribute: getDisplayAttribute failed for display 0: BadConfig (1)
05-28 18:11:49.984 E/HWComposer( 273): getDisplayConnectionType: getDisplayConnectionType failed for display 0: Unsupported (8)
05-28 18:11:49.985 W/displayd( 257): xxxxxxx: Turen on display(0), margin(100,100,100,100)
05-28 18:11:49.985 W/displayd( 257): xxxxxxx: Current device mapping:
05-28 18:11:49.985 W/displayd( 257): + display [1]: enable=0 type=2 mode=0
05-28 18:11:49.985 W/displayd( 257): + display [0]: enable=1 type=4 mode=10
05-28 18:11:49.985 I/sunxihwc( 257): registerCallback: registerCallback mEventCallback =0x0
05-28 18:11:49.985 I/sunxihwc( 257): setDisplaydCb: get mDisplaydCb =0x0xf78533e0
05-28 18:11:49.985 W/EventThread( 273): Ignoring VSYNC request while display is disconnected
05-28 18:11:49.985 W/EventThread( 273): Ignoring VSYNC request while display is disconnected
05-28 18:11:49.985 W/displayd( 257): xxxxxxx: threadedStartup end
05-28 18:11:49.986 W/EventThread( 273): Ignoring VSYNC request while display is disconnected
05-28 18:11:49.986 W/EventThread( 273): Ignoring VSYNC request while display is disconnected
05-28 18:11:49.986 W/EventThread( 273): Ignoring VSYNC request while display is disconnected
05-28 18:11:49.986 W/EventThread( 273): Ignoring VSYNC request while display is disconnected
05-28 18:11:49.986 D/sunxihwc( 257): getHdrCapabilities: getHdrCapabilities: support hdr10 and hlg
05-28 18:11:49.987 W/HwcComposer( 273): getPerFrameMetadataKeys failed with 8
05-28 18:11:49.987 I/CameraProviderManager( 344): Connecting to new camera provider: external/0, isRemote? 1
05-28 18:11:49.988 I/CameraProviderManager( 344): Camera provider external/0 ready with 0 camera devices
05-28 18:11:49.989 W/CameraProviderManager( 344): addProviderLocked: Camera provider HAL with name 'external/0' already registered
05-28 18:11:49.990 I/cameraserver( 344): Waiting for activity service
05-28 18:11:49.992 I/gralloc ( 256): alloc buffer:W:1920 H:1080 S:1920 PL[1920 1080] SZ:8294400 fmt:1 if:0 af:1 usg:1b00 fg:00000004
05-28 18:11:49.993 I/sunxihwc( 257): threadLoop: set CommitThread priority as HAL_PRIORITY_URGENT_DISPLAY
05-28 18:11:49.997 I/gralloc ( 256): alloc buffer:W:1920 H:1080 S:1920 PL[1920 1080] SZ:8294400 fmt:1 if:0 af:1 usg:1b00 fg:00000004
05-28 18:11:49.998 I/SurfaceFlinger( 273): Dispatching display hotplug event displayId=0, connected=1
05-28 18:11:50.000 I/cedarc ( 361): : register mjpeg decoder success!
05-28 18:11:50.001 I/cedarc ( 361): : register mjpegplus decoder success!
05-28 18:11:50.001 I/update_engine( 376): [INFO:daemon_state_android.cc(44)] Booted in dev mode.
05-28 18:11:50.001 I/cedarc ( 361): : register mpeg2 decoder success!
05-28 18:11:50.002 W/cedarc ( 361): : Invalid plugin, CedarPluginVDInit not found, lib:libawmpeg4base.so.
05-28 18:11:50.002 W/SurfaceFlinger( 273): Failed to set thread name on dispatch thread
05-28 18:11:50.003 I/sunxihwc( 257): pollThreadLoop: polling VsyncThread start
05-28 18:11:50.006 I/cedarc ( 361): : register mpeg4Normal decoder success!
05-28 18:11:50.007 I/cedarc ( 361): : register Mpeg4Vp6 decoder success!
05-28 18:11:50.008 I/cedarc ( 361): : register mpeg4dx decoder success!
05-28 18:11:50.010 I/cedarc ( 361): : register mpeg4H263 decoder success!
05-28 18:11:50.012 I/cedarc ( 361): : register vp8 decoder success!
05-28 18:11:50.013 I/cedarc ( 361): : register vc1 decoder success!
05-28 18:11:50.025 I/SoftOMXPlugin( 361): createOMXPlugin
05-28 18:11:50.026 D/MediaCodecsXmlParser( 361): parsing /vendor/etc/media_codecs.xml...
05-28 18:11:50.033 D/MediaCodecsXmlParser( 361): parsing /vendor/etc/media_codecs_google_audio.xml...
05-28 18:11:50.033 D/MediaCodecsXmlParser( 361): unable to open media codecs configuration xml file: /vendor/etc/media_codecs_google_audio.xml
05-28 18:11:50.038 D/MediaCodecsXmlParser( 361): parsing /vendor/etc/media_codecs_google_video.xml...
05-28 18:11:50.038 D/MediaCodecsXmlParser( 361): unable to open media codecs configuration xml file: /vendor/etc/media_codecs_google_video.xml
05-28 18:11:50.039 D/MediaCodecsXmlParser( 361): parsing /vendor/etc/media_codecs_performance.xml...
05-28 18:11:50.039 I/update_engine( 376): [INFO:update_attempter_android.cc(1082)] Scheduling CleanupPreviousUpdateAction.
05-28 18:11:50.039 E/cutils-trace( 354): Error opening trace file: No such file or directory (2)
05-28 18:11:50.041 D/MediaCodecsXmlParser( 361): MediaCodec: cannot update non-existing codec: OMX.google.h264.encoder at line 25 of /vendor/etc/media_codecs_performance.xml
05-28 18:11:50.041 D/MediaCodecsXmlParser( 361): MediaCodec: cannot update non-existing codec: OMX.google.h263.encoder at line 31 of /vendor/etc/media_codecs_performance.xml
05-28 18:11:50.041 D/MediaCodecsXmlParser( 361): MediaCodec: cannot update non-existing codec: OMX.google.mpeg4.encoder at line 34 of /vendor/etc/media_codecs_performance.xml
05-28 18:11:50.041 D/MediaCodecsXmlParser( 361): MediaCodec: cannot update non-existing codec: OMX.google.vp8.encoder at line 37 of /vendor/etc/media_codecs_performance.xml
05-28 18:11:50.041 D/MediaCodecsXmlParser( 361): MediaCodec: cannot update non-existing codec: OMX.allwinner.video.decoder.h263 at line 59 of /vendor/etc/media_codecs_performance.xml
05-28 18:11:50.041 D/MediaCodecsXmlParser( 361): MediaCodec: cannot update non-existing codec: OMX.google.mpeg4.decoder at line 80 of /vendor/etc/media_codecs_performance.xml
05-28 18:11:50.041 D/MediaCodecsXmlParser( 361): MediaCodec: cannot update non-existing codec: OMX.google.h264.decoder at line 83 of /vendor/etc/media_codecs_performance.xml
05-28 18:11:50.042 D/MediaCodecsXmlParser( 361): MediaCodec: cannot update non-existing codec: OMX.google.h263.decoder at line 89 of /vendor/etc/media_codecs_performance.xml
05-28 18:11:50.042 D/MediaCodecsXmlParser( 361): MediaCodec: cannot update non-existing codec: OMX.google.hevc.decoder at line 93 of /vendor/etc/media_codecs_performance.xml
05-28 18:11:50.042 D/MediaCodecsXmlParser( 361): MediaCodec: cannot update non-existing codec: OMX.google.vp8.decoder at line 101 of /vendor/etc/media_codecs_performance.xml
05-28 18:11:50.042 D/MediaCodecsXmlParser( 361): MediaCodec: cannot update non-existing codec: OMX.google.vp9.decoder at line 107 of /vendor/etc/media_codecs_performance.xml
05-28 18:11:50.042 I/MediaCodecsXmlParser( 361): Did not find media_codecs_shaping.xml in search path
05-28 18:11:50.043 E/cutils-trace( 361): Error opening trace file: No such file or directory (2)
05-28 18:11:50.050 I/update_engine( 376): [INFO:action_processor.cc(51)] ActionProcessor: starting CleanupPreviousUpdateAction
05-28 18:11:50.051 I/update_engine( 376): [INFO:cleanup_previous_update_action.cc(149)] Starting/resuming CleanupPreviousUpdateAction
05-28 18:11:50.055 I/HidlServiceManagement( 361): Registered android.hardware.media.omx@1.0::IOmx/default
05-28 18:11:50.055 I/mediaswcodec( 374): media swcodec service starting
05-28 18:11:50.056 I/update_engine( 376): [INFO:cleanup_previous_update_action.cc(124)] CleanupPreviousUpdateAction scheduled task ID 1 for WaitBootCompleted
05-28 18:11:50.058 D/gpioservice( 345): main gpio service is running.
05-28 18:11:50.059 I/HidlServiceManagement( 361): Removing namespace from process name android.hardware.media.omx@1.0-service to omx@1.0-service.
05-28 18:11:50.060 I/android.hardware.media.omx@1.0-service( 361): IOmx HAL service created.
05-28 18:11:50.060 I/gpioservice( 345): ServiceManager: 0xe9fdccc0
05-28 18:11:50.060 D/GpioService( 345): GpioService created
05-28 18:11:50.061 E/SELinux ( 179): avc: denied { add } for pid=345 uid=0 name=softwinner.gpio scontext=u:r:gpioservice:s0 tcontext=u:object_r:default_android_service:s0 tclass=service_manager permissive=1
05-28 18:11:50.062 I/OmxStore( 361): omx common prefix: 'OMX.'
05-28 18:11:50.063 W/mediaswcodec( 374): Could not read additional policy file '/vendor/etc/seccomp_policy/mediaswcodec.policy'
05-28 18:11:50.063 D/MediaCodecsXmlParser( 361): parsing /vendor/etc/media_codecs.xml...
05-28 18:11:50.063 W/mediaswcodec( 374): libminijail[374]: failed to get path of fd 4: No such file or directory
05-28 18:11:50.064 D/MediaCodecsXmlParser( 361): parsing /vendor/etc/media_codecs_google_audio.xml...
05-28 18:11:50.064 D/MediaCodecsXmlParser( 361): unable to open media codecs configuration xml file: /vendor/etc/media_codecs_google_audio.xml
05-28 18:11:50.065 W/mediaswcodec( 374): libminijail[374]: allowing syscall: clock_gettime
05-28 18:11:50.065 W/mediaswcodec( 374): libminijail[374]: allowing syscall: connect
05-28 18:11:50.066 W/mediaswcodec( 374): libminijail[374]: allowing syscall: fcntl64
05-28 18:11:50.069 W/mediaswcodec( 374): libminijail[374]: allowing syscall: socket
05-28 18:11:50.069 W/mediaswcodec( 374): libminijail[374]: allowing syscall: writev
05-28 18:11:50.069 E/cutils-trace( 372): Error opening trace file: No such file or directory (2)
05-28 18:11:50.070 W/mediaswcodec( 374): libminijail[374]: compile_file: (71): syscall futex redefined here
05-28 18:11:50.071 D/MediaCodecsXmlParser( 361): parsing /vendor/etc/media_codecs_google_video.xml...
05-28 18:11:50.071 D/MediaCodecsXmlParser( 361): unable to open media codecs configuration xml file: /vendor/etc/media_codecs_google_video.xml
05-28 18:11:50.072 D/MediaCodecsXmlParser( 361): parsing /vendor/etc/media_codecs_performance.xml...
05-28 18:11:50.072 W/mediaswcodec( 374): libminijail[374]: compile_file: (15): previous definition here
05-28 18:11:50.072 D/MediaCodecsXmlParser( 361): MediaCodec: cannot update non-existing codec: OMX.google.h264.encoder at line 25 of /vendor/etc/media_codecs_performance.xml
05-28 18:11:50.072 D/MediaCodecsXmlParser( 361): MediaCodec: cannot update non-existing codec: OMX.google.h263.encoder at line 31 of /vendor/etc/media_codecs_performance.xml
05-28 18:11:50.072 D/MediaCodecsXmlParser( 361): MediaCodec: cannot update non-existing codec: OMX.google.mpeg4.encoder at line 34 of /vendor/etc/media_codecs_performance.xml
05-28 18:11:50.072 D/MediaCodecsXmlParser( 361): MediaCodec: cannot update non-existing codec: OMX.google.vp8.encoder at line 37 of /vendor/etc/media_codecs_performance.xml
05-28 18:11:50.072 D/MediaCodecsXmlParser( 361): MediaCodec: cannot update non-existing codec: OMX.allwinner.video.decoder.h263 at line 59 of /vendor/etc/media_codecs_performance.xml
05-28 18:11:50.073 D/MediaCodecsXmlParser( 361): MediaCodec: cannot update non-existing codec: OMX.google.mpeg4.decoder at line 80 of /vendor/etc/media_codecs_performance.xml
05-28 18:11:50.073 D/MediaCodecsXmlParser( 361): MediaCodec: cannot update non-existing codec: OMX.google.h264.decoder at line 83 of /vendor/etc/media_codecs_performance.xml
05-28 18:11:50.073 D/MediaCodecsXmlParser( 361): MediaCodec: cannot update non-existing codec: OMX.google.h263.decoder at line 89 of /vendor/etc/media_codecs_performance.xml
05-28 18:11:50.073 D/MediaCodecsXmlParser( 361): MediaCodec: cannot update non-existing codec: OMX.google.hevc.decoder at line 93 of /vendor/etc/media_codecs_performance.xml
05-28 18:11:50.073 D/MediaCodecsXmlParser( 361): MediaCodec: cannot update non-existing codec: OMX.google.vp8.decoder at line 101 of /vendor/etc/media_codecs_performance.xml
05-28 18:11:50.074 D/MediaCodecsXmlParser( 361): MediaCodec: cannot update non-existing codec: OMX.google.vp9.decoder at line 107 of /vendor/etc/media_codecs_performance.xml
05-28 18:11:50.075 I/MediaCodecsXmlParser( 361): Did not find media_codecs_shaping.xml in search path
05-28 18:11:50.075 E/MediaCodecsXmlParser( 361): Cannot find the role for a decoder of type video/divx
05-28 18:11:50.075 E/MediaCodecsXmlParser( 361): Cannot find the role for a decoder of type video/jpeg
05-28 18:11:50.075 E/MediaCodecsXmlParser( 361): Cannot find the role for a decoder of type video/mpeg1
05-28 18:11:50.075 E/MediaCodecsXmlParser( 361): Cannot find the role for a decoder of type video/x-ms-mpeg4v1
05-28 18:11:50.075 E/MediaCodecsXmlParser( 361): Cannot find the role for a decoder of type video/x-ms-mpeg4v2
05-28 18:11:50.075 E/MediaCodecsXmlParser( 361): Cannot find the role for a decoder of type video/rvg2
05-28 18:11:50.075 E/MediaCodecsXmlParser( 361): Cannot find the role for a decoder of type video/flv1
05-28 18:11:50.075 E/MediaCodecsXmlParser( 361): Cannot find the role for a decoder of type video/wvc1
05-28 18:11:50.075 E/MediaCodecsXmlParser( 361): Cannot find the role for a decoder of type video/x-vnd.on2.vp6
05-28 18:11:50.075 E/MediaCodecsXmlParser( 361): Cannot find the role for a decoder of type video/wmv1
05-28 18:11:50.075 W/mediaswcodec( 374): libminijail[374]: logging seccomp filter failures
05-28 18:11:50.077 E/MediaCodecsXmlParser( 361): Cannot find the role for a decoder of type video/wmv2
05-28 18:11:50.077 E/MediaCodecsXmlParser( 361): Cannot find the role for a decoder of type video/xvid
05-28 18:11:50.079 I/CodecServiceRegistrant( 374): Creating software Codec2 service...
05-28 18:11:50.083 I/HidlServiceManagement( 372): Registered android.hardware.radio@1.6::IRadio/slot1
05-28 18:11:50.083 D/isomountservice( 349): main isomount service is running.
05-28 18:11:50.084 E/cutils-trace( 374): Error opening trace file: No such file or directory (2)
05-28 18:11:50.088 W/storaged( 354): health: invalid battery status
05-28 18:11:50.094 I/isomountservice( 349): ServiceManager: 0xede01cc0
05-28 18:11:50.097 V/MediaUtils( 351): physMem: 2055442432
05-28 18:11:50.096 I/EventThread( 263): type=1400 audit(0.0:298): avc: denied { search } for name="extcon" dev="sysfs" ino=18109 scontext=u:r:hal_tv_cec_default:s0 tcontext=u:object_r:sysfs_extcon:s0 tclass=dir permissive=1
05-28 18:11:50.101 V/MediaUtils( 351): requested limit: 134217728
05-28 18:11:50.101 I/libc ( 351): malloc_limit: Allocation limit enabled, max size 134217728 bytes
05-28 18:11:50.107 I/ServiceManager( 354): Waiting for service 'package_native' on '/dev/binder'...
05-28 18:11:50.108 D/AudioPowerUsage( 351): AudioPowerUsage
05-28 18:11:50.108 D/AudioAnalytics( 351): AudioAnalytics
05-28 18:11:50.108 D/MediaMetricsService( 351): MediaMetricsService
05-28 18:11:50.110 I/HidlServiceManagement( 361): Registered android.hardware.media.omx@1.0::IOmxStore/default
05-28 18:11:50.111 I/HidlServiceManagement( 361): Removing namespace from process name android.hardware.media.omx@1.0-service to omx@1.0-service.
05-28 18:11:50.113 D/systemmixservice( 357): main SystemMix service is running.
05-28 18:11:50.114 I/systemmixservice( 357): ServiceManager: 0xf6196cb0
05-28 18:11:50.114 D/SystemMixService( 357): SystemMixService created
05-28 18:11:50.115 I/HidlServiceManagement( 372): Registered android.hardware.radio.config@1.3::IRadioConfig/default
05-28 18:11:50.115 E/SELinux ( 179): avc: denied { add } for pid=357 uid=0 name=softwinner.systemmix scontext=u:r:systemmix:s0 tcontext=u:object_r:default_android_service:s0 tclass=service_manager permissive=1
05-28 18:11:50.117 I/HidlServiceManagement( 374): Registered android.hardware.media.c2@1.2::IComponentStore/software
05-28 18:11:50.119 I/HidlServiceManagement( 372): Registered android.hardware.radio@1.2::ISap/slot1
05-28 18:11:50.119 I/hwservicemanager( 180): getTransport: Cannot find entry android.hardware.media.c2@1.0::IComponentStore/default in either framework or device VINTF manifest.
05-28 18:11:50.120 I/CodecServiceRegistrant( 374): Preferred Codec2 store is defaulted to "software".
05-28 18:11:50.120 I/CodecServiceRegistrant( 374): Software Codec2 service created and registered.
05-28 18:11:50.153 D/multiir ( 353): multi_ir open uinput dev
05-28 18:11:50.153 D/Zygote ( 243): VMRuntime.setVerifierEnabled(false)
05-28 18:11:50.155 D/XM_HIDREAD( 318): add@ add@/devices/virtual/input/input1
05-28 18:11:50.152 I/xiriservice_All( 332): type=1400 audit(0.0:299): avc: denied { read } for scontext=u:r:init:s0 tcontext=u:r:init:s0 tclass=netlink_kobject_uevent_socket permissive=1
05-28 18:11:50.156 D/multiir ( 353): uinputfd=4
05-28 18:11:50.161 I/input ( 353): sunxi-ir-uinput as /devices/virtual/input/input1
05-28 18:11:50.157 D/XM_HIDREAD( 318): add@ add@/devices/virtual/input/input1/event1
05-28 18:11:50.165 I/ServiceManager( 269): Waiting for service 'media.metrics' on '/dev/binder' successful after waiting 1049ms
05-28 18:11:50.164 I/rainbow_flow( 323): type=1400 audit(0.0:300): avc: denied { ioctl } for path="/dev/spidev1.0" dev="tmpfs" ino=5872 ioctlcmd=0x6b00 scontext=u:r:init:s0 tcontext=u:object_r:device:s0 tclass=chr_file permissive=1
05-28 18:11:50.168 I/ServiceManager( 351): Waiting for service 'package_native' on '/dev/binder'...
05-28 18:11:50.168 I/AudioFlinger( 269): Using default 3000 mSec as standby time.
05-28 18:11:50.195 D/multiir ( 353): uevent listen start
05-28 18:11:50.220 E/APM::HwModule( 269): refreshSupportedDevices: invalid source devices for primary input
05-28 18:11:50.220 E/APM::HwModule( 269): refreshSupportedDevices: invalid source devices for fast input
05-28 18:11:50.225 D/APM_EngineLoader( 269): Loaded engine from libaudiopolicyenginedefault.so
05-28 18:11:50.225 D/APM::AudioPolicyEngine/Base( 269): loadAudioPolicyEngineConfig: No configuration found, using default matching phone experience.
05-28 18:11:50.265 W/APM::AudioPolicyEngine/Base( 269): loadAudioPolicyEngineConfig: No configuration of AUDIO_STREAM_ASSISTANT found, using default volume configuration
05-28 18:11:50.265 W/APM::AudioPolicyEngine/Base( 269): loadAudioPolicyEngineConfig: No configuration of AUDIO_STREAM_CALL_ASSISTANT found, using default volume configuration
05-28 18:11:50.273 D/multiir ( 353): find target device, path=/dev/input/event0
05-28 18:11:50.278 D/multiir ( 353): MultiirService create
05-28 18:11:50.279 E/SELinux ( 179): avc: denied { add } for pid=353 uid=0 name=softwinner.multi_ir scontext=u:r:multi_ir:s0 tcontext=u:object_r:default_android_service:s0 tclass=service_manager permissive=1
05-28 18:11:50.289 V/audio_hw_primary( 248): init_audio_devices, line: 611
05-28 18:11:50.290 D/audio_hw_primary( 248): read card /sys/class/sound/card0/id
05-28 18:11:50.290 D/audio_hw_primary( 248): /sys/class/sound/card0/id, audiocodec, len: 11
05-28 18:11:50.291 D/audio_hw_primary( 248): linux name = audiocodec, android name = AUDIO_CODEC
05-28 18:11:50.291 D/audio_hw_primary( 248): find name map, card_id = audiocodec, card_name = AUDIO_CODEC
05-28 18:11:50.291 V/audio_hw_primary( 248): card: 0, name: AUDIO_CODEC, capture: 0, playback: 1
05-28 18:11:50.291 D/audio_hw_primary( 248): read card /sys/class/sound/card1/id
05-28 18:11:50.291 D/audio_hw_primary( 248): /sys/class/sound/card1/id, sndspdif, len: 9
05-28 18:11:50.292 D/audio_hw_primary( 248): linux name = sndspdif, android name = AUDIO_SPDIF
05-28 18:11:50.292 D/audio_hw_primary( 248): find name map, card_id = sndspdif, card_name = AUDIO_SPDIF
05-28 18:11:50.292 V/audio_hw_primary( 248): card: 1, name: AUDIO_SPDIF, capture: 1, playback: 1
05-28 18:11:50.292 D/audio_hw_primary( 248): read card /sys/class/sound/card2/id
05-28 18:11:50.292 D/audio_hw_primary( 248): /sys/class/sound/card2/id, ahubdam, len: 8
05-28 18:11:50.292 D/audio_hw_primary( 248): linux name = ahubdam, android name = AUDIO_DAM
05-28 18:11:50.292 D/audio_hw_primary( 248): find name map, card_id = ahubdam, card_name = AUDIO_DAM
05-28 18:11:50.292 V/audio_hw_primary( 248): card: 2, name: AUDIO_DAM, capture: 0, playback: 0
05-28 18:11:50.293 D/audio_hw_primary( 248): read card /sys/class/sound/card3/id
05-28 18:11:50.293 D/audio_hw_primary( 248): /sys/class/sound/card3/id, ahubhdmi, len: 9
05-28 18:11:50.293 D/audio_hw_primary( 248): linux name = ahubhdmi, android name = AUDIO_HDMI
05-28 18:11:50.293 D/audio_hw_primary( 248): find name map, card_id = ahubhdmi, card_name = AUDIO_HDMI
05-28 18:11:50.294 V/audio_hw_primary( 248): card: 3, name: AUDIO_HDMI, capture: 1, playback: 1
05-28 18:11:50.294 D/audio_hw_primary( 248): read card /sys/class/sound/card4/id
05-28 18:11:50.294 D/audio_hw_primary( 248): /sys/class/sound/card4/id, ahubi2s2, len: 9
05-28 18:11:50.294 D/audio_hw_primary( 248): linux name = ahubi2s2, android name = AUDIO_I2S2
05-28 18:11:50.294 D/audio_hw_primary( 248): find name map, card_id = ahubi2s2, card_name = AUDIO_I2S2
05-28 18:11:50.294 V/audio_hw_primary( 248): card: 4, name: AUDIO_I2S2, capture: 1, playback: 1
05-28 18:11:50.294 D/audio_hw_primary( 248): getCardNumbyName: name = AUDIO_CODEC , card = 0
05-28 18:11:50.294 D/audio_hw_primary( 248): getCardNumbyName: name = AUDIO_DAM , card = 2
05-28 18:11:50.295 D/audio_hw_primary( 248): getCardNumbyName: name = AUDIO_HDMI , card = 3
05-28 18:11:50.295 D/audio_hw_primary( 248): getCardNumbyName: name = AUDIO_I2S2 , card = 4
05-28 18:11:50.295 D/audio_hw_primary( 248): getCardNumbyName: name = AUDIO_SPDIF , card = 1
05-28 18:11:50.295 E/audio_hw_primary( 248): AUDIO_BT card does not exist
05-28 18:11:50.295 E/audio_hw_primary( 248): AUDIO_MIX card does not exist
05-28 18:11:50.295 V/audio_hw_primary( 248): init_audio_devices_active, line: 635
05-28 18:11:50.292 I/audio.service( 248): type=1400 audit(0.0:301): avc: denied { read } for name="u:object_r:vendor_audio_prop:s0" dev="tmpfs" ino=3872 scontext=u:r:hal_audio_default:s0 tcontext=u:object_r:vendor_audio_prop:s0 tclass=file permissive=1
05-28 18:11:50.292 I/audio.service( 248): type=1400 audit(0.0:302): avc: denied { open } for path="/dev/__properties__/u:object_r:vendor_audio_prop:s0" dev="tmpfs" ino=3872 scontext=u:r:hal_audio_default:s0 tcontext=u:object_r:vendor_audio_prop:s0 tclass=file permissive=1
05-28 18:11:50.292 I/audio.service( 248): type=1400 audit(0.0:303): avc: denied { getattr } for path="/dev/__properties__/u:object_r:vendor_audio_prop:s0" dev="tmpfs" ino=3872 scontext=u:r:hal_audio_default:s0 tcontext=u:object_r:vendor_audio_prop:s0 tclass=file permissive=1
05-28 18:11:50.292 I/audio.service( 248): type=1400 audit(0.0:304): avc: denied { map } for path="/dev/__properties__/u:object_r:vendor_audio_prop:s0" dev="tmpfs" ino=3872 scontext=u:r:hal_audio_default:s0 tcontext=u:object_r:vendor_audio_prop:s0 tclass=file permissive=1
05-28 18:11:50.297 V/audio_hw_primary( 248): init_audio_devices_active: get property vendor.audio.input.active: AUDIO_AC107
05-28 18:11:50.296 I//system/bin/init( 1): type=1107 audit(0.0:305): uid=0 auid=4294967295 ses=4294967295 subj=u:r:init:s0 msg='avc: denied { set } for property=vendor.audio.input.active pid=248 uid=1041 gid=1005 scontext=u:r:hal_audio_default:s0 tcontext=u:object_r:vendor_audio_prop:s0 tclass=property_service permissive=1'
05-28 18:11:50.299 V/audio_hw_primary( 248): set property vendor.audio.input.active: AUDIO_AC107 ok
05-28 18:11:50.299 E/audio_hw_primary( 248): can not set AUDIO_AC107 input active
05-28 18:11:50.299 E/audio_hw_primary( 248): but device AUDIO_I2S2 input will be active
05-28 18:11:50.299 V/audio_hw_primary( 248): init_audio_devices_active: get property vendor.audio.output.active: AUDIO_CODEC,AUDIO_HDMI
05-28 18:11:50.300 V/audio_hw_primary( 248): set property vendor.audio.output.active: AUDIO_CODEC,AUDIO_HDMI ok
05-28 18:11:50.300 V/audio_hw_primary( 248): AUDIO_CODEC output device will be active
05-28 18:11:50.300 V/audio_hw_primary( 248): AUDIO_HDMI output device will be active
05-28 18:11:50.300 D/audio_hw_primary( 248): XX 2 1 2 0
05-28 18:11:50.303 W/audio_route( 248): Control 'External Speaker Switch' doesn't exist - skipping
05-28 18:11:50.303 W/audio_route( 248): Control 'Headphone Switch' doesn't exist - skipping
05-28 18:11:50.303 W/audio_route( 248): Control 'Earpiece Switch' doesn't exist - skipping
05-28 18:11:50.303 W/audio_route( 248): Control 'AIF1IN0R Mux' doesn't exist - skipping
05-28 18:11:50.303 W/audio_route( 248): Control 'AIF1IN0L Mux' doesn't exist - skipping
05-28 18:11:50.303 W/audio_route( 248): Control 'DACR Mixer AIF1DA0R Switch' doesn't exist - skipping
05-28 18:11:50.303 W/audio_route( 248): Control 'DACL Mixer AIF1DA0L Switch' doesn't exist - skipping
05-28 18:11:50.303 W/audio_route( 248): Control 'AIF1OUT0L Mux' doesn't exist - skipping
05-28 18:11:50.303 W/audio_route( 248): Control 'AIF1OUT0R Mux' doesn't exist - skipping
05-28 18:11:50.304 W/audio_route( 248): Control 'AIF1 AD0L Mixer ADCL Switch' doesn't exist - skipping
05-28 18:11:50.304 W/audio_route( 248): Control 'AIF1 AD0R Mixer ADCR Switch' doesn't exist - skipping
05-28 18:11:50.304 W/audio_route( 248): Control 'ADCR Mux' doesn't exist - skipping
05-28 18:11:50.304 W/audio_route( 248): Control 'ADCL Mux' doesn't exist - skipping
05-28 18:11:50.304 W/audio_route( 248): Control 'HP_R Mux' doesn't exist - skipping
05-28 18:11:50.304 W/audio_route( 248): Control 'HP_L Mux' doesn't exist - skipping
05-28 18:11:50.304 W/audio_route( 248): Control 'HP_R Mux' doesn't exist - skipping
05-28 18:11:50.304 W/audio_route( 248): Control 'HP_L Mux' doesn't exist - skipping
05-28 18:11:50.304 W/audio_route( 248): Control 'Right Output Mixer DACR Switch' doesn't exist - skipping
05-28 18:11:50.304 W/audio_route( 248): Control 'Left Output Mixer DACL Switch' doesn't exist - skipping
05-28 18:11:50.304 W/audio_route( 248): Control 'SPK_L Mux' doesn't exist - skipping
05-28 18:11:50.304 W/audio_route( 248): Control 'SPK_R Mux' doesn't exist - skipping
05-28 18:11:50.304 W/audio_route( 248): Control 'External Speaker Switch' doesn't exist - skipping
05-28 18:11:50.304 W/audio_route( 248): Control 'Headphone Switch' doesn't exist - skipping
05-28 18:11:50.304 W/audio_route( 248): Control 'AIF1IN0R Mux' doesn't exist - skipping
05-28 18:11:50.304 W/audio_route( 248): Control 'AIF1IN0L Mux' doesn't exist - skipping
05-28 18:11:50.304 W/audio_route( 248): Control 'DACR Mixer AIF1DA0R Switch' doesn't exist - skipping
05-28 18:11:50.304 W/audio_route( 248): Control 'DACL Mixer AIF1DA0L Switch' doesn't exist - skipping
05-28 18:11:50.304 W/audio_route( 248): Control 'Left Output Mixer DACR Switch' doesn't exist - skipping
05-28 18:11:50.304 W/audio_route( 248): Control 'Left Output Mixer DACL Switch' doesn't exist - skipping
05-28 18:11:50.304 W/audio_route( 248): Control 'SPK_L Mux' doesn't exist - skipping
05-28 18:11:50.304 W/audio_route( 248): Control 'External Speaker Switch' doesn't exist - skipping
05-28 18:11:50.304 W/audio_route( 248): unknown enum value string 0 for ctl LINEOUTL src LR
05-28 18:11:50.304 W/audio_route( 248): unknown enum value string 0 for ctl LINEOUTR src LR
05-28 18:11:50.304 W/audio_route( 248): Control 'DACR Mixer AIF1DA0R Switch' doesn't exist - skipping
05-28 18:11:50.304 W/audio_route( 248): Control 'DACL Mixer AIF1DA0L Switch' doesn't exist - skipping
05-28 18:11:50.304 W/audio_route( 248): Control 'AIF1 AD0L Mixer ADCL Switch' doesn't exist - skipping
05-28 18:11:50.304 W/audio_route( 248): Control 'AIF1 AD0R Mixer ADCR Switch' doesn't exist - skipping
05-28 18:11:50.304 W/audio_route( 248): Control 'Left Output Mixer DACL Switch' doesn't exist - skipping
05-28 18:11:50.304 W/audio_route( 248): Control 'Left Output Mixer DACR Switch' doesn't exist - skipping
05-28 18:11:50.304 W/audio_route( 248): Control 'Right Output Mixer DACL Switch' doesn't exist - skipping
05-28 18:11:50.304 W/audio_route( 248): Control 'Right Output Mixer DACR Switch' doesn't exist - skipping
05-28 18:11:50.304 W/audio_route( 248): Control 'Headphone Switch' doesn't exist - skipping
05-28 18:11:50.304 W/audio_route( 248): Control 'External Speaker Switch' doesn't exist - skipping
05-28 18:11:50.304 W/audio_route( 248): Control 'AIF1OUT0R Mux' doesn't exist - skipping
05-28 18:11:50.304 W/audio_route( 248): Control 'AIF1OUT0L Mux' doesn't exist - skipping
05-28 18:11:50.304 W/audio_route( 248): Control 'AIF1 AD0R Mixer ADCR Switch' doesn't exist - skipping
05-28 18:11:50.304 W/audio_route( 248): Control 'AIF1 AD0L Mixer ADCL Switch' doesn't exist - skipping
05-28 18:11:50.304 W/audio_route( 248): Control 'ADCR Mux' doesn't exist - skipping
05-28 18:11:50.304 W/audio_route( 248): Control 'ADCL Mux' doesn't exist - skipping
05-28 18:11:50.304 W/audio_route( 248): Control 'LADC input Mixer MIC1 boost Switch' doesn't exist - skipping
05-28 18:11:50.304 W/audio_route( 248): Control 'RADC input Mixer MIC1 boost Switch' doesn't exist - skipping
05-28 18:11:50.304 W/audio_route( 248): Control 'AIF1OUT0R Mux' doesn't exist - skipping
05-28 18:11:50.305 W/audio_route( 248): Control 'AIF1OUT0L Mux' doesn't exist - skipping
05-28 18:11:50.305 W/audio_route( 248): Control 'AIF1 AD0R Mixer ADCR Switch' doesn't exist - skipping
05-28 18:11:50.305 W/audio_route( 248): Control 'AIF1 AD0L Mixer ADCL Switch' doesn't exist - skipping
05-28 18:11:50.305 W/audio_route( 248): Control 'ADCR Mux' doesn't exist - skipping
05-28 18:11:50.305 W/audio_route( 248): Control 'ADCL Mux' doesn't exist - skipping
05-28 18:11:50.305 W/audio_route( 248): Control 'MIC2 SRC' doesn't exist - skipping
05-28 18:11:50.305 W/audio_route( 248): Control 'LADC input Mixer MIC2 boost Switch' doesn't exist - skipping
05-28 18:11:50.305 W/audio_route( 248): Control 'RADC input Mixer MIC2 boost Switch' doesn't exist - skipping
05-28 18:11:50.305 W/audio_route( 248): Control 'ADCL Mux' doesn't exist - skipping
05-28 18:11:50.305 W/audio_route( 248): Control 'ADCR Mux' doesn't exist - skipping
05-28 18:11:50.305 W/audio_route( 248): Control 'AIF1 AD0L Mixer ADCL Switch' doesn't exist - skipping
05-28 18:11:50.305 W/audio_route( 248): Control 'AIF1 AD0R Mixer ADCR Switch' doesn't exist - skipping
05-28 18:11:50.305 W/audio_route( 248): Control 'AIF1OUT0L Mux' doesn't exist - skipping
05-28 18:11:50.305 W/audio_route( 248): Control 'AIF1OUT0R Mux' doesn't exist - skipping
05-28 18:11:50.305 W/audio_route( 248): Control 'AIF2 ADC volume' doesn't exist - skipping
05-28 18:11:50.305 W/audio_route( 248): Control 'LEFT ADC input Mixer MIC1 boost Switch' doesn't exist - skipping
05-28 18:11:50.305 W/audio_route( 248): Control 'ADCL Mux' doesn't exist - skipping
05-28 18:11:50.305 W/audio_route( 248): Control 'AIF2 ADL Mixer ADCL Switch' doesn't exist - skipping
05-28 18:11:50.305 W/audio_route( 248): Control 'AIF2OUTL Mux' doesn't exist - skipping
05-28 18:11:50.305 W/audio_route( 248): Control 'AIF2INL Mux' doesn't exist - skipping
05-28 18:11:50.305 W/audio_route( 248): Control 'AIF2INL Mux switch aif2inl aif2Switch' doesn't exist - skipping
05-28 18:11:50.305 W/audio_route( 248): Control 'DACL Mixer AIF2DACL Switch' doesn't exist - skipping
05-28 18:11:50.305 W/audio_route( 248): Control 'Right Output Mixer DACL Switch' doesn't exist - skipping
05-28 18:11:50.305 W/audio_route( 248): Control 'Left Output Mixer DACL Switch' doesn't exist - skipping
05-28 18:11:50.305 W/audio_route( 248): Control 'SPK_L Mux' doesn't exist - skipping
05-28 18:11:50.305 W/audio_route( 248): Control 'SPK_R Mux' doesn't exist - skipping
05-28 18:11:50.305 W/audio_route( 248): Control 'External Speaker Switch' doesn't exist - skipping
05-28 18:11:50.305 W/audio_route( 248): Control 'AIF2 ADC volume' doesn't exist - skipping
05-28 18:11:50.305 W/audio_route( 248): Control 'MIC2 SRC' doesn't exist - skipping
05-28 18:11:50.305 W/audio_route( 248): Control 'LEFT ADC input Mixer MIC2 boost Switch' doesn't exist - skipping
05-28 18:11:50.305 W/audio_route( 248): Control 'ADCL Mux' doesn't exist - skipping
