--------- beginning of main
05-28 18:11:42.416 W/lowmemorykiller( 178): LMKD : whitelist android.signature.cts.api.hiddenapi_blacklist_api_27;android.signature.cts.api.hiddenapi_blacklist_api_28;android.signature.cts.api.hiddenapi_blacklist_current;android.media.cts;android.process.media;com.antutu.ABenchMark;com.antutu.benchmark.full;com.antutu.benchmark.full:unity;com.antutu.ABenchMark:push;com.futuremark.dmandroid.application;com.allwinner.batterytest;cn.xender;com.socialnmobile.dictapps.notepad.color.note;org.videolan.vlc;
05-28 18:11:42.417 I/lowmemorykiller( 178): Using psi monitors for memory pressure detection
05-28 18:11:42.419 I/lowmemorykiller( 178): Process polling is supported --------- beginning of kernel
05-28 18:11:40.490 I/usbcore ( 1): registered new interface driver ums-isd200
05-28 18:11:40.490 I/usbcore ( 1): registered new interface driver ums-jumpshot
05-28 18:11:40.490 I/usbcore ( 1): registered new interface driver ums-karma
05-28 18:11:40.490 I/usbcore ( 1): registered new interface driver ums-onetouch
05-28 18:11:40.490 I/usbcore ( 1): registered new interface driver ums-realtek
05-28 18:11:40.490 I/usbcore ( 1): registered new interface driver ums-sddr09
05-28 18:11:40.490 I/usbcore ( 1): registered new interface driver ums-sddr55
05-28 18:11:40.490 I/usbcore ( 1): registered new interface driver ums-usbat
05-28 18:11:40.490 I/usbcore ( 1): registered new interface driver xpad
05-28 18:11:40.490 I/usbcore ( 1): registered new interface driver usb_acecad
05-28 18:11:40.490 I/usbcore ( 1): registered new interface driver aiptek
05-28 18:11:40.490 I/usbcore ( 1): registered new interface driver gtco
05-28 18:11:40.490 I/usbcore ( 1): registered new interface driver hanwang
05-28 18:11:40.490 I/usbcore ( 1): registered new interface driver kbtab
05-28 18:11:40.490 E/axp2101_pek( 1): axp2101-pek can not register without irq
05-28 18:11:40.498 W/axp2101-pek( 1): probe of axp2101-pek.0 failed with error -22
05-28 18:11:40.498 E/sunxi-rtc 7000000.rtc( 1): reset_control_get() failed
05-28 18:11:40.505 W/sunxi-rtc 7000000.rtc( 1): Fail to get clock 'rtc-spi'
05-28 18:11:40.506 I/sunxi-rtc 7000000.rtc( 1): registered as rtc0
05-28 18:11:40.506 I/sunxi-rtc 7000000.rtc( 1): setting system clock to 2025-05-28T10:11:40 UTC (1748427100)
05-28 18:11:40.506 I/sunxi-rtc 7000000.rtc( 1): sunxi rtc probed
05-28 18:11:40.506 I/ ( 1): i2c /dev entries driver
05-28 18:11:40.506 I/ ( 1): IR NEC protocol handler initialized
05-28 18:11:40.506 I/ ( 1): IR RC5(x/sz) protocol handler initialized
05-28 18:11:40.506 I/usbcore ( 1): registered new interface driver uvcvideo
05-28 18:11:40.506 I/ ( 1): USB Video Class driver (1.1.1)
05-28 18:11:40.506 D/ ( 1): sunxi cedar version 1.1
05-28 18:11:40.506 I/sunxi-cedar 1c0e000.ve( 1): Adding to iommu group 0
05-28 18:11:40.506 D/VE ( 1): install start!!!
05-28 18:11:40.507 I/VE ( 1): cedar-ve the get irq is 20
05-28 18:11:40.507 I/VE ( 1): ve_debug_proc_info:(____ptrval____), data:(____ptrval____), lock:(____ptrval____)
05-28 18:11:40.507 D/VE ( 1): install end!!!
05-28 18:11:40.507 I/sunxi-cedar soc@3000000( 1): ve1@1c0e000: Adding to iommu group 0
05-28 18:11:40.507 I/VE ( 1): device ve1 just use to add iommu master
05-28 18:11:40.507 I/sunxi-wdt 30090a0.watchdog( 1): Watchdog enabled (timeout=16 sec, nowayout=0)
05-28 18:11:40.508 I/device-mapper( 1): uevent: version 1.0.3
05-28 18:11:40.508 I/device-mapper( 1): ioctl: 4.41.0-ioctl (2019-09-16) initialised: dm-devel@redhat.com
05-28 18:11:40.509 I/hidraw ( 1): raw HID events driver (C) Jiri Kosina
05-28 18:11:40.512 I/usbcore ( 1): registered new interface driver usbhid
05-28 18:11:40.512 I/usbhid ( 1): USB HID core driver
05-28 18:11:40.512 I/ashmem ( 1): initialized
05-28 18:11:40.512 I/optee ( 1): probing for conduit method from DT.
05-28 18:11:40.512 I/optee ( 1): revision 2.5
05-28 18:11:40.513 I/optee ( 1): initialized driver
05-28 18:11:40.513 D/ ( 1): drm_base=0x40000000
05-28 18:11:40.513 D/ ( 1): drm_size=0x0
05-28 18:11:40.513 D/ ( 1): tee_base=0x2000000
05-28 18:11:40.513 I/usbcore ( 1): registered new interface driver snd-usb-audio
05-28 18:11:40.513 I/netem ( 1): version 1.3
05-28 18:11:40.513 I/ ( 1): u32 classifier
05-28 18:11:40.513 I/ ( 1): input device check on
05-28 18:11:40.513 I/ ( 1): Actions configured
05-28 18:11:40.514 I/xt_time ( 1): kernel timezone is -0000
05-28 18:11:40.514 I/ipip ( 1): IPv4 and MPLS over IPv4 tunneling driver
05-28 18:11:40.514 I/gre ( 1): GRE over IPv4 demultiplexor driver
05-28 18:11:40.514 I/ip_gre ( 1): GRE over IPv4 tunneling driver
05-28 18:11:40.515 I/ ( 1): IPv4 over IPsec tunneling driver
05-28 18:11:40.516 I/ ( 1): Initializing XFRM netlink socket
05-28 18:11:40.516 I/ ( 1): IPsec XFRM device driver
05-28 18:11:40.516 I/NET ( 1): Registered protocol family 10
05-28 18:11:40.517 I/ ( 1): Segment Routing with IPv6
05-28 18:11:40.517 I/mip6 ( 1): Mobile IPv6
05-28 18:11:40.518 I/sit ( 1): IPv6, IPv4 and MPLS over IPv4 tunneling driver
05-28 18:11:40.518 I/ip6_gre ( 1): GRE over IPv6 tunneling driver
05-28 18:11:40.519 I/NET ( 1): Registered protocol family 17
05-28 18:11:40.519 I/NET ( 1): Registered protocol family 15
05-28 18:11:40.519 I/Bluetooth( 1): RFCOMM TTY layer initialized
05-28 18:11:40.519 I/Bluetooth( 1): RFCOMM socket layer initialized
05-28 18:11:40.519 I/Bluetooth( 1): RFCOMM ver 1.11
05-28 18:11:40.519 I/Bluetooth( 1): HIDP (Human Interface Emulation) ver 1.2
05-28 18:11:40.519 I/Bluetooth( 1): HIDP socket layer initialized
05-28 18:11:40.519 I/l2tp_core( 1): L2TP core driver, V2.0
05-28 18:11:40.519 I/l2tp_ppp( 1): PPPoL2TP kernel driver, V2.0
05-28 18:11:40.519 I/tipc ( 1): Activated (version 2.0.0)
05-28 18:11:40.519 I/NET ( 1): Registered protocol family 30
05-28 18:11:40.519 I/tipc ( 1): Started in single node mode
05-28 18:11:40.520 I/ ( 1): registered taskstats version 1
05-28 18:11:40.520 I/ ( 1): Loading compiled-in X.509 certificates
05-28 18:11:40.520 I/ ( 1): Key type ._fscrypt registered
05-28 18:11:40.520 I/ ( 1): Key type .fscrypt registered
05-28 18:11:40.520 I/ ( 1): Key type fscrypt-provisioning registered
05-28 18:11:40.520 I/ ( 1): HDMI 2.0 driver init start!
05-28 18:11:40.520 I/ ( 1): boot_hdmi=true
05-28 18:11:40.522 I/ ( 1): Can not find the node of esm
05-28 18:11:40.522 E/ ( 1): ERROR: pinctrl_get for HDMI2.0 DDC fail
05-28 18:11:40.528 I/Get hdmi_power0( 1): aldo1
05-28 18:11:42.467 W/SELinux ( 179): Multiple same specifications for softwinner\.multiir.
05-28 18:11:40.528 W/ ( 1): (NULL device *): deviceless supply aldo1 not found, using dummy regulator
05-28 18:11:40.528 I/Get hdmi_power1( 1): dcdc1
05-28 18:11:40.528 W/ ( 1): (NULL device *): deviceless supply dcdc1 not found, using dummy regulator
05-28 18:11:40.529 I/ ( 1): hdmi_cec_init
05-28 18:11:40.529 W/[DISP] disp_device_attached,line( 17): 159:
05-28 18:11:42.468 I/SELinux ( 179): SELinux: Loaded service_contexts from:
05-28 18:11:40.529 W/ ( 17): attached ok, mgr0<-->device0, type=4
05-28 18:11:42.468 I/SELinux ( 179): /system/etc/selinux/plat_service_contexts
05-28 18:11:42.468 I/SELinux ( 179): /system_ext/etc/selinux/system_ext_service_contexts
05-28 18:11:42.468 I/SELinux ( 179): /vendor/etc/selinux/vendor_service_contexts
05-28 18:11:40.530 I/[HDMI receive params]( 17): tv mode: 0xa format:0x1 data bits:0x0 eotf:0x4 cs:0x101 dvi_hdmi:2 range:2 scan:0 aspect_ratio:8
05-28 18:11:40.530 W/[DISP] disp_hdmi_set_mode,line( 17): 681:
05-28 18:11:40.530 W/ ( 17): hdmi_set_mode is null!
05-28 18:11:40.531 I/ ( 1): HDMI2.0 module init end
05-28 18:11:40.531 E/ ( 1): tv_probe()1574 - of_property_read_string tv_power failed!
05-28 18:11:40.539 D/ ( 1): tv probe finished!
05-28 18:11:40.591 W/[DISP] de_rtmx_mgr_apply,line( 17): 456:
05-28 18:11:40.591 W/ ( 17): ctx->output.hdr_type=0
05-28 18:11:40.591 W/[DISP] de_rtmx_mgr_apply,line( 17): 474:
05-28 18:11:40.591 W/ ( 17): ctx->output.hdr_type=0
05-28 18:11:40.627 I/sun50iw9-pinctrl 300b000.pinctrl( 35): initialized sunXi PIO driver
05-28 18:11:40.628 W/sun50iw9-pinctrl 300b000.pinctrl( 35): 300b000.pinctrl supply vcc-pc not found, using dummy regulator
05-28 18:11:40.628 I/sunxi-mmc 4022000.sdmmc( 35): SD/MMC/SDIO Host Controller Driver(v4.20 2021-12-17 11:02)
05-28 18:11:40.628 I/sunxi-mmc 4022000.sdmmc( 35): ***ctl-spec-caps*** 308
05-28 18:11:40.629 I/sunxi-mmc 4022000.sdmmc( 35): No vdmmc regulator found
05-28 18:11:40.629 I/sunxi-mmc 4022000.sdmmc( 35): No vd33sw regulator found
05-28 18:11:40.629 I/sunxi-mmc 4022000.sdmmc( 35): No vd18sw regulator found
05-28 18:11:40.629 I/sunxi-mmc 4022000.sdmmc( 35): No vq33sw regulator found
05-28 18:11:40.629 I/sunxi-mmc 4022000.sdmmc( 35): No vq18sw regulator found
05-28 18:11:40.629 W/sunxi-mmc 4022000.sdmmc( 35): Cann't get pin bias hs pinstate,check if needed
05-28 18:11:40.630 I/sunxi-mmc 4022000.sdmmc( 35): sdc set ios:clk 0Hz bm PP pm UP vdd 23 width 1 timing LEGACY(SDR12) dt B
05-28 18:11:40.642 I/sunxi-mmc 4022000.sdmmc( 35): sdc set ios:clk 400000Hz bm PP pm ON vdd 23 width 1 timing LEGACY(SDR12) dt B
05-28 18:11:40.655 I/sunxi-mmc 4022000.sdmmc( 35): detmode:alway in(non removable)
05-28 18:11:40.656 I/sunxi-mmc 4020000.sdmmc( 35): SD/MMC/SDIO Host Controller Driver(v4.20 2021-12-17 11:02)
05-28 18:11:40.656 I/sunxi-mmc 4020000.sdmmc( 35): ***ctl-spec-caps*** 8
05-28 18:11:40.656 I/sunxi-mmc 4022000.sdmmc( 127): sdc set ios:clk 400000Hz bm PP pm ON vdd 23 width 1 timing LEGACY(SDR12) dt B
05-28 18:11:40.657 I/sunxi-mmc 4020000.sdmmc( 35): No vqmmc regulator found
05-28 18:11:40.657 I/sunxi-mmc 4020000.sdmmc( 35): No vdmmc regulator found
05-28 18:11:40.658 W/sun50iw9-pinctrl 300b000.pinctrl( 35): 300b000.pinctrl supply vcc-pi not found, using dummy regulator
05-28 18:11:40.658 I/sunxi-mmc 4020000.sdmmc( 35): Got CD GPIO
05-28 18:11:40.658 I/sunxi-mmc 4020000.sdmmc( 35): sdc set ios:clk 0Hz bm PP pm UP vdd 23 width 1 timing LEGACY(SDR12) dt B
05-28 18:11:40.658 I/sunxi-mmc 4020000.sdmmc( 35): no vqmmc,Check if there is regulator
05-28 18:11:40.659 I/sunxi-mmc 4022000.sdmmc( 127): sdc set ios:clk 400000Hz bm PP pm ON vdd 23 width 1 timing LEGACY(SDR12) dt B
05-28 18:11:40.661 I/sunxi-mmc 4022000.sdmmc( 127): sdc set ios:clk 400000Hz bm OD pm ON vdd 23 width 1 timing LEGACY(SDR12) dt B
05-28 18:11:40.671 I/sunxi-mmc 4020000.sdmmc( 35): sdc set ios:clk 400000Hz bm PP pm ON vdd 23 width 1 timing LEGACY(SDR12) dt B
05-28 18:11:40.684 I/sunxi-mmc 4020000.sdmmc( 35): detmode:gpio irq
05-28 18:11:40.684 I/sunxi-mmc 4021000.sdmmc( 35): SD/MMC/SDIO Host Controller Driver(v4.20 2021-12-17 11:02)
05-28 18:11:40.684 I/sunxi-mmc 4021000.sdmmc( 35): ***ctl-spec-caps*** 8
05-28 18:11:40.684 I/sunxi-mmc 4020000.sdmmc( 130): sdc set ios:clk 0Hz bm PP pm OFF vdd 0 width 1 timing LEGACY(SDR12) dt B
05-28 18:11:40.685 I/sunxi-mmc 4021000.sdmmc( 35): No vdmmc regulator found
05-28 18:11:40.685 I/sunxi-mmc 4021000.sdmmc( 35): No vd33sw regulator found
05-28 18:11:40.685 I/sunxi-mmc 4021000.sdmmc( 35): No vd18sw regulator found
05-28 18:11:40.685 I/sunxi-mmc 4021000.sdmmc( 35): No vq33sw regulator found
05-28 18:11:40.685 I/sunxi-mmc 4021000.sdmmc( 35): No vq18sw regulator found
05-28 18:11:40.685 W/sunxi-mmc 4021000.sdmmc( 35): Cann't get sleep pinstate,check if needed
05-28 18:11:40.686 I/sunxi-mmc 4021000.sdmmc( 35): sdc set ios:clk 0Hz bm PP pm UP vdd 23 width 1 timing LEGACY(SDR12) dt B
05-28 18:11:40.698 I/sunxi-mmc 4021000.sdmmc( 35): sdc set ios:clk 400000Hz bm PP pm ON vdd 23 width 1 timing LEGACY(SDR12) dt B
05-28 18:11:40.711 I/sunxi-mmc 4021000.sdmmc( 35): detmode:manually by software
05-28 18:11:40.711 I/sunxi-mmc 4022000.sdmmc( 127): sdc set ios:clk 400000Hz bm OD pm ON vdd 23 width 1 timing LEGACY(SDR12) dt B
05-28 18:11:40.711 I/sunxi-mmc 4022000.sdmmc( 127): sdc set ios:clk 400000Hz bm OD pm ON vdd 23 width 1 timing LEGACY(SDR12) dt B
05-28 18:11:40.711 W/sun50iw9-pinctrl 300b000.pinctrl( 35): 300b000.pinctrl supply vcc-ph not found, using dummy regulator
05-28 18:11:40.712 E/uart0 ( 35): get regulator failed
05-28 18:11:40.717 W/uart0 ( 35): uart0 supply uart not found, using dummy regulator
05-28 18:11:40.717 E/uart0 ( 35): uart0 error to get fifo size property
05-28 18:11:40.724 I/uart0 ( 35): ttyAS0 at MMIO 0x5000000 (irq = 43, base_baud = 1500000) is a SUNXI
05-28 18:11:40.724 W/ ( 35): sw_console_setup()1807 - console setup baud 115200 parity n bits 8, flow n
05-28 18:11:40.724 I/printk ( 35): console [ttyAS0] enabled
05-28 18:11:40.724 I/printk ( 35): bootconsole [uart8250] disabled
05-28 18:11:40.724 E/uart1 ( 35): get regulator failed
05-28 18:11:40.730 I/sunxi-mmc 4022000.sdmmc( 127): sdc set ios:clk 400000Hz bm OD pm ON vdd 23 width 1 timing LEGACY(SDR12) dt B
05-28 18:11:40.730 I/sunxi-mmc 4021000.sdmmc( 130): sdc set ios:clk 400000Hz bm PP pm ON vdd 23 width 1 timing LEGACY(SDR12) dt B
05-28 18:11:40.730 W/uart1 ( 35): uart1 supply uart not found, using dummy regulator
05-28 18:11:40.730 I/uart1 ( 35): ttyAS1 at MMIO 0x5000400 (irq = 44, base_baud = 1500000) is a SUNXI
05-28 18:11:40.731 W/spi1 ( 35): spi1 supply spi not found, using dummy regulator
05-28 18:11:42.475 I/hwservicemanager( 180): getFrameworkHalManifest: Reading VINTF information.
05-28 18:11:40.731 W/ ( 35): sunxi_spi_resource_get()2061 - [spi1] SPI MASTER MODE
05-28 18:11:40.731 W/ ( 35): sunxi_spi_clk_init()2137 - [spi1] mclk 100000000
05-28 18:11:40.731 W/ ( 35): sunxi_spi_probe()2541 - [spi1]: driver probe succeed, base ffffffc013dd6000, irq 46
05-28 18:11:40.733 E/sun50iw9-pinctrl 300b000.pinctrl( 35): unsupported function io_disabled on pin PA0
05-28 18:11:40.742 I/sunxi-mmc 4021000.sdmmc( 130): sdc set ios:clk 400000Hz bm PP pm ON vdd 23 width 1 timing LEGACY(SDR12) dt B
05-28 18:11:40.743 E/sun50iw9-pinctrl 300b000.pinctrl( 35): unsupported function io_disabled on pin PA1
05-28 18:11:40.752 E/sun50iw9-pinctrl 300b000.pinctrl( 35): unsupported function io_disabled on pin PA2
05-28 18:11:40.762 E/sun50iw9-pinctrl 300b000.pinctrl( 35): unsupported function io_disabled on pin PA3
05-28 18:11:40.772 E/sun50iw9-pinctrl 300b000.pinctrl( 35): unsupported function io_disabled on pin PA4
05-28 18:11:40.782 E/sun50iw9-pinctrl 300b000.pinctrl( 35): unsupported function io_disabled on pin PA5
05-28 18:11:40.792 E/sun50iw9-pinctrl 300b000.pinctrl( 35): unsupported function io_disabled on pin PA6
05-28 18:11:40.802 E/sun50iw9-pinctrl 300b000.pinctrl( 35): unsupported function io_disabled on pin PA7
05-28 18:11:40.812 E/sun50iw9-pinctrl 300b000.pinctrl( 35): unsupported function io_disabled on pin PA8
05-28 18:11:40.822 E/sun50iw9-pinctrl 300b000.pinctrl( 35): unsupported function io_disabled on pin PA9
05-28 18:11:40.832 W/sun50iw9-pinctrl 300b000.pinctrl( 35): 300b000.pinctrl supply vcc-pa not found, using dummy regulator
05-28 18:11:40.832 I/ ( 35): sunxi gmac driver's version: 1.0.0
05-28 18:11:40.832 I/gmac-power0( 35): NULL
05-28 18:11:40.832 I/gmac-power1( 35): NULL
05-28 18:11:40.832 I/gmac-power2( 35): NULL
05-28 18:11:40.833 D/eth0 MAC( 35): 20:2:fe:19:c1:fd
05-28 18:11:40.834 E/sunxi_ir_startup( 35): get ir protocol failed
05-28 18:11:40.834 I/ ( 35): Registered IR keymap rc_map_sunxi
05-28 18:11:40.840 I/[ C0] random( 0): fast init done
05-28 18:11:40.841 I/rc0 ( 35): sunxi-ir as /devices/platform/soc@3000000/7040000.s_cir/rc/rc0
05-28 18:11:40.841 I/input ( 35): sunxi-ir as /devices/platform/soc@3000000/7040000.s_cir/rc/rc0/s_cir_rx
05-28 18:11:40.842 I/sunxi-mmc 4022000.sdmmc( 127): sdc set ios:clk 400000Hz bm PP pm ON vdd 23 width 1 timing LEGACY(SDR12) dt B
05-28 18:11:40.842 E/ ( 35): failed to get standby led pin assign
05-28 18:11:40.848 E/ ( 35): failed to get network led pin assign
05-28 18:11:40.854 E/ ( 35): failed to get gpio_sdcard_reused assign
05-28 18:11:40.860 I/ ( 35): gpio_pin_1(230) gpio_is_valid
05-28 18:11:40.860 I/ ( 35): gpio_pin_2(229) gpio_is_valid
05-28 18:11:40.861 I/gpio ( 35): 230, name: PH6, ret = 0
05-28 18:11:40.861 I/gpio ( 35): 229, name: PH5, ret = 0
05-28 18:11:40.861 I/ ( 35): gpio-sunxi probe success
05-28 18:11:40.863 I/sunxi-mmc 4021000.sdmmc( 130): sdc set ios:clk 400000Hz bm PP pm ON vdd 23 width 4 timing LEGACY(SDR12) dt B
05-28 18:11:40.863 W/energy_model( 35): pd0: hertz/watts ratio non-monotonically decreasing: em_cap_state 1 >= em_cap_state0
05-28 18:11:40.864 D/energy_model( 35): Created perf domain 0-3
05-28 18:11:40.864 I/sunxi-mmc 4021000.sdmmc( 130): sdc set ios:clk 400000Hz bm PP pm ON vdd 23 width 4 timing UHS-SDR104 dt B
05-28 18:11:40.864 I/sunxi-mmc 4021000.sdmmc( 130): sdc set ios:clk 150000000Hz bm PP pm ON vdd 23 width 4 timing UHS-SDR104 dt B
05-28 18:11:40.865 I/mmc2 ( 130): new ultra high speed SDR104 SDIO card at address 8800
05-28 18:11:40.876 E/sunxi-mmc 4022000.sdmmc( 127): avoid to switch power_off_notification to POWERED_ON(0x01)
05-28 18:11:40.887 E/sunxi-mmc 4022000.sdmmc( 127): avoid to switch power_off_notification to POWERED_ON(0x01)
05-28 18:11:40.888 F/FD650 ( 1): fd650_driver_init: FD650 Driver init.
05-28 18:11:40.898 E/sunxi-mmc 4022000.sdmmc( 127): avoid to switch power_off_notification to POWERED_ON(0x01)
05-28 18:11:40.905 F/FD650 ( 1): NOTE: register_fd650_driver:::register fd650 driver success
05-28 18:11:40.915 E/sunxi-mmc 4022000.sdmmc( 127): avoid to switch power_off_notification to POWERED_ON(0x01)
05-28 18:11:40.928 W/ ( 1): [sound 145][COMMON snd_sunxi_pa_pin_init] pa_pin_max get failed, default 0
05-28 18:11:40.935 I/ ( 124): HDMI cable is connected
05-28 18:11:40.935 I/sunxi-mmc 4022000.sdmmc( 127): sdc set ios:clk 400000Hz bm PP pm ON vdd 23 width 8 timing LEGACY(SDR12) dt B
05-28 18:11:40.935 I/[sound 1022][SPDIF snd_sunxi_dts_params_init] playback_cma( 1): 128
05-28 18:11:40.935 I/[sound 1023][SPDIF snd_sunxi_dts_params_init] capture_cma( 1): 128
05-28 18:11:40.935 I/[sound 1024][SPDIF snd_sunxi_dts_params_init] tx_fifo_size( 1): 128
05-28 18:11:40.935 I/[sound 1025][SPDIF snd_sunxi_dts_params_init] rx_fifo_size( 1): 64
05-28 18:11:40.937 E/debugfs ( 1): Directory 'soc@3000000:codec_plat' with parent 'audiocodec' already present!
05-28 18:11:40.948 I/sunxi-mmc 4022000.sdmmc( 127): sdc set ios:clk 400000Hz bm PP pm ON vdd 23 width 8 timing MMC-HS200 dt B
05-28 18:11:40.948 I/sunxi-snd-mach soc@3000000( 1): codec_mach: 5096000.codec <-> soc@3000000:codec_plat mapping ok
05-28 18:11:40.948 I/sunxi-mmc 4022000.sdmmc( 127): sdc set ios:clk 100000000Hz bm PP pm ON vdd 23 width 8 timing MMC-HS200 dt B
05-28 18:11:40.948 I/sunxi-mmc 4022000.sdmmc( 127): sdc set ios:clk 100000000Hz bm PP pm ON vdd 23 width 8 timing MMC-HS(SDR20) dt B
05-28 18:11:40.948 I/sunxi-mmc 4022000.sdmmc( 127): sdc set ios:clk 52000000Hz bm PP pm ON vdd 23 width 8 timing MMC-HS(SDR20) dt B
05-28 18:11:40.949 I/sunxi-mmc 4022000.sdmmc( 127): sdc set ios:clk 50000000Hz bm PP pm ON vdd 23 width 8 timing MMC-HS400 dt B
05-28 18:11:40.949 I/sunxi-mmc 4022000.sdmmc( 127): sdc set ios:clk 100000000Hz bm PP pm ON vdd 23 width 8 timing MMC-HS400 dt B
05-28 18:11:40.949 I/mmc0 ( 127): new HS400 MMC card at address 0001
05-28 18:11:40.949 E/debugfs ( 1): Directory '5093000.spdif_plat' with parent 'sndspdif' already present!
05-28 18:11:40.950 I/mmcblk0 ( 127): mmc0:0001 AT3SFB 29.1 GiB
05-28 18:11:40.960 I/mmcblk0boot0( 127): mmc0:0001 AT3SFB partition 1 4.00 MiB
05-28 18:11:40.960 I/mmcblk0boot1( 127): mmc0:0001 AT3SFB partition 2 4.00 MiB
05-28 18:11:40.960 I/mmcblk0rpmb( 127): mmc0:0001 AT3SFB partition 3 4.00 MiB, chardev (244:0)
05-28 18:11:40.961 I/sunxi-snd-mach soc@3000000( 1): spdif_mach: snd-soc-dummy-dai <-> 5093000.spdif_plat mapping ok
05-28 18:11:40.962 I/sunxi-snd-mach soc@3000000( 1): ahub_dam_mach: snd-soc-dummy-dai <-> 5097000.ahub_dam_plat mapping ok
05-28 18:11:40.963 E/debugfs ( 1): Directory 'soc@3000000:ahub1_plat' with parent 'ahubhdmi' already present!
05-28 18:11:40.963 I/mmcblk0 ( 127): p1 p2 p3 p4 p5 p6 p7 p8 p9 p10 p11 p12 p13 p14 p15 p16 p17 p18 p19 p20 p21 p22 p23 p24 p25
05-28 18:11:40.974 I/sunxi-snd-mach soc@3000000( 1): ahub1_mach: snd-soc-dummy-dai <-> soc@3000000:ahub1_plat mapping ok
05-28 18:11:40.975 E/debugfs ( 1): Directory 'soc@3000000:ahub2_plat' with parent 'ahubi2s2' already present!
05-28 18:11:40.986 I/sunxi-snd-mach soc@3000000( 1): ahub2_mach: snd-soc-dummy-dai <-> soc@3000000:ahub2_plat mapping ok
05-28 18:11:40.987 I/cfg80211( 1): Loading compiled-in X.509 certificates for regulatory database
05-28 18:11:40.988 I/cfg80211( 1): Loaded X.509 cert 'sforshee: 00b28ddf47aef9cea7'
05-28 18:11:40.988 W/clk ( 1): Not disabling unused clocks
05-28 18:11:40.988 E/ ( 1): get_key_map_info()187 - Failed to find "oe" in dts.
05-28 18:11:40.996 E/ ( 0): [ C0] sunxi-i2c sunxi-i2c5: SLA+W has been transmitted; ACK not received
05-28 18:11:40.996 W/platform regulatory.0( 17): Direct firmware load for regulatory.db failed with error -2
05-28 18:11:41.005 W/platform regulatory.0( 17): Falling back to sysfs fallback for: regulatory.db
05-28 18:11:41.005 E/sunxi-i2c5( 1): engine-mode: xfer failed(dev addr:0x10)
05-28 18:11:41.013 I/ ( 1): of_property_read_string ac200.tv_regulator_name fail
05-28 18:11:41.013 E/ ( 1): [ac200] get ave_regulator_name failed!
05-28 18:11:41.020 E/ ( 1): [ac200] pwm enable
05-28 18:11:41.024 I/ ( 1): ALSA device list:
05-28 18:11:41.024 I/ ( 1): #0: audiocodec
05-28 18:11:41.024 I/ ( 1): #1: sndspdif
05-28 18:11:41.024 I/ ( 1): #2: ahubdam
05-28 18:11:41.024 I/ ( 1): #3: ahubhdmi
05-28 18:11:41.024 I/ ( 1): #4: ahubi2s2
05-28 18:11:41.024 W/alloc_fd( 1): slot 0 not NULL!
05-28 18:11:41.025 I/ ( 1): Freeing unused kernel memory: 1088K
05-28 18:11:41.039 E/ ( 1): Kernel init done
05-28 18:11:42.484 I/hwservicemanager( 180): getDeviceHalManifest: Reading VINTF information.
05-28 18:11:42.485 I/SELinux ( 181): SELinux: Loaded service_contexts from:
05-28 18:11:42.485 I/SELinux ( 181): /vendor/etc/selinux/vndservice_contexts
05-28 18:11:41.043 I/ ( 1): Run /init as init process
05-28 18:11:41.116 I/init ( 1): init first stage started!
05-28 18:11:41.116 I/init ( 1): Unable to open /lib/modules, skipping module loading.
05-28 18:11:41.116 I/init ( 1): Copied ramdisk prop to /second_stage_resources/system/etc/ramdisk/build.prop
05-28 18:11:41.116 I/init ( 1): Switching root to '/first_stage_ramdisk'
05-28 18:11:41.117 I/init ( 1): [libfs_mgr]ReadFstabFromDt(): failed to read fstab from dt
05-28 18:11:41.119 I/init ( 1): Using Android DT directory /proc/device-tree/firmware/android/
05-28 18:11:41.142 I/init ( 1): [libfs_mgr]superblock s_max_mnt_count:65535,/dev/block/by-name/metadata
05-28 18:11:41.143 W/EXT4-fs (mmcblk0p19)( 1): Ignoring removed nomblk_io_submit option
05-28 18:11:41.144 I/EXT4-fs (mmcblk0p19)( 1): mounted filesystem with ordered data mode. Opts: errors=remount-ro,nomblk_io_submit
05-28 18:11:41.144 W/ ( 1): ext4 filesystem being mounted at /metadata supports timestamps until 2038 (0x7fffffff)
05-28 18:11:41.145 I/init ( 1): [libfs_mgr]check_fs(): mount(/dev/block/by-name/metadata,/metadata,ext4)=0: Success
05-28 18:11:41.146 I/init ( 1): [libfs_mgr]check_fs(): unmount(/metadata) succeeded
05-28 18:11:41.146 I/init ( 1): [libfs_mgr]Running /system/bin/e2fsck on /dev/block/mmcblk0p19
05-28 18:11:41.148 I/random ( 148): e2fsck: uninitialized urandom read (40 bytes read)
05-28 18:11:41.149 I/e2fsck ( 1): e2fsck 1.45.4 (23-Sep-2019)
05-28 18:11:41.152 I/e2fsck ( 1): /dev/block/by-name/metadata: clean, 30/4096 files, 1191/4096 blocks
05-28 18:11:41.154 I/EXT4-fs (mmcblk0p19)( 1): mounted filesystem with ordered data mode. Opts: errors=panic
05-28 18:11:41.154 W/ ( 1): ext4 filesystem being mounted at /metadata supports timestamps until 2038 (0x7fffffff)
05-28 18:11:41.159 I/random ( 1): init: uninitialized urandom read (16 bytes read)
05-28 18:11:41.160 I/random ( 1): init: uninitialized urandom read (16 bytes read)
05-28 18:11:41.166 I/EXT4-fs (dm-0)( 1): mounted filesystem without journal. Opts: barrier=1
05-28 18:11:41.173 I/EXT4-fs (dm-1)( 1): mounted filesystem without journal. Opts: barrier=1
05-28 18:11:41.176 I/EXT4-fs (dm-3)( 1): mounted filesystem without journal. Opts: barrier=1
05-28 18:11:41.179 I/EXT4-fs (dm-2)( 1): mounted filesystem without journal. Opts: barrier=1
05-28 18:11:41.184 I/newfs_msdos( 1): executing /system/bin/newfs_msdos failed: No such file or directory
05-28 18:11:41.184 I/newfs_msdos( 1): newfs_msdos terminated by exit(255)
05-28 18:11:41.188 W/SELinux ( 1): Unable to set superblock options before the security server is initialized
05-28 18:11:41.216 W/printk ( 1): init: 26 output lines suppressed due to ratelimiting
05-28 18:11:41.372 W/init ( 1): DM_DEV_STATUS failed for system_ext_a: No such device or address
05-28 18:11:41.373 E/init ( 1): Could not update logical partition
05-28 18:11:41.379 I/init ( 1): Opening SELinux policy
05-28 18:11:41.388 I/init ( 1): Loading SELinux policy
05-28 18:11:41.406 I/SELinux ( 1): Permission nlmsg_getneigh in class netlink_route_socket not defined in policy.
05-28 18:11:41.406 I/SELinux ( 1): the above unknown classes and permissions will be denied
05-28 18:11:41.406 I/SELinux ( 1): policy capability network_peer_controls=1
05-28 18:11:41.406 I/SELinux ( 1): policy capability open_perms=1
05-28 18:11:41.406 I/SELinux ( 1): policy capability extended_socket_class=1
05-28 18:11:41.406 I/SELinux ( 1): policy capability always_check_network=0
05-28 18:11:41.406 I/SELinux ( 1): policy capability cgroup_seclabel=0
05-28 18:11:41.406 I/SELinux ( 1): policy capability nnp_nosuid_transition=1
05-28 18:11:41.460 W/auditd ( 177): type=1403 audit(0.0:2): auid=4294967295 ses=4294967295 lsm=selinux res=1
05-28 18:11:41.476 I/selinux ( 1): SELinux: Loaded file_contexts
05-28 18:11:41.476 I/selinux ( 1):
05-28 18:11:41.554 I/init ( 1): init second stage started!
05-28 18:11:41.618 I/init ( 1): Using Android DT directory /proc/device-tree/firmware/android/
05-28 18:11:41.626 W/init ( 1): Overriding previous property 'persist.sys.usb.config':'none' with new value 'adb'
05-28 18:11:41.627 W/init ( 1): Overriding previous property 'persist.sys.usb.config':'adb' with new value 'none'
05-28 18:11:41.627 W/init ( 1): Couldn't load property file '/vendor/default.prop': open() failed: No such file or directory: No such file or directory
05-28 18:11:41.633 W/init ( 1): Couldn't load property file '/odm_dlkm/etc/build.prop': open() failed: No such file or directory: No such file or directory
05-28 18:11:41.635 W/init ( 1): Couldn't load property file '/oem/build.prop': open() failed: No such file or directory: No such file or directory
05-28 18:11:41.636 E/init ( 1): Could not set 'ro.boot.dynamic_partitions' to 'true' while loading .prop filesRead-only property was already set
05-28 18:11:41.650 E/init ( 1): Could not set 'ro.boot.dynamic_partitions_retrofit' to 'true' while loading .prop filesRead-only property was already set
05-28 18:11:41.666 I/init ( 1): Setting product property ro.product.brand to 'Dangbei' (from ro.product.product.brand)
05-28 18:11:41.672 I/init ( 1): type=1400 audit(0.0:3): avc: denied { relabelto } for name="kmsg_debug" dev="tmpfs" ino=2152 scontext=u:r:init:s0 tcontext=u:object_r:kmsg_debug_device:s0 tclass=chr_file permissive=1
05-28 18:11:41.724 I//system/bin/init( 1): type=1107 audit(0.0:4): uid=0 auid=4294967295 ses=4294967295 subj=u:r:init:s0 msg='avc: denied { read } for property=init.svc.bootanim pid=0 uid=0 gid=0 scontext=u:r:vendor_init:s0 tcontext=u:object_r:init_service_status_private_prop:s0 tclass=file permissive=1'
05-28 18:11:41.779 E/cgroup1 ( 1): Unknown subsys name 'blkio'
05-28 18:11:41.789 E/cgroup1 ( 1): Unknown subsys name 'memory'
05-28 18:11:41.796 I/init ( 1): type=1400 audit(0.0:5): avc: denied { add_name } for name="prefetch_cluster" scontext=u:r:init:s0 tcontext=u:object_r:sysfs:s0 tclass=dir permissive=1
05-28 18:11:42.000 I/ueventd ( 167): ueventd started!
05-28 18:11:42.005 I/selinux ( 167): SELinux: Loaded file_contexts
05-28 18:11:42.005 I/selinux ( 167):
05-28 18:11:42.005 I/ueventd ( 167): Parsing file /system/etc/ueventd.rc...
05-28 18:11:42.006 I/ueventd ( 167): Added '/vendor/etc/ueventd.rc' to import list
05-28 18:11:42.006 I/ueventd ( 167): Added '/odm/etc/ueventd.rc' to import list
05-28 18:11:42.007 I/ueventd ( 167): Parsing file /vendor/etc/ueventd.rc...
05-28 18:11:42.007 I/ueventd ( 167): Unable to read config file '/vendor/etc/ueventd.rc': open() failed: No such file or directory
05-28 18:11:42.007 I/ueventd ( 167): Parsing file /odm/etc/ueventd.rc...
05-28 18:11:42.007 I/ueventd ( 167): Unable to read config file '/odm/etc/ueventd.rc': open() failed: No such file or directory
05-28 18:11:42.032 I/init ( 169): type=1400 audit(0.0:6): avc: denied { write } for name="kmsg_debug" dev="tmpfs" ino=2152 scontext=u:r:init:s0 tcontext=u:object_r:kmsg_debug_device:s0 tclass=chr_file permissive=1
05-28 18:11:42.032 I/init ( 169): type=1400 audit(0.0:7): avc: denied { open } for path="/dev/kmsg_debug" dev="tmpfs" ino=2152 scontext=u:r:init:s0 tcontext=u:object_r:kmsg_debug_device:s0 tclass=chr_file permissive=1
05-28 18:11:42.128 I/init ( 1): type=1400 audit(0.0:8): avc: denied { mount } for name="/" dev="debugfs" ino=1 scontext=u:r:init:s0 tcontext=u:object_r:debugfs:s0 tclass=filesystem permissive=1
05-28 18:11:42.260 I/sunxi-rfkill soc@3000000( 164): rfkill: module version: v1.0.9
05-28 18:11:42.260 I/sunxi-rfkill soc@3000000( 164): rfkill: chip_en gpio=211 assert=1
05-28 18:11:42.260 E/sunxi-rfkill soc@3000000( 164): rfkill: get gpio power_en failed
05-28 18:11:42.268 I/sunxi-rfkill soc@3000000( 164): rfkill: wlan_busnum (1)
05-28 18:11:42.268 W/sunxi-rfkill soc@3000000( 164): rfkill: Missing wlan_power.
05-28 18:11:42.268 I/sunxi-rfkill soc@3000000( 164): rfkill: wlan clock[0] (osc32k-out)
05-28 18:11:42.268 I/sunxi-rfkill soc@3000000( 164): rfkill: wlan_regon gpio=210 assert=1
05-28 18:11:42.268 I/sunxi-rfkill soc@3000000( 164): rfkill: wlan_hostwake gpio=207 assert=1
05-28 18:11:42.268 I/sunxi-rfkill soc@3000000( 164): rfkill: wakeup source is enabled
05-28 18:11:42.268 W/sunxi-rfkill soc@3000000( 164): rfkill: Missing bt_power.
05-28 18:11:42.268 I/sunxi-rfkill soc@3000000( 164): rfkill: bt clock[0] (osc32k-out)
05-28 18:11:42.268 E/sunxi-rfkill soc@3000000( 164): rfkill: get gpio bt_rst failed
05-28 18:11:42.389 I/ ( 1): Registered swp emulation handler
05-28 18:11:42.436 I/init ( 164): type=1400 audit(0.0:9): avc: denied { add_name } for name="comp_algorithm" scontext=u:r:vendor_init:s0 tcontext=u:object_r:sysfs_zram:s0 tclass=dir permissive=1
05-28 18:11:42.436 I/init ( 164): type=1400 audit(0.0:10): avc: denied { create } for name="comp_algorithm" scontext=u:r:vendor_init:s0 tcontext=u:object_r:sysfs_zram:s0 tclass=file permissive=1
05-28 18:11:42.455 I/logd.auditd( 177): start
05-28 18:11:42.494 I/format_device( 189): Don't need to format /dev/block/by-name/Reserve0
05-28 18:11:42.503 I/fsck.f2fs( 1): Info: Fix the reported corruption.
05-28 18:11:42.504 I/fsck.f2fs( 1): Info: No support kernel version!
05-28 18:11:42.504 I/fsck.f2fs( 1): Info: Segments per section = 1
05-28 18:11:42.504 I/fsck.f2fs( 1): Info: Sections per zone = 1
05-28 18:11:42.504 I/fsck.f2fs( 1): Info: sector size = 512
05-28 18:11:42.504 I/fsck.f2fs( 1): Info: total sectors = 53984223 (26359 MB)
05-28 18:11:42.505 I/fsck.f2fs( 1): Info: MKFS version
05-28 18:11:42.505 I/fsck.f2fs( 1): "5.4.125+"
05-28 18:11:42.505 I/fsck.f2fs( 1): Info: FSCK version
05-28 18:11:42.505 I/fsck.f2fs( 1): from "5.4.125+"
05-28 18:11:42.512 I/F2FS-fs (mmcblk0p25)( 1): Using encoding defined by superblock: utf8-12.1.0 with flags 0x0
05-28 18:11:42.511 I/hwservicemanager( 180): getDeviceHalManifest: Successfully processed VINTF information
05-28 18:11:42.511 I/hwservicemanager( 180): getFrameworkHalManifest: Successfully processed VINTF information
05-28 18:11:42.514 I/hwservicemanager( 180): hwservicemanager is ready now. --------- beginning of system
05-28 18:11:42.533 I/vold ( 188): Vold 3.0 (the awakening) firing up
05-28 18:11:42.534 D/vold ( 188): Detected support for: ext4 f2fs vfat
05-28 18:11:42.540 D/vold ( 188): Found unmanaged dm device named system_a
05-28 18:11:42.540 D/vold ( 188): Found unmanaged dm device named vendor_dlkm_a
05-28 18:11:42.540 D/vold ( 188): Found unmanaged dm device named vendor_a
05-28 18:11:42.540 D/vold ( 188): Found unmanaged dm device named product_a
05-28 18:11:42.544 D/vold ( 188): VoldNativeService::start() completed OK
05-28 18:11:42.547 I/F2FS-fs (mmcblk0p25)( 1): Mounted with checkpoint version = 7fcd83f8
05-28 18:11:42.584 I/init ( 1): type=1400 audit(0.0:11): avc: denied { getattr } for path="/sys/kernel/debug/devices_deferred" dev="debugfs" ino=5307 scontext=u:r:init:s0 tcontext=u:object_r:debugfs:s0 tclass=file permissive=1
05-28 18:11:42.584 I/init ( 1): type=1400 audit(0.0:12): avc: denied { getattr } for path="/sys/kernel/debug/wakeup_sources" dev="debugfs" ino=2050 scontext=u:r:init:s0 tcontext=u:object_r:debugfs_wakeup_sources:s0 tclass=file permissive=1
05-28 18:11:42.693 E/cutils-trace( 203): Error opening trace file: No such file or directory (2)
05-28 18:11:42.695 E/cutils-trace( 180): Error opening trace file: No such file or directory (2)
05-28 18:11:42.698 I/HidlServiceManagement( 203): Registered android.system.suspend@1.0::ISystemSuspend/default
05-28 18:11:42.699 I/HidlServiceManagement( 203): Removing namespace from process name android.system.suspend@1.0-service to suspend@1.0-service.
05-28 18:11:42.702 I/fsverity_init( 208): LoadKeyFromFile path=/system/etc/security/fsverity/fsverity-release.x509.der keyname=fsv_system_0
05-28 18:11:42.726 W/mali_kbase( 164): loading out-of-tree module taints kernel.
05-28 18:11:42.726 D/tee_supplicant( 207): using device "/dev/teepriv0"
05-28 18:11:42.727 D/tee_supplicant( 207): looping
05-28 18:11:42.728 E/cutils-trace( 205): Error opening trace file: No such file or directory (2)
05-28 18:11:42.744 I/HidlServiceManagement( 205): Registered android.hardware.boot@1.2::IBootControl/default
05-28 18:11:42.744 I/HidlServiceManagement( 205): Removing namespace from process name android.hardware.boot@1.2-service to boot@1.2-service.
05-28 18:11:42.745 I/LegacySupport( 205): Registration complete for android.hardware.boot@1.0::IBootControl/default.
05-28 18:11:42.753 I/android.hardware.security.keymint-service( 206): adding keymint service instance: android.hardware.security.keymint.IKeyMintDevice/default
05-28 18:11:42.754 I/servicemanager( 179): getDeviceHalManifest: Reading VINTF information.
05-28 18:11:42.760 I/mali 1800000.gpu( 164): Regulators probed: 0
05-28 18:11:42.760 I/mali 1800000.gpu( 164): Clocks probed: 2
05-28 18:11:42.762 I/mali 1800000.gpu( 164): [950mv-600MHz] bak[950mv-600MHz] inde_power:0 idle:1 dvfs:1
05-28 18:11:42.762 I/mali 1800000.gpu( 164): GPU identified as 0x3 arch 7.0.9 r0p0 status 0
05-28 18:11:42.762 I/mali 1800000.gpu( 164): No memory group manager is configured
05-28 18:11:42.763 I/mali 1800000.gpu( 164): Using configured power model mali-simple-power-model, and fallback mali-simple-power-model
05-28 18:11:42.763 I/servicemanager( 179): getDeviceHalManifest: Successfully processed VINTF information
05-28 18:11:42.764 I/servicemanager( 179): getFrameworkHalManifest: Reading VINTF information.
05-28 18:11:42.768 I/servicemanager( 179): getFrameworkHalManifest: Successfully processed VINTF information
05-28 18:11:42.771 I/mali 1800000.gpu( 164): Probed as mali0
05-28 18:11:42.768 I/servicemanager( 179): Found android.hardware.security.keymint.IKeyMintDevice/default in device VINTF manifest.
05-28 18:11:42.768 I/android.hardware.security.keymint-service( 206): adding keymint service instance: android.hardware.security.secureclock.ISecureClock/default
05-28 18:11:42.769 I/servicemanager( 179): Found android.hardware.security.secureclock.ISecureClock/default in device VINTF manifest.
05-28 18:11:42.769 I/android.hardware.security.keymint-service( 206): adding keymint service instance: android.hardware.security.sharedsecret.ISharedSecret/default
05-28 18:11:42.770 I/servicemanager( 179): Found android.hardware.security.sharedsecret.ISharedSecret/default in device VINTF manifest.
05-28 18:11:42.770 I/android.hardware.security.keymint-service( 206): adding keymint service instance: android.hardware.security.keymint.IRemotelyProvisionedComponent/default
05-28 18:11:42.771 I/servicemanager( 179): Found android.hardware.security.keymint.IRemotelyProvisionedComponent/default in device VINTF manifest.
05-28 18:11:42.794 I/Checkpoint( 188): cp_prepareCheckpoint called
05-28 18:11:42.801 I/keystore2( 204): keystore2_main: Keystore2 is starting.
05-28 18:11:42.807 I/keystore2( 204): keystore2_main: Starting thread pool now.
05-28 18:11:42.807 I/keystore2( 204): getDeviceHalManifest: Reading VINTF information.
05-28 18:11:42.818 I/keystore2( 204): getDeviceHalManifest: Successfully processed VINTF information
05-28 18:11:42.830 I/tombstoned( 219): tombstoned successfully initialized
05-28 18:11:42.840 I/incfs ( 188): Initial API level of the device: 31
05-28 18:11:42.841 I/incfs ( 188): ro.incremental.enable: module:/vendor/lib/modules/incrementalfs.ko
05-28 18:11:42.841 I/incfs ( 188): isFsAvailable: false
05-28 18:11:42.841 I/incfs ( 188): isFsAvailable: false
05-28 18:11:42.841 E/incfs ( 188): could not open IncFs kernel module "/vendor/lib/modules/incrementalfs.ko": No such file or directory
05-28 18:11:42.841 E/incfs ( 188): IncFs_Features: failed to open features dir, assuming v1/none.: No such file or directory
05-28 18:11:42.842 I/ServiceManager( 188): Waiting for service 'android.security.maintenance' on '/dev/binder'...
05-28 18:11:47.159 I/[ C2] random( 0): crng init done
05-28 18:11:47.159 I/[ C2] random( 0): 7 urandom warning(s) missed due to ratelimiting
05-28 18:11:47.159 I/keystore2( 204): keystore2::shared_secret_negotiation: Shared secret negotiation concluded successfully.
05-28 18:11:47.161 E/cutils-trace( 204): Error opening trace file: No such file or directory (2)
05-28 18:11:47.163 I/hwservicemanager( 180): getTransport: Cannot find entry android.hardware.keymaster@4.0::IKeymasterDevice/default in either framework or device VINTF manifest.
05-28 18:11:47.163 I/hwservicemanager( 180): getTransport: Cannot find entry android.hardware.keymaster@3.0::IKeymasterDevice/default in either framework or device VINTF manifest.
05-28 18:11:47.164 I/servicemanager( 179): Found android.system.keystore2.IKeystoreService/default in framework VINTF manifest.
05-28 18:11:47.167 I/keystore2( 204): keystore2_main: Successfully registered Keystore 2.0 service.
05-28 18:11:47.167 I/keystore2( 204): keystore2_main: Joining thread pool now.
05-28 18:11:47.258 I/ServiceManager( 188): Waiting for service 'android.security.maintenance' on '/dev/binder' successful after waiting 4417ms
05-28 18:11:47.260 I/keystore2( 204): keystore2::maintenance: In early_boot_ended.
05-28 18:11:47.277 I/keystore2( 204): keystore2::globals: Touching Keystore 2.0 database for this first time since boot.
05-28 18:11:47.277 I/keystore2( 204): keystore2::globals: Calling cleanup leftovers.
05-28 18:11:47.281 I/keystore2( 204): keystore2::super_key: Starting boot level watcher.
05-28 18:11:47.281 E/keystore2( 204): keystore2::maintenance: Call to earlyBootEnded failed for security level TRUSTED_ENVIRONMENT: In keymint device: calling earlyBootEnded.
05-28 18:11:47.281 I/keystore2( 204): keystore2::super_key: Read keystore.boot_level value 30
05-28 18:11:47.282 I/keystore2( 204): keystore2::super_key: Read keystore.boot_level value 30
05-28 18:11:47.283 I/hwservicemanager( 180): getTransport: Cannot find entry android.hardware.keymaster@4.0::IKeymasterDevice/default in either framework or device VINTF manifest.
05-28 18:11:47.283 I/hwservicemanager( 180): getTransport: Cannot find entry android.hardware.keymaster@3.0::IKeymasterDevice/default in either framework or device VINTF manifest.
05-28 18:11:47.283 E/keystore2( 204): keystore2::maintenance: Call to earlyBootEnded failed for security level STRONGBOX: In call_with_watchdog: getting keymint device.
05-28 18:11:47.283 E/keystore2( 204): keystore2::error: In keymint device: calling earlyBootEnded
05-28 18:11:47.283 E/keystore2( 204):
05-28 18:11:47.283 E/keystore2( 204): Caused by:
05-28 18:11:47.283 E/keystore2( 204): Error::Km(ErrorCode(-1000))
05-28 18:11:47.284 E/vold ( 188): keystore2 Keystore earlyBootEnded returned service specific error: -1000
05-28 18:11:47.291 I/init ( 1): Service 'exec 6 (/system/bin/vdc keymaster earlyBootEnded)' (pid 220) exited with status 0 waiting took 4.465000 seconds
05-28 18:11:47.291 I/init ( 1): Sending signal 9 to service 'exec 6 (/system/bin/vdc keymaster earlyBootEnded)' (pid 220) process group...
05-28 18:11:47.292 I/libprocessgroup( 1): Successfully killed process cgroup uid 1000 pid 220 in 0ms
05-28 18:11:47.292 I/init ( 1): Not setting encryption policy on: /data/apex
05-28 18:11:47.293 W/init ( 1): Inferred action different from explicit one, expected 0 but got 2
05-28 18:11:47.294 W/init ( 1): Inferred action different from explicit one, expected 0 but got 3
05-28 18:11:47.294 W/init ( 1): Inferred action different from explicit one, expected 0 but got 2
05-28 18:11:47.295 I/init ( 1): starting service 'apexd'...
05-28 18:11:47.317 I/init ( 1): Not setting encryption policy on: /data/preloads
05-28 18:11:47.318 I/init ( 1): Not setting encryption policy on: /data/data
05-28 18:11:47.332 I/apexd ( 225): This device does not support updatable APEX. Exiting
05-28 18:11:47.332 I/apexd ( 225): Marking APEXd as activated
05-28 18:11:47.398 I/derive_sdk( 227): Read version 1 from 7
05-28 18:11:47.399 I/derive_sdk( 227): Read version 1 from 5
05-28 18:11:47.399 I/derive_sdk( 227): Read version 1 from 9
05-28 18:11:47.399 I/derive_sdk( 227): Read version 1 from 4
05-28 18:11:47.399 I/derive_sdk( 227): Read version 1 from 6
05-28 18:11:47.400 I/derive_sdk( 227): Read version 1 from 3
05-28 18:11:47.400 I/derive_sdk( 227): Read version 1 from 2
05-28 18:11:47.400 I/derive_sdk( 227): Read version 1 from 1
05-28 18:11:47.401 I/derive_sdk( 227): Read version 1 from 10
05-28 18:11:47.401 I/derive_sdk( 227): Read version 1 from 8
05-28 18:11:47.401 I/derive_sdk( 227): R extension version is 1
05-28 18:11:47.402 I/derive_sdk( 227): S extension version is 1
05-28 18:11:47.426 D/vold ( 188): fscrypt_init_user0
05-28 18:11:47.426 D/vold ( 188): fscrypt_prepare_user_storage for volume null, user 0, serial 0, flags 1
05-28 18:11:47.426 D/vold ( 188): Preparing: /data/system/users/0
05-28 18:11:47.427 D/vold ( 188): Preparing: /data/misc/profiles/cur/0
05-28 18:11:47.427 D/vold ( 188): Preparing: /data/system_de/0
05-28 18:11:47.428 D/vold ( 188): Preparing: /data/misc_de/0
05-28 18:11:47.428 D/vold ( 188): Preparing: /data/vendor_de/0
05-28 18:11:47.428 D/vold ( 188): Preparing: /data/user_de/0
05-28 18:11:47.428 D/vold ( 188): /system/bin/vold_prepare_subdirs
05-28 18:11:47.428 D/vold ( 188): prepare
05-28 18:11:47.428 D/vold ( 188):
05-28 18:11:47.428 D/vold ( 188): 0
05-28 18:11:47.428 D/vold ( 188): 1
05-28 18:11:47.432 D/vdc ( 228): Waited 0ms for vold
05-28 18:11:47.460 D/vold_prepare_subdirs( 229): Setting up mode 771 uid 1000 gid 1000 context u:object_r:system_data_file:s0:c512,c768 on path: /data/user_de/0
05-28 18:11:47.461 D/vold_prepare_subdirs( 229): Setting up mode 700 uid 0 gid 0 context u:object_r:vold_data_file:s0 on path: /data/misc_de/0/vold
05-28 18:11:47.462 D/vold_prepare_subdirs( 229): Setting up mode 700 uid 0 gid 0 context u:object_r:storaged_data_file:s0 on path: /data/misc_de/0/storaged
05-28 18:11:47.463 D/vold_prepare_subdirs( 229): Setting up mode 700 uid 0 gid 0 context u:object_r:rollback_data_file:s0 on path: /data/misc_de/0/rollback
05-28 18:11:47.463 D/vold_prepare_subdirs( 229): Setting up mode 700 uid 0 gid 0 context u:object_r:apex_rollback_data_file:s0 on path: /data/misc_de/0/apexrollback
05-28 18:11:47.464 D/vold_prepare_subdirs( 229): Setting up mode 711 uid 0 gid 0 context u:object_r:apex_module_data_file:s0 on path: /data/misc_de/0/apexdata
05-28 18:11:47.465 D/vold_prepare_subdirs( 229): Setting up mode 771 uid 0 gid 1000 context u:object_r:apex_wifi_data_file:s0 on path: /data/misc_de/0/apexdata/com.android.wifi
05-28 18:11:47.465 D/vold_prepare_subdirs( 229): Setting up mode 771 uid 0 gid 1000 context u:object_r:apex_module_data_file:s0 on path: /data/misc_de/0/apexdata/com.android.vndk.v31
05-28 18:11:47.466 D/vold_prepare_subdirs( 229): Setting up mode 771 uid 0 gid 1000 context u:object_r:apex_module_data_file:s0 on path: /data/misc_de/0/apexdata/com.android.tzdata
05-28 18:11:47.466 D/vold_prepare_subdirs( 229): Setting up mode 771 uid 0 gid 1000 context u:object_r:apex_module_data_file:s0 on path: /data/misc_de/0/apexdata/com.android.tethering
05-28 18:11:47.467 D/vold_prepare_subdirs( 229): Setting up mode 771 uid 0 gid 1000 context u:object_r:apex_module_data_file:s0 on path: /data/misc_de/0/apexdata/com.android.sdkext
05-28 18:11:47.468 D/vold_prepare_subdirs( 229): Setting up mode 771 uid 0 gid 1000 context u:object_r:apex_module_data_file:s0 on path: /data/misc_de/0/apexdata/com.android.scheduling
05-28 18:11:47.468 D/vold_prepare_subdirs( 229): Setting up mode 771 uid 0 gid 1000 context u:object_r:apex_module_data_file:s0 on path: /data/misc_de/0/apexdata/com.android.runtime
05-28 18:11:47.469 D/vold_prepare_subdirs( 229): Setting up mode 771 uid 0 gid 1000 context u:object_r:apex_module_data_file:s0 on path: /data/misc_de/0/apexdata/com.android.resolv
05-28 18:11:47.469 D/vold_prepare_subdirs( 229): Setting up mode 771 uid 0 gid 1000 context u:object_r:apex_permission_data_file:s0 on path: /data/misc_de/0/apexdata/com.android.permission
05-28 18:11:47.470 D/vold_prepare_subdirs( 229): Setting up mode 771 uid 0 gid 1000 context u:object_r:apex_module_data_file:s0 on path: /data/misc_de/0/apexdata/com.android.os.statsd
05-28 18:11:47.471 D/vold_prepare_subdirs( 229): Setting up mode 771 uid 0 gid 1000 context u:object_r:apex_module_data_file:s0 on path: /data/misc_de/0/apexdata/com.android.neuralnetworks
05-28 18:11:47.471 D/vold_prepare_subdirs( 229): Setting up mode 771 uid 0 gid 1000 context u:object_r:apex_module_data_file:s0 on path: /data/misc_de/0/apexdata/com.android.mediaprovider
05-28 18:11:47.472 D/vold_prepare_subdirs( 229): Setting up mode 771 uid 0 gid 1000 context u:object_r:apex_module_data_file:s0 on path: /data/misc_de/0/apexdata/com.android.media.swcodec
05-28 18:11:47.472 D/vold_prepare_subdirs( 229): Setting up mode 771 uid 0 gid 1000 context u:object_r:apex_module_data_file:s0 on path: /data/misc_de/0/apexdata/com.android.media
05-28 18:11:47.473 D/vold_prepare_subdirs( 229): Setting up mode 771 uid 0 gid 1000 context u:object_r:apex_module_data_file:s0 on path: /data/misc_de/0/apexdata/com.android.ipsec
05-28 18:11:47.474 D/vold_prepare_subdirs( 229): Setting up mode 771 uid 0 gid 1000 context u:object_r:apex_module_data_file:s0 on path: /data/misc_de/0/apexdata/com.android.i18n
05-28 18:11:47.474 D/vold_prepare_subdirs( 229): Setting up mode 771 uid 0 gid 1000 context u:object_r:apex_module_data_file:s0 on path: /data/misc_de/0/apexdata/com.android.extservices
05-28 18:11:47.475 D/vold_prepare_subdirs( 229): Setting up mode 771 uid 0 gid 1000 context u:object_r:apex_module_data_file:s0 on path: /data/misc_de/0/apexdata/com.android.conscrypt
05-28 18:11:47.475 D/vold_prepare_subdirs( 229): Setting up mode 771 uid 0 gid 1000 context u:object_r:apex_module_data_file:s0 on path: /data/misc_de/0/apexdata/com.android.art
05-28 18:11:47.476 D/vold_prepare_subdirs( 229): Setting up mode 771 uid 0 gid 1000 context u:object_r:apex_module_data_file:s0 on path: /data/misc_de/0/apexdata/com.android.appsearch
05-28 18:11:47.476 D/vold_prepare_subdirs( 229): Setting up mode 771 uid 0 gid 1000 context u:object_r:apex_module_data_file:s0 on path: /data/misc_de/0/apexdata/com.android.adbd
05-28 18:11:47.477 D/vold_prepare_subdirs( 229): Setting up mode 771 uid 1000 gid 1000 context u:object_r:user_profile_root_file:s0:c512,c768 on path: /data/misc/profiles/cur/0
05-28 18:11:47.477 D/vold_prepare_subdirs( 229): Setting up mode 700 uid 1000 gid 1000 context u:object_r:fingerprint_vendor_data_file:s0 on path: /data/vendor_de/0/fpdata
05-28 18:11:47.478 D/vold_prepare_subdirs( 229): Setting up mode 700 uid 1000 gid 1000 context u:object_r:face_vendor_data_file:s0 on path: /data/vendor_de/0/facedata
05-28 18:11:47.480 D/vold ( 188): fscrypt_unlock_user_key 0 serial=0
05-28 18:11:47.502 I/derive_classpath( 231): ParseFragments for bootclasspath
05-28 18:11:47.511 I/derive_classpath( 231): ReadClasspathFragment /apex/com.android.art/etc/classpaths/bootclasspath.pb
05-28 18:11:47.512 I/derive_classpath( 231): ReadClasspathFragment /system/etc/classpaths/bootclasspath.pb
05-28 18:11:47.513 I/derive_classpath( 231): ReadClasspathFragment /apex/com.android.appsearch/etc/classpaths/bootclasspath.pb
05-28 18:11:47.514 I/derive_classpath( 231): ReadClasspathFragment /apex/com.android.conscrypt/etc/classpaths/bootclasspath.pb
05-28 18:11:47.514 I/derive_classpath( 231): ReadClasspathFragment /apex/com.android.i18n/etc/classpaths/bootclasspath.pb
05-28 18:11:47.515 I/derive_classpath( 231): ReadClasspathFragment /apex/com.android.ipsec/etc/classpaths/bootclasspath.pb
05-28 18:11:47.515 I/derive_classpath( 231): ReadClasspathFragment /apex/com.android.media/etc/classpaths/bootclasspath.pb
05-28 18:11:47.516 I/derive_classpath( 231): ReadClasspathFragment /apex/com.android.mediaprovider/etc/classpaths/bootclasspath.pb
05-28 18:11:47.516 I/derive_classpath( 231): ReadClasspathFragment /apex/com.android.os.statsd/etc/classpaths/bootclasspath.pb
05-28 18:11:47.516 I/derive_classpath( 231): ReadClasspathFragment /apex/com.android.permission/etc/classpaths/bootclasspath.pb
05-28 18:11:47.517 I/derive_classpath( 231): ReadClasspathFragment /apex/com.android.scheduling/etc/classpaths/bootclasspath.pb
05-28 18:11:47.517 I/derive_classpath( 231): ReadClasspathFragment /apex/com.android.sdkext/etc/classpaths/bootclasspath.pb
