05-28 18:11:48.792 I/xiriservice_All( 311): type=1400 audit(0.0:217): avc: denied { search } for name="com.android.internal.systemui.onehanded.gestural" dev="mmcblk0p25" ino=733 scontext=u:r:init:s0 tcontext=u:object_r:app_data_file:s0:c8,c256,c512,c768 tclass=dir permissive=1
05-28 18:11:48.796 I/xiriservice_All( 311): type=1400 audit(0.0:218): avc: denied { search } for name="com.android.simappdialog" dev="mmcblk0p25" ino=773 scontext=u:r:init:s0 tcontext=u:object_r:app_data_file:s0:c50,c256,c512,c768 tclass=dir permissive=1
05-28 18:11:48.796 I/xiriservice_All( 311): type=1400 audit(0.0:219): avc: denied { read } for name="lib" dev="mmcblk0p25" ino=11104 scontext=u:r:init:s0 tcontext=u:object_r:radio_data_file:s0 tclass=lnk_file permissive=1
05-28 18:11:48.796 I/xiriservice_All( 311): type=1400 audit(0.0:220): avc: denied { search } for name="com.android.modulemetadata" dev="mmcblk0p25" ino=791 scontext=u:r:init:s0 tcontext=u:object_r:app_data_file:s0:c58,c256,c512,c768 tclass=dir permissive=1
05-28 18:11:48.796 I/xiriservice_All( 311): type=1400 audit(0.0:221): avc: denied { search } for name="com.google.android.apps.searchlite.overlay" dev="mmcblk0p25" ino=816 scontext=u:r:init:s0 tcontext=u:object_r:app_data_file:s0:c10,c256,c512,c768 tclass=dir permissive=1
05-28 18:11:48.796 I/xiriservice_All( 311): type=1400 audit(0.0:222): avc: denied { search } for name="com.android.internal.systemui.navbar.threebutton" dev="mmcblk0p25" ino=824 scontext=u:r:init:s0 tcontext=u:object_r:app_data_file:s0:c11,c256,c512,c768 tclass=dir permissive=1
05-28 18:11:48.796 I/xiriservice_All( 311): type=1400 audit(0.0:223): avc: denied { search } for name="com.google.android.networkstackconfig" dev="mmcblk0p25" ino=832 scontext=u:r:init:s0 tcontext=u:object_r:app_data_file:s0:c0,c256,c512,c768 tclass=dir permissive=1
05-28 18:11:48.801 I/hwservicemanager( 180): getTransport: Cannot find entry android.hardware.bluetooth.a2dp@1.0::IBluetoothAudioOffload/default in either framework or device VINTF manifest.
05-28 18:11:48.802 E/LegacySupport( 248): Could not get passthrough implementation for android.hardware.bluetooth.a2dp@1.0::IBluetoothAudioOffload/default.
05-28 18:11:48.802 W/audiohalservice( 248): Could not register Bluetooth Audio Offload API
05-28 18:11:48.796 I/xiriservice_All( 311): type=1400 audit(0.0:224): avc: denied { search } for name="com.android.internal.systemui.navbar.gestural_extra_wide_back" dev="mmcblk0p25" ino=909 scontext=u:r:init:s0 tcontext=u:object_r:app_data_file:s0:c2,c256,c512,c768 tclass=dir permissive=1
05-28 18:11:48.796 I/xiriservice_All( 311): type=1400 audit(0.0:225): avc: denied { search } for name="com.android.printspooler" dev="mmcblk0p25" ino=937 scontext=u:r:init:s0 tcontext=u:object_r:app_data_file:s0:c53,c256,c512,c768 tclass=dir permissive=1
05-28 18:11:48.800 I/xiriservice_All( 311): type=1400 audit(0.0:226): avc: denied { read } for name="lib" dev="mmcblk0p25" ino=11109 scontext=u:r:init:s0 tcontext=u:object_r:app_data_file:s0:c53,c256,c512,c768 tclass=lnk_file permissive=1
05-28 18:11:48.800 I/xiriservice_All( 311): type=1400 audit(0.0:227): avc: denied { search } for name="com.android.dreams.basic" dev="mmcblk0p25" ino=945 scontext=u:r:init:s0 tcontext=u:object_r:app_data_file:s0:c42,c256,c512,c768 tclass=dir permissive=1
05-28 18:11:48.800 I/xiriservice_All( 311): type=1400 audit(0.0:228): avc: denied { search } for name="com.android.webview" dev="mmcblk0p25" ino=953 scontext=u:r:init:s0 tcontext=u:object_r:app_data_file:s0:c60,c256,c512,c768 tclass=dir permissive=1
05-28 18:11:48.800 I/xiriservice_All( 311): type=1400 audit(0.0:229): avc: denied { read } for name="lib" dev="mmcblk0p25" ino=11110 scontext=u:r:init:s0 tcontext=u:object_r:app_data_file:s0:c60,c256,c512,c768 tclass=lnk_file permissive=1
05-28 18:11:48.804 I/led_switch.sh( 313): type=1400 audit(0.0:230): avc: denied { add_name } for name="led_swith.txt" scontext=u:r:init:s0 tcontext=u:object_r:shell_data_file:s0 tclass=dir permissive=1 bug=b/77873135
05-28 18:11:48.804 I/led_switch.sh( 313): type=1400 audit(0.0:231): avc: denied { create } for name="led_swith.txt" scontext=u:r:init:s0 tcontext=u:object_r:shell_data_file:s0 tclass=file permissive=1 bug=b/77873135
05-28 18:11:48.808 I/led_switch.sh( 313): type=1400 audit(0.0:232): avc: denied { write } for name="led_swith.txt" dev="mmcblk0p25" ino=220 scontext=u:r:init:s0 tcontext=u:object_r:shell_data_file:s0 tclass=file permissive=1 bug=b/77873135
05-28 18:11:48.808 I/led_switch.sh( 313): type=1400 audit(0.0:233): avc: denied { open } for path="/data/local/tmp/led_swith.txt" dev="mmcblk0p25" ino=220 scontext=u:r:init:s0 tcontext=u:object_r:shell_data_file:s0 tclass=file permissive=1 bug=b/77873135
05-28 18:11:48.812 D/XM_HIDREAD( 318): hidread running 0429 d06.
05-28 18:11:48.813 D/XM_HIDREAD( 318): addr_len_t:26,addr_len:26
05-28 18:11:48.814 D/XM_HIDREAD( 318): server_socket:4
05-28 18:11:48.812 I/led_switch.sh( 319): type=1400 audit(0.0:234): avc: denied { execute_no_trans } for path="/vendor/bin/toolbox" dev="dm-1" ino=229 scontext=u:r:init:s0 tcontext=u:object_r:vendor_toolbox_exec:s0 tclass=file permissive=1
05-28 18:11:48.814 D/XM_HIDREAD( 318): >> start monitor uevent ...
05-28 18:11:48.814 D/XM_HIDREAD( 318): listener_thread has start 4.
05-28 18:11:48.814 D/XM_HIDREAD( 318): accept before.
05-28 18:11:48.812 I/xm_hidread( 318): type=1400 audit(0.0:235): avc: denied { create } for scontext=u:r:init:s0 tcontext=u:r:init:s0 tclass=netlink_kobject_uevent_socket permissive=1
05-28 18:11:48.812 I/xm_hidread( 318): type=1400 audit(0.0:236): avc: denied { setopt } for scontext=u:r:init:s0 tcontext=u:r:init:s0 tclass=netlink_kobject_uevent_socket permissive=1
05-28 18:11:48.812 I/xm_hidread( 318): type=1400 audit(0.0:237): avc: denied { bind } for scontext=u:r:init:s0 tcontext=u:r:init:s0 tclass=netlink_kobject_uevent_socket permissive=1
05-28 18:11:48.812 I/xm_hidread( 318): type=1400 audit(0.0:238): avc: denied { read } for scontext=u:r:init:s0 tcontext=u:r:init:s0 tclass=netlink_kobject_uevent_socket permissive=1
05-28 18:11:48.812 I/xiriservice_All( 311): type=1400 audit(0.0:239): avc: denied { search } for name="com.android.printservice.recommendation" dev="mmcblk0p25" ino=1025 scontext=u:r:init:s0 tcontext=u:object_r:app_data_file:s0:c44,c256,c512,c768 tclass=dir permissive=1
05-28 18:11:48.812 I/xiriservice_All( 311): type=1400 audit(0.0:240): avc: denied { search } for name="com.google.android.networkstack.tetheringconfig" dev="mmcblk0p25" ino=1033 scontext=u:r:init:s0 tcontext=u:object_r:app_data_file:s0:c6,c256,c512,c768 tclass=dir permissive=1
05-28 18:11:48.816 I/xiriservice_All( 311): type=1400 audit(0.0:241): avc: denied { search } for name="com.android.theme.font.notoserifsource" dev="mmcblk0p25" ino=1057 scontext=u:r:init:s0 tcontext=u:object_r:app_data_file:s0:c4,c256,c512,c768 tclass=dir permissive=1
05-28 18:11:48.824 I/xiriservice_All( 311): type=1400 audit(0.0:242): avc: denied { search } for name="com.android.smspush" dev="mmcblk0p25" ino=1113 scontext=u:r:init:s0 tcontext=u:object_r:app_data_file:s0:c69,c256,c512,c768 tclass=dir permissive=1
05-28 18:11:48.824 I/xiriservice_All( 311): type=1400 audit(0.0:243): avc: denied { search } for name="com.tv.filemanager.os" dev="mmcblk0p25" ino=1129 scontext=u:r:init:s0 tcontext=u:object_r:app_data_file:s0:c51,c256,c512,c768 tclass=dir permissive=1
05-28 18:11:48.828 I/xiriservice_All( 311): type=1400 audit(0.0:244): avc: denied { search } for name="com.android.bookmarkprovider" dev="mmcblk0p25" ino=1156 scontext=u:r:init:s0 tcontext=u:object_r:app_data_file:s0:c36,c256,c512,c768 tclass=dir permissive=1
05-28 18:11:48.832 I/xiriservice_All( 311): type=1400 audit(0.0:245): avc: denied { search } for name="com.android.cts.ctsshim" dev="mmcblk0p25" ino=1175 scontext=u:r:init:s0 tcontext=u:object_r:app_data_file:s0:c41,c256,c512,c768 tclass=dir permissive=1
05-28 18:11:48.832 I/xiriservice_All( 311): type=1400 audit(0.0:246): avc: denied { search } for name="com.dangbei.lerad.screensaver" dev="mmcblk0p25" ino=1185 scontext=u:r:init:s0 tcontext=u:object_r:app_data_file:s0:c47,c256,c512,c768 tclass=dir permissive=1
05-28 18:11:48.832 I/xiriservice_All( 311): type=1400 audit(0.0:247): avc: denied { read } for name="lib" dev="mmcblk0p25" ino=11124 scontext=u:r:init:s0 tcontext=u:object_r:app_data_file:s0:c47,c256,c512,c768 tclass=lnk_file permissive=1
05-28 18:11:48.831 D/AndroidRuntime( 243): >>>>>> START com.android.internal.os.ZygoteInit uid 0 <<<<<<
05-28 18:11:48.832 I/xiriservice_All( 311): type=1400 audit(0.0:248): avc: denied { search } for name="com.android.remoteprovisioner" dev="mmcblk0p25" ino=1193 scontext=u:r:init:s0 tcontext=u:object_r:app_data_file:s0:c64,c256,c512,c768 tclass=dir permissive=1
05-28 18:11:48.832 I/xiriservice_All( 311): type=1400 audit(0.0:249): avc: denied { search } for name="com.softwinner.theme.icon" dev="mmcblk0p25" ino=1201 scontext=u:r:init:s0 tcontext=u:object_r:app_data_file:s0:c7,c256,c512,c768 tclass=dir permissive=1
05-28 18:11:48.832 I/xiriservice_All( 311): type=1400 audit(0.0:250): avc: denied { search } for name="com.android.music" dev="mmcblk0p25" ino=1227 scontext=u:r:init:s0 tcontext=u:object_r:app_data_file:s0:c46,c256,c512,c768 tclass=dir permissive=1
05-28 18:11:48.836 I/xiriservice_All( 311): type=1400 audit(0.0:251): avc: denied { search } for name="com.android.providers.media.module" dev="mmcblk0p25" ino=1259 scontext=u:r:init:s0 tcontext=u:object_r:privapp_data_file:s0:c74,c256,c512,c768 tclass=dir permissive=1
05-28 18:11:48.840 I/xiriservice_All( 311): type=1400 audit(0.0:252): avc: denied { read } for name="lib" dev="mmcblk0p25" ino=11126 scontext=u:r:init:s0 tcontext=u:object_r:privapp_data_file:s0:c74,c256,c512,c768 tclass=lnk_file permissive=1
05-28 18:11:48.840 I/xiriservice_All( 311): type=1400 audit(0.0:253): avc: denied { search } for name="com.softwinner.theme.color" dev="mmcblk0p25" ino=1267 scontext=u:r:init:s0 tcontext=u:object_r:app_data_file:s0:c3,c256,c512,c768 tclass=dir permissive=1
05-28 18:11:48.840 I/xiriservice_All( 311): type=1400 audit(0.0:254): avc: denied { search } for name="com.android.hotspot2.osulogin" dev="mmcblk0p25" ino=1283 scontext=u:r:init:s0 tcontext=u:object_r:app_data_file:s0:c71,c256,c512,c768 tclass=dir permissive=1
05-28 18:11:48.840 I/xiriservice_All( 311): type=1400 audit(0.0:255): avc: denied { search } for name="com.android.internal.systemui.navbar.gestural" dev="mmcblk0p25" ino=1291 scontext=u:r:init:s0 tcontext=u:object_r:app_data_file:s0:c9,c256,c512,c768 tclass=dir permissive=1
05-28 18:11:48.844 I/xiriservice_All( 311): type=1400 audit(0.0:256): avc: denied { search } for name="com.android.bluetoothmidiservice" dev="mmcblk0p25" ino=1307 scontext=u:r:init:s0 tcontext=u:object_r:app_data_file:s0:c37,c256,c512,c768 tclass=dir permissive=1
05-28 18:11:48.844 I/xiriservice_All( 311): type=1400 audit(0.0:257): avc: denied { search } for name="com.android.traceur" dev="mmcblk0p25" ino=1332 scontext=u:r:init:s0 tcontext=u:object_r:app_data_file:s0:c19,c256,c512,c768 tclass=dir permissive=1
05-28 18:11:48.844 I/xiriservice_All( 311): type=1400 audit(0.0:258): avc: denied { read } for name="lib" dev="mmcblk0p25" ino=11131 scontext=u:r:init:s0 tcontext=u:object_r:bluetooth_data_file:s0 tclass=lnk_file permissive=1
05-28 18:11:48.848 I/xiriservice_All( 311): type=1400 audit(0.0:259): avc: denied { search } for name="com.android.captiveportallogin" dev="mmcblk0p25" ino=1356 scontext=u:r:init:s0 tcontext=u:object_r:app_data_file:s0:c45,c256,c512,c768 tclass=dir permissive=1
05-28 18:11:48.848 I/xiriservice_All( 311): type=1400 audit(0.0:260): avc: denied { search } for name="com.android.internal.systemui.navbar.gestural_narrow_back" dev="mmcblk0p25" ino=1364 scontext=u:r:init:s0 tcontext=u:object_r:app_data_file:s0:c5,c256,c512,c768 tclass=dir permissive=1
05-28 18:11:48.848 I/xiriservice_All( 311): type=1400 audit(0.0:261): avc: denied { search } for name="android.auto_generated_rro_vendor__" dev="mmcblk0p25" ino=1372 scontext=u:r:init:s0 tcontext=u:object_r:app_data_file:s0:c12,c256,c512,c768 tclass=dir permissive=1
05-28 18:11:48.848 I/xiriservice_All( 311): type=1400 audit(0.0:262): avc: denied { search } for name="com.dangbei.hqmedia" dev="mmcblk0p25" ino=5001 scontext=u:r:init:s0 tcontext=u:object_r:app_data_file:s0:c76,c256,c512,c768 tclass=dir permissive=1
05-28 18:11:48.848 I/xiriservice_All( 311): type=1400 audit(0.0:263): avc: denied { read } for name="lib" dev="mmcblk0p25" ino=11114 scontext=u:r:init:s0 tcontext=u:object_r:app_data_file:s0:c76,c256,c512,c768 tclass=lnk_file permissive=1
05-28 18:11:48.887 I/AndroidRuntime( 243): Using default boot image
05-28 18:11:48.887 I/AndroidRuntime( 243): Leaving lock profiling enabled
05-28 18:11:48.894 E/cutils-trace( 243): Error opening trace file: No such file or directory (2)
05-28 18:11:48.897 I/zygote ( 243): option[0]=-Xzygote
05-28 18:11:48.897 I/zygote ( 243): option[1]=-Xdeny-art-apex-data-files
05-28 18:11:48.897 I/zygote ( 243): option[2]=exit
05-28 18:11:48.897 I/zygote ( 243): option[3]=vfprintf
05-28 18:11:48.897 I/zygote ( 243): option[4]=sensitiveThread
05-28 18:11:48.897 I/zygote ( 243): option[5]=-verbose:gc
05-28 18:11:48.897 I/zygote ( 243): option[6]=-XX:PerfettoHprof=true
05-28 18:11:48.897 I/zygote ( 243): option[7]=-XX:PerfettoJavaHeapStackProf=true
05-28 18:11:48.897 I/zygote ( 243): option[8]=-Xprimaryzygote
05-28 18:11:48.897 I/zygote ( 243): option[9]=-Xms5m
05-28 18:11:48.897 I/zygote ( 243): option[10]=-Xmx512m
05-28 18:11:48.898 I/zygote ( 243): option[11]=-XX:HeapGrowthLimit=256m
05-28 18:11:48.898 I/zygote ( 243): option[12]=-XX:HeapMinFree=512k
05-28 18:11:48.898 I/zygote ( 243): option[13]=-XX:HeapMaxFree=8m
05-28 18:11:48.898 I/zygote ( 243): option[14]=-XX:HeapTargetUtilization=0.75
05-28 18:11:48.898 I/zygote ( 243): option[15]=-Xusejit:true
05-28 18:11:48.898 I/zygote ( 243): option[16]=-Xjitsaveprofilinginfo
05-28 18:11:48.898 I/zygote ( 243): option[17]=-XMadviseWillNeedVdexFileSize:104857600
05-28 18:11:48.898 I/zygote ( 243): option[18]=-XMadviseWillNeedOdexFileSize:104857600
05-28 18:11:48.898 I/zygote ( 243): option[19]=-XMadviseWillNeedArtFileSize:4294967295
05-28 18:11:48.898 I/zygote ( 243): option[20]=-XjdwpOptions:suspend=n,server=y
05-28 18:11:48.898 I/zygote ( 243): option[21]=-XjdwpProvider:default
05-28 18:11:48.898 I/zygote ( 243): option[22]=-Xopaque-jni-ids:swapable
05-28 18:11:48.898 I/zygote ( 243): option[23]=-Xcompiler-option
05-28 18:11:48.898 I/zygote ( 243): option[24]=--instruction-set-variant=cortex-a7
05-28 18:11:48.898 I/zygote ( 243): option[25]=-Xcompiler-option
05-28 18:11:48.898 I/zygote ( 243): option[26]=--instruction-set-features=default
05-28 18:11:48.898 I/zygote ( 243): option[27]=-Xcompiler-option
05-28 18:11:48.898 I/zygote ( 243): option[28]=--generate-mini-debug-info
05-28 18:11:48.898 I/zygote ( 243): option[29]=-Ximage-compiler-option
05-28 18:11:48.898 I/zygote ( 243): option[30]=--runtime-arg
05-28 18:11:48.898 I/zygote ( 243): option[31]=-Ximage-compiler-option
05-28 18:11:48.898 I/zygote ( 243): option[32]=-Xms64m
05-28 18:11:48.898 I/zygote ( 243): option[33]=-Ximage-compiler-option
05-28 18:11:48.898 I/zygote ( 243): option[34]=--runtime-arg
05-28 18:11:48.898 I/zygote ( 243): option[35]=-Ximage-compiler-option
05-28 18:11:48.898 I/zygote ( 243): option[36]=-Xmx64m
05-28 18:11:48.898 I/zygote ( 243): option[37]=-Ximage-compiler-option
05-28 18:11:48.898 I/zygote ( 243): option[38]=--dirty-image-objects=/system/etc/dirty-image-objects
05-28 18:11:48.898 I/zygote ( 243): option[39]=-Ximage-compiler-option
05-28 18:11:48.898 I/zygote ( 243): option[40]=--instruction-set-variant=cortex-a7
05-28 18:11:48.898 I/zygote ( 243): option[41]=-Ximage-compiler-option
05-28 18:11:48.898 I/zygote ( 243): option[42]=--instruction-set-features=default
05-28 18:11:48.898 I/zygote ( 243): option[43]=-Ximage-compiler-option
05-28 18:11:48.898 I/zygote ( 243): option[44]=--generate-mini-debug-info
05-28 18:11:48.898 I/zygote ( 243): option[45]=-Duser.locale=zh-CN
05-28 18:11:48.898 I/zygote ( 243): option[46]=--cpu-abilist=armeabi-v7a,armeabi
05-28 18:11:48.898 I/zygote ( 243): option[47]=-Xfingerprint:Dangbei/raven/raven:12/SP1A.211105.004/20250528.100909:user/release-keys
05-28 18:11:48.896 I/rainbow_flow( 323): type=1400 audit(0.0:264): avc: denied { write } for name="spidev1.0" dev="tmpfs" ino=5872 scontext=u:r:init:s0 tcontext=u:object_r:device:s0 tclass=chr_file permissive=1
05-28 18:11:48.896 I/rainbow_flow( 323): type=1400 audit(0.0:265): avc: denied { open } for path="/dev/spidev1.0" dev="tmpfs" ino=5872 scontext=u:r:init:s0 tcontext=u:object_r:device:s0 tclass=chr_file permissive=1
05-28 18:11:48.896 I/rainbow_flow( 323): type=1400 audit(0.0:266): avc: denied { ioctl } for path="/dev/spidev1.0" dev="tmpfs" ino=5872 ioctlcmd=0x6b01 scontext=u:r:init:s0 tcontext=u:object_r:device:s0 tclass=chr_file permissive=1
05-28 18:11:48.915 W/FAT-fs (mmcblk0p24)( 1): Volume was not properly unmounted. Some data may be corrupt. Please run fsck.
05-28 18:11:48.921 W/zygote ( 243): ART APEX data files are untrusted.
05-28 18:11:48.933 E/cutils-trace( 273): Error opening trace file: No such file or directory (2)
05-28 18:11:48.941 I/hwservicemanager( 180): getTransport: Cannot find entry android.hardware.configstore@1.0::ISurfaceFlingerConfigs/default in either framework or device VINTF manifest.
05-28 18:11:48.947 I/SurfaceFlinger( 273): Using HWComposer service: default
05-28 18:11:48.947 I/SurfaceFlinger( 273): SurfaceFlinger is starting
05-28 18:11:48.948 I/hwservicemanager( 180): getTransport: Cannot find entry android.hardware.configstore@1.1::ISurfaceFlingerConfigs/default in either framework or device VINTF manifest.
05-28 18:11:48.950 I/SurfaceFlinger( 273): Disabling blur effects, they are not supported.
05-28 18:11:48.951 I/bootstat( 324): Service started: /system/bin/bootstat --set_system_boot_reason
05-28 18:11:48.954 I/bootstat( 324): Canonical boot reason: shutdown,userrequested
05-28 18:11:48.954 I/bootstat( 324): Canonical boot reason: shutdown,userrequested
05-28 18:11:48.968 I/bootstat( 324): Last reboot reason read from /metadata/bootstat/persist.sys.boot.reason : shutdown,userrequested. Last reboot reason read from persist.sys.boot.reason : shutdown,userrequested
05-28 18:11:48.968 I/bootstat( 324): Normalized last reboot reason : shutdown,userrequested
05-28 18:11:48.974 I/FastMixerState( 269): sMaxFastTracks = 8
05-28 18:11:48.976 I/SurfaceFlinger( 273): SurfaceFlinger's main thread ready to run. Initializing graphics H/W...
05-28 18:11:48.976 D/RenderEngine( 273): RenderEngine with GLES Backend
05-28 18:11:48.976 I/rainbow_flow( 323): type=1400 audit(0.0:267): avc: denied { ioctl } for path="/dev/spidev1.0" dev="tmpfs" ino=5872 ioctlcmd=0x6b00 scontext=u:r:init:s0 tcontext=u:object_r:device:s0 tclass=chr_file permissive=1
05-28 18:11:48.994 D/XiriService( 311): read SYSTEM APP lib
05-28 18:11:48.998 D/DONGLE_SERVICE( 332): ble_rc_service version is 2.0.26601
05-28 18:11:48.998 D/DONGLE_SERVICE( 332): init command center ...
05-28 18:11:48.998 D/DONGLE_SERVICE( 332): trying to scan for smart ctrl hidraw...
05-28 18:11:48.999 D/DONGLE_SERVICE( 332): command center, start working...
05-28 18:11:48.999 V/MediaUtils( 269): physMem: 2055442432
05-28 18:11:48.999 V/MediaUtils( 269): requested limit: 411088480
05-28 18:11:48.996 I/xiriservice_All( 332): type=1400 audit(0.0:268): avc: denied { create } for scontext=u:r:init:s0 tcontext=u:r:init:s0 tclass=netlink_kobject_uevent_socket permissive=1
05-28 18:11:48.996 I/xiriservice_All( 332): type=1400 audit(0.0:269): avc: denied { setopt } for scontext=u:r:init:s0 tcontext=u:r:init:s0 tclass=netlink_kobject_uevent_socket permissive=1
05-28 18:11:48.996 I/xiriservice_All( 332): type=1400 audit(0.0:270): avc: denied { bind } for scontext=u:r:init:s0 tcontext=u:r:init:s0 tclass=netlink_kobject_uevent_socket permissive=1
05-28 18:11:48.999 I/libc ( 269): malloc_limit: Allocation limit enabled, max size 411088480 bytes
05-28 18:11:48.999 D/DONGLE_SERVICE( 332): >> start monitor uevent ...
05-28 18:11:48.996 I/xiriservice_All( 332): type=1400 audit(0.0:271): avc: denied { read } for scontext=u:r:init:s0 tcontext=u:r:init:s0 tclass=netlink_kobject_uevent_socket permissive=1
05-28 18:11:49.000 I/audioserver( 269): ServiceManager: 0xeb820420
05-28 18:11:49.002 W/BatteryNotifier( 269): batterystats service unavailable!
05-28 18:11:49.002 E/cutils-trace( 269): Error opening trace file: No such file or directory (2)
05-28 18:11:49.008 I/preloaddata( 330): type=1400 audit(0.0:272): avc: denied { write search } for name="tmp" dev="mmcblk0p25" ino=85 scontext=u:r:toolbox:s0 tcontext=u:object_r:shell_data_file:s0 tclass=dir permissive=1
05-28 18:11:49.008 I/preloaddata( 330): type=1400 audit(0.0:273): avc: denied { getattr } for path="/data/local/tmp" dev="mmcblk0p25" ino=85 scontext=u:r:toolbox:s0 tcontext=u:object_r:shell_data_file:s0 tclass=dir permissive=1
05-28 18:11:49.015 I/perfetto( 326): probes.cc:84 Starting /system/bin/traced_probes service
05-28 18:11:49.017 I/perfetto( 326): _activity_trigger.cc:71 mm_events ftrace instance not found. Triggering of traces on memory pressure will not be available on this device.
05-28 18:11:49.022 W/perfetto( 327): service.cc:207 Started traced, listening on /dev/socket/traced_producer /dev/socket/traced_consumer
05-28 18:11:49.028 I/perfetto( 326): probes_producer.cc:112 Connected to the service
05-28 18:11:49.040 I/xiriservice_All( 311): type=1400 audit(0.0:274): avc: denied { watch } for path="/data/data" dev="mmcblk0p25" ino=87 scontext=u:r:init:s0 tcontext=u:object_r:system_data_file:s0:c512,c768 tclass=dir permissive=1
05-28 18:11:49.096 I/EventThread( 263): type=1400 audit(0.0:275): avc: denied { search } for name="extcon" dev="sysfs" ino=18109 scontext=u:r:hal_tv_cec_default:s0 tcontext=u:object_r:sysfs_extcon:s0 tclass=dir permissive=1
05-28 18:11:49.096 I/EventThread( 263): type=1400 audit(0.0:276): avc: denied { read } for name="u:object_r:default_prop:s0" dev="tmpfs" ino=3723 scontext=u:r:hal_tv_cec_default:s0 tcontext=u:object_r:default_prop:s0 tclass=file permissive=1
05-28 18:11:49.096 I/EventThread( 263): type=1400 audit(0.0:277): avc: denied { open } for path="/dev/__properties__/u:object_r:default_prop:s0" dev="tmpfs" ino=3723 scontext=u:r:hal_tv_cec_default:s0 tcontext=u:object_r:default_prop:s0 tclass=file permissive=1
05-28 18:11:49.096 I/EventThread( 263): type=1400 audit(0.0:278): avc: denied { getattr } for path="/dev/__properties__/u:object_r:default_prop:s0" dev="tmpfs" ino=3723 scontext=u:r:hal_tv_cec_default:s0 tcontext=u:object_r:default_prop:s0 tclass=file permissive=1
05-28 18:11:49.096 I/EventThread( 263): type=1400 audit(0.0:279): avc: denied { map } for path="/dev/__properties__/u:object_r:default_prop:s0" dev="tmpfs" ino=3723 scontext=u:r:hal_tv_cec_default:s0 tcontext=u:object_r:default_prop:s0 tclass=file permissive=1
05-28 18:11:49.116 I/ServiceManager( 269): Waiting for service 'media.metrics' on '/dev/binder'...
05-28 18:11:49.122 D/XM_HIDREAD( 318): add@ add@/devices/platform/uwe_bsp.0
05-28 18:11:49.123 D/XM_HIDREAD( 318): add@ add@/devices/platform/uwe_bsp.0/wakeup/wakeup8
05-28 18:11:49.128 I/WCN ( 164): marlin_init entry!
05-28 18:11:49.129 I/WCN ( 164): unisoc wcn driver version: W25.22.3, build time: May 28 2025 09:48:37 (UTC)
05-28 18:11:49.129 I/WCN ( 164): wcn config keep power on
05-28 18:11:49.129 I/WCN ( 164): wcn config bt wake host
05-28 18:11:49.129 I/WCN ( 164): marlin_registsr_bt_wake bt_hostwake gpio=208 intnum=237
05-28 18:11:49.129 I/sdiohal ( 164): sdiohal_parse_dt adma_tx:1, adma_rx:1, pwrseq:0, irq type:data, gpio_num:0, blksize:840
05-28 18:11:49.135 D/XM_HIDREAD( 318): add@ add@/class/slog_wcn
05-28 18:11:49.136 D/XM_HIDREAD( 318): add@ add@/devices/virtual/slog_wcn/slog_wcn0
05-28 18:11:49.136 D/XM_HIDREAD( 318): add@ add@/devices/virtual/slog_wcn/slog_wcn1
05-28 18:11:49.132 E/sdiohal err( 164): sdio, BITS =64, PageSize =4096, order=6, 3
05-28 18:11:49.141 I/sdiohal ( 164): sdiohal_init ok
05-28 18:11:49.137 D/XM_HIDREAD( 318): add@ add@/devices/virtual/misc/wcn_op
05-28 18:11:49.138 D/XM_HIDREAD( 318): add@ add@/bus/platform/drivers/uwe_bsp
05-28 18:11:49.139 D/XM_HIDREAD( 318): add@ add@/module/uwe5621_bsp_sdio
05-28 18:11:49.143 I/WCN ( 164): marlin_probe ok!
05-28 18:11:49.178 D/XM_HIDREAD( 318): add@ add@/devices/platform/mtty.0
05-28 18:11:49.179 D/XM_HIDREAD( 318): add@ add@/devices/virtual/tty/ttyBT0
05-28 18:11:49.179 E/ ( 164): uwe5621_bt_tty_init
05-28 18:11:49.185 E/ ( 164): mtty_probe unisoc soc, continue
05-28 18:11:49.185 I/ ( 164): mtty_probe init device addr: 0x00000000f26fcb52
05-28 18:11:49.191 E/ ( 164): rfkill_bluetooth_init
05-28 18:11:49.190 D/XM_HIDREAD( 318): add@ add@/devices/platform/mtty.0/rfkill/rfkill1
05-28 18:11:49.196 E/ ( 164): rfkill_bluetooth_init end
05-28 18:11:49.201 E/ ( 164): marlin_sdio_init
05-28 18:11:49.199 D/XM_HIDREAD( 318): add@ add@/bus/platform/drivers/mtty
05-28 18:11:49.199 D/XM_HIDREAD( 318): add@ add@/module/sprdbt_tty
05-28 18:11:49.226 D/libEGL ( 273): loaded /vendor/lib/egl/libGLES_mali.so
05-28 18:11:49.304 I/init ( 1): type=1400 audit(0.0:280): avc: denied { read } for name="ext_csd" dev="debugfs" ino=5778 scontext=u:r:init:s0 tcontext=u:object_r:debugfs_mmc:s0 tclass=file permissive=1
05-28 18:11:49.304 I/init ( 1): type=1400 audit(0.0:281): avc: denied { open } for path="/sys/kernel/debug/mmc0/mmc0:0001/ext_csd" dev="debugfs" ino=5778 scontext=u:r:init:s0 tcontext=u:object_r:debugfs_mmc:s0 tclass=file permissive=1
05-28 18:11:49.342 I/installd( 348): installd firing up
05-28 18:11:49.388 I/storaged( 354): type=1400 audit(0.0:282): avc: denied { read } for path="/sys/kernel/debug/mmc0/mmc0:0001/ext_csd" dev="debugfs" ino=5778 scontext=u:r:storaged:s0 tcontext=u:object_r:debugfs_mmc:s0 tclass=file permissive=1
05-28 18:11:49.432 I/rainbow_flow( 323): type=1400 audit(0.0:283): avc: denied { ioctl } for path="/dev/spidev1.0" dev="tmpfs" ino=5872 ioctlcmd=0x6b00 scontext=u:r:init:s0 tcontext=u:object_r:device:s0 tclass=chr_file permissive=1
05-28 18:11:49.490 I/RenderEngine( 273): Realtime priority unsupported, degrading gracefully to high priority
05-28 18:11:49.501 I/wificond( 360): wificond is starting up...
05-28 18:11:49.520 E/cutils-trace( 360): Error opening trace file: No such file or directory (2)
05-28 18:11:49.527 I/HidlServiceManagement( 360): Registered android.system.wifi.keystore@1.0::IKeystore/default
05-28 18:11:49.535 D/WifiHWInfo( 370): Start to load wireless module hardware info table...
05-28 18:11:49.542 D/dom2reg ( 369): timezone change, new: Asia/Shanghai, pre:
05-28 18:11:49.549 D/dom2reg ( 369): convert timezone to alpha2 country code: CN
05-28 18:11:49.550 D/WifiHWInfo( 370): Entry [01], BUS: SDIO, ID: 0x024C8179, Name: rtl8189es.
05-28 18:11:49.552 D/WifiHWInfo( 370): Entry [02], BUS: SDIO, ID: 0x024CB723, Name: rtl8723bs_vq0.
05-28 18:11:49.555 D/WifiHWInfo( 370): Entry [03], BUS: SDIO, ID: 0x024CB703, Name: rtl8723cs.
05-28 18:11:49.555 D/WifiHWInfo( 370): Entry [04], BUS: SDIO, ID: 0x024CD723, Name: rtl8723ds.
05-28 18:11:49.555 D/WifiHWInfo( 370): Entry [05], BUS: SDIO, ID: 0x024CF179, Name: rtl8189fs.
05-28 18:11:49.555 D/WifiHWInfo( 370): Entry [06], BUS: SDIO, ID: 0x024CB822, Name: rtl88x2bs.
05-28 18:11:49.555 D/WifiHWInfo( 370): Entry [07], BUS: USB, ID: 0x0BDAD723, Name: rtl8723du.
05-28 18:11:49.555 D/WifiHWInfo( 370): Entry [08], BUS: USB, ID: 0x0BDA8179, Name: rtl8188etv.
05-28 18:11:49.555 D/WifiHWInfo( 370): Entry [09], BUS: USB, ID: 0x0BDA0179, Name: rtl8188eu.
05-28 18:11:49.555 D/WifiHWInfo( 370): Entry [10], BUS: USB, ID: 0x0BDA818B, Name: rtl8192eu.
05-28 18:11:49.555 D/WifiHWInfo( 370): Entry [11], BUS: USB, ID: 0x0BDAB720, Name: rtl8723bu.
05-28 18:11:49.555 D/WifiHWInfo( 370): Entry [12], BUS: USB, ID: 0x0BDAC82C, Name: rtl8822cu.
05-28 18:11:49.555 D/WifiHWInfo( 370): Entry [13], BUS: USB, ID: 0x0BDAF179, Name: rtl8188fu.
05-28 18:11:49.555 D/WifiHWInfo( 370): Entry [14], BUS: SDIO, ID: 0x02D0A9A6, Name: ap6212.
05-28 18:11:49.555 D/WifiHWInfo( 370): Entry [15], BUS: SDIO, ID: 0x02D04330, Name: ap6330.
05-28 18:11:49.555 D/WifiHWInfo( 370): Entry [16], BUS: SDIO, ID: 0x02D04356, Name: ap6356s.
05-28 18:11:49.555 D/WifiHWInfo( 370): Entry [17], BUS: SDIO, ID: 0x02D0A9BF, Name: ap6255.
05-28 18:11:49.556 D/WifiHWInfo( 370): Entry [18], BUS: SDIO, ID: 0x02D04334, Name: bcm43342.
05-28 18:11:49.556 D/WifiHWInfo( 370): Entry [19], BUS: SDIO, ID: 0x00202281, Name: xr819.
05-28 18:11:49.556 D/WifiHWInfo( 370): Entry [20], BUS: SDIO, ID: 0x0A9E2282, Name: xr829.
05-28 18:11:49.556 D/WifiHWInfo( 370): Entry [21], BUS: SDIO, ID: 0x0271050A, Name: qca6174a.
05-28 18:11:49.556 D/WifiHWInfo( 370): Entry [22], BUS: SDIO, ID: 0x30303030, Name: ssv6x5x.
05-28 18:11:49.556 D/WifiHWInfo( 370): Entry [23], BUS: SDIO, ID: 0x00000000, Name: uwe5621.
05-28 18:11:49.556 D/WifiHWInfo( 370): Entry [24], BUS: SDIO, ID: 0x54490145, Name: aic8800.
05-28 18:11:49.556 D/WifiHWInfo( 370): Entry [25], BUS: SDIO, ID: 0xC8A1C08D, Name: aic8800.
05-28 18:11:49.556 D/WifiHWInfo( 370): Entry [26], BUS: USB, ID: 0xA69C8800, Name: aic8800.
05-28 18:11:49.556 D/WifiHWInfo( 370): Entry [27], BUS: USB, ID: 0x007A8888, Name: atbm6023is.
05-28 18:11:49.556 D/WifiHWInfo( 370): Entry [28], BUS: SDIO, ID: 0x02E79086, Name: 9012p.
05-28 18:11:49.556 D/WifiHWInfo( 370): Entry [29], BUS: SDIO, ID: 0x007A6011, Name: atbm613x_wifi_sdio.
05-28 18:11:49.556 D/WifiHWInfo( 370): Entry [30], BUS: SDIO, ID: 0x024CC822, Name: 88x2cs.
05-28 18:11:49.556 D/WifiHWInfo( 370): Entry [31], BUS: SDIO, ID: 0x000018F0, Name: dummy.
05-28 18:11:49.556 D/HWINFO ( 370): ********** Wireless information **********
05-28 18:11:49.556 D/HWINFO ( 370): module vendor: sprd
05-28 18:11:49.556 D/HWINFO ( 370): module name : uwe5621
05-28 18:11:49.556 D/HWINFO ( 370): wifi hal name: libwifi-hal-sprd.so
05-28 18:11:49.556 D/HWINFO ( 370): libbt-vendor : libbt-sprd.so
05-28 18:11:49.556 D/HWINFO ( 370): is bt support: 1
05-28 18:11:49.556 D/HWINFO ( 370): ******************************************
05-28 18:11:49.557 D/dom2reg ( 369): regulatory set to [CN] success(0)
05-28 18:11:49.566 W/HidlServiceManagement( 265): Waited one second for vendor.display.config@1.0::IDisplayConfig/default
05-28 18:11:49.596 I/EventThread( 263): type=1400 audit(0.0:284): avc: denied { search } for name="extcon" dev="sysfs" ino=18109 scontext=u:r:hal_tv_cec_default:s0 tcontext=u:object_r:sysfs_extcon:s0 tclass=dir permissive=1
05-28 18:11:49.637 I/hwservicemanager( 180): Since vendor.display.config@1.0::IDisplayConfig/default is not registered, trying to start it as a lazy HAL.
05-28 18:11:49.638 I/HidlServiceManagement( 265): getService: Trying again for vendor.display.config@1.0::IDisplayConfig/default...
05-28 18:11:49.640 I/init ( 1): type=1400 audit(0.0:285): avc: denied { add_name } for name="panic" scontext=u:r:init:s0 tcontext=u:object_r:sysfs:s0 tclass=dir permissive=1
05-28 18:11:49.645 W/libc ( 180): Unable to set property "ctl.interface_start" to "vendor.display.config@1.0::IDisplayConfig/default": error code: 0x20
05-28 18:11:49.645 I/hwservicemanager( 180): Tried to start vendor.display.config@1.0::IDisplayConfig/default as a lazy service, but was unable to. Usually this happens when a service is not installed, but if the service is intended to be used as a lazy service, then it may be configured incorrectly.
05-28 18:11:49.674 I/hwservicemanager( 180): getTransport: Cannot find entry android.hardware.graphics.mapper@4.0::IMapper/default in either framework or device VINTF manifest.
05-28 18:11:49.677 I/Gralloc4( 273): mapper 4.x is not supported
05-28 18:11:49.678 I/hwservicemanager( 180): getTransport: Cannot find entry android.hardware.graphics.mapper@3.0::IMapper/default in either framework or device VINTF manifest.
05-28 18:11:49.678 W/Gralloc3( 273): mapper 3.x is not supported
05-28 18:11:49.686 I/sunxi-rfkill soc@3000000( 164): rfkill: set block: 1
05-28 18:11:49.686 I/sunxi-rfkill soc@3000000( 164): rfkill: bt power off success
05-28 18:11:49.676 I/xiriservice_All( 332): type=1400 audit(0.0:286): avc: denied { read } for scontext=u:r:init:s0 tcontext=u:r:init:s0 tclass=netlink_kobject_uevent_socket permissive=1
05-28 18:11:49.701 D/zygote ( 243): Time zone APEX ICU file found: /apex/com.android.tzdata/etc/icu/icu_tzdata.dat
05-28 18:11:49.702 D/zygote ( 243): I18n APEX ICU file found: /apex/com.android.i18n/etc/icu/icudt68l.dat
05-28 18:11:49.707 E/cutils-trace( 377): Error opening trace file: No such file or directory (2)
05-28 18:11:49.709 I/gatekeeperd( 375): Starting gatekeeperd...
05-28 18:11:49.717 E/cutils-trace( 375): Error opening trace file: No such file or directory (2)
05-28 18:11:49.746 E/gralloc ( 273): Arm Module v1.0
05-28 18:11:49.766 I/main_extractorservice( 350): enable media.extractor memory limits
05-28 18:11:49.766 V/MediaUtils( 350): physMem: 2055442432
05-28 18:11:49.766 V/MediaUtils( 350): requested limit: 411088480
05-28 18:11:49.767 I/libc ( 350): malloc_limit: Allocation limit enabled, max size 411088480 bytes
05-28 18:11:49.783 W/mediaextractor( 350): Could not read additional policy file '/vendor/etc/seccomp_policy/mediaextractor.policy'
05-28 18:11:49.784 W/mediaextractor( 350): libminijail[350]: failed to get path of fd 4: No such file or directory
05-28 18:11:49.784 W/mediaextractor( 350): libminijail[350]: allowing syscall: clock_gettime
05-28 18:11:49.784 W/mediaextractor( 350): libminijail[350]: allowing syscall: connect
05-28 18:11:49.784 W/mediaextractor( 350): libminijail[350]: allowing syscall: fcntl64
05-28 18:11:49.784 W/mediaextractor( 350): libminijail[350]: allowing syscall: socket
05-28 18:11:49.784 W/mediaextractor( 350): libminijail[350]: allowing syscall: writev
05-28 18:11:49.786 W/mediaextractor( 350): libminijail[350]: compile_file: /apex/com.android.media/etc/seccomp_policy/crash_dump.arm.policy(1): syscall read redefined here
05-28 18:11:49.786 W/mediaextractor( 350): libminijail[350]: compile_file: (19): previous definition here
05-28 18:11:49.786 W/mediaextractor( 350): libminijail[350]: compile_file: /apex/com.android.media/etc/seccomp_policy/crash_dump.arm.policy(2): syscall write redefined here
05-28 18:11:49.786 W/mediaextractor( 350): libminijail[350]: compile_file: (6): previous definition here
05-28 18:11:49.787 W/mediaextractor( 350): libminijail[350]: compile_file: /apex/com.android.media/etc/seccomp_policy/crash_dump.arm.policy(3): syscall exit redefined here
05-28 18:11:49.787 W/mediaextractor( 350): libminijail[350]: compile_file: (27): previous definition here
05-28 18:11:49.787 W/mediaextractor( 350): libminijail[350]: compile_file: /apex/com.android.media/etc/seccomp_policy/crash_dump.arm.policy(4): syscall rt_sigreturn redefined here
05-28 18:11:49.787 W/mediaextractor( 350): libminijail[350]: compile_file: (29): previous definition here
05-28 18:11:49.787 W/mediaextractor( 350): libminijail[350]: compile_file: /apex/com.android.media/etc/seccomp_policy/crash_dump.arm.policy(6): syscall exit_group redefined here
05-28 18:11:49.787 W/mediaextractor( 350): libminijail[350]: compile_file: (28): previous definition here
05-28 18:11:49.787 W/mediaextractor( 350): libminijail[350]: compile_file: /apex/com.android.media/etc/seccomp_policy/crash_dump.arm.policy(7): syscall clock_gettime redefined here
05-28 18:11:49.787 W/mediaextractor( 350): libminijail[350]: compile_file: (20): previous definition here
05-28 18:11:49.787 W/mediaextractor( 350): libminijail[350]: compile_file: /apex/com.android.media/etc/seccomp_policy/crash_dump.arm.policy(9): syscall futex redefined here
05-28 18:11:49.787 W/mediaextractor( 350): libminijail[350]: compile_file: (4): previous definition here
05-28 18:11:49.787 W/mediaextractor( 350): libminijail[350]: compile_file: /apex/com.android.media/etc/seccomp_policy/crash_dump.arm.policy(10): syscall getrandom redefined here
05-28 18:11:49.787 W/mediaextractor( 350): libminijail[350]: compile_file: (43): previous definition here
05-28 18:11:49.787 W/mediaextractor( 350): libminijail[350]: compile_file: /apex/com.android.media/etc/seccomp_policy/crash_dump.arm.policy(12): syscall gettid redefined here
05-28 18:11:49.787 W/mediaextractor( 350): libminijail[350]: compile_file: (34): previous definition here
05-28 18:11:49.787 W/mediaextractor( 350): libminijail[350]: compile_file: /apex/com.android.media/etc/seccomp_policy/crash_dump.arm.policy(15): syscall openat redefined here
05-28 18:11:49.788 W/mediaextractor( 350): libminijail[350]: compile_file: (16): previous definition here
05-28 18:11:49.788 W/mediaextractor( 350): libminijail[350]: compile_file: /apex/com.android.media/etc/seccomp_policy/crash_dump.arm.policy(16): syscall dup redefined here
05-28 18:11:49.788 W/mediaextractor( 350): libminijail[350]: compile_file: (11): previous definition here
05-28 18:11:49.788 W/mediaextractor( 350): libminijail[350]: compile_file: /apex/com.android.media/etc/seccomp_policy/crash_dump.arm.policy(17): syscall close redefined here
05-28 18:11:49.788 W/mediaextractor( 350): libminijail[350]: compile_file: (9): previous definition here
05-28 18:11:49.788 W/mediaextractor( 350): libminijail[350]: compile_file: /apex/com.android.media/etc/seccomp_policy/crash_dump.arm.policy(18): syscall lseek redefined here
05-28 18:11:49.788 W/mediaextractor( 350): libminijail[350]: compile_file: (21): previous definition here
05-28 18:11:49.788 W/mediaextractor( 350): libminijail[350]: compile_file: /apex/com.android.media/etc/seccomp_policy/crash_dump.arm.policy(20): syscall faccessat redefined here
05-28 18:11:49.788 W/mediaextractor( 350): libminijail[350]: compile_file: (30): previous definition here
05-28 18:11:49.788 W/mediaextractor( 350): libminijail[350]: compile_file: /apex/com.android.media/etc/seccomp_policy/crash_dump.arm.policy(25): syscall rt_sigprocmask redefined here
05-28 18:11:49.788 W/mediaextractor( 350): libminijail[350]: compile_file: (35): previous definition here
05-28 18:11:49.788 W/mediaextractor( 350): libminijail[350]: compile_file: /apex/com.android.media/etc/seccomp_policy/crash_dump.arm.policy(28): syscall prctl redefined here
05-28 18:11:49.788 W/mediaextractor( 350): libminijail[350]: compile_file: (5): previous definition here
05-28 18:11:49.789 W/mediaextractor( 350): libminijail[350]: compile_file: /apex/com.android.media/etc/seccomp_policy/crash_dump.arm.policy(29): syscall madvise redefined here
05-28 18:11:49.789 W/mediaextractor( 350): libminijail[350]: compile_file: (31): previous definition here
05-28 18:11:49.789 W/mediaextractor( 350): libminijail[350]: compile_file: /apex/com.android.media/etc/seccomp_policy/crash_dump.arm.policy(30): syscall mprotect redefined here
05-28 18:11:49.789 W/mediaextractor( 350): libminijail[350]: compile_file: (12): previous definition here
05-28 18:11:49.789 W/mediaextractor( 350): libminijail[350]: compile_file: /apex/com.android.media/etc/seccomp_policy/crash_dump.arm.policy(31): syscall munmap redefined here
05-28 18:11:49.789 W/mediaextractor( 350): libminijail[350]: compile_file: (10): previous definition here
05-28 18:11:49.789 W/mediaextractor( 350): libminijail[350]: compile_file: /apex/com.android.media/etc/seccomp_policy/crash_dump.arm.policy(32): syscall getuid32 redefined here
05-28 18:11:49.789 W/mediaextractor( 350): libminijail[350]: compile_file: (13): previous definition here
05-28 18:11:49.789 W/mediaextractor( 350): libminijail[350]: compile_file: /apex/com.android.media/etc/seccomp_policy/crash_dump.arm.policy(33): syscall fstat64 redefined here
05-28 18:11:49.789 W/mediaextractor( 350): libminijail[350]: compile_file: (25): previous definition here
05-28 18:11:49.789 W/mediaextractor( 350): libminijail[350]: compile_file: /apex/com.android.media/etc/seccomp_policy/crash_dump.arm.policy(34): syscall mmap2 redefined here
05-28 18:11:49.789 W/mediaextractor( 350): libminijail[350]: compile_file: (8): previous definition here
05-28 18:11:49.790 W/mediaextractor( 350): libminijail[350]: compile_file: /apex/com.android.media/etc/seccomp_policy/crash_dump.arm.policy(35): syscall geteuid32 redefined here
05-28 18:11:49.790 W/mediaextractor( 350): libminijail[350]: compile_file: (38): previous definition here
05-28 18:11:49.790 W/mediaextractor( 350): libminijail[350]: compile_file: /apex/com.android.media/etc/seccomp_policy/crash_dump.arm.policy(36): syscall getgid32 redefined here
05-28 18:11:49.790 W/mediaextractor( 350): libminijail[350]: compile_file: (39): previous definition here
05-28 18:11:49.790 W/mediaextractor( 350): libminijail[350]: compile_file: /apex/com.android.media/etc/seccomp_policy/crash_dump.arm.policy(37): syscall getegid32 redefined here
05-28 18:11:49.790 W/mediaextractor( 350): libminijail[350]: compile_file: (40): previous definition here
05-28 18:11:49.790 W/mediaextractor( 350): libminijail[350]: compile_file: /apex/com.android.media/etc/seccomp_policy/crash_dump.arm.policy(38): syscall getgroups32 redefined here
05-28 18:11:49.790 W/mediaextractor( 350): libminijail[350]: compile_file: (41): previous definition here
05-28 18:11:49.796 I/zygote ( 243): Using memfd for future sealing
05-28 18:11:49.797 W/mediaextractor( 350): libminijail[350]: logging seccomp filter failures
05-28 18:11:49.802 I/usbd ( 377): Usb HAL found.
05-28 18:11:49.802 I/usbd ( 377): peristent prop is adb
05-28 18:11:49.810 I/hwservicemanager( 180): getTransport: Cannot find entry android.hardware.graphics.allocator@4.0::IAllocator/default in either framework or device VINTF manifest.
05-28 18:11:49.817 W/Gralloc4( 273): allocator 4.x is not supported
05-28 18:11:49.818 I/hwservicemanager( 180): getTransport: Cannot find entry android.hardware.graphics.allocator@3.0::IAllocator/default in either framework or device VINTF manifest.
05-28 18:11:49.825 I/android.hardware.usb.gadget@1.1-service.aw( 264): setCurrentUsbFunctions None
05-28 18:11:49.825 W/Gralloc3( 273): allocator 3.x is not supported
05-28 18:11:49.825 I/android.hardware.usb.gadget@1.1-service.aw( 264): Gadget cannot be pulled down
05-28 18:11:49.826 I/android.hardware.usb.gadget@1.1-service.aw( 264): mMonitor not running
05-28 18:11:49.826 I/android.hardware.usb.gadget@1.1-service.aw( 264): Returned from tearDown gadget
05-28 18:11:49.832 I/rainbow_flow( 323): type=1400 audit(0.0:287): avc: denied { ioctl } for path="/dev/spidev1.0" dev="tmpfs" ino=5872 ioctlcmd=0x6b00 scontext=u:r:init:s0 tcontext=u:object_r:device:s0 tclass=chr_file permissive=1
05-28 18:11:49.850 E/ion ( 256): ioctl c0044901 failed with code -1: Inappropriate ioctl for device
05-28 18:11:49.851 I/gralloc ( 256): alloc buffer:W:1 H:1 S:16 PL[1 1] SZ:64 fmt:1 if:0 af:1 usg:300 fg:00000004
05-28 18:11:49.861 E/ion ( 273): ioctl c0044901 failed with code -1: Inappropriate ioctl for device
05-28 18:11:49.863 I/RenderEngine( 273): OpenGL ES informations:
05-28 18:11:49.863 I/RenderEngine( 273): vendor : ARM
05-28 18:11:49.863 I/RenderEngine( 273): renderer : Mali-G31
05-28 18:11:49.863 I/RenderEngine( 273): version : OpenGL ES 3.2 v1.r20p0-01rel0.9f6475d0baffb05079096179e1278b1d
05-28 18:11:49.863 I/RenderEngine( 273): extensions: GL_EXT_debug_marker GL_ARM_rgba8 GL_ARM_mali_shader_binary GL_OES_depth24 GL_OES_depth_texture GL_OES_depth_texture_cube_map GL_OES_packed_depth_stencil GL_OES_rgb8_rgba8 GL_EXT_read_format_bgra GL_OES_compressed_paletted_texture GL_OES_compressed_ETC1_RGB8_texture GL_OES_standard_derivatives GL_OES_EGL_image GL_OES_EGL_image_external GL_OES_EGL_image_external_essl3 GL_OES_EGL_sync GL_OES_texture_npot GL_OES_vertex_half_float GL_OES_required_internalformat GL_OES_vertex_array_object GL_OES_mapbuffer GL_EXT_texture_format_BGRA8888 GL_EXT_texture_rg GL_EXT_texture_type_2_10_10_10_REV GL_OES_fbo_render_mipmap GL_OES_element_index_uint GL_EXT_shadow_samplers GL_OES_texture_compression_astc GL_KHR_texture_compression_astc_ldr GL_KHR_texture_compression_astc_hdr GL_KHR_texture_compression_astc_sliced_3d GL_EXT_texture_compression_astc_decode_mode GL_EXT_texture_compression_astc_decode_mode_rgb9e5 GL_KHR_debug GL_EXT_occlusion_query_boolean GL_EXT_disjoint_timer_query GL_EXT_blend_minmax GL_EXT_discard_
05-28 18:11:49.863 I/RenderEngine( 273): GL_MAX_TEXTURE_SIZE = 8192
05-28 18:11:49.863 I/RenderEngine( 273): GL_MAX_VIEWPORT_DIMS = 8192
05-28 18:11:49.863 W/libprocessgroup( 273): Failed to open /dev/cpuset/system-background/tasks: Permission denied: Permission denied
05-28 18:11:49.863 W/libprocessgroup( 273): Failed to apply SFMainPolicy task profile: Permission denied
05-28 18:11:49.892 I/hwservicemanager( 180): getTransport: Cannot find entry android.hardware.graphics.mapper@4.0::IMapper/default in either framework or device VINTF manifest.
05-28 18:11:49.893 I/ComposerResources( 257): failed to get mapper 4.0 service, falling back to mapper 3.0
05-28 18:11:49.897 I/update_engine( 376): [INFO:main.cc(55)] A/B Update Engine starting
05-28 18:11:49.901 I/hwservicemanager( 180): getTransport: Cannot find entry android.hardware.graphics.mapper@3.0::IMapper/default in either framework or device VINTF manifest.
05-28 18:11:49.902 I/ComposerResources( 257): failed to get mapper 3.0 service, falling back to mapper 2.0
05-28 18:11:49.903 I/android.hardware.media.omx@1.0-service( 361): mediacodecservice starting
05-28 18:11:49.909 E/gralloc ( 257): Arm Module v1.0
05-28 18:11:49.912 I/sunxihwc( 257): createDeviceFactory: IDeviceFactory from hardware/aw/display/hwc-hal/disp2/HomletDeviceFactory.cpp
05-28 18:11:49.912 I/sunxihwc( 257): Device name: raven
05-28 18:11:49.912 I/adbd ( 386): persist.adb.watchdog set to ''
05-28 18:11:49.913 I/adbd ( 386): persist.sys.test_harness set to ''
05-28 18:11:49.913 I/adbd ( 386): adb watchdog timeout set to 600 seconds
05-28 18:11:49.914 I/adbd ( 386): Setup mdns on port= 5555
05-28 18:11:49.914 I/adbd ( 386): adbd listening on tcp:5555
05-28 18:11:49.914 I/adbd ( 386): adbd listening on vsock:5555
05-28 18:11:49.915 I/adbd ( 386): adbd started
05-28 18:11:49.918 D/sunxihwc( 257): Device config file: /vendor/etc/dispconfigs/homlet-default.json
05-28 18:11:49.919 W/android.hardware.media.omx@1.0-service( 361): Could not read additional policy file '/vendor/etc/seccomp_policy/mediacodec.policy'
05-28 18:11:49.919 W/android.hardware.media.omx@1.0-service( 361): libminijail[361]: failed to get path of fd 4: No such file or directory
05-28 18:11:49.920 W/android.hardware.media.omx@1.0-service( 361): libminijail[361]: allowing syscall: clock_gettime
05-28 18:11:49.921 D/sunxihwc( 257): Parse 'Display0' config
05-28 18:11:49.921 D/sunxihwc( 257): Parse 'Display1' config
05-28 18:11:49.921 I/adbd ( 386): opening control endpoint /dev/usb-ffs/adb/ep0
05-28 18:11:49.922 W/android.hardware.media.omx@1.0-service( 361): libminijail[361]: allowing syscall: connect
05-28 18:11:49.922 W/android.hardware.media.omx@1.0-service( 361): libminijail[361]: allowing syscall: fcntl64
05-28 18:11:49.922 W/android.hardware.media.omx@1.0-service( 361): libminijail[361]: allowing syscall: socket
05-28 18:11:49.922 W/android.hardware.media.omx@1.0-service( 361): libminijail[361]: allowing syscall: writev
05-28 18:11:49.923 W/android.hardware.media.omx@1.0-service( 361): libminijail[361]: compile_file: (59): syscall getrandom redefined here
05-28 18:11:49.923 W/android.hardware.media.omx@1.0-service( 361): libminijail[361]: compile_file: (15): previous definition here
05-28 18:11:49.925 I/sunxihwc( 257): threadLoop: EventThread start
05-28 18:11:49.925 I/adbd ( 386): Waiting for persist.adb.tls_server.enable=1
05-28 18:11:49.926 E/cutils-trace( 376): Error opening trace file: No such file or directory (2)
05-28 18:11:49.926 I/adbd ( 386): persist.adb.tls_server.enable changed to 1
05-28 18:11:49.926 I/android.hardware.usb.gadget@1.1-service.aw( 264): setCurrentUsbFunctions Adb
05-28 18:11:49.927 I/ ( 392): read descriptors
05-28 18:11:49.927 I/android.hardware.usb.gadget@1.1-service.aw( 264): Service started
05-28 18:11:49.927 I/android.hardware.usb.gadget@1.1-service.aw( 264): enable usbradio debug functions
05-28 18:11:49.927 I/ ( 392): read strings
05-28 18:11:49.927 W/android.hardware.media.omx@1.0-service( 361): libminijail[361]: compile_file: /system/etc/seccomp_policy/crash_dump.arm.policy(1): syscall read redefined here
05-28 18:11:49.927 W/android.hardware.media.omx@1.0-service( 361): libminijail[361]: compile_file: (9): previous definition here
05-28 18:11:49.927 I/android.hardware.usb.gadget@1.1-service.aw( 264): Usb Gadget setcurrent functions called successfully
05-28 18:11:49.928 W/android.hardware.media.omx@1.0-service( 361): libminijail[361]: compile_file: /system/etc/seccomp_policy/crash_dump.arm.policy(2): syscall write redefined here
05-28 18:11:49.928 W/android.hardware.media.omx@1.0-service( 361): libminijail[361]: compile_file: (5): previous definition here
05-28 18:11:49.928 W/android.hardware.media.omx@1.0-service( 361): libminijail[361]: compile_file: /system/etc/seccomp_policy/crash_dump.arm.policy(3): syscall exit redefined here
05-28 18:11:49.928 W/android.hardware.media.omx@1.0-service( 361): libminijail[361]: compile_file: (40): previous definition here
05-28 18:11:49.928 W/android.hardware.media.omx@1.0-service( 361): libminijail[361]: compile_file: /system/etc/seccomp_policy/crash_dump.arm.policy(4): syscall rt_sigreturn redefined here
05-28 18:11:49.928 W/android.hardware.media.omx@1.0-service( 361): libminijail[361]: compile_file: (45): previous definition here
05-28 18:11:49.928 W/android.hardware.media.omx@1.0-service( 361): libminijail[361]: compile_file: /system/etc/seccomp_policy/crash_dump.arm.policy(6): syscall exit_group redefined here
05-28 18:11:49.928 W/android.hardware.media.omx@1.0-service( 361): libminijail[361]: compile_file: (44): previous definition here
