05-27 16:13:49.459 290 351 D MesonHwc: 444,10bit
05-27 16:13:49.459 290 351 D MesonHwc: 444,8bit
05-27 16:13:49.459 290 351 D MesonHwc: 422,12bit
05-27 16:13:49.459 290 351 D MesonHwc: rgb,12bit
05-27 16:13:49.459 290 351 D MesonHwc: rgb,10bit
05-27 16:13:49.459 290 351 D MesonHwc: rgb,8bit
05-27 16:13:49.459 290 351 V MesonDisplayServer: GetDisplayMode:dummy_l
05-27 16:13:49.459 290 351 I MesonHwc: getDisplayMode mode:dummy_l
05-27 16:13:49.460 320 918 I SystemControl: [/Ubootenv.cpp, get, 345] [ubootenv] search end and not find env:framerate_priority
05-27 16:13:49.461 535 5414 D AudioFlinger: ro.audio.silent is ignored since no output device is set
05-27 16:13:49.461 478 1797 I audio_hw_hal_profile: [out_get_parameters:2085] out:0xefc4c220 query audio format. ++++++++++ hal_format:PCM_16_BIT
05-27 16:13:49.461 478 1797 D audio_hw_hal_profile: get_hdmi_sink_cap_new is running...
05-27 16:13:49.461 478 1797 D audio_hw_hal_profile: query hdmi format...
05-27 16:13:49.461 290 351 D MesonHwc: sc_read_bootenv val is empty
05-27 16:13:49.461 478 1797 D audio_hw_hal_profile: get_hdmi_sink_cap_new ddp is supported; ddp-joc(atmos) is supported;
05-27 16:13:49.461 478 1797 I audio_hw_hal_profile: get_hdmi_sink_cap_new dts-hd vendor special byte3:0x1
05-27 16:13:49.462 478 1797 I audio_hw_hal_profile: PCM cap Max channel =2
05-27 16:13:49.462 478 1797 I audio_hw_hal_profile: [out_get_parameters:2165] sup_formats=AUDIO_FORMAT_PCM_16_BIT|AUDIO_FORMAT_IEC61937|AUDIO_FORMAT_E_AC3|AUDIO_FORMAT_E_AC3_JOC|AUDIO_FORMAT_AC3|AUDIO_FORMAT_DTS
05-27 16:13:49.462 320 918 I SystemControl: [/Ubootenv.cpp, get, 336] [ubootenv] get key:hdmimode envValue: 480p60hz
05-27 16:13:49.462 535 878 D APM_AudioPolicyManager: modifySurroundFormats: forced use = 0
05-27 16:13:49.462 478 1797 I audio_hw_hal_profile: [out_get_parameters:2089] out:0xefc4c220 query sample rate. Format:PCM_16_BIT(0x1) ++++++++++ hal_format:PCM_16_BIT
05-27 16:13:49.462 478 1797 D audio_hw_hal_profile: get_hdmi_sink_cap_new is running...
05-27 16:13:49.462 489 489 D hdmicecd: [CEC]:printCecMessage, [4 -> 4] len: 0, body:, result:no ack
05-27 16:13:49.463 478 1797 D audio_hw_hal_profile: [get_hdmi_sink_cap_new:960] query hdmi sample_rate... format: PCM_16_BIT(0x1)
05-27 16:13:49.463 478 1797 I audio_hw_hal_profile: get_hdmi_sink_cap_new format =0x1 support rate =sup_sampling_rates=32000|44100|48000|88200|96000|176400|192000
05-27 16:13:49.463 478 1797 I audio_hw_hal_profile: [out_get_parameters:2165] sup_sampling_rates=32000|44100|48000|88200|96000|176400|192000
05-27 16:13:49.463 290 351 D MesonHwc: get key:ubootenv.var.hdmimode value:480p60hz
05-27 16:13:49.463 320 918 I SystemControl: [/Ubootenv.cpp, get, 336] [ubootenv] get key:is.bestmode envValue: false
05-27 16:13:49.463 478 1797 I audio_hw_hal_profile: [out_get_parameters:2092] out:0xefc4c220 query channels. Format:PCM_16_BIT(0x1) ++++++++++ hal_format:PCM_16_BIT
05-27 16:13:49.463 478 1797 D audio_hw_hal_profile: get_hdmi_sink_cap_new is running...
05-27 16:13:49.463 478 1797 D audio_hw_hal_profile: [get_hdmi_sink_cap_new:887] query hdmi channels... format: PCM_16_BIT(0x1)
05-27 16:13:49.463 478 1797 I audio_hw_hal_profile: [out_get_parameters:2165] sup_channels=AUDIO_CHANNEL_OUT_STEREO
05-27 16:13:49.464 478 1797 I audio_hw_hal_profile: [out_get_parameters:2089] out:0xefc4c220 query sample rate. Format:DTS(0xb000000) ++++++++++ hal_format:PCM_16_BIT
05-27 16:13:49.464 478 1797 D audio_hw_hal_profile: get_hdmi_sink_cap_new is running...
05-27 16:13:49.464 478 1797 D audio_hw_hal_profile: [get_hdmi_sink_cap_new:960] query hdmi sample_rate... format: DTS(0xb000000)
05-27 16:13:49.464 478 1797 I audio_hw_hal_profile: get_hdmi_sink_cap_new format =0xb000000 support rate =sup_sampling_rates=32000|44100|48000
05-27 16:13:49.464 478 1797 I audio_hw_hal_profile: [out_get_parameters:2165] sup_sampling_rates=32000|44100|48000
05-27 16:13:49.464 478 1797 D audio_hw_hal_primary: [out_standby_new:5767] io 2109: out:0xefc4c220 usecase:PCM_HWSYNC
05-27 16:13:49.464 478 1797 I audio_hw_hal_primary: already standby, do nothing
05-27 16:13:49.465 478 1797 I audio_hw_hal_profile: [out_get_parameters:2092] out:0xefc4c220 query channels. Format:DTS(0xb000000) ++++++++++ hal_format:PCM_16_BIT
05-27 16:13:49.465 478 1797 D audio_hw_hal_profile: get_hdmi_sink_cap_new is running...
05-27 16:13:49.465 478 1797 D audio_hw_hal_profile: [get_hdmi_sink_cap_new:887] query hdmi channels... format: DTS(0xb000000)
05-27 16:13:49.465 478 1797 I audio_hw_hal_profile: [out_get_parameters:2165] sup_channels=AUDIO_CHANNEL_OUT_MONO|AUDIO_CHANNEL_OUT_STEREO|AUDIO_CHANNEL_OUT_TRI|AUDIO_CHANNEL_OUT_TRI_BACK|AUDIO_CHANNEL_OUT_3POINT1|AUDIO_CHANNEL_OUT_QUAD|AUDIO_CHANNEL_OUT_SURROUND|AUDIO_CHANNEL_OUT_PENTA|AUDIO_CHANNEL_OUT_5POINT1
05-27 16:13:49.465 290 351 D MesonHwc: get key:ubootenv.var.is.bestmode value:false
05-27 16:13:49.465 290 351 I MesonDisplay: [/mode_policy.c, meson_mode_set_policy, 1177] connector:0 to policy:8
05-27 16:13:49.465 290 351 I MesonDisplay: [/mode_policy.c, is_dv_prefer, 66] not prefer dv, hdr_priority:10000010
05-27 16:13:49.465 290 351 I MesonDisplay: [/mode_policy.c, is_dv_prefer, 66] not prefer dv, hdr_priority:10000010
05-27 16:13:49.465 290 351 I MesonDisplay: [/mode_policy_parser.c, is_support_hdmimode, 110] is_support_hdmimode mode: 480p60hz
05-27 16:13:49.465 290 351 I MesonDisplay: [/mode_policy.c, get_hdmi_outputmode, 1018] get_hdmi_outputmode mode:480p60hz
05-27 16:13:49.465 290 351 I MesonDisplay: [/mode_policy.c, sdr_scene_process, 1146] final_displaymode:480p60hz
05-27 16:13:49.465 290 351 I MesonDisplay: [/mode_policy.c, get_best_color_attr, 613] get_best_color_attr current mode:[480p60hz] brr_mode:[480p60hz]
05-27 16:13:49.465 290 351 D MesonDisplay: meson_write /sys/class/amhdmitx/amhdmitx0/valid_mode, outputmode:480p60hz444,8bit
05-27 16:13:49.466 290 351 D MesonDisplay: valid mode is true!
05-27 16:13:49.466 290 351 I MesonDisplay: [/mode_policy.c, get_best_color_attr, 679] support current mode:[480p60hz], color format:[444,8bit]
05-27 16:13:49.466 290 351 I MesonDisplay: [/mode_policy.c, get_hdmi_color_attr, 1081] get hdmi color attribute : [444,8bit], outputmode is: [480p60hz]
05-27 16:13:49.466 290 351 I MesonDisplay: [/mode_policy.c, update_deepcolor, 1107] colorattribute = 444,8bit
05-27 16:13:49.466 290 351 I MesonDisplay: [/mode_policy.c, sdr_scene_process, 1163] final_deepcolor = 444,8bit
05-27 16:13:49.466 290 351 I MesonDisplay: [/mode_policy.c, meson_mode_get_policy_output, 1289] final_displaymode:480p60hz, final_deepcolor:444,8bit, amdv_type:0
05-27 16:13:49.466 478 1797 I audio_hw_hal_profile: [out_get_parameters:2089] out:0xefc4c220 query sample rate. Format:AC3(0x9000000) ++++++++++ hal_format:PCM_16_BIT
05-27 16:13:49.466 478 1797 D audio_hw_hal_profile: get_hdmi_sink_cap_new is running...
05-27 16:13:49.466 478 1797 D audio_hw_hal_profile: [get_hdmi_sink_cap_new:960] query hdmi sample_rate... format: AC3(0x9000000)
05-27 16:13:49.466 478 1797 I audio_hw_hal_profile: get_hdmi_sink_cap_new format =0x9000000 support rate =sup_sampling_rates=32000|44100|48000
05-27 16:13:49.466 478 1797 I audio_hw_hal_profile: [out_get_parameters:2165] sup_sampling_rates=32000|44100|48000
05-27 16:13:49.466 320 918 I SystemControl: [/Ubootenv.cpp, get, 336] [ubootenv] get key:hdr_preferred_policy envValue: 0
05-27 16:13:49.467 290 351 D MesonHwc: get key:ubootenv.var.hdr_preferred_policy value:0
05-27 16:13:49.467 290 351 I MesonHwc: getPreferredHdrStrategy is 0
05-27 16:13:49.467 290 351 I MesonHwc: check_hdr_mode mode:480p60hz outHdrConversionType:SDR support:1
05-27 16:13:49.467 290 351 I MesonHwc: quiescent_mode is 0
05-27 16:13:49.467 478 478 I audio_hw_hal_profile: [out_get_parameters:2092] out:0xefc4c220 query channels. Format:AC3(0x9000000) ++++++++++ hal_format:PCM_16_BIT
05-27 16:13:49.467 478 478 D audio_hw_hal_profile: get_hdmi_sink_cap_new is running...
05-27 16:13:49.467 320 918 I SystemControl: [/Ubootenv.cpp, get, 336] [ubootenv] get key:frac_rate_policy envValue: 0
05-27 16:13:49.467 290 351 D MesonHwc: get key:ubootenv.var.frac_rate_policy value:0
05-27 16:13:49.467 478 478 D audio_hw_hal_profile: [get_hdmi_sink_cap_new:887] query hdmi channels... format: AC3(0x9000000)
05-27 16:13:49.467 478 478 I audio_hw_hal_profile: [out_get_parameters:2165] sup_channels=AUDIO_CHANNEL_OUT_MONO|AUDIO_CHANNEL_OUT_STEREO|AUDIO_CHANNEL_OUT_TRI|AUDIO_CHANNEL_OUT_TRI_BACK|AUDIO_CHANNEL_OUT_3POINT1|AUDIO_CHANNEL_OUT_QUAD|AUDIO_CHANNEL_OUT_SURROUND|AUDIO_CHANNEL_OUT_PENTA|AUDIO_CHANNEL_OUT_5POINT1
05-27 16:13:49.467 290 351 I MesonHwc: get uenv frc policy is 0 and current value is 0
05-27 16:13:49.467 290 351 I MesonHwc: cur frac_rate_policy is equals
05-27 16:13:49.467 290 351 D MesonDisplayServer: use connector getDisplayAttribute "HDMI Color ATTR": "444,8bit"
05-27 16:13:49.467 290 351 I MesonHwc: curDeepcolor[444,8bit] final_deepcolor[444,8bit]
05-27 16:13:49.467 290 351 I MesonHwc: cur deepcolor is equals
05-27 16:13:49.467 290 351 D MesonDisplayServer: getDisplayAttribute "HDR Policy": "0"
05-27 16:13:49.467 290 351 I MesonHwc: cur hdr policy:0
05-27 16:13:49.467 290 351 D MesonDisplayServer: getDisplayAttribute "FORCE HDR Mode": "0"
05-27 16:13:49.467 290 351 I MesonHwc: cur hdr force mode:0
05-27 16:13:49.467 290 351 D MesonDisplayServer: getDisplayAttribute "Dolby Vision Mode": "usage: echo mode > /sys/class/amdolby_vision/dv_mode AMDV_OUTPUT_MODE_BYPASS 0 AMDV_OUTPUT_MODE_IPT 1 AMDV_OUTPUT_MODE_IPT_TUNNEL 2 AMDV_OUTPUT_MODE_HDR10 3 AMDV_OUTPUT_MODE_SDR10 4 AMDV_OUTPUT_MODE_SDR8 5current dv_mode = off"
05-27 16:13:49.467 290 351 D MesonDisplayServer: getDisplayAttribute "Dolby Vision Policy": "0"
05-27 16:13:49.467 290 351 I MesonHwc: cur dv policy:0
05-27 16:13:49.468 320 918 I SystemControl: [/Ubootenv.cpp, get, 345] [ubootenv] search end and not find env:hdr_force_mode
05-27 16:13:49.468 290 351 D MesonHwc: sc_read_bootenv val is empty
05-27 16:13:49.468 290 351 I MesonHwc: get hdr force mode is [2]
05-27 16:13:49.468 320 918 I SystemControl: [/Ubootenv.cpp, get, 336] [ubootenv] get key:hdr_policy envValue: 0
05-27 16:13:49.468 290 351 D MesonHwc: get key:ubootenv.var.hdr_policy value:0
05-27 16:13:49.468 290 351 I MesonHwc: get uboot HdrStrategy is [0]
05-27 16:13:49.468 290 351 E MesonHwc: dolby vision driver is not ready
05-27 16:13:49.468 290 351 D MesonDisplayServer: use connector getDisplayAttribute "HDR Priority": "268435472"
05-27 16:13:49.468 290 351 I MesonHwc: getCurrentHdrPriority is [HDR10_HLG priority]
05-27 16:13:49.468 320 918 I SystemControl: [/Ubootenv.cpp, get, 336] [ubootenv] get key:hdr_priority envValue: 268435472
05-27 16:13:49.468 290 351 D MesonHwc: get key:ubootenv.var.hdr_priority value:268435472
05-27 16:13:49.468 290 351 I MesonHwc: getHdrPriority is [HDR10_HLG priority]
05-27 16:13:49.468 290 351 I MesonHwc: get uboot HdrPriority is [HDR10_HLG priority]
01-01 08:07:19.216 0 0 I [0 T351 ..] [hdmitx: ] avmute_store 1
05-27 16:13:49.468 478 478 I audio_hw_hal_profile: [out_get_parameters:2089] out:0xefc4c220 query sample rate. Format:E_AC3(0xa000000) ++++++++++ hal_format:PCM_16_BIT
05-27 16:13:49.468 290 351 D MesonDisplayServer: getDisplayAttribute "Dolby Vision Enable": "N"
05-27 16:13:49.468 478 478 D audio_hw_hal_profile: get_hdmi_sink_cap_new is running...
05-27 16:13:49.468 290 351 D MesonDisplayServer: getDisplayAttribute "Dolby Vision LL Policy": "0"
05-27 16:13:49.469 290 351 I MesonHwc: curDvMode 0, want DvMode 0
05-27 16:13:49.469 290 351 E MesonHwc: dolby vision driver is not ready
05-27 16:13:49.469 290 351 I MesonHwc: cur DvMode is equals
05-27 16:13:49.469 290 351 V MesonDisplayServer: GetDisplayMode:dummy_l
05-27 16:13:49.469 478 478 D audio_hw_hal_profile: [get_hdmi_sink_cap_new:960] query hdmi sample_rate... format: E_AC3(0xa000000)
05-27 16:13:49.469 290 351 I MesonHwc: getDisplayMode mode:dummy_l
05-27 16:13:49.469 478 478 I audio_hw_hal_profile: get_hdmi_sink_cap_new format =0xa000000 support rate =sup_sampling_rates=32000|44100|48000
05-27 16:13:49.469 290 351 I MesonHwc: curMode:[dummy_l] ,final_displaymode[480p60hz]
05-27 16:13:49.469 290 351 I MesonHwc: curmode:dummy_l, tmpMode:dummy_l, outputmode:480p60hz
05-27 16:13:49.469 478 478 I audio_hw_hal_profile: [out_get_parameters:2165] sup_sampling_rates=32000|44100|48000
05-27 16:13:49.469 290 351 I MesonHwc: connector not ready
05-27 16:13:49.469 290 351 I MesonHwc: setSysfsStr /sys/devices/virtual/amhdmitx/amhdmitx0/avmute= 1
05-27 16:13:49.469 290 351 I MesonDisplay: [/HDCPTxAuth.cpp, stopVerAll, 344] hdcp_tx 2.2 & 1.4 stop hdcp pwr
05-27 16:13:49.469 290 351 E MesonDisplay: open /sys/class/amhdmitx/amhdmitx0/hdcp_pwr fail. Error info [No such file or directory]
05-27 16:13:49.469 478 1797 I audio_hw_hal_profile: [out_get_parameters:2092] out:0xefc4c220 query channels. Format:E_AC3(0xa000000) ++++++++++ hal_format:PCM_16_BIT
05-27 16:13:49.469 478 1797 D audio_hw_hal_profile: get_hdmi_sink_cap_new is running...
05-27 16:13:49.470 478 1797 D audio_hw_hal_profile: [get_hdmi_sink_cap_new:887] query hdmi channels... format: E_AC3(0xa000000)
05-27 16:13:49.470 478 1797 I audio_hw_hal_profile: [out_get_parameters:2165] sup_channels=AUDIO_CHANNEL_OUT_MONO|AUDIO_CHANNEL_OUT_STEREO|AUDIO_CHANNEL_OUT_TRI|AUDIO_CHANNEL_OUT_TRI_BACK|AUDIO_CHANNEL_OUT_3POINT1|AUDIO_CHANNEL_OUT_QUAD|AUDIO_CHANNEL_OUT_SURROUND|AUDIO_CHANNEL_OUT_PENTA|AUDIO_CHANNEL_OUT_5POINT1|AUDIO_CHANNEL_OUT_6POINT1|AUDIO_CHANNEL_OUT_7POINT1
05-27 16:13:49.470 478 1797 I audio_hw_hal_profile: [out_get_parameters:2089] out:0xefc4c220 query sample rate. Format:IEC61937(0xd000000) ++++++++++ hal_format:PCM_16_BIT
05-27 16:13:49.470 478 1797 D audio_hw_hal_profile: get_hdmi_sink_cap_new is running...
05-27 16:13:49.470 478 1797 D audio_hw_hal_profile: [get_hdmi_sink_cap_new:960] query hdmi sample_rate... format: IEC61937(0xd000000)
05-27 16:13:49.470 478 1797 I audio_hw_hal_profile: [out_get_parameters:2165] sup_sampling_rates=8000|11025|16000|22050|24000|32000|44100|48000|128000|176400|192000
05-27 16:13:49.471 478 1797 I audio_hw_hal_profile: [out_get_parameters:2092] out:0xefc4c220 query channels. Format:IEC61937(0xd000000) ++++++++++ hal_format:PCM_16_BIT
05-27 16:13:49.471 478 1797 D audio_hw_hal_profile: get_hdmi_sink_cap_new is running...
05-27 16:13:49.471 478 1797 D audio_hw_hal_profile: [get_hdmi_sink_cap_new:887] query hdmi channels... format: IEC61937(0xd000000)
05-27 16:13:49.471 478 1797 I audio_hw_hal_profile: [out_get_parameters:2165] sup_channels=AUDIO_CHANNEL_OUT_MONO|AUDIO_CHANNEL_OUT_STEREO|AUDIO_CHANNEL_OUT_TRI|AUDIO_CHANNEL_OUT_TRI_BACK|AUDIO_CHANNEL_OUT_3POINT1|AUDIO_CHANNEL_OUT_QUAD|AUDIO_CHANNEL_OUT_SURROUND|AUDIO_CHANNEL_OUT_PENTA|AUDIO_CHANNEL_OUT_5POINT1|AUDIO_CHANNEL_OUT_7POINT1
05-27 16:13:49.471 478 1797 I audio_hw_hal_profile: [out_get_parameters:2089] out:0xefc4c220 query sample rate. Format:E_AC3_JOC(0xa000001) ++++++++++ hal_format:PCM_16_BIT
05-27 16:13:49.472 478 1797 D audio_hw_hal_profile: get_hdmi_sink_cap_new is running...
05-27 16:13:49.472 478 1797 D audio_hw_hal_profile: [get_hdmi_sink_cap_new:960] query hdmi sample_rate... format: E_AC3(0xa000000)
05-27 16:13:49.472 478 1797 I audio_hw_hal_profile: get_hdmi_sink_cap_new format =0xa000000 support rate =sup_sampling_rates=32000|44100|48000
05-27 16:13:49.472 478 1797 I audio_hw_hal_profile: [out_get_parameters:2165] sup_sampling_rates=32000|44100|48000
05-27 16:13:49.472 478 1797 I audio_hw_hal_profile: [out_get_parameters:2092] out:0xefc4c220 query channels. Format:E_AC3_JOC(0xa000001) ++++++++++ hal_format:PCM_16_BIT
05-27 16:13:49.472 478 1797 D audio_hw_hal_profile: get_hdmi_sink_cap_new is running...
05-27 16:13:49.473 478 1797 D audio_hw_hal_profile: [get_hdmi_sink_cap_new:887] query hdmi channels... format: E_AC3(0xa000000)
05-27 16:13:49.473 478 1797 I audio_hw_hal_profile: [out_get_parameters:2165] sup_channels=AUDIO_CHANNEL_OUT_MONO|AUDIO_CHANNEL_OUT_STEREO|AUDIO_CHANNEL_OUT_TRI|AUDIO_CHANNEL_OUT_TRI_BACK|AUDIO_CHANNEL_OUT_3POINT1|AUDIO_CHANNEL_OUT_QUAD|AUDIO_CHANNEL_OUT_SURROUND|AUDIO_CHANNEL_OUT_PENTA|AUDIO_CHANNEL_OUT_5POINT1|AUDIO_CHANNEL_OUT_6POINT1|AUDIO_CHANNEL_OUT_7POINT1
05-27 16:13:49.474 478 1797 D audio_hw_hal_primary: [out_dump:848] io 2109: out:0xefc4c220, fd:26
05-27 16:13:49.482 478 478 D audio_hw_hal_primary: [out_set_parameters:971] out:0xefc4c220 kvpairs:closing=true;exiting=1 out->out_device:0x400, adev->out_device:0x80002
05-27 16:13:49.482 478 478 E audio_hw_hal_primary: out_set_parameters, ret:-2, hw_sync_mode:is false
05-27 16:13:49.482 535 5414 D AudioFlinger: ro.audio.silent is ignored since no output device is set
05-27 16:13:49.483 478 478 I audio_hw_hal_primary: [out_set_event_callback:3158] io 2109: out:0xefc4c220, callback:0xf1b4091d cookie:0xf2201a50
05-27 16:13:49.483 478 1797 I audio_hw_hal_primary: [adev_close_output_stream_new:8052] io handle 2109: out:0xefc4c220
05-27 16:13:49.483 478 1797 D audio_hw_hal_primary: adev_close_output_stream_new: enter usecase = PCM_HWSYNC
05-27 16:13:49.483 478 1797 D audio_hw_hal_timer: func:audio_timer_delete delete timer.1 success.
05-27 16:13:49.483 478 1797 D audio_hw_hal_timer: func:audio_timer_delete delete timer.2 success.
05-27 16:13:49.483 478 1797 D audio_hw_hal_primary: [adev_close_output_stream_new:8076] timer_id:1 ret:2
05-27 16:13:49.483 478 1797 I audio_hw_hal_primary: [adev_close_output_stream:3695] io 2109: out:0xefc4c220 dev:OUT_HDMI(0x400) flags:0x41, usecase:PCM_HWSYNC
05-27 16:13:49.483 478 1797 D audio_hw_hal_primary: [out_standby_new:5767] io 2109: out:0xefc4c220 usecase:PCM_HWSYNC
05-27 16:13:49.483 478 1797 I audio_hw_hal_primary: already standby, do nothing
05-27 16:13:49.483 478 1797 I audio_hw_hal_resourcemgr: [is_output_device_muted:710] device:0x2 port_mute:0, fade_mute:0
05-27 16:13:49.483 478 1797 I audio_hw_hal_primary: [adev_close_output_stream:3863] io 2109: out:0xefc4c220 exit ------
05-27 16:13:49.484 535 878 I AudioFlinger: openOutput() this 0xed5c2fe0, module 10 Device AUDIO_DEVICE_OUT_HDMI, @:, SamplingRate 32000, Format 0xb000000, Channels 0x1, flags 0x41
05-27 16:13:49.484 478 1797 D audio_hw_hal_primary: [adev_open_output_stream_new:7868] enter: dev=0xefd014a0 handle=845 devices=0x400/'HDMI,' flags=0x41/'DIRECT,HW_AV_SYNC,' config=(rt=32000 ch_mask=0x1 fmt=0xb000000) address=''
05-27 16:13:49.484 478 1797 D audio_hw_hal_primary: adev_open_output_stream_new: enter
05-27 16:13:49.484 478 1797 I audio_hw_hal_primary: [adev_open_output_stream:3285] io 2117: out:0xefc4c220 dev:OUT_HDMI(0x400) addr:
05-27 16:13:49.484 478 1797 I audio_hw_hal_primary: [adev_open_output_stream:3287] ch_mask:0x1 rate:32000 format:DTS(0xb000000) flags:0x41
05-27 16:13:49.484 478 1797 I audio_hw_hal_primary: adev_open_output_stream: for raw audio output,force alsa stereo output
05-27 16:13:49.484 478 1797 D audio_hw_hal_primary: [adev_open_output_stream:3573] format=DTS rate=32000
05-27 16:13:49.484 478 1797 I audio_hw_hal_primary: [adev_open_output_stream:3610] result profile ch_mask:0x1 rate:32000 format:DTS(0xb000000) usecase:RAW_HWSYNC
05-27 16:13:49.484 478 1797 I audio_hw_hal_utils: aml_get_stream_dump_file_name line 2929 file_name /data/vendor/audiohal/stream_pid478_tid1797.dts
05-27 16:13:49.484 478 1797 I audio_hw_hal_primary: [adev_open_output_stream_new:8037] io 2117: out: 0xefc4c220 card:0 alsa devices:0 exit ------
05-27 16:13:49.486 478 1797 I audio_hw_hal_primary: [out_get_buffer_size:552] out:0xefc4c220 config.rate=32000, format:DTS(0xb000000), stream format:DTS(0xb000000)
05-27 16:13:49.486 478 1797 I audio_hw_hal_primary: out_get_buffer_size AUDIO_FORMAT_DTS buffer size = 32768 frames
05-27 16:13:49.486 535 878 I AudioFlinger: HAL output buffer size 32768 frames, normal sink buffer size 32768 frames
05-27 16:13:49.486 478 1797 I audio_hw_hal_primary: [audiohal_get_latency:1333] io 2117: out:0xefc4c220 frames:1088 rate:32000 whole_latency:34 alsa_latency:34
05-27 16:13:49.487 478 478 I audio_hw_hal_primary: [out_set_event_callback:3158] io 2117: out:0xefc4c220, callback:0xf1b4091d cookie:0xf2200550
05-27 16:13:49.487 535 5416 I AudioFlinger: AudioFlinger's thread 0xe78e4520 tid=5416 ready to run
05-27 16:13:49.487 478 478 I audio_hw_hal_primary: [audiohal_get_latency:1333] io 2117: out:0xefc4c220 frames:960 rate:32000 whole_latency:30 alsa_latency:30
05-27 16:13:49.487 478 478 I audio_hw_hal_primary: [audiohal_get_latency:1333] io 2117: out:0xefc4c220 frames:960 rate:32000 whole_latency:30 alsa_latency:30
05-27 16:13:49.488 535 5416 D AudioFlinger: ro.audio.silent is ignored since no output device is set
05-27 16:13:49.488 478 478 D audio_hw_hal_primary: [out_standby_new:5767] io 2117: out:0xefc4c220 usecase:RAW_HWSYNC
05-27 16:13:49.488 478 478 I audio_hw_hal_primary: already standby, do nothing
05-27 16:13:49.489 535 5416 D AudioFlinger: ro.audio.silent is ignored since no output device is set
05-27 16:13:49.490 535 5416 D AudioFlinger: ro.audio.silent is ignored since no output device is set
05-27 16:13:49.491 535 5416 D AudioFlinger: ro.audio.silent is ignored since no output device is set
05-27 16:13:49.492 535 5416 D AudioFlinger: ro.audio.silent is ignored since no output device is set
05-27 16:13:49.495 535 5416 D AudioFlinger: ro.audio.silent is ignored since no output device is set
05-27 16:13:49.496 535 5416 D AudioFlinger: ro.audio.silent is ignored since no output device is set
05-27 16:13:49.497 535 5416 D AudioFlinger: ro.audio.silent is ignored since no output device is set
05-27 16:13:49.499 535 5416 D AudioFlinger: ro.audio.silent is ignored since no output device is set
05-27 16:13:49.500 535 5416 D AudioFlinger: ro.audio.silent is ignored since no output device is set
05-27 16:13:49.503 535 878 I AudioFlinger: openOutput() this 0xed5c2fe0, module 10 Device AUDIO_DEVICE_OUT_HDMI, @:, SamplingRate 32000, Format 0x000001, Channels 0x1, flags 0x41
05-27 16:13:49.503 478 478 D audio_hw_hal_primary: [adev_open_output_stream_new:7868] enter: dev=0xefd014a0 handle=84d devices=0x400/'HDMI,' flags=0x41/'DIRECT,HW_AV_SYNC,' config=(rt=32000 ch_mask=0x1 fmt=0x1) address=''
05-27 16:13:49.503 535 5416 D AudioFlinger: ro.audio.silent is ignored since no output device is set
05-27 16:13:49.503 478 478 D audio_hw_hal_primary: adev_open_output_stream_new: enter
05-27 16:13:49.503 478 478 I audio_hw_hal_primary: [adev_open_output_stream:3285] io 2125: out:0xefc4baf0 dev:OUT_HDMI(0x400) addr:
05-27 16:13:49.503 478 478 I audio_hw_hal_primary: [adev_open_output_stream:3287] ch_mask:0x1 rate:32000 format:PCM_16_BIT(0x1) flags:0x41
05-27 16:13:49.503 478 478 D audio_hw_hal_primary: [adev_open_output_stream:3573] format=PCM_16_BIT rate=32000
05-27 16:13:49.503 478 478 I audio_hw_hal_primary: init resampler from 32000 to 48000!
05-27 16:13:49.503 478 478 D audio_hw_utils_resampler: resampler_init, Init Resampler: input_sr = 32000, output_sr = 48000
05-27 16:13:49.503 478 478 I audio_hw_hal_primary: [adev_open_output_stream:3610] result profile ch_mask:0x1 rate:32000 format:PCM_16_BIT(0x1) usecase:PCM_HWSYNC
05-27 16:13:49.504 478 478 D audio_hw_hal_timer: func:audio_timer_create create timer.1 success.
05-27 16:13:49.504 478 478 D audio_hw_hal_timer: func:audio_timer_create create timer.2 success.
05-27 16:13:49.504 478 478 D audio_hw_hal_primary: [adev_open_output_stream_new:7980] timer_id:1
05-27 16:13:49.504 478 478 I audio_hw_hal_utils: aml_get_stream_dump_file_name line 2929 file_name /data/vendor/audiohal/stream_pid478_tid478.pcm
05-27 16:13:49.504 478 478 I audio_hw_hal_primary: [adev_open_output_stream_new:8037] io 2125: out: 0xefc4baf0 card:0 alsa devices:0 exit ------
05-27 16:13:49.505 478 478 I audio_hw_hal_primary: [out_get_buffer_size:552] out:0xefc4baf0 config.rate=32000, format:PCM_16_BIT(0x1), stream format:PCM_16_BIT(0x1)
05-27 16:13:49.506 535 878 I AudioFlinger: HAL output buffer size 2068 frames, normal sink buffer size 2068 frames
05-27 16:13:49.506 478 478 I audio_hw_hal_primary: [audiohal_get_latency:1333] io 2125: out:0xefc4baf0 frames:1088 rate:32000 whole_latency:34 alsa_latency:34
05-27 16:13:49.506 478 5377 I audio_hw_hal_primary: [out_set_event_callback:3158] io 2125: out:0xefc4baf0, callback:0xf1b4091d cookie:0xf2200070
05-27 16:13:49.507 535 5419 I AudioFlinger: AudioFlinger's thread 0xe78d42e0 tid=5419 ready to run
05-27 16:13:49.507 478 1797 I audio_hw_hal_primary: [audiohal_get_latency:1333] io 2125: out:0xefc4baf0 frames:1088 rate:32000 whole_latency:34 alsa_latency:34
05-27 16:13:49.507 478 1797 I audio_hw_hal_primary: [audiohal_get_latency:1333] io 2125: out:0xefc4baf0 frames:1088 rate:32000 whole_latency:34 alsa_latency:34
05-27 16:13:49.507 535 5419 D AudioFlinger: ro.audio.silent is ignored since no output device is set
05-27 16:13:49.508 478 5376 D audio_hw_hal_primary: [out_standby_new:5767] io 2125: out:0xefc4baf0 usecase:PCM_HWSYNC
05-27 16:13:49.508 478 5376 I audio_hw_hal_primary: already standby, do nothing
05-27 16:13:49.513 290 351 E MesonDisplay: open /sys/class/amhdmitx/amhdmitx0/hdcp_pwr fail. Error info [No such file or directory]
05-27 16:13:49.513 290 351 E MesonDisplay: open /sys/class/amhdmitx/amhdmitx0/hdcp_ctrl fail. Error info [No such file or directory]
05-27 16:13:49.513 290 351 E MesonDisplay: open /sys/class/amhdmitx/amhdmitx0/hdcp_ctrl fail. Error info [No such file or directory]
05-27 16:13:49.515 535 5419 D AudioFlinger: ro.audio.silent is ignored since no output device is set
05-27 16:13:49.516 290 351 I MesonDisplay: [/HDCPTxAuth.cpp, stop, 137] hdcp_tx pthread exit id = 3890725312, (null) done
05-27 16:13:49.516 290 351 I MesonHwc: setDisplayMode mode:480p60hz
05-27 16:13:49.516 290 351 D MesonDisplayServer: SetDisplay[HDMI] Mode to "480p60hz"
05-27 16:13:49.516 290 351 D MesonHwc: blankDisplay connectorType:11
05-27 16:13:49.516 290 351 D MesonHwc: [setConnectorStatus]: power mode 2
05-27 16:13:49.516 290 351 D MesonHwc: displayId:0, blank all display planes
05-27 16:13:49.516 535 5419 D AudioFlinger: ro.audio.silent is ignored since no output device is set
05-27 16:13:49.517 535 5419 D AudioFlinger: ro.audio.silent is ignored since no output device is set
05-27 16:13:49.518 715 986 I WifiService: startScan uid=1000
05-27 16:13:49.519 2749 2749 E ccc : cccccc i will start scan
05-27 16:13:49.520 489 489 D hdmicecd: [CEC]:printCecMessage, [4 -> 4] len: 0, body:, result:no ack
05-27 16:13:49.521 535 5419 D AudioFlinger: ro.audio.silent is ignored since no output device is set
05-27 16:13:49.522 535 5419 D AudioFlinger: ro.audio.silent is ignored since no output device is set
05-27 16:13:49.523 535 5419 D AudioFlinger: ro.audio.silent is ignored since no output device is set
01-01 08:07:19.271 0 0 I : [2 T351 ..] [drm] [meson_encoder_vrr_change], seamless is 0
01-01 08:07:19.271 0 0 I : [2 T351 ..] [drm] build_hdmitx_attr_str:444,8bit = 2+8
05-27 16:13:49.525 535 5419 D AudioFlinger: ro.audio.silent is ignored since no output device is set
01-01 08:07:19.273 0 0 I : [2 T351 ..] [drm] am_meson_crtc_atomic_disable-[0]:in
01-01 08:07:19.274 0 0 I : [3 T351 ..] dummy_encl_disable finished
01-01 08:07:19.274 0 0 I : [3 T351 ..] [drm] am_meson_crtc_atomic_enable-[0] in: new[480p60hz], old[dummy_l], vmode[4-4], uboot[0]
05-27 16:13:49.530 535 5419 D AudioFlinger: ro.audio.silent is ignored since no output device is set
01-01 08:07:19.280 0 0 W : [2 T622 ..] [aml_cfg80211_scan 1812] n_channels:36,iftype:2
01-01 08:07:19.280 0 0 W : [2 T622 ..] [aml_send_scanu_req 2532] vif:0
05-27 16:13:49.530 535 5419 D AudioFlinger: ro.audio.silent is ignored since no output device is set
05-27 16:13:49.531 535 5419 D AudioFlinger: ro.audio.silent is ignored since no output device is set
05-27 16:13:49.532 715 859 D InstantWifi: Drop, size: 1
05-27 16:13:49.532 535 5419 D AudioFlinger: ro.audio.silent is ignored since no output device is set
05-27 16:13:49.534 535 5419 D AudioFlinger: ro.audio.silent is ignored since no output device is set
05-27 16:13:49.536 535 5419 D AudioFlinger: ro.audio.silent is ignored since no output device is set
01-01 08:07:19.280 0 0 W : [2 T622 ..] [aml_send_scanu_req 2563] len:4 ssid:DZNB
01-01 08:07:19.281 0 0 W : [2 T622 ..] >>> aml_send_msg()
01-01 08:07:19.285 0 0 I : [3 T351 ..] [drm] am_meson_crtc_atomic_enable-[0]: enable mode 480p60hz final vmode 0
01-01 08:07:19.285 0 0 W : [2 T1052 ..] ipc_sdio_host_msgack_handler 0000000023cef7ed
01-01 08:07:19.286 0 0 W : [2 T1052 ..] [aml_msgackind 2038] msg ack hostid=0xffffff8085fedd00
01-01 08:07:19.286 0 0 I [3 T351 ..] [hdmitx: ] set21_s7d_htxpll_clk_out[96] htxpll vco 4324320 div 16
01-01 08:07:19.287 0 0 W : [2 T1052 ..] [cmd_mgr_llind 329] cmd tkn[51] flags:0008 result: -4 cmd:4096-SCANU_START_REQ - reqcfm( 0-none)
01-01 08:07:19.287 0 0 W : [2 T1052 ..] [cmd_complete 65] cmd tkn[51] flags:0000 result: -4 cmd:4096-SCANU_START_REQ - reqcfm( 0-none)
05-27 16:13:49.540 535 878 I AudioFlinger: openOutput() this 0xed5c2fe0, module 10 Device AUDIO_DEVICE_OUT_HDMI, @:, SamplingRate 0, Format 00000000, Channels 0, flags 0x1
05-27 16:13:49.541 478 1797 D audio_hw_hal_primary: [adev_open_output_stream_new:7868] enter: dev=0xefd014a0 handle=855 devices=0x400/'HDMI,' flags=0x1/'DIRECT,' config=(rt=0 ch_mask=0x0 fmt=0x0) address=''
05-27 16:13:49.541 478 1797 D audio_hw_hal_primary: adev_open_output_stream_new: enter
05-27 16:13:49.541 478 1797 I audio_hw_hal_primary: [adev_open_output_stream:3285] io 2133: out:0xefc47a40 dev:OUT_HDMI(0x400) addr:
05-27 16:13:49.541 478 1797 I audio_hw_hal_primary: [adev_open_output_stream:3287] ch_mask:0 rate:0 format:DEFAULT(0) flags:0x1
05-27 16:13:49.541 478 1797 I audio_hw_hal_primary: [adev_open_output_stream:3610] result profile ch_mask:0x3 rate:48000 format:PCM_16_BIT(0x1) usecase:PCM_DIRECT
05-27 16:13:49.541 478 1797 I audio_hw_hal_utils: aml_get_stream_dump_file_name line 2929 file_name /data/vendor/audiohal/stream_pid478_tid1797.pcm
05-27 16:13:49.541 478 1797 I audio_hw_hal_primary: [adev_open_output_stream_new:8037] io 2133: out: 0xefc47a40 card:0 alsa devices:0 exit ------
05-27 16:13:49.542 478 478 I audio_hw_hal_primary: [out_get_buffer_size:552] out:0xefc47a40 config.rate=48000, format:PCM_16_BIT(0x1), stream format:PCM_16_BIT(0x1)
05-27 16:13:49.542 535 878 I AudioFlinger: HAL output buffer size 2048 frames, normal sink buffer size 2048 frames
05-27 16:13:49.542 478 478 I audio_hw_hal_primary: [audiohal_get_latency:1333] io 2133: out:0xefc47a40 frames:960 rate:48000 whole_latency:20 alsa_latency:20
05-27 16:13:49.543 478 478 I audio_hw_hal_primary: [out_set_event_callback:3158] io 2133: out:0xefc47a40, callback:0xf1b4091d cookie:0xf2200a30
05-27 16:13:49.543 478 478 I audio_hw_hal_primary: [audiohal_get_latency:1333] io 2133: out:0xefc47a40 frames:832 rate:48000 whole_latency:17 alsa_latency:17
05-27 16:13:49.543 535 5420 I AudioFlinger: AudioFlinger's thread 0xe78e0490 tid=5420 ready to run
05-27 16:13:49.543 478 478 I audio_hw_hal_primary: [audiohal_get_latency:1333] io 2133: out:0xefc47a40 frames:832 rate:48000 whole_latency:17 alsa_latency:17
05-27 16:13:49.545 535 5420 D AudioFlinger: ro.audio.silent is ignored since no output device is set
05-27 16:13:49.546 478 1797 D audio_hw_hal_primary: [out_standby_new:5767] io 2133: out:0xefc47a40 usecase:PCM_DIRECT
05-27 16:13:49.546 478 1797 I audio_hw_hal_primary: already standby, do nothing
05-27 16:13:49.547 478 478 I audio_hw_hal_profile: [out_get_parameters:2085] out:0xefc47a40 query audio format. ++++++++++ hal_format:PCM_16_BIT
05-27 16:13:49.547 478 478 D audio_hw_hal_profile: get_hdmi_sink_cap_new is running...
05-27 16:13:49.547 478 478 D audio_hw_hal_profile: query hdmi format...
05-27 16:13:49.547 478 478 D audio_hw_hal_profile: get_hdmi_sink_cap_new ddp is supported; ddp-joc(atmos) is supported;
05-27 16:13:49.547 478 478 I audio_hw_hal_profile: get_hdmi_sink_cap_new dts-hd vendor special byte3:0x1
05-27 16:13:49.547 478 478 I audio_hw_hal_profile: PCM cap Max channel =2
05-27 16:13:49.547 478 478 I audio_hw_hal_profile: [out_get_parameters:2165] sup_formats=AUDIO_FORMAT_PCM_16_BIT|AUDIO_FORMAT_IEC61937|AUDIO_FORMAT_E_AC3|AUDIO_FORMAT_E_AC3_JOC|AUDIO_FORMAT_AC3|AUDIO_FORMAT_DTS
05-27 16:13:49.547 535 878 D APM_AudioPolicyManager: modifySurroundFormats: forced use = 0
05-27 16:13:49.548 478 5377 I audio_hw_hal_profile: [out_get_parameters:2089] out:0xefc47a40 query sample rate. Format:PCM_16_BIT(0x1) ++++++++++ hal_format:PCM_16_BIT
05-27 16:13:49.548 478 5377 D audio_hw_hal_profile: get_hdmi_sink_cap_new is running...
05-27 16:13:49.548 478 5377 D audio_hw_hal_profile: [get_hdmi_sink_cap_new:960] query hdmi sample_rate... format: PCM_16_BIT(0x1)
05-27 16:13:49.548 478 5377 I audio_hw_hal_profile: get_hdmi_sink_cap_new format =0x1 support rate =sup_sampling_rates=32000|44100|48000|88200|96000|176400|192000
05-27 16:13:49.548 478 5377 I audio_hw_hal_profile: [out_get_parameters:2165] sup_sampling_rates=32000|44100|48000|88200|96000|176400|192000
05-27 16:13:49.549 478 5377 I audio_hw_hal_profile: [out_get_parameters:2092] out:0xefc47a40 query channels. Format:PCM_16_BIT(0x1) ++++++++++ hal_format:PCM_16_BIT
05-27 16:13:49.549 478 5377 D audio_hw_hal_profile: get_hdmi_sink_cap_new is running...
05-27 16:13:49.549 478 5377 D audio_hw_hal_profile: [get_hdmi_sink_cap_new:887] query hdmi channels... format: PCM_16_BIT(0x1)
05-27 16:13:49.549 478 5377 I audio_hw_hal_profile: [out_get_parameters:2165] sup_channels=AUDIO_CHANNEL_OUT_STEREO
05-27 16:13:49.549 478 5377 I audio_hw_hal_profile: [out_get_parameters:2089] out:0xefc47a40 query sample rate. Format:DTS(0xb000000) ++++++++++ hal_format:PCM_16_BIT
05-27 16:13:49.549 478 5377 D audio_hw_hal_profile: get_hdmi_sink_cap_new is running...
05-27 16:13:49.550 478 5377 D audio_hw_hal_profile: [get_hdmi_sink_cap_new:960] query hdmi sample_rate... format: DTS(0xb000000)
05-27 16:13:49.550 478 5377 I audio_hw_hal_profile: get_hdmi_sink_cap_new format =0xb000000 support rate =sup_sampling_rates=32000|44100|48000
05-27 16:13:49.550 478 5377 I audio_hw_hal_profile: [out_get_parameters:2165] sup_sampling_rates=32000|44100|48000
05-27 16:13:49.550 478 5377 I audio_hw_hal_profile: [out_get_parameters:2092] out:0xefc47a40 query channels. Format:DTS(0xb000000) ++++++++++ hal_format:PCM_16_BIT
05-27 16:13:49.550 478 5377 D audio_hw_hal_profile: get_hdmi_sink_cap_new is running...
05-27 16:13:49.550 478 5377 D audio_hw_hal_profile: [get_hdmi_sink_cap_new:887] query hdmi channels... format: DTS(0xb000000)
05-27 16:13:49.550 478 5377 I audio_hw_hal_profile: [out_get_parameters:2165] sup_channels=AUDIO_CHANNEL_OUT_MONO|AUDIO_CHANNEL_OUT_STEREO|AUDIO_CHANNEL_OUT_TRI|AUDIO_CHANNEL_OUT_TRI_BACK|AUDIO_CHANNEL_OUT_3POINT1|AUDIO_CHANNEL_OUT_QUAD|AUDIO_CHANNEL_OUT_SURROUND|AUDIO_CHANNEL_OUT_PENTA|AUDIO_CHANNEL_OUT_5POINT1
05-27 16:13:49.551 478 5377 I audio_hw_hal_profile: [out_get_parameters:2089] out:0xefc47a40 query sample rate. Format:AC3(0x9000000) ++++++++++ hal_format:PCM_16_BIT
05-27 16:13:49.551 478 5377 D audio_hw_hal_profile: get_hdmi_sink_cap_new is running...
05-27 16:13:49.551 478 5377 D audio_hw_hal_profile: [get_hdmi_sink_cap_new:960] query hdmi sample_rate... format: AC3(0x9000000)
05-27 16:13:49.551 478 5377 I audio_hw_hal_profile: get_hdmi_sink_cap_new format =0x9000000 support rate =sup_sampling_rates=32000|44100|48000
05-27 16:13:49.551 478 5377 I audio_hw_hal_profile: [out_get_parameters:2165] sup_sampling_rates=32000|44100|48000
05-27 16:13:49.552 478 5377 I audio_hw_hal_profile: [out_get_parameters:2092] out:0xefc47a40 query channels. Format:AC3(0x9000000) ++++++++++ hal_format:PCM_16_BIT
05-27 16:13:49.552 478 5377 D audio_hw_hal_profile: get_hdmi_sink_cap_new is running...
05-27 16:13:49.552 478 5377 D audio_hw_hal_profile: [get_hdmi_sink_cap_new:887] query hdmi channels... format: AC3(0x9000000)
05-27 16:13:49.552 478 5377 I audio_hw_hal_profile: [out_get_parameters:2165] sup_channels=AUDIO_CHANNEL_OUT_MONO|AUDIO_CHANNEL_OUT_STEREO|AUDIO_CHANNEL_OUT_TRI|AUDIO_CHANNEL_OUT_TRI_BACK|AUDIO_CHANNEL_OUT_3POINT1|AUDIO_CHANNEL_OUT_QUAD|AUDIO_CHANNEL_OUT_SURROUND|AUDIO_CHANNEL_OUT_PENTA|AUDIO_CHANNEL_OUT_5POINT1
05-27 16:13:49.552 478 5377 I audio_hw_hal_profile: [out_get_parameters:2089] out:0xefc47a40 query sample rate. Format:E_AC3(0xa000000) ++++++++++ hal_format:PCM_16_BIT
05-27 16:13:49.552 478 5377 D audio_hw_hal_profile: get_hdmi_sink_cap_new is running...
05-27 16:13:49.553 478 5377 D audio_hw_hal_profile: [get_hdmi_sink_cap_new:960] query hdmi sample_rate... format: E_AC3(0xa000000)
05-27 16:13:49.553 478 5377 I audio_hw_hal_profile: get_hdmi_sink_cap_new format =0xa000000 support rate =sup_sampling_rates=32000|44100|48000
05-27 16:13:49.553 478 5377 I audio_hw_hal_profile: [out_get_parameters:2165] sup_sampling_rates=32000|44100|48000
05-27 16:13:49.553 478 5377 I audio_hw_hal_profile: [out_get_parameters:2092] out:0xefc47a40 query channels. Format:E_AC3(0xa000000) ++++++++++ hal_format:PCM_16_BIT
05-27 16:13:49.553 478 5377 D audio_hw_hal_profile: get_hdmi_sink_cap_new is running...
05-27 16:13:49.553 478 5377 D audio_hw_hal_profile: [get_hdmi_sink_cap_new:887] query hdmi channels... format: E_AC3(0xa000000)
05-27 16:13:49.553 478 5377 I audio_hw_hal_profile: [out_get_parameters:2165] sup_channels=AUDIO_CHANNEL_OUT_MONO|AUDIO_CHANNEL_OUT_STEREO|AUDIO_CHANNEL_OUT_TRI|AUDIO_CHANNEL_OUT_TRI_BACK|AUDIO_CHANNEL_OUT_3POINT1|AUDIO_CHANNEL_OUT_QUAD|AUDIO_CHANNEL_OUT_SURROUND|AUDIO_CHANNEL_OUT_PENTA|AUDIO_CHANNEL_OUT_5POINT1|AUDIO_CHANNEL_OUT_6POINT1|AUDIO_CHANNEL_OUT_7POINT1
05-27 16:13:49.554 478 5377 I audio_hw_hal_profile: [out_get_parameters:2089] out:0xefc47a40 query sample rate. Format:IEC61937(0xd000000) ++++++++++ hal_format:PCM_16_BIT
05-27 16:13:49.554 478 5377 D audio_hw_hal_profile: get_hdmi_sink_cap_new is running...
05-27 16:13:49.554 478 5377 D audio_hw_hal_profile: [get_hdmi_sink_cap_new:960] query hdmi sample_rate... format: IEC61937(0xd000000)
05-27 16:13:49.554 478 5377 I audio_hw_hal_profile: [out_get_parameters:2165] sup_sampling_rates=8000|11025|16000|22050|24000|32000|44100|48000|128000|176400|192000
05-27 16:13:49.555 478 5377 I audio_hw_hal_profile: [out_get_parameters:2092] out:0xefc47a40 query channels. Format:IEC61937(0xd000000) ++++++++++ hal_format:PCM_16_BIT
05-27 16:13:49.555 478 5377 D audio_hw_hal_profile: get_hdmi_sink_cap_new is running...
05-27 16:13:49.555 478 5377 D audio_hw_hal_profile: [get_hdmi_sink_cap_new:887] query hdmi channels... format: IEC61937(0xd000000)
05-27 16:13:49.555 478 5377 I audio_hw_hal_profile: [out_get_parameters:2165] sup_channels=AUDIO_CHANNEL_OUT_MONO|AUDIO_CHANNEL_OUT_STEREO|AUDIO_CHANNEL_OUT_TRI|AUDIO_CHANNEL_OUT_TRI_BACK|AUDIO_CHANNEL_OUT_3POINT1|AUDIO_CHANNEL_OUT_QUAD|AUDIO_CHANNEL_OUT_SURROUND|AUDIO_CHANNEL_OUT_PENTA|AUDIO_CHANNEL_OUT_5POINT1|AUDIO_CHANNEL_OUT_7POINT1
05-27 16:13:49.555 478 5377 I audio_hw_hal_profile: [out_get_parameters:2089] out:0xefc47a40 query sample rate. Format:E_AC3_JOC(0xa000001) ++++++++++ hal_format:PCM_16_BIT
05-27 16:13:49.555 478 5377 D audio_hw_hal_profile: get_hdmi_sink_cap_new is running...
05-27 16:13:49.556 478 5377 D audio_hw_hal_profile: [get_hdmi_sink_cap_new:960] query hdmi sample_rate... format: E_AC3(0xa000000)
05-27 16:13:49.556 478 5377 I audio_hw_hal_profile: get_hdmi_sink_cap_new format =0xa000000 support rate =sup_sampling_rates=32000|44100|48000
05-27 16:13:49.556 478 5377 I audio_hw_hal_profile: [out_get_parameters:2165] sup_sampling_rates=32000|44100|48000
05-27 16:13:49.556 478 5377 I audio_hw_hal_profile: [out_get_parameters:2092] out:0xefc47a40 query channels. Format:E_AC3_JOC(0xa000001) ++++++++++ hal_format:PCM_16_BIT
05-27 16:13:49.556 478 5377 D audio_hw_hal_profile: get_hdmi_sink_cap_new is running...
05-27 16:13:49.556 478 5377 D audio_hw_hal_profile: [get_hdmi_sink_cap_new:887] query hdmi channels... format: E_AC3(0xa000000)
05-27 16:13:49.556 478 5377 I audio_hw_hal_profile: [out_get_parameters:2165] sup_channels=AUDIO_CHANNEL_OUT_MONO|AUDIO_CHANNEL_OUT_STEREO|AUDIO_CHANNEL_OUT_TRI|AUDIO_CHANNEL_OUT_TRI_BACK|AUDIO_CHANNEL_OUT_3POINT1|AUDIO_CHANNEL_OUT_QUAD|AUDIO_CHANNEL_OUT_SURROUND|AUDIO_CHANNEL_OUT_PENTA|AUDIO_CHANNEL_OUT_5POINT1|AUDIO_CHANNEL_OUT_6POINT1|AUDIO_CHANNEL_OUT_7POINT1
05-27 16:13:49.557 478 5377 D audio_hw_hal_primary: [out_dump:848] io 2133: out:0xefc47a40, fd:26
05-27 16:13:49.558 478 5377 D audio_hw_hal_primary: [out_set_parameters:971] out:0xefc47a40 kvpairs:closing=true;exiting=1 out->out_device:0x400, adev->out_device:0x80002
05-27 16:13:49.558 478 5377 E audio_hw_hal_primary: out_set_parameters, ret:-2, hw_sync_mode:is false
01-01 08:07:19.301 0 0 I [3 T351 ..] [hdmitx: ] pll_od0 = 11, pll_od2 = 1, pll_od1 = 0
01-01 08:07:19.301 0 0 I [3 T351 ..] [hdmitx: ] clocks_set_vid_clk_div_for_hdmi[402] div = 6
01-01 08:07:19.302 0 0 I [3 T351 ..] [hdmitx: ] configure venc
01-01 08:07:19.303 0 0 I [3 T351 ..] [hdmitx: ] config_tv_enc_calc[63] vic = 3
01-01 08:07:19.304 0 0 I [3 T351 ..] [hdmitx: ] hdmitx_soft_reset[1261]
01-01 08:07:19.304 0 0 I [3 T351 ..] [hdmitx: ] config hdmitx IP vic = 3 cd:4 cs: 2
05-27 16:13:49.559 535 5420 D AudioFlinger: ro.audio.silent is ignored since no output device is set
05-27 16:13:49.559 478 5377 I audio_hw_hal_primary: [out_set_event_callback:3158] io 2133: out:0xefc47a40, callback:0xf1b4091d cookie:0xf2200a30
05-27 16:13:49.559 478 5377 I audio_hw_hal_primary: [adev_close_output_stream_new:8052] io handle 2133: out:0xefc47a40
05-27 16:13:49.559 478 5377 D audio_hw_hal_primary: adev_close_output_stream_new: enter usecase = PCM_DIRECT
05-27 16:13:49.559 478 5377 I audio_hw_hal_primary: [adev_close_output_stream:3695] io 2133: out:0xefc47a40 dev:OUT_HDMI(0x400) flags:0x1, usecase:PCM_DIRECT
05-27 16:13:49.559 478 5377 D audio_hw_hal_primary: [out_standby_new:5767] io 2133: out:0xefc47a40 usecase:PCM_DIRECT
05-27 16:13:49.559 478 5377 I audio_hw_hal_primary: already standby, do nothing
05-27 16:13:49.559 478 5377 I audio_hw_hal_resourcemgr: [is_output_device_muted:710] device:0x2 port_mute:0, fade_mute:0
05-27 16:13:49.559 478 5377 I audio_hw_hal_primary: [adev_close_output_stream:3863] io 2133: out:0xefc47a40 exit ------
05-27 16:13:49.560 535 878 I AudioFlinger: openOutput() this 0xed5c2fe0, module 10 Device AUDIO_DEVICE_OUT_HDMI, @:, SamplingRate 32000, Format 0xb000000, Channels 0x1, flags 0x1
05-27 16:13:49.560 478 1797 D audio_hw_hal_primary: [adev_open_output_stream_new:7868] enter: dev=0xefd014a0 handle=85d devices=0x400/'HDMI,' flags=0x1/'DIRECT,' config=(rt=32000 ch_mask=0x1 fmt=0xb000000) address=''
05-27 16:13:49.560 478 1797 D audio_hw_hal_primary: adev_open_output_stream_new: enter
05-27 16:13:49.560 478 1797 I audio_hw_hal_primary: [adev_open_output_stream:3285] io 2141: out:0xefc47a40 dev:OUT_HDMI(0x400) addr:
05-27 16:13:49.560 478 1797 I audio_hw_hal_primary: [adev_open_output_stream:3287] ch_mask:0x1 rate:32000 format:DTS(0xb000000) flags:0x1
05-27 16:13:49.560 478 1797 I audio_hw_hal_primary: adev_open_output_stream: for raw audio output,force alsa stereo output
05-27 16:13:49.560 478 1797 I audio_hw_hal_primary: [adev_open_output_stream:3610] result profile ch_mask:0x1 rate:32000 format:DTS(0xb000000) usecase:RAW_DIRECT
05-27 16:13:49.560 478 1797 I audio_hw_hal_utils: aml_get_stream_dump_file_name line 2929 file_name /data/vendor/audiohal/stream_pid478_tid1797.dts
05-27 16:13:49.561 478 1797 I audio_hw_hal_primary: [adev_open_output_stream_new:8037] io 2141: out: 0xefc47a40 card:0 alsa devices:0 exit ------
05-27 16:13:49.563 478 1797 I audio_hw_hal_primary: [out_get_buffer_size:552] out:0xefc47a40 config.rate=32000, format:DTS(0xb000000), stream format:DTS(0xb000000)
05-27 16:13:49.563 478 1797 I audio_hw_hal_primary: out_get_buffer_size AUDIO_FORMAT_DTS buffer size = 32768 frames
01-01 08:07:19.306 0 0 I [3 T351 ..] [hdmitx: ] configure hdmitx21
01-01 08:07:19.308 0 0 I [3 T351 ..] [hdmitx: ] warn: SCDC not present, should not send 1:10
01-01 08:07:19.309 0 0 I [0 T351 ..] [hdmitx: ] hdmitx_set_dispmode[1527] frl_rate 0 htotal 858 cs 2 cd 4 h_unstable 0
05-27 16:13:49.563 535 878 I AudioFlinger: HAL output buffer size 32768 frames, normal sink buffer size 32768 frames
05-27 16:13:49.563 478 1797 I audio_hw_hal_primary: [audiohal_get_latency:1333] io 2141: out:0xefc47a40 frames:1216 rate:32000 whole_latency:38 alsa_latency:38
05-27 16:13:49.564 478 5377 I audio_hw_hal_primary: [out_set_event_callback:3158] io 2141: out:0xefc47a40, callback:0xf1b4091d cookie:0xf2200250
05-27 16:13:49.564 535 5422 I AudioFlinger: AudioFlinger's thread 0xe78e0490 tid=5422 ready to run
05-27 16:13:49.564 478 5377 I audio_hw_hal_primary: [audiohal_get_latency:1333] io 2141: out:0xefc47a40 frames:1088 rate:32000 whole_latency:34 alsa_latency:34
05-27 16:13:49.564 478 5377 I audio_hw_hal_primary: [audiohal_get_latency:1333] io 2141: out:0xefc47a40 frames:1088 rate:32000 whole_latency:34 alsa_latency:34
05-27 16:13:49.565 535 5422 D AudioFlinger: ro.audio.silent is ignored since no output device is set
05-27 16:13:49.565 478 1797 D audio_hw_hal_primary: [out_standby_new:5767] io 2141: out:0xefc47a40 usecase:RAW_DIRECT
05-27 16:13:49.565 478 1797 I audio_hw_hal_primary: already standby, do nothing
05-27 16:13:49.566 535 5422 D AudioFlinger: ro.audio.silent is ignored since no output device is set
05-27 16:13:49.575 535 878 I AudioFlinger: openOutput() this 0xed5c2fe0, module 10 Device AUDIO_DEVICE_OUT_HDMI, @:, SamplingRate 44100, Format 0xe000000, Channels 0x1, flags 0x11
05-27 16:13:49.576 478 1797 D audio_hw_hal_primary: [adev_open_output_stream_new:7868] enter: dev=0xefd014a0 handle=865 devices=0x400/'HDMI,' flags=0x11/'DIRECT,COMPRESS_OFFLOAD,' config=(rt=44100 ch_mask=0x1 fmt=0xe000000) address=''
05-27 16:13:49.576 478 1797 D audio_hw_hal_primary: adev_open_output_stream_new: enter
05-27 16:13:49.576 478 1797 I audio_hw_hal_primary: [adev_open_output_stream:3285] io 2149: out:0xefc415a0 dev:OUT_HDMI(0x400) addr:
05-27 16:13:49.576 478 1797 I audio_hw_hal_primary: [adev_open_output_stream:3287] ch_mask:0x1 rate:44100 format:DOLBY_TRUEHD(0xe000000) flags:0x11
05-27 16:13:49.576 478 1797 I audio_hw_hal_primary: adev_open_output_stream: for raw audio output,force alsa stereo output
05-27 16:13:49.576 478 1797 I audio_hw_hal_primary: [adev_open_output_stream:3610] result profile ch_mask:0x1 rate:44100 format:DOLBY_TRUEHD(0xe000000) usecase:RAW_DIRECT
05-27 16:13:49.576 478 1797 I audio_hw_hal_utils: aml_get_stream_dump_file_name line 2929 file_name /data/vendor/audiohal/stream_pid478_tid1797.mlp
05-27 16:13:49.576 478 1797 I audio_hw_hal_primary: [adev_open_output_stream_new:8037] io 2149: out: 0xefc415a0 card:0 alsa devices:0 exit ------
05-27 16:13:49.577 478 1797 I audio_hw_hal_primary: [out_get_buffer_size:552] out:0xefc415a0 config.rate=44100, format:DOLBY_TRUEHD(0xe000000), stream format:DOLBY_TRUEHD(0xe000000)
05-27 16:13:49.577 535 878 I AudioFlinger: HAL output buffer size 16384 frames, normal sink buffer size 16384 frames
05-27 16:13:49.577 478 1797 I audio_hw_hal_primary: [audiohal_get_latency:1333] io 2149: out:0xefc415a0 frames:960 rate:44100 whole_latency:21 alsa_latency:21
05-27 16:13:49.578 478 1797 I audio_hw_hal_primary: [out_set_event_callback:3158] io 2149: out:0xefc415a0, callback:0xf1b4091d cookie:0xf2200790
05-27 16:13:49.578 478 1797 I audio_hw_hal_primary: [audiohal_get_latency:1333] io 2149: out:0xefc415a0 frames:960 rate:44100 whole_latency:21 alsa_latency:21
05-27 16:13:49.578 535 5423 I AudioFlinger: AudioFlinger's thread 0xe78e85b0 tid=5423 ready to run
05-27 16:13:49.578 489 489 D hdmicecd: [CEC]:printCecMessage, [4 -> 4] len: 0, body:, result:no ack
05-27 16:13:49.578 478 1797 I audio_hw_hal_primary: [audiohal_get_latency:1333] io 2149: out:0xefc415a0 frames:960 rate:44100 whole_latency:21 alsa_latency:21
05-27 16:13:49.579 535 5423 D AudioFlinger: ro.audio.silent is ignored since no output device is set
05-27 16:13:49.579 715 894 D HDMI : New logical address for device [4]: [preferred:4, assigned:4]
05-27 16:13:49.581 535 5423 D AudioFlinger: ro.audio.silent is ignored since no output device is set
05-27 16:13:49.589 535 878 I AudioFlinger: openOutput() this 0xed5c2fe0, module 10 Device AUDIO_DEVICE_OUT_HDMI, @:, SamplingRate 32000, Format 0x9000000, Channels 0x1, flags 0x1
05-27 16:13:49.589 478 1797 D audio_hw_hal_primary: [adev_open_output_stream_new:7868] enter: dev=0xefd014a0 handle=86d devices=0x400/'HDMI,' flags=0x1/'DIRECT,' config=(rt=32000 ch_mask=0x1 fmt=0x9000000) address=''
05-27 16:13:49.589 478 1797 D audio_hw_hal_primary: adev_open_output_stream_new: enter
05-27 16:13:49.589 478 1797 I audio_hw_hal_primary: [adev_open_output_stream:3285] io 2157: out:0xefc40e70 dev:OUT_HDMI(0x400) addr:
05-27 16:13:49.589 478 1797 I audio_hw_hal_primary: [adev_open_output_stream:3287] ch_mask:0x1 rate:32000 format:AC3(0x9000000) flags:0x1
05-27 16:13:49.589 478 1797 I audio_hw_hal_primary: adev_open_output_stream: for raw audio output,force alsa stereo output
05-27 16:13:49.589 478 1797 I audio_hw_hal_primary: [adev_open_output_stream:3610] result profile ch_mask:0x1 rate:32000 format:AC3(0x9000000) usecase:RAW_DIRECT
05-27 16:13:49.589 478 1797 I audio_hw_hal_utils: aml_get_stream_dump_file_name line 2929 file_name /data/vendor/audiohal/stream_pid478_tid1797.dd
05-27 16:13:49.589 478 1797 I audio_hw_hal_primary: [adev_open_output_stream_new:8037] io 2157: out: 0xefc40e70 card:0 alsa devices:0 exit ------
05-27 16:13:49.590 478 1797 I audio_hw_hal_primary: [out_get_buffer_size:552] out:0xefc40e70 config.rate=32000, format:AC3(0x9000000), stream format:AC3(0x9000000)
05-27 16:13:49.591 535 878 I AudioFlinger: HAL output buffer size 2048 frames, normal sink buffer size 2048 frames
05-27 16:13:49.591 478 1797 I audio_hw_hal_primary: [audiohal_get_latency:1333] io 2157: out:0xefc40e70 frames:1088 rate:32000 whole_latency:34 alsa_latency:34
05-27 16:13:49.591 478 1797 I audio_hw_hal_primary: [out_set_event_callback:3158] io 2157: out:0xefc40e70, callback:0xf1b4091d cookie:0xf2202770
05-27 16:13:49.591 535 5424 I AudioFlinger: AudioFlinger's thread 0xe78ec640 tid=5424 ready to run
