05-27 16:13:53.026 715 741 I DisplayDeviceRepository: Display device changed: DisplayDeviceInfo{"内置屏幕": uniqueId="local:4620747849504298251", 720 x 480, modeId 622, renderFrameRate 60.000004, defaultModeId 622, supportedModes [{id=622, width=720, height=480, fps=60.000004, alternativeRefreshRates=[], supportedHdrTypes=[]}, {id=677, width=1920, height=1080, fps=119.88013, alternativeRefreshRates=[], supportedHdrTypes=[]}, {id=678, width=1920, height=1080, fps=120.00001, alternativeRefreshRates=[], supportedHdrTypes=[]}, {id=679, width=4096, height=2160, fps=23.976025, alternativeRefreshRates=[], supportedHdrTypes=[]}, {id=680, width=4096, height=2160, fps=24.000002, alternativeRefreshRates=[], supportedHdrTypes=[]}, {id=681, width=3840, height=2160, fps=29.97003, alternativeRefreshRates=[], supportedHdrTypes=[]}, {id=682, width=3840, height=2160, fps=30.000002, alternativeRefreshRates=[], supportedHdrTypes=[]}, {id=683, width=3840, height=2160, fps=25.0, alternativeRefreshRates=[], supportedHdrTypes=[]}, {id=684, width=3840, height=2160, fps=23.976025, alternativeRefreshRates=[], supportedHdrTypes=[]}, {id=685, width=3840, height=2160, fps=24.000002, alternativeRefreshRates=[], supportedHdrTypes=[]}, {id=686, width=1920, height=1080, fps=59.94006, alternativeRefreshRates=[], supportedHdrTypes=[]}, {id=687, width=1920, height=1080, fps=60.000004, alternativeRefreshRates=[], supportedHdrTypes=[]}, {id=688, width=1920, height=1080, fps=50.0, alternativeRefreshRates=[], supportedHdrTypes=[]}, {id=689, width=1920, height=1080, fps=29.97003, alternativeRefreshRates=[], supportedHdrTypes=[]}, {id=690, width=1920, height=1080, fps=30.000002, alternativeRefreshRates=[], supportedHdrTypes=[]}, {id=691, width=1920, height=1080, fps=23.976025, alternativeRefreshRates=[], supportedHdrTypes=[]}, {id=692, width=1920, height=1080, fps=24.000002, alternativeRefreshRates=[], supportedHdrTypes=[]}, {id=693, width=1280, height=720, fps=119.88013, alternativeRefreshRates=[], supportedHdrTypes=[]}, {id=694, width=1280, height=720, fps=120.00001, alternativeRefreshRates=[], supportedHdrTypes=[]}, {id=695, width=1280, height=720, fps=59.94006, alternativeRefreshRates=[], supportedHdrTypes=[]}, {id=696, width=1280, height=720, fps=60.000004, alternativeRefreshRates=[], supportedHdrTypes=[]}, {id=697, width=1280, height=720, fps=50.0, alternativeRefreshRates=[], supportedHdrTypes=[]}, {id=698, width=1280, height=720, fps=29.97003, alternativeRefreshRates=[], supportedHdrTypes=[]}, {id=699, width=1280, height=720, fps=30.000002, alternativeRefreshRates=[], supportedHdrTypes=[]}, {id=700, width=1280, height=720, fps=23.976025, alternativeRefreshRates=[], supportedHdrTypes=[]}, {id=701, width=1280, height=720, fps=24.000002, alternativeRefreshRates=[], supportedHdrTypes=[]}, {id=702, width=720, height=576, fps=50.0, alternativeRefreshRates=[], supportedHdrTypes=[]}, {id=703, width=720, height=480, fps=59.94006, alternativeRefreshRates=[], supportedHdrTypes=[]}], colorMode 0, supportedColorModes [0], hdrCapabilities HdrCapabilities{mSupportedHdrTypes=[], mMaxLuminance=500.0, mMaxAverageLuminance=500.0, mMinLuminance=0.0}, allmSupported false, gameContentTypeSupported true, density 120, 15.902 x 18.756 dpi, appVsyncOff 2000000, presDeadline 13666666, touch INTERNAL, rotation 0, type INTERNAL, address {port=11, model=0x402031aff65a95}, deviceProductInfo DeviceProductInfo{name=Haqu, manufacturerPnpId=HAQ, productId=48, modelYear=null, manufactureDate=ManufactureDate{week=43, year=2017}, connectionToSinkType=2}, state ON, committedState ON, frameRateOverride , brightnessMinimum 0.0, brightnessMaximum 1.0, brightnessDefault 0.39763778, hdrSdrRatio NaN, FLAG_ALLOWED_TO_BE_DEFAULT_DISPLAY, FLAG_ROTATES_WITH_CONTENT, FLAG_SECURE, FLAG_SUPPORTS_PROTECTED_BUFFERS, FLAG_TRUSTED, installOrientation 0, displayShape DisplayShape{ spec=2031491835 displayWidth=720 displayHeight=480 physicalPixelDisplaySizeRatio=1.0 rotation=0 offsetX=0 offsetY=0 scale=1.0}}
05-27 16:13:53.030 264 264 I RefreshRateSelector: Display 4620747849504298251 policy changed
05-27 16:13:53.030 264 264 I RefreshRateSelector: Previous: {defaultModeId=753, allowGroupSwitching=false, primaryRanges={physical=[0.00 Hz, 340282346638528859811704183484516925440.00 Hz], render=[0.00 Hz, 340282346638528859811704183484516925440.00 Hz]}, appRequestRanges={physical=[0.00 Hz, 340282346638528859811704183484516925440.00 Hz], render=[0.00 Hz, 340282346638528859811704183484516925440.00 Hz]}}
05-27 16:13:53.030 264 264 I RefreshRateSelector: Current: DisplayManagerPolicy{defaultModeId=753, allowGroupSwitching=false, primaryRanges={physical=[0.00 Hz, inf Hz], render=[0.00 Hz, 120.00 Hz]}, appRequestRanges={physical=[0.00 Hz, inf Hz], render=[0.00 Hz, inf Hz]}}
05-27 16:13:53.030 264 264 I RefreshRateSelector: 0 mode changes were performed under the previous policy
01-01 08:07:23.154 0 0 I [0 T4997 ..] [hdmitx: ] UTC+0 2025-05-27 08:13:53 HPD HIGH
05-27 16:13:53.524 715 1011 D WifiNl80211Manager: Scan result ready event
05-27 16:13:53.524 715 1011 D WifiNative: Scan result ready event
01-01 08:07:23.270 0 0 W : [3 T1052 ..] >>> aml_rx_scanu_start_cfm()
05-27 16:13:53.537 715 859 W IE_Capabilities: Unknown RSN cipher suite: 6ac0f00
05-27 16:13:53.539 715 859 W IE_Capabilities: Unknown RSN cipher suite: 6ac0f00
05-27 16:13:53.540 715 859 W IE_Capabilities: Unknown RSN cipher suite: 6ac0f00
05-27 16:13:53.583 2749 2858 E ccc : cccccc SCAN_RESULTS_AVAILABLE_ACTION hhhh
05-27 16:13:53.583 715 854 D PasspointManager: ANQP entry not found for: 50:33:f0:5b:7e:a2:
05-27 16:13:53.583 1444 1444 E hq : NetWorkStateReceiver:::NetWorkStateReceiver onReceive: 网络变化广播 >>>> intent.action=android.net.wifi.SCAN_RESULTS
05-27 16:13:53.588 715 854 D PasspointManager: ANQP entry not found for: 10:7c:61:1a:4b:94:<5G>
05-27 16:13:53.590 715 854 D PasspointManager: ANQP entry not found for: 10:7c:61:1a:4b:90:<2>
05-27 16:13:53.590 715 854 D PasspointManager: ANQP entry not found for: 52:33:f0:3b:7e:a2:
05-27 16:13:53.591 515 541 I WifiHAL : call wifi_get_link_stats handler
05-27 16:13:53.591 515 541 I WifiHAL : Creating message to get link statistics; iface = 16
05-27 16:13:53.591 515 541 D WifiHAL : error code -95 mapped to -3
05-27 16:13:53.592 715 854 E WifiStaIfaceAidlImpl: getLinkLayerStats failed with service-specific exception: android.os.ServiceSpecificException: (code 4)
05-27 16:13:53.609 2749 2858 E ccc : cccccc result is not empty call back
05-27 16:13:53.609 2749 2858 E ccc : cccccc 666666666666666
05-27 16:13:53.611 1444 1444 W eventbuscore: post Event:com.dangbei.leard.base.entity.event.NetWifiRssiEvent
05-27 16:13:53.624 2749 2858 E ccc : cccccc sort 2 51
05-27 16:13:53.674 290 5432 D MesonDisplay: read /sys/class/amhdmitx/amhdmitx0/hdcp_lstore, result length:0, val:
05-27 16:13:53.910 290 351 D MesonHwc: received Uevent: change@/devices/virtual/amhdmitx/amhdmitx0
05-27 16:13:53.910 320 328 I SystemControl: [/UEventObserver.cpp, HDMITxUenventThreadLoop, 451] HDMI TX switch_name:hdmitx_current_status, switch_state: 200
05-27 16:13:53.910 290 351 D MesonHwc: received Uevent: ACTION=change
05-27 16:13:53.910 290 351 D MesonHwc: received Uevent: DEVPATH=/devices/virtual/amhdmitx/amhdmitx0
05-27 16:13:53.910 290 351 D MesonHwc: received Uevent: SUBSYSTEM=amhdmitx
05-27 16:13:53.910 290 351 D MesonHwc: received Uevent: hdmitx_current_status=200
05-27 16:13:53.910 290 351 D MesonHwc: received Uevent: MAJOR=492
05-27 16:13:53.910 290 351 D MesonHwc: received Uevent: MINOR=0
05-27 16:13:53.910 290 351 D MesonHwc: received Uevent: DEVNAME=amhdmitx0
05-27 16:13:53.910 290 351 D MesonHwc: received Uevent: SEQNUM=5737
05-27 16:13:53.910 290 351 D MesonHwc: received Uevent: ic, aocec-s7d
05-27 16:13:53.910 290 351 D MesonHwc: received Uevent: OF_COMPATIBLE_N=1
05-27 16:13:53.911 290 351 D MesonHwc: received Uevent: MODALIAS=of:NaocecT(null)Camlogic,_aocec-s7d
05-27 16:13:53.911 290 351 D MesonHwc: received Uevent: SEQNUM=5736
05-27 16:13:53.911 290 351 D MesonHwc: received Uevent: 5Ap0000C081
05-27 16:13:53.911 290 351 D MesonHwc: received Uevent: SEQNUM=3612
05-27 16:13:53.911 290 351 D MesonHwc: received Uevent: bfd4444600000000 1 130ff38b17c000 677bfad9415fed 9ed68000004400 10000002
05-27 16:13:53.911 290 351 D MesonHwc: received Uevent: REL=1040
05-27 16:13:53.911 290 351 D MesonHwc: received Uevent: ABS=100000000
05-27 16:13:53.911 290 351 D MesonHwc: received Uevent: MSC=10
05-27 16:13:53.911 290 351 D MesonHwc: received Uevent: MODALIAS=input:b0005v1D5ApC081e0000-e0,1,2,3,4,k71,72,73,74,77,80,82,83,85,86,87,88,89,8A,8B,8C,8E,90,96,98,9B,9C,9E,9F,A1,A3,A4,A5,A6,A7,A8,A9,AB,AC,AD,AE,B0,B1,B2,B5,B6,CE,CF,D0,D1,D2,D4,D8,D9,DB,DF,E0,E1,E4,E5,E6,E7,E8,E9,EA,EB,F0,F1,F4,100,161,162,166,16A,16E,172,174,176,177,178,179,17A,17B,17C,17D,17F,180,182,183,185,188,189,18C,18D,18E,18F,190,191,192,193,195,197,198,199,19A,19C,1A0,1A1,1A2,1A3,1A4,1A5,1A6,1A7,1A8,1A9,1AA,1AB,1AC,1AD,1AE,1AF,1B0,1B1,1B7,1BA,240,241,242,243,244,245,246,247,249,24A,250,251,r6,C,a20,m4,lsfw
05-27 16:13:53.911 290 351 D MesonHwc: received Uevent: SEQNUM=3609
05-27 16:13:53.911 290 351 D MesonHwc: received Uevent: change@/devices/virtual/amhdmitx/amhdmitx0
05-27 16:13:53.911 290 351 D MesonHwc: received Uevent: ACTION=change
05-27 16:13:53.911 290 351 D MesonHwc: received Uevent: DEVPATH=/devices/virtual/amhdmitx/amhdmitx0
05-27 16:13:53.911 290 351 D MesonHwc: received Uevent: SUBSYSTEM=amhdmitx
05-27 16:13:53.911 290 351 D MesonHwc: received Uevent: hdmitx_current_status=200
05-27 16:13:53.911 290 351 D MesonHwc: received Uevent: MAJOR=492
05-27 16:13:53.911 290 351 D MesonHwc: received Uevent: MINOR=0
05-27 16:13:53.911 290 351 D MesonHwc: received Uevent: DEVNAME=amhdmitx0
05-27 16:13:53.911 290 351 D MesonHwc: received Uevent: SEQNUM=5737
05-27 16:13:53.911 290 351 D MesonHwc: received Uevent: ic, aocec-s7d
05-27 16:13:53.911 290 351 D MesonHwc: received Uevent: OF_COMPATIBLE_N=1
05-27 16:13:53.911 290 351 D MesonHwc: received Uevent: MODALIAS=of:NaocecT(null)Camlogic,_aocec-s7d
05-27 16:13:53.911 290 351 D MesonHwc: received Uevent: SEQNUM=5736
05-27 16:13:53.911 290 351 D MesonHwc: received Uevent: 5Ap0000C081
05-27 16:13:53.911 290 351 D MesonHwc: received Uevent: SEQNUM=3612
05-27 16:13:53.911 290 351 D MesonHwc: received Uevent: bfd4444600000000 1 130ff38b17c000 677bfad9415fed 9ed68000004400 10000002
05-27 16:13:53.911 290 351 D MesonHwc: received Uevent: REL=1040
05-27 16:13:53.911 290 351 D MesonHwc: received Uevent: ABS=100000000
05-27 16:13:53.911 290 351 D MesonHwc: received Uevent: MSC=10
05-27 16:13:53.911 290 351 D MesonHwc: received Uevent: MODALIAS=input:b0005v1D5ApC081e0000-e0,1,2,3,4,k71,72,73,74,77,80,82,83,85,86,87,88,89,8A,8B,8C,8E,90,96,98,9B,9C,9E,9F,A1,A3,A4,A5,A6,A7,A8,A9,AB,AC,AD,AE,B0,B1,B2,B5,B6,CE,CF,D0,D1,D2,D4,D8,D9,DB,DF,E0,E1,E4,E5,E6,E7,E8,E9,EA,EB,F0,F1,F4,100,161,162,166,16A,16E,172,174,176,177,178,179,17A,17B,17C,17D,17F,180,182,183,185,188,189,18C,18D,18E,18F,190,191,192,193,195,197,198,199,19A,19C,1A0,1A1,1A2,1A3,1A4,1A5,1A6,1A7,1A8,1A9,1AA,1AB,1AC,1AD,1AE,1AF,1B0,1B1,1B7,1BA,240,241,242,243,244,245,246,247,249,24A,250,251,r6,C,a20,m4,lsfw
05-27 16:13:53.911 290 351 D MesonHwc: received Uevent: SEQNUM=3609
01-01 08:07:23.657 0 0 I [0 T729 ..] [hdmitx: ] system: plugin
01-01 08:07:23.657 0 0 I [0 T729 ..] [hdmitx: ] plugin sequence id: 4295003208
01-01 08:07:23.694 0 0 I [0 T729 ..] cec: [hdmitx_notify_callback] unsupported notify:3
01-01 08:07:23.694 0 0 W : [0 T729 ..] [RX]-up_phy_addr = 2
01-01 08:07:23.695 0 0 I [0 T729 ..] [hdmitx: ] edid: blk0 raw data
01-01 08:07:23.696 0 0 I [0 T729 ..] [hdmitx: ] 00ffffffffffff0020313000010000002b1b0103807341780acf74a3574cb02309484c21080001010101010101010101010101010101023a801871382d40582c
01-01 08:07:23.696 0 0 I : [0 T729 ..] 450020c23100001e011d00bc52d01e20b828554020c23100001e000000fc00486171750a2020202020202020000000fd003b461f8c3c000a20202020202001c9
01-01 08:07:23.699 0 0 I [0 T729 ..] [hdmitx: ] edid: blk1 raw data
01-01 08:07:23.700 0 0 I [0 T729 ..] [hdmitx: ] 020345f057101f1405130420223c3e1216030711150206012f2e3f3132097f051507505707013d07c05f7e01670403830100006e030c002000b83c2f80800102
01-01 08:07:23.700 0 0 I : [0 T729 ..] 0304e200fb011d007251d01e206e28550020c23100001e8c0ad08a20e02d10103e9600138e21000018000000000000000000000000000000000000000000002b
05-27 16:13:53.957 290 351 D MesonHwc: received Uevent: change@/devices/virtual/amhdmitx/amhdmitx0
05-27 16:13:53.957 290 351 D MesonHwc: received Uevent: ACTION=change
05-27 16:13:53.957 290 351 D MesonHwc: received Uevent: DEVPATH=/devices/virtual/amhdmitx/amhdmitx0
05-27 16:13:53.957 290 351 D MesonHwc: received Uevent: SUBSYSTEM=amhdmitx
05-27 16:13:53.957 320 328 I SystemControl: [/UEventObserver.cpp, HDMITxUenventThreadLoop, 451] HDMI TX switch_name:hdmitx_hpd, switch_state: 1
05-27 16:13:53.957 290 351 D MesonHwc: received Uevent: hdmitx_hpd=1
05-27 16:13:53.957 320 328 I SystemControl: [/DisplayMode.cpp, onTxEvent, 3267] onTxEvent switchName:hdmitx_hpd hpdstate:1 state: 1
05-27 16:13:53.957 320 328 I SystemControl: [/SysWrite.cpp, getKernelReleaseVersion, 701] getKernelReleaseVersion: 5.15
05-27 16:13:53.957 320 371 I SystemControl: [/Ubootenv.cpp, get, 345] [ubootenv] search end and not find env:connector_type
05-27 16:13:53.957 320 328 I SystemControl: [/Ubootenv.cpp, get, 336] [ubootenv] get key:hdmimode envValue: 480p60hz
05-27 16:13:53.957 320 328 I SystemControl: [/Ubootenv.cpp, get, 336] [ubootenv] get key:is.bestmode envValue: false
05-27 16:13:53.958 320 328 I SystemControl: [/Ubootenv.cpp, get, 345] [ubootenv] search end and not find env:user_colorattribute
05-27 16:13:53.958 320 328 I SystemControl: [/Ubootenv.cpp, get, 345] [ubootenv] search end and not find env:hdr_force_mode
05-27 16:13:53.958 320 328 I SystemControl: [/DisplayMode.cpp, gethdrforcemode, 2742] get hdr force mode is [2]
05-27 16:13:53.958 290 351 D MesonHwc: sc_read_bootenv val is empty
05-27 16:13:53.958 320 328 I SystemControl: [/Ubootenv.cpp, get, 336] [ubootenv] get key:hdr_policy envValue: 0
05-27 16:13:53.958 290 351 D MesonHwc: getConnectorType, get ubootenv.var.connector_type from uboot env, return (null)
05-27 16:13:53.958 320 328 I SystemControl: [/DisplayMode.cpp, getHdrStrategy, 2758] getHdrStrategy is [0]
05-27 16:13:53.958 290 351 D MesonHwc: getConnectorType-0 get connector type hdmi--65536
05-27 16:13:53.958 320 328 I SystemControl: [/Ubootenv.cpp, get, 336] [ubootenv] get key:hdr_priority envValue: 268435472
05-27 16:13:53.958 320 328 I SystemControl: [/DisplayMode.cpp, getHdrPriority, 2891] getHdrPriority is [0x10000010]
05-27 16:13:53.958 320 328 I SystemControl: [/DisplayMode.cpp, getCommonData, 1534] isbestcolorspace:1, isbestpolicy:0, hdr_policy:0, hdr_priority :268435472, hdr_force_mode:2
05-27 16:13:53.958 290 351 E MesonHwc: read screen size 0x0 from vinfo
05-27 16:13:53.958 290 351 E MesonHwc: dolby vision driver is not ready
05-27 16:13:53.958 290 351 D MesonHwc: Connector VIRTUAL loadDisplayModes get 1 modes
05-27 16:13:53.958 290 351 I MesonHwc: add display mode (dummy_l-dummy_l-128, 720x480, 56.000000) dpi(0,0), hskew(0)
05-27 16:13:53.958 290 351 I MesonHwc: loadDisplayModes (1) end
05-27 16:13:53.958 290 351 D MesonHwc: ERR: PLEASE FIX NON-IMPLEMENT FUN(update).
05-27 16:13:53.959 320 371 I SystemControl: [/Ubootenv.cpp, get, 345] [ubootenv] search end and not find env:connector_type
05-27 16:13:53.959 715 821 V WindowManager: app ------------- force_land :0
05-27 16:13:53.959 290 351 D MesonHwc: sc_read_bootenv val is empty
05-27 16:13:53.959 290 351 D MesonHwc: getConnectorType, get ubootenv.var.connector_type from uboot env, return (null)
05-27 16:13:53.959 290 351 D MesonHwc: getConnectorType-0 get connector type hdmi--65536
05-27 16:13:53.959 290 351 D MesonHwc: getConnectorCfg: get display 0, connector 13
05-27 16:13:53.959 290 351 E MesonHwc: FixedDisplayPipe::getConnectorCfg 11
05-27 16:13:53.959 290 351 D MesonHwc: handleEvent DRM_EVENT_HDMITX_HOTPLUG 15 VS 11
05-27 16:13:53.961 495 532 I hdmicecd: [HdmiCecControl]:Hotplug event port:0, now:1, prevStatus:0 power:1
05-27 16:13:53.962 290 351 D MesonHwc: DrmProperty: EDID (1), value [132]
05-27 16:13:53.962 290 351 D MesonHwc: DrmProperty: content type (77), value [0]
05-27 16:13:53.962 290 351 D MesonHwc: DrmProperty: vrr_capable (78), value [0]
05-27 16:13:53.962 290 351 D MesonHwc: DrmProperty: UPDATE (79), value [0]
05-27 16:13:53.962 290 351 D MesonHwc: DrmProperty: color_depth (80), value [8]
05-27 16:13:53.962 290 351 D MesonHwc: DrmProperty: color_space (81), value [2]
05-27 16:13:53.962 290 351 D MesonHwc: DrmProperty: MESON_DRM_HDMITX_PROP_AVMUTE (82), value [0]
05-27 16:13:53.962 290 351 D MesonHwc: DrmProperty: hdmi_hdr_status (83), value [6]
05-27 16:13:53.962 290 351 D MesonHwc: DrmProperty: dv_cap (85), value [0]
05-27 16:13:53.962 290 351 D MesonHwc: DrmProperty: contenttype_cap (89), value [31]
05-27 16:13:53.962 290 351 D MesonHwc: DrmProperty: hdr_priority (91), value [268435472]
05-27 16:13:53.962 290 351 D MesonHwc: DrmProperty: ready (92), value [0]
05-27 16:13:53.962 290 351 D MesonHwc: DrmProperty: allm_cap (95), value [0]
05-27 16:13:53.962 290 351 D MesonHwc: DrmProperty: dc_cap (96), value [1016]
05-27 16:13:53.962 290 351 E MesonHwc: dolby vision driver is not ready
05-27 16:13:53.964 290 351 I MesonHwc: hdr_preference (dolby_vision)
05-27 16:13:53.964 290 351 E MesonHwc: dolby vision driver is not ready
05-27 16:13:53.964 290 351 D MesonHwc: dolby version:0, dv3:0, hlg:0, hdr10:0, hdr10+:0 max:0, avg:0, min:0
05-27 16:13:53.965 290 351 D MesonHwc: dolby version 4k30:0
05-27 16:13:53.965 290 351 D MesonHwc: Connector HDMI-A loadDisplayModes get 22 modes
05-27 16:13:53.965 290 351 D MesonHwc: add fraction display mode (1920x1080p120hz)
05-27 16:13:53.965 290 351 I MesonHwc: add display mode (1920x1080p120hz-1920x1080p120hz-110, 1920x1080, 120.000000) dpi(42406,42203), hskew(1)
05-27 16:13:53.965 290 351 D MesonHwc: add fraction display mode (smpte24hz)
05-27 16:13:53.965 290 351 I MesonHwc: add display mode (smpte24hz-smpte24hz-111, 4096x2160, 24.000000) dpi(90468,84406), hskew(1)
05-27 16:13:53.965 290 351 D MesonHwc: add fraction display mode (2160p30hz)
05-27 16:13:53.965 290 351 I MesonHwc: add display mode (2160p30hz-2160p30hz-112, 3840x2160, 30.000000) dpi(84813,84406), hskew(1)
05-27 16:13:53.965 290 351 I MesonHwc: add display mode (2160p25hz-2160p25hz-113, 3840x2160, 25.000000) dpi(84813,84406), hskew(1)
05-27 16:13:53.965 290 351 D MesonHwc: add fraction display mode (2160p24hz)
05-27 16:13:53.965 290 351 I MesonHwc: add display mode (2160p24hz-2160p24hz-114, 3840x2160, 24.000000) dpi(84813,84406), hskew(1)
05-27 16:13:53.965 290 351 D MesonHwc: add fraction display mode (1920x1080i120hz)
05-27 16:13:53.965 290 351 I MesonHwc: add display mode (1920x1080i120hz-1920x1080i120hz-115, 1920x1080, 120.000000) dpi(42406,42203), hskew(1)
05-27 16:13:53.965 290 351 D MesonHwc: add fraction display mode (1080p60hz)
05-27 16:13:53.965 290 351 I MesonHwc: add display mode (1080p60hz-1080p60hz-116, 1920x1080, 60.000000) dpi(42406,42203), hskew(1)
05-27 16:13:53.965 290 351 D MesonHwc: add fraction display mode (1080i60hz)
05-27 16:13:53.965 290 351 I MesonHwc: add display mode (1080i60hz-1080i60hz-117, 1920x1080, 60.000000) dpi(42406,42203), hskew(1)
05-27 16:13:53.965 290 351 I MesonHwc: add display mode (1080p50hz-1080p50hz-118, 1920x1080, 50.000000) dpi(42406,42203), hskew(1)
05-27 16:13:53.965 290 351 I MesonHwc: add display mode (1080i50hz-1080i50hz-119, 1920x1080, 50.000000) dpi(42406,42203), hskew(1)
05-27 16:13:53.965 290 351 D MesonHwc: add fraction display mode (1080p30hz)
05-27 16:13:53.965 290 351 I MesonHwc: add display mode (1080p30hz-1080p30hz-120, 1920x1080, 30.000000) dpi(42406,42203), hskew(1)
05-27 16:13:53.965 290 351 D MesonHwc: add fraction display mode (1080p24hz)
05-27 16:13:53.965 290 351 I MesonHwc: add display mode (1080p24hz-1080p24hz-121, 1920x1080, 24.000000) dpi(42406,42203), hskew(1)
05-27 16:13:53.965 290 351 D MesonHwc: add fraction display mode (1280x720p120hz)
05-27 16:13:53.965 290 351 I MesonHwc: add display mode (1280x720p120hz-1280x720p120hz-122, 1280x720, 120.000000) dpi(28271,28135), hskew(1)
05-27 16:13:53.965 290 351 D MesonHwc: add fraction display mode (720p60hz)
05-27 16:13:53.965 290 351 I MesonHwc: add display mode (720p60hz-720p60hz-123, 1280x720, 60.000000) dpi(28271,28135), hskew(1)
05-27 16:13:53.965 290 351 I MesonHwc: add display mode (720p50hz-720p50hz-124, 1280x720, 50.000000) dpi(28271,28135), hskew(1)
05-27 16:13:53.965 290 351 D MesonHwc: add fraction display mode (720p30hz)
05-27 16:13:53.965 290 351 I MesonHwc: add display mode (720p30hz-720p30hz-125, 1280x720, 30.000000) dpi(28271,28135), hskew(1)
05-27 16:13:53.965 290 351 D MesonHwc: add fraction display mode (720p24hz)
05-27 16:13:53.965 290 351 I MesonHwc: add display mode (720p24hz-720p24hz-127, 1280x720, 24.000000) dpi(28271,28135), hskew(1)
05-27 16:13:53.965 290 351 I MesonHwc: add display mode (576p50hz-576p50hz-129, 720x576, 50.000000) dpi(15902,22508), hskew(1)
05-27 16:13:53.965 290 351 I MesonHwc: add display mode (576i50hz-576i50hz-130, 720x576, 50.000000) dpi(15902,22508), hskew(1)
05-27 16:13:53.965 290 351 D MesonHwc: add fraction display mode (720x480p120hz)
05-27 16:13:53.965 290 351 I MesonHwc: add display mode (720x480p120hz-720x480p120hz-131, 720x480, 120.000000) dpi(15902,18756), hskew(1)
05-27 16:13:53.965 290 351 D MesonHwc: add fraction display mode (480p60hz)
05-27 16:13:53.965 290 351 I MesonHwc: add display mode (480p60hz-480p60hz-133, 720x480, 60.000000) dpi(15902,18756), hskew(1)
05-27 16:13:53.965 290 351 D MesonHwc: add fraction display mode (480i60hz)
05-27 16:13:53.965 290 351 I MesonHwc: add display mode (480i60hz-480i60hz-134, 720x480, 60.000000) dpi(15902,18756), hskew(1)
05-27 16:13:53.965 290 351 I MesonHwc: loadDisplayModes (38) end
05-27 16:13:53.965 290 351 D MesonHwc: HwcDisplayPipe::updatePipe 0.
05-27 16:13:53.966 320 371 I SystemControl: [/Ubootenv.cpp, get, 345] [ubootenv] search end and not find env:connector_type
05-27 16:13:53.966 290 351 D MesonHwc: sc_read_bootenv val is empty
05-27 16:13:53.966 290 351 D MesonHwc: getConnectorType, get ubootenv.var.connector_type from uboot env, return (null)
05-27 16:13:53.966 290 351 D MesonHwc: getConnectorType-0 get connector type hdmi--65536
05-27 16:13:53.966 290 351 D MesonHwc: getConnectorCfg: get display 0, connector 11
05-27 16:13:53.966 290 351 E MesonHwc: FixedDisplayPipe::getConnectorCfg 11
05-27 16:13:53.966 290 351 D MesonHwc: HwcDisplayPipe::updatePipe (0) [CHANGED], crtc (0) connector (11)
05-27 16:13:53.966 290 351 D MesonHwc: HwcDisplayPipe::updatePipe 0 changed
05-27 16:13:53.966 290 351 D MesonHwc: ERR: PLEASE FIX NON-IMPLEMENT FUN(update).
05-27 16:13:53.966 290 351 D MesonHwc: DrmProperty: EDID (1), value [140]
05-27 16:13:53.966 290 351 D MesonHwc: DrmProperty: content type (77), value [0]
05-27 16:13:53.966 290 351 D MesonHwc: DrmProperty: vrr_capable (78), value [0]
05-27 16:13:53.966 290 351 D MesonHwc: DrmProperty: UPDATE (79), value [0]
05-27 16:13:53.966 290 351 D MesonHwc: DrmProperty: color_depth (80), value [8]
05-27 16:13:53.966 290 351 D MesonHwc: DrmProperty: color_space (81), value [2]
05-27 16:13:53.966 495 532 I hdmiconnection: hot plug port id 0, is connected 1
05-27 16:13:53.966 290 351 D MesonHwc: DrmProperty: MESON_DRM_HDMITX_PROP_AVMUTE (82), value [0]
05-27 16:13:53.966 290 351 D MesonHwc: DrmProperty: hdmi_hdr_status (83), value [6]
05-27 16:13:53.967 290 351 D MesonHwc: DrmProperty: dv_cap (85), value [0]
05-27 16:13:53.967 290 351 D MesonHwc: DrmProperty: contenttype_cap (89), value [31]
05-27 16:13:53.967 290 351 D MesonHwc: DrmProperty: hdr_priority (91), value [268435472]
05-27 16:13:53.967 290 351 D MesonHwc: DrmProperty: ready (92), value [0]
05-27 16:13:53.967 290 351 D MesonHwc: DrmProperty: allm_cap (95), value [0]
05-27 16:13:53.967 290 351 D MesonHwc: DrmProperty: dc_cap (96), value [1016]
05-27 16:13:53.967 290 351 E MesonHwc: dolby vision driver is not ready
05-27 16:13:53.967 290 351 I MesonHwc: hdr_preference (dolby_vision)
05-27 16:13:53.967 290 351 E MesonHwc: dolby vision driver is not ready
05-27 16:13:53.967 290 351 D MesonHwc: dolby version:0, dv3:0, hlg:0, hdr10:0, hdr10+:0 max:0, avg:0, min:0
05-27 16:13:53.967 290 351 D MesonHwc: dolby version 4k30:0
05-27 16:13:53.967 290 351 D MesonHwc: Connector HDMI-A loadDisplayModes get 22 modes
05-27 16:13:53.967 290 351 D MesonHwc: add fraction display mode (1920x1080p120hz)
05-27 16:13:53.967 290 351 I MesonHwc: add display mode (1920x1080p120hz-1920x1080p120hz-110, 1920x1080, 120.000000) dpi(42406,42203), hskew(1)
05-27 16:13:53.967 290 351 D MesonHwc: add fraction display mode (smpte24hz)
05-27 16:13:53.967 290 351 I MesonHwc: add display mode (smpte24hz-smpte24hz-111, 4096x2160, 24.000000) dpi(90468,84406), hskew(1)
05-27 16:13:53.967 290 351 D MesonHwc: add fraction display mode (2160p30hz)
05-27 16:13:53.967 290 351 I MesonHwc: add display mode (2160p30hz-2160p30hz-112, 3840x2160, 30.000000) dpi(84813,84406), hskew(1)
05-27 16:13:53.968 290 351 I MesonHwc: add display mode (2160p25hz-2160p25hz-113, 3840x2160, 25.000000) dpi(84813,84406), hskew(1)
05-27 16:13:53.968 290 351 D MesonHwc: add fraction display mode (2160p24hz)
05-27 16:13:53.968 290 351 I MesonHwc: add display mode (2160p24hz-2160p24hz-114, 3840x2160, 24.000000) dpi(84813,84406), hskew(1)
05-27 16:13:53.968 290 351 D MesonHwc: add fraction display mode (1920x1080i120hz)
05-27 16:13:53.968 290 351 I MesonHwc: add display mode (1920x1080i120hz-1920x1080i120hz-115, 1920x1080, 120.000000) dpi(42406,42203), hskew(1)
05-27 16:13:53.968 290 351 D MesonHwc: add fraction display mode (1080p60hz)
05-27 16:13:53.968 290 351 I MesonHwc: add display mode (1080p60hz-1080p60hz-116, 1920x1080, 60.000000) dpi(42406,42203), hskew(1)
05-27 16:13:53.968 290 351 D MesonHwc: add fraction display mode (1080i60hz)
05-27 16:13:53.968 715 715 D HDMI : Hotplug event:[port:0, connected:true]
05-27 16:13:53.968 290 351 I MesonHwc: add display mode (1080i60hz-1080i60hz-117, 1920x1080, 60.000000) dpi(42406,42203), hskew(1)
05-27 16:13:53.968 290 351 I MesonHwc: add display mode (1080p50hz-1080p50hz-118, 1920x1080, 50.000000) dpi(42406,42203), hskew(1)
05-27 16:13:53.968 290 351 I MesonHwc: add display mode (1080i50hz-1080i50hz-119, 1920x1080, 50.000000) dpi(42406,42203), hskew(1)
05-27 16:13:53.968 290 351 D MesonHwc: add fraction display mode (1080p30hz)
05-27 16:13:53.968 290 351 I MesonHwc: add display mode (1080p30hz-1080p30hz-120, 1920x1080, 30.000000) dpi(42406,42203), hskew(1)
05-27 16:13:53.968 290 351 D MesonHwc: add fraction display mode (1080p24hz)
05-27 16:13:53.968 290 351 I MesonHwc: add display mode (1080p24hz-1080p24hz-121, 1920x1080, 24.000000) dpi(42406,42203), hskew(1)
05-27 16:13:53.968 290 351 D MesonHwc: add fraction display mode (1280x720p120hz)
05-27 16:13:53.968 290 351 I MesonHwc: add display mode (1280x720p120hz-1280x720p120hz-122, 1280x720, 120.000000) dpi(28271,28135), hskew(1)
05-27 16:13:53.968 290 351 D MesonHwc: add fraction display mode (720p60hz)
05-27 16:13:53.968 290 351 I MesonHwc: add display mode (720p60hz-720p60hz-123, 1280x720, 60.000000) dpi(28271,28135), hskew(1)
05-27 16:13:53.968 290 351 I MesonHwc: add display mode (720p50hz-720p50hz-124, 1280x720, 50.000000) dpi(28271,28135), hskew(1)
05-27 16:13:53.968 290 351 D MesonHwc: add fraction display mode (720p30hz)
05-27 16:13:53.968 290 351 I MesonHwc: add display mode (720p30hz-720p30hz-125, 1280x720, 30.000000) dpi(28271,28135), hskew(1)
05-27 16:13:53.968 290 351 D MesonHwc: add fraction display mode (720p24hz)
05-27 16:13:53.968 290 351 I MesonHwc: add display mode (720p24hz-720p24hz-127, 1280x720, 24.000000) dpi(28271,28135), hskew(1)
05-27 16:13:53.968 290 351 I MesonHwc: add display mode (576p50hz-576p50hz-129, 720x576, 50.000000) dpi(15902,22508), hskew(1)
05-27 16:13:53.968 290 351 I MesonHwc: add display mode (576i50hz-576i50hz-130, 720x576, 50.000000) dpi(15902,22508), hskew(1)
05-27 16:13:53.968 489 527 D hdmicecd: [HdmiCecControl]:getPhysicalAddress, physical addr: 2000, last pa: 2000, ret = 0
05-27 16:13:53.968 290 351 D MesonHwc: add fraction display mode (720x480p120hz)
05-27 16:13:53.968 290 351 I MesonHwc: add display mode (720x480p120hz-720x480p120hz-131, 720x480, 120.000000) dpi(15902,18756), hskew(1)
05-27 16:13:53.968 290 351 D MesonHwc: add fraction display mode (480p60hz)
05-27 16:13:53.968 290 351 I MesonHwc: add display mode (480p60hz-480p60hz-132, 720x480, 60.000000) dpi(15902,18756), hskew(1)
05-27 16:13:53.968 290 351 D MesonHwc: add fraction display mode (480i60hz)
05-27 16:13:53.968 290 351 I MesonHwc: add display mode (480i60hz-480i60hz-133, 720x480, 60.000000) dpi(15902,18756), hskew(1)
05-27 16:13:53.968 290 351 I MesonHwc: loadDisplayModes (38) end
05-27 16:13:53.968 290 351 D MesonHwc: unbind pipe (0)
05-27 16:13:53.968 290 351 D MesonHwc: bind pipe (0),crtc(63)connector(75)
05-27 16:13:53.968 290 351 D MesonHwc: RealModeMgr::update: nextModeId:805
05-27 16:13:53.968 290 351 D MesonHwc: RealModeMgr::update use previous mode (720x480-60.00)
05-27 16:13:53.968 290 351 D MesonHwc: updatePipe connector:HDMI-A, connected:1
05-27 16:13:53.968 290 351 D MesonHwc: Update period 1107a76->fe502a
05-27 16:13:53.968 290 351 D MesonHwc: Update period 1107a76->fe502a
05-27 16:13:53.968 290 351 D MesonHwc: Update period 1107a76->fe502a
05-27 16:13:53.968 495 495 D hdmicecd: [HdmiCecControl]:total port:1
05-27 16:13:53.968 290 351 I MesonHwc: HwcConfig::default frame buffer size (1920 x 1080)
05-27 16:13:53.968 290 351 D MesonHwc: [setConnectorStatus]: power mode 1
05-27 16:13:53.968 495 495 I hdmicecd: [HdmiCecControl]:portId: 0, type:output, cec support:1, arc support:1, physical address:2000
05-27 16:13:53.968 495 495 I hdmicecd: [HdmiCecControl]:arc port:0
05-27 16:13:53.973 290 346 V MesonDisplayServer: GetDisplayMode:dummy_l
05-27 16:13:53.975 290 351 D MesonHwc: Update composition MultiplanesWithDiComposition -> MultiplanesWithDiComposition
05-27 16:13:53.975 290 351 D MesonHwc: getSupportedContentTypes: DrmConnector HDMI-A get supported content type 1
05-27 16:13:53.975 290 351 D MesonHwc: getSupportedContentTypes: DrmConnector HDMI-A get supported content type 2
05-27 16:13:53.975 290 351 D MesonHwc: getSupportedContentTypes: DrmConnector HDMI-A get supported content type 3
05-27 16:13:53.975 290 351 D MesonHwc: getSupportedContentTypes: DrmConnector HDMI-A get supported content type 4
05-27 16:13:53.975 290 351 D MesonHwc: [setPendingMode] pending modes vector empty
05-27 16:13:53.975 290 351 D MesonHwc: displayID:0, On hot plug: [Plug in]
05-27 16:13:53.975 290 351 D MesonHwc: ModePolicy handle hotplug:1
05-27 16:13:53.975 290 351 V MesonDisplayServer: GetDisplayMode:dummy_l
05-27 16:13:53.975 290 351 I MesonHwc: getDisplayMode mode:dummy_l
05-27 16:13:53.975 320 371 I SystemControl: [/Ubootenv.cpp, get, 336] [ubootenv] get key:hdr_preferred_policy envValue: 0
05-27 16:13:53.976 1444 1444 E xxxxxxxxxxxxxxx: onReceive:mIsHDMIPlugged = true
05-27 16:13:53.976 290 351 D MesonHwc: get key:ubootenv.var.hdr_preferred_policy value:0
05-27 16:13:53.977 290 351 I MesonHwc: getPreferredHdrStrategy is 0
05-27 16:13:53.977 320 371 I SystemControl: [/Ubootenv.cpp, get, 336] [ubootenv] get key:user_hdr_type envValue: 3
05-27 16:13:53.978 290 351 D MesonHwc: get key:ubootenv.var.user_hdr_type value:3
05-27 16:13:53.978 290 351 D MesonHwc: allowedHdrType 0x3
05-27 16:13:53.978 290 351 D MesonDisplayServer: getDisplayAttribute "Dolby Vision CAP2": "The Rx don't support DolbyVision"
05-27 16:13:53.978 290 351 D MesonHwc: hdr_policy:follow sink hdr_priority:HDR10_HLG priority outHdrConversionType:0
05-27 16:13:53.978 290 351 D MesonHwc: set key:ubootenv.var.hdr_policy value:0
05-27 16:13:53.978 715 821 I WiredAccessoryManager: MSG_NEW_DEVICE_STATE
05-27 16:13:53.978 320 371 I SystemControl: [/Ubootenv.cpp, updateValue, 68] [ubootenv] update value name [ubootenv.var.hdr_policy]: value [0]
05-27 16:13:53.978 320 371 I SystemControl: [/Ubootenv.cpp, get, 336] [ubootenv] get key:hdr_policy envValue: 0
05-27 16:13:53.979 290 351 D MesonHwc: set key:ubootenv.var.hdr_priority value:268435472
05-27 16:13:53.981 495 495 D hdmiconnection: port id:0 physical:2000
05-27 16:13:53.982 715 715 D HDMI : initPortInfo port info:port_id: 0, type: HDMI_OUT, address: 0x2000, cec: true, arc: true, mhl: false, earc: false
05-27 16:13:53.982 489 527 I hdmicecd: [HdmiCecControl]:clearLogicaladdress
05-27 16:13:53.983 320 371 I SystemControl: [/Ubootenv.cpp, updateValue, 68] [ubootenv] update value name [ubootenv.var.hdr_priority]: value [268435472]
05-27 16:13:53.983 320 371 I SystemControl: [/Ubootenv.cpp, get, 336] [ubootenv] get key:hdr_priority envValue: 268435472
05-27 16:13:53.983 715 715 I AS.AudioDeviceInventory: not sending NOISY: state=1
05-27 16:13:53.984 715 873 D AudioService: setWiredDeviceConnectionState( type:400 state:DEVICE_STATE_AVAILABLE addr: name:) from android
05-27 16:13:53.984 715 873 I AS.AudioDeviceInventory: handleDeviceConnection(true dev:400 address: name:)
05-27 16:13:53.984 715 873 I AS.AudioDeviceInventory: deviceKey:0x400:
05-27 16:13:53.985 715 873 I AS.AudioDeviceInventory: deviceInfo:null is(already)Connected:false
05-27 16:13:53.986 478 5377 I audio_hw_hal_primary: [adev_set_parameters:4123] dev:0xefd014a0, kv: set_ARC_hdmi=updated_sad
05-27 16:13:53.986 478 5377 D audio_hw_hal_hfp: [audio_extn_hfp_set_parameters:739] audio_extn_hfp_set_parameters
05-27 16:13:53.986 320 328 I SystemControl: [/DisplayMode.cpp, getDisplayMode, 2331] getDisplayMode mode:dummy_l
05-27 16:13:53.986 320 328 I SystemControl: [/Ubootenv.cpp, get, 336] [ubootenv] get key:hdmimode envValue: 480p60hz
05-27 16:13:53.986 320 328 I SystemControl: [/Ubootenv.cpp, get, 336] [ubootenv] get key:cvbsmode envValue: 576cvbs
05-27 16:13:53.987 320 328 I SystemControl: [/DisplayMode.cpp, getCommonData, 1542] hdmi_current_mode:dummy_l, ubootenv hdmimode:480p60hz cvbsmode:576cvbs
05-27 16:13:53.987 478 5377 I audio_hw_hal_primary: [adev_set_device_connected_state_v7:9037] connected address:, num_descriptors:0, num_profiles:0
05-27 16:13:53.987 478 5377 I audio_hw_hal_primary: [set_device_connect_state:4044] state:1, dev:OUT_HDMI(0x400), pre_out:0x80002, pre_in:0x4
05-27 16:13:53.987 478 5377 D audio_hw_hal_resourcemgr: [set_output_device_avail:353] device:0x400 avail_out_devices:400 routed_out_devices:0x400
05-27 16:13:53.987 478 5377 D audio_hw_hal_stream: update_sink_format_after_hotplug() active stream 0xefc45d80
05-27 16:13:53.988 478 5377 D audio_hw_hal_profile: get_hdmi_sink_cap_new is running...
05-27 16:13:53.988 478 5377 D audio_hw_hal_profile: query hdmi format...
05-27 16:13:53.988 478 5377 D audio_hw_hal_profile: get_hdmi_sink_cap_new ddp is supported; ddp-joc(atmos) is supported;
05-27 16:13:53.988 478 5377 I audio_hw_hal_profile: get_hdmi_sink_cap_new dts-hd vendor special byte3:0x1
05-27 16:13:53.988 478 5377 I audio_hw_hal_profile: PCM cap Max channel =2
05-27 16:13:53.988 478 5377 I audio_hw_hal_stream: get_sink_capability mbox+dvb case sink_capability = 0x24000000
01-01 08:07:23.704 0 0 I : [0 T729 ..] [drm] drm hdmitx hpd notify
01-01 08:07:23.716 0 0 I [1 T351 ..] vc: [0]get capability: min 64 64; max 4096 2160
01-01 08:07:23.716 0 0 I [1 T351 ..] vc: [1]get capability: min 64 64; max 2048 1080
05-27 16:13:53.988 478 5377 I audio_hw_hal_stream: force ddp out =0
05-27 16:13:53.988 478 5377 D audio_hw_hal_profile: get_hdmi_sink_cap_new is running...
05-27 16:13:53.988 478 5377 D audio_hw_hal_profile: query hdmi format...
05-27 16:13:53.988 478 5377 D audio_hw_hal_profile: get_hdmi_sink_cap_new ddp is supported; ddp-joc(atmos) is supported;
05-27 16:13:53.988 478 5377 I audio_hw_hal_profile: get_hdmi_sink_cap_new dts-hd vendor special byte3:0x1
05-27 16:13:53.988 478 5377 I audio_hw_hal_profile: PCM cap Max channel =2
05-27 16:13:53.988 478 5377 I audio_hw_hal_stream: [get_sink_dts_capability:212] mbox+dvb case sink_capability: DTS(0xb000000)
05-27 16:13:53.988 478 5377 D audio_hw_hal_profile: get_hdmi_sink_cap_new is running...
05-27 16:13:53.988 478 5377 D audio_hw_hal_profile: query hdmi format...
05-27 16:13:53.988 478 5377 D audio_hw_hal_profile: get_hdmi_sink_cap_new ddp is supported; ddp-joc(atmos) is supported;
05-27 16:13:53.988 478 5377 I audio_hw_hal_profile: get_hdmi_sink_cap_new dts-hd vendor special byte3:0x1
05-27 16:13:53.988 478 5377 I audio_hw_hal_profile: PCM cap Max channel =2
05-27 16:13:53.988 478 5377 I audio_hw_hal_stream: [get_sink_mpegh_capability:245] mbox+dvb case sink_capability: PCM_16_BIT(0x1)
05-27 16:13:53.988 478 5377 D audio_hw_hal_profile: get_hdmi_sink_cap_new is running...
05-27 16:13:53.988 478 5377 D audio_hw_hal_profile: [get_hdmi_sink_cap_new:960] query hdmi sample_rate... format: PCM_16_BIT(0x1)
05-27 16:13:53.988 478 5377 I audio_hw_hal_profile: get_hdmi_sink_cap_new format =0x1 support rate =sup_sampling_rates=32000|44100|48000|88200|96000|176400|192000
05-27 16:13:53.988 478 5377 I audio_hw_hal_stream: pcm_fmt support sample_rate_mask:0x7f
05-27 16:13:53.988 478 5377 I audio_hw_hal_stream: get_sink_dv_capability : /sys/class/amhdmitx/amhdmitx0/hdmi_hdr_status = SDR
05-27 16:13:53.988 478 5377 I audio_hw_hal_stream: get_sink_dv_capability : dv enable 0
05-27 16:13:53.988 478 5377 I audio_hw_hal_stream: [get_sink_format:446] out:0xefc45d80 out devices:0x80002 cur_out_devices:0x400 format:PCM_16_BIT(0x1) digital_mode(AUTO) sink cap:MAT(0x24000000)
05-27 16:13:53.988 478 5377 I audio_hw_hal_stream: get_sink_format() HDMI ARC or mbox + dvb case
05-27 16:13:53.988 478 5377 I audio_hw_hal_stream: [get_sink_format:645] sink_format:MAT(0x24000000) max channel:2 optical_format:MAT(0x24000000) dual_output 0
05-27 16:13:53.988 478 5377 I audio_hw_hal_ms12common: audiohal_send_msg_2_ms12 mesg_type:MS12_MESG_TYPE_RESET_MS12_ENCODER entry
05-27 16:13:53.988 478 5377 I audio_hw_hal_ms12common: audiohal_send_msg_2_ms12 mesg_type:MS12_MESG_TYPE_RESET_MS12_ENCODER exit
05-27 16:13:53.988 478 5377 D audio_hw_hal_ms12v2: set_dolby_ms12_continuous_state audio_continuous_standby_set status 0
05-27 16:13:53.988 478 5377 D audio_hw_hal_continuous_standby: audio_continuous_standby_set, type 0, params 0
05-27 16:13:53.988 478 5377 I audio_hw_hal_ms12common: aml_set_ms12_scheduler_state ms12_scheduler_state:0, sch_state:0 SCHEDULER_RUNNING is sent to ms12
05-27 16:13:53.988 478 671 D audio_hw_hal_ms12common: ms12_message_threadloop(), msg type: MS12_MESG_TYPE_RESET_MS12_ENCODER
05-27 16:13:53.988 478 671 I audio_hw_hal_ms12v2: +dolby_ms12_encoder_reconfig()
05-27 16:13:53.989 478 671 D libdolbyms12: mch_enable 0
05-27 16:13:53.989 478 671 D audio_hw_hal_continuous_standby: audio_continuous_standby_set, type 1, params 12
05-27 16:13:53.989 478 671 D audio_hw_hal_ms12common: ms12_message_threadloop mesg_list is empty, loop waiting......
05-27 16:13:53.989 320 371 I SystemControl: [/Ubootenv.cpp, get, 345] [ubootenv] search end and not find env:user_colorattribute
05-27 16:13:53.989 290 351 D MesonHwc: sc_read_bootenv val is empty
05-27 16:13:53.989 290 351 I MesonHwc: isbestColorspace:1
05-27 16:13:53.989 290 351 V MesonDisplayServer: GetDisplayMode:dummy_l
05-27 16:13:53.990 290 351 I MesonHwc: getDisplayMode mode:dummy_l
05-27 16:13:53.990 478 705 W DeviceHAL: Error from HAL Device in function get_audio_port_v7: Function not implemented
05-27 16:13:53.990 320 918 I SystemControl: [/Ubootenv.cpp, get, 336] [ubootenv] get key:hdmimode envValue: 480p60hz
05-27 16:13:53.990 290 351 D MesonHwc: get key:ubootenv.var.hdmimode value:480p60hz
05-27 16:13:53.990 320 918 I SystemControl: [/Ubootenv.cpp, get, 336] [ubootenv] get key:cvbsmode envValue: 576cvbs
05-27 16:13:53.990 290 351 D MesonHwc: get key:ubootenv.var.cvbsmode value:576cvbs
05-27 16:13:53.990 290 351 I MesonHwc: hdmi_current_mode:dummy_l, ubootenv hdmimode:480p60hz cvbsmode:576cvbs
05-27 16:13:53.990 535 594 I AudioFlinger: openOutput() this 0xed5c2fe0, module 10 Device AUDIO_DEVICE_OUT_HDMI, @:, SamplingRate 32000, Format 0x9000000, Channels 0x1, flags 0x51
05-27 16:13:53.990 320 918 I SystemControl: [/Ubootenv.cpp, get, 345] [ubootenv] search end and not find env:user_colorattribute
05-27 16:13:53.990 290 351 D MesonHwc: sc_read_bootenv val is empty
05-27 16:13:53.990 290 351 I MesonHwc: ubootenv_colorattribute:none
05-27 16:13:53.991 478 2364 D audio_hw_hal_primary: [adev_open_output_stream_new:7868] enter: dev=0xefd014a0 handle=875 devices=0x400/'HDMI,' flags=0x51/'DIRECT,COMPRESS_OFFLOAD,HW_AV_SYNC,' config=(rt=32000 ch_mask=0x1 fmt=0x9000000) address=''
05-27 16:13:53.991 478 2364 D audio_hw_hal_primary: adev_open_output_stream_new: enter
05-27 16:13:53.991 478 2364 I audio_hw_hal_primary: [adev_open_output_stream:3285] io 2165: out:0xefc415a0 dev:OUT_HDMI(0x400) addr:
05-27 16:13:53.991 478 2364 I audio_hw_hal_primary: [adev_open_output_stream:3287] ch_mask:0x1 rate:32000 format:AC3(0x9000000) flags:0x51
05-27 16:13:53.991 478 2364 I audio_hw_hal_primary: adev_open_output_stream: for raw audio output,force alsa stereo output
05-27 16:13:53.991 478 2364 D audio_hw_hal_primary: [adev_open_output_stream:3573] format=AC3 rate=32000
05-27 16:13:53.991 478 2364 I audio_hw_hal_primary: [adev_open_output_stream:3610] result profile ch_mask:0x1 rate:32000 format:AC3(0x9000000) usecase:RAW_HWSYNC
05-27 16:13:53.991 478 2364 I audio_hw_hal_utils: aml_get_stream_dump_file_name line 2929 file_name /data/vendor/audiohal/stream_pid478_tid2364.dd
05-27 16:13:53.991 478 2364 I audio_hw_hal_primary: [adev_open_output_stream_new:8037] io 2165: out: 0xefc415a0 card:0 alsa devices:0 exit ------
05-27 16:13:53.991 320 918 I SystemControl: [/Ubootenv.cpp, get, 345] [ubootenv] search end and not find env:dv_enable
05-27 16:13:53.991 290 351 D MesonHwc: sc_read_bootenv val is empty
05-27 16:13:53.991 290 351 E MesonHwc: dolby vision driver is not ready
05-27 16:13:53.991 290 351 I MesonHwc: dv_enable:0
05-27 16:13:53.992 478 673 D libdolbyms12: set runtime mch_enable 0
05-27 16:13:53.992 320 918 I SystemControl: [/Ubootenv.cpp, get, 345] [ubootenv] search end and not find env:user_prefer_dv_type
05-27 16:13:53.992 290 351 D MesonHwc: sc_read_bootenv val is empty
05-27 16:13:53.993 290 351 E MesonHwc: dolby vision driver is not ready
05-27 16:13:53.993 290 351 I MesonHwc: ubootenv_dv_type:0
05-27 16:13:53.993 478 5445 I audio_hw_hal_primary: [out_get_buffer_size:552] out:0xefc415a0 config.rate=32000, format:AC3(0x9000000), stream format:AC3(0x9000000)
05-27 16:13:53.993 290 351 D MesonDisplayServer: getDisplayAttribute "Dolby Vision CAP2": "The Rx don't support DolbyVision"
05-27 16:13:53.993 290 351 E MesonHwc: TV isn't support dv: The Rx don't support DolbyVision
05-27 16:13:53.993 535 594 I AudioFlinger: HAL output buffer size 2048 frames, normal sink buffer size 2048 frames
05-27 16:13:53.993 478 5445 I audio_hw_hal_primary: [audiohal_get_latency:1333] io 2165: out:0xefc415a0 frames:1344 rate:32000 whole_latency:42 alsa_latency:42
05-27 16:13:53.993 320 918 I SystemControl: [/Ubootenv.cpp, get, 345] [ubootenv] search end and not find env:hdr_force_mode
05-27 16:13:53.993 290 351 D MesonHwc: sc_read_bootenv val is empty
05-27 16:13:53.993 290 351 I MesonHwc: get hdr force mode is [2]
05-27 16:13:53.993 320 918 I SystemControl: [/Ubootenv.cpp, get, 336] [ubootenv] get key:hdr_policy envValue: 0
05-27 16:13:53.994 478 705 I audio_hw_hal_primary: [out_set_event_callback:3158] io 2165: out:0xefc415a0, callback:0xf1b4091d cookie:0xf2201390
05-27 16:13:53.994 478 705 I audio_hw_hal_primary: [audiohal_get_latency:1333] io 2165: out:0xefc415a0 frames:1344 rate:32000 whole_latency:42 alsa_latency:42
05-27 16:13:53.994 478 705 I audio_hw_hal_primary: [audiohal_get_latency:1333] io 2165: out:0xefc415a0 frames:1344 rate:32000 whole_latency:42 alsa_latency:42
05-27 16:13:53.994 535 5447 I AudioFlinger: AudioFlinger's thread 0xe78ec640 tid=5447 ready to run
05-27 16:13:53.995 535 5447 D AudioFlinger: ro.audio.silent is ignored since no output device is set
05-27 16:13:53.996 535 5447 D AudioFlinger: ro.audio.silent is ignored since no output device is set
05-27 16:13:53.997 290 351 D MesonHwc: get key:ubootenv.var.hdr_policy value:0
05-27 16:13:53.997 290 351 I MesonHwc: get uboot HdrStrategy is [0]
05-27 16:13:53.997 320 918 I SystemControl: [/Ubootenv.cpp, get, 336] [ubootenv] get key:hdr_priority envValue: 268435472
05-27 16:13:53.998 290 351 D MesonHwc: get key:ubootenv.var.hdr_priority value:268435472
05-27 16:13:53.998 290 351 I MesonHwc: getHdrPriority is [HDR10_HLG priority]
05-27 16:13:53.998 290 351 I MesonHwc: get uboot HdrPriority is [HDR10_HLG priority]
05-27 16:13:53.998 290 351 I MesonHwc: hdr_policy:follow sink, hdr_priority :HDR10_HLG priority, hdr_force_mode:2
05-27 16:13:53.998 290 351 E MesonHwc: dolby vision driver is not ready
05-27 16:13:53.998 290 351 D MesonDisplayServer: getDisplayAttribute "Dolby Vision CAP2": "The Rx don't support DolbyVision"
05-27 16:13:54.000 290 346 D MesonDisplayServer: use connector getDisplayAttribute "HDMI Color ATTR": "444,8bit"
05-27 16:13:54.005 320 918 I SystemControl: [/Ubootenv.cpp, get, 345] [ubootenv] search end and not find env:hdr_resolution_priority
05-27 16:13:54.006 320 328 I SystemControl: [/Ubootenv.cpp, get, 345] [ubootenv] search end and not find env:user_colorattribute
05-27 16:13:54.007 320 328 I SystemControl: [/DisplayMode.cpp, getCommonData, 1554] hdmi_current_attr:444,8bit, ubootenv_colorattribute:none
05-27 16:13:54.008 320 328 I SystemControl: [/Ubootenv.cpp, get, 345] [ubootenv] search end and not find env:dv_enable
05-27 16:13:54.008 320 328 I SystemControl: [/DisplayMode.cpp, getCommonData, 1567] dv_enable:0
05-27 16:13:54.008 320 328 I SystemControl: [/Ubootenv.cpp, get, 345] [ubootenv] search end and not find env:user_prefer_dv_type
05-27 16:13:54.008 320 328 I SystemControl: [/DisplayMode.cpp, getCommonData, 1578] ubootenv_dv_type:0
05-27 16:13:54.008 320 328 I SystemControl: [/DisplayMode.cpp, getHdmiData, 1721] display sink type:1 [0:none, 1:sink, 2:repeater]
05-27 16:13:54.008 535 594 I AudioFlinger: openOutput() this 0xed5c2fe0, module 10 Device AUDIO_DEVICE_OUT_HDMI, @:, SamplingRate 0, Format 00000000, Channels 0, flags 0x4001
05-27 16:13:54.008 320 328 I SystemControl: [/DisplayMode.cpp, filterHdmiDispcap, 1398] before filtered HdmiDispcap: 1080p60hz
05-27 16:13:54.008 320 328 I SystemControl: 1080p50hz
05-27 16:13:54.008 320 328 I SystemControl: 1080i50hz
05-27 16:13:54.008 320 328 I SystemControl: 1080i60hz
05-27 16:13:54.008 320 328 I SystemControl: 720p50hz
05-27 16:13:54.008 320 328 I SystemControl: 720p60hz
05-27 16:13:54.008 320 328 I SystemControl: 1080p24hz
05-27 16:13:54.008 320 328 I SystemControl: 1080p30hz
05-27 16:13:54.008 320 328 I SystemControl: 720p24hz
05-27 16:13:54.008 320 328 I SystemControl: 720p30hz
05-27 16:13:54.008 320 328 I SystemControl: 576p50hz
05-27 16:13:54.008 320 328 I SystemControl: 576i50hz
05-27 16:13:54.008 320 328 I SystemControl: 480p60hz
05-27 16:13:54.008 320 328 I SystemControl: 480i60hz
05-27 16:13:54.008 320 328 I SystemControl: 1280x720p120hz
05-27 16:13:54.008 320 328 I SystemControl: 1920x1080i120hz
05-27 16:13:54.008 320 328 I SystemControl: 1920x1080p120hz
05-27 16:13:54.008 320 328 I SystemControl: 720x480p120hz
05-27 16:13:54.008 320 328 I SystemControl: 2160p30hz
05-27 16:13:54.008 320 328 I SystemControl: 2160p25hz
05-27 16:13:54.008 320 328 I SystemControl: 2160p24hz
05-27 16:13:54.008 320 328 I SystemControl: smpte24hz
05-27 16:13:54.008 320 328 I SystemControl:
05-27 16:13:54.009 478 5446 D audio_hw_hal_primary: [adev_open_output_stream_new:7868] enter: dev=0xefd014a0 handle=87d devices=0x400/'HDMI,' flags=0x4001/'DIRECT,MMAP_NOIRQ,' config=(rt=0 ch_mask=0x0 fmt=0x0) address=''
05-27 16:13:54.009 478 5446 D audio_hw_hal_primary: adev_open_output_stream_new: enter
05-27 16:13:54.009 478 5446 I audio_hw_hal_primary: [adev_open_output_stream:3285] io 2173: out:0xefc47a40 dev:OUT_HDMI(0x400) addr:
05-27 16:13:54.009 478 5446 I audio_hw_hal_primary: [adev_open_output_stream:3287] ch_mask:0 rate:0 format:DEFAULT(0) flags:0x4001
05-27 16:13:54.009 478 5446 I audio_hw_hal_primary: when open aaudio stream, send RUNNING msg to submix & ms12
05-27 16:13:54.009 478 5446 W audio_hw_hal_ms12common: aml_set_ms12_scheduler_state sch_state:0 SCHEDULER_RUNNING, ms12 scheduler state not changed.
05-27 16:13:54.009 478 5446 I audio_hw_hal_mmap: [outMmapInit:680] stream:0xefc47a40
05-27 16:13:54.009 478 5446 I audio_hw_hal_mmap: [dma_buffer_allocate:639] enter
05-27 16:13:54.009 478 5446 I DMABUFHEAPS: Using DMA-BUF heap named: system-uncached
05-27 16:13:54.009 478 5446 I audio_hw_hal_mmap: [dma_buffer_allocate:673] s32DmaFd:25, pu8MmapAddr:0xf383f000
05-27 16:13:54.009 320 328 I SystemControl: [/DisplayMode.cpp, filterHdmiDispcap, 1427] after filtered HdmiDispcap: 1080p60hz
05-27 16:13:54.009 320 328 I SystemControl: 1080p50hz
05-27 16:13:54.009 320 328 I SystemControl: 1080i50hz
05-27 16:13:54.009 320 328 I SystemControl: 1080i60hz
05-27 16:13:54.009 320 328 I SystemControl: 720p50hz
05-27 16:13:54.009 320 328 I SystemControl: 720p60hz
05-27 16:13:54.009 320 328 I SystemControl: 1080p24hz
05-27 16:13:54.009 320 328 I SystemControl: 1080p30hz
05-27 16:13:54.009 320 328 I SystemControl: 720p24hz
05-27 16:13:54.009 320 328 I SystemControl: 720p30hz
05-27 16:13:54.009 320 328 I SystemControl: 576p50hz
05-27 16:13:54.009 320 328 I SystemControl: 576i50hz
05-27 16:13:54.009 320 328 I SystemControl: 480p60hz
05-27 16:13:54.009 320 328 I SystemControl: 480i60hz
05-27 16:13:54.009 320 328 I SystemControl: 1280x720p120hz
05-27 16:13:54.009 320 328 I SystemControl: 1920x1080i120hz
05-27 16:13:54.009 320 328 I SystemControl: 1920x1080p120hz
05-27 16:13:54.009 320 328 I SystemControl: 2160p30hz
05-27 16:13:54.009 320 328 I SystemControl: 2160p25hz
05-27 16:13:54.009 320 328 I SystemControl: 2160p24hz
