05-27 16:13:44.935 320 328 I SystemControl: 720p30hz
05-27 16:13:44.935 320 328 I SystemControl: 576p50hz
05-27 16:13:44.935 320 328 I SystemControl: 576i50hz
05-27 16:13:44.935 320 328 I SystemControl: 480p60hz
05-27 16:13:44.935 320 328 I SystemControl: 480i60hz
05-27 16:13:44.935 320 328 I SystemControl: 1280x720p120hz
05-27 16:13:44.935 320 328 I SystemControl: 1920x1080i120hz
05-27 16:13:44.935 320 328 I SystemControl: 1920x1080p120hz
05-27 16:13:44.935 320 328 I SystemControl: 2160p30hz
05-27 16:13:44.935 320 328 I SystemControl: 2160p25hz
05-27 16:13:44.935 320 328 I SystemControl: 2160p24hz
05-27 16:13:44.935 320 328 I SystemControl: smpte24hz
05-27 16:13:44.935 320 328 I SystemControl:
05-27 16:13:44.935 478 673 D libdolbyms12: set runtime mch_enable 0
05-27 16:13:44.937 478 478 W DeviceHAL: Error from HAL Device in function get_audio_port_v7: Function not implemented
05-27 16:13:44.938 535 3666 I AudioFlinger: openOutput() this 0xed5c2fe0, module 10 Device AUDIO_DEVICE_OUT_HDMI, @:, SamplingRate 32000, Format 0x9000000, Channels 0x1, flags 0x51
05-27 16:13:44.938 478 1797 D audio_hw_hal_primary: [adev_open_output_stream_new:7868] enter: dev=0xefd014a0 handle=7d5 devices=0x400/'HDMI,' flags=0x51/'DIRECT,COMPRESS_OFFLOAD,HW_AV_SYNC,' config=(rt=32000 ch_mask=0x1 fmt=0x9000000) address=''
05-27 16:13:44.938 478 1797 D audio_hw_hal_primary: adev_open_output_stream_new: enter
05-27 16:13:44.938 478 1797 I audio_hw_hal_primary: [adev_open_output_stream:3285] io 2005: out:0xefc48170 dev:OUT_HDMI(0x400) addr:
05-27 16:13:44.938 478 1797 I audio_hw_hal_primary: [adev_open_output_stream:3287] ch_mask:0x1 rate:32000 format:AC3(0x9000000) flags:0x51
05-27 16:13:44.938 478 1797 I audio_hw_hal_primary: adev_open_output_stream: for raw audio output,force alsa stereo output
05-27 16:13:44.938 478 1797 D audio_hw_hal_primary: [adev_open_output_stream:3573] format=AC3 rate=32000
05-27 16:13:44.938 478 1797 I audio_hw_hal_primary: [adev_open_output_stream:3610] result profile ch_mask:0x1 rate:32000 format:AC3(0x9000000) usecase:RAW_HWSYNC
05-27 16:13:44.938 290 346 E MesonHwc: getCrtc by id(0) failed.
05-27 16:13:44.938 478 1797 I audio_hw_hal_utils: aml_get_stream_dump_file_name line 2929 file_name /data/vendor/audiohal/stream_pid478_tid1797.dd
05-27 16:13:44.938 478 1797 I audio_hw_hal_primary: [adev_open_output_stream_new:8037] io 2005: out: 0xefc48170 card:0 alsa devices:0 exit ------
05-27 16:13:44.938 290 346 D MesonDisplayServer: getDisplayAttribute "Dolby Vision CAP2": "The Rx don't support DolbyVision"
05-27 16:13:44.939 320 328 E SystemControl: [/DisplayMode.cpp, getHdmiDvCap, 1618] TV isn't support dolby vision: The Rx don't support DolbyVision
05-27 16:13:44.939 320 328 I SystemControl: [/DisplayMode.cpp, onTxEvent, 3294] onTxEvent boot config enable do nothing, just return
05-27 16:13:44.939 320 328 I SystemControl: [/UEventObserver.cpp, HDMITxUenventThreadLoop, 451] HDMI TX switch_name:hdmitx_audio, switch_state: 1
05-27 16:13:44.939 320 328 I SystemControl: [/DisplayMode.cpp, onTxEvent, 3267] onTxEvent switchName:hdmitx_audio hpdstate:1 state: 1
05-27 16:13:44.939 320 328 I SystemControl: [/SysWrite.cpp, getKernelReleaseVersion, 701] getKernelReleaseVersion: 5.15
05-27 16:13:44.939 320 328 I SystemControl: [/SystemControlHal.cpp, onEvent, 72] onEvent event:5, client size:5
05-27 16:13:44.939 488 509 I SystemControlClient: notifyCallback event type:5
05-27 16:13:44.939 488 509 I SystemControlClient: notifyCallback: listener is NULL.
05-27 16:13:44.939 487 516 I SystemControlClient: notifyCallback event type:5
05-27 16:13:44.939 487 516 I SystemControlClient: notifyCallback: listener is NULL.
05-27 16:13:44.939 240 800 I SystemControlClient: notifyCallback event type:5
05-27 16:13:44.939 240 800 I SystemControlClient: notifyCallback: listener is NULL.
05-27 16:13:44.939 486 592 I SystemControlClient: notifyCallback event type:5
05-27 16:13:44.939 486 592 I SystemControlClient: notifyCallback: listener is NULL.
05-27 16:13:44.940 478 1158 I audio_hw_hal_primary: [out_get_buffer_size:552] out:0xefc48170 config.rate=32000, format:AC3(0x9000000), stream format:AC3(0x9000000)
05-27 16:13:44.940 535 3666 I AudioFlinger: HAL output buffer size 2048 frames, normal sink buffer size 2048 frames
05-27 16:13:44.940 1053 1179 I SystemControlEvent: system control callback event: 5
05-27 16:13:44.940 478 1158 I audio_hw_hal_primary: [audiohal_get_latency:1333] io 2005: out:0xefc48170 frames:1280 rate:32000 whole_latency:40 alsa_latency:40
05-27 16:13:44.940 478 1158 I audio_hw_hal_primary: [out_set_event_callback:3158] io 2005: out:0xefc48170, callback:0xf1b4091d cookie:0xf22025f0
05-27 16:13:44.941 535 5370 I AudioFlinger: AudioFlinger's thread 0xe78ec640 tid=5370 ready to run
05-27 16:13:44.941 478 478 I audio_hw_hal_primary: [audiohal_get_latency:1333] io 2005: out:0xefc48170 frames:1280 rate:32000 whole_latency:40 alsa_latency:40
05-27 16:13:44.941 478 1158 I audio_hw_hal_primary: [audiohal_get_latency:1333] io 2005: out:0xefc48170 frames:1280 rate:32000 whole_latency:40 alsa_latency:40
05-27 16:13:44.941 535 5370 D AudioFlinger: ro.audio.silent is ignored since no output device is set
05-27 16:13:44.942 535 5370 D AudioFlinger: ro.audio.silent is ignored since no output device is set
05-27 16:13:44.944 290 351 D MesonHwc: sc_read_bootenv val is empty
05-27 16:13:44.944 290 351 D MesonHwc: getConnectorType, get ubootenv.var.connector_type from uboot env, return (null)
05-27 16:13:44.944 290 351 D MesonHwc: getConnectorType-0 get connector type hdmi--65536
05-27 16:13:44.944 290 351 D MesonHwc: getConnectorCfg: get display 0, connector 11
05-27 16:13:44.944 290 351 E MesonHwc: FixedDisplayPipe::getConnectorCfg 11
05-27 16:13:44.944 290 351 D MesonHwc: HwcDisplayPipe::updatePipe (0) [CHANGED], crtc (0) connector (11)
05-27 16:13:44.944 290 351 D MesonHwc: HwcDisplayPipe::updatePipe 0 changed
05-27 16:13:44.944 290 351 D MesonHwc: ERR: PLEASE FIX NON-IMPLEMENT FUN(update).
05-27 16:13:44.944 290 351 D MesonHwc: DrmProperty: EDID (1), value [140]
05-27 16:13:44.947 290 351 D MesonHwc: DrmProperty: content type (77), value [0]
05-27 16:13:44.947 290 351 D MesonHwc: DrmProperty: vrr_capable (78), value [0]
05-27 16:13:44.947 290 351 D MesonHwc: DrmProperty: UPDATE (79), value [0]
05-27 16:13:44.947 290 351 D MesonHwc: DrmProperty: color_depth (80), value [8]
05-27 16:13:44.947 290 351 D MesonHwc: DrmProperty: color_space (81), value [2]
05-27 16:13:44.947 290 351 D MesonHwc: DrmProperty: MESON_DRM_HDMITX_PROP_AVMUTE (82), value [0]
05-27 16:13:44.947 290 351 D MesonHwc: DrmProperty: hdmi_hdr_status (83), value [6]
05-27 16:13:44.947 290 351 D MesonHwc: DrmProperty: dv_cap (85), value [0]
05-27 16:13:44.947 290 351 D MesonHwc: DrmProperty: contenttype_cap (89), value [31]
05-27 16:13:44.947 290 351 D MesonHwc: DrmProperty: hdr_priority (91), value [268435472]
05-27 16:13:44.947 290 351 D MesonHwc: DrmProperty: ready (92), value [0]
05-27 16:13:44.947 290 351 D MesonHwc: DrmProperty: allm_cap (95), value [0]
05-27 16:13:44.947 290 351 D MesonHwc: DrmProperty: dc_cap (96), value [1016]
05-27 16:13:44.948 290 351 E MesonHwc: dolby vision driver is not ready
05-27 16:13:44.949 290 351 I MesonHwc: hdr_preference (dolby_vision)
05-27 16:13:44.949 290 351 E MesonHwc: dolby vision driver is not ready
05-27 16:13:44.949 290 351 D MesonHwc: dolby version:0, dv3:0, hlg:0, hdr10:0, hdr10+:0 max:0, avg:0, min:0
05-27 16:13:44.949 290 351 D MesonHwc: dolby version 4k30:0
05-27 16:13:44.949 290 351 D MesonHwc: Connector HDMI-A loadDisplayModes get 22 modes
05-27 16:13:44.949 290 351 D MesonHwc: add fraction display mode (1920x1080p120hz)
05-27 16:13:44.949 290 351 I MesonHwc: add display mode (1920x1080p120hz-1920x1080p120hz-110, 1920x1080, 120.000000) dpi(42406,42203), hskew(1)
05-27 16:13:44.949 290 351 D MesonHwc: add fraction display mode (smpte24hz)
05-27 16:13:44.949 290 351 I MesonHwc: add display mode (smpte24hz-smpte24hz-111, 4096x2160, 24.000000) dpi(90468,84406), hskew(1)
05-27 16:13:44.949 290 351 D MesonHwc: add fraction display mode (2160p30hz)
05-27 16:13:44.949 290 351 I MesonHwc: add display mode (2160p30hz-2160p30hz-112, 3840x2160, 30.000000) dpi(84813,84406), hskew(1)
05-27 16:13:44.949 290 351 I MesonHwc: add display mode (2160p25hz-2160p25hz-113, 3840x2160, 25.000000) dpi(84813,84406), hskew(1)
05-27 16:13:44.949 290 351 D MesonHwc: add fraction display mode (2160p24hz)
05-27 16:13:44.949 290 351 I MesonHwc: add display mode (2160p24hz-2160p24hz-114, 3840x2160, 24.000000) dpi(84813,84406), hskew(1)
05-27 16:13:44.949 290 351 D MesonHwc: add fraction display mode (1920x1080i120hz)
05-27 16:13:44.949 290 351 I MesonHwc: add display mode (1920x1080i120hz-1920x1080i120hz-115, 1920x1080, 120.000000) dpi(42406,42203), hskew(1)
05-27 16:13:44.949 290 351 D MesonHwc: add fraction display mode (1080p60hz)
05-27 16:13:44.949 290 351 I MesonHwc: add display mode (1080p60hz-1080p60hz-116, 1920x1080, 60.000000) dpi(42406,42203), hskew(1)
05-27 16:13:44.949 290 351 D MesonHwc: add fraction display mode (1080i60hz)
05-27 16:13:44.949 290 351 I MesonHwc: add display mode (1080i60hz-1080i60hz-117, 1920x1080, 60.000000) dpi(42406,42203), hskew(1)
05-27 16:13:44.949 290 351 I MesonHwc: add display mode (1080p50hz-1080p50hz-118, 1920x1080, 50.000000) dpi(42406,42203), hskew(1)
05-27 16:13:44.949 290 351 I MesonHwc: add display mode (1080i50hz-1080i50hz-119, 1920x1080, 50.000000) dpi(42406,42203), hskew(1)
05-27 16:13:44.950 290 351 D MesonHwc: add fraction display mode (1080p30hz)
05-27 16:13:44.950 290 351 I MesonHwc: add display mode (1080p30hz-1080p30hz-120, 1920x1080, 30.000000) dpi(42406,42203), hskew(1)
05-27 16:13:44.950 290 351 D MesonHwc: add fraction display mode (1080p24hz)
05-27 16:13:44.950 290 351 I MesonHwc: add display mode (1080p24hz-1080p24hz-121, 1920x1080, 24.000000) dpi(42406,42203), hskew(1)
05-27 16:13:44.950 290 351 D MesonHwc: add fraction display mode (1280x720p120hz)
05-27 16:13:44.950 290 351 I MesonHwc: add display mode (1280x720p120hz-1280x720p120hz-122, 1280x720, 120.000000) dpi(28271,28135), hskew(1)
05-27 16:13:44.950 290 351 D MesonHwc: add fraction display mode (720p60hz)
05-27 16:13:44.950 290 351 I MesonHwc: add display mode (720p60hz-720p60hz-123, 1280x720, 60.000000) dpi(28271,28135), hskew(1)
05-27 16:13:44.950 290 351 I MesonHwc: add display mode (720p50hz-720p50hz-124, 1280x720, 50.000000) dpi(28271,28135), hskew(1)
05-27 16:13:44.950 290 351 D MesonHwc: add fraction display mode (720p30hz)
05-27 16:13:44.951 290 351 I MesonHwc: add display mode (720p30hz-720p30hz-125, 1280x720, 30.000000) dpi(28271,28135), hskew(1)
05-27 16:13:44.951 290 351 D MesonHwc: add fraction display mode (720p24hz)
05-27 16:13:44.951 290 351 I MesonHwc: add display mode (720p24hz-720p24hz-127, 1280x720, 24.000000) dpi(28271,28135), hskew(1)
05-27 16:13:44.951 290 351 I MesonHwc: add display mode (576p50hz-576p50hz-129, 720x576, 50.000000) dpi(15902,22508), hskew(1)
05-27 16:13:44.951 290 351 I MesonHwc: add display mode (576i50hz-576i50hz-130, 720x576, 50.000000) dpi(15902,22508), hskew(1)
05-27 16:13:44.951 290 351 D MesonHwc: add fraction display mode (720x480p120hz)
05-27 16:13:44.951 290 351 I MesonHwc: add display mode (720x480p120hz-720x480p120hz-131, 720x480, 120.000000) dpi(15902,18756), hskew(1)
05-27 16:13:44.951 290 351 D MesonHwc: add fraction display mode (480p60hz)
05-27 16:13:44.951 290 351 I MesonHwc: add display mode (480p60hz-480p60hz-132, 720x480, 60.000000) dpi(15902,18756), hskew(1)
05-27 16:13:44.951 290 351 D MesonHwc: add fraction display mode (480i60hz)
05-27 16:13:44.951 290 351 I MesonHwc: add display mode (480i60hz-480i60hz-133, 720x480, 60.000000) dpi(15902,18756), hskew(1)
05-27 16:13:44.951 290 351 I MesonHwc: loadDisplayModes (38) end
05-27 16:13:44.951 290 351 D MesonHwc: unbind pipe (0)
05-27 16:13:44.951 290 351 D MesonHwc: bind pipe (0),crtc(63)connector(75)
01-01 08:07:14.700 0 0 I [1 T351 ..] vc: [0]get capability: min 64 64; max 4096 2160
01-01 08:07:14.700 0 0 I [1 T351 ..] vc: [1]get capability: min 64 64; max 2048 1080
05-27 16:13:44.952 290 351 D MesonHwc: RealModeMgr::update: nextModeId:743
05-27 16:13:44.952 290 351 D MesonHwc: RealModeMgr::update use previous mode (720x480-60.00)
05-27 16:13:44.952 290 351 D MesonHwc: updatePipe connector:HDMI-A, connected:1
05-27 16:13:44.952 290 351 D MesonHwc: Update period 1107a76->fe502a
05-27 16:13:44.952 290 351 D MesonHwc: Update period 1107a76->fe502a
05-27 16:13:44.952 290 351 D MesonHwc: Update period 1107a76->fe502a
05-27 16:13:44.952 290 351 I MesonHwc: HwcConfig::default frame buffer size (1920 x 1080)
05-27 16:13:44.952 290 351 D MesonHwc: [setConnectorStatus]: power mode 1
05-27 16:13:44.953 535 3666 I AudioFlinger: openOutput() this 0xed5c2fe0, module 10 Device AUDIO_DEVICE_OUT_HDMI, @:, SamplingRate 0, Format 00000000, Channels 0, flags 0x4001
05-27 16:13:44.954 478 1158 D audio_hw_hal_primary: [adev_open_output_stream_new:7868] enter: dev=0xefd014a0 handle=7dd devices=0x400/'HDMI,' flags=0x4001/'DIRECT,MMAP_NOIRQ,' config=(rt=0 ch_mask=0x0 fmt=0x0) address=''
05-27 16:13:44.954 478 1158 D audio_hw_hal_primary: adev_open_output_stream_new: enter
05-27 16:13:44.954 478 1158 I audio_hw_hal_primary: [adev_open_output_stream:3285] io 2013: out:0xefc47a40 dev:OUT_HDMI(0x400) addr:
05-27 16:13:44.954 478 1158 I audio_hw_hal_primary: [adev_open_output_stream:3287] ch_mask:0 rate:0 format:DEFAULT(0) flags:0x4001
05-27 16:13:44.954 478 1158 I audio_hw_hal_primary: when open aaudio stream, send RUNNING msg to submix & ms12
05-27 16:13:44.954 478 1158 W audio_hw_hal_ms12common: aml_set_ms12_scheduler_state sch_state:0 SCHEDULER_RUNNING, ms12 scheduler state not changed.
05-27 16:13:44.954 290 351 D MesonHwc: Update composition MultiplanesWithDiComposition -> MultiplanesWithDiComposition
05-27 16:13:44.954 478 1158 I audio_hw_hal_mmap: [outMmapInit:680] stream:0xefc47a40
05-27 16:13:44.954 290 351 D MesonHwc: getSupportedContentTypes: DrmConnector HDMI-A get supported content type 1
05-27 16:13:44.954 478 1158 I audio_hw_hal_mmap: [dma_buffer_allocate:639] enter
05-27 16:13:44.954 290 351 D MesonHwc: getSupportedContentTypes: DrmConnector HDMI-A get supported content type 2
05-27 16:13:44.954 290 351 D MesonHwc: getSupportedContentTypes: DrmConnector HDMI-A get supported content type 3
05-27 16:13:44.954 290 351 D MesonHwc: getSupportedContentTypes: DrmConnector HDMI-A get supported content type 4
05-27 16:13:44.954 290 351 D MesonHwc: [setPendingMode] pending modes vector empty
05-27 16:13:44.954 290 351 D MesonHwc: displayID:0, On hot plug: [Plug in]
05-27 16:13:44.954 290 351 D MesonHwc: ModePolicy handle hotplug:1
05-27 16:13:44.954 290 351 V MesonDisplayServer: GetDisplayMode:dummy_l
05-27 16:13:44.954 290 351 I MesonHwc: getDisplayMode mode:dummy_l
05-27 16:13:44.954 478 1158 I DMABUFHEAPS: Using DMA-BUF heap named: system-uncached
05-27 16:13:44.954 478 1158 I audio_hw_hal_mmap: [dma_buffer_allocate:673] s32DmaFd:25, pu8MmapAddr:0xf383f000
05-27 16:13:44.954 478 1158 I audio_hw_hal_mmap: [mmap_audio_register_client:927] OK ! stream 0xefc47a40, client id 0
05-27 16:13:44.954 478 1158 I audio_hw_hal_primary: [adev_open_output_stream:3540] vendor.media.llp 0
05-27 16:13:44.954 478 1158 I audio_hw_hal_primary: [adev_open_output_stream:3610] result profile ch_mask:0x3 rate:48000 format:PCM_16_BIT(0x1) usecase:PCM_MMAP
05-27 16:13:44.954 478 1158 I audio_hw_hal_utils: aml_get_stream_dump_file_name line 2929 file_name /data/vendor/audiohal/stream_pid478_tid1158.pcm
05-27 16:13:44.954 478 1158 I audio_hw_hal_primary: [adev_open_output_stream_new:8037] io 2013: out: 0xefc47a40 card:0 alsa devices:0 exit ------
05-27 16:13:44.954 320 918 I SystemControl: [/Ubootenv.cpp, get, 336] [ubootenv] get key:hdr_preferred_policy envValue: 0
05-27 16:13:44.954 290 351 D MesonHwc: get key:ubootenv.var.hdr_preferred_policy value:0
05-27 16:13:44.954 290 351 I MesonHwc: getPreferredHdrStrategy is 0
05-27 16:13:44.954 320 918 I SystemControl: [/Ubootenv.cpp, get, 336] [ubootenv] get key:user_hdr_type envValue: 3
05-27 16:13:44.955 290 351 D MesonHwc: get key:ubootenv.var.user_hdr_type value:3
05-27 16:13:44.955 290 351 D MesonHwc: allowedHdrType 0x3
05-27 16:13:44.956 290 351 D MesonDisplayServer: getDisplayAttribute "Dolby Vision CAP2": "The Rx don't support DolbyVision"
05-27 16:13:44.956 478 478 I audio_hw_hal_primary: [out_get_buffer_size:552] out:0xefc47a40 config.rate=48000, format:PCM_16_BIT(0x1), stream format:PCM_16_BIT(0x1)
05-27 16:13:44.956 290 351 D MesonHwc: hdr_policy:follow sink hdr_priority:HDR10_HLG priority outHdrConversionType:0
05-27 16:13:44.956 290 351 D MesonHwc: set key:ubootenv.var.hdr_policy value:0
05-27 16:13:44.957 320 918 I SystemControl: [/Ubootenv.cpp, updateValue, 68] [ubootenv] update value name [ubootenv.var.hdr_policy]: value [0]
05-27 16:13:44.957 535 5371 I AudioFlinger: AudioFlinger's thread 0xe75c24a0 tid=5371 ready to run
05-27 16:13:44.957 320 918 I SystemControl: [/Ubootenv.cpp, get, 336] [ubootenv] get key:hdr_policy envValue: 0
05-27 16:13:44.957 290 351 D MesonHwc: set key:ubootenv.var.hdr_priority value:268435472
05-27 16:13:44.957 320 918 I SystemControl: [/Ubootenv.cpp, updateValue, 68] [ubootenv] update value name [ubootenv.var.hdr_priority]: value [268435472]
05-27 16:13:44.957 320 918 I SystemControl: [/Ubootenv.cpp, get, 336] [ubootenv] get key:hdr_priority envValue: 268435472
05-27 16:13:44.957 478 478 I audio_hw_hal_profile: [out_get_parameters:2092] out:0xefc47a40 query channels. Format:PCM_16_BIT(0x1) ++++++++++ hal_format:PCM_16_BIT
05-27 16:13:44.957 478 478 D audio_hw_hal_profile: get_hdmi_sink_cap_new is running...
05-27 16:13:44.957 478 478 D audio_hw_hal_profile: [get_hdmi_sink_cap_new:887] query hdmi channels... format: PCM_16_BIT(0x1)
05-27 16:13:44.957 320 918 I SystemControl: [/Ubootenv.cpp, get, 345] [ubootenv] search end and not find env:user_colorattribute
05-27 16:13:44.957 478 478 I audio_hw_hal_profile: [out_get_parameters:2165] sup_channels=AUDIO_CHANNEL_OUT_STEREO
05-27 16:13:44.958 290 351 D MesonHwc: sc_read_bootenv val is empty
05-27 16:13:44.958 290 351 I MesonHwc: isbestColorspace:1
05-27 16:13:44.958 290 351 V MesonDisplayServer: GetDisplayMode:dummy_l
05-27 16:13:44.958 290 351 I MesonHwc: getDisplayMode mode:dummy_l
05-27 16:13:44.958 320 918 I SystemControl: [/Ubootenv.cpp, get, 336] [ubootenv] get key:hdmimode envValue: 480p60hz
05-27 16:13:44.958 290 351 D MesonHwc: get key:ubootenv.var.hdmimode value:480p60hz
05-27 16:13:44.958 320 918 I SystemControl: [/Ubootenv.cpp, get, 336] [ubootenv] get key:cvbsmode envValue: 576cvbs
05-27 16:13:44.958 290 351 D MesonHwc: get key:ubootenv.var.cvbsmode value:576cvbs
05-27 16:13:44.958 290 351 I MesonHwc: hdmi_current_mode:dummy_l, ubootenv hdmimode:480p60hz cvbsmode:576cvbs
05-27 16:13:44.958 320 918 I SystemControl: [/Ubootenv.cpp, get, 345] [ubootenv] search end and not find env:user_colorattribute
05-27 16:13:44.959 290 351 D MesonHwc: sc_read_bootenv val is empty
05-27 16:13:44.959 290 351 I MesonHwc: ubootenv_colorattribute:none
05-27 16:13:44.959 535 3666 D AudioFlinger: closing mmapThread 0xe75c24a0
05-27 16:13:44.959 320 918 I SystemControl: [/Ubootenv.cpp, get, 345] [ubootenv] search end and not find env:dv_enable
05-27 16:13:44.959 535 3666 D AudioFlinger: mmapThread exit()
05-27 16:13:44.959 478 478 I audio_hw_hal_primary: [adev_close_output_stream_new:8052] io handle 2013: out:0xefc47a40
05-27 16:13:44.960 478 478 D audio_hw_hal_primary: adev_close_output_stream_new: enter usecase = PCM_MMAP
05-27 16:13:44.960 478 478 I audio_hw_hal_primary: [adev_close_output_stream:3695] io 2013: out:0xefc47a40 dev:OUT_HDMI(0x400) flags:0x4001, usecase:PCM_MMAP
05-27 16:13:44.960 478 478 D audio_hw_hal_primary: [out_standby_new:5767] io 2013: out:0xefc47a40 usecase:PCM_MMAP
05-27 16:13:44.960 478 478 I audio_hw_hal_primary: already standby, do nothing
05-27 16:13:44.960 478 478 I audio_hw_hal_mmap: [outMmapDeInit:743] stream:0xefc47a40
05-27 16:13:44.960 478 478 I audio_hw_hal_mmap: [mmap_audio_unregister_client:955] OK ! stream 0xefc47a40, client id 0
05-27 16:13:44.960 290 351 D MesonHwc: sc_read_bootenv val is empty
05-27 16:13:44.961 290 351 E MesonHwc: dolby vision driver is not ready
05-27 16:13:44.961 290 351 I MesonHwc: dv_enable:0
05-27 16:13:44.961 478 478 I audio_hw_hal_primary: when close aaudio stream, send STANDBY msg to submix & ms12
05-27 16:13:44.961 320 918 I SystemControl: [/Ubootenv.cpp, get, 345] [ubootenv] search end and not find env:user_prefer_dv_type
05-27 16:13:44.961 478 478 I audio_hw_hal_ms12common: aml_set_ms12_scheduler_state ms12_scheduler_state:1, sch_state:1 SCHEDULER_STANDBY is sent to ms12
05-27 16:13:44.961 478 478 I audio_hw_hal_resourcemgr: [is_output_device_muted:710] device:0x2 port_mute:0, fade_mute:0
05-27 16:13:44.961 478 478 I audio_hw_hal_primary: [adev_close_output_stream:3863] io 2013: out:0xefc47a40 exit ------
05-27 16:13:44.961 290 351 D MesonHwc: sc_read_bootenv val is empty
05-27 16:13:44.961 290 351 E MesonHwc: dolby vision driver is not ready
05-27 16:13:44.961 290 351 I MesonHwc: ubootenv_dv_type:0
05-27 16:13:44.961 290 351 D MesonDisplayServer: getDisplayAttribute "Dolby Vision CAP2": "The Rx don't support DolbyVision"
05-27 16:13:44.962 290 351 E MesonHwc: TV isn't support dv: The Rx don't support DolbyVision
05-27 16:13:44.962 535 3666 I AudioFlinger: openOutput() this 0xed5c2fe0, module 10 Device AUDIO_DEVICE_OUT_HDMI, @:, SamplingRate 48000, Format 0x000001, Channels 0x3, flags 0x4001
05-27 16:13:44.962 320 918 I SystemControl: [/Ubootenv.cpp, get, 345] [ubootenv] search end and not find env:hdr_force_mode
05-27 16:13:44.962 478 1158 D audio_hw_hal_primary: [adev_open_output_stream_new:7868] enter: dev=0xefd014a0 handle=7e5 devices=0x400/'HDMI,' flags=0x4001/'DIRECT,MMAP_NOIRQ,' config=(rt=48000 ch_mask=0x3 fmt=0x1) address=''
05-27 16:13:44.963 478 1158 D audio_hw_hal_primary: adev_open_output_stream_new: enter
05-27 16:13:44.963 478 1158 I audio_hw_hal_primary: [adev_open_output_stream:3285] io 2021: out:0xefc4c950 dev:OUT_HDMI(0x400) addr:
05-27 16:13:44.963 478 1158 I audio_hw_hal_primary: [adev_open_output_stream:3287] ch_mask:0x3 rate:48000 format:PCM_16_BIT(0x1) flags:0x4001
05-27 16:13:44.963 478 1158 I audio_hw_hal_primary: when open aaudio stream, send RUNNING msg to submix & ms12
05-27 16:13:44.963 478 1158 D audio_hw_hal_ms12v2: set_dolby_ms12_continuous_state audio_continuous_standby_set status 0
05-27 16:13:44.963 478 1158 D audio_hw_hal_continuous_standby: audio_continuous_standby_set, type 0, params 0
05-27 16:13:44.963 478 1158 I audio_hw_hal_ms12common: aml_set_ms12_scheduler_state ms12_scheduler_state:0, sch_state:0 SCHEDULER_RUNNING is sent to ms12
05-27 16:13:44.963 478 1158 I audio_hw_hal_mmap: [outMmapInit:680] stream:0xefc4c950
05-27 16:13:44.963 478 1158 I audio_hw_hal_mmap: [dma_buffer_allocate:639] enter
05-27 16:13:44.963 478 1158 I DMABUFHEAPS: Using DMA-BUF heap named: system-uncached
05-27 16:13:44.963 478 1158 I audio_hw_hal_mmap: [dma_buffer_allocate:673] s32DmaFd:25, pu8MmapAddr:0xf383f000
05-27 16:13:44.963 478 1158 I audio_hw_hal_mmap: [mmap_audio_register_client:927] OK ! stream 0xefc4c950, client id 0
05-27 16:13:44.963 478 1158 I audio_hw_hal_primary: [adev_open_output_stream:3540] vendor.media.llp 0
05-27 16:13:44.963 478 1158 I audio_hw_hal_primary: [adev_open_output_stream:3610] result profile ch_mask:0x3 rate:48000 format:PCM_16_BIT(0x1) usecase:PCM_MMAP
05-27 16:13:44.963 478 1158 I audio_hw_hal_utils: aml_get_stream_dump_file_name line 2929 file_name /data/vendor/audiohal/stream_pid478_tid1158.pcm
05-27 16:13:44.963 478 1158 I audio_hw_hal_primary: [adev_open_output_stream_new:8037] io 2021: out: 0xefc4c950 card:0 alsa devices:0 exit ------
05-27 16:13:44.965 478 1797 I audio_hw_hal_primary: [out_get_buffer_size:552] out:0xefc4c950 config.rate=48000, format:PCM_16_BIT(0x1), stream format:PCM_16_BIT(0x1)
05-27 16:13:44.965 535 5373 I AudioFlinger: AudioFlinger's thread 0xe75c24a0 tid=5373 ready to run
05-27 16:13:44.968 290 351 D MesonHwc: sc_read_bootenv val is empty
05-27 16:13:44.968 290 351 I MesonHwc: get hdr force mode is [2]
05-27 16:13:44.968 320 918 I SystemControl: [/Ubootenv.cpp, get, 336] [ubootenv] get key:hdr_policy envValue: 0
05-27 16:13:44.968 290 351 D MesonHwc: get key:ubootenv.var.hdr_policy value:0
05-27 16:13:44.968 290 351 I MesonHwc: get uboot HdrStrategy is [0]
05-27 16:13:44.968 320 918 I SystemControl: [/Ubootenv.cpp, get, 336] [ubootenv] get key:hdr_priority envValue: 268435472
05-27 16:13:44.968 290 351 D MesonHwc: get key:ubootenv.var.hdr_priority value:268435472
05-27 16:13:44.968 290 351 I MesonHwc: getHdrPriority is [HDR10_HLG priority]
05-27 16:13:44.968 290 351 I MesonHwc: get uboot HdrPriority is [HDR10_HLG priority]
05-27 16:13:44.968 290 351 I MesonHwc: hdr_policy:follow sink, hdr_priority :HDR10_HLG priority, hdr_force_mode:2
05-27 16:13:44.968 290 351 E MesonHwc: dolby vision driver is not ready
05-27 16:13:44.968 290 351 D MesonDisplayServer: getDisplayAttribute "Dolby Vision CAP2": "The Rx don't support DolbyVision"
05-27 16:13:44.969 320 918 I SystemControl: [/Ubootenv.cpp, get, 345] [ubootenv] search end and not find env:hdr_resolution_priority
05-27 16:13:44.969 290 351 D MesonHwc: sc_read_bootenv val is empty
05-27 16:13:44.969 478 1158 I audio_hw_hal_primary: [out_set_volume:1406] out:0xefc4c950 left:1.000000 continuous:1 internal_format:PCM_16_BIT dolby:0 direct pcm:1 mmap_pcm:1
05-27 16:13:44.970 320 918 I SystemControl: [/Ubootenv.cpp, get, 345] [ubootenv] search end and not find env:user_prefer_dv_type
05-27 16:13:44.975 290 351 D MesonHwc: sc_read_bootenv val is empty
05-27 16:13:44.975 290 351 E MesonHwc: dolby vision driver is not ready
05-27 16:13:44.975 290 351 I MesonHwc: ubootenv_dv_type:0
05-27 16:13:44.975 290 351 I MesonHwc: display sink type:1 [0:none, 1:sink, 2:repeater]
05-27 16:13:44.975 290 351 D MesonHwc: hdmi get mDcCap 444,12bit
05-27 16:13:44.975 290 351 D MesonHwc: 444,10bit
05-27 16:13:44.975 290 351 D MesonHwc: 444,8bit
05-27 16:13:44.975 290 351 D MesonHwc: 422,12bit
05-27 16:13:44.975 290 351 D MesonHwc: rgb,12bit
05-27 16:13:44.975 290 351 D MesonHwc: rgb,10bit
05-27 16:13:44.975 290 351 D MesonHwc: rgb,8bit
05-27 16:13:44.975 290 351 V MesonDisplayServer: GetDisplayMode:dummy_l
05-27 16:13:44.975 290 351 I MesonHwc: getDisplayMode mode:dummy_l
05-27 16:13:44.975 320 918 I SystemControl: [/Ubootenv.cpp, get, 345] [ubootenv] search end and not find env:framerate_priority
05-27 16:13:44.976 290 351 D MesonHwc: sc_read_bootenv val is empty
05-27 16:13:44.976 320 918 I SystemControl: [/Ubootenv.cpp, get, 336] [ubootenv] get key:hdmimode envValue: 480p60hz
05-27 16:13:44.976 535 3666 I AudioFlinger: openOutput() this 0xed5c2fe0, module 10 Device AUDIO_DEVICE_OUT_HDMI, @:, SamplingRate 0, Format 00000000, Channels 0, flags 0x41
05-27 16:13:44.977 290 351 D MesonHwc: get key:ubootenv.var.hdmimode value:480p60hz
05-27 16:13:44.977 320 918 I SystemControl: [/Ubootenv.cpp, get, 336] [ubootenv] get key:is.bestmode envValue: false
05-27 16:13:44.977 290 351 D MesonHwc: get key:ubootenv.var.is.bestmode value:false
05-27 16:13:44.977 290 351 I MesonDisplay: [/mode_policy.c, meson_mode_set_policy, 1177] connector:0 to policy:8
05-27 16:13:44.977 290 351 I MesonDisplay: [/mode_policy.c, is_dv_prefer, 66] not prefer dv, hdr_priority:10000010
05-27 16:13:44.977 290 351 I MesonDisplay: [/mode_policy.c, is_dv_prefer, 66] not prefer dv, hdr_priority:10000010
05-27 16:13:44.977 290 351 I MesonDisplay: [/mode_policy_parser.c, is_support_hdmimode, 110] is_support_hdmimode mode: 480p60hz
05-27 16:13:44.977 290 351 I MesonDisplay: [/mode_policy.c, get_hdmi_outputmode, 1018] get_hdmi_outputmode mode:480p60hz
05-27 16:13:44.977 290 351 I MesonDisplay: [/mode_policy.c, sdr_scene_process, 1146] final_displaymode:480p60hz
05-27 16:13:44.977 290 351 I MesonDisplay: [/mode_policy.c, get_best_color_attr, 613] get_best_color_attr current mode:[480p60hz] brr_mode:[480p60hz]
05-27 16:13:44.977 290 351 D MesonDisplay: meson_write /sys/class/amhdmitx/amhdmitx0/valid_mode, outputmode:480p60hz444,8bit
05-27 16:13:44.977 290 351 D MesonDisplay: valid mode is true!
05-27 16:13:44.977 290 351 I MesonDisplay: [/mode_policy.c, get_best_color_attr, 679] support current mode:[480p60hz], color format:[444,8bit]
05-27 16:13:44.977 290 351 I MesonDisplay: [/mode_policy.c, get_hdmi_color_attr, 1081] get hdmi color attribute : [444,8bit], outputmode is: [480p60hz]
05-27 16:13:44.977 290 351 I MesonDisplay: [/mode_policy.c, update_deepcolor, 1107] colorattribute = 444,8bit
05-27 16:13:44.977 290 351 I MesonDisplay: [/mode_policy.c, sdr_scene_process, 1163] final_deepcolor = 444,8bit
05-27 16:13:44.977 290 351 I MesonDisplay: [/mode_policy.c, meson_mode_get_policy_output, 1289] final_displaymode:480p60hz, final_deepcolor:444,8bit, amdv_type:0
05-27 16:13:44.978 320 918 I SystemControl: [/Ubootenv.cpp, get, 336] [ubootenv] get key:hdr_preferred_policy envValue: 0
05-27 16:13:44.978 478 1158 D audio_hw_hal_primary: [adev_open_output_stream_new:7868] enter: dev=0xefd014a0 handle=7ed devices=0x400/'HDMI,' flags=0x41/'DIRECT,HW_AV_SYNC,' config=(rt=0 ch_mask=0x0 fmt=0x0) address=''
05-27 16:13:44.978 478 1158 D audio_hw_hal_primary: adev_open_output_stream_new: enter
05-27 16:13:44.978 478 1158 I audio_hw_hal_primary: [adev_open_output_stream:3285] io 2029: out:0xefc4baf0 dev:OUT_HDMI(0x400) addr:
05-27 16:13:44.978 478 1158 I audio_hw_hal_primary: [adev_open_output_stream:3287] ch_mask:0 rate:0 format:DEFAULT(0) flags:0x41
05-27 16:13:44.979 478 1158 D audio_hw_hal_primary: [adev_open_output_stream:3573] format=PCM_16_BIT rate=48000
05-27 16:13:44.979 478 1158 I audio_hw_hal_primary: [adev_open_output_stream:3610] result profile ch_mask:0x3 rate:48000 format:PCM_16_BIT(0x1) usecase:PCM_HWSYNC
05-27 16:13:44.979 478 1158 D audio_hw_hal_timer: func:audio_timer_create create timer.1 success.
05-27 16:13:44.979 478 1158 D audio_hw_hal_timer: func:audio_timer_create create timer.2 success.
05-27 16:13:44.979 478 1158 D audio_hw_hal_primary: [adev_open_output_stream_new:7980] timer_id:1
05-27 16:13:44.979 478 1158 I audio_hw_hal_utils: aml_get_stream_dump_file_name line 2929 file_name /data/vendor/audiohal/stream_pid478_tid1158.pcm
05-27 16:13:44.979 478 1158 I audio_hw_hal_primary: [adev_open_output_stream_new:8037] io 2029: out: 0xefc4baf0 card:0 alsa devices:0 exit ------
05-27 16:13:44.980 290 351 D MesonHwc: get key:ubootenv.var.hdr_preferred_policy value:0
05-27 16:13:44.980 290 351 I MesonHwc: getPreferredHdrStrategy is 0
05-27 16:13:44.980 290 351 I MesonHwc: check_hdr_mode mode:480p60hz outHdrConversionType:SDR support:1
05-27 16:13:44.980 290 351 I MesonHwc: quiescent_mode is 0
05-27 16:13:44.980 320 918 I SystemControl: [/Ubootenv.cpp, get, 336] [ubootenv] get key:frac_rate_policy envValue: 0
05-27 16:13:44.981 290 351 D MesonHwc: get key:ubootenv.var.frac_rate_policy value:0
05-27 16:13:44.981 478 542 I audio_hw_hal_primary: [out_get_buffer_size:552] out:0xefc4baf0 config.rate=48000, format:PCM_16_BIT(0x1), stream format:PCM_16_BIT(0x1)
05-27 16:13:44.981 535 3666 I AudioFlinger: HAL output buffer size 2058 frames, normal sink buffer size 2058 frames
05-27 16:13:44.981 290 351 I MesonHwc: get uenv frc policy is 0 and current value is 0
05-27 16:13:44.981 290 351 I MesonHwc: cur frac_rate_policy is equals
05-27 16:13:44.981 290 351 D MesonDisplayServer: use connector getDisplayAttribute "HDMI Color ATTR": "444,8bit"
05-27 16:13:44.981 290 351 I MesonHwc: curDeepcolor[444,8bit] final_deepcolor[444,8bit]
05-27 16:13:44.981 478 1229 I audio_hw_hal_primary: [audiohal_get_latency:1333] io 2029: out:0xefc4baf0 frames:1152 rate:48000 whole_latency:24 alsa_latency:24
05-27 16:13:44.981 290 351 I MesonHwc: cur deepcolor is equals
05-27 16:13:44.981 290 351 D MesonDisplayServer: getDisplayAttribute "HDR Policy": "0"
05-27 16:13:44.981 290 351 I MesonHwc: cur hdr policy:0
05-27 16:13:44.982 478 543 I audio_hw_hal_primary: [out_set_event_callback:3158] io 2029: out:0xefc4baf0, callback:0xf1b4091d cookie:0xf2201930
05-27 16:13:44.982 290 351 D MesonDisplayServer: getDisplayAttribute "FORCE HDR Mode": "0"
05-27 16:13:44.982 290 351 I MesonHwc: cur hdr force mode:0
05-27 16:13:44.982 535 5378 I AudioFlinger: AudioFlinger's thread 0xe78e85b0 tid=5378 ready to run
05-27 16:13:44.982 478 5376 I audio_hw_hal_primary: [audiohal_get_latency:1333] io 2029: out:0xefc4baf0 frames:1024 rate:48000 whole_latency:21 alsa_latency:21
05-27 16:13:44.982 489 489 D hdmicecd: [CEC]:printCecMessage, [4 -> 4] len: 0, body:, result:no ack
05-27 16:13:44.982 290 351 D MesonDisplayServer: getDisplayAttribute "Dolby Vision Mode": "usage: echo mode > /sys/class/amdolby_vision/dv_mode AMDV_OUTPUT_MODE_BYPASS 0 AMDV_OUTPUT_MODE_IPT 1 AMDV_OUTPUT_MODE_IPT_TUNNEL 2 AMDV_OUTPUT_MODE_HDR10 3 AMDV_OUTPUT_MODE_SDR10 4 AMDV_OUTPUT_MODE_SDR8 5current dv_mode = off"
05-27 16:13:44.982 290 351 D MesonDisplayServer: getDisplayAttribute "Dolby Vision Policy": "0"
05-27 16:13:44.982 290 351 I MesonHwc: cur dv policy:0
05-27 16:13:44.983 535 5378 D AudioFlinger: ro.audio.silent is ignored since no output device is set
05-27 16:13:44.983 320 918 I SystemControl: [/Ubootenv.cpp, get, 345] [ubootenv] search end and not find env:hdr_force_mode
05-27 16:13:44.983 290 351 D MesonHwc: sc_read_bootenv val is empty
05-27 16:13:44.983 290 351 I MesonHwc: get hdr force mode is [2]
05-27 16:13:44.983 478 2364 I audio_hw_hal_primary: [audiohal_get_latency:1333] io 2029: out:0xefc4baf0 frames:1280 rate:48000 whole_latency:26 alsa_latency:26
05-27 16:13:44.984 320 918 I SystemControl: [/Ubootenv.cpp, get, 336] [ubootenv] get key:hdr_policy envValue: 0
05-27 16:13:44.984 478 542 D audio_hw_hal_primary: [out_standby_new:5767] io 2029: out:0xefc4baf0 usecase:PCM_HWSYNC
05-27 16:13:44.984 478 542 I audio_hw_hal_primary: already standby, do nothing
05-27 16:13:44.984 290 351 D MesonHwc: get key:ubootenv.var.hdr_policy value:0
05-27 16:13:44.984 290 351 I MesonHwc: get uboot HdrStrategy is [0]
05-27 16:13:44.984 290 351 E MesonHwc: dolby vision driver is not ready
05-27 16:13:44.984 290 351 D MesonDisplayServer: use connector getDisplayAttribute "HDR Priority": "268435472"
05-27 16:13:44.984 290 351 I MesonHwc: getCurrentHdrPriority is [HDR10_HLG priority]
05-27 16:13:44.985 320 918 I SystemControl: [/Ubootenv.cpp, get, 336] [ubootenv] get key:hdr_priority envValue: 268435472
05-27 16:13:44.987 478 478 I audio_hw_hal_profile: [out_get_parameters:2085] out:0xefc4baf0 query audio format. ++++++++++ hal_format:PCM_16_BIT
05-27 16:13:44.987 478 478 D audio_hw_hal_profile: get_hdmi_sink_cap_new is running...
05-27 16:13:44.987 478 478 D audio_hw_hal_profile: query hdmi format...
05-27 16:13:44.987 478 478 D audio_hw_hal_profile: get_hdmi_sink_cap_new ddp is supported; ddp-joc(atmos) is supported;
05-27 16:13:44.987 478 478 I audio_hw_hal_profile: get_hdmi_sink_cap_new dts-hd vendor special byte3:0x1
05-27 16:13:44.987 478 478 I audio_hw_hal_profile: PCM cap Max channel =2
05-27 16:13:44.987 478 478 I audio_hw_hal_profile: [out_get_parameters:2165] sup_formats=AUDIO_FORMAT_PCM_16_BIT|AUDIO_FORMAT_IEC61937|AUDIO_FORMAT_E_AC3|AUDIO_FORMAT_E_AC3_JOC|AUDIO_FORMAT_AC3|AUDIO_FORMAT_DTS
05-27 16:13:44.988 535 3666 D APM_AudioPolicyManager: modifySurroundFormats: forced use = 0
05-27 16:13:44.988 478 478 I audio_hw_hal_profile: [out_get_parameters:2089] out:0xefc4baf0 query sample rate. Format:PCM_16_BIT(0x1) ++++++++++ hal_format:PCM_16_BIT
05-27 16:13:44.988 478 478 D audio_hw_hal_profile: get_hdmi_sink_cap_new is running...
05-27 16:13:44.988 478 478 D audio_hw_hal_profile: [get_hdmi_sink_cap_new:960] query hdmi sample_rate... format: PCM_16_BIT(0x1)
05-27 16:13:44.988 478 478 I audio_hw_hal_profile: get_hdmi_sink_cap_new format =0x1 support rate =sup_sampling_rates=32000|44100|48000|88200|96000|176400|192000
05-27 16:13:44.988 478 478 I audio_hw_hal_profile: [out_get_parameters:2165] sup_sampling_rates=32000|44100|48000|88200|96000|176400|192000
05-27 16:13:44.989 478 478 I audio_hw_hal_profile: [out_get_parameters:2092] out:0xefc4baf0 query channels. Format:PCM_16_BIT(0x1) ++++++++++ hal_format:PCM_16_BIT
05-27 16:13:44.989 478 478 D audio_hw_hal_profile: get_hdmi_sink_cap_new is running...
05-27 16:13:44.990 478 478 D audio_hw_hal_profile: [get_hdmi_sink_cap_new:887] query hdmi channels... format: PCM_16_BIT(0x1)
05-27 16:13:44.990 478 478 I audio_hw_hal_profile: [out_get_parameters:2165] sup_channels=AUDIO_CHANNEL_OUT_STEREO
05-27 16:13:44.990 478 478 I audio_hw_hal_profile: [out_get_parameters:2089] out:0xefc4baf0 query sample rate. Format:DTS(0xb000000) ++++++++++ hal_format:PCM_16_BIT
05-27 16:13:44.990 478 478 D audio_hw_hal_profile: get_hdmi_sink_cap_new is running...
05-27 16:13:44.991 478 478 D audio_hw_hal_profile: [get_hdmi_sink_cap_new:960] query hdmi sample_rate... format: DTS(0xb000000)
05-27 16:13:44.991 478 478 I audio_hw_hal_profile: get_hdmi_sink_cap_new format =0xb000000 support rate =sup_sampling_rates=32000|44100|48000
05-27 16:13:44.991 478 478 I audio_hw_hal_profile: [out_get_parameters:2165] sup_sampling_rates=32000|44100|48000
05-27 16:13:44.991 478 478 I audio_hw_hal_profile: [out_get_parameters:2092] out:0xefc4baf0 query channels. Format:DTS(0xb000000) ++++++++++ hal_format:PCM_16_BIT
05-27 16:13:44.991 478 478 D audio_hw_hal_profile: get_hdmi_sink_cap_new is running...
05-27 16:13:44.991 478 478 D audio_hw_hal_profile: [get_hdmi_sink_cap_new:887] query hdmi channels... format: DTS(0xb000000)
05-27 16:13:44.991 478 478 I audio_hw_hal_profile: [out_get_parameters:2165] sup_channels=AUDIO_CHANNEL_OUT_MONO|AUDIO_CHANNEL_OUT_STEREO|AUDIO_CHANNEL_OUT_TRI|AUDIO_CHANNEL_OUT_TRI_BACK|AUDIO_CHANNEL_OUT_3POINT1|AUDIO_CHANNEL_OUT_QUAD|AUDIO_CHANNEL_OUT_SURROUND|AUDIO_CHANNEL_OUT_PENTA|AUDIO_CHANNEL_OUT_5POINT1
05-27 16:13:44.992 478 478 I audio_hw_hal_profile: [out_get_parameters:2089] out:0xefc4baf0 query sample rate. Format:AC3(0x9000000) ++++++++++ hal_format:PCM_16_BIT
05-27 16:13:44.992 478 478 D audio_hw_hal_profile: get_hdmi_sink_cap_new is running...
05-27 16:13:44.992 478 478 D audio_hw_hal_profile: [get_hdmi_sink_cap_new:960] query hdmi sample_rate... format: AC3(0x9000000)
05-27 16:13:44.992 478 478 I audio_hw_hal_profile: get_hdmi_sink_cap_new format =0x9000000 support rate =sup_sampling_rates=32000|44100|48000
05-27 16:13:44.992 478 478 I audio_hw_hal_profile: [out_get_parameters:2165] sup_sampling_rates=32000|44100|48000
05-27 16:13:44.993 290 351 D MesonHwc: get key:ubootenv.var.hdr_priority value:268435472
05-27 16:13:44.993 290 351 I MesonHwc: getHdrPriority is [HDR10_HLG priority]
05-27 16:13:44.993 290 351 I MesonHwc: get uboot HdrPriority is [HDR10_HLG priority]
05-27 16:13:44.993 290 351 D MesonDisplayServer: getDisplayAttribute "Dolby Vision Enable": "N"
05-27 16:13:44.993 290 351 D MesonDisplayServer: getDisplayAttribute "Dolby Vision LL Policy": "0"
05-27 16:13:44.993 290 351 I MesonHwc: curDvMode 0, want DvMode 0
05-27 16:13:44.993 290 351 E MesonHwc: dolby vision driver is not ready
05-27 16:13:44.993 290 351 I MesonHwc: cur DvMode is equals
05-27 16:13:44.993 290 351 V MesonDisplayServer: GetDisplayMode:dummy_l
05-27 16:13:44.993 290 351 I MesonHwc: getDisplayMode mode:dummy_l
05-27 16:13:44.993 290 351 I MesonHwc: curMode:[dummy_l] ,final_displaymode[480p60hz]
05-27 16:13:44.993 290 351 I MesonHwc: curmode:dummy_l, tmpMode:dummy_l, outputmode:480p60hz
05-27 16:13:44.993 290 351 I MesonHwc: connector not ready
05-27 16:13:44.993 290 351 I MesonHwc: setSysfsStr /sys/devices/virtual/amhdmitx/amhdmitx0/avmute= 1
05-27 16:13:44.993 290 351 I MesonDisplay: [/HDCPTxAuth.cpp, stopVerAll, 344] hdcp_tx 2.2 & 1.4 stop hdcp pwr
05-27 16:13:44.993 290 351 E MesonDisplay: open /sys/class/amhdmitx/amhdmitx0/hdcp_pwr fail. Error info [No such file or directory]
05-27 16:13:44.994 478 5377 I audio_hw_hal_profile: [out_get_parameters:2092] out:0xefc4baf0 query channels. Format:AC3(0x9000000) ++++++++++ hal_format:PCM_16_BIT
05-27 16:13:44.994 478 5377 D audio_hw_hal_profile: get_hdmi_sink_cap_new is running...
05-27 16:13:44.995 478 5377 D audio_hw_hal_profile: [get_hdmi_sink_cap_new:887] query hdmi channels... format: AC3(0x9000000)
05-27 16:13:44.995 478 5377 I audio_hw_hal_profile: [out_get_parameters:2165] sup_channels=AUDIO_CHANNEL_OUT_MONO|AUDIO_CHANNEL_OUT_STEREO|AUDIO_CHANNEL_OUT_TRI|AUDIO_CHANNEL_OUT_TRI_BACK|AUDIO_CHANNEL_OUT_3POINT1|AUDIO_CHANNEL_OUT_QUAD|AUDIO_CHANNEL_OUT_SURROUND|AUDIO_CHANNEL_OUT_PENTA|AUDIO_CHANNEL_OUT_5POINT1
05-27 16:13:44.996 478 5377 I audio_hw_hal_profile: [out_get_parameters:2089] out:0xefc4baf0 query sample rate. Format:E_AC3(0xa000000) ++++++++++ hal_format:PCM_16_BIT
05-27 16:13:44.996 478 5377 D audio_hw_hal_profile: get_hdmi_sink_cap_new is running...
05-27 16:13:44.996 478 5377 D audio_hw_hal_profile: [get_hdmi_sink_cap_new:960] query hdmi sample_rate... format: E_AC3(0xa000000)
05-27 16:13:44.996 478 5377 I audio_hw_hal_profile: get_hdmi_sink_cap_new format =0xa000000 support rate =sup_sampling_rates=32000|44100|48000
05-27 16:13:44.996 478 5377 I audio_hw_hal_profile: [out_get_parameters:2165] sup_sampling_rates=32000|44100|48000
05-27 16:13:44.996 478 478 I audio_hw_hal_profile: [out_get_parameters:2092] out:0xefc4baf0 query channels. Format:E_AC3(0xa000000) ++++++++++ hal_format:PCM_16_BIT
05-27 16:13:44.997 478 478 D audio_hw_hal_profile: get_hdmi_sink_cap_new is running...
05-27 16:13:44.997 478 478 D audio_hw_hal_profile: [get_hdmi_sink_cap_new:887] query hdmi channels... format: E_AC3(0xa000000)
05-27 16:13:44.997 478 478 I audio_hw_hal_profile: [out_get_parameters:2165] sup_channels=AUDIO_CHANNEL_OUT_MONO|AUDIO_CHANNEL_OUT_STEREO|AUDIO_CHANNEL_OUT_TRI|AUDIO_CHANNEL_OUT_TRI_BACK|AUDIO_CHANNEL_OUT_3POINT1|AUDIO_CHANNEL_OUT_QUAD|AUDIO_CHANNEL_OUT_SURROUND|AUDIO_CHANNEL_OUT_PENTA|AUDIO_CHANNEL_OUT_5POINT1|AUDIO_CHANNEL_OUT_6POINT1|AUDIO_CHANNEL_OUT_7POINT1
05-27 16:13:44.997 478 478 I audio_hw_hal_profile: [out_get_parameters:2089] out:0xefc4baf0 query sample rate. Format:IEC61937(0xd000000) ++++++++++ hal_format:PCM_16_BIT
05-27 16:13:44.997 478 478 D audio_hw_hal_profile: get_hdmi_sink_cap_new is running...
05-27 16:13:44.998 478 478 D audio_hw_hal_profile: [get_hdmi_sink_cap_new:960] query hdmi sample_rate... format: IEC61937(0xd000000)
05-27 16:13:44.998 478 478 I audio_hw_hal_profile: [out_get_parameters:2165] sup_sampling_rates=8000|11025|16000|22050|24000|32000|44100|48000|128000|176400|192000
01-01 08:07:14.741 0 0 I [1 T351 ..] [hdmitx: ] avmute_store 1
05-27 16:13:44.998 478 478 I audio_hw_hal_profile: [out_get_parameters:2092] out:0xefc4baf0 query channels. Format:IEC61937(0xd000000) ++++++++++ hal_format:PCM_16_BIT
05-27 16:13:44.998 478 478 D audio_hw_hal_profile: get_hdmi_sink_cap_new is running...
05-27 16:13:44.998 478 478 D audio_hw_hal_profile: [get_hdmi_sink_cap_new:887] query hdmi channels... format: IEC61937(0xd000000)
05-27 16:13:44.998 478 478 I audio_hw_hal_profile: [out_get_parameters:2165] sup_channels=AUDIO_CHANNEL_OUT_MONO|AUDIO_CHANNEL_OUT_STEREO|AUDIO_CHANNEL_OUT_TRI|AUDIO_CHANNEL_OUT_TRI_BACK|AUDIO_CHANNEL_OUT_3POINT1|AUDIO_CHANNEL_OUT_QUAD|AUDIO_CHANNEL_OUT_SURROUND|AUDIO_CHANNEL_OUT_PENTA|AUDIO_CHANNEL_OUT_5POINT1|AUDIO_CHANNEL_OUT_7POINT1
05-27 16:13:44.999 478 478 I audio_hw_hal_profile: [out_get_parameters:2089] out:0xefc4baf0 query sample rate. Format:E_AC3_JOC(0xa000001) ++++++++++ hal_format:PCM_16_BIT
05-27 16:13:44.999 478 478 D audio_hw_hal_profile: get_hdmi_sink_cap_new is running...
05-27 16:13:44.999 478 478 D audio_hw_hal_profile: [get_hdmi_sink_cap_new:960] query hdmi sample_rate... format: E_AC3(0xa000000)
05-27 16:13:44.999 478 478 I audio_hw_hal_profile: get_hdmi_sink_cap_new format =0xa000000 support rate =sup_sampling_rates=32000|44100|48000
05-27 16:13:44.999 478 478 I audio_hw_hal_profile: [out_get_parameters:2165] sup_sampling_rates=32000|44100|48000
05-27 16:13:45.000 478 478 I audio_hw_hal_profile: [out_get_parameters:2092] out:0xefc4baf0 query channels. Format:E_AC3_JOC(0xa000001) ++++++++++ hal_format:PCM_16_BIT
05-27 16:13:45.000 478 478 D audio_hw_hal_profile: get_hdmi_sink_cap_new is running...
05-27 16:13:45.000 478 478 D audio_hw_hal_profile: [get_hdmi_sink_cap_new:887] query hdmi channels... format: E_AC3(0xa000000)
05-27 16:13:45.000 478 478 I audio_hw_hal_profile: [out_get_parameters:2165] sup_channels=AUDIO_CHANNEL_OUT_MONO|AUDIO_CHANNEL_OUT_STEREO|AUDIO_CHANNEL_OUT_TRI|AUDIO_CHANNEL_OUT_TRI_BACK|AUDIO_CHANNEL_OUT_3POINT1|AUDIO_CHANNEL_OUT_QUAD|AUDIO_CHANNEL_OUT_SURROUND|AUDIO_CHANNEL_OUT_PENTA|AUDIO_CHANNEL_OUT_5POINT1|AUDIO_CHANNEL_OUT_6POINT1|AUDIO_CHANNEL_OUT_7POINT1
05-27 16:13:45.001 478 478 D audio_hw_hal_primary: [out_dump:848] io 2029: out:0xefc4baf0, fd:26
05-27 16:13:45.002 478 5377 D audio_hw_hal_primary: [out_set_parameters:971] out:0xefc4baf0 kvpairs:closing=true;exiting=1 out->out_device:0x400, adev->out_device:0x80002
05-27 16:13:45.002 478 5377 E audio_hw_hal_primary: out_set_parameters, ret:-2, hw_sync_mode:is false
05-27 16:13:45.003 535 5378 D AudioFlinger: ro.audio.silent is ignored since no output device is set
05-27 16:13:45.004 478 5377 I audio_hw_hal_primary: [out_set_event_callback:3158] io 2029: out:0xefc4baf0, callback:0xf1b4091d cookie:0xf2201930
05-27 16:13:45.004 478 478 I audio_hw_hal_primary: [adev_close_output_stream_new:8052] io handle 2029: out:0xefc4baf0
05-27 16:13:45.005 478 478 D audio_hw_hal_primary: adev_close_output_stream_new: enter usecase = PCM_HWSYNC
05-27 16:13:45.005 478 478 D audio_hw_hal_timer: func:audio_timer_delete delete timer.1 success.
05-27 16:13:45.005 478 478 D audio_hw_hal_timer: func:audio_timer_delete delete timer.2 success.
05-27 16:13:45.005 478 478 D audio_hw_hal_primary: [adev_close_output_stream_new:8076] timer_id:1 ret:2
05-27 16:13:45.005 478 478 I audio_hw_hal_primary: [adev_close_output_stream:3695] io 2029: out:0xefc4baf0 dev:OUT_HDMI(0x400) flags:0x41, usecase:PCM_HWSYNC
05-27 16:13:45.005 478 478 D audio_hw_hal_primary: [out_standby_new:5767] io 2029: out:0xefc4baf0 usecase:PCM_HWSYNC
05-27 16:13:45.005 478 478 I audio_hw_hal_primary: already standby, do nothing
05-27 16:13:45.005 478 478 I audio_hw_hal_resourcemgr: [is_output_device_muted:710] device:0x2 port_mute:0, fade_mute:0
05-27 16:13:45.005 478 478 I audio_hw_hal_primary: [adev_close_output_stream:3863] io 2029: out:0xefc4baf0 exit ------
05-27 16:13:45.005 535 3666 I AudioFlinger: openOutput() this 0xed5c2fe0, module 10 Device AUDIO_DEVICE_OUT_HDMI, @:, SamplingRate 32000, Format 0xb000000, Channels 0x1, flags 0x41
05-27 16:13:45.006 478 478 D audio_hw_hal_primary: [adev_open_output_stream_new:7868] enter: dev=0xefd014a0 handle=7f5 devices=0x400/'HDMI,' flags=0x41/'DIRECT,HW_AV_SYNC,' config=(rt=32000 ch_mask=0x1 fmt=0xb000000) address=''
05-27 16:13:45.006 478 478 D audio_hw_hal_primary: adev_open_output_stream_new: enter
05-27 16:13:45.006 478 478 I audio_hw_hal_primary: [adev_open_output_stream:3285] io 2037: out:0xefc4baf0 dev:OUT_HDMI(0x400) addr:
05-27 16:13:45.006 478 478 I audio_hw_hal_primary: [adev_open_output_stream:3287] ch_mask:0x1 rate:32000 format:DTS(0xb000000) flags:0x41
05-27 16:13:45.006 478 478 I audio_hw_hal_primary: adev_open_output_stream: for raw audio output,force alsa stereo output
05-27 16:13:45.006 478 478 D audio_hw_hal_primary: [adev_open_output_stream:3573] format=DTS rate=32000
05-27 16:13:45.006 478 478 I audio_hw_hal_primary: [adev_open_output_stream:3610] result profile ch_mask:0x1 rate:32000 format:DTS(0xb000000) usecase:RAW_HWSYNC
05-27 16:13:45.006 478 478 I audio_hw_hal_utils: aml_get_stream_dump_file_name line 2929 file_name /data/vendor/audiohal/stream_pid478_tid478.dts
05-27 16:13:45.006 478 478 I audio_hw_hal_primary: [adev_open_output_stream_new:8037] io 2037: out: 0xefc4baf0 card:0 alsa devices:0 exit ------
05-27 16:13:45.008 478 5377 I audio_hw_hal_primary: [out_get_buffer_size:552] out:0xefc4baf0 config.rate=32000, format:DTS(0xb000000), stream format:DTS(0xb000000)
05-27 16:13:45.008 478 5377 I audio_hw_hal_primary: out_get_buffer_size AUDIO_FORMAT_DTS buffer size = 32768 frames
05-27 16:13:45.008 535 3666 I AudioFlinger: HAL output buffer size 32768 frames, normal sink buffer size 32768 frames
05-27 16:13:45.009 478 5377 I audio_hw_hal_primary: [audiohal_get_latency:1333] io 2037: out:0xefc4baf0 frames:1152 rate:32000 whole_latency:36 alsa_latency:36
05-27 16:13:45.009 478 5377 I audio_hw_hal_primary: [out_set_event_callback:3158] io 2037: out:0xefc4baf0, callback:0xf1b4091d cookie:0xf2201a50
05-27 16:13:45.011 535 5381 I AudioFlinger: AudioFlinger's thread 0xe78e85b0 tid=5381 ready to run
05-27 16:13:45.011 478 5377 I audio_hw_hal_primary: [audiohal_get_latency:1333] io 2037: out:0xefc4baf0 frames:1280 rate:32000 whole_latency:40 alsa_latency:40
05-27 16:13:45.011 478 5377 I audio_hw_hal_primary: [audiohal_get_latency:1333] io 2037: out:0xefc4baf0 frames:1280 rate:32000 whole_latency:40 alsa_latency:40
05-27 16:13:45.012 535 5381 D AudioFlinger: ro.audio.silent is ignored since no output device is set
05-27 16:13:45.013 478 5377 D audio_hw_hal_primary: [out_standby_new:5767] io 2037: out:0xefc4baf0 usecase:RAW_HWSYNC
05-27 16:13:45.013 478 5377 I audio_hw_hal_primary: already standby, do nothing
05-27 16:13:45.014 535 5381 D AudioFlinger: ro.audio.silent is ignored since no output device is set
05-27 16:13:45.016 535 5381 D AudioFlinger: ro.audio.silent is ignored since no output device is set
05-27 16:13:45.017 535 5381 D AudioFlinger: ro.audio.silent is ignored since no output device is set
05-27 16:13:45.018 535 5381 D AudioFlinger: ro.audio.silent is ignored since no output device is set
05-27 16:13:45.019 535 5381 D AudioFlinger: ro.audio.silent is ignored since no output device is set
05-27 16:13:45.021 535 5381 D AudioFlinger: ro.audio.silent is ignored since no output device is set
