05-27 16:13:58.587 478 5377 D audio_hw_hal_primary: [adev_open_output_stream_new:7868] enter: dev=0xefd014a0 handle=8ed devices=0x400/'HDMI,' flags=0x41/'DIRECT,HW_AV_SYNC,' config=(rt=32000 ch_mask=0x1 fmt=0x1) address=''
01-01 08:07:28.338 0 0 I [3 T351 ..] [hdmitx: ] configure venc
05-27 16:13:58.587 478 5377 D audio_hw_hal_primary: adev_open_output_stream_new: enter
01-01 08:07:28.340 0 0 I [3 T351 ..] [hdmitx: ] config_tv_enc_calc[63] vic = 3
05-27 16:13:58.587 478 5377 I audio_hw_hal_primary: [adev_open_output_stream:3285] io 2285: out:0xefc4baf0 dev:OUT_HDMI(0x400) addr:
05-27 16:13:58.587 478 5377 I audio_hw_hal_primary: [adev_open_output_stream:3287] ch_mask:0x1 rate:32000 format:PCM_16_BIT(0x1) flags:0x41
01-01 08:07:28.340 0 0 I [3 T351 ..] [hdmitx: ] hdmitx_soft_reset[1261]
05-27 16:13:58.587 478 5377 D audio_hw_hal_primary: [adev_open_output_stream:3573] format=PCM_16_BIT rate=32000
01-01 08:07:28.341 0 0 I [3 T351 ..] [hdmitx: ] config hdmitx IP vic = 3 cd:4 cs: 2
05-27 16:13:58.587 478 5377 I audio_hw_hal_primary: init resampler from 32000 to 48000!
05-27 16:13:58.587 478 5377 D audio_hw_utils_resampler: resampler_init, Init Resampler: input_sr = 32000, output_sr = 48000
01-01 08:07:28.342 0 0 I [3 T351 ..] [hdmitx: ] configure hdmitx21
05-27 16:13:58.587 478 5377 I audio_hw_hal_primary: [adev_open_output_stream:3610] result profile ch_mask:0x1 rate:32000 format:PCM_16_BIT(0x1) usecase:PCM_HWSYNC
01-01 08:07:28.342 0 0 I [3 T351 ..] [hdmitx: ] warn: SCDC not present, should not send 1:10
05-27 16:13:58.588 478 5377 D audio_hw_hal_timer: func:audio_timer_create create timer.1 success.
05-27 16:13:58.588 478 5377 D audio_hw_hal_timer: func:audio_timer_create create timer.2 success.
05-27 16:13:58.588 478 5377 D audio_hw_hal_primary: [adev_open_output_stream_new:7980] timer_id:1
05-27 16:13:58.588 478 5377 I audio_hw_hal_utils: aml_get_stream_dump_file_name line 2929 file_name /data/vendor/audiohal/stream_pid478_tid5377.pcm
05-27 16:13:58.588 478 5377 I audio_hw_hal_primary: [adev_open_output_stream_new:8037] io 2285: out: 0xefc4baf0 card:0 alsa devices:0 exit ------
05-27 16:13:58.589 478 5377 I audio_hw_hal_primary: [out_get_buffer_size:552] out:0xefc4baf0 config.rate=32000, format:PCM_16_BIT(0x1), stream format:PCM_16_BIT(0x1)
05-27 16:13:58.590 535 1196 I AudioFlinger: HAL output buffer size 2068 frames, normal sink buffer size 2068 frames
05-27 16:13:58.590 478 5377 I audio_hw_hal_primary: [audiohal_get_latency:1333] io 2285: out:0xefc4baf0 frames:1088 rate:32000 whole_latency:34 alsa_latency:34
05-27 16:13:58.590 478 5377 I audio_hw_hal_primary: [out_set_event_callback:3158] io 2285: out:0xefc4baf0, callback:0xf1b4091d cookie:0xf2200070
05-27 16:13:58.591 478 5377 I audio_hw_hal_primary: [audiohal_get_latency:1333] io 2285: out:0xefc4baf0 frames:1088 rate:32000 whole_latency:34 alsa_latency:34
05-27 16:13:58.591 535 5494 I AudioFlinger: AudioFlinger's thread 0xe78f4760 tid=5494 ready to run
05-27 16:13:58.591 535 5494 D AudioFlinger: ro.audio.silent is ignored since no output device is set
05-27 16:13:58.592 478 5377 I audio_hw_hal_primary: [audiohal_get_latency:1333] io 2285: out:0xefc4baf0 frames:1216 rate:32000 whole_latency:38 alsa_latency:38
05-27 16:13:58.592 478 5446 D audio_hw_hal_primary: [out_standby_new:5767] io 2285: out:0xefc4baf0 usecase:PCM_HWSYNC
05-27 16:13:58.592 478 5446 I audio_hw_hal_primary: already standby, do nothing
05-27 16:13:58.593 535 5494 D AudioFlinger: ro.audio.silent is ignored since no output device is set
05-27 16:13:58.594 535 5494 D AudioFlinger: ro.audio.silent is ignored since no output device is set
05-27 16:13:58.594 535 5494 D AudioFlinger: ro.audio.silent is ignored since no output device is set
05-27 16:13:58.595 535 5494 D AudioFlinger: ro.audio.silent is ignored since no output device is set
05-27 16:13:58.598 535 5494 D AudioFlinger: ro.audio.silent is ignored since no output device is set
05-27 16:13:58.599 535 5494 D AudioFlinger: ro.audio.silent is ignored since no output device is set
05-27 16:13:58.602 535 5494 D AudioFlinger: ro.audio.silent is ignored since no output device is set
05-27 16:13:58.603 535 5494 D AudioFlinger: ro.audio.silent is ignored since no output device is set
05-27 16:13:58.604 535 5494 D AudioFlinger: ro.audio.silent is ignored since no output device is set
05-27 16:13:58.605 535 5494 D AudioFlinger: ro.audio.silent is ignored since no output device is set
01-01 08:07:28.349 0 0 I [0 T351 ..] [hdmitx: ] hdmitx_set_dispmode[1527] frl_rate 0 htotal 858 cs 2 cd 4 h_unstable 0
05-27 16:13:58.606 535 5494 D AudioFlinger: ro.audio.silent is ignored since no output device is set
05-27 16:13:58.606 489 527 D hdmicecd: [CEC]:printCecMessage, [4 -> 4] len: 0, body:, result:no ack
05-27 16:13:58.607 535 1196 I AudioFlinger: openOutput() this 0xed5c2fe0, module 10 Device AUDIO_DEVICE_OUT_HDMI, @:, SamplingRate 0, Format 00000000, Channels 0, flags 0x1
05-27 16:13:58.608 478 5446 D audio_hw_hal_primary: [adev_open_output_stream_new:7868] enter: dev=0xefd014a0 handle=8f5 devices=0x400/'HDMI,' flags=0x1/'DIRECT,' config=(rt=0 ch_mask=0x0 fmt=0x0) address=''
05-27 16:13:58.608 478 5446 D audio_hw_hal_primary: adev_open_output_stream_new: enter
05-27 16:13:58.608 478 5446 I audio_hw_hal_primary: [adev_open_output_stream:3285] io 2293: out:0xefc4c950 dev:OUT_HDMI(0x400) addr:
05-27 16:13:58.608 478 5446 I audio_hw_hal_primary: [adev_open_output_stream:3287] ch_mask:0 rate:0 format:DEFAULT(0) flags:0x1
05-27 16:13:58.608 478 5446 I audio_hw_hal_primary: [adev_open_output_stream:3610] result profile ch_mask:0x3 rate:48000 format:PCM_16_BIT(0x1) usecase:PCM_DIRECT
05-27 16:13:58.608 478 5446 I audio_hw_hal_utils: aml_get_stream_dump_file_name line 2929 file_name /data/vendor/audiohal/stream_pid478_tid5446.pcm
05-27 16:13:58.608 478 5446 I audio_hw_hal_primary: [adev_open_output_stream_new:8037] io 2293: out: 0xefc4c950 card:0 alsa devices:0 exit ------
05-27 16:13:58.609 478 5377 I audio_hw_hal_primary: [out_get_buffer_size:552] out:0xefc4c950 config.rate=48000, format:PCM_16_BIT(0x1), stream format:PCM_16_BIT(0x1)
05-27 16:13:58.610 535 1196 I AudioFlinger: HAL output buffer size 2048 frames, normal sink buffer size 2048 frames
05-27 16:13:58.610 478 5377 I audio_hw_hal_primary: [audiohal_get_latency:1333] io 2293: out:0xefc4c950 frames:1088 rate:48000 whole_latency:22 alsa_latency:22
05-27 16:13:58.611 478 5377 I audio_hw_hal_primary: [out_set_event_callback:3158] io 2293: out:0xefc4c950, callback:0xf1b4091d cookie:0xf2200550
05-27 16:13:58.611 478 5377 I audio_hw_hal_primary: [audiohal_get_latency:1333] io 2293: out:0xefc4c950 frames:1088 rate:48000 whole_latency:22 alsa_latency:22
05-27 16:13:58.611 535 5495 I AudioFlinger: AudioFlinger's thread 0xe78e4520 tid=5495 ready to run
05-27 16:13:58.611 478 5377 I audio_hw_hal_primary: [audiohal_get_latency:1333] io 2293: out:0xefc4c950 frames:1088 rate:48000 whole_latency:22 alsa_latency:22
05-27 16:13:58.612 535 5495 D AudioFlinger: ro.audio.silent is ignored since no output device is set
05-27 16:13:58.612 478 5377 I audio_hw_hal_profile: [out_get_parameters:2085] out:0xefc4c950 query audio format. ++++++++++ hal_format:PCM_16_BIT
05-27 16:13:58.612 478 5377 D audio_hw_hal_profile: get_hdmi_sink_cap_new is running...
05-27 16:13:58.612 478 5377 D audio_hw_hal_profile: query hdmi format...
05-27 16:13:58.612 478 5377 D audio_hw_hal_profile: get_hdmi_sink_cap_new ddp is supported; ddp-joc(atmos) is supported;
05-27 16:13:58.612 478 5377 I audio_hw_hal_profile: get_hdmi_sink_cap_new dts-hd vendor special byte3:0x1
05-27 16:13:58.613 478 5377 I audio_hw_hal_profile: PCM cap Max channel =2
05-27 16:13:58.613 478 5377 I audio_hw_hal_profile: [out_get_parameters:2165] sup_formats=AUDIO_FORMAT_PCM_16_BIT|AUDIO_FORMAT_IEC61937|AUDIO_FORMAT_E_AC3|AUDIO_FORMAT_E_AC3_JOC|AUDIO_FORMAT_AC3|AUDIO_FORMAT_DTS
05-27 16:13:58.613 535 1196 D APM_AudioPolicyManager: modifySurroundFormats: forced use = 0
05-27 16:13:58.613 478 5377 D audio_hw_hal_primary: [out_standby_new:5767] io 2293: out:0xefc4c950 usecase:PCM_DIRECT
05-27 16:13:58.613 478 5377 I audio_hw_hal_primary: already standby, do nothing
05-27 16:13:58.614 478 5377 I audio_hw_hal_profile: [out_get_parameters:2089] out:0xefc4c950 query sample rate. Format:PCM_16_BIT(0x1) ++++++++++ hal_format:PCM_16_BIT
05-27 16:13:58.614 478 5377 D audio_hw_hal_profile: get_hdmi_sink_cap_new is running...
05-27 16:13:58.614 478 5377 D audio_hw_hal_profile: [get_hdmi_sink_cap_new:960] query hdmi sample_rate... format: PCM_16_BIT(0x1)
05-27 16:13:58.614 478 5377 I audio_hw_hal_profile: get_hdmi_sink_cap_new format =0x1 support rate =sup_sampling_rates=32000|44100|48000|88200|96000|176400|192000
05-27 16:13:58.614 478 5377 I audio_hw_hal_profile: [out_get_parameters:2165] sup_sampling_rates=32000|44100|48000|88200|96000|176400|192000
05-27 16:13:58.614 478 5377 I audio_hw_hal_profile: [out_get_parameters:2092] out:0xefc4c950 query channels. Format:PCM_16_BIT(0x1) ++++++++++ hal_format:PCM_16_BIT
05-27 16:13:58.614 478 5377 D audio_hw_hal_profile: get_hdmi_sink_cap_new is running...
05-27 16:13:58.614 478 5377 D audio_hw_hal_profile: [get_hdmi_sink_cap_new:887] query hdmi channels... format: PCM_16_BIT(0x1)
05-27 16:13:58.615 478 5377 I audio_hw_hal_profile: [out_get_parameters:2165] sup_channels=AUDIO_CHANNEL_OUT_STEREO
05-27 16:13:58.615 478 5377 I audio_hw_hal_profile: [out_get_parameters:2089] out:0xefc4c950 query sample rate. Format:DTS(0xb000000) ++++++++++ hal_format:PCM_16_BIT
05-27 16:13:58.615 478 5377 D audio_hw_hal_profile: get_hdmi_sink_cap_new is running...
05-27 16:13:58.615 478 5377 D audio_hw_hal_profile: [get_hdmi_sink_cap_new:960] query hdmi sample_rate... format: DTS(0xb000000)
05-27 16:13:58.615 478 5377 I audio_hw_hal_profile: get_hdmi_sink_cap_new format =0xb000000 support rate =sup_sampling_rates=32000|44100|48000
05-27 16:13:58.615 478 5377 I audio_hw_hal_profile: [out_get_parameters:2165] sup_sampling_rates=32000|44100|48000
05-27 16:13:58.616 478 5377 I audio_hw_hal_profile: [out_get_parameters:2092] out:0xefc4c950 query channels. Format:DTS(0xb000000) ++++++++++ hal_format:PCM_16_BIT
05-27 16:13:58.616 478 5377 D audio_hw_hal_profile: get_hdmi_sink_cap_new is running...
05-27 16:13:58.616 478 5377 D audio_hw_hal_profile: [get_hdmi_sink_cap_new:887] query hdmi channels... format: DTS(0xb000000)
05-27 16:13:58.616 478 5377 I audio_hw_hal_profile: [out_get_parameters:2165] sup_channels=AUDIO_CHANNEL_OUT_MONO|AUDIO_CHANNEL_OUT_STEREO|AUDIO_CHANNEL_OUT_TRI|AUDIO_CHANNEL_OUT_TRI_BACK|AUDIO_CHANNEL_OUT_3POINT1|AUDIO_CHANNEL_OUT_QUAD|AUDIO_CHANNEL_OUT_SURROUND|AUDIO_CHANNEL_OUT_PENTA|AUDIO_CHANNEL_OUT_5POINT1
05-27 16:13:58.616 478 5377 I audio_hw_hal_profile: [out_get_parameters:2089] out:0xefc4c950 query sample rate. Format:AC3(0x9000000) ++++++++++ hal_format:PCM_16_BIT
05-27 16:13:58.616 478 5377 D audio_hw_hal_profile: get_hdmi_sink_cap_new is running...
05-27 16:13:58.616 478 5377 D audio_hw_hal_profile: [get_hdmi_sink_cap_new:960] query hdmi sample_rate... format: AC3(0x9000000)
05-27 16:13:58.616 478 5377 I audio_hw_hal_profile: get_hdmi_sink_cap_new format =0x9000000 support rate =sup_sampling_rates=32000|44100|48000
05-27 16:13:58.616 478 5377 I audio_hw_hal_profile: [out_get_parameters:2165] sup_sampling_rates=32000|44100|48000
05-27 16:13:58.617 478 5377 I audio_hw_hal_profile: [out_get_parameters:2092] out:0xefc4c950 query channels. Format:AC3(0x9000000) ++++++++++ hal_format:PCM_16_BIT
05-27 16:13:58.617 478 5377 D audio_hw_hal_profile: get_hdmi_sink_cap_new is running...
05-27 16:13:58.617 478 5377 D audio_hw_hal_profile: [get_hdmi_sink_cap_new:887] query hdmi channels... format: AC3(0x9000000)
05-27 16:13:58.617 478 5377 I audio_hw_hal_profile: [out_get_parameters:2165] sup_channels=AUDIO_CHANNEL_OUT_MONO|AUDIO_CHANNEL_OUT_STEREO|AUDIO_CHANNEL_OUT_TRI|AUDIO_CHANNEL_OUT_TRI_BACK|AUDIO_CHANNEL_OUT_3POINT1|AUDIO_CHANNEL_OUT_QUAD|AUDIO_CHANNEL_OUT_SURROUND|AUDIO_CHANNEL_OUT_PENTA|AUDIO_CHANNEL_OUT_5POINT1
05-27 16:13:58.618 478 5377 I audio_hw_hal_profile: [out_get_parameters:2089] out:0xefc4c950 query sample rate. Format:E_AC3(0xa000000) ++++++++++ hal_format:PCM_16_BIT
05-27 16:13:58.618 478 5377 D audio_hw_hal_profile: get_hdmi_sink_cap_new is running...
05-27 16:13:58.618 478 5377 D audio_hw_hal_profile: [get_hdmi_sink_cap_new:960] query hdmi sample_rate... format: E_AC3(0xa000000)
05-27 16:13:58.618 478 5377 I audio_hw_hal_profile: get_hdmi_sink_cap_new format =0xa000000 support rate =sup_sampling_rates=32000|44100|48000
05-27 16:13:58.618 478 5377 I audio_hw_hal_profile: [out_get_parameters:2165] sup_sampling_rates=32000|44100|48000
05-27 16:13:58.618 478 5377 I audio_hw_hal_profile: [out_get_parameters:2092] out:0xefc4c950 query channels. Format:E_AC3(0xa000000) ++++++++++ hal_format:PCM_16_BIT
05-27 16:13:58.618 478 5377 D audio_hw_hal_profile: get_hdmi_sink_cap_new is running...
05-27 16:13:58.618 478 5377 D audio_hw_hal_profile: [get_hdmi_sink_cap_new:887] query hdmi channels... format: E_AC3(0xa000000)
05-27 16:13:58.618 478 5377 I audio_hw_hal_profile: [out_get_parameters:2165] sup_channels=AUDIO_CHANNEL_OUT_MONO|AUDIO_CHANNEL_OUT_STEREO|AUDIO_CHANNEL_OUT_TRI|AUDIO_CHANNEL_OUT_TRI_BACK|AUDIO_CHANNEL_OUT_3POINT1|AUDIO_CHANNEL_OUT_QUAD|AUDIO_CHANNEL_OUT_SURROUND|AUDIO_CHANNEL_OUT_PENTA|AUDIO_CHANNEL_OUT_5POINT1|AUDIO_CHANNEL_OUT_6POINT1|AUDIO_CHANNEL_OUT_7POINT1
05-27 16:13:58.619 478 5377 I audio_hw_hal_profile: [out_get_parameters:2089] out:0xefc4c950 query sample rate. Format:IEC61937(0xd000000) ++++++++++ hal_format:PCM_16_BIT
05-27 16:13:58.619 478 5377 D audio_hw_hal_profile: get_hdmi_sink_cap_new is running...
05-27 16:13:58.620 478 5377 D audio_hw_hal_profile: [get_hdmi_sink_cap_new:960] query hdmi sample_rate... format: IEC61937(0xd000000)
05-27 16:13:58.620 478 5377 I audio_hw_hal_profile: [out_get_parameters:2165] sup_sampling_rates=8000|11025|16000|22050|24000|32000|44100|48000|128000|176400|192000
05-27 16:13:58.620 478 5377 I audio_hw_hal_profile: [out_get_parameters:2092] out:0xefc4c950 query channels. Format:IEC61937(0xd000000) ++++++++++ hal_format:PCM_16_BIT
05-27 16:13:58.620 478 5377 D audio_hw_hal_profile: get_hdmi_sink_cap_new is running...
05-27 16:13:58.620 478 5377 D audio_hw_hal_profile: [get_hdmi_sink_cap_new:887] query hdmi channels... format: IEC61937(0xd000000)
05-27 16:13:58.620 478 5377 I audio_hw_hal_profile: [out_get_parameters:2165] sup_channels=AUDIO_CHANNEL_OUT_MONO|AUDIO_CHANNEL_OUT_STEREO|AUDIO_CHANNEL_OUT_TRI|AUDIO_CHANNEL_OUT_TRI_BACK|AUDIO_CHANNEL_OUT_3POINT1|AUDIO_CHANNEL_OUT_QUAD|AUDIO_CHANNEL_OUT_SURROUND|AUDIO_CHANNEL_OUT_PENTA|AUDIO_CHANNEL_OUT_5POINT1|AUDIO_CHANNEL_OUT_7POINT1
05-27 16:13:58.621 478 5377 I audio_hw_hal_profile: [out_get_parameters:2089] out:0xefc4c950 query sample rate. Format:E_AC3_JOC(0xa000001) ++++++++++ hal_format:PCM_16_BIT
05-27 16:13:58.621 478 5377 D audio_hw_hal_profile: get_hdmi_sink_cap_new is running...
05-27 16:13:58.621 478 5377 D audio_hw_hal_profile: [get_hdmi_sink_cap_new:960] query hdmi sample_rate... format: E_AC3(0xa000000)
05-27 16:13:58.621 478 5377 I audio_hw_hal_profile: get_hdmi_sink_cap_new format =0xa000000 support rate =sup_sampling_rates=32000|44100|48000
05-27 16:13:58.621 478 5377 I audio_hw_hal_profile: [out_get_parameters:2165] sup_sampling_rates=32000|44100|48000
05-27 16:13:58.621 478 5377 I audio_hw_hal_profile: [out_get_parameters:2092] out:0xefc4c950 query channels. Format:E_AC3_JOC(0xa000001) ++++++++++ hal_format:PCM_16_BIT
05-27 16:13:58.622 478 5377 D audio_hw_hal_profile: get_hdmi_sink_cap_new is running...
05-27 16:13:58.622 478 5377 D audio_hw_hal_profile: [get_hdmi_sink_cap_new:887] query hdmi channels... format: E_AC3(0xa000000)
05-27 16:13:58.622 478 5377 I audio_hw_hal_profile: [out_get_parameters:2165] sup_channels=AUDIO_CHANNEL_OUT_MONO|AUDIO_CHANNEL_OUT_STEREO|AUDIO_CHANNEL_OUT_TRI|AUDIO_CHANNEL_OUT_TRI_BACK|AUDIO_CHANNEL_OUT_3POINT1|AUDIO_CHANNEL_OUT_QUAD|AUDIO_CHANNEL_OUT_SURROUND|AUDIO_CHANNEL_OUT_PENTA|AUDIO_CHANNEL_OUT_5POINT1|AUDIO_CHANNEL_OUT_6POINT1|AUDIO_CHANNEL_OUT_7POINT1
05-27 16:13:58.623 478 5377 D audio_hw_hal_primary: [out_dump:848] io 2293: out:0xefc4c950, fd:26
05-27 16:13:58.624 478 5377 D audio_hw_hal_primary: [out_set_parameters:971] out:0xefc4c950 kvpairs:closing=true;exiting=1 out->out_device:0x400, adev->out_device:0x80002
05-27 16:13:58.624 478 5377 E audio_hw_hal_primary: out_set_parameters, ret:-2, hw_sync_mode:is false
05-27 16:13:58.625 535 5495 D AudioFlinger: ro.audio.silent is ignored since no output device is set
05-27 16:13:58.625 478 5377 I audio_hw_hal_primary: [out_set_event_callback:3158] io 2293: out:0xefc4c950, callback:0xf1b4091d cookie:0xf2200550
05-27 16:13:58.626 478 5377 I audio_hw_hal_primary: [adev_close_output_stream_new:8052] io handle 2293: out:0xefc4c950
05-27 16:13:58.626 478 5377 D audio_hw_hal_primary: adev_close_output_stream_new: enter usecase = PCM_DIRECT
05-27 16:13:58.626 478 5377 I audio_hw_hal_primary: [adev_close_output_stream:3695] io 2293: out:0xefc4c950 dev:OUT_HDMI(0x400) flags:0x1, usecase:PCM_DIRECT
05-27 16:13:58.626 478 5377 D audio_hw_hal_primary: [out_standby_new:5767] io 2293: out:0xefc4c950 usecase:PCM_DIRECT
05-27 16:13:58.626 478 5377 I audio_hw_hal_primary: already standby, do nothing
05-27 16:13:58.626 478 5377 I audio_hw_hal_resourcemgr: [is_output_device_muted:710] device:0x2 port_mute:0, fade_mute:0
05-27 16:13:58.626 478 5377 I audio_hw_hal_primary: [adev_close_output_stream:3863] io 2293: out:0xefc4c950 exit ------
05-27 16:13:58.626 535 1196 I AudioFlinger: openOutput() this 0xed5c2fe0, module 10 Device AUDIO_DEVICE_OUT_HDMI, @:, SamplingRate 32000, Format 0xb000000, Channels 0x1, flags 0x1
05-27 16:13:58.627 478 5377 D audio_hw_hal_primary: [adev_open_output_stream_new:7868] enter: dev=0xefd014a0 handle=8fd devices=0x400/'HDMI,' flags=0x1/'DIRECT,' config=(rt=32000 ch_mask=0x1 fmt=0xb000000) address=''
05-27 16:13:58.627 478 5377 D audio_hw_hal_primary: adev_open_output_stream_new: enter
05-27 16:13:58.627 478 5377 I audio_hw_hal_primary: [adev_open_output_stream:3285] io 2301: out:0xefc4c950 dev:OUT_HDMI(0x400) addr:
05-27 16:13:58.627 478 5377 I audio_hw_hal_primary: [adev_open_output_stream:3287] ch_mask:0x1 rate:32000 format:DTS(0xb000000) flags:0x1
05-27 16:13:58.627 478 5377 I audio_hw_hal_primary: adev_open_output_stream: for raw audio output,force alsa stereo output
05-27 16:13:58.627 478 5377 I audio_hw_hal_primary: [adev_open_output_stream:3610] result profile ch_mask:0x1 rate:32000 format:DTS(0xb000000) usecase:RAW_DIRECT
05-27 16:13:58.627 478 5377 I audio_hw_hal_utils: aml_get_stream_dump_file_name line 2929 file_name /data/vendor/audiohal/stream_pid478_tid5377.dts
05-27 16:13:58.627 478 5377 I audio_hw_hal_primary: [adev_open_output_stream_new:8037] io 2301: out: 0xefc4c950 card:0 alsa devices:0 exit ------
05-27 16:13:58.628 478 5377 I audio_hw_hal_primary: [out_get_buffer_size:552] out:0xefc4c950 config.rate=32000, format:DTS(0xb000000), stream format:DTS(0xb000000)
05-27 16:13:58.628 478 5377 I audio_hw_hal_primary: out_get_buffer_size AUDIO_FORMAT_DTS buffer size = 32768 frames
05-27 16:13:58.629 535 1196 I AudioFlinger: HAL output buffer size 32768 frames, normal sink buffer size 32768 frames
05-27 16:13:58.629 478 5377 I audio_hw_hal_primary: [audiohal_get_latency:1333] io 2301: out:0xefc4c950 frames:1216 rate:32000 whole_latency:38 alsa_latency:38
05-27 16:13:58.629 478 5377 I audio_hw_hal_primary: [out_set_event_callback:3158] io 2301: out:0xefc4c950, callback:0xf1b4091d cookie:0xf2202770
05-27 16:13:58.630 535 5497 I AudioFlinger: AudioFlinger's thread 0xe78e4520 tid=5497 ready to run
05-27 16:13:58.630 478 5377 I audio_hw_hal_primary: [audiohal_get_latency:1333] io 2301: out:0xefc4c950 frames:1216 rate:32000 whole_latency:38 alsa_latency:38
05-27 16:13:58.630 478 5377 I audio_hw_hal_primary: [audiohal_get_latency:1333] io 2301: out:0xefc4c950 frames:1216 rate:32000 whole_latency:38 alsa_latency:38
05-27 16:13:58.631 535 5497 D AudioFlinger: ro.audio.silent is ignored since no output device is set
05-27 16:13:58.631 478 5377 D audio_hw_hal_primary: [out_standby_new:5767] io 2301: out:0xefc4c950 usecase:RAW_DIRECT
05-27 16:13:58.631 478 5377 I audio_hw_hal_primary: already standby, do nothing
05-27 16:13:58.632 535 5497 D AudioFlinger: ro.audio.silent is ignored since no output device is set
05-27 16:13:58.641 535 1196 I AudioFlinger: openOutput() this 0xed5c2fe0, module 10 Device AUDIO_DEVICE_OUT_HDMI, @:, SamplingRate 44100, Format 0xe000000, Channels 0x1, flags 0x11
05-27 16:13:58.642 478 5377 D audio_hw_hal_primary: [adev_open_output_stream_new:7868] enter: dev=0xefd014a0 handle=905 devices=0x400/'HDMI,' flags=0x11/'DIRECT,COMPRESS_OFFLOAD,' config=(rt=44100 ch_mask=0x1 fmt=0xe000000) address=''
05-27 16:13:58.642 478 5377 D audio_hw_hal_primary: adev_open_output_stream_new: enter
05-27 16:13:58.642 478 5377 I audio_hw_hal_primary: [adev_open_output_stream:3285] io 2309: out:0xefc47a40 dev:OUT_HDMI(0x400) addr:
05-27 16:13:58.642 478 5377 I audio_hw_hal_primary: [adev_open_output_stream:3287] ch_mask:0x1 rate:44100 format:DOLBY_TRUEHD(0xe000000) flags:0x11
05-27 16:13:58.642 478 5377 I audio_hw_hal_primary: adev_open_output_stream: for raw audio output,force alsa stereo output
05-27 16:13:58.642 478 5377 I audio_hw_hal_primary: [adev_open_output_stream:3610] result profile ch_mask:0x1 rate:44100 format:DOLBY_TRUEHD(0xe000000) usecase:RAW_DIRECT
05-27 16:13:58.642 478 5377 I audio_hw_hal_utils: aml_get_stream_dump_file_name line 2929 file_name /data/vendor/audiohal/stream_pid478_tid5377.mlp
05-27 16:13:58.642 478 5377 I audio_hw_hal_primary: [adev_open_output_stream_new:8037] io 2309: out: 0xefc47a40 card:0 alsa devices:0 exit ------
05-27 16:13:58.643 478 5377 I audio_hw_hal_primary: [out_get_buffer_size:552] out:0xefc47a40 config.rate=44100, format:DOLBY_TRUEHD(0xe000000), stream format:DOLBY_TRUEHD(0xe000000)
05-27 16:13:58.643 535 1196 I AudioFlinger: HAL output buffer size 16384 frames, normal sink buffer size 16384 frames
05-27 16:13:58.644 478 5446 I audio_hw_hal_primary: [audiohal_get_latency:1333] io 2309: out:0xefc47a40 frames:1088 rate:44100 whole_latency:24 alsa_latency:24
05-27 16:13:58.644 478 5446 I audio_hw_hal_primary: [out_set_event_callback:3158] io 2309: out:0xefc47a40, callback:0xf1b4091d cookie:0xf2200790
05-27 16:13:58.644 535 5498 I AudioFlinger: AudioFlinger's thread 0xe78e0490 tid=5498 ready to run
05-27 16:13:58.644 478 5446 I audio_hw_hal_primary: [audiohal_get_latency:1333] io 2309: out:0xefc47a40 frames:960 rate:44100 whole_latency:21 alsa_latency:21
05-27 16:13:58.644 478 5446 I audio_hw_hal_primary: [audiohal_get_latency:1333] io 2309: out:0xefc47a40 frames:960 rate:44100 whole_latency:21 alsa_latency:21
05-27 16:13:58.645 535 5498 D AudioFlinger: ro.audio.silent is ignored since no output device is set
05-27 16:13:58.647 535 5498 D AudioFlinger: ro.audio.silent is ignored since no output device is set
01-01 08:07:28.393 0 0 I [0 T351 ..] [hdmitx: ] set21_phy_by_mode_s7d[188] rterm = 7
01-01 08:07:28.397 0 0 I [0 T351 ..] [hdmitx: ] Sink is HDMI device
01-01 08:07:28.397 0 0 I [0 T351 ..] [hdmitx: ] clear vsif for non-4k mode.
01-01 08:07:28.398 0 0 I [0 T351 ..] [hdmitx: ] set audio
01-01 08:07:28.398 0 0 I [0 T351 ..] [hdmitx: ] audio_param->chs = 7
01-01 08:07:28.399 0 0 I [0 T351 ..] [hdmitx: ] aud_src_if = 1
01-01 08:07:28.400 0 0 I [0 T351 ..] [hdmitx: ] aud_n_para = 24576
01-01 08:07:28.400 0 0 I [0 T351 ..] [hdmitx: ] vinfo: set cur_enc_ppc as 1, vpp color: 0
05-27 16:13:58.654 478 676 I audio_hw_hal_primary: [adev_uevent_callback:9131] uevent type=0
05-27 16:13:58.654 320 328 I SystemControl: [/UEventObserver.cpp, HDMITxUenventThreadLoop, 451] HDMI TX switch_name:hdmitx_vmode_audio, switch_state: 1
05-27 16:13:58.655 535 1196 I AudioFlinger: openOutput() this 0xed5c2fe0, module 10 Device AUDIO_DEVICE_OUT_HDMI, @:, SamplingRate 32000, Format 0x9000000, Channels 0x1, flags 0x1
05-27 16:13:58.655 320 328 I SystemControl: [/UEventObserver.cpp, HDMITxUenventThreadLoop, 451] HDMI TX switch_name:hdmitx_current_status, switch_state: 210
05-27 16:13:58.656 478 673 I audio_hw_hal_alsamgr: raw to lpcm switch aml_alsa_output_write
01-01 08:07:28.403 0 0 I [0 T351 ..] DOLBY: vout_notify_callback: VOUT_EVENT_MODE_CHANGE
01-01 08:07:28.403 0 0 D [3 T673 ..] [snd-soc]: spdif_a is set to disable
01-01 08:07:28.403 0 0 I : [0 T351 ..] vsync_pts_inc 1500 1/60
01-01 08:07:28.403 0 0 I [3 T673 ..] [snd-soc]: aml_audio_reset, reg 0xa, shift 9, use_vadtop 0
01-01 08:07:28.404 0 0 I : [0 T351 ..] [drm] meson_vout_update_mode_name: hdmitx update vout 1 name 480p60hz.
01-01 08:07:28.405 0 0 I [3 T673 ..] [snd-soc]: aml_audio_reset, reg 0xa, shift 14, use_vadtop 0
01-01 08:07:28.407 0 0 I [3 T673 ..] [snd-soc]: sharebuffer_spdifout_prepare get_hdmitx_audio_src(rtd->card):3 spdif_id:0
01-01 08:07:28.408 0 0 D [3 T673 ..] [snd-soc]: spdif_a fifo ctrl, frddr:0 type:1, 16 bits, chmask 0x3, swap 0x10
05-27 16:13:58.657 478 5446 D audio_hw_hal_primary: [adev_open_output_stream_new:7868] enter: dev=0xefd014a0 handle=90d devices=0x400/'HDMI,' flags=0x1/'DIRECT,' config=(rt=32000 ch_mask=0x1 fmt=0x9000000) address=''
05-27 16:13:58.657 478 5446 D audio_hw_hal_primary: adev_open_output_stream_new: enter
05-27 16:13:58.657 478 5446 I audio_hw_hal_primary: [adev_open_output_stream:3285] io 2317: out:0xefc48170 dev:OUT_HDMI(0x400) addr:
05-27 16:13:58.657 478 5446 I audio_hw_hal_primary: [adev_open_output_stream:3287] ch_mask:0x1 rate:32000 format:AC3(0x9000000) flags:0x1
05-27 16:13:58.657 478 5446 I audio_hw_hal_primary: adev_open_output_stream: for raw audio output,force alsa stereo output
05-27 16:13:58.657 478 5446 I audio_hw_hal_primary: [adev_open_output_stream:3610] result profile ch_mask:0x1 rate:32000 format:AC3(0x9000000) usecase:RAW_DIRECT
05-27 16:13:58.657 478 5446 I audio_hw_hal_utils: aml_get_stream_dump_file_name line 2929 file_name /data/vendor/audiohal/stream_pid478_tid5446.dd
05-27 16:13:58.657 478 5446 I audio_hw_hal_primary: [adev_open_output_stream_new:8037] io 2317: out: 0xefc48170 card:0 alsa devices:0 exit ------
05-27 16:13:58.662 489 527 D hdmicecd: [CEC]:printCecMessage, [4 -> 4] len: 0, body:, result:no ack
05-27 16:13:58.663 478 5377 I audio_hw_hal_primary: [out_get_buffer_size:552] out:0xefc48170 config.rate=32000, format:AC3(0x9000000), stream format:AC3(0x9000000)
01-01 08:07:28.411 0 0 I [3 T673 ..] [snd-soc]: aml_audio_reset, reg 0xa, shift 10, use_vadtop 0
01-01 08:07:28.412 0 0 I [3 T673 ..] [snd-soc]: aml_audio_reset, reg 0xa, shift 13, use_vadtop 0
01-01 08:07:28.413 0 0 I [3 T673 ..] [hdmitx: ] hdmitx_audio_notify_callback[804] type:12 rate:7 size:1 chs:8 i2s_ch_mask:15 aud_src_if:1
01-01 08:07:28.414 0 0 I [3 T673 ..] [hdmitx: ] aout notify format CT_MAT
01-01 08:07:28.415 0 0 I [3 T673 ..] [hdmitx: ] set audio
01-01 08:07:28.415 0 0 I [3 T673 ..] [hdmitx: ] audio_param->chs = 7
01-01 08:07:28.416 0 0 I [3 T673 ..] [hdmitx: ] aud_src_if = 1
01-01 08:07:28.417 0 0 I [3 T673 ..] [hdmitx: ] aud_n_para = 24576
05-27 16:13:58.663 715 894 D HDMI : New logical address for device [4]: [preferred:4, assigned:4]
05-27 16:13:58.663 478 673 I audio_hw_hal_ms12v2: dolby_ms12_threadloop alsa is not running
05-27 16:13:58.663 535 1196 I AudioFlinger: HAL output buffer size 2048 frames, normal sink buffer size 2048 frames
05-27 16:13:58.663 489 527 D hdmicecd: [HdmiCecControl]:getPhysicalAddress, physical addr: 2000, last pa: 2000, ret = 0
05-27 16:13:58.663 478 673 I audio_hw_hal_ms12v2: dolby_ms12_threadloop alsa is not running
05-27 16:13:58.664 489 527 D hdmicecd: [HdmiCecControl]:getPhysicalAddress, physical addr: 2000, last pa: 2000, ret = 0
05-27 16:13:58.664 478 5446 I audio_hw_hal_primary: [audiohal_get_latency:1333] io 2317: out:0xefc48170 frames:512 rate:32000 whole_latency:16 alsa_latency:16
05-27 16:13:58.664 489 489 D hdmicecd: [HdmiCecControl]:getPhysicalAddress, physical addr: 2000, last pa: 2000, ret = 0
05-27 16:13:58.664 478 673 I audio_hw_hal_alsamgr: aml_alsa_output_write_new reset hdmitx alsa
05-27 16:13:58.664 489 527 D hdmicecd: [HdmiCecControl]:getVendorId, vendorId: 0x1CA410
05-27 16:13:58.664 489 527 D hdmicecd: [HdmiCecControl]:getPhysicalAddress, physical addr: 2000, last pa: 2000, ret = 0
05-27 16:13:58.664 478 5446 I audio_hw_hal_primary: [out_set_event_callback:3158] io 2317: out:0xefc48170, callback:0xf1b4091d cookie:0xf2200910
05-27 16:13:58.665 715 715 D HDMI : addCecDevice new:CEC: logical_address: 0x04 device_type: 4 cec_version: 5 vendor_id: 1877008 display_name: DBBOX-A3 power_status: 0 physical_address: 0x2000 port_id: 0 old:null
05-27 16:13:58.665 489 489 I hdmicecd: [HdmiCecControl]:addr:4, allocate result:0
05-27 16:13:58.665 535 5499 I AudioFlinger: AudioFlinger's thread 0xe78e85b0 tid=5499 ready to run
01-01 08:07:28.417 0 0 I [3 T673 ..] [hdmitx: ] set audio param
01-01 08:07:28.418 0 0 D [3 T673 ..] [snd-soc]: spdif_a is set to enable
05-27 16:13:58.666 478 5446 I audio_hw_hal_primary: [audiohal_get_latency:1333] io 2317: out:0xefc48170 frames:768 rate:32000 whole_latency:24 alsa_latency:24
05-27 16:13:58.666 478 5446 I audio_hw_hal_primary: [audiohal_get_latency:1333] io 2317: out:0xefc48170 frames:768 rate:32000 whole_latency:24 alsa_latency:24
05-27 16:13:58.667 535 5499 D AudioFlinger: ro.audio.silent is ignored since no output device is set
05-27 16:13:58.668 478 5446 D audio_hw_hal_primary: [out_standby_new:5767] io 2317: out:0xefc48170 usecase:RAW_DIRECT
05-27 16:13:58.668 478 5446 I audio_hw_hal_primary: already standby, do nothing
05-27 16:13:58.668 535 5499 D AudioFlinger: ro.audio.silent is ignored since no output device is set
05-27 16:13:58.670 478 673 I audio_hw_hal_ms12v2: dolby_ms12_threadloop alsa is not running
05-27 16:13:58.671 478 673 I audio_hw_hal_ms12v2: dolby_ms12_threadloop alsa is not running
05-27 16:13:58.671 478 673 I audio_hw_hal_alsamgr: aml_alsa_output_write alsa_running_status[0xefc447f0] change from 0 to 1
05-27 16:13:58.673 320 328 I SystemControl: [/UEventObserver.cpp, HDMITxUenventThreadLoop, 451] HDMI TX switch_name:hdmitx_current_status, switch_state: 211
05-27 16:13:58.674 489 489 D hdmicecd: [HdmiCecControl]:onAddressAllocated:4
05-27 16:13:58.675 715 715 D HDMI : onAddressAllocated address:4 reason:4
05-27 16:13:58.675 489 489 D hdmicecd: [HdmiCecControl]:getPhysicalAddress, physical addr: 2000, last pa: 2000, ret = 0
05-27 16:13:58.675 489 489 D hdmicecd: [HdmiCecControl]:getVendorId, vendorId: 0x1CA410
05-27 16:13:58.676 715 894 D HDMI : [S]: 4F:84:20:00:04
05-27 16:13:58.676 489 489 D hdmicecd: [HdmiCecControl]:getPhysicalAddress, physical addr: 2000, last pa: 2000, ret = 0
05-27 16:13:58.676 715 715 D HDMI : DeviceDiscoveryAction start com.android.server.hdmi.DeviceDiscoveryAction@2b14f8d
05-27 16:13:58.682 478 5446 D xm_audio: adev_get_parameters
05-27 16:13:58.685 290 351 D MesonHwc: sysfs(/sys/class/amhdmitx/amhdmitx0/frac_rate_policy) read int32_t (0)
05-27 16:13:58.686 290 351 D MesonHwc: sysfs(/sys/class/amhdmitx/amhdmitx0/frac_rate_policy) read int32_t (0)
05-27 16:13:58.686 290 351 D MesonHwc: setmode:crtc[63], name [480p60hz] -modeblob[132] [720x480-60.00] seamless:0 enableVrr:0
05-27 16:13:58.686 290 351 V MesonDisplayServer: GetDisplayMode:480p60hz
05-27 16:13:58.686 290 351 I MesonHwc: getDisplayMode mode:480p60hz
05-27 16:13:58.686 290 351 I MesonHwc: getContentTypeSupport: game is true
05-27 16:13:58.687 290 351 I MesonHwc: set display-size:720x480
05-27 16:13:58.687 320 371 I SystemControl: [/Ubootenv.cpp, get, 336] [ubootenv] get key:480p_x envValue: 0
05-27 16:13:58.687 320 371 I SystemControl: [/Ubootenv.cpp, get, 336] [ubootenv] get key:480p_y envValue: 0
05-27 16:13:58.688 320 371 I SystemControl: [/Ubootenv.cpp, get, 336] [ubootenv] get key:480p_w envValue: 720
05-27 16:13:58.688 320 371 I SystemControl: [/Ubootenv.cpp, get, 336] [ubootenv] get key:480p_h envValue: 480
05-27 16:13:58.688 290 351 I MesonHwc: getPosition curMode:480p60hz position[0]:0 position[1]:0 position[2]:720 position[3]:480
05-27 16:13:58.689 290 351 I MesonHwc: setPosition curMode:480p60hz left:0 top:0 width:720 height:480
05-27 16:13:58.689 290 351 D MesonHwc: set key:ubootenv.var.480p_x value:0
05-27 16:13:58.689 320 371 I SystemControl: [/Ubootenv.cpp, updateValue, 68] [ubootenv] update value name [ubootenv.var.480p_x]: value [0]
05-27 16:13:58.689 320 371 I SystemControl: [/Ubootenv.cpp, get, 336] [ubootenv] get key:480p_x envValue: 0
05-27 16:13:58.689 290 351 D MesonHwc: set key:ubootenv.var.480p_y value:0
05-27 16:13:58.689 320 371 I SystemControl: [/Ubootenv.cpp, updateValue, 68] [ubootenv] update value name [ubootenv.var.480p_y]: value [0]
05-27 16:13:58.689 320 371 I SystemControl: [/Ubootenv.cpp, get, 336] [ubootenv] get key:480p_y envValue: 0
05-27 16:13:58.689 290 351 D MesonHwc: set key:ubootenv.var.480p_w value:720
05-27 16:13:58.689 320 371 I SystemControl: [/Ubootenv.cpp, updateValue, 68] [ubootenv] update value name [ubootenv.var.480p_w]: value [720]
05-27 16:13:58.689 320 371 I SystemControl: [/Ubootenv.cpp, get, 336] [ubootenv] get key:480p_w envValue: 720
05-27 16:13:58.689 290 351 D MesonHwc: set key:ubootenv.var.480p_h value:480
05-27 16:13:58.689 320 371 I SystemControl: [/Ubootenv.cpp, updateValue, 68] [ubootenv] update value name [ubootenv.var.480p_h]: value [480]
05-27 16:13:58.689 320 371 I SystemControl: [/Ubootenv.cpp, get, 336] [ubootenv] get key:480p_h envValue: 480
05-27 16:13:58.689 290 351 V MesonDisplayServer: SetDisplay[HDMI] DisplayRect to "(0,0,720,480)"
05-27 16:13:58.689 290 351 D MesonHwc: Display (0) ask for refresh.
05-27 16:13:58.690 290 351 V MesonDisplayServer: SetDisplayViewPort done
05-27 16:13:58.691 478 5446 D audio_hw_hal_primary: [out_dump:848] io 2245: out:0xefc43260, fd:26
05-27 16:13:58.692 478 5446 D audio_hw_hal_primary: [out_set_parameters:971] out:0xefc43260 kvpairs:closing=true;exiting=1 out->out_device:0x400, adev->out_device:0x80002
05-27 16:13:58.692 478 5446 E audio_hw_hal_primary: out_set_parameters, ret:-2, hw_sync_mode:is false
05-27 16:13:58.692 478 5446 I audio_hw_hal_primary: [out_set_event_callback:3158] io 2245: out:0xefc43260, callback:0xf1b4091d cookie:0xf2201930
05-27 16:13:58.692 478 5377 I audio_hw_hal_primary: [adev_close_output_stream_new:8052] io handle 2245: out:0xefc43260
05-27 16:13:58.692 478 5377 D audio_hw_hal_primary: adev_close_output_stream_new: enter usecase = RAW_HWSYNC
05-27 16:13:58.692 478 5377 I audio_hw_hal_primary: [adev_close_output_stream:3695] io 2245: out:0xefc43260 dev:OUT_HDMI(0x400) flags:0x51, usecase:RAW_HWSYNC
05-27 16:13:58.692 478 5377 D audio_hw_hal_primary: [out_standby_new:5767] io 2245: out:0xefc43260 usecase:RAW_HWSYNC
05-27 16:13:58.693 478 5377 I audio_hw_hal_primary: already standby, do nothing
05-27 16:13:58.693 478 5377 I audio_hw_hal_resourcemgr: [is_output_device_muted:710] device:0x2 port_mute:0, fade_mute:0
05-27 16:13:58.693 478 5377 I audio_hw_hal_primary: [adev_close_output_stream:3863] io 2245: out:0xefc43260 exit ------
05-27 16:13:58.694 535 1196 D AudioFlinger: closing mmapThread 0xe75c24a0
05-27 16:13:58.694 535 1196 D AudioFlinger: mmapThread exit()
05-27 16:13:58.694 478 5377 I audio_hw_hal_primary: [adev_close_output_stream_new:8052] io handle 2261: out:0xefc4c220
05-27 16:13:58.695 478 5377 D audio_hw_hal_primary: adev_close_output_stream_new: enter usecase = PCM_MMAP
05-27 16:13:58.695 478 5377 I audio_hw_hal_primary: [adev_close_output_stream:3695] io 2261: out:0xefc4c220 dev:OUT_HDMI(0x400) flags:0x4001, usecase:PCM_MMAP
05-27 16:13:58.695 478 5377 D audio_hw_hal_primary: [out_standby_new:5767] io 2261: out:0xefc4c220 usecase:PCM_MMAP
05-27 16:13:58.695 478 5377 I audio_hw_hal_primary: already standby, do nothing
05-27 16:13:58.695 478 5377 I audio_hw_hal_mmap: [outMmapDeInit:743] stream:0xefc4c220
05-27 16:13:58.695 478 5377 I audio_hw_hal_mmap: [mmap_audio_unregister_client:955] OK ! stream 0xefc4c220, client id 0
05-27 16:13:58.695 478 5377 I audio_hw_hal_primary: when close aaudio stream, send STANDBY msg to submix & ms12
05-27 16:13:58.695 478 5377 I audio_hw_hal_ms12common: aml_set_ms12_scheduler_state ms12_scheduler_state:1, sch_state:1 SCHEDULER_STANDBY is sent to ms12
05-27 16:13:58.695 478 5377 I audio_hw_hal_resourcemgr: [is_output_device_muted:710] device:0x2 port_mute:0, fade_mute:0
05-27 16:13:58.695 478 5377 I audio_hw_hal_primary: [adev_close_output_stream:3863] io 2261: out:0xefc4c220 exit ------
05-27 16:13:58.696 478 5446 D audio_hw_hal_primary: [out_dump:848] io 2277: out:0xefc40e70, fd:23
05-27 16:13:58.697 478 5446 D audio_hw_hal_primary: [out_set_parameters:971] out:0xefc40e70 kvpairs:closing=true;exiting=1 out->out_device:0x400, adev->out_device:0x80002
05-27 16:13:58.697 478 5446 E audio_hw_hal_primary: out_set_parameters, ret:-2, hw_sync_mode:is false
05-27 16:13:58.698 535 5490 D AudioFlinger: ro.audio.silent is ignored since no output device is set
05-27 16:13:58.698 478 5446 I audio_hw_hal_primary: [out_set_event_callback:3158] io 2277: out:0xefc40e70, callback:0xf1b4091d cookie:0xf2200250
05-27 16:13:58.698 478 5446 I audio_hw_hal_primary: [adev_close_output_stream_new:8052] io handle 2277: out:0xefc40e70
05-27 16:13:58.698 478 5446 D audio_hw_hal_primary: adev_close_output_stream_new: enter usecase = RAW_HWSYNC
05-27 16:13:58.698 478 5446 I audio_hw_hal_primary: [adev_close_output_stream:3695] io 2277: out:0xefc40e70 dev:OUT_HDMI(0x400) flags:0x41, usecase:RAW_HWSYNC
05-27 16:13:58.698 478 5446 D audio_hw_hal_primary: [out_standby_new:5767] io 2277: out:0xefc40e70 usecase:RAW_HWSYNC
05-27 16:13:58.698 478 5446 I audio_hw_hal_primary: already standby, do nothing
05-27 16:13:58.698 478 5446 I audio_hw_hal_resourcemgr: [is_output_device_muted:710] device:0x2 port_mute:0, fade_mute:0
05-27 16:13:58.698 478 5446 I audio_hw_hal_primary: [adev_close_output_stream:3863] io 2277: out:0xefc40e70 exit ------
05-27 16:13:58.700 478 5446 D audio_hw_hal_primary: [out_dump:848] io 2285: out:0xefc4baf0, fd:23
05-27 16:13:58.701 478 5446 D audio_hw_hal_primary: [out_set_parameters:971] out:0xefc4baf0 kvpairs:closing=true;exiting=1 out->out_device:0x400, adev->out_device:0x80002
05-27 16:13:58.701 478 5446 E audio_hw_hal_primary: out_set_parameters, ret:-2, hw_sync_mode:is false
05-27 16:13:58.701 535 5494 D AudioFlinger: ro.audio.silent is ignored since no output device is set
05-27 16:13:58.702 478 5446 I audio_hw_hal_primary: [out_set_event_callback:3158] io 2285: out:0xefc4baf0, callback:0xf1b4091d cookie:0xf2200070
05-27 16:13:58.702 478 5446 I audio_hw_hal_primary: [adev_close_output_stream_new:8052] io handle 2285: out:0xefc4baf0
05-27 16:13:58.702 478 5446 D audio_hw_hal_primary: adev_close_output_stream_new: enter usecase = PCM_HWSYNC
05-27 16:13:58.702 478 5446 D audio_hw_hal_timer: func:audio_timer_delete delete timer.1 success.
05-27 16:13:58.702 478 5446 D audio_hw_hal_timer: func:audio_timer_delete delete timer.2 success.
05-27 16:13:58.702 478 5446 D audio_hw_hal_primary: [adev_close_output_stream_new:8076] timer_id:1 ret:2
05-27 16:13:58.702 478 5446 I audio_hw_hal_primary: [adev_close_output_stream:3695] io 2285: out:0xefc4baf0 dev:OUT_HDMI(0x400) flags:0x41, usecase:PCM_HWSYNC
05-27 16:13:58.702 478 5446 D audio_hw_hal_primary: [out_standby_new:5767] io 2285: out:0xefc4baf0 usecase:PCM_HWSYNC
05-27 16:13:58.702 478 5446 I audio_hw_hal_primary: already standby, do nothing
05-27 16:13:58.702 478 5446 I audio_hw_hal_resourcemgr: [is_output_device_muted:710] device:0x2 port_mute:0, fade_mute:0
05-27 16:13:58.702 478 5446 I audio_hw_hal_primary: [adev_close_output_stream:3863] io 2285: out:0xefc4baf0 exit ------
05-27 16:13:58.703 478 5377 D audio_hw_hal_primary: [out_dump:848] io 2301: out:0xefc4c950, fd:23
05-27 16:13:58.704 478 5377 D audio_hw_hal_primary: [out_set_parameters:971] out:0xefc4c950 kvpairs:closing=true;exiting=1 out->out_device:0x400, adev->out_device:0x80002
05-27 16:13:58.705 478 5377 E audio_hw_hal_primary: out_set_parameters, ret:-2, hw_sync_mode:is false
05-27 16:13:58.705 535 5497 D AudioFlinger: ro.audio.silent is ignored since no output device is set
05-27 16:13:58.705 478 5377 I audio_hw_hal_primary: [out_set_event_callback:3158] io 2301: out:0xefc4c950, callback:0xf1b4091d cookie:0xf2202770
05-27 16:13:58.705 478 5377 I audio_hw_hal_primary: [adev_close_output_stream_new:8052] io handle 2301: out:0xefc4c950
05-27 16:13:58.705 478 5377 D audio_hw_hal_primary: adev_close_output_stream_new: enter usecase = RAW_DIRECT
05-27 16:13:58.706 478 5377 I audio_hw_hal_primary: [adev_close_output_stream:3695] io 2301: out:0xefc4c950 dev:OUT_HDMI(0x400) flags:0x1, usecase:RAW_DIRECT
05-27 16:13:58.706 478 5377 D audio_hw_hal_primary: [out_standby_new:5767] io 2301: out:0xefc4c950 usecase:RAW_DIRECT
05-27 16:13:58.706 478 5377 I audio_hw_hal_primary: already standby, do nothing
05-27 16:13:58.706 478 5377 I audio_hw_hal_resourcemgr: [is_output_device_muted:710] device:0x2 port_mute:0, fade_mute:0
05-27 16:13:58.706 478 5377 I audio_hw_hal_primary: [adev_close_output_stream:3863] io 2301: out:0xefc4c950 exit ------
05-27 16:13:58.707 478 5446 D audio_hw_hal_primary: [out_dump:848] io 2309: out:0xefc47a40, fd:23
05-27 16:13:58.708 478 5446 D audio_hw_hal_primary: [out_set_parameters:971] out:0xefc47a40 kvpairs:closing=true;exiting=1 out->out_device:0x400, adev->out_device:0x80002
05-27 16:13:58.708 478 5446 E audio_hw_hal_primary: out_set_parameters, ret:-2, hw_sync_mode:is false
05-27 16:13:58.708 478 5446 I audio_hw_hal_primary: [out_set_event_callback:3158] io 2309: out:0xefc47a40, callback:0xf1b4091d cookie:0xf2200790
05-27 16:13:58.709 478 5446 I audio_hw_hal_primary: [adev_close_output_stream_new:8052] io handle 2309: out:0xefc47a40
05-27 16:13:58.709 478 5446 D audio_hw_hal_primary: adev_close_output_stream_new: enter usecase = RAW_DIRECT
05-27 16:13:58.709 478 5446 I audio_hw_hal_primary: [adev_close_output_stream:3695] io 2309: out:0xefc47a40 dev:OUT_HDMI(0x400) flags:0x11, usecase:RAW_DIRECT
05-27 16:13:58.709 478 5446 D audio_hw_hal_primary: [out_standby_new:5767] io 2309: out:0xefc47a40 usecase:RAW_DIRECT
05-27 16:13:58.709 478 5446 I audio_hw_hal_primary: already standby, do nothing
05-27 16:13:58.709 478 5446 I audio_hw_hal_resourcemgr: [is_output_device_muted:710] device:0x2 port_mute:0, fade_mute:0
05-27 16:13:58.709 478 5446 I audio_hw_hal_primary: [adev_close_output_stream:3863] io 2309: out:0xefc47a40 exit ------
05-27 16:13:58.710 290 351 E MesonHwc: open file [/sys/class/amhdmitx/amhdmitx0/aud_mute] error:Permission denied
05-27 16:13:58.710 290 351 E MesonHwc: open file [/sys/class/amhdmitx/amhdmitx0/aud_mute] error:Permission denied
05-27 16:13:58.710 478 5446 D audio_hw_hal_primary: [out_dump:848] io 2317: out:0xefc48170, fd:23
05-27 16:13:58.710 290 351 E MesonHwc: dolby vision driver is not ready
05-27 16:13:58.710 290 351 I MesonHwc: setSysfsStr /sys/devices/virtual/amhdmitx/amhdmitx0/avmute= -1
05-27 16:13:58.710 290 5507 I MesonDisplay: [/HDCPTxAuth.cpp, authThread, 173] hdcp_tx thread loop entry
05-27 16:13:58.710 290 351 I MesonDisplay: [/HDCPTxAuth.cpp, start, 109] hdcp_tx, create hdcp thread id = 3890725312 done
05-27 16:13:58.711 290 5507 D MesonDisplay: read /sys/class/amhdmitx/amhdmitx0/hdcp_lstore, result length:0, val:
05-27 16:13:58.711 320 371 I SystemControl: [/Ubootenv.cpp, get, 345] [ubootenv] search end and not find env:digitaudiooutput
05-27 16:13:58.711 290 351 D MesonHwc: sc_read_bootenv val is empty
05-27 16:13:58.711 290 351 V MesonDisplayServer: GetDisplayMode:480p60hz
05-27 16:13:58.711 290 351 I MesonHwc: getDisplayMode mode:480p60hz
05-27 16:13:58.711 320 371 I SystemControl: [/Ubootenv.cpp, get, 336] [ubootenv] get key:hdmichecksum envValue: 0xc92b0000
05-27 16:13:58.711 290 351 D MesonHwc: get key:ubootenv.var.hdmichecksum value:0xc92b0000
05-27 16:13:58.711 290 351 D MesonDisplayServer: use connector getDisplayAttribute "HDMI Color ATTR": "444,8bit"
05-27 16:13:58.711 478 5446 D audio_hw_hal_primary: [out_set_parameters:971] out:0xefc48170 kvpairs:closing=true;exiting=1 out->out_device:0x400, adev->out_device:0x80002
05-27 16:13:58.711 290 351 D MesonHwc: set key:ubootenv.var.480p60hz_deepcolor value:444,8bit
05-27 16:13:58.711 478 5446 E audio_hw_hal_primary: out_set_parameters, ret:-2, hw_sync_mode:is false
05-27 16:13:58.711 320 371 I SystemControl: [/Ubootenv.cpp, updateValue, 68] [ubootenv] update value name [ubootenv.var.480p60hz_deepcolor]: value [444,8bit]
05-27 16:13:58.711 320 371 I SystemControl: [/Ubootenv.cpp, get, 336] [ubootenv] get key:480p60hz_deepcolor envValue: 444,8bit
05-27 16:13:58.712 290 351 D MesonHwc: set key:ubootenv.var.colorattribute value:444,8bit
05-27 16:13:58.712 320 371 I SystemControl: [/Ubootenv.cpp, updateValue, 68] [ubootenv] update value name [ubootenv.var.colorattribute]: value [444,8bit]
05-27 16:13:58.712 320 371 I SystemControl: [/Ubootenv.cpp, get, 336] [ubootenv] get key:colorattribute envValue: 444,8bit
05-27 16:13:58.712 290 351 D MesonHwc: set key:ubootenv.var.hdmi_colordepth value:8
05-27 16:13:58.712 535 5499 D AudioFlinger: ro.audio.silent is ignored since no output device is set
05-27 16:13:58.712 320 371 I SystemControl: [/Ubootenv.cpp, updateValue, 68] [ubootenv] update value name [ubootenv.var.hdmi_colordepth]: value [8]
05-27 16:13:58.712 320 371 I SystemControl: [/Ubootenv.cpp, get, 336] [ubootenv] get key:hdmi_colordepth envValue: 8
05-27 16:13:58.712 290 351 D MesonHwc: set key:ubootenv.var.hdmi_colorspace value:auto
05-27 16:13:58.712 320 371 I SystemControl: [/Ubootenv.cpp, updateValue, 68] [ubootenv] update value name [ubootenv.var.hdmi_colorspace]: value [auto]
05-27 16:13:58.712 478 5446 I audio_hw_hal_primary: [out_set_event_callback:3158] io 2317: out:0xefc48170, callback:0xf1b4091d cookie:0xf2200910
05-27 16:13:58.712 320 371 I SystemControl: [/Ubootenv.cpp, get, 336] [ubootenv] get key:hdmi_colorspace envValue: auto
05-27 16:13:58.712 290 351 D MesonHwc: set key:ubootenv.var.outputmode value:480p60hz
05-27 16:13:58.712 478 5446 I audio_hw_hal_primary: [adev_close_output_stream_new:8052] io handle 2317: out:0xefc48170
05-27 16:13:58.712 478 5446 D audio_hw_hal_primary: adev_close_output_stream_new: enter usecase = RAW_DIRECT
05-27 16:13:58.712 478 5446 I audio_hw_hal_primary: [adev_close_output_stream:3695] io 2317: out:0xefc48170 dev:OUT_HDMI(0x400) flags:0x1, usecase:RAW_DIRECT
05-27 16:13:58.712 478 5446 D audio_hw_hal_primary: [out_standby_new:5767] io 2317: out:0xefc48170 usecase:RAW_DIRECT
05-27 16:13:58.712 478 5446 I audio_hw_hal_primary: already standby, do nothing
05-27 16:13:58.712 478 5446 I audio_hw_hal_resourcemgr: [is_output_device_muted:710] device:0x2 port_mute:0, fade_mute:0
05-27 16:13:58.712 478 5446 I audio_hw_hal_primary: [adev_close_output_stream:3863] io 2317: out:0xefc48170 exit ------
05-27 16:13:58.713 320 371 I SystemControl: [/Ubootenv.cpp, updateValue, 68] [ubootenv] update value name [ubootenv.var.outputmode]: value [480p60hz]
05-27 16:13:58.713 320 371 I SystemControl: [/Ubootenv.cpp, get, 336] [ubootenv] get key:outputmode envValue: 480p60hz
01-01 08:07:28.458 0 0 I [1 T351 ..] [hdmitx: ] avmute_store -1
05-27 16:13:58.713 290 351 E MesonHwc: dolby vision driver is not ready
05-27 16:13:58.714 290 351 I MesonHwc: MBOX is not support dv, dvstatus amdv_type 0 dv_enable 0
05-27 16:13:58.714 290 351 I MesonHwc: colorattr: 444,8bit, outputMode 480p60hz, cd 8, cs auto
05-27 16:13:58.714 290 351 D MesonHwc: received Uevent: change@/devices/virtual/amhdmitx/amhdmitx0
05-27 16:13:58.714 290 351 D MesonHwc: received Uevent: ACTION=change
05-27 16:13:58.714 290 351 D MesonHwc: received Uevent: DEVPATH=/devices/virtual/amhdmitx/amhdmitx0
05-27 16:13:58.714 290 351 D MesonHwc: received Uevent: SUBSYSTEM=amhdmitx
05-27 16:13:58.714 290 351 D MesonHwc: received Uevent: hdmitx_audio=1
05-27 16:13:58.714 290 351 D MesonHwc: received Uevent: MAJOR=492
05-27 16:13:58.714 290 351 D MesonHwc: received Uevent: MINOR=0
05-27 16:13:58.714 290 351 D MesonHwc: received Uevent: DEVNAME=amhdmitx0
05-27 16:13:58.714 290 351 D MesonHwc: received Uevent: SEQNUM=5774
05-27 16:13:58.714 290 351 D MesonHwc: received Uevent: change@/devices/virtual/amhdmitx/amhdmitx0
05-27 16:13:58.714 290 351 D MesonHwc: received Uevent: ACTION=change
05-27 16:13:58.714 290 351 D MesonHwc: received Uevent: DEVPATH=/devices/virtual/amhdmitx/amhdmitx0
05-27 16:13:58.714 290 351 D MesonHwc: received Uevent: SUBSYSTEM=amhdmitx
05-27 16:13:58.714 290 351 D MesonHwc: received Uevent: hdmitx_audio=1
05-27 16:13:58.714 290 351 D MesonHwc: received Uevent: MAJOR=492
05-27 16:13:58.714 290 351 D MesonHwc: received Uevent: MINOR=0
05-27 16:13:58.714 290 351 D MesonHwc: received Uevent: DEVNAME=amhdmitx0
05-27 16:13:58.714 290 351 D MesonHwc: received Uevent: SEQNUM=5774
05-27 16:13:58.714 290 351 D MesonHwc: received Uevent: change@/devices/platform/vout
05-27 16:13:58.714 290 351 D MesonHwc: received Uevent: ACTION=change
05-27 16:13:58.714 290 351 D MesonHwc: received Uevent: DEVPATH=/devices/platform/vout
05-27 16:13:58.714 290 351 D MesonHwc: received Uevent: SUBSYSTEM=platform
05-27 16:13:58.714 290 351 D MesonHwc: received Uevent: vout_setmode=1
05-27 16:13:58.714 290 351 D MesonHwc: ModeChange state: [Begin to change]
05-27 16:13:58.714 290 351 D MesonHwc: On mode change state: [Begin to change]
05-27 16:13:58.714 290 351 D MesonHwc: received Uevent: change@/devices/virtual/amhdmitx/amhdmitx0
05-27 16:13:58.714 290 351 D MesonHwc: received Uevent: ACTION=change
05-27 16:13:58.714 290 351 D MesonHwc: received Uevent: DEVPATH=/devices/virtual/amhdmitx/amhdmitx0
05-27 16:13:58.714 290 351 D MesonHwc: received Uevent: SUBSYSTEM=amhdmitx
05-27 16:13:58.714 290 351 D MesonHwc: received Uevent: hdmitx_vmode_audio=1
05-27 16:13:58.714 290 351 D MesonHwc: received Uevent: MAJOR=492
05-27 16:13:58.714 290 351 D MesonHwc: received Uevent: MINOR=0
05-27 16:13:58.714 290 351 D MesonHwc: received Uevent: DEVNAME=amhdmitx0
