05-27 16:13:49.591 478 1797 I audio_hw_hal_primary: [audiohal_get_latency:1333] io 2157: out:0xefc40e70 frames:1088 rate:32000 whole_latency:34 alsa_latency:34
05-27 16:13:49.592 478 1797 I audio_hw_hal_primary: [audiohal_get_latency:1333] io 2157: out:0xefc40e70 frames:1088 rate:32000 whole_latency:34 alsa_latency:34
05-27 16:13:49.592 535 5424 D AudioFlinger: ro.audio.silent is ignored since no output device is set
05-27 16:13:49.593 478 1797 D audio_hw_hal_primary: [out_standby_new:5767] io 2157: out:0xefc40e70 usecase:RAW_DIRECT
05-27 16:13:49.593 478 1797 I audio_hw_hal_primary: already standby, do nothing
05-27 16:13:49.594 535 5424 D AudioFlinger: ro.audio.silent is ignored since no output device is set
05-27 16:13:49.603 478 1797 D xm_audio: adev_get_parameters
01-01 08:07:19.353 0 0 I [2 T351 ..] [hdmitx: ] set21_phy_by_mode_s7d[188] rterm = 7
01-01 08:07:19.354 0 0 I [3 T351 ..] [hdmitx: ] Sink is HDMI device
01-01 08:07:19.354 0 0 I [3 T351 ..] [hdmitx: ] clear vsif for non-4k mode.
01-01 08:07:19.355 0 0 I [3 T351 ..] [hdmitx: ] set audio
01-01 08:07:19.355 0 0 I [3 T351 ..] [hdmitx: ] audio_param->chs = 7
01-01 08:07:19.356 0 0 I [3 T351 ..] [hdmitx: ] aud_src_if = 1
01-01 08:07:19.356 0 0 I [3 T351 ..] [hdmitx: ] aud_n_para = 24576
05-27 16:13:49.610 478 1797 D audio_hw_hal_primary: [out_dump:848] io 2085: out:0xefc42400, fd:26
05-27 16:13:49.611 478 676 I audio_hw_hal_primary: [adev_uevent_callback:9131] uevent type=0
05-27 16:13:49.611 320 328 I SystemControl: [/UEventObserver.cpp, HDMITxUenventThreadLoop, 451] HDMI TX switch_name:hdmitx_vmode_audio, switch_state: 1
05-27 16:13:49.611 478 673 I audio_hw_hal_alsamgr: aml_alsa_output_write_new reset hdmitx alsa
05-27 16:13:49.611 320 328 I SystemControl: [/UEventObserver.cpp, HDMITxUenventThreadLoop, 451] HDMI TX switch_name:hdmitx_current_status, switch_state: 196
05-27 16:13:49.612 489 489 D hdmicecd: [HdmiCecControl]:getPhysicalAddress, physical addr: 2000, last pa: 2000, ret = 0
05-27 16:13:49.612 489 519 D hdmicecd: [HdmiCecControl]:getPhysicalAddress, physical addr: 2000, last pa: 2000, ret = 0
05-27 16:13:49.613 489 489 D hdmicecd: [HdmiCecControl]:getPhysicalAddress, physical addr: 2000, last pa: 2000, ret = 0
05-27 16:13:49.613 489 519 D hdmicecd: [HdmiCecControl]:getVendorId, vendorId: 0x1CA410
05-27 16:13:49.613 489 527 D hdmicecd: [HdmiCecControl]:getPhysicalAddress, physical addr: 2000, last pa: 2000, ret = 0
01-01 08:07:19.357 0 0 I [3 T351 ..] [hdmitx: ] vinfo: set cur_enc_ppc as 1, vpp color: 0
01-01 08:07:19.359 0 0 I [2 T673 ..] [snd-soc]: aml_audio_reset, reg 0xa, shift 10, use_vadtop 0
01-01 08:07:19.359 0 0 I [2 T673 ..] [snd-soc]: aml_audio_reset, reg 0xa, shift 13, use_vadtop 0
01-01 08:07:19.360 0 0 I [3 T351 ..] DOLBY: vout_notify_callback: VOUT_EVENT_MODE_CHANGE
01-01 08:07:19.360 0 0 I [2 T673 ..] [hdmitx: ] hdmitx_audio_notify_callback[804] type:12 rate:7 size:1 chs:8 i2s_ch_mask:15 aud_src_if:1
01-01 08:07:19.361 0 0 I : [3 T351 ..] vsync_pts_inc 1500 1/60
01-01 08:07:19.363 0 0 I [3 T673 ..] [hdmitx: ] aout notify format CT_MAT
01-01 08:07:19.363 0 0 I [3 T673 ..] [hdmitx: ] set audio
01-01 08:07:19.364 0 0 I [2 T673 ..] [hdmitx: ] audio_param->chs = 7
01-01 08:07:19.365 0 0 I [2 T673 ..] [hdmitx: ] aud_src_if = 1
05-27 16:13:49.613 715 715 D HDMI : addCecDevice new:CEC: logical_address: 0x04 device_type: 4 cec_version: 5 vendor_id: 1877008 display_name: DBBOX-A3 power_status: 0 physical_address: 0x2000 port_id: 0 old:null
05-27 16:13:49.614 489 489 I hdmicecd: [HdmiCecControl]:addr:4, allocate result:0
05-27 16:13:49.617 478 1797 D audio_hw_hal_primary: [out_set_parameters:971] out:0xefc42400 kvpairs:closing=true;exiting=1 out->out_device:0x400, adev->out_device:0x80002
05-27 16:13:49.617 478 1797 E audio_hw_hal_primary: out_set_parameters, ret:-2, hw_sync_mode:is false
01-01 08:07:19.365 0 0 I [2 T673 ..] [hdmitx: ] aud_n_para = 24576
01-01 08:07:19.366 0 0 I [2 T673 ..] [hdmitx: ] set audio param
01-01 08:07:19.366 0 0 I : [3 T351 ..] [drm] meson_vout_update_mode_name: hdmitx update vout 1 name 480p60hz.
05-27 16:13:49.620 320 328 I SystemControl: [/UEventObserver.cpp, HDMITxUenventThreadLoop, 451] HDMI TX switch_name:hdmitx_current_status, switch_state: 197
05-27 16:13:49.622 478 673 I audio_hw_hal_alsamgr: raw to lpcm switch aml_alsa_output_write
01-01 08:07:19.369 0 0 D [2 T673 ..] [snd-soc]: spdif_a is set to disable
01-01 08:07:19.369 0 0 I [2 T673 ..] [snd-soc]: aml_audio_reset, reg 0xa, shift 9, use_vadtop 0
01-01 08:07:19.369 0 0 I [2 T673 ..] [snd-soc]: aml_audio_reset, reg 0xa, shift 14, use_vadtop 0
01-01 08:07:19.370 0 0 I [2 T673 ..] [snd-soc]: sharebuffer_spdifout_prepare get_hdmitx_audio_src(rtd->card):3 spdif_id:0
01-01 08:07:19.372 0 0 D [2 T673 ..] [snd-soc]: spdif_a fifo ctrl, frddr:0 type:1, 16 bits, chmask 0x3, swap 0x10
01-01 08:07:19.375 0 0 D [3 T673 ..] [snd-soc]: spdif_a is set to enable
05-27 16:13:49.625 478 1797 I audio_hw_hal_primary: [out_set_event_callback:3158] io 2085: out:0xefc42400, callback:0xf1b4091d cookie:0xf2201810
05-27 16:13:49.626 478 1797 I audio_hw_hal_primary: [adev_close_output_stream_new:8052] io handle 2085: out:0xefc42400
05-27 16:13:49.626 478 1797 D audio_hw_hal_primary: adev_close_output_stream_new: enter usecase = RAW_HWSYNC
05-27 16:13:49.626 478 1797 I audio_hw_hal_primary: [adev_close_output_stream:3695] io 2085: out:0xefc42400 dev:OUT_HDMI(0x400) flags:0x51, usecase:RAW_HWSYNC
05-27 16:13:49.626 478 1797 D audio_hw_hal_primary: [out_standby_new:5767] io 2085: out:0xefc42400 usecase:RAW_HWSYNC
05-27 16:13:49.626 478 1797 I audio_hw_hal_primary: already standby, do nothing
05-27 16:13:49.626 478 1797 I audio_hw_hal_resourcemgr: [is_output_device_muted:710] device:0x2 port_mute:0, fade_mute:0
05-27 16:13:49.626 478 1797 I audio_hw_hal_primary: [adev_close_output_stream:3863] io 2085: out:0xefc42400 exit ------
05-27 16:13:49.626 478 673 I audio_hw_hal_ms12v2: dolby_ms12_threadloop alsa is not running
05-27 16:13:49.627 478 673 I audio_hw_hal_ms12v2: dolby_ms12_threadloop alsa is not running
05-27 16:13:49.627 489 489 D hdmicecd: [HdmiCecControl]:onAddressAllocated:4
05-27 16:13:49.628 478 673 I audio_hw_hal_ms12v2: dolby_ms12_threadloop alsa is not running
05-27 16:13:49.628 715 715 D HDMI : onAddressAllocated address:4 reason:4
05-27 16:13:49.628 478 673 I audio_hw_hal_ms12v2: dolby_ms12_threadloop alsa is not running
05-27 16:13:49.628 478 673 I audio_hw_hal_alsamgr: aml_alsa_output_write alsa_running_status[0xefc447f0] change from 0 to 1
05-27 16:13:49.629 535 878 D AudioFlinger: closing mmapThread 0xe75c24a0
05-27 16:13:49.629 290 351 D MesonHwc: sysfs(/sys/class/amhdmitx/amhdmitx0/frac_rate_policy) read int32_t (0)
05-27 16:13:49.629 290 351 D MesonHwc: sysfs(/sys/class/amhdmitx/amhdmitx0/frac_rate_policy) read int32_t (0)
05-27 16:13:49.629 290 351 D MesonHwc: setmode:crtc[63], name [480p60hz] -modeblob[132] [720x480-60.00] seamless:0 enableVrr:0
05-27 16:13:49.629 290 351 V MesonDisplayServer: GetDisplayMode:480p60hz
05-27 16:13:49.629 290 351 I MesonHwc: getDisplayMode mode:480p60hz
05-27 16:13:49.630 489 489 D hdmicecd: [HdmiCecControl]:getPhysicalAddress, physical addr: 2000, last pa: 2000, ret = 0
05-27 16:13:49.630 715 894 D HDMI : [S]: 4F:84:20:00:04
05-27 16:13:49.631 489 519 D hdmicecd: [HdmiCecControl]:getVendorId, vendorId: 0x1CA410
05-27 16:13:49.631 489 489 D hdmicecd: [HdmiCecControl]:getPhysicalAddress, physical addr: 2000, last pa: 2000, ret = 0
05-27 16:13:49.631 535 878 D AudioFlinger: mmapThread exit()
05-27 16:13:49.632 715 715 D HDMI : DeviceDiscoveryAction start com.android.server.hdmi.DeviceDiscoveryAction@bbf9193
05-27 16:13:49.632 478 5377 I audio_hw_hal_primary: [adev_close_output_stream_new:8052] io handle 2101: out:0xefc43260
05-27 16:13:49.632 478 5377 D audio_hw_hal_primary: adev_close_output_stream_new: enter usecase = PCM_MMAP
05-27 16:13:49.632 478 5377 I audio_hw_hal_primary: [adev_close_output_stream:3695] io 2101: out:0xefc43260 dev:OUT_HDMI(0x400) flags:0x4001, usecase:PCM_MMAP
05-27 16:13:49.632 478 5377 D audio_hw_hal_primary: [out_standby_new:5767] io 2101: out:0xefc43260 usecase:PCM_MMAP
05-27 16:13:49.632 478 5377 I audio_hw_hal_primary: already standby, do nothing
05-27 16:13:49.632 478 5377 I audio_hw_hal_mmap: [outMmapDeInit:743] stream:0xefc43260
05-27 16:13:49.632 478 5377 I audio_hw_hal_mmap: [mmap_audio_unregister_client:955] OK ! stream 0xefc43260, client id 0
05-27 16:13:49.633 478 5377 I audio_hw_hal_primary: when close aaudio stream, send STANDBY msg to submix & ms12
05-27 16:13:49.633 478 5377 I audio_hw_hal_ms12common: aml_set_ms12_scheduler_state ms12_scheduler_state:1, sch_state:1 SCHEDULER_STANDBY is sent to ms12
05-27 16:13:49.633 478 5377 I audio_hw_hal_resourcemgr: [is_output_device_muted:710] device:0x2 port_mute:0, fade_mute:0
05-27 16:13:49.633 478 5377 I audio_hw_hal_primary: [adev_close_output_stream:3863] io 2101: out:0xefc43260 exit ------
05-27 16:13:49.634 290 351 I MesonHwc: getContentTypeSupport: game is true
05-27 16:13:49.634 478 1797 D audio_hw_hal_primary: [out_dump:848] io 2117: out:0xefc4c220, fd:23
05-27 16:13:49.636 478 5377 D audio_hw_hal_primary: [out_set_parameters:971] out:0xefc4c220 kvpairs:closing=true;exiting=1 out->out_device:0x400, adev->out_device:0x80002
05-27 16:13:49.636 478 5377 E audio_hw_hal_primary: out_set_parameters, ret:-2, hw_sync_mode:is false
05-27 16:13:49.637 535 5416 D AudioFlinger: ro.audio.silent is ignored since no output device is set
05-27 16:13:49.638 478 5377 I audio_hw_hal_primary: [out_set_event_callback:3158] io 2117: out:0xefc4c220, callback:0xf1b4091d cookie:0xf2200550
05-27 16:13:49.638 478 5377 I audio_hw_hal_primary: [adev_close_output_stream_new:8052] io handle 2117: out:0xefc4c220
05-27 16:13:49.638 478 5377 D audio_hw_hal_primary: adev_close_output_stream_new: enter usecase = RAW_HWSYNC
05-27 16:13:49.638 478 5377 I audio_hw_hal_primary: [adev_close_output_stream:3695] io 2117: out:0xefc4c220 dev:OUT_HDMI(0x400) flags:0x41, usecase:RAW_HWSYNC
05-27 16:13:49.639 478 5377 D audio_hw_hal_primary: [out_standby_new:5767] io 2117: out:0xefc4c220 usecase:RAW_HWSYNC
05-27 16:13:49.639 478 5377 I audio_hw_hal_primary: already standby, do nothing
05-27 16:13:49.639 478 5377 I audio_hw_hal_resourcemgr: [is_output_device_muted:710] device:0x2 port_mute:0, fade_mute:0
05-27 16:13:49.639 478 5377 I audio_hw_hal_primary: [adev_close_output_stream:3863] io 2117: out:0xefc4c220 exit ------
05-27 16:13:49.641 290 351 I MesonHwc: set display-size:720x480
05-27 16:13:49.641 320 918 I SystemControl: [/Ubootenv.cpp, get, 336] [ubootenv] get key:480p_x envValue: 0
05-27 16:13:49.641 478 1797 D audio_hw_hal_primary: [out_dump:848] io 2125: out:0xefc4baf0, fd:23
05-27 16:13:49.642 478 1797 D audio_hw_hal_primary: [out_set_parameters:971] out:0xefc4baf0 kvpairs:closing=true;exiting=1 out->out_device:0x400, adev->out_device:0x80002
05-27 16:13:49.642 478 1797 E audio_hw_hal_primary: out_set_parameters, ret:-2, hw_sync_mode:is false
05-27 16:13:49.642 320 918 I SystemControl: [/Ubootenv.cpp, get, 336] [ubootenv] get key:480p_y envValue: 0
05-27 16:13:49.643 535 5419 D AudioFlinger: ro.audio.silent is ignored since no output device is set
05-27 16:13:49.643 478 1797 I audio_hw_hal_primary: [out_set_event_callback:3158] io 2125: out:0xefc4baf0, callback:0xf1b4091d cookie:0xf2200070
05-27 16:13:49.643 478 1797 I audio_hw_hal_primary: [adev_close_output_stream_new:8052] io handle 2125: out:0xefc4baf0
05-27 16:13:49.643 478 1797 D audio_hw_hal_primary: adev_close_output_stream_new: enter usecase = PCM_HWSYNC
05-27 16:13:49.644 478 1797 D audio_hw_hal_timer: func:audio_timer_delete delete timer.1 success.
05-27 16:13:49.644 478 1797 D audio_hw_hal_timer: func:audio_timer_delete delete timer.2 success.
05-27 16:13:49.644 478 1797 D audio_hw_hal_primary: [adev_close_output_stream_new:8076] timer_id:1 ret:2
05-27 16:13:49.644 478 1797 I audio_hw_hal_primary: [adev_close_output_stream:3695] io 2125: out:0xefc4baf0 dev:OUT_HDMI(0x400) flags:0x41, usecase:PCM_HWSYNC
05-27 16:13:49.644 478 1797 D audio_hw_hal_primary: [out_standby_new:5767] io 2125: out:0xefc4baf0 usecase:PCM_HWSYNC
05-27 16:13:49.644 478 1797 I audio_hw_hal_primary: already standby, do nothing
05-27 16:13:49.644 478 1797 I audio_hw_hal_resourcemgr: [is_output_device_muted:710] device:0x2 port_mute:0, fade_mute:0
05-27 16:13:49.644 478 1797 I audio_hw_hal_primary: [adev_close_output_stream:3863] io 2125: out:0xefc4baf0 exit ------
05-27 16:13:49.644 320 918 I SystemControl: [/Ubootenv.cpp, get, 336] [ubootenv] get key:480p_w envValue: 720
05-27 16:13:49.645 478 5377 D audio_hw_hal_primary: [out_dump:848] io 2141: out:0xefc47a40, fd:23
05-27 16:13:49.646 320 918 I SystemControl: [/Ubootenv.cpp, get, 336] [ubootenv] get key:480p_h envValue: 480
05-27 16:13:49.646 290 351 I MesonHwc: getPosition curMode:480p60hz position[0]:0 position[1]:0 position[2]:720 position[3]:480
05-27 16:13:49.646 290 351 I MesonHwc: setPosition curMode:480p60hz left:0 top:0 width:720 height:480
05-27 16:13:49.646 290 351 D MesonHwc: set key:ubootenv.var.480p_x value:0
05-27 16:13:49.646 320 918 I SystemControl: [/Ubootenv.cpp, updateValue, 68] [ubootenv] update value name [ubootenv.var.480p_x]: value [0]
05-27 16:13:49.646 320 918 I SystemControl: [/Ubootenv.cpp, get, 336] [ubootenv] get key:480p_x envValue: 0
05-27 16:13:49.647 478 5377 D audio_hw_hal_primary: [out_set_parameters:971] out:0xefc47a40 kvpairs:closing=true;exiting=1 out->out_device:0x400, adev->out_device:0x80002
05-27 16:13:49.647 478 5377 E audio_hw_hal_primary: out_set_parameters, ret:-2, hw_sync_mode:is false
05-27 16:13:49.648 535 5422 D AudioFlinger: ro.audio.silent is ignored since no output device is set
05-27 16:13:49.648 478 5377 I audio_hw_hal_primary: [out_set_event_callback:3158] io 2141: out:0xefc47a40, callback:0xf1b4091d cookie:0xf2200250
05-27 16:13:49.648 290 351 D MesonHwc: set key:ubootenv.var.480p_y value:0
05-27 16:13:49.649 478 5377 I audio_hw_hal_primary: [adev_close_output_stream_new:8052] io handle 2141: out:0xefc47a40
05-27 16:13:49.649 478 5377 D audio_hw_hal_primary: adev_close_output_stream_new: enter usecase = RAW_DIRECT
05-27 16:13:49.649 478 5377 I audio_hw_hal_primary: [adev_close_output_stream:3695] io 2141: out:0xefc47a40 dev:OUT_HDMI(0x400) flags:0x1, usecase:RAW_DIRECT
05-27 16:13:49.649 478 5377 D audio_hw_hal_primary: [out_standby_new:5767] io 2141: out:0xefc47a40 usecase:RAW_DIRECT
05-27 16:13:49.649 478 5377 I audio_hw_hal_primary: already standby, do nothing
05-27 16:13:49.649 478 5377 I audio_hw_hal_resourcemgr: [is_output_device_muted:710] device:0x2 port_mute:0, fade_mute:0
05-27 16:13:49.649 478 5377 I audio_hw_hal_primary: [adev_close_output_stream:3863] io 2141: out:0xefc47a40 exit ------
05-27 16:13:49.649 320 918 I SystemControl: [/Ubootenv.cpp, updateValue, 68] [ubootenv] update value name [ubootenv.var.480p_y]: value [0]
05-27 16:13:49.649 320 918 I SystemControl: [/Ubootenv.cpp, get, 336] [ubootenv] get key:480p_y envValue: 0
05-27 16:13:49.650 290 351 D MesonHwc: set key:ubootenv.var.480p_w value:720
05-27 16:13:49.650 320 918 I SystemControl: [/Ubootenv.cpp, updateValue, 68] [ubootenv] update value name [ubootenv.var.480p_w]: value [720]
05-27 16:13:49.650 320 918 I SystemControl: [/Ubootenv.cpp, get, 336] [ubootenv] get key:480p_w envValue: 720
05-27 16:13:49.650 478 5377 D audio_hw_hal_primary: [out_dump:848] io 2149: out:0xefc415a0, fd:23
05-27 16:13:49.651 290 351 D MesonHwc: set key:ubootenv.var.480p_h value:480
05-27 16:13:49.651 320 918 I SystemControl: [/Ubootenv.cpp, updateValue, 68] [ubootenv] update value name [ubootenv.var.480p_h]: value [480]
05-27 16:13:49.651 320 918 I SystemControl: [/Ubootenv.cpp, get, 336] [ubootenv] get key:480p_h envValue: 480
05-27 16:13:49.651 290 351 V MesonDisplayServer: SetDisplay[HDMI] DisplayRect to "(0,0,720,480)"
05-27 16:13:49.651 290 351 D MesonHwc: Display (0) ask for refresh.
05-27 16:13:49.651 290 351 V MesonDisplayServer: SetDisplayViewPort done
05-27 16:13:49.651 478 5377 D audio_hw_hal_primary: [out_set_parameters:971] out:0xefc415a0 kvpairs:closing=true;exiting=1 out->out_device:0x400, adev->out_device:0x80002
05-27 16:13:49.651 478 5377 E audio_hw_hal_primary: out_set_parameters, ret:-2, hw_sync_mode:is false
05-27 16:13:49.652 478 5377 I audio_hw_hal_primary: [out_set_event_callback:3158] io 2149: out:0xefc415a0, callback:0xf1b4091d cookie:0xf2200790
05-27 16:13:49.652 478 5377 I audio_hw_hal_primary: [adev_close_output_stream_new:8052] io handle 2149: out:0xefc415a0
05-27 16:13:49.652 478 5377 D audio_hw_hal_primary: adev_close_output_stream_new: enter usecase = RAW_DIRECT
05-27 16:13:49.652 478 5377 I audio_hw_hal_primary: [adev_close_output_stream:3695] io 2149: out:0xefc415a0 dev:OUT_HDMI(0x400) flags:0x11, usecase:RAW_DIRECT
05-27 16:13:49.652 478 5377 D audio_hw_hal_primary: [out_standby_new:5767] io 2149: out:0xefc415a0 usecase:RAW_DIRECT
05-27 16:13:49.652 478 5377 I audio_hw_hal_primary: already standby, do nothing
05-27 16:13:49.652 478 5377 I audio_hw_hal_resourcemgr: [is_output_device_muted:710] device:0x2 port_mute:0, fade_mute:0
05-27 16:13:49.652 478 5377 I audio_hw_hal_primary: [adev_close_output_stream:3863] io 2149: out:0xefc415a0 exit ------
05-27 16:13:49.653 478 478 D audio_hw_hal_primary: [out_dump:848] io 2157: out:0xefc40e70, fd:23
05-27 16:13:49.654 478 478 D audio_hw_hal_primary: [out_set_parameters:971] out:0xefc40e70 kvpairs:closing=true;exiting=1 out->out_device:0x400, adev->out_device:0x80002
05-27 16:13:49.654 478 478 E audio_hw_hal_primary: out_set_parameters, ret:-2, hw_sync_mode:is false
05-27 16:13:49.654 535 5424 D AudioFlinger: ro.audio.silent is ignored since no output device is set
05-27 16:13:49.655 478 478 I audio_hw_hal_primary: [out_set_event_callback:3158] io 2157: out:0xefc40e70, callback:0xf1b4091d cookie:0xf2202770
05-27 16:13:49.656 478 478 I audio_hw_hal_primary: [adev_close_output_stream_new:8052] io handle 2157: out:0xefc40e70
05-27 16:13:49.656 478 478 D audio_hw_hal_primary: adev_close_output_stream_new: enter usecase = RAW_DIRECT
05-27 16:13:49.656 478 478 I audio_hw_hal_primary: [adev_close_output_stream:3695] io 2157: out:0xefc40e70 dev:OUT_HDMI(0x400) flags:0x1, usecase:RAW_DIRECT
05-27 16:13:49.656 478 478 D audio_hw_hal_primary: [out_standby_new:5767] io 2157: out:0xefc40e70 usecase:RAW_DIRECT
05-27 16:13:49.656 478 478 I audio_hw_hal_primary: already standby, do nothing
05-27 16:13:49.656 478 478 I audio_hw_hal_resourcemgr: [is_output_device_muted:710] device:0x2 port_mute:0, fade_mute:0
05-27 16:13:49.656 478 478 I audio_hw_hal_primary: [adev_close_output_stream:3863] io 2157: out:0xefc40e70 exit ------
05-27 16:13:49.659 715 873 I AS.AudioDeviceInventory: sendDeviceConnectionIntent(dev:0x400 state:0x1 address: name:);
05-27 16:13:49.659 715 876 I AudioService: onAccessoryPlugMediaUnmute newDevice=1024 [hdmi]
05-27 16:13:49.666 931 931 V MediaRouter: Audio routes updated: AudioRoutesInfo{ type=HDMI }, a2dp=false
05-27 16:13:49.666 715 715 V MediaRouter: Audio routes updated: AudioRoutesInfo{ type=HDMI }, a2dp=false
05-27 16:13:49.667 931 931 V MediaRouter: Selecting route: RouteInfo{ name=外部设备, description=null, status=null, category=RouteCategory{ name=系统 types=ROUTE_TYPE_LIVE_AUDIO ROUTE_TYPE_LIVE_VIDEO groupable=false }, supportedTypes=ROUTE_TYPE_LIVE_AUDIO ROUTE_TYPE_LIVE_VIDEO , presentationDisplay=null }
05-27 16:13:49.667 715 715 V MediaRouter: Selecting route: RouteInfo{ name=外部设备, description=null, status=null, category=RouteCategory{ name=系统 types=ROUTE_TYPE_LIVE_AUDIO ROUTE_TYPE_LIVE_VIDEO groupable=false }, supportedTypes=ROUTE_TYPE_LIVE_AUDIO ROUTE_TYPE_LIVE_VIDEO , presentationDisplay=null }
05-27 16:13:49.668 1034 1302 D ActiveDeviceManager: onAudioDevicesAdded
05-27 16:13:49.668 1034 1034 D AvrcpVolumeManager: onAudioDevicesAdded: Not expecting device changed
05-27 16:13:49.668 1034 1302 D ActiveDeviceManager: Audio device added: DBBOX-A3 type: 9
05-27 16:13:49.671 478 5377 D xm_audio: adev_get_parameters
05-27 16:13:49.671 290 351 E MesonHwc: open file [/sys/class/amhdmitx/amhdmitx0/aud_mute] error:Permission denied
05-27 16:13:49.671 290 351 E MesonHwc: open file [/sys/class/amhdmitx/amhdmitx0/aud_mute] error:Permission denied
05-27 16:13:49.671 290 351 E MesonHwc: dolby vision driver is not ready
05-27 16:13:49.672 478 5377 D xm_audio: adev_get_parameters
05-27 16:13:49.672 290 351 I MesonHwc: setSysfsStr /sys/devices/virtual/amhdmitx/amhdmitx0/avmute= -1
05-27 16:13:49.672 290 5432 I MesonDisplay: [/HDCPTxAuth.cpp, authThread, 173] hdcp_tx thread loop entry
05-27 16:13:49.672 290 351 I MesonDisplay: [/HDCPTxAuth.cpp, start, 109] hdcp_tx, create hdcp thread id = 3890725312 done
05-27 16:13:49.672 290 5432 D MesonDisplay: read /sys/class/amhdmitx/amhdmitx0/hdcp_lstore, result length:0, val:
05-27 16:13:49.672 320 918 I SystemControl: [/Ubootenv.cpp, get, 345] [ubootenv] search end and not find env:digitaudiooutput
05-27 16:13:49.672 290 351 D MesonHwc: sc_read_bootenv val is empty
05-27 16:13:49.672 290 351 V MesonDisplayServer: GetDisplayMode:480p60hz
05-27 16:13:49.672 290 351 I MesonHwc: getDisplayMode mode:480p60hz
05-27 16:13:49.673 320 918 I SystemControl: [/Ubootenv.cpp, get, 336] [ubootenv] get key:hdmichecksum envValue: 0xc92b0000
05-27 16:13:49.673 290 351 D MesonHwc: get key:ubootenv.var.hdmichecksum value:0xc92b0000
01-01 08:07:19.419 0 0 I [3 T351 ..] [hdmitx: ] avmute_store -1
05-27 16:13:49.673 290 351 D MesonDisplayServer: use connector getDisplayAttribute "HDMI Color ATTR": "444,8bit"
05-27 16:13:49.673 290 351 D MesonHwc: set key:ubootenv.var.480p60hz_deepcolor value:444,8bit
05-27 16:13:49.673 320 918 I SystemControl: [/Ubootenv.cpp, updateValue, 68] [ubootenv] update value name [ubootenv.var.480p60hz_deepcolor]: value [444,8bit]
05-27 16:13:49.673 320 918 I SystemControl: [/Ubootenv.cpp, get, 336] [ubootenv] get key:480p60hz_deepcolor envValue: 444,8bit
05-27 16:13:49.673 290 351 D MesonHwc: set key:ubootenv.var.colorattribute value:444,8bit
05-27 16:13:49.674 320 918 I SystemControl: [/Ubootenv.cpp, updateValue, 68] [ubootenv] update value name [ubootenv.var.colorattribute]: value [444,8bit]
05-27 16:13:49.674 320 918 I SystemControl: [/Ubootenv.cpp, get, 336] [ubootenv] get key:colorattribute envValue: 444,8bit
05-27 16:13:49.674 290 351 D MesonHwc: set key:ubootenv.var.hdmi_colordepth value:8
05-27 16:13:49.674 320 918 I SystemControl: [/Ubootenv.cpp, updateValue, 68] [ubootenv] update value name [ubootenv.var.hdmi_colordepth]: value [8]
05-27 16:13:49.674 320 918 I SystemControl: [/Ubootenv.cpp, get, 336] [ubootenv] get key:hdmi_colordepth envValue: 8
05-27 16:13:49.674 290 351 D MesonHwc: set key:ubootenv.var.hdmi_colorspace value:auto
05-27 16:13:49.674 320 918 I SystemControl: [/Ubootenv.cpp, updateValue, 68] [ubootenv] update value name [ubootenv.var.hdmi_colorspace]: value [auto]
05-27 16:13:49.674 320 918 I SystemControl: [/Ubootenv.cpp, get, 336] [ubootenv] get key:hdmi_colorspace envValue: auto
05-27 16:13:49.674 290 351 D MesonHwc: set key:ubootenv.var.outputmode value:480p60hz
05-27 16:13:49.674 320 918 I SystemControl: [/Ubootenv.cpp, updateValue, 68] [ubootenv] update value name [ubootenv.var.outputmode]: value [480p60hz]
05-27 16:13:49.674 320 918 I SystemControl: [/Ubootenv.cpp, get, 336] [ubootenv] get key:outputmode envValue: 480p60hz
05-27 16:13:49.674 290 351 E MesonHwc: dolby vision driver is not ready
05-27 16:13:49.674 290 351 I MesonHwc: MBOX is not support dv, dvstatus amdv_type 0 dv_enable 0
05-27 16:13:49.674 290 351 I MesonHwc: colorattr: 444,8bit, outputMode 480p60hz, cd 8, cs auto
05-27 16:13:49.674 290 351 D MesonHwc: received Uevent: change@/devices/virtual/amhdmitx/amhdmitx0
05-27 16:13:49.674 290 351 D MesonHwc: received Uevent: ACTION=change
05-27 16:13:49.674 290 351 D MesonHwc: received Uevent: DEVPATH=/devices/virtual/amhdmitx/amhdmitx0
05-27 16:13:49.674 290 351 D MesonHwc: received Uevent: SUBSYSTEM=amhdmitx
05-27 16:13:49.674 290 351 D MesonHwc: received Uevent: hdmitx_audio=1
05-27 16:13:49.674 290 351 D MesonHwc: received Uevent: MAJOR=492
05-27 16:13:49.674 290 351 D MesonHwc: received Uevent: MINOR=0
05-27 16:13:49.674 290 351 D MesonHwc: received Uevent: DEVNAME=amhdmitx0
05-27 16:13:49.674 290 351 D MesonHwc: received Uevent: SEQNUM=5696
05-27 16:13:49.675 290 351 D MesonHwc: received Uevent: change@/devices/virtual/amhdmitx/amhdmitx0
05-27 16:13:49.675 290 351 D MesonHwc: received Uevent: ACTION=change
05-27 16:13:49.675 290 351 D MesonHwc: received Uevent: DEVPATH=/devices/virtual/amhdmitx/amhdmitx0
05-27 16:13:49.675 290 351 D MesonHwc: received Uevent: SUBSYSTEM=amhdmitx
05-27 16:13:49.675 290 351 D MesonHwc: received Uevent: hdmitx_audio=1
05-27 16:13:49.675 290 351 D MesonHwc: received Uevent: MAJOR=492
05-27 16:13:49.675 290 351 D MesonHwc: received Uevent: MINOR=0
05-27 16:13:49.675 290 351 D MesonHwc: received Uevent: DEVNAME=amhdmitx0
05-27 16:13:49.675 290 351 D MesonHwc: received Uevent: SEQNUM=5696
05-27 16:13:49.675 290 351 D MesonHwc: received Uevent: change@/devices/platform/vout
05-27 16:13:49.675 290 351 D MesonHwc: received Uevent: ACTION=change
05-27 16:13:49.675 290 351 D MesonHwc: received Uevent: DEVPATH=/devices/platform/vout
05-27 16:13:49.675 290 351 D MesonHwc: received Uevent: SUBSYSTEM=platform
05-27 16:13:49.675 290 351 D MesonHwc: received Uevent: vout_setmode=1
05-27 16:13:49.675 290 351 D MesonHwc: ModeChange state: [Begin to change]
05-27 16:13:49.675 290 351 D MesonHwc: On mode change state: [Begin to change]
05-27 16:13:49.675 290 351 D MesonHwc: received Uevent: change@/devices/virtual/amhdmitx/amhdmitx0
05-27 16:13:49.675 290 351 D MesonHwc: received Uevent: ACTION=change
05-27 16:13:49.675 290 351 D MesonHwc: received Uevent: DEVPATH=/devices/virtual/amhdmitx/amhdmitx0
05-27 16:13:49.675 290 351 D MesonHwc: received Uevent: SUBSYSTEM=amhdmitx
05-27 16:13:49.675 290 351 D MesonHwc: received Uevent: hdmitx_vmode_audio=1
05-27 16:13:49.675 290 351 D MesonHwc: received Uevent: MAJOR=492
05-27 16:13:49.675 290 351 D MesonHwc: received Uevent: MINOR=0
05-27 16:13:49.675 290 351 D MesonHwc: received Uevent: DEVNAME=amhdmitx0
05-27 16:13:49.675 290 351 D MesonHwc: received Uevent: SEQNUM=5701
05-27 16:13:49.675 290 351 D MesonHwc: received Uevent: ATIBLE_N=1
05-27 16:13:49.675 290 351 D MesonHwc: received Uevent: MODALIAS=of:NvoutT(null)Camlogic,_vout
05-27 16:13:49.675 290 351 D MesonHwc: received Uevent: SEQNUM=5700
05-27 16:13:49.675 290 351 D MesonHwc: received Uevent: Camlogic,_aocec-s7d
05-27 16:13:49.675 290 351 D MesonHwc: received Uevent: SEQNUM=5698
05-27 16:13:49.675 290 351 D MesonHwc: received Uevent: 5Ap0000C081
05-27 16:13:49.675 290 351 D MesonHwc: received Uevent: SEQNUM=3612
05-27 16:13:49.675 290 351 D MesonHwc: received Uevent: bfd4444600000000 1 130ff38b17c000 677bfad9415fed 9ed68000004400 10000002
05-27 16:13:49.675 290 351 D MesonHwc: received Uevent: REL=1040
05-27 16:13:49.675 290 351 D MesonHwc: received Uevent: ABS=100000000
05-27 16:13:49.675 290 351 D MesonHwc: received Uevent: MSC=10
05-27 16:13:49.675 290 351 D MesonHwc: received Uevent: MODALIAS=input:b0005v1D5ApC081e0000-e0,1,2,3,4,k71,72,73,74,77,80,82,83,85,86,87,88,89,8A,8B,8C,8E,90,96,98,9B,9C,9E,9F,A1,A3,A4,A5,A6,A7,A8,A9,AB,AC,AD,AE,B0,B1,B2,B5,B6,CE,CF,D0,D1,D2,D4,D8,D9,DB,DF,E0,E1,E4,E5,E6,E7,E8,E9,EA,EB,F0,F1,F4,100,161,162,166,16A,16E,172,174,176,177,178,179,17A,17B,17C,17D,17F,180,182,183,185,188,189,18C,18D,18E,18F,190,191,192,193,195,197,198,199,19A,19C,1A0,1A1,1A2,1A3,1A4,1A5,1A6,1A7,1A8,1A9,1AA,1AB,1AC,1AD,1AE,1AF,1B0,1B1,1B7,1BA,240,241,242,243,244,245,246,247,249,24A,250,251,r6,C,a20,m4,lsfw
05-27 16:13:49.675 290 351 D MesonHwc: received Uevent: SEQNUM=3609
05-27 16:13:49.675 290 351 D MesonHwc: received Uevent: change@/devices/virtual/amhdmitx/amhdmitx0
05-27 16:13:49.675 290 351 D MesonHwc: received Uevent: ACTION=change
05-27 16:13:49.675 290 351 D MesonHwc: received Uevent: DEVPATH=/devices/virtual/amhdmitx/amhdmitx0
05-27 16:13:49.675 290 351 D MesonHwc: received Uevent: SUBSYSTEM=amhdmitx
05-27 16:13:49.675 290 351 D MesonHwc: received Uevent: hdmitx_vmode_audio=1
05-27 16:13:49.675 290 351 D MesonHwc: received Uevent: MAJOR=492
05-27 16:13:49.675 290 351 D MesonHwc: received Uevent: MINOR=0
05-27 16:13:49.675 290 351 D MesonHwc: received Uevent: DEVNAME=amhdmitx0
05-27 16:13:49.675 290 351 D MesonHwc: received Uevent: SEQNUM=5701
05-27 16:13:49.675 290 351 D MesonHwc: received Uevent: ATIBLE_N=1
05-27 16:13:49.675 290 351 D MesonHwc: received Uevent: MODALIAS=of:NvoutT(null)Camlogic,_vout
05-27 16:13:49.675 290 351 D MesonHwc: received Uevent: SEQNUM=5700
05-27 16:13:49.675 290 351 D MesonHwc: received Uevent: Camlogic,_aocec-s7d
05-27 16:13:49.675 290 351 D MesonHwc: received Uevent: SEQNUM=5698
05-27 16:13:49.675 290 351 D MesonHwc: received Uevent: 5Ap0000C081
05-27 16:13:49.675 290 351 D MesonHwc: received Uevent: SEQNUM=3612
05-27 16:13:49.675 290 351 D MesonHwc: received Uevent: bfd4444600000000 1 130ff38b17c000 677bfad9415fed 9ed68000004400 10000002
05-27 16:13:49.675 290 351 D MesonHwc: received Uevent: REL=1040
05-27 16:13:49.675 290 351 D MesonHwc: received Uevent: ABS=100000000
05-27 16:13:49.675 290 351 D MesonHwc: received Uevent: MSC=10
05-27 16:13:49.675 290 351 D MesonHwc: received Uevent: MODALIAS=input:b0005v1D5ApC081e0000-e0,1,2,3,4,k71,72,73,74,77,80,82,83,85,86,87,88,89,8A,8B,8C,8E,90,96,98,9B,9C,9E,9F,A1,A3,A4,A5,A6,A7,A8,A9,AB,AC,AD,AE,B0,B1,B2,B5,B6,CE,CF,D0,D1,D2,D4,D8,D9,DB,DF,E0,E1,E4,E5,E6,E7,E8,E9,EA,EB,F0,F1,F4,100,161,162,166,16A,16E,172,174,176,177,178,179,17A,17B,17C,17D,17F,180,182,183,185,188,189,18C,18D,18E,18F,190,191,192,193,195,197,198,199,19A,19C,1A0,1A1,1A2,1A3,1A4,1A5,1A6,1A7,1A8,1A9,1AA,1AB,1AC,1AD,1AE,1AF,1B0,1B1,1B7,1BA,240,241,242,243,244,245,246,247,249,24A,250,251,r6,C,a20,m4,lsfw
05-27 16:13:49.675 290 351 D MesonHwc: received Uevent: SEQNUM=3609
05-27 16:13:49.675 290 351 D MesonHwc: received Uevent: change@/devices/virtual/amhdmitx/amhdmitx0
05-27 16:13:49.675 290 351 D MesonHwc: received Uevent: ACTION=change
05-27 16:13:49.675 290 351 D MesonHwc: received Uevent: DEVPATH=/devices/virtual/amhdmitx/amhdmitx0
05-27 16:13:49.675 290 351 D MesonHwc: received Uevent: SUBSYSTEM=amhdmitx
05-27 16:13:49.675 290 351 D MesonHwc: received Uevent: hdmitx_current_status=196
05-27 16:13:49.675 290 351 D MesonHwc: received Uevent: MAJOR=492
05-27 16:13:49.675 290 351 D MesonHwc: received Uevent: MINOR=0
05-27 16:13:49.675 290 351 D MesonHwc: received Uevent: DEVNAME=amhdmitx0
05-27 16:13:49.675 290 351 D MesonHwc: received Uevent: SEQNUM=5702
05-27 16:13:49.675 290 351 D MesonHwc: received Uevent: E_N=1
05-27 16:13:49.675 290 351 D MesonHwc: received Uevent: MODALIAS=of:NvoutT(null)Camlogic,_vout
05-27 16:13:49.675 290 351 D MesonHwc: received Uevent: SEQNUM=5700
05-27 16:13:49.675 290 351 D MesonHwc: received Uevent: Camlogic,_aocec-s7d
05-27 16:13:49.675 290 351 D MesonHwc: received Uevent: SEQNUM=5698
05-27 16:13:49.675 290 351 D MesonHwc: received Uevent: 5Ap0000C081
05-27 16:13:49.675 290 351 D MesonHwc: received Uevent: SEQNUM=3612
05-27 16:13:49.675 290 351 D MesonHwc: received Uevent: bfd4444600000000 1 130ff38b17c000 677bfad9415fed 9ed68000004400 10000002
05-27 16:13:49.675 290 351 D MesonHwc: received Uevent: REL=1040
05-27 16:13:49.675 290 351 D MesonHwc: received Uevent: ABS=100000000
05-27 16:13:49.676 290 351 D MesonHwc: received Uevent: MSC=10
05-27 16:13:49.676 290 351 D MesonHwc: received Uevent: MODALIAS=input:b0005v1D5ApC081e0000-e0,1,2,3,4,k71,72,73,74,77,80,82,83,85,86,87,88,89,8A,8B,8C,8E,90,96,98,9B,9C,9E,9F,A1,A3,A4,A5,A6,A7,A8,A9,AB,AC,AD,AE,B0,B1,B2,B5,B6,CE,CF,D0,D1,D2,D4,D8,D9,DB,DF,E0,E1,E4,E5,E6,E7,E8,E9,EA,EB,F0,F1,F4,100,161,162,166,16A,16E,172,174,176,177,178,179,17A,17B,17C,17D,17F,180,182,183,185,188,189,18C,18D,18E,18F,190,191,192,193,195,197,198,199,19A,19C,1A0,1A1,1A2,1A3,1A4,1A5,1A6,1A7,1A8,1A9,1AA,1AB,1AC,1AD,1AE,1AF,1B0,1B1,1B7,1BA,240,241,242,243,244,245,246,247,249,24A,250,251,r6,C,a20,m4,lsfw
05-27 16:13:49.676 290 351 D MesonHwc: received Uevent: SEQNUM=3609
05-27 16:13:49.676 290 351 D MesonHwc: received Uevent: change@/devices/virtual/amhdmitx/amhdmitx0
05-27 16:13:49.676 290 351 D MesonHwc: received Uevent: ACTION=change
05-27 16:13:49.676 290 351 D MesonHwc: received Uevent: DEVPATH=/devices/virtual/amhdmitx/amhdmitx0
05-27 16:13:49.676 290 351 D MesonHwc: received Uevent: SUBSYSTEM=amhdmitx
05-27 16:13:49.676 290 351 D MesonHwc: received Uevent: hdmitx_current_status=196
05-27 16:13:49.676 290 351 D MesonHwc: received Uevent: MAJOR=492
05-27 16:13:49.676 290 351 D MesonHwc: received Uevent: MINOR=0
05-27 16:13:49.676 290 351 D MesonHwc: received Uevent: DEVNAME=amhdmitx0
05-27 16:13:49.676 290 351 D MesonHwc: received Uevent: SEQNUM=5702
05-27 16:13:49.676 290 351 D MesonHwc: received Uevent: E_N=1
05-27 16:13:49.676 290 351 D MesonHwc: received Uevent: MODALIAS=of:NvoutT(null)Camlogic,_vout
05-27 16:13:49.676 290 351 D MesonHwc: received Uevent: SEQNUM=5700
05-27 16:13:49.676 290 351 D MesonHwc: received Uevent: Camlogic,_aocec-s7d
05-27 16:13:49.676 290 351 D MesonHwc: received Uevent: SEQNUM=5698
05-27 16:13:49.676 290 351 D MesonHwc: received Uevent: 5Ap0000C081
05-27 16:13:49.676 290 351 D MesonHwc: received Uevent: SEQNUM=3612
05-27 16:13:49.676 290 351 D MesonHwc: received Uevent: bfd4444600000000 1 130ff38b17c000 677bfad9415fed 9ed68000004400 10000002
05-27 16:13:49.676 290 351 D MesonHwc: received Uevent: REL=1040
05-27 16:13:49.676 290 351 D MesonHwc: received Uevent: ABS=100000000
05-27 16:13:49.676 290 351 D MesonHwc: received Uevent: MSC=10
05-27 16:13:49.676 290 351 D MesonHwc: received Uevent: MODALIAS=input:b0005v1D5ApC081e0000-e0,1,2,3,4,k71,72,73,74,77,80,82,83,85,86,87,88,89,8A,8B,8C,8E,90,96,98,9B,9C,9E,9F,A1,A3,A4,A5,A6,A7,A8,A9,AB,AC,AD,AE,B0,B1,B2,B5,B6,CE,CF,D0,D1,D2,D4,D8,D9,DB,DF,E0,E1,E4,E5,E6,E7,E8,E9,EA,EB,F0,F1,F4,100,161,162,166,16A,16E,172,174,176,177,178,179,17A,17B,17C,17D,17F,180,182,183,185,188,189,18C,18D,18E,18F,190,191,192,193,195,197,198,199,19A,19C,1A0,1A1,1A2,1A3,1A4,1A5,1A6,1A7,1A8,1A9,1AA,1AB,1AC,1AD,1AE,1AF,1B0,1B1,1B7,1BA,240,241,242,243,244,245,246,247,249,24A,250,251,r6,C,a20,m4,lsfw
05-27 16:13:49.676 290 351 D MesonHwc: received Uevent: SEQNUM=3609
05-27 16:13:49.676 290 351 D MesonHwc: received Uevent: change@/devices/platform/vout
05-27 16:13:49.676 290 351 D MesonHwc: received Uevent: ACTION=change
05-27 16:13:49.676 290 351 D MesonHwc: received Uevent: DEVPATH=/devices/platform/vout
05-27 16:13:49.676 290 351 D MesonHwc: received Uevent: SUBSYSTEM=platform
05-27 16:13:49.676 290 351 D MesonHwc: received Uevent: vout_setmode=0
05-27 16:13:49.676 290 351 D MesonHwc: ModeChange state: [Complete]
05-27 16:13:49.676 290 351 D MesonHwc: DrmProperty: EDID (1), value [126]
05-27 16:13:49.676 290 351 D MesonHwc: DrmProperty: content type (77), value [0]
05-27 16:13:49.676 290 351 D MesonHwc: DrmProperty: vrr_capable (78), value [0]
05-27 16:13:49.676 290 351 D MesonHwc: DrmProperty: UPDATE (79), value [0]
05-27 16:13:49.676 290 351 D MesonHwc: DrmProperty: color_depth (80), value [8]
05-27 16:13:49.676 290 351 D MesonHwc: DrmProperty: color_space (81), value [2]
05-27 16:13:49.676 290 351 D MesonHwc: DrmProperty: MESON_DRM_HDMITX_PROP_AVMUTE (82), value [0]
05-27 16:13:49.677 290 351 D MesonHwc: DrmProperty: hdmi_hdr_status (83), value [6]
05-27 16:13:49.677 290 351 D MesonHwc: DrmProperty: dv_cap (85), value [0]
05-27 16:13:49.677 290 351 D MesonHwc: DrmProperty: contenttype_cap (89), value [31]
05-27 16:13:49.677 290 351 D MesonHwc: DrmProperty: hdr_priority (91), value [268435472]
05-27 16:13:49.677 290 351 D MesonHwc: DrmProperty: ready (92), value [1]
05-27 16:13:49.677 290 351 D MesonHwc: DrmProperty: allm_cap (95), value [0]
05-27 16:13:49.677 290 351 D MesonHwc: DrmProperty: dc_cap (96), value [1016]
05-27 16:13:49.677 290 351 E MesonHwc: dolby vision driver is not ready
05-27 16:13:49.678 290 351 I MesonHwc: hdr_preference (dolby_vision)
05-27 16:13:49.678 290 351 E MesonHwc: dolby vision driver is not ready
05-27 16:13:49.678 290 351 D MesonHwc: dolby version:0, dv3:0, hlg:0, hdr10:0, hdr10+:0 max:0, avg:0, min:0
05-27 16:13:49.678 290 351 D MesonHwc: dolby version 4k30:0
05-27 16:13:49.678 478 478 D xm_audio: adev_get_parameters
05-27 16:13:49.678 290 351 D MesonHwc: Connector HDMI-A loadDisplayModes get 22 modes
05-27 16:13:49.678 290 351 D MesonHwc: add fraction display mode (1920x1080p120hz)
05-27 16:13:49.678 290 351 I MesonHwc: add display mode (1920x1080p120hz-1920x1080p120hz-110, 1920x1080, 120.000000) dpi(42406,42203), hskew(1)
05-27 16:13:49.678 290 351 D MesonHwc: add fraction display mode (smpte24hz)
05-27 16:13:49.678 290 351 I MesonHwc: add display mode (smpte24hz-smpte24hz-111, 4096x2160, 24.000000) dpi(90468,84406), hskew(1)
05-27 16:13:49.678 290 351 D MesonHwc: add fraction display mode (2160p30hz)
05-27 16:13:49.678 290 351 I MesonHwc: add display mode (2160p30hz-2160p30hz-112, 3840x2160, 30.000000) dpi(84813,84406), hskew(1)
05-27 16:13:49.678 290 351 I MesonHwc: add display mode (2160p25hz-2160p25hz-113, 3840x2160, 25.000000) dpi(84813,84406), hskew(1)
05-27 16:13:49.678 290 351 D MesonHwc: add fraction display mode (2160p24hz)
05-27 16:13:49.678 290 351 I MesonHwc: add display mode (2160p24hz-2160p24hz-114, 3840x2160, 24.000000) dpi(84813,84406), hskew(1)
05-27 16:13:49.678 290 351 D MesonHwc: add fraction display mode (1920x1080i120hz)
05-27 16:13:49.678 290 351 I MesonHwc: add display mode (1920x1080i120hz-1920x1080i120hz-115, 1920x1080, 120.000000) dpi(42406,42203), hskew(1)
05-27 16:13:49.678 290 351 D MesonHwc: add fraction display mode (1080p60hz)
05-27 16:13:49.678 290 351 I MesonHwc: add display mode (1080p60hz-1080p60hz-116, 1920x1080, 60.000000) dpi(42406,42203), hskew(1)
05-27 16:13:49.678 290 351 D MesonHwc: add fraction display mode (1080i60hz)
05-27 16:13:49.679 290 351 I MesonHwc: add display mode (1080i60hz-1080i60hz-117, 1920x1080, 60.000000) dpi(42406,42203), hskew(1)
05-27 16:13:49.679 290 351 I MesonHwc: add display mode (1080p50hz-1080p50hz-118, 1920x1080, 50.000000) dpi(42406,42203), hskew(1)
05-27 16:13:49.679 290 351 I MesonHwc: add display mode (1080i50hz-1080i50hz-119, 1920x1080, 50.000000) dpi(42406,42203), hskew(1)
05-27 16:13:49.679 290 351 D MesonHwc: add fraction display mode (1080p30hz)
05-27 16:13:49.679 290 351 I MesonHwc: add display mode (1080p30hz-1080p30hz-120, 1920x1080, 30.000000) dpi(42406,42203), hskew(1)
05-27 16:13:49.679 290 351 D MesonHwc: add fraction display mode (1080p24hz)
05-27 16:13:49.679 290 351 I MesonHwc: add display mode (1080p24hz-1080p24hz-121, 1920x1080, 24.000000) dpi(42406,42203), hskew(1)
05-27 16:13:49.679 290 351 D MesonHwc: add fraction display mode (1280x720p120hz)
05-27 16:13:49.679 290 351 I MesonHwc: add display mode (1280x720p120hz-1280x720p120hz-122, 1280x720, 120.000000) dpi(28271,28135), hskew(1)
05-27 16:13:49.679 290 351 D MesonHwc: add fraction display mode (720p60hz)
05-27 16:13:49.679 290 351 I MesonHwc: add display mode (720p60hz-720p60hz-123, 1280x720, 60.000000) dpi(28271,28135), hskew(1)
05-27 16:13:49.679 290 351 I MesonHwc: add display mode (720p50hz-720p50hz-124, 1280x720, 50.000000) dpi(28271,28135), hskew(1)
05-27 16:13:49.679 290 351 D MesonHwc: add fraction display mode (720p30hz)
05-27 16:13:49.679 290 351 I MesonHwc: add display mode (720p30hz-720p30hz-125, 1280x720, 30.000000) dpi(28271,28135), hskew(1)
05-27 16:13:49.679 290 351 D MesonHwc: add fraction display mode (720p24hz)
05-27 16:13:49.679 290 351 I MesonHwc: add display mode (720p24hz-720p24hz-127, 1280x720, 24.000000) dpi(28271,28135), hskew(1)
05-27 16:13:49.679 290 351 I MesonHwc: add display mode (576p50hz-576p50hz-129, 720x576, 50.000000) dpi(15902,22508), hskew(1)
05-27 16:13:49.679 290 351 I MesonHwc: add display mode (576i50hz-576i50hz-130, 720x576, 50.000000) dpi(15902,22508), hskew(1)
05-27 16:13:49.679 290 351 D MesonHwc: add fraction display mode (720x480p120hz)
05-27 16:13:49.679 290 351 I MesonHwc: add display mode (720x480p120hz-720x480p120hz-131, 720x480, 120.000000) dpi(15902,18756), hskew(1)
05-27 16:13:49.679 290 351 D MesonHwc: add fraction display mode (480p60hz)
05-27 16:13:49.679 290 351 I MesonHwc: add display mode (480p60hz-480p60hz-133, 720x480, 60.000000) dpi(15902,18756), hskew(1)
05-27 16:13:49.679 290 351 D MesonHwc: add fraction display mode (480i60hz)
05-27 16:13:49.679 290 351 I MesonHwc: add display mode (480i60hz-480i60hz-134, 720x480, 60.000000) dpi(15902,18756), hskew(1)
05-27 16:13:49.679 290 351 I MesonHwc: loadDisplayModes (38) end
05-27 16:13:49.679 290 351 D MesonHwc: ERR: PLEASE FIX NON-IMPLEMENT FUN(update).
05-27 16:13:49.679 290 351 D MesonHwc: RealModeMgr::update: nextModeId:775
05-27 16:13:49.679 290 351 D MesonHwc: RealModeMgr::update get current mode:480p60hz
05-27 16:13:49.679 290 351 D MesonHwc: RealModeMgr::update use current mode (720x480-60.00)
05-27 16:13:49.679 290 351 D MesonHwc: On mode change state: [Complete]
05-27 16:13:49.679 290 351 D MesonHwc: getSupportedContentTypes: DrmConnector HDMI-A get supported content type 1
05-27 16:13:49.679 290 351 D MesonHwc: getSupportedContentTypes: DrmConnector HDMI-A get supported content type 2
05-27 16:13:49.679 290 351 D MesonHwc: getSupportedContentTypes: DrmConnector HDMI-A get supported content type 3
05-27 16:13:49.679 290 351 D MesonHwc: getSupportedContentTypes: DrmConnector HDMI-A get supported content type 4
05-27 16:13:49.679 290 351 D MesonHwc: Hwc2Display::onModeChanged getDisplayMode [480p60hz]
05-27 16:13:49.679 290 351 D MesonHwc: [setConnectorStatus]: power mode 1
05-27 16:13:49.679 290 351 I MesonHwc: HwcConfig::default frame buffer size (1920 x 1080)
05-27 16:13:49.679 290 351 D MesonHwc: onModeChanged mObserver->onHotplug(true) hdrCapsChanged:0
05-27 16:13:49.679 290 351 D MesonHwc: drmplane clear drm bo caches
05-27 16:13:49.679 290 351 D MesonHwc: drmplane clear drm bo caches
05-27 16:13:49.679 290 351 D MesonHwc: cleanupBeforeDestroy displayId:0, clear layers
05-27 16:13:49.679 290 351 D MesonHwc: On hotplug, Fn: 0x989b931, Data: 0xe8cc35e0, display: 0, connection: 1
05-27 16:13:49.679 290 351 D MesonComposer3: halEventcallback onHotplug client3.0
05-27 16:13:49.679 478 478 D xm_audio: adev_get_parameters
05-27 16:13:49.680 290 382 E MesonHwc: getPort 11
05-27 16:13:49.680 290 382 E MesonHwc: getPort 11
05-27 16:13:49.680 320 918 I SystemControl: notify plugin
05-27 16:13:49.680 320 918 I SystemControl: [/SystemControlHal.cpp, onEvent, 72] onEvent event:3, client size:5
05-27 16:13:49.680 488 509 I SystemControlClient: notifyCallback event type:3
05-27 16:13:49.680 488 509 I SystemControlClient: notifyCallback: listener is NULL.
05-27 16:13:49.680 486 592 I SystemControlClient: notifyCallback event type:3
05-27 16:13:49.680 486 592 I SystemControlClient: notifyCallback: listener is NULL.
05-27 16:13:49.680 240 800 I SystemControlClient: notifyCallback event type:3
05-27 16:13:49.680 240 800 I SystemControlClient: notifyCallback: listener is NULL.
05-27 16:13:49.681 1053 1179 I SystemControlEvent: system control callback event: 3
05-27 16:13:49.681 290 351 D MesonHwc: Display (0) ask for refresh.
05-27 16:13:49.681 290 351 D MesonHwc: Update period fe502a->1107a76
05-27 16:13:49.681 290 351 D MesonHwc: Update period fe502a->1107a76
05-27 16:13:49.681 290 351 D MesonHwc: Update period fe502a->1107a76
05-27 16:13:49.681 290 351 D MesonHwc: received Uevent: change@/devices/virtual/amhdmitx/amhdmitx0
05-27 16:13:49.681 290 351 D MesonHwc: received Uevent: ACTION=change
05-27 16:13:49.681 290 351 D MesonHwc: received Uevent: DEVPATH=/devices/virtual/amhdmitx/amhdmitx0
05-27 16:13:49.681 290 351 D MesonHwc: received Uevent: SUBSYSTEM=amhdmitx
05-27 16:13:49.681 290 351 D MesonHwc: received Uevent: hdmitx_current_status=197
05-27 16:13:49.681 290 351 D MesonHwc: received Uevent: MAJOR=492
05-27 16:13:49.681 290 351 D MesonHwc: received Uevent: MINOR=0
05-27 16:13:49.682 290 351 D MesonHwc: received Uevent: DEVNAME=amhdmitx0
05-27 16:13:49.682 290 351 D MesonHwc: received Uevent: SEQNUM=5704
05-27 16:13:49.682 290 351 D MesonHwc: received Uevent: E_N=1
05-27 16:13:49.682 290 351 D MesonHwc: received Uevent: MODALIAS=of:NvoutT(null)Camlogic,_vout
05-27 16:13:49.682 290 351 D MesonHwc: received Uevent: SEQNUM=5703
05-27 16:13:49.682 290 351 D MesonHwc: received Uevent: Camlogic,_aocec-s7d
05-27 16:13:49.682 290 351 D MesonHwc: received Uevent: SEQNUM=5698
05-27 16:13:49.682 290 351 D MesonHwc: received Uevent: 5Ap0000C081
05-27 16:13:49.682 290 351 D MesonHwc: received Uevent: SEQNUM=3612
05-27 16:13:49.682 290 351 D MesonHwc: received Uevent: bfd4444600000000 1 130ff38b17c000 677bfad9415fed 9ed68000004400 10000002
05-27 16:13:49.682 290 351 D MesonHwc: received Uevent: REL=1040
05-27 16:13:49.682 290 351 D MesonHwc: received Uevent: ABS=100000000
05-27 16:13:49.682 290 351 D MesonHwc: received Uevent: MSC=10
05-27 16:13:49.682 290 351 D MesonHwc: received Uevent: MODALIAS=input:b0005v1D5ApC081e0000-e0,1,2,3,4,k71,72,73,74,77,80,82,83,85,86,87,88,89,8A,8B,8C,8E,90,96,98,9B,9C,9E,9F,A1,A3,A4,A5,A6,A7,A8,A9,AB,AC,AD,AE,B0,B1,B2,B5,B6,CE,CF,D0,D1,D2,D4,D8,D9,DB,DF,E0,E1,E4,E5,E6,E7,E8,E9,EA,EB,F0,F1,F4,100,161,162,166,16A,16E,172,174,176,177,178,179,17A,17B,17C,17D,17F,180,182,183,185,188,189,18C,18D,18E,18F,190,191,192,193,195,197,198,199,19A,19C,1A0,1A1,1A2,1A3,1A4,1A5,1A6,1A7,1A8,1A9,1AA,1AB,1AC,1AD,1AE,1AF,1B0,1B1,1B7,1BA,240,241,242,243,244,245,246,247,249,24A,250,251,r6,C,a20,m4,lsfw
05-27 16:13:49.682 487 516 I SystemControlClient: notifyCallback event type:3
05-27 16:13:49.682 290 351 D MesonHwc: received Uevent: SEQNUM=3609
05-27 16:13:49.682 487 516 I SystemControlClient: notifyCallback: listener is NULL.
05-27 16:13:49.682 290 351 D MesonHwc: received Uevent: change@/devices/virtual/amhdmitx/amhdmitx0
05-27 16:13:49.682 290 351 D MesonHwc: received Uevent: ACTION=change
05-27 16:13:49.682 290 351 D MesonHwc: received Uevent: DEVPATH=/devices/virtual/amhdmitx/amhdmitx0
05-27 16:13:49.682 290 351 D MesonHwc: received Uevent: SUBSYSTEM=amhdmitx
05-27 16:13:49.682 290 351 D MesonHwc: received Uevent: hdmitx_current_status=197
05-27 16:13:49.682 290 351 D MesonHwc: received Uevent: MAJOR=492
05-27 16:13:49.682 290 351 D MesonHwc: received Uevent: MINOR=0
05-27 16:13:49.682 290 351 D MesonHwc: received Uevent: DEVNAME=amhdmitx0
05-27 16:13:49.682 290 351 D MesonHwc: received Uevent: SEQNUM=5704
05-27 16:13:49.682 290 351 D MesonHwc: received Uevent: E_N=1
05-27 16:13:49.682 290 351 D MesonHwc: received Uevent: MODALIAS=of:NvoutT(null)Camlogic,_vout
05-27 16:13:49.682 290 351 D MesonHwc: received Uevent: SEQNUM=5703
05-27 16:13:49.682 290 351 D MesonHwc: received Uevent: Camlogic,_aocec-s7d
05-27 16:13:49.682 290 351 D MesonHwc: received Uevent: SEQNUM=5698
05-27 16:13:49.682 290 351 D MesonHwc: received Uevent: 5Ap0000C081
05-27 16:13:49.682 290 351 D MesonHwc: received Uevent: SEQNUM=3612
05-27 16:13:49.682 290 351 D MesonHwc: received Uevent: bfd4444600000000 1 130ff38b17c000 677bfad9415fed 9ed68000004400 10000002
05-27 16:13:49.682 290 351 D MesonHwc: received Uevent: REL=1040
05-27 16:13:49.682 290 351 D MesonHwc: received Uevent: ABS=100000000
05-27 16:13:49.682 290 351 D MesonHwc: received Uevent: MSC=10
05-27 16:13:49.682 290 351 D MesonHwc: received Uevent: MODALIAS=input:b0005v1D5ApC081e0000-e0,1,2,3,4,k71,72,73,74,77,80,82,83,85,86,87,88,89,8A,8B,8C,8E,90,96,98,9B,9C,9E,9F,A1,A3,A4,A5,A6,A7,A8,A9,AB,AC,AD,AE,B0,B1,B2,B5,B6,CE,CF,D0,D1,D2,D4,D8,D9,DB,DF,E0,E1,E4,E5,E6,E7,E8,E9,EA,EB,F0,F1,F4,100,161,162,166,16A,16E,172,174,176,177,178,179,17A,17B,17C,17D,17F,180,182,183,185,188,189,18C,18D,18E,18F,190,191,192,193,195,197,198,199,19A,19C,1A0,1A1,1A2,1A3,1A4,1A5,1A6,1A7,1A8,1A9,1AA,1AB,1AC,1AD,1AE,1AF,1B0,1B1,1B7,1BA,240,241,242,243,244,245,246,247,249,24A,250,251,r6,C,a20,m4,lsfw
05-27 16:13:49.682 290 351 D MesonHwc: received Uevent: SEQNUM=3609
05-27 16:13:49.683 1444 1444 E xxxxxxxxxxxxxxx: onReceive:mIsHDMIPlugged = true
05-27 16:13:49.691 264 264 I SurfaceFlinger: Reconnecting display 4620747849504298251 (HAL ID 0)
05-27 16:13:49.691 478 478 D xm_audio: adev_get_parameters
05-27 16:13:49.692 478 478 D xm_audio: adev_get_parameters
05-27 16:13:49.697 478 478 D xm_audio: adev_get_parameters
05-27 16:13:49.698 478 478 D xm_audio: adev_get_parameters
05-27 16:13:49.702 478 478 D xm_audio: adev_get_parameters
05-27 16:13:49.703 290 382 E MesonComposer3: destroyLayer: display:0 failed to destroy layer:361
05-27 16:13:49.703 264 264 E HwcComposer: destroyLayer failed Status(-8, EX_SERVICE_SPECIFIC): '3: '
05-27 16:13:49.703 264 264 E HWC2 : destroyLayer(0, 361) failed: BadLayer (3)
05-27 16:13:49.703 290 382 E MesonComposer3: destroyLayer: display:0 failed to destroy layer:104
05-27 16:13:49.704 264 264 E HwcComposer: destroyLayer failed Status(-8, EX_SERVICE_SPECIFIC): '3: '
05-27 16:13:49.704 264 264 E HWC2 : destroyLayer(0, 104) failed: BadLayer (3)
05-27 16:13:49.704 478 478 D xm_audio: adev_get_parameters
05-27 16:13:49.704 264 264 E HwcComposer: setClientTargetSlotCount failed Status(-8, EX_SERVICE_SPECIFIC): '4: '
05-27 16:13:49.708 264 264 I Scheduler: Display 4620747849504298251 is the pacesetter
05-27 16:13:49.709 264 5405 E SchedulerTimer: Terminated
05-27 16:13:49.709 264 264 D SurfaceFlinger: Setting power mode 2 on display 4620747849504298251
05-27 16:13:49.709 264 394 W EventThread: Failed dispatching Hotplug{displayId=4620747849504298251, connected} for Connection{0xf2543110, VSyncRequest::None}
05-27 16:13:49.709 264 393 W EventThread: Failed dispatching Hotplug{displayId=4620747849504298251, connected} for Connection{0xf2542d10, VSyncRequest::None}
05-27 16:13:49.709 290 382 D MesonHwc: setPowerMode 2
05-27 16:13:49.709 264 264 D SurfaceFlinger: Finished setting power mode 2 on display 4620747849504298251
05-27 16:13:49.711 290 382 I MesonDisplay: [/mode_policy.c, meson_mode_set_policy, 1177] connector:0 to policy:0
