05-27 16:13:36.124 290 351 I MesonHwc: add display mode (480i60hz-480i60hz-134, 720x480, 60.000000) dpi(15902,18756), hskew(1)
05-27 16:13:36.124 290 351 I MesonHwc: loadDisplayModes (38) end
05-27 16:13:36.124 290 351 D MesonHwc: ERR: PLEASE FIX NON-IMPLEMENT FUN(update).
05-27 16:13:36.124 290 351 D MesonHwc: On mode change state: [Complete]
05-27 16:13:36.124 290 351 D MesonHwc: Hwc2Display::onModeChanged getDisplayMode [480p60hz]
05-27 16:13:36.124 290 351 D MesonHwc: [setConnectorStatus]: power mode 1
05-27 16:13:36.125 320 371 I SystemControl: [/Ubootenv.cpp, get, 336] [ubootenv] get key:480p_x envValue: 0
05-27 16:13:36.125 320 911 I SystemControl: [/Ubootenv.cpp, get, 336] [ubootenv] get key:480p_y envValue: 0
05-27 16:13:36.126 320 918 I SystemControl: [/Ubootenv.cpp, get, 336] [ubootenv] get key:480p_w envValue: 720
05-27 16:13:36.126 320 371 I SystemControl: [/Ubootenv.cpp, get, 336] [ubootenv] get key:480p_h envValue: 480
05-27 16:13:36.126 290 382 I MesonHwc: getPosition curMode:480p60hz position[0]:0 position[1]:0 position[2]:720 position[3]:480
05-27 16:13:36.126 290 382 I MesonHwc: setPosition curMode:480p60hz left:0 top:0 width:720 height:480
05-27 16:13:36.126 290 382 V MesonDisplayServer: SetDisplay[HDMI] DisplayRect to "(0,0,720,480)"
05-27 16:13:36.126 290 382 D MesonHwc: Display (0) ask for refresh.
05-27 16:13:36.127 290 382 V MesonDisplayServer: SetDisplayViewPort done
05-27 16:13:36.147 290 382 E MesonHwc: open file [/sys/class/amhdmitx/amhdmitx0/aud_mute] error:Permission denied
05-27 16:13:36.147 290 382 E MesonHwc: open file [/sys/class/amhdmitx/amhdmitx0/aud_mute] error:Permission denied
05-27 16:13:36.147 290 382 E MesonHwc: dolby vision driver is not ready
05-27 16:13:36.147 290 382 I MesonHwc: setSysfsStr /sys/devices/virtual/amhdmitx/amhdmitx0/avmute= -1
05-27 16:13:36.148 290 5323 I MesonDisplay: [/HDCPTxAuth.cpp, authThread, 173] hdcp_tx thread loop entry
01-01 08:07:05.895 0 0 I [0 T382 ..] [hdmitx: ] avmute_store -1
05-27 16:13:36.148 290 382 I MesonDisplay: [/HDCPTxAuth.cpp, start, 109] hdcp_tx, create hdcp thread id = 3890725312 done
05-27 16:13:36.148 290 5323 D MesonDisplay: read /sys/class/amhdmitx/amhdmitx0/hdcp_lstore, result length:0, val:
05-27 16:13:36.148 320 371 I SystemControl: [/Ubootenv.cpp, get, 345] [ubootenv] search end and not find env:digitaudiooutput
05-27 16:13:36.148 290 382 D MesonHwc: sc_read_bootenv val is empty
05-27 16:13:36.148 290 382 V MesonDisplayServer: GetDisplayMode:480p60hz
05-27 16:13:36.149 290 382 I MesonHwc: getDisplayMode mode:480p60hz
05-27 16:13:36.149 320 918 I SystemControl: [/Ubootenv.cpp, get, 336] [ubootenv] get key:hdmichecksum envValue: 0xc92b0000
05-27 16:13:36.149 290 382 D MesonHwc: get key:ubootenv.var.hdmichecksum value:0xc92b0000
05-27 16:13:36.149 290 382 D MesonDisplayServer: use connector getDisplayAttribute "HDMI Color ATTR": "444,8bit"
05-27 16:13:36.149 290 382 D MesonHwc: set key:ubootenv.var.480p60hz_deepcolor value:444,8bit
05-27 16:13:36.149 320 371 I SystemControl: [/Ubootenv.cpp, updateValue, 68] [ubootenv] update value name [ubootenv.var.480p60hz_deepcolor]: value [444,8bit]
05-27 16:13:36.150 320 371 I SystemControl: [/Ubootenv.cpp, get, 336] [ubootenv] get key:480p60hz_deepcolor envValue: 444,8bit
05-27 16:13:36.150 290 382 D MesonHwc: set key:ubootenv.var.colorattribute value:444,8bit
05-27 16:13:36.150 320 918 I SystemControl: [/Ubootenv.cpp, updateValue, 68] [ubootenv] update value name [ubootenv.var.colorattribute]: value [444,8bit]
05-27 16:13:36.150 320 918 I SystemControl: [/Ubootenv.cpp, get, 336] [ubootenv] get key:colorattribute envValue: 444,8bit
05-27 16:13:36.150 290 382 D MesonHwc: set key:ubootenv.var.hdmi_colordepth value:8
05-27 16:13:36.150 320 911 I SystemControl: [/Ubootenv.cpp, updateValue, 68] [ubootenv] update value name [ubootenv.var.hdmi_colordepth]: value [8]
05-27 16:13:36.151 320 911 I SystemControl: [/Ubootenv.cpp, get, 336] [ubootenv] get key:hdmi_colordepth envValue: 8
05-27 16:13:36.151 290 382 D MesonHwc: set key:ubootenv.var.hdmi_colorspace value:auto
05-27 16:13:36.151 320 371 I SystemControl: [/Ubootenv.cpp, updateValue, 68] [ubootenv] update value name [ubootenv.var.hdmi_colorspace]: value [auto]
05-27 16:13:36.151 320 371 I SystemControl: [/Ubootenv.cpp, get, 336] [ubootenv] get key:hdmi_colorspace envValue: auto
05-27 16:13:36.151 290 382 D MesonHwc: set key:ubootenv.var.outputmode value:480p60hz
05-27 16:13:36.151 320 918 I SystemControl: [/Ubootenv.cpp, updateValue, 68] [ubootenv] update value name [ubootenv.var.outputmode]: value [480p60hz]
05-27 16:13:36.151 320 918 I SystemControl: [/Ubootenv.cpp, get, 336] [ubootenv] get key:outputmode envValue: 720p24hz
05-27 16:13:36.153 320 918 I SystemControl: [/Ubootenv.cpp, printValues, 137] [ubootenv] printenv end
05-27 16:13:36.160 320 918 I SystemControl: [/Ubootenv.cpp, updateValue, 104] [ubootenv] Save ubootenv to /dev/block/by-name/env succeed!
05-27 16:13:36.160 290 382 E MesonHwc: dolby vision driver is not ready
05-27 16:13:36.160 290 382 I MesonHwc: MBOX is not support dv, dvstatus amdv_type 0 dv_enable 0
05-27 16:13:36.160 290 382 I MesonHwc: colorattr: 444,8bit, outputMode 480p60hz, cd 8, cs auto
05-27 16:13:36.160 290 382 I MesonDisplay: [/mode_policy.c, meson_mode_set_policy, 1177] connector:0 to policy:8
05-27 16:13:36.160 290 351 I MesonHwc: HwcConfig::default frame buffer size (1920 x 1080)
05-27 16:13:36.160 290 351 D MesonHwc: mModeMgr->resetTags
05-27 16:13:36.160 290 351 D MesonHwc: Display (0) ask for refresh.
05-27 16:13:36.160 290 351 D MesonHwc: Update period fe502a->27bc86a
05-27 16:13:36.160 290 351 D MesonHwc: Update period fe502a->27bc86a
05-27 16:13:36.160 290 351 D MesonHwc: Update period fe502a->27bc86a
05-27 16:13:36.160 290 351 D MesonHwc: received Uevent: change@/devices/virtual/amhdmitx/amhdmitx0
05-27 16:13:36.160 290 351 D MesonHwc: received Uevent: ACTION=change
05-27 16:13:36.160 290 351 D MesonHwc: received Uevent: DEVPATH=/devices/virtual/amhdmitx/amhdmitx0
05-27 16:13:36.160 290 351 D MesonHwc: received Uevent: SUBSYSTEM=amhdmitx
05-27 16:13:36.160 290 351 D MesonHwc: received Uevent: hdmitx_current_status=174
05-27 16:13:36.160 290 351 D MesonHwc: received Uevent: MAJOR=492
05-27 16:13:36.160 290 351 D MesonHwc: received Uevent: MINOR=0
05-27 16:13:36.160 290 351 D MesonHwc: received Uevent: DEVNAME=amhdmitx0
05-27 16:13:36.161 290 351 D MesonHwc: received Uevent: SEQNUM=5604
05-27 16:13:36.161 290 351 D MesonHwc: received Uevent: E_N=1
05-27 16:13:36.161 290 351 D MesonHwc: received Uevent: MODALIAS=of:NvoutT(null)Camlogic,_vout
05-27 16:13:36.161 290 351 D MesonHwc: received Uevent: SEQNUM=5603
05-27 16:13:36.161 290 351 D MesonHwc: received Uevent: Camlogic,_aocec-s7d
05-27 16:13:36.161 290 351 D MesonHwc: received Uevent: SEQNUM=5599
05-27 16:13:36.161 290 351 D MesonHwc: received Uevent: 5Ap0000C081
05-27 16:13:36.161 290 351 D MesonHwc: received Uevent: SEQNUM=3612
05-27 16:13:36.161 290 351 D MesonHwc: received Uevent: bfd4444600000000 1 130ff38b17c000 677bfad9415fed 9ed68000004400 10000002
05-27 16:13:36.161 290 351 D MesonHwc: received Uevent: REL=1040
05-27 16:13:36.161 290 351 D MesonHwc: received Uevent: ABS=100000000
05-27 16:13:36.161 290 351 D MesonHwc: received Uevent: MSC=10
05-27 16:13:36.161 290 351 D MesonHwc: received Uevent: MODALIAS=input:b0005v1D5ApC081e0000-e0,1,2,3,4,k71,72,73,74,77,80,82,83,85,86,87,88,89,8A,8B,8C,8E,90,96,98,9B,9C,9E,9F,A1,A3,A4,A5,A6,A7,A8,A9,AB,AC,AD,AE,B0,B1,B2,B5,B6,CE,CF,D0,D1,D2,D4,D8,D9,DB,DF,E0,E1,E4,E5,E6,E7,E8,E9,EA,EB,F0,F1,F4,100,161,162,166,16A,16E,172,174,176,177,178,179,17A,17B,17C,17D,17F,180,182,183,185,188,189,18C,18D,18E,18F,190,191,192,193,195,197,198,199,19A,19C,1A0,1A1,1A2,1A3,1A4,1A5,1A6,1A7,1A8,1A9,1AA,1AB,1AC,1AD,1AE,1AF,1B0,1B1,1B7,1BA,240,241,242,243,244,245,246,247,249,24A,250,251,r6,C,a20,m4,lsfw
05-27 16:13:36.161 290 351 D MesonHwc: received Uevent: SEQNUM=3609
05-27 16:13:36.161 290 351 D MesonHwc: received Uevent: change@/devices/virtual/amhdmitx/amhdmitx0
05-27 16:13:36.161 290 351 D MesonHwc: received Uevent: ACTION=change
05-27 16:13:36.161 290 351 D MesonHwc: received Uevent: DEVPATH=/devices/virtual/amhdmitx/amhdmitx0
05-27 16:13:36.161 290 351 D MesonHwc: received Uevent: SUBSYSTEM=amhdmitx
05-27 16:13:36.161 290 351 D MesonHwc: received Uevent: hdmitx_current_status=174
05-27 16:13:36.161 290 351 D MesonHwc: received Uevent: MAJOR=492
05-27 16:13:36.161 290 351 D MesonHwc: received Uevent: MINOR=0
05-27 16:13:36.161 290 351 D MesonHwc: received Uevent: DEVNAME=amhdmitx0
05-27 16:13:36.161 290 351 D MesonHwc: received Uevent: SEQNUM=5604
05-27 16:13:36.161 290 351 D MesonHwc: received Uevent: E_N=1
05-27 16:13:36.161 290 351 D MesonHwc: received Uevent: MODALIAS=of:NvoutT(null)Camlogic,_vout
05-27 16:13:36.161 290 351 D MesonHwc: received Uevent: SEQNUM=5603
05-27 16:13:36.161 290 351 D MesonHwc: received Uevent: Camlogic,_aocec-s7d
05-27 16:13:36.161 290 351 D MesonHwc: received Uevent: SEQNUM=5599
05-27 16:13:36.161 290 351 D MesonHwc: received Uevent: 5Ap0000C081
05-27 16:13:36.161 290 351 D MesonHwc: received Uevent: SEQNUM=3612
05-27 16:13:36.161 290 351 D MesonHwc: received Uevent: bfd4444600000000 1 130ff38b17c000 677bfad9415fed 9ed68000004400 10000002
05-27 16:13:36.161 290 351 D MesonHwc: received Uevent: REL=1040
05-27 16:13:36.161 290 351 D MesonHwc: received Uevent: ABS=100000000
05-27 16:13:36.161 290 351 D MesonHwc: received Uevent: MSC=10
05-27 16:13:36.161 290 351 D MesonHwc: received Uevent: MODALIAS=input:b0005v1D5ApC081e0000-e0,1,2,3,4,k71,72,73,74,77,80,82,83,85,86,87,88,89,8A,8B,8C,8E,90,96,98,9B,9C,9E,9F,A1,A3,A4,A5,A6,A7,A8,A9,AB,AC,AD,AE,B0,B1,B2,B5,B6,CE,CF,D0,D1,D2,D4,D8,D9,DB,DF,E0,E1,E4,E5,E6,E7,E8,E9,EA,EB,F0,F1,F4,100,161,162,166,16A,16E,172,174,176,177,178,179,17A,17B,17C,17D,17F,180,182,183,185,188,189,18C,18D,18E,18F,190,191,192,193,195,197,198,199,19A,19C,1A0,1A1,1A2,1A3,1A4,1A5,1A6,1A7,1A8,1A9,1AA,1AB,1AC,1AD,1AE,1AF,1B0,1B1,1B7,1BA,240,241,242,243,244,245,246,247,249,24A,250,251,r6,C,a20,m4,lsfw
05-27 16:13:36.161 290 351 D MesonHwc: received Uevent: SEQNUM=3609
05-27 16:13:36.161 290 351 D MesonHwc: received Uevent: change@/devices/virtual/amhdmitx/amhdmitx0
05-27 16:13:36.161 290 351 D MesonHwc: received Uevent: ACTION=change
05-27 16:13:36.161 290 351 D MesonHwc: received Uevent: DEVPATH=/devices/virtual/amhdmitx/amhdmitx0
05-27 16:13:36.161 290 351 D MesonHwc: received Uevent: SUBSYSTEM=amhdmitx
05-27 16:13:36.161 290 351 D MesonHwc: received Uevent: hdmitx_current_status=175
05-27 16:13:36.161 290 351 D MesonHwc: received Uevent: MAJOR=492
05-27 16:13:36.161 290 351 D MesonHwc: received Uevent: MINOR=0
05-27 16:13:36.161 290 351 D MesonHwc: received Uevent: DEVNAME=amhdmitx0
05-27 16:13:36.161 290 351 D MesonHwc: received Uevent: SEQNUM=5605
05-27 16:13:36.161 290 351 D MesonHwc: received Uevent: E_N=1
05-27 16:13:36.161 290 351 D MesonHwc: received Uevent: MODALIAS=of:NvoutT(null)Camlogic,_vout
05-27 16:13:36.161 290 351 D MesonHwc: received Uevent: SEQNUM=5603
05-27 16:13:36.161 290 351 D MesonHwc: received Uevent: Camlogic,_aocec-s7d
05-27 16:13:36.161 290 351 D MesonHwc: received Uevent: SEQNUM=5599
05-27 16:13:36.161 290 351 D MesonHwc: received Uevent: 5Ap0000C081
05-27 16:13:36.161 290 351 D MesonHwc: received Uevent: SEQNUM=3612
05-27 16:13:36.161 290 351 D MesonHwc: received Uevent: bfd4444600000000 1 130ff38b17c000 677bfad9415fed 9ed68000004400 10000002
05-27 16:13:36.161 290 351 D MesonHwc: received Uevent: REL=1040
05-27 16:13:36.161 290 351 D MesonHwc: received Uevent: ABS=100000000
05-27 16:13:36.161 290 351 D MesonHwc: received Uevent: MSC=10
05-27 16:13:36.161 290 351 D MesonHwc: received Uevent: MODALIAS=input:b0005v1D5ApC081e0000-e0,1,2,3,4,k71,72,73,74,77,80,82,83,85,86,87,88,89,8A,8B,8C,8E,90,96,98,9B,9C,9E,9F,A1,A3,A4,A5,A6,A7,A8,A9,AB,AC,AD,AE,B0,B1,B2,B5,B6,CE,CF,D0,D1,D2,D4,D8,D9,DB,DF,E0,E1,E4,E5,E6,E7,E8,E9,EA,EB,F0,F1,F4,100,161,162,166,16A,16E,172,174,176,177,178,179,17A,17B,17C,17D,17F,180,182,183,185,188,189,18C,18D,18E,18F,190,191,192,193,195,197,198,199,19A,19C,1A0,1A1,1A2,1A3,1A4,1A5,1A6,1A7,1A8,1A9,1AA,1AB,1AC,1AD,1AE,1AF,1B0,1B1,1B7,1BA,240,241,242,243,244,245,246,247,249,24A,250,251,r6,C,a20,m4,lsfw
05-27 16:13:36.161 290 351 D MesonHwc: received Uevent: SEQNUM=3609
05-27 16:13:36.161 290 351 D MesonHwc: received Uevent: change@/devices/virtual/amhdmitx/amhdmitx0
05-27 16:13:36.161 290 351 D MesonHwc: received Uevent: ACTION=change
05-27 16:13:36.161 290 351 D MesonHwc: received Uevent: DEVPATH=/devices/virtual/amhdmitx/amhdmitx0
05-27 16:13:36.161 290 351 D MesonHwc: received Uevent: SUBSYSTEM=amhdmitx
05-27 16:13:36.161 290 351 D MesonHwc: received Uevent: hdmitx_current_status=175
05-27 16:13:36.161 290 351 D MesonHwc: received Uevent: MAJOR=492
05-27 16:13:36.161 290 351 D MesonHwc: received Uevent: MINOR=0
05-27 16:13:36.161 290 351 D MesonHwc: received Uevent: DEVNAME=amhdmitx0
05-27 16:13:36.161 290 351 D MesonHwc: received Uevent: SEQNUM=5605
05-27 16:13:36.161 290 351 D MesonHwc: received Uevent: E_N=1
05-27 16:13:36.162 290 351 D MesonHwc: received Uevent: MODALIAS=of:NvoutT(null)Camlogic,_vout
05-27 16:13:36.162 290 351 D MesonHwc: received Uevent: SEQNUM=5603
05-27 16:13:36.162 290 351 D MesonHwc: received Uevent: Camlogic,_aocec-s7d
05-27 16:13:36.162 290 351 D MesonHwc: received Uevent: SEQNUM=5599
05-27 16:13:36.162 290 351 D MesonHwc: received Uevent: 5Ap0000C081
05-27 16:13:36.162 290 351 D MesonHwc: received Uevent: SEQNUM=3612
05-27 16:13:36.162 290 351 D MesonHwc: received Uevent: bfd4444600000000 1 130ff38b17c000 677bfad9415fed 9ed68000004400 10000002
05-27 16:13:36.162 290 351 D MesonHwc: received Uevent: REL=1040
05-27 16:13:36.162 290 351 D MesonHwc: received Uevent: ABS=100000000
05-27 16:13:36.162 290 351 D MesonHwc: received Uevent: MSC=10
05-27 16:13:36.162 290 351 D MesonHwc: received Uevent: MODALIAS=input:b0005v1D5ApC081e0000-e0,1,2,3,4,k71,72,73,74,77,80,82,83,85,86,87,88,89,8A,8B,8C,8E,90,96,98,9B,9C,9E,9F,A1,A3,A4,A5,A6,A7,A8,A9,AB,AC,AD,AE,B0,B1,B2,B5,B6,CE,CF,D0,D1,D2,D4,D8,D9,DB,DF,E0,E1,E4,E5,E6,E7,E8,E9,EA,EB,F0,F1,F4,100,161,162,166,16A,16E,172,174,176,177,178,179,17A,17B,17C,17D,17F,180,182,183,185,188,189,18C,18D,18E,18F,190,191,192,193,195,197,198,199,19A,19C,1A0,1A1,1A2,1A3,1A4,1A5,1A6,1A7,1A8,1A9,1AA,1AB,1AC,1AD,1AE,1AF,1B0,1B1,1B7,1BA,240,241,242,243,244,245,246,247,249,24A,250,251,r6,C,a20,m4,lsfw
05-27 16:13:36.162 290 351 D MesonHwc: received Uevent: SEQNUM=3609
05-27 16:13:36.165 290 382 D MesonHwc: Display (0) timeline changed.
05-27 16:13:36.166 264 264 E HwcComposer: setClientTargetSlotCount failed Status(-8, EX_SERVICE_SPECIFIC): '4: '
05-27 16:13:36.174 264 264 I Scheduler: Display 4620747849504298251 is the pacesetter
05-27 16:13:36.174 264 5198 E SchedulerTimer: Terminated
05-27 16:13:36.175 264 264 D SurfaceFlinger: Setting power mode 2 on display 4620747849504298251
05-27 16:13:36.175 264 394 W EventThread: Failed dispatching Hotplug{displayId=4620747849504298251, connected} for Connection{0xf2543110, VSyncRequest::None}
05-27 16:13:36.175 264 393 W EventThread: Failed dispatching Hotplug{displayId=4620747849504298251, connected} for Connection{0xf2542d10, VSyncRequest::None}
05-27 16:13:36.175 290 382 D MesonHwc: setPowerMode 2
05-27 16:13:36.175 264 264 D SurfaceFlinger: Finished setting power mode 2 on display 4620747849504298251
05-27 16:13:36.176 264 1051 W HWComposer: Ignoring duplicate VSYNC event from HWC for display 4620747849504298251 (t=425766212000)
05-27 16:13:36.179 290 382 I MesonDisplay: [/mode_policy.c, meson_mode_set_policy, 1177] connector:0 to policy:0
05-27 16:13:36.179 290 382 I MesonDisplay: [/mode_policy.c, is_dv_prefer, 66] not prefer dv, hdr_priority:10000010
05-27 16:13:36.179 290 382 I MesonDisplay: [/mode_policy.c, is_dv_prefer, 66] not prefer dv, hdr_priority:10000010
05-27 16:13:36.179 290 382 I MesonDisplay: [/mode_policy_parser.c, is_support_hdmimode, 115] is_support_hdmimode mode: 2160p60hz not support
05-27 16:13:36.179 290 382 I MesonDisplay: [/mode_policy_parser.c, is_support_hdmimode, 115] is_support_hdmimode mode: 2160p50hz not support
05-27 16:13:36.179 290 382 I MesonDisplay: [/mode_policy_parser.c, is_support_hdmimode, 110] is_support_hdmimode mode: 1080p60hz
05-27 16:13:36.179 290 382 I MesonDisplay: [/mode_policy.c, get_highest_mode_by_policy, 978] get_highest_mode_by_policy preferred mode:[1080p60hz]
05-27 16:13:36.179 290 382 I MesonDisplay: [/mode_policy.c, get_hdmi_outputmode, 1018] get_hdmi_outputmode mode:1080p60hz
05-27 16:13:36.179 290 382 I MesonDisplay: [/mode_policy.c, sdr_scene_process, 1146] final_displaymode:1080p60hz
05-27 16:13:36.179 290 382 I MesonDisplay: [/mode_policy.c, get_best_color_attr, 613] get_best_color_attr current mode:[1080p60hz] brr_mode:[1080p60hz]
05-27 16:13:36.179 290 382 D MesonDisplay: meson_write /sys/class/amhdmitx/amhdmitx0/valid_mode, outputmode:1080p60hz444,8bit
05-27 16:13:36.179 290 382 D MesonDisplay: valid mode is true!
05-27 16:13:36.179 290 382 I MesonDisplay: [/mode_policy.c, get_best_color_attr, 679] support current mode:[1080p60hz], color format:[444,8bit]
05-27 16:13:36.180 290 382 I MesonDisplay: [/mode_policy.c, get_hdmi_color_attr, 1081] get hdmi color attribute : [444,8bit], outputmode is: [1080p60hz]
05-27 16:13:36.180 290 382 I MesonDisplay: [/mode_policy.c, update_deepcolor, 1107] colorattribute = 444,8bit
05-27 16:13:36.180 290 382 I MesonDisplay: [/mode_policy.c, sdr_scene_process, 1163] final_deepcolor = 444,8bit
05-27 16:13:36.180 290 382 I MesonDisplay: [/mode_policy.c, meson_mode_get_policy_output, 1289] final_displaymode:1080p60hz, final_deepcolor:444,8bit, amdv_type:0
05-27 16:13:36.180 290 382 I MesonHwc: getPreferredDisplayConfig [1080p60hz]
05-27 16:13:36.180 290 382 I MesonDisplay: [/mode_policy.c, meson_mode_set_policy, 1177] connector:0 to policy:8
05-27 16:13:36.180 290 382 D MesonHwc: getPreferredBootConfig outConfig = 691 (1920x1080@59.940060)
05-27 16:13:36.181 715 741 D LocalDisplayAdapter: The active mode was changed from SurfaceFlinger or the display device to {id=622, width=720, height=480, fps=60.000004, alternativeRefreshRates=[], supportedHdrTypes=[]}
05-27 16:13:36.181 715 741 D LocalDisplayAdapter: The render frame rate was changed from SurfaceFlinger or the display device to 60.000004
05-27 16:13:36.182 715 741 I DisplayDeviceRepository: Display device changed: DisplayDeviceInfo{"内置屏幕": uniqueId="local:4620747849504298251", 1280 x 720, modeId 620, renderFrameRate 24.000002, defaultModeId 622, supportedModes [{id=297, width=720, height=576, fps=50.0, alternativeRefreshRates=[], supportedHdrTypes=[]}, {id=596, width=1920, height=1080, fps=119.88013, alternativeRefreshRates=[], supportedHdrTypes=[]}, {id=597, width=1920, height=1080, fps=120.00001, alternativeRefreshRates=[], supportedHdrTypes=[]}, {id=598, width=4096, height=2160, fps=23.976025, alternativeRefreshRates=[], supportedHdrTypes=[]}, {id=599, width=4096, height=2160, fps=24.000002, alternativeRefreshRates=[], supportedHdrTypes=[]}, {id=600, width=3840, height=2160, fps=29.97003, alternativeRefreshRates=[], supportedHdrTypes=[]}, {id=601, width=3840, height=2160, fps=30.000002, alternativeRefreshRates=[], supportedHdrTypes=[]}, {id=602, width=3840, height=2160, fps=25.0, alternativeRefreshRates=[], supportedHdrTypes=[]}, {id=603, width=3840, height=2160, fps=23.976025, alternativeRefreshRates=[], supportedHdrTypes=[]}, {id=604, width=3840, height=2160, fps=24.000002, alternativeRefreshRates=[], supportedHdrTypes=[]}, {id=605, width=1920, height=1080, fps=59.94006, alternativeRefreshRates=[], supportedHdrTypes=[]}, {id=606, width=1920, height=1080, fps=60.000004, alternativeRefreshRates=[], supportedHdrTypes=[]}, {id=607, width=1920, height=1080, fps=50.0, alternativeRefreshRates=[], supportedHdrTypes=[]}, {id=608, width=1920, height=1080, fps=29.97003, alternativeRefreshRates=[], supportedHdrTypes=[]}, {id=609, width=1920, height=1080, fps=30.000002, alternativeRefreshRates=[], supportedHdrTypes=[]}, {id=610, width=1920, height=1080, fps=23.976025, alternativeRefreshRates=[], supportedHdrTypes=[]}, {id=611, width=1920, height=1080, fps=24.000002, alternativeRefreshRates=[], supportedHdrTypes=[]}, {id=612, width=1280, height=720, fps=119.88013, alternativeRefreshRates=[], supportedHdrTypes=[]}, {id=613, width=1280, height=720, fps=120.00001, alternativeRefreshRates=[], supportedHdrTypes=[]}, {id=614, width=1280, height=720, fps=59.94006, alternativeRefreshRates=[], supportedHdrTypes=[]}, {id=615, width=1280, height=720, fps=60.000004, alternativeRefreshRates=[], supportedHdrTypes=[]}, {id=616, width=1280, height=720, fps=50.0, alternativeRefreshRates=[], supportedHdrTypes=[]}, {id=617, width=1280, height=720, fps=29.97003, alternativeRefreshRates=[], supportedHdrTypes=[]}, {id=618, width=1280, height=720, fps=30.000002, alternativeRefreshRates=[], supportedHdrTypes=[]}, {id=619, width=1280, height=720, fps=23.976025, alternativeRefreshRates=[], supportedHdrTypes=[]}, {id=620, width=1280, height=720, fps=24.000002, alternativeRefreshRates=[], supportedHdrTypes=[]}, {id=621, width=720, height=480, fps=59.94006, alternativeRefreshRates=[], supportedHdrTypes=[]}, {id=622, width=720, height=480, fps=60.000004, alternativeRefreshRates=[], supportedHdrTypes=[]}], colorMode 0, supportedColorModes [0], hdrCapabilities HdrCapabilities{mSupportedHdrTypes=[], mMaxLuminance=500.0, mMaxAverageLuminance=500.0, mMinLuminance=0.0}, allmSupported false, gameContentTypeSupported true, density 160, 28.271 x 28.135 dpi, appVsyncOff 2000000, presDeadline 38666666, touch INTERNAL, rotation 0, type INTERNAL, address {port=11, model=0x402031aff65a95}, deviceProductInfo DeviceProductInfo{name=Haqu, manufacturerPnpId=HAQ, productId=48, modelYear=null, manufactureDate=ManufactureDate{week=43, year=2017}, connectionToSinkType=2}, state ON, committedState ON, frameRateOverride , brightnessMinimum 0.0, brightnessMaximum 1.0, brightnessDefault 0.39763778, hdrSdrRatio NaN, FLAG_ALLOWED_TO_BE_DEFAULT_DISPLAY, FLAG_ROTATES_WITH_CONTENT, FLAG_SECURE, FLAG_SUPPORTS_PROTECTED_BUFFERS, FLAG_TRUSTED, installOrientation 0, displayShape DisplayShape{ spec=-1507169495 displayWidth=1280 displayHeight=720 physicalPixelDisplaySizeRatio=1.0 rotation=0 offsetX=0 offsetY=0 scale=1.0}}
05-27 16:13:36.200 264 264 I RefreshRateSelector: Display 4620747849504298251 policy changed
05-27 16:13:36.200 264 264 I RefreshRateSelector: Previous: {defaultModeId=665, allowGroupSwitching=false, primaryRanges={physical=[0.00 Hz, 340282346638528859811704183484516925440.00 Hz], render=[0.00 Hz, 340282346638528859811704183484516925440.00 Hz]}, appRequestRanges={physical=[0.00 Hz, 340282346638528859811704183484516925440.00 Hz], render=[0.00 Hz, 340282346638528859811704183484516925440.00 Hz]}}
05-27 16:13:36.200 264 264 I RefreshRateSelector: Current: DisplayManagerPolicy{defaultModeId=665, allowGroupSwitching=false, primaryRanges={physical=[0.00 Hz, inf Hz], render=[0.00 Hz, 120.00 Hz]}, appRequestRanges={physical=[0.00 Hz, inf Hz], render=[0.00 Hz, inf Hz]}}
05-27 16:13:36.200 264 264 I RefreshRateSelector: 0 mode changes were performed under the previous policy
05-27 16:13:36.200 715 741 I InputManager-JNI: Viewport [0] to add: local:4620747849504298251, isActive: true
05-27 16:13:36.201 715 823 I InputReader: Reconfiguring input devices, changes=DISPLAY_INFO
05-27 16:13:36.430 515 541 I WifiHAL : call wifi_get_link_stats handler
05-27 16:13:36.430 515 541 I WifiHAL : Creating message to get link statistics; iface = 16
05-27 16:13:36.430 515 541 D WifiHAL : error code -95 mapped to -3
05-27 16:13:36.431 715 854 E WifiStaIfaceAidlImpl: getLinkLayerStats failed with service-specific exception: android.os.ServiceSpecificException: (code 4)
05-27 16:13:36.529 489 525 D hdmicecd: [CEC]:printCecMsgBuf, msg: 04 8f
05-27 16:13:36.530 715 715 D HDMI : [R]: 04:8F
05-27 16:13:36.531 715 894 D HDMI : [S]: 40:90:00
05-27 16:13:36.635 489 489 D hdmicecd: [CEC]:printCecMessage, [4 -> 0] len: 2, body: 90 00, result:success
05-27 16:13:36.635 489 489 E IPCThreadState: binder thread pool (1 threads) starved for 105 ms
05-27 16:13:37.019 478 673 I audio_hw_hal_alsamgr: alsa format =0x24000000 delay frames =3680 total frames=76800000
05-27 16:13:37.148 290 5323 D MesonDisplay: read /sys/class/amhdmitx/amhdmitx0/hdcp_lstore, result length:0, val:
05-27 16:13:38.149 290 5323 D MesonDisplay: read /sys/class/amhdmitx/amhdmitx0/hdcp_lstore, result length:0, val:
05-27 16:13:39.149 290 5323 D MesonDisplay: read /sys/class/amhdmitx/amhdmitx0/hdcp_lstore, result length:0, val:
01-01 08:07:09.039 0 0 I [0 T1149 ..] [hdmitx: ] UTC+0 2025-05-27 08:13:39 HPD LOW
01-01 08:07:09.039 0 0 I [3 T330 ..] [hdmitx: ] system: plugout
01-01 08:07:09.040 0 0 I [3 T330 ..] resman: notify error info = {"subModule":11,"level":2,"logType":1,"errorType":6,"msg":"HDMITX_HPD_PLUGOUT"}
01-01 08:07:09.041 0 0 I [3 T330 ..] [hdmitx: ] plug out sequence id: 0
01-01 08:07:09.042 0 0 W : [3 T330 ..] [RX]-up_phy_addr = 0
01-01 08:07:09.042 0 0 I [3 T330 d.] [hdmitx: ] hdmitx_set_drm_pkt: disable drm pkt
01-01 08:07:09.043 0 0 I [3 T330 d.] [hdmitx: ] TV not support DV, clr dv_vsif
01-01 08:07:09.044 0 0 I [3 T330 d.] [hdmitx: ] DV H14b VSIF, switching signal to SDR
01-01 08:07:09.045 0 0 I [3 T330 ..] [hdmitx: ] hdmitx_set_hdr10plus_pkt: null vsif
05-27 16:13:39.299 290 351 D MesonHwc: received Uevent: change@/devices/virtual/amhdmitx/amhdmitx0
05-27 16:13:39.300 290 351 D MesonHwc: received Uevent: ACTION=change
05-27 16:13:39.300 290 351 D MesonHwc: received Uevent: DEVPATH=/devices/virtual/amhdmitx/amhdmitx0
05-27 16:13:39.300 290 351 D MesonHwc: received Uevent: SUBSYSTEM=amhdmitx
05-27 16:13:39.300 290 351 D MesonHwc: received Uevent: hdmitx_current_status=176
05-27 16:13:39.300 290 351 D MesonHwc: received Uevent: MAJOR=492
01-01 08:07:09.045 0 0 I [3 T330 ..] [hdmitx: ] hdmitx21_video_mute_op: VID_UNMUTE path=0x4000000
01-01 08:07:09.047 0 0 I [0 T330 ..] [hdmitx: ] hdmitx21_audio_mute_op: AUD_UNMUTE path=0x2000000
01-01 08:07:09.047 0 0 I [0 T330 ..] [hdmitx: ] set_hdcp2_topo: 0
01-01 08:07:09.048 0 0 I : [0 T330 ..] [drm] drm hdmitx hpd notify
05-27 16:13:39.300 290 351 D MesonHwc: received Uevent: MINOR=0
05-27 16:13:39.300 290 351 D MesonHwc: received Uevent: DEVNAME=amhdmitx0
05-27 16:13:39.300 290 351 D MesonHwc: received Uevent: SEQNUM=5614
05-27 16:13:39.300 290 351 D MesonHwc: received Uevent: ic, aocec-s7d
05-27 16:13:39.300 290 351 D MesonHwc: received Uevent: OF_COMPATIBLE_N=1
05-27 16:13:39.300 290 351 D MesonHwc: received Uevent: MODALIAS=of:NaocecT(null)Camlogic,_aocec-s7d
05-27 16:13:39.300 290 351 D MesonHwc: received Uevent: SEQNUM=5613
05-27 16:13:39.300 290 351 D MesonHwc: received Uevent: 5Ap0000C081
05-27 16:13:39.300 290 351 D MesonHwc: received Uevent: SEQNUM=3612
05-27 16:13:39.300 290 351 D MesonHwc: received Uevent: bfd4444600000000 1 130ff38b17c000 677bfad9415fed 9ed68000004400 10000002
05-27 16:13:39.300 290 351 D MesonHwc: received Uevent: REL=1040
05-27 16:13:39.300 290 351 D MesonHwc: received Uevent: ABS=100000000
05-27 16:13:39.300 290 351 D MesonHwc: received Uevent: MSC=10
05-27 16:13:39.300 290 351 D MesonHwc: received Uevent: MODALIAS=input:b0005v1D5ApC081e0000-e0,1,2,3,4,k71,72,73,74,77,80,82,83,85,86,87,88,89,8A,8B,8C,8E,90,96,98,9B,9C,9E,9F,A1,A3,A4,A5,A6,A7,A8,A9,AB,AC,AD,AE,B0,B1,B2,B5,B6,CE,CF,D0,D1,D2,D4,D8,D9,DB,DF,E0,E1,E4,E5,E6,E7,E8,E9,EA,EB,F0,F1,F4,100,161,162,166,16A,16E,172,174,176,177,178,179,17A,17B,17C,17D,17F,180,182,183,185,188,189,18C,18D,18E,18F,190,191,192,193,195,197,198,199,19A,19C,1A0,1A1,1A2,1A3,1A4,1A5,1A6,1A7,1A8,1A9,1AA,1AB,1AC,1AD,1AE,1AF,1B0,1B1,1B7,1BA,240,241,242,243,244,245,246,247,249,24A,250,251,r6,C,a20,m4,lsfw
05-27 16:13:39.300 290 351 D MesonHwc: received Uevent: SEQNUM=3609
05-27 16:13:39.300 290 351 D MesonHwc: received Uevent: change@/devices/virtual/amhdmitx/amhdmitx0
05-27 16:13:39.300 290 351 D MesonHwc: received Uevent: ACTION=change
05-27 16:13:39.300 290 351 D MesonHwc: received Uevent: DEVPATH=/devices/virtual/amhdmitx/amhdmitx0
05-27 16:13:39.300 290 351 D MesonHwc: received Uevent: SUBSYSTEM=amhdmitx
05-27 16:13:39.300 290 351 D MesonHwc: received Uevent: hdmitx_current_status=176
05-27 16:13:39.300 290 351 D MesonHwc: received Uevent: MAJOR=492
05-27 16:13:39.300 290 351 D MesonHwc: received Uevent: MINOR=0
05-27 16:13:39.300 290 351 D MesonHwc: received Uevent: DEVNAME=amhdmitx0
05-27 16:13:39.300 290 351 D MesonHwc: received Uevent: SEQNUM=5614
05-27 16:13:39.300 290 351 D MesonHwc: received Uevent: ic, aocec-s7d
05-27 16:13:39.300 290 351 D MesonHwc: received Uevent: OF_COMPATIBLE_N=1
05-27 16:13:39.300 290 351 D MesonHwc: received Uevent: MODALIAS=of:NaocecT(null)Camlogic,_aocec-s7d
05-27 16:13:39.300 290 351 D MesonHwc: received Uevent: SEQNUM=5613
05-27 16:13:39.300 290 351 D MesonHwc: received Uevent: 5Ap0000C081
05-27 16:13:39.300 290 351 D MesonHwc: received Uevent: SEQNUM=3612
05-27 16:13:39.300 290 351 D MesonHwc: received Uevent: bfd4444600000000 1 130ff38b17c000 677bfad9415fed 9ed68000004400 10000002
05-27 16:13:39.300 290 351 D MesonHwc: received Uevent: REL=1040
05-27 16:13:39.300 290 351 D MesonHwc: received Uevent: ABS=100000000
05-27 16:13:39.300 290 351 D MesonHwc: received Uevent: MSC=10
05-27 16:13:39.300 290 351 D MesonHwc: received Uevent: MODALIAS=input:b0005v1D5ApC081e0000-e0,1,2,3,4,k71,72,73,74,77,80,82,83,85,86,87,88,89,8A,8B,8C,8E,90,96,98,9B,9C,9E,9F,A1,A3,A4,A5,A6,A7,A8,A9,AB,AC,AD,AE,B0,B1,B2,B5,B6,CE,CF,D0,D1,D2,D4,D8,D9,DB,DF,E0,E1,E4,E5,E6,E7,E8,E9,EA,EB,F0,F1,F4,100,161,162,166,16A,16E,172,174,176,177,178,179,17A,17B,17C,17D,17F,180,182,183,185,188,189,18C,18D,18E,18F,190,191,192,193,195,197,198,199,19A,19C,1A0,1A1,1A2,1A3,1A4,1A5,1A6,1A7,1A8,1A9,1AA,1AB,1AC,1AD,1AE,1AF,1B0,1B1,1B7,1BA,240,241,242,243,244,245,246,247,249,24A,250,251,r6,C,a20,m4,lsfw
05-27 16:13:39.300 290 351 D MesonHwc: received Uevent: SEQNUM=3609
05-27 16:13:39.300 290 351 D MesonHwc: received Uevent: change@/devices/virtual/amhdmitx/amhdmitx0
05-27 16:13:39.300 290 351 D MesonHwc: received Uevent: ACTION=change
05-27 16:13:39.300 290 351 D MesonHwc: received Uevent: DEVPATH=/devices/virtual/amhdmitx/amhdmitx0
05-27 16:13:39.300 290 351 D MesonHwc: received Uevent: SUBSYSTEM=amhdmitx
05-27 16:13:39.300 290 351 D MesonHwc: received Uevent: hdmitx_hpd=0
05-27 16:13:39.301 320 328 I SystemControl: [/UEventObserver.cpp, HDMITxUenventThreadLoop, 451] HDMI TX switch_name:hdmitx_current_status, switch_state: 176
05-27 16:13:39.301 320 328 I SystemControl: [/UEventObserver.cpp, HDMITxUenventThreadLoop, 451] HDMI TX switch_name:hdmitx_hpd, switch_state: 0
05-27 16:13:39.301 320 328 I SystemControl: [/DisplayMode.cpp, onTxEvent, 3267] onTxEvent switchName:hdmitx_hpd hpdstate:0 state: 1
05-27 16:13:39.301 320 328 I SystemControl: [/SysWrite.cpp, getKernelReleaseVersion, 701] getKernelReleaseVersion: 5.15
05-27 16:13:39.301 320 328 I SystemControl: [/SystemControlHal.cpp, onEvent, 72] onEvent event:2, client size:5
05-27 16:13:39.302 320 328 I SystemControl: [/Ubootenv.cpp, get, 336] [ubootenv] get key:hdmimode envValue: 480p60hz
05-27 16:13:39.302 320 328 I SystemControl: [/Ubootenv.cpp, get, 336] [ubootenv] get key:is.bestmode envValue: false
05-27 16:13:39.302 715 821 V WindowManager: app ------------- force_land :0
05-27 16:13:39.302 320 328 I SystemControl: [/Ubootenv.cpp, get, 345] [ubootenv] search end and not find env:user_colorattribute
05-27 16:13:39.302 320 328 I SystemControl: [/Ubootenv.cpp, get, 345] [ubootenv] search end and not find env:hdr_force_mode
05-27 16:13:39.302 320 328 I SystemControl: [/DisplayMode.cpp, gethdrforcemode, 2742] get hdr force mode is [2]
05-27 16:13:39.302 320 328 I SystemControl: [/Ubootenv.cpp, get, 336] [ubootenv] get key:hdr_policy envValue: 0
05-27 16:13:39.302 320 328 I SystemControl: [/DisplayMode.cpp, getHdrStrategy, 2758] getHdrStrategy is [0]
05-27 16:13:39.302 320 328 I SystemControl: [/Ubootenv.cpp, get, 336] [ubootenv] get key:hdr_priority envValue: 268435472
05-27 16:13:39.302 320 328 I SystemControl: [/DisplayMode.cpp, getHdrPriority, 2891] getHdrPriority is [0x10000010]
05-27 16:13:39.302 320 328 I SystemControl: [/DisplayMode.cpp, getCommonData, 1534] isbestcolorspace:1, isbestpolicy:0, hdr_policy:0, hdr_priority :268435472, hdr_force_mode:2
05-27 16:13:39.304 495 532 I hdmicecd: [HdmiCecControl]:Hotplug event port:0, now:0, prevStatus:1 power:1
05-27 16:13:39.307 495 532 I hdmiconnection: hot plug port id 0, is connected 0
05-27 16:13:39.307 715 715 D HDMI : Hotplug event:[port:0, connected:false]
05-27 16:13:39.307 715 715 D HDMI : reset tv status for hotplug out
05-27 16:13:39.308 715 715 D AudioService: onStatusChange cecEnabled:true available:false
05-27 16:13:39.308 715 715 D AudioService: TV, no CEC: setting HDMI as regular vol device
05-27 16:13:39.308 320 918 I SystemControl: [/Ubootenv.cpp, get, 345] [ubootenv] search end and not find env:connector_type
05-27 16:13:39.308 715 715 D AudioService: Removing DeviceType: 0x400 from mFullVolumeDevices
05-27 16:13:39.308 715 715 D AudioService: Removing DeviceType: 0x400 from mFixedVolumeDevices
05-27 16:13:39.308 715 715 D AudioService: Removing DeviceType: 0x400 from mAbsoluteVolumeDeviceInfoMap
05-27 16:13:39.308 488 509 I SystemControlClient: notifyCallback event type:2
05-27 16:13:39.308 715 821 I WiredAccessoryManager: MSG_NEW_DEVICE_STATE
05-27 16:13:39.308 488 509 I SystemControlClient: notifyCallback: listener is NULL.
05-27 16:13:39.308 487 516 I SystemControlClient: notifyCallback event type:2
05-27 16:13:39.308 487 516 I SystemControlClient: notifyCallback: listener is NULL.
05-27 16:13:39.309 240 800 I SystemControlClient: notifyCallback event type:2
05-27 16:13:39.309 489 489 D hdmicecd: [HdmiCecControl]:getPhysicalAddress, physical addr: ffff, last pa: 2000, ret = 0
05-27 16:13:39.309 240 800 I SystemControlClient: notifyCallback: listener is NULL.
05-27 16:13:39.309 489 519 D hdmicecd: [HdmiCecControl]:getPhysicalAddress, physical addr: ffff, last pa: 2000, ret = 0
05-27 16:13:39.310 715 715 I AS.AudioDeviceInventory: NOISY: adding 0x400
05-27 16:13:39.310 715 715 I AS.AudioDeviceInventory: NOISY: musicDevice changing from NONE to 0x400
05-27 16:13:39.310 290 351 D MesonHwc: sc_read_bootenv val is empty
05-27 16:13:39.310 290 351 D MesonHwc: getConnectorType, get ubootenv.var.connector_type from uboot env, return (null)
05-27 16:13:39.310 290 351 D MesonHwc: getConnectorType-0 get connector type hdmi--65536
05-27 16:13:39.311 290 351 D MesonHwc: DrmProperty: EDID (1), value [0]
05-27 16:13:39.311 290 351 D MesonHwc: DrmProperty: content type (77), value [0]
05-27 16:13:39.311 290 351 D MesonHwc: DrmProperty: vrr_capable (78), value [0]
05-27 16:13:39.311 290 351 D MesonHwc: DrmProperty: UPDATE (79), value [0]
05-27 16:13:39.311 290 351 D MesonHwc: DrmProperty: color_depth (80), value [8]
05-27 16:13:39.311 290 351 D MesonHwc: DrmProperty: color_space (81), value [2]
05-27 16:13:39.311 290 351 D MesonHwc: DrmProperty: MESON_DRM_HDMITX_PROP_AVMUTE (82), value [0]
05-27 16:13:39.311 290 351 D MesonHwc: DrmProperty: hdmi_hdr_status (83), value [6]
05-27 16:13:39.311 290 351 D MesonHwc: DrmProperty: dv_cap (85), value [0]
05-27 16:13:39.311 290 351 D MesonHwc: DrmProperty: contenttype_cap (89), value [1]
05-27 16:13:39.311 290 351 D MesonHwc: DrmProperty: hdr_priority (91), value [268435472]
05-27 16:13:39.311 290 351 D MesonHwc: DrmProperty: ready (92), value [0]
05-27 16:13:39.311 290 351 D MesonHwc: DrmProperty: allm_cap (95), value [0]
05-27 16:13:39.311 290 351 D MesonHwc: DrmProperty: dc_cap (96), value [512]
05-27 16:13:39.311 290 351 E MesonHwc: DrmConnector[HDMI-A] still DISCONNECTED.
05-27 16:13:39.311 290 351 D MesonHwc: ERR: PLEASE FIX NON-IMPLEMENT FUN(update).
05-27 16:13:39.311 715 715 I AS.AudioDeviceInventory: dropping ACTION_AUDIO_BECOMING_NOISY
05-27 16:13:39.311 320 918 I SystemControl: [/Ubootenv.cpp, get, 345] [ubootenv] search end and not find env:connector_type
05-27 16:13:39.312 290 351 D MesonHwc: sc_read_bootenv val is empty
05-27 16:13:39.313 290 351 D MesonHwc: getConnectorType, get ubootenv.var.connector_type from uboot env, return (null)
05-27 16:13:39.313 290 351 D MesonHwc: getConnectorType-0 get connector type hdmi--65536
05-27 16:13:39.313 290 351 D MesonHwc: getConnectorCfg: get display 0, connector 13
05-27 16:13:39.313 290 351 D MesonHwc: FixedDisplayPipe::isVMXCertification:0
05-27 16:13:39.313 290 351 E MesonHwc: FixedDisplayPipe::getConnectorCfg 15
05-27 16:13:39.313 290 351 D MesonHwc: handleEvent DRM_EVENT_HDMITX_HOTPLUG 11 VS 15
05-27 16:13:39.313 290 351 E MesonHwc: read screen size 0x0 from vinfo
05-27 16:13:39.313 290 351 E MesonHwc: dolby vision driver is not ready
05-27 16:13:39.314 290 351 D MesonHwc: Connector VIRTUAL loadDisplayModes get 1 modes
05-27 16:13:39.314 290 351 I MesonHwc: add display mode (dummy_l-dummy_l-126, 720x480, 56.000000) dpi(0,0), hskew(0)
05-27 16:13:39.314 290 351 I MesonHwc: loadDisplayModes (1) end
05-27 16:13:39.314 290 351 D MesonHwc: HwcDisplayPipe::updatePipe 0.
05-27 16:13:39.314 320 918 I SystemControl: [/Ubootenv.cpp, get, 345] [ubootenv] search end and not find env:connector_type
05-27 16:13:39.314 290 351 D MesonHwc: sc_read_bootenv val is empty
05-27 16:13:39.314 290 351 D MesonHwc: getConnectorType, get ubootenv.var.connector_type from uboot env, return (null)
05-27 16:13:39.314 290 351 D MesonHwc: getConnectorType-0 get connector type hdmi--65536
05-27 16:13:39.314 290 351 D MesonHwc: getConnectorCfg: get display 0, connector 13
05-27 16:13:39.314 290 351 D MesonHwc: FixedDisplayPipe::isVMXCertification:0
05-27 16:13:39.314 290 351 E MesonHwc: FixedDisplayPipe::getConnectorCfg 15
05-27 16:13:39.314 290 351 D MesonHwc: HwcDisplayPipe::updatePipe (0) [CHANGED], crtc (0) connector (15)
05-27 16:13:39.314 290 351 D MesonHwc: HwcDisplayPipe::updatePipe 0 changed
05-27 16:13:39.314 290 351 D MesonHwc: ERR: PLEASE FIX NON-IMPLEMENT FUN(update).
05-27 16:13:39.300 320 320 I systemcontrol: type=1400 audit(0.0:1010): avc: denied { call } for scontext=u:r:system_control:s0 tcontext=u:r:hal_power_default:s0 tclass=binder permissive=1
05-27 16:13:39.300 320 320 I systemcontrol: type=1400 audit(0.0:1011): avc: denied { call } for scontext=u:r:system_control:s0 tcontext=u:r:hal_oemlock_default:s0 tclass=binder permissive=1
05-27 16:13:39.317 290 351 E MesonHwc: read screen size 0x0 from vinfo
05-27 16:13:39.317 290 351 E MesonHwc: dolby vision driver is not ready
05-27 16:13:39.317 290 351 D MesonHwc: Connector VIRTUAL loadDisplayModes get 1 modes
05-27 16:13:39.317 290 351 I MesonHwc: add display mode (dummy_l-dummy_l-126, 720x480, 56.000000) dpi(0,0), hskew(0)
05-27 16:13:39.317 290 351 I MesonHwc: loadDisplayModes (1) end
05-27 16:13:39.318 290 351 D MesonHwc: unbind pipe (0)
05-27 16:13:39.318 290 351 D MesonHwc: bind pipe (0),crtc(63)connector(101)
05-27 16:13:39.318 290 351 D MesonHwc: RealModeMgr::update: nextModeId:710
05-27 16:13:39.318 290 351 D MesonHwc: RealModeMgr::update get current mode:480p60hz
05-27 16:13:39.318 290 351 D MesonHwc: RealModeMgr::update use previous mode (720x480-60.00)
05-27 16:13:39.318 290 351 D MesonHwc: updatePipe connector:VIRTUAL, connected:1
05-27 16:13:39.318 290 351 I MesonHwc: HwcConfig::default frame buffer size (1920 x 1080)
05-27 16:13:39.300 320 320 I systemcontrol: type=1400 audit(0.0:1012): avc: denied { call } for scontext=u:r:system_control:s0 tcontext=u:r:mediacodec:s0 tclass=binder permissive=1
01-01 08:07:09.065 0 0 I [0 T351 ..] vc: [0]get capability: min 64 64; max 4096 2160
01-01 08:07:09.068 0 0 I [0 T351 ..] vc: [1]get capability: min 64 64; max 2048 1080
05-27 16:13:39.322 486 592 I SystemControlClient: notifyCallback event type:2
05-27 16:13:39.322 486 592 I SystemControlClient: notifyCallback: listener is NULL.
05-27 16:13:39.322 1053 1179 I SystemControlEvent: system control callback event: 2
05-27 16:13:39.325 715 873 D AudioService: setWiredDeviceConnectionState( type:400 state:DEVICE_STATE_UNAVAILABLE addr: name:) from android
05-27 16:13:39.326 715 873 I AS.AudioDeviceInventory: handleDeviceConnection(false dev:400 address: name:)
05-27 16:13:39.326 715 873 I AS.AudioDeviceInventory: deviceKey:0x400:
05-27 16:13:39.326 715 873 I AS.AudioDeviceInventory: deviceInfo:[DeviceInfo: type:0x400 (hdmi) name: addr: codec: 0 sensorUuid: null disabled modes: {}] is(already)Connected:true
05-27 16:13:39.326 535 878 I APM_AudioPolicyManager: [setDeviceConnectionState:256] curForceUse:NONE(0) disconnect_forceuse:HDMI(9)
05-27 16:13:39.327 1444 1444 E xxxxxxxxxxxxxxx: onReceive:mIsHDMIPlugged = false
05-27 16:13:39.328 290 351 D MesonHwc: Update composition MultiplanesWithDiComposition -> MultiplanesWithDiComposition
05-27 16:13:39.328 290 351 E MesonHwc: Do Nothing in updateDisplayMode .
05-27 16:13:39.328 290 351 D MesonHwc: [setPendingMode] pending modes vector empty
05-27 16:13:39.328 290 351 D MesonHwc: displayID:0, On hot plug: [Plug out]
05-27 16:13:39.328 290 351 D MesonHwc: ModePolicy handle hotplug:0
05-27 16:13:39.328 290 351 V MesonDisplayServer: GetDisplayMode:480p60hz
05-27 16:13:39.328 290 351 I MesonHwc: getDisplayMode mode:480p60hz
05-27 16:13:39.328 478 1230 I audio_hw_hal_primary: [adev_set_device_connected_state_v7:9037] disconnected address:, num_descriptors:0, num_profiles:7
05-27 16:13:39.328 478 1230 I audio_hw_hal_primary: [set_device_connect_state:4044] state:0, dev:OUT_HDMI(0x400), pre_out:0x80002, pre_in:0x4
05-27 16:13:39.328 478 1230 D audio_hw_hal_resourcemgr: [set_output_device_avail:353] device:0x400 avail_out_devices:400 routed_out_devices:0x400
05-27 16:13:39.328 290 351 I MesonHwc: setSysfsStr /sys/devices/virtual/amhdmitx/amhdmitx0/avmute= 1
05-27 16:13:39.329 1444 1444 E xxxxxxxxxxxxxxx: onReceive:mIsHDMIPlugged = false
01-01 08:07:09.075 0 0 I [0 T351 ..] [hdmitx: ] avmute_store 1
05-27 16:13:39.334 535 878 W APM::Devices: DeviceVector::remove device 00000400 not in
05-27 16:13:39.335 715 873 I AS.AudioDeviceInventory: sendDeviceConnectionIntent(dev:0x400 state:0x0 address: name:);
05-27 16:13:39.335 290 346 V MesonDisplayServer: GetDisplayMode:480p60hz
05-27 16:13:39.336 320 328 I SystemControl: [/DisplayMode.cpp, getDisplayMode, 2331] getDisplayMode mode:480p60hz
05-27 16:13:39.336 320 328 I SystemControl: [/Ubootenv.cpp, get, 336] [ubootenv] get key:hdmimode envValue: 480p60hz
05-27 16:13:39.337 320 328 I SystemControl: [/Ubootenv.cpp, get, 336] [ubootenv] get key:cvbsmode envValue: 576cvbs
05-27 16:13:39.337 320 328 I SystemControl: [/DisplayMode.cpp, getCommonData, 1542] hdmi_current_mode:480p60hz, ubootenv hdmimode:480p60hz cvbsmode:576cvbs
05-27 16:13:39.339 290 346 D MesonDisplayServer: use connector getDisplayAttribute "HDMI Color ATTR": "444,8bit"
05-27 16:13:39.339 320 328 I SystemControl: [/Ubootenv.cpp, get, 345] [ubootenv] search end and not find env:user_colorattribute
05-27 16:13:39.340 320 328 I SystemControl: [/DisplayMode.cpp, getCommonData, 1554] hdmi_current_attr:444,8bit, ubootenv_colorattribute:none
05-27 16:13:39.340 320 328 I SystemControl: [/Ubootenv.cpp, get, 345] [ubootenv] search end and not find env:dv_enable
05-27 16:13:39.340 320 328 I SystemControl: [/DisplayMode.cpp, getCommonData, 1567] dv_enable:0
05-27 16:13:39.340 320 328 I SystemControl: [/Ubootenv.cpp, get, 345] [ubootenv] search end and not find env:user_prefer_dv_type
05-27 16:13:39.340 320 328 I SystemControl: [/DisplayMode.cpp, getCommonData, 1578] ubootenv_dv_type:0
05-27 16:13:39.345 320 328 I SystemControl: [/DisplayMode.cpp, getHdmiData, 1721] display sink type:0 [0:none, 1:sink, 2:repeater]
05-27 16:13:39.346 320 328 I SystemControl: [/DisplayMode.cpp, filterHdmiDispcap, 1398] before filtered HdmiDispcap:
05-27 16:13:39.346 320 328 I SystemControl: [/DisplayMode.cpp, filterHdmiDispcap, 1427] after filtered HdmiDispcap:
05-27 16:13:39.347 715 715 V MediaRouter: Audio routes updated: AudioRoutesInfo{ type=SPEAKER }, a2dp=false
05-27 16:13:39.347 715 715 V MediaRouter: Selecting route: RouteInfo{ name=电视, description=null, status=null, category=RouteCategory{ name=系统 types=ROUTE_TYPE_LIVE_AUDIO ROUTE_TYPE_LIVE_VIDEO groupable=false }, supportedTypes=ROUTE_TYPE_LIVE_AUDIO ROUTE_TYPE_LIVE_VIDEO , presentationDisplay=null }
05-27 16:13:39.347 2065 2073 I gbei.screencast: Background concurrent copying GC freed 111810(6944KB) AllocSpace objects, 10(1712KB) LOS objects, 49% free, 5350KB/10MB, paused 142us,61us total 116.589ms
05-27 16:13:39.350 290 346 D MesonDisplayServer: getDisplayAttribute "Dolby Vision CAP2": "The Rx don't support DolbyVision"
05-27 16:13:39.350 931 931 V MediaRouter: Audio routes updated: AudioRoutesInfo{ type=SPEAKER }, a2dp=false
05-27 16:13:39.350 931 931 V MediaRouter: Selecting route: RouteInfo{ name=电视, description=null, status=null, category=RouteCategory{ name=系统 types=ROUTE_TYPE_LIVE_AUDIO ROUTE_TYPE_LIVE_VIDEO groupable=false }, supportedTypes=ROUTE_TYPE_LIVE_AUDIO ROUTE_TYPE_LIVE_VIDEO , presentationDisplay=null }
05-27 16:13:39.353 320 328 E SystemControl: [/DisplayMode.cpp, getHdmiDvCap, 1618] TV isn't support dolby vision: The Rx don't support DolbyVision
05-27 16:13:39.353 320 328 I SystemControl: [/DisplayMode.cpp, onTxEvent, 3294] onTxEvent boot config enable do nothing, just return
05-27 16:13:39.353 320 328 I SystemControl: [/UEventObserver.cpp, HDMITxUenventThreadLoop, 451] HDMI TX switch_name:hdmitx_audio, switch_state: 0
05-27 16:13:39.353 320 328 I SystemControl: [/DisplayMode.cpp, onTxEvent, 3267] onTxEvent switchName:hdmitx_audio hpdstate:0 state: 1
05-27 16:13:39.353 320 328 I SystemControl: [/SysWrite.cpp, getKernelReleaseVersion, 701] getKernelReleaseVersion: 5.15
05-27 16:13:39.353 320 328 I SystemControl: [/SystemControlHal.cpp, onEvent, 72] onEvent event:4, client size:5
05-27 16:13:39.353 488 509 I SystemControlClient: notifyCallback event type:4
05-27 16:13:39.353 487 516 I SystemControlClient: notifyCallback event type:4
05-27 16:13:39.353 488 509 I SystemControlClient: notifyCallback: listener is NULL.
05-27 16:13:39.353 487 516 I SystemControlClient: notifyCallback: listener is NULL.
05-27 16:13:39.354 240 800 I SystemControlClient: notifyCallback event type:4
05-27 16:13:39.354 240 800 I SystemControlClient: notifyCallback: listener is NULL.
05-27 16:13:39.354 486 592 I SystemControlClient: notifyCallback event type:4
05-27 16:13:39.354 486 592 I SystemControlClient: notifyCallback: listener is NULL.
05-27 16:13:39.354 1053 1179 I SystemControlEvent: system control callback event: 4
05-27 16:13:39.364 478 1230 D xm_audio: adev_get_parameters
05-27 16:13:39.365 478 1230 D xm_audio: adev_get_parameters
05-27 16:13:39.374 478 1230 D xm_audio: adev_get_parameters
05-27 16:13:39.375 478 1230 D xm_audio: adev_get_parameters
05-27 16:13:39.379 478 1230 D xm_audio: adev_get_parameters
05-27 16:13:39.380 478 1230 D xm_audio: adev_get_parameters
05-27 16:13:39.385 478 1230 D xm_audio: adev_get_parameters
05-27 16:13:39.386 478 1230 D xm_audio: adev_get_parameters
05-27 16:13:39.393 478 1230 D xm_audio: adev_get_parameters
05-27 16:13:39.395 478 1230 D xm_audio: adev_get_parameters
05-27 16:13:39.400 478 1230 D xm_audio: adev_get_parameters
05-27 16:13:39.402 478 1230 D xm_audio: adev_get_parameters
05-27 16:13:39.408 478 705 D xm_audio: adev_get_parameters
05-27 16:13:39.409 478 705 D xm_audio: adev_get_parameters
05-27 16:13:39.413 478 705 D xm_audio: adev_get_parameters
05-27 16:13:39.414 478 705 D xm_audio: adev_get_parameters
05-27 16:13:39.418 478 705 D xm_audio: adev_get_parameters
05-27 16:13:39.419 478 705 D xm_audio: adev_get_parameters
05-27 16:13:39.423 478 705 D xm_audio: adev_get_parameters
05-27 16:13:39.424 478 705 D xm_audio: adev_get_parameters
05-27 16:13:39.427 478 705 D xm_audio: adev_get_parameters
05-27 16:13:39.428 290 351 I MesonHwc: setDisplayMode mode:dummy_l
05-27 16:13:39.428 290 351 D MesonDisplayServer: SetDisplay[CVBS] Mode to "dummy_l"
05-27 16:13:39.428 290 351 D MesonHwc: blankDisplay connectorType:15
05-27 16:13:39.428 290 351 D MesonHwc: [setConnectorStatus]: power mode 2
05-27 16:13:39.428 290 351 D MesonHwc: displayId:0, blank all display planes
05-27 16:13:39.428 478 705 D xm_audio: adev_get_parameters
05-27 16:13:39.438 515 541 I WifiHAL : call wifi_get_link_stats handler
05-27 16:13:39.438 515 541 I WifiHAL : Creating message to get link statistics; iface = 16
05-27 16:13:39.438 515 541 D WifiHAL : error code -95 mapped to -3
05-27 16:13:39.438 715 854 E WifiStaIfaceAidlImpl: getLinkLayerStats failed with service-specific exception: android.os.ServiceSpecificException: (code 4)
01-01 08:07:09.196 0 0 I : [2 T351 ..] [drm] [meson_hdmitx_encoder_atomic_disable]
05-27 16:13:39.449 290 352 E MesonHwc: waitVBlank failed crtc[63]ret[-1]
05-27 16:13:39.449 290 352 E MesonHwc: wait for hw vsync error:-1
05-27 16:13:39.449 264 278 W HWComposer: Ignoring duplicate VSYNC event from HWC for display 4620747849504298251 (t=429182937000)
01-01 08:07:09.196 0 0 I : [2 T351 ..] [drm] am_meson_crtc_atomic_disable-[0]:in
01-01 08:07:09.197 0 0 I [2 T351 d.] [hdmitx: ] hdmitx_set_drm_pkt: disable drm pkt
05-27 16:13:39.450 320 328 I SystemControl: [/UEventObserver.cpp, HDMITxUenventThreadLoop, 451] HDMI TX switch_name:hdmitx_current_status, switch_state: 177
05-27 16:13:39.452 320 328 I SystemControl: [/UEventObserver.cpp, HDMITxUenventThreadLoop, 451] HDMI TX switch_name:hdmitx_current_status, switch_state: 178
01-01 08:07:09.198 0 0 I [2 T351 d.] [hdmitx: ] TV not support DV, clr dv_vsif
01-01 08:07:09.198 0 0 I [2 T351 d.] [hdmitx: ] DV H14b VSIF, switching signal to SDR
01-01 08:07:09.199 0 0 I [2 T351 ..] [hdmitx: ] hdmitx_set_hdr10plus_pkt: null vsif
01-01 08:07:09.200 0 0 I [2 T351 ..] [hdmitx: ] hdmitx_unregister_vrr ret = 0
01-01 08:07:09.201 0 0 I : [2 T351 ..] [drm] am_meson_crtc_atomic_enable-[0] in: new[dummy_l], old[480p60hz], vmode[4-4], uboot[0]
01-01 08:07:09.202 0 0 I : [2 T351 ..] [drm] am_meson_crtc_atomic_enable-[0]: enable mode dummy_l final vmode 7
