--------- beginning of kernel
01-01 08:06:55.036 0 0 I [3 T241 ..] logd: logdr: UID=0 GID=0 PID=5303 b tail=0 logMask=99 pid=0 start=0ns deadline=0ns --------- beginning of main
05-27 16:13:25.793 2065 4756 D TrafficStats: tagSocket(227) with statsTag=0xffffffff, statsUid=-1
05-27 16:13:26.385 489 525 D hdmicecd: [CEC]:printCecMsgBuf, msg: 04 8f --------- beginning of system
05-27 16:13:26.386 715 715 D HDMI : [R]: 04:8F
05-27 16:13:26.387 715 894 D HDMI : [S]: 40:90:00
05-27 16:13:26.491 489 489 D hdmicecd: [CEC]:printCecMessage, [4 -> 0] len: 2, body: 90 00, result:success
05-27 16:13:26.491 489 489 E IPCThreadState: binder thread pool (1 threads) starved for 104 ms
05-27 16:13:27.417 515 541 I WifiHAL : call wifi_get_link_stats handler
05-27 16:13:27.417 515 541 I WifiHAL : Creating message to get link statistics; iface = 16
05-27 16:13:27.417 515 541 D WifiHAL : error code -95 mapped to -3
05-27 16:13:27.418 715 854 E WifiStaIfaceAidlImpl: getLinkLayerStats failed with service-specific exception: android.os.ServiceSpecificException: (code 4)
05-27 16:13:28.333 467 561 I netd : tetherGetStats() -> {[]} <1.72ms>
05-27 16:13:28.348 467 561 I netd : bandwidthSetGlobalAlert(2097152) <0.33ms>
05-27 16:13:29.047 2275 2331 D nStackXCoAP: IsInSameNetwork:[276] :IsInSameNetwork exec
05-27 16:13:29.047 2275 2331 I nStackXDFinder: GetLocalInterfaceDetail:[461] :GetLocalInterfaceDetail in
05-27 16:13:29.047 2275 2331 E nStackXCoAP: IsInSameNetwork:[281] :IsInSameNetwork: not priority process
05-27 16:13:29.047 2275 2331 D nStackXCoAP: ParseServiceDiscover:[330] :new device join
05-27 16:13:29.047 2275 2331 E nStackXDFinder: GetLocalIp:[401] :GetLocalIp exec
05-27 16:13:29.149 2275 2331 D nStackXCoAP: IsInSameNetwork:[276] :IsInSameNetwork exec
05-27 16:13:29.149 2275 2331 I nStackXDFinder: GetLocalInterfaceDetail:[461] :GetLocalInterfaceDetail in
05-27 16:13:29.149 2275 2331 E nStackXCoAP: IsInSameNetwork:[281] :IsInSameNetwork: not priority process
05-27 16:13:29.149 2275 2331 D nStackXCoAP: ParseServiceDiscover:[330] :new device join
05-27 16:13:29.149 2275 2331 E nStackXDFinder: GetLocalIp:[401] :GetLocalIp exec
05-27 16:13:29.261 2275 2331 D nStackXCoAP: IsInSameNetwork:[276] :IsInSameNetwork exec
05-27 16:13:29.261 2275 2331 I nStackXDFinder: GetLocalInterfaceDetail:[461] :GetLocalInterfaceDetail in
05-27 16:13:29.261 2275 2331 E nStackXCoAP: IsInSameNetwork:[281] :IsInSameNetwork: not priority process
05-27 16:13:29.261 2275 2331 D nStackXCoAP: ParseServiceDiscover:[330] :new device join
05-27 16:13:29.261 2275 2331 E nStackXDFinder: GetLocalIp:[401] :GetLocalIp exec
05-27 16:13:29.473 2275 2331 D nStackXCoAP: IsInSameNetwork:[276] :IsInSameNetwork exec
05-27 16:13:29.473 2275 2331 I nStackXDFinder: GetLocalInterfaceDetail:[461] :GetLocalInterfaceDetail in
05-27 16:13:29.473 2275 2331 E nStackXCoAP: IsInSameNetwork:[281] :IsInSameNetwork: not priority process
05-27 16:13:29.473 2275 2331 D nStackXCoAP: ParseServiceDiscover:[330] :new device join
05-27 16:13:29.473 2275 2331 E nStackXDFinder: GetLocalIp:[401] :GetLocalIp exec
05-27 16:13:30.071 2275 2331 D nStackXCoAP: IsInSameNetwork:[276] :IsInSameNetwork exec
05-27 16:13:30.071 2275 2331 I nStackXDFinder: GetLocalInterfaceDetail:[461] :GetLocalInterfaceDetail in
05-27 16:13:30.071 2275 2331 E nStackXCoAP: IsInSameNetwork:[281] :IsInSameNetwork: not priority process
05-27 16:13:30.071 2275 2331 D nStackXCoAP: ParseServiceDiscover:[330] :new device join
05-27 16:13:30.071 2275 2331 E nStackXDFinder: GetLocalIp:[401] :GetLocalIp exec
05-27 16:13:30.422 515 541 I WifiHAL : call wifi_get_link_stats handler
05-27 16:13:30.422 515 541 I WifiHAL : Creating message to get link statistics; iface = 16
05-27 16:13:30.422 515 541 D WifiHAL : error code -95 mapped to -3
05-27 16:13:30.422 715 854 E WifiStaIfaceAidlImpl: getLinkLayerStats failed with service-specific exception: android.os.ServiceSpecificException: (code 4)
05-27 16:13:30.488 2275 2331 D nStackXCoAP: IsInSameNetwork:[276] :IsInSameNetwork exec
05-27 16:13:30.488 2275 2331 I nStackXDFinder: GetLocalInterfaceDetail:[461] :GetLocalInterfaceDetail in
05-27 16:13:30.488 2275 2331 E nStackXCoAP: IsInSameNetwork:[281] :IsInSameNetwork: not priority process
05-27 16:13:30.488 2275 2331 D nStackXCoAP: ParseServiceDiscover:[330] :new device join
05-27 16:13:30.488 2275 2331 E nStackXDFinder: GetLocalIp:[401] :GetLocalIp exec
05-27 16:13:31.011 2275 2331 D nStackXCoAP: IsInSameNetwork:[276] :IsInSameNetwork exec
05-27 16:13:31.011 2275 2331 I nStackXDFinder: GetLocalInterfaceDetail:[461] :GetLocalInterfaceDetail in
05-27 16:13:31.011 2275 2331 E nStackXCoAP: IsInSameNetwork:[281] :IsInSameNetwork: not priority process
05-27 16:13:31.011 2275 2331 D nStackXCoAP: ParseServiceDiscover:[330] :new device join
05-27 16:13:31.012 2275 2331 E nStackXDFinder: GetLocalIp:[401] :GetLocalIp exec
05-27 16:13:31.524 2275 2331 D nStackXCoAP: IsInSameNetwork:[276] :IsInSameNetwork exec
05-27 16:13:31.524 2275 2331 I nStackXDFinder: GetLocalInterfaceDetail:[461] :GetLocalInterfaceDetail in
05-27 16:13:31.525 2275 2331 E nStackXCoAP: IsInSameNetwork:[281] :IsInSameNetwork: not priority process
05-27 16:13:31.525 2275 2331 D nStackXCoAP: ParseServiceDiscover:[330] :new device join
05-27 16:13:31.525 2275 2331 E nStackXDFinder: GetLocalIp:[401] :GetLocalIp exec
05-27 16:13:31.909 489 525 D hdmicecd: [CEC]:printCecMsgBuf, msg: 04 8f
05-27 16:13:31.910 715 715 D HDMI : [R]: 04:8F
05-27 16:13:31.911 715 894 D HDMI : [S]: 40:90:00
05-27 16:13:32.019 489 489 D hdmicecd: [CEC]:printCecMessage, [4 -> 0] len: 2, body: 90 00, result:success
05-27 16:13:32.019 489 489 E IPCThreadState: binder thread pool (1 threads) starved for 108 ms
05-27 16:13:32.026 2275 2331 D nStackXCoAP: IsInSameNetwork:[276] :IsInSameNetwork exec
05-27 16:13:32.026 2275 2331 I nStackXDFinder: GetLocalInterfaceDetail:[461] :GetLocalInterfaceDetail in
05-27 16:13:32.027 2275 2331 E nStackXCoAP: IsInSameNetwork:[281] :IsInSameNetwork: not priority process
05-27 16:13:32.027 2275 2331 D nStackXCoAP: ParseServiceDiscover:[330] :new device join
05-27 16:13:32.027 2275 2331 E nStackXDFinder: GetLocalIp:[401] :GetLocalIp exec
05-27 16:13:32.538 2275 2331 D nStackXCoAP: IsInSameNetwork:[276] :IsInSameNetwork exec
05-27 16:13:32.538 2275 2331 I nStackXDFinder: GetLocalInterfaceDetail:[461] :GetLocalInterfaceDetail in
05-27 16:13:32.539 2275 2331 E nStackXCoAP: IsInSameNetwork:[281] :IsInSameNetwork: not priority process
05-27 16:13:32.539 2275 2331 D nStackXCoAP: ParseServiceDiscover:[330] :new device join
05-27 16:13:32.539 2275 2331 E nStackXDFinder: GetLocalIp:[401] :GetLocalIp exec
05-27 16:13:33.047 2275 2331 D nStackXCoAP: IsInSameNetwork:[276] :IsInSameNetwork exec
05-27 16:13:33.047 2275 2331 I nStackXDFinder: GetLocalInterfaceDetail:[461] :GetLocalInterfaceDetail in
05-27 16:13:33.047 2275 2331 E nStackXCoAP: IsInSameNetwork:[281] :IsInSameNetwork: not priority process
05-27 16:13:33.047 2275 2331 D nStackXCoAP: ParseServiceDiscover:[330] :new device join
05-27 16:13:33.048 2275 2331 E nStackXDFinder: GetLocalIp:[401] :GetLocalIp exec
05-27 16:13:33.426 515 541 I WifiHAL : call wifi_get_link_stats handler
05-27 16:13:33.426 515 541 I WifiHAL : Creating message to get link statistics; iface = 16
05-27 16:13:33.426 515 541 D WifiHAL : error code -95 mapped to -3
05-27 16:13:33.426 715 854 E WifiStaIfaceAidlImpl: getLinkLayerStats failed with service-specific exception: android.os.ServiceSpecificException: (code 4)
05-27 16:13:33.560 2275 2331 D nStackXCoAP: IsInSameNetwork:[276] :IsInSameNetwork exec
05-27 16:13:33.560 2275 2331 I nStackXDFinder: GetLocalInterfaceDetail:[461] :GetLocalInterfaceDetail in
05-27 16:13:33.560 2275 2331 E nStackXCoAP: IsInSameNetwork:[281] :IsInSameNetwork: not priority process
05-27 16:13:33.560 2275 2331 D nStackXCoAP: ParseServiceDiscover:[330] :new device join
05-27 16:13:33.560 2275 2331 E nStackXDFinder: GetLocalIp:[401] :GetLocalIp exec
05-27 16:13:33.758 489 525 D hdmicecd: [CEC]:printCecMsgBuf, msg: 04 44 02
05-27 16:13:33.760 715 715 D HDMI : [R]: 04:44
05-27 16:13:33.763 1439 1439 I SogouIME: onKeyDown: keyoCode=20
05-27 16:13:33.763 1439 1439 I DefaultIMS: onKeyDown: keyoCode=20
05-27 16:13:34.005 489 525 D hdmicecd: [CEC]:printCecMsgBuf, msg: 04 45
05-27 16:13:34.006 715 715 D HDMI : [R]: 04:45
05-27 16:13:34.010 1439 1439 I SogouIME: onKeyUp: keyoCode=20
05-27 16:13:34.010 1439 1439 I DefaultIMS: onKeyUp: keyoCode=20
05-27 16:13:34.110 489 525 D hdmicecd: [CEC]:printCecMsgBuf, msg: 04 44 02
05-27 16:13:34.111 715 715 D HDMI : [R]: 04:44
05-27 16:13:34.114 1439 1439 I SogouIME: onKeyDown: keyoCode=20
05-27 16:13:34.114 1439 1439 I DefaultIMS: onKeyDown: keyoCode=20
01-01 08:07:03.913 0 0 W : [1 T0 .s] [SP FRAME TX] arp req,vif_idx:0 sender:[1c:79:2d:20:62:83 192.168.3.86]receiver:[00:00:00:00:00:00 192.168.3.52]
01-01 08:07:03.928 0 0 W : [3 T1054 ..] [SP FRAME RX] arp rsp,vif_idx:0 sender:[62:6d:1d:75:89:1c 192.168.3.52]receiver:[1c:79:2d:20:62:83 192.168.3.86]
05-27 16:13:34.242 478 673 I audio_hw_hal_alsamgr: alsa format =0x1 delay frames =768 total frames=19864512
05-27 16:13:34.301 489 525 D hdmicecd: [CEC]:printCecMsgBuf, msg: 04 45
05-27 16:13:34.302 715 715 D HDMI : [R]: 04:45
05-27 16:13:34.305 1439 1439 I SogouIME: onKeyUp: keyoCode=20
05-27 16:13:34.305 1439 1439 I DefaultIMS: onKeyUp: keyoCode=20
01-01 08:07:04.072 0 0 W : [3 T1054 ..] [SP FRAME RX] arp req,vif_idx:0 sender:[62:6d:1d:75:89:1c 192.168.3.52]receiver:[00:00:00:00:00:00 192.168.3.86]
01-01 08:07:04.073 0 0 W : [3 T1054 ..] [SP FRAME TX] arp rsp,vif_idx:0 sender:[1c:79:2d:20:62:83 192.168.3.86]receiver:[62:6d:1d:75:89:1c 192.168.3.52]
05-27 16:13:34.881 489 525 D hdmicecd: [CEC]:printCecMsgBuf, msg: 04 44 02
05-27 16:13:34.884 715 715 D HDMI : [R]: 04:44
05-27 16:13:34.889 1439 1439 I SogouIME: onKeyDown: keyoCode=20
05-27 16:13:34.889 1439 1439 I DefaultIMS: onKeyDown: keyoCode=20
05-27 16:13:34.961 489 525 D hdmicecd: [CEC]:printCecMsgBuf, msg: 04 45
05-27 16:13:34.963 715 715 D HDMI : [R]: 04:45
05-27 16:13:34.966 1439 1439 I SogouIME: onKeyUp: keyoCode=20
05-27 16:13:34.966 1439 1439 I DefaultIMS: onKeyUp: keyoCode=20
05-27 16:13:35.606 489 525 D hdmicecd: [CEC]:printCecMsgBuf, msg: 04 44 00
05-27 16:13:35.608 715 715 D HDMI : [R]: 04:44
05-27 16:13:35.611 1439 1439 I SogouIME: onKeyDown: keyoCode=23
05-27 16:13:35.611 1439 1439 I DefaultIMS: onKeyDown: keyoCode=23
05-27 16:13:35.717 489 525 D hdmicecd: [CEC]:printCecMsgBuf, msg: 04 45
05-27 16:13:35.719 715 715 D HDMI : [R]: 04:45
05-27 16:13:35.722 1439 1439 I SogouIME: onKeyUp: keyoCode=23
05-27 16:13:35.722 1439 1439 I DefaultIMS: onKeyUp: keyoCode=23
05-27 16:13:35.735 290 382 D MesonHwc: setBootConfig 720x480@60.00
05-27 16:13:35.735 290 382 I MesonHwc: set boot display config to 480p60hz
05-27 16:13:35.735 290 382 D MesonHwc: set key:ubootenv.var.is.bestmode value:false
05-27 16:13:35.735 320 371 I SystemControl: [/Ubootenv.cpp, updateValue, 68] [ubootenv] update value name [ubootenv.var.is.bestmode]: value [false]
05-27 16:13:35.735 320 371 I SystemControl: [/Ubootenv.cpp, get, 336] [ubootenv] get key:is.bestmode envValue: false
05-27 16:13:35.735 290 382 D MesonHwc: set key:ubootenv.var.hdmimode value:480p60hz
05-27 16:13:35.736 320 911 I SystemControl: [/Ubootenv.cpp, updateValue, 68] [ubootenv] update value name [ubootenv.var.hdmimode]: value [480p60hz]
05-27 16:13:35.736 320 911 I SystemControl: [/Ubootenv.cpp, get, 336] [ubootenv] get key:hdmimode envValue: 720p24hz
05-27 16:13:35.736 1053 1053 I DroidAudioCore: needSyncDroidSetting internal audio format:1, android format:0
05-27 16:13:35.737 320 911 I SystemControl: [/Ubootenv.cpp, printValues, 137] [ubootenv] printenv end
05-27 16:13:35.743 320 911 I SystemControl: [/Ubootenv.cpp, updateValue, 104] [ubootenv] Save ubootenv to /dev/block/by-name/env succeed!
05-27 16:13:35.743 290 382 I MesonDisplay: [/mode_policy.c, meson_mode_set_policy, 1177] connector:0 to policy:8
05-27 16:13:35.743 290 382 D MesonHwc: set key:ubootenv.var.frac_rate_policy value:0
05-27 16:13:35.743 320 371 I SystemControl: [/Ubootenv.cpp, updateValue, 68] [ubootenv] update value name [ubootenv.var.frac_rate_policy]: value [0]
05-27 16:13:35.744 320 371 I SystemControl: [/Ubootenv.cpp, get, 336] [ubootenv] get key:frac_rate_policy envValue: 0
05-27 16:13:35.745 715 741 I DisplayDeviceRepository: Display device changed: DisplayDeviceInfo{"内置屏幕": uniqueId="local:4620747849504298251", 1280 x 720, modeId 620, renderFrameRate 24.000002, defaultModeId 622, supportedModes [{id=297, width=720, height=576, fps=50.0, alternativeRefreshRates=[], supportedHdrTypes=[]}, {id=596, width=1920, height=1080, fps=119.88013, alternativeRefreshRates=[], supportedHdrTypes=[]}, {id=597, width=1920, height=1080, fps=120.00001, alternativeRefreshRates=[], supportedHdrTypes=[]}, {id=598, width=4096, height=2160, fps=23.976025, alternativeRefreshRates=[], supportedHdrTypes=[]}, {id=599, width=4096, height=2160, fps=24.000002, alternativeRefreshRates=[], supportedHdrTypes=[]}, {id=600, width=3840, height=2160, fps=29.97003, alternativeRefreshRates=[], supportedHdrTypes=[]}, {id=601, width=3840, height=2160, fps=30.000002, alternativeRefreshRates=[], supportedHdrTypes=[]}, {id=602, width=3840, height=2160, fps=25.0, alternativeRefreshRates=[], supportedHdrTypes=[]}, {id=603, width=3840, height=2160, fps=23.976025, alternativeRefreshRates=[], supportedHdrTypes=[]}, {id=604, width=3840, height=2160, fps=24.000002, alternativeRefreshRates=[], supportedHdrTypes=[]}, {id=605, width=1920, height=1080, fps=59.94006, alternativeRefreshRates=[], supportedHdrTypes=[]}, {id=606, width=1920, height=1080, fps=60.000004, alternativeRefreshRates=[], supportedHdrTypes=[]}, {id=607, width=1920, height=1080, fps=50.0, alternativeRefreshRates=[], supportedHdrTypes=[]}, {id=608, width=1920, height=1080, fps=29.97003, alternativeRefreshRates=[], supportedHdrTypes=[]}, {id=609, width=1920, height=1080, fps=30.000002, alternativeRefreshRates=[], supportedHdrTypes=[]}, {id=610, width=1920, height=1080, fps=23.976025, alternativeRefreshRates=[], supportedHdrTypes=[]}, {id=611, width=1920, height=1080, fps=24.000002, alternativeRefreshRates=[], supportedHdrTypes=[]}, {id=612, width=1280, height=720, fps=119.88013, alternativeRefreshRates=[], supportedHdrTypes=[]}, {id=613, width=1280, height=720, fps=120.00001, alternativeRefreshRates=[], supportedHdrTypes=[]}, {id=614, width=1280, height=720, fps=59.94006, alternativeRefreshRates=[], supportedHdrTypes=[]}, {id=615, width=1280, height=720, fps=60.000004, alternativeRefreshRates=[], supportedHdrTypes=[]}, {id=616, width=1280, height=720, fps=50.0, alternativeRefreshRates=[], supportedHdrTypes=[]}, {id=617, width=1280, height=720, fps=29.97003, alternativeRefreshRates=[], supportedHdrTypes=[]}, {id=618, width=1280, height=720, fps=30.000002, alternativeRefreshRates=[], supportedHdrTypes=[]}, {id=619, width=1280, height=720, fps=23.976025, alternativeRefreshRates=[], supportedHdrTypes=[]}, {id=620, width=1280, height=720, fps=24.000002, alternativeRefreshRates=[], supportedHdrTypes=[]}, {id=621, width=720, height=480, fps=59.94006, alternativeRefreshRates=[], supportedHdrTypes=[]}, {id=622, width=720, height=480, fps=60.000004, alternativeRefreshRates=[], supportedHdrTypes=[]}], colorMode 0, supportedColorModes [0], hdrCapabilities HdrCapabilities{mSupportedHdrTypes=[], mMaxLuminance=500.0, mMaxAverageLuminance=500.0, mMinLuminance=0.0}, allmSupported false, gameContentTypeSupported true, density 160, 28.271 x 28.135 dpi, appVsyncOff 2000000, presDeadline 38666666, touch INTERNAL, rotation 0, type INTERNAL, address {port=11, model=0x402031aff65a95}, deviceProductInfo DeviceProductInfo{name=Haqu, manufacturerPnpId=HAQ, productId=48, modelYear=null, manufactureDate=ManufactureDate{week=43, year=2017}, connectionToSinkType=2}, state ON, committedState ON, frameRateOverride , brightnessMinimum 0.0, brightnessMaximum 1.0, brightnessDefault 0.39763778, hdrSdrRatio NaN, FLAG_ALLOWED_TO_BE_DEFAULT_DISPLAY, FLAG_ROTATES_WITH_CONTENT, FLAG_SECURE, FLAG_SUPPORTS_PROTECTED_BUFFERS, FLAG_TRUSTED, installOrientation 0, displayShape DisplayShape{ spec=-1507169495 displayWidth=1280 displayHeight=720 physicalPixelDisplaySizeRatio=1.0 rotation=0 offsetX=0 offsetY=0 scale=1.0}}
05-27 16:13:35.754 264 264 I RefreshRateSelector: Display 4620747849504298251 policy changed
05-27 16:13:35.754 264 264 I RefreshRateSelector: Previous: {defaultModeId=662, allowGroupSwitching=false, primaryRanges={physical=[0.00 Hz, inf Hz], render=[0.00 Hz, 120.00 Hz]}, appRequestRanges={physical=[0.00 Hz, inf Hz], render=[0.00 Hz, inf Hz]}}
05-27 16:13:35.754 264 264 I RefreshRateSelector: Current: DisplayManagerPolicy{defaultModeId=665, allowGroupSwitching=false, primaryRanges={physical=[0.00 Hz, inf Hz], render=[0.00 Hz, 120.00 Hz]}, appRequestRanges={physical=[0.00 Hz, inf Hz], render=[0.00 Hz, inf Hz]}}
05-27 16:13:35.754 264 264 I RefreshRateSelector: 0 mode changes were performed under the previous policy
05-27 16:13:35.769 290 382 D MesonHwc: displayId:0, blank all display planes
05-27 16:13:35.781 290 382 D MesonHwc: [setActiveConfigLocked] 709
05-27 16:13:35.782 290 382 D MesonHwc: RealModeMgr::setActiveConfig setMode: 480p60hz, seamless:0
05-27 16:13:35.782 290 382 I MesonHwc: setDisplayed by hwc 480p60hz
05-27 16:13:35.782 290 382 I MesonDisplay: [/mode_policy.c, meson_mode_set_policy, 1177] connector:0 to policy:8
05-27 16:13:35.782 320 371 I SystemControl: [/Ubootenv.cpp, get, 336] [ubootenv] get key:hdr_preferred_policy envValue: 0
05-27 16:13:35.782 290 382 D MesonHwc: get key:ubootenv.var.hdr_preferred_policy value:0
05-27 16:13:35.782 290 382 I MesonHwc: getPreferredHdrStrategy is 0
05-27 16:13:35.782 320 911 I SystemControl: [/Ubootenv.cpp, get, 336] [ubootenv] get key:user_hdr_type envValue: 3
05-27 16:13:35.783 290 382 D MesonHwc: get key:ubootenv.var.user_hdr_type value:3
05-27 16:13:35.783 290 382 D MesonHwc: allowedHdrType 0x3
05-27 16:13:35.783 290 382 D MesonDisplayServer: getDisplayAttribute "Dolby Vision CAP2": "The Rx don't support DolbyVision"
05-27 16:13:35.783 290 382 D MesonHwc: hdr_policy:follow sink hdr_priority:HDR10_HLG priority outHdrConversionType:0
05-27 16:13:35.783 290 382 D MesonHwc: set key:ubootenv.var.hdr_policy value:0
05-27 16:13:35.783 320 371 I SystemControl: [/Ubootenv.cpp, updateValue, 68] [ubootenv] update value name [ubootenv.var.hdr_policy]: value [0]
05-27 16:13:35.783 320 371 I SystemControl: [/Ubootenv.cpp, get, 336] [ubootenv] get key:hdr_policy envValue: 0
05-27 16:13:35.783 290 382 D MesonHwc: set key:ubootenv.var.hdr_priority value:268435472
05-27 16:13:35.783 320 911 I SystemControl: [/Ubootenv.cpp, updateValue, 68] [ubootenv] update value name [ubootenv.var.hdr_priority]: value [268435472]
05-27 16:13:35.783 320 911 I SystemControl: [/Ubootenv.cpp, get, 336] [ubootenv] get key:hdr_priority envValue: 268435472
05-27 16:13:35.783 320 918 I SystemControl: [/Ubootenv.cpp, get, 345] [ubootenv] search end and not find env:user_colorattribute
05-27 16:13:35.784 290 382 D MesonHwc: sc_read_bootenv val is empty
05-27 16:13:35.784 290 382 I MesonHwc: isbestColorspace:1
05-27 16:13:35.784 290 382 V MesonDisplayServer: GetDisplayMode:720p24hz
05-27 16:13:35.784 290 382 I MesonHwc: getDisplayMode mode:720p24hz
05-27 16:13:35.784 320 371 I SystemControl: [/Ubootenv.cpp, get, 336] [ubootenv] get key:hdmimode envValue: 480p60hz
05-27 16:13:35.784 290 382 D MesonHwc: get key:ubootenv.var.hdmimode value:480p60hz
05-27 16:13:35.784 320 917 I SystemControl: [/Ubootenv.cpp, get, 336] [ubootenv] get key:cvbsmode envValue: 576cvbs
05-27 16:13:35.784 290 382 D MesonHwc: get key:ubootenv.var.cvbsmode value:576cvbs
05-27 16:13:35.784 290 382 I MesonHwc: hdmi_current_mode:720p24hz, ubootenv hdmimode:480p60hz cvbsmode:576cvbs
05-27 16:13:35.784 320 915 I SystemControl: [/Ubootenv.cpp, get, 345] [ubootenv] search end and not find env:user_colorattribute
05-27 16:13:35.784 290 382 D MesonHwc: sc_read_bootenv val is empty
05-27 16:13:35.784 290 382 I MesonHwc: ubootenv_colorattribute:none
05-27 16:13:35.784 320 918 I SystemControl: [/Ubootenv.cpp, get, 345] [ubootenv] search end and not find env:dv_enable
05-27 16:13:35.784 290 382 D MesonHwc: sc_read_bootenv val is empty
05-27 16:13:35.784 290 382 E MesonHwc: dolby vision driver is not ready
05-27 16:13:35.785 290 382 I MesonHwc: dv_enable:0
05-27 16:13:35.785 320 917 I SystemControl: [/Ubootenv.cpp, get, 345] [ubootenv] search end and not find env:user_prefer_dv_type
05-27 16:13:35.785 290 382 D MesonHwc: sc_read_bootenv val is empty
05-27 16:13:35.785 290 382 E MesonHwc: dolby vision driver is not ready
05-27 16:13:35.785 290 382 I MesonHwc: ubootenv_dv_type:0
05-27 16:13:35.785 320 371 I SystemControl: [/Ubootenv.cpp, get, 345] [ubootenv] search end and not find env:hdr_force_mode
05-27 16:13:35.785 290 382 D MesonHwc: sc_read_bootenv val is empty
05-27 16:13:35.785 290 382 I MesonHwc: get hdr force mode is [2]
05-27 16:13:35.785 320 915 I SystemControl: [/Ubootenv.cpp, get, 336] [ubootenv] get key:hdr_policy envValue: 0
05-27 16:13:35.785 290 382 D MesonHwc: get key:ubootenv.var.hdr_policy value:0
05-27 16:13:35.785 290 382 I MesonHwc: get uboot HdrStrategy is [0]
05-27 16:13:35.785 320 918 I SystemControl: [/Ubootenv.cpp, get, 336] [ubootenv] get key:hdr_priority envValue: 268435472
05-27 16:13:35.785 290 382 D MesonHwc: get key:ubootenv.var.hdr_priority value:268435472
05-27 16:13:35.785 290 382 I MesonHwc: getHdrPriority is [HDR10_HLG priority]
05-27 16:13:35.785 290 382 I MesonHwc: get uboot HdrPriority is [HDR10_HLG priority]
05-27 16:13:35.785 290 382 I MesonHwc: hdr_policy:follow sink, hdr_priority :HDR10_HLG priority, hdr_force_mode:2
05-27 16:13:35.786 290 382 E MesonHwc: dolby vision driver is not ready
05-27 16:13:35.786 290 382 D MesonDisplayServer: getDisplayAttribute "Dolby Vision CAP2": "The Rx don't support DolbyVision"
05-27 16:13:35.786 320 371 I SystemControl: [/Ubootenv.cpp, get, 345] [ubootenv] search end and not find env:hdr_resolution_priority
05-27 16:13:35.786 290 382 D MesonHwc: sc_read_bootenv val is empty
05-27 16:13:35.786 320 917 I SystemControl: [/Ubootenv.cpp, get, 345] [ubootenv] search end and not find env:user_prefer_dv_type
05-27 16:13:35.786 290 382 D MesonHwc: sc_read_bootenv val is empty
05-27 16:13:35.786 290 382 E MesonHwc: dolby vision driver is not ready
05-27 16:13:35.786 290 382 I MesonHwc: ubootenv_dv_type:0
05-27 16:13:35.786 290 382 I MesonDisplay: [/mode_policy.c, is_dv_prefer, 66] not prefer dv, hdr_priority:10000010
05-27 16:13:35.786 290 382 I MesonDisplay: [/mode_policy.c, is_dv_prefer, 66] not prefer dv, hdr_priority:10000010
05-27 16:13:35.786 290 382 I MesonDisplay: [/mode_policy.c, sdr_scene_process, 1154] final_displaymode:480p60hz
05-27 16:13:35.786 290 382 I MesonDisplay: [/mode_policy.c, get_best_color_attr, 613] get_best_color_attr current mode:[480p60hz] brr_mode:[480p60hz]
05-27 16:13:35.786 290 382 D MesonDisplay: meson_write /sys/class/amhdmitx/amhdmitx0/valid_mode, outputmode:480p60hz444,8bit
05-27 16:13:35.786 290 382 D MesonDisplay: valid mode is true!
05-27 16:13:35.786 290 382 I MesonDisplay: [/mode_policy.c, get_best_color_attr, 679] support current mode:[480p60hz], color format:[444,8bit]
05-27 16:13:35.786 290 382 I MesonDisplay: [/mode_policy.c, get_hdmi_color_attr, 1081] get hdmi color attribute : [444,8bit], outputmode is: [480p60hz]
05-27 16:13:35.787 290 382 I MesonDisplay: [/mode_policy.c, update_deepcolor, 1107] colorattribute = 444,8bit
05-27 16:13:35.787 290 382 I MesonDisplay: [/mode_policy.c, sdr_scene_process, 1163] final_deepcolor = 444,8bit
05-27 16:13:35.787 290 382 I MesonDisplay: [/mode_policy.c, meson_mode_get_policy_output, 1289] final_displaymode:480p60hz, final_deepcolor:444,8bit, amdv_type:0
05-27 16:13:35.787 320 911 I SystemControl: [/Ubootenv.cpp, get, 336] [ubootenv] get key:hdr_preferred_policy envValue: 0
05-27 16:13:35.787 290 382 D MesonHwc: get key:ubootenv.var.hdr_preferred_policy value:0
05-27 16:13:35.787 290 382 I MesonHwc: getPreferredHdrStrategy is 0
05-27 16:13:35.787 290 382 I MesonHwc: check_hdr_mode mode:480p60hz outHdrConversionType:SDR support:1
05-27 16:13:35.787 290 382 I MesonHwc: quiescent_mode is 0
05-27 16:13:35.787 290 382 I MesonHwc: get frc policy from hwc is 0 and current value is 0
05-27 16:13:35.787 290 382 D MesonDisplayServer: use connector getDisplayAttribute "HDMI Color ATTR": "444,8bit"
05-27 16:13:35.787 290 382 I MesonHwc: curDeepcolor[444,8bit] final_deepcolor[444,8bit]
05-27 16:13:35.787 290 382 I MesonHwc: cur deepcolor is equals
05-27 16:13:35.787 290 382 D MesonDisplayServer: getDisplayAttribute "HDR Policy": "0"
05-27 16:13:35.787 290 382 I MesonHwc: cur hdr policy:0
05-27 16:13:35.787 290 382 D MesonDisplayServer: getDisplayAttribute "FORCE HDR Mode": "0"
05-27 16:13:35.787 290 382 I MesonHwc: cur hdr force mode:0
05-27 16:13:35.787 290 382 D MesonDisplayServer: getDisplayAttribute "Dolby Vision Mode": "usage: echo mode > /sys/class/amdolby_vision/dv_mode AMDV_OUTPUT_MODE_BYPASS 0 AMDV_OUTPUT_MODE_IPT 1 AMDV_OUTPUT_MODE_IPT_TUNNEL 2 AMDV_OUTPUT_MODE_HDR10 3 AMDV_OUTPUT_MODE_SDR10 4 AMDV_OUTPUT_MODE_SDR8 5current dv_mode = off"
05-27 16:13:35.787 290 382 D MesonDisplayServer: getDisplayAttribute "Dolby Vision Policy": "0"
05-27 16:13:35.787 290 382 I MesonHwc: cur dv policy:0
05-27 16:13:35.788 320 347 I SystemControl: [/Ubootenv.cpp, get, 345] [ubootenv] search end and not find env:hdr_force_mode
05-27 16:13:35.788 290 382 D MesonHwc: sc_read_bootenv val is empty
05-27 16:13:35.788 290 382 I MesonHwc: get hdr force mode is [2]
05-27 16:13:35.788 320 916 I SystemControl: [/Ubootenv.cpp, get, 336] [ubootenv] get key:hdr_policy envValue: 0
05-27 16:13:35.788 290 382 D MesonHwc: get key:ubootenv.var.hdr_policy value:0
05-27 16:13:35.788 290 382 I MesonHwc: get uboot HdrStrategy is [0]
05-27 16:13:35.788 290 382 E MesonHwc: dolby vision driver is not ready
05-27 16:13:35.788 290 382 D MesonDisplayServer: use connector getDisplayAttribute "HDR Priority": "268435472"
05-27 16:13:35.788 290 382 I MesonHwc: getCurrentHdrPriority is [HDR10_HLG priority]
05-27 16:13:35.788 320 348 I SystemControl: [/Ubootenv.cpp, get, 336] [ubootenv] get key:hdr_priority envValue: 268435472
05-27 16:13:35.788 290 382 D MesonHwc: get key:ubootenv.var.hdr_priority value:268435472
05-27 16:13:35.788 290 382 I MesonHwc: getHdrPriority is [HDR10_HLG priority]
05-27 16:13:35.788 290 382 I MesonHwc: get uboot HdrPriority is [HDR10_HLG priority]
05-27 16:13:35.788 290 382 D MesonDisplayServer: getDisplayAttribute "Dolby Vision Enable": "N"
05-27 16:13:35.788 290 382 D MesonDisplayServer: getDisplayAttribute "Dolby Vision LL Policy": "0"
05-27 16:13:35.788 290 382 I MesonHwc: curDvMode 0, want DvMode 0
05-27 16:13:35.788 290 382 E MesonHwc: dolby vision driver is not ready
05-27 16:13:35.788 290 382 I MesonHwc: cur DvMode is equals
05-27 16:13:35.789 290 382 V MesonDisplayServer: GetDisplayMode:720p24hz
05-27 16:13:35.789 290 382 I MesonHwc: getDisplayMode mode:720p24hz
05-27 16:13:35.789 290 382 I MesonHwc: curMode:[720p24hz] ,final_displaymode[480p60hz]
05-27 16:13:35.789 290 382 I MesonHwc: curmode:720p24hz, tmpMode:720p24hz, outputmode:480p60hz
05-27 16:13:35.789 290 382 I MesonHwc: setSysfsStr /sys/devices/virtual/amhdmitx/amhdmitx0/avmute= 1
01-01 08:07:05.536 0 0 I [3 T382 ..] [hdmitx: ] avmute_store 1
05-27 16:13:35.889 290 382 I MesonHwc: setSysfsStr /sys/class/amhdmitx/amhdmitx0/hdcp_mode= -1
01-01 08:07:05.637 0 0 I [3 T382 ..] [hdmitx: ] phy_store 0
05-27 16:13:35.931 290 382 I MesonHwc: setSysfsStr /sys/class/amhdmitx/amhdmitx0/phy= 0
05-27 16:13:35.981 290 382 I MesonDisplay: [/HDCPTxAuth.cpp, stopVerAll, 344] hdcp_tx 2.2 & 1.4 stop hdcp pwr
05-27 16:13:35.981 290 382 E MesonDisplay: open /sys/class/amhdmitx/amhdmitx0/hdcp_pwr fail. Error info [No such file or directory]
05-27 16:13:36.024 290 382 E MesonDisplay: open /sys/class/amhdmitx/amhdmitx0/hdcp_pwr fail. Error info [No such file or directory]
05-27 16:13:36.024 290 382 E MesonDisplay: open /sys/class/amhdmitx/amhdmitx0/hdcp_ctrl fail. Error info [No such file or directory]
05-27 16:13:36.024 290 382 E MesonDisplay: open /sys/class/amhdmitx/amhdmitx0/hdcp_ctrl fail. Error info [No such file or directory]
05-27 16:13:36.026 290 382 I MesonDisplay: [/HDCPTxAuth.cpp, stop, 137] hdcp_tx pthread exit id = 3890725312, (null) done
05-27 16:13:36.026 290 382 I MesonHwc: setDisplayMode mode:480p60hz
05-27 16:13:36.026 290 382 D MesonDisplayServer: SetDisplay[HDMI] Mode to "480p60hz"
05-27 16:13:36.026 290 382 D MesonHwc: blankDisplay connectorType:11
05-27 16:13:36.027 290 382 D MesonHwc: [setConnectorStatus]: power mode 2
05-27 16:13:36.027 290 382 D MesonHwc: displayId:0, blank all display planes
01-01 08:07:05.779 0 0 I : [0 T382 ..] [drm] build_hdmitx_attr_str:444,8bit = 2+8
01-01 08:07:05.779 0 0 I : [0 T382 ..] [drm] [meson_hdmitx_encoder_atomic_disable]
01-01 08:07:05.780 0 0 I : [0 T382 ..] [drm] am_meson_crtc_atomic_disable-[0]:in
01-01 08:07:05.781 0 0 I [0 T382 d.] [hdmitx: ] hdmitx_set_drm_pkt: disable drm pkt
05-27 16:13:36.034 290 352 E MesonHwc: waitVBlank failed crtc[63]ret[-1]
05-27 16:13:36.034 290 352 E MesonHwc: wait for hw vsync error:-1
05-27 16:13:36.036 290 351 D MesonHwc: received Uevent: change@/devices/virtual/amhdmitx/amhdmitx0
05-27 16:13:36.036 290 351 D MesonHwc: received Uevent: ACTION=change
05-27 16:13:36.036 290 351 D MesonHwc: received Uevent: DEVPATH=/devices/virtual/amhdmitx/amhdmitx0
05-27 16:13:36.036 320 328 I SystemControl: [/UEventObserver.cpp, HDMITxUenventThreadLoop, 451] HDMI TX switch_name:hdmitx_current_status, switch_state: 173
05-27 16:13:36.036 290 351 D MesonHwc: received Uevent: SUBSYSTEM=amhdmitx
05-27 16:13:36.036 290 351 D MesonHwc: received Uevent: hdmitx_current_status=173
05-27 16:13:36.036 290 351 D MesonHwc: received Uevent: MAJOR=492
05-27 16:13:36.036 290 351 D MesonHwc: received Uevent: MINOR=0
05-27 16:13:36.036 290 351 D MesonHwc: received Uevent: DEVNAME=amhdmitx0
05-27 16:13:36.036 290 351 D MesonHwc: received Uevent: SEQNUM=5600
05-27 16:13:36.036 290 351 D MesonHwc: received Uevent: ic, aocec-s7d
05-27 16:13:36.036 290 351 D MesonHwc: received Uevent: OF_COMPATIBLE_N=1
05-27 16:13:36.037 290 351 D MesonHwc: received Uevent: MODALIAS=of:NaocecT(null)Camlogic,_aocec-s7d
05-27 16:13:36.037 290 351 D MesonHwc: received Uevent: SEQNUM=5599
05-27 16:13:36.037 290 351 D MesonHwc: received Uevent: 5Ap0000C081
05-27 16:13:36.037 290 351 D MesonHwc: received Uevent: SEQNUM=3612
05-27 16:13:36.037 290 351 D MesonHwc: received Uevent: bfd4444600000000 1 130ff38b17c000 677bfad9415fed 9ed68000004400 10000002
05-27 16:13:36.037 290 351 D MesonHwc: received Uevent: REL=1040
05-27 16:13:36.037 290 351 D MesonHwc: received Uevent: ABS=100000000
01-01 08:07:05.782 0 0 I [0 T382 d.] [hdmitx: ] TV not support DV, clr dv_vsif
01-01 08:07:05.782 0 0 I [0 T382 d.] [hdmitx: ] DV H14b VSIF, switching signal to SDR
01-01 08:07:05.783 0 0 I [3 T382 ..] [hdmitx: ] hdmitx_set_hdr10plus_pkt: null vsif
01-01 08:07:05.784 0 0 I [3 T382 ..] [hdmitx: ] hdmitx_unregister_vrr ret = 0
01-01 08:07:05.785 0 0 I : [3 T382 ..] [drm] am_meson_crtc_atomic_enable-[0] in: new[480p60hz], old[720p24hz], vmode[4-4], uboot[0]
05-27 16:13:36.037 290 351 D MesonHwc: received Uevent: MSC=10
05-27 16:13:36.037 290 351 D MesonHwc: received Uevent: MODALIAS=input:b0005v1D5ApC081e0000-e0,1,2,3,4,k71,72,73,74,77,80,82,83,85,86,87,88,89,8A,8B,8C,8E,90,96,98,9B,9C,9E,9F,A1,A3,A4,A5,A6,A7,A8,A9,AB,AC,AD,AE,B0,B1,B2,B5,B6,CE,CF,D0,D1,D2,D4,D8,D9,DB,DF,E0,E1,E4,E5,E6,E7,E8,E9,EA,EB,F0,F1,F4,100,161,162,166,16A,16E,172,174,176,177,178,179,17A,17B,17C,17D,17F,180,182,183,185,188,189,18C,18D,18E,18F,190,191,192,193,195,197,198,199,19A,19C,1A0,1A1,1A2,1A3,1A4,1A5,1A6,1A7,1A8,1A9,1AA,1AB,1AC,1AD,1AE,1AF,1B0,1B1,1B7,1BA,240,241,242,243,244,245,246,247,249,24A,250,251,r6,C,a20,m4,lsfw
05-27 16:13:36.037 290 351 D MesonHwc: received Uevent: SEQNUM=3609
05-27 16:13:36.037 290 351 D MesonHwc: received Uevent: change@/devices/virtual/amhdmitx/amhdmitx0
05-27 16:13:36.037 290 351 D MesonHwc: received Uevent: ACTION=change
05-27 16:13:36.037 290 351 D MesonHwc: received Uevent: DEVPATH=/devices/virtual/amhdmitx/amhdmitx0
05-27 16:13:36.037 290 351 D MesonHwc: received Uevent: SUBSYSTEM=amhdmitx
05-27 16:13:36.037 290 351 D MesonHwc: received Uevent: hdmitx_current_status=173
05-27 16:13:36.037 290 351 D MesonHwc: received Uevent: MAJOR=492
05-27 16:13:36.037 290 351 D MesonHwc: received Uevent: MINOR=0
05-27 16:13:36.037 290 351 D MesonHwc: received Uevent: DEVNAME=amhdmitx0
05-27 16:13:36.037 290 351 D MesonHwc: received Uevent: SEQNUM=5600
05-27 16:13:36.037 290 351 D MesonHwc: received Uevent: ic, aocec-s7d
05-27 16:13:36.037 290 351 D MesonHwc: received Uevent: OF_COMPATIBLE_N=1
05-27 16:13:36.037 290 351 D MesonHwc: received Uevent: MODALIAS=of:NaocecT(null)Camlogic,_aocec-s7d
05-27 16:13:36.037 290 351 D MesonHwc: received Uevent: SEQNUM=5599
05-27 16:13:36.037 290 351 D MesonHwc: received Uevent: 5Ap0000C081
05-27 16:13:36.037 290 351 D MesonHwc: received Uevent: SEQNUM=3612
05-27 16:13:36.037 290 351 D MesonHwc: received Uevent: bfd4444600000000 1 130ff38b17c000 677bfad9415fed 9ed68000004400 10000002
05-27 16:13:36.037 290 351 D MesonHwc: received Uevent: REL=1040
05-27 16:13:36.037 290 351 D MesonHwc: received Uevent: ABS=100000000
05-27 16:13:36.037 290 351 D MesonHwc: received Uevent: MSC=10
05-27 16:13:36.037 290 351 D MesonHwc: received Uevent: MODALIAS=input:b0005v1D5ApC081e0000-e0,1,2,3,4,k71,72,73,74,77,80,82,83,85,86,87,88,89,8A,8B,8C,8E,90,96,98,9B,9C,9E,9F,A1,A3,A4,A5,A6,A7,A8,A9,AB,AC,AD,AE,B0,B1,B2,B5,B6,CE,CF,D0,D1,D2,D4,D8,D9,DB,DF,E0,E1,E4,E5,E6,E7,E8,E9,EA,EB,F0,F1,F4,100,161,162,166,16A,16E,172,174,176,177,178,179,17A,17B,17C,17D,17F,180,182,183,185,188,189,18C,18D,18E,18F,190,191,192,193,195,197,198,199,19A,19C,1A0,1A1,1A2,1A3,1A4,1A5,1A6,1A7,1A8,1A9,1AA,1AB,1AC,1AD,1AE,1AF,1B0,1B1,1B7,1BA,240,241,242,243,244,245,246,247,249,24A,250,251,r6,C,a20,m4,lsfw
05-27 16:13:36.037 290 351 D MesonHwc: received Uevent: SEQNUM=3609
05-27 16:13:36.040 290 351 D MesonHwc: received Uevent: change@/devices/platform/vout
05-27 16:13:36.040 290 351 D MesonHwc: received Uevent: ACTION=change
05-27 16:13:36.040 290 351 D MesonHwc: received Uevent: DEVPATH=/devices/platform/vout
05-27 16:13:36.040 290 351 D MesonHwc: received Uevent: SUBSYSTEM=platform
05-27 16:13:36.040 290 351 D MesonHwc: received Uevent: vout_setmode=1
05-27 16:13:36.041 290 351 D MesonHwc: ModeChange state: [Begin to change]
05-27 16:13:36.041 290 351 D MesonHwc: On mode change state: [Begin to change]
01-01 08:07:05.786 0 0 I : [3 T382 ..] [drm] am_meson_crtc_atomic_enable-[0]: enable mode 480p60hz final vmode 0
01-01 08:07:05.787 0 0 I [3 T382 ..] [hdmitx: ] set21_s7d_htxpll_clk_out[96] htxpll vco 4324320 div 16
01-01 08:07:05.789 0 0 I [3 T382 ..] [hdmitx: ] pll_od0 = 11, pll_od2 = 1, pll_od1 = 0
01-01 08:07:05.789 0 0 I [3 T382 ..] [hdmitx: ] clocks_set_vid_clk_div_for_hdmi[402] div = 6
01-01 08:07:05.790 0 0 I [3 T382 ..] [hdmitx: ] configure venc
01-01 08:07:05.791 0 0 I [3 T382 ..] [hdmitx: ] config_tv_enc_calc[63] vic = 3
01-01 08:07:05.791 0 0 I [3 T382 ..] [hdmitx: ] hdmitx_soft_reset[1261]
01-01 08:07:05.792 0 0 I [3 T382 ..] [hdmitx: ] config hdmitx IP vic = 3 cd:4 cs: 2
01-01 08:07:05.793 0 0 I [3 T382 ..] [hdmitx: ] configure hdmitx21
01-01 08:07:05.793 0 0 I [3 T382 ..] [hdmitx: ] warn: SCDC not present, should not send 1:10
01-01 08:07:05.795 0 0 I [3 T382 ..] [hdmitx: ] hdmitx_set_dispmode[1527] frl_rate 0 htotal 858 cs 2 cd 4 h_unstable 0
01-01 08:07:05.796 0 0 I : [0 T214 dh] vout changed: 1280x720->720x480
01-01 08:07:05.841 0 0 I [3 T382 ..] [hdmitx: ] set21_phy_by_mode_s7d[188] rterm = 7
01-01 08:07:05.842 0 0 I [3 T382 ..] [hdmitx: ] Sink is HDMI device
01-01 08:07:05.842 0 0 I [3 T382 ..] [hdmitx: ] clear vsif for non-4k mode.
01-01 08:07:05.843 0 0 I [3 T382 ..] [hdmitx: ] set audio
01-01 08:07:05.843 0 0 I [3 T382 ..] [hdmitx: ] audio_param->chs = 7
01-01 08:07:05.844 0 0 I [3 T382 ..] [hdmitx: ] aud_src_if = 1
01-01 08:07:05.844 0 0 I [3 T382 ..] [hdmitx: ] aud_n_para = 24576
01-01 08:07:05.845 0 0 I [3 T382 ..] [hdmitx: ] vinfo: set cur_enc_ppc as 1, vpp color: 0
05-27 16:13:36.099 478 676 I audio_hw_hal_primary: [adev_uevent_callback:9131] uevent type=0
05-27 16:13:36.099 290 351 D MesonHwc: received Uevent: change@/devices/virtual/amhdmitx/amhdmitx0
05-27 16:13:36.099 290 351 D MesonHwc: received Uevent: ACTION=change
05-27 16:13:36.099 290 351 D MesonHwc: received Uevent: DEVPATH=/devices/virtual/amhdmitx/amhdmitx0
05-27 16:13:36.099 320 328 I SystemControl: [/UEventObserver.cpp, HDMITxUenventThreadLoop, 451] HDMI TX switch_name:hdmitx_vmode_audio, switch_state: 1
05-27 16:13:36.099 290 351 D MesonHwc: received Uevent: SUBSYSTEM=amhdmitx
05-27 16:13:36.099 290 351 D MesonHwc: received Uevent: hdmitx_vmode_audio=1
05-27 16:13:36.099 290 351 D MesonHwc: received Uevent: MAJOR=492
05-27 16:13:36.099 290 351 D MesonHwc: received Uevent: MINOR=0
05-27 16:13:36.099 290 351 D MesonHwc: received Uevent: DEVNAME=amhdmitx0
05-27 16:13:36.099 290 351 D MesonHwc: received Uevent: SEQNUM=5602
05-27 16:13:36.099 290 351 D MesonHwc: received Uevent: ATIBLE_N=1
05-27 16:13:36.099 290 351 D MesonHwc: received Uevent: MODALIAS=of:NvoutT(null)Camlogic,_vout
05-27 16:13:36.099 290 351 D MesonHwc: received Uevent: SEQNUM=5601
05-27 16:13:36.099 290 351 D MesonHwc: received Uevent: Camlogic,_aocec-s7d
05-27 16:13:36.099 290 351 D MesonHwc: received Uevent: SEQNUM=5599
05-27 16:13:36.099 290 351 D MesonHwc: received Uevent: 5Ap0000C081
05-27 16:13:36.099 290 351 D MesonHwc: received Uevent: SEQNUM=3612
05-27 16:13:36.099 290 351 D MesonHwc: received Uevent: bfd4444600000000 1 130ff38b17c000 677bfad9415fed 9ed68000004400 10000002
05-27 16:13:36.099 290 351 D MesonHwc: received Uevent: REL=1040
05-27 16:13:36.099 290 351 D MesonHwc: received Uevent: ABS=100000000
05-27 16:13:36.099 290 351 D MesonHwc: received Uevent: MSC=10
05-27 16:13:36.099 290 351 D MesonHwc: received Uevent: MODALIAS=input:b0005v1D5ApC081e0000-e0,1,2,3,4,k71,72,73,74,77,80,82,83,85,86,87,88,89,8A,8B,8C,8E,90,96,98,9B,9C,9E,9F,A1,A3,A4,A5,A6,A7,A8,A9,AB,AC,AD,AE,B0,B1,B2,B5,B6,CE,CF,D0,D1,D2,D4,D8,D9,DB,DF,E0,E1,E4,E5,E6,E7,E8,E9,EA,EB,F0,F1,F4,100,161,162,166,16A,16E,172,174,176,177,178,179,17A,17B,17C,17D,17F,180,182,183,185,188,189,18C,18D,18E,18F,190,191,192,193,195,197,198,199,19A,19C,1A0,1A1,1A2,1A3,1A4,1A5,1A6,1A7,1A8,1A9,1AA,1AB,1AC,1AD,1AE,1AF,1B0,1B1,1B7,1BA,240,241,242,243,244,245,246,247,249,24A,250,251,r6,C,a20,m4,lsfw
05-27 16:13:36.099 290 351 D MesonHwc: received Uevent: SEQNUM=3609
05-27 16:13:36.099 290 351 D MesonHwc: received Uevent: change@/devices/virtual/amhdmitx/amhdmitx0
05-27 16:13:36.099 290 351 D MesonHwc: received Uevent: ACTION=change
05-27 16:13:36.099 290 351 D MesonHwc: received Uevent: DEVPATH=/devices/virtual/amhdmitx/amhdmitx0
05-27 16:13:36.099 290 351 D MesonHwc: received Uevent: SUBSYSTEM=amhdmitx
05-27 16:13:36.099 290 351 D MesonHwc: received Uevent: hdmitx_vmode_audio=1
05-27 16:13:36.099 290 351 D MesonHwc: received Uevent: MAJOR=492
05-27 16:13:36.099 290 351 D MesonHwc: received Uevent: MINOR=0
05-27 16:13:36.099 290 351 D MesonHwc: received Uevent: DEVNAME=amhdmitx0
05-27 16:13:36.100 290 351 D MesonHwc: received Uevent: SEQNUM=5602
05-27 16:13:36.100 290 351 D MesonHwc: received Uevent: ATIBLE_N=1
05-27 16:13:36.100 290 351 D MesonHwc: received Uevent: MODALIAS=of:NvoutT(null)Camlogic,_vout
05-27 16:13:36.100 290 351 D MesonHwc: received Uevent: SEQNUM=5601
05-27 16:13:36.100 290 351 D MesonHwc: received Uevent: Camlogic,_aocec-s7d
05-27 16:13:36.100 290 351 D MesonHwc: received Uevent: SEQNUM=5599
05-27 16:13:36.100 290 351 D MesonHwc: received Uevent: 5Ap0000C081
05-27 16:13:36.100 290 351 D MesonHwc: received Uevent: SEQNUM=3612
05-27 16:13:36.100 290 351 D MesonHwc: received Uevent: bfd4444600000000 1 130ff38b17c000 677bfad9415fed 9ed68000004400 10000002
05-27 16:13:36.100 290 351 D MesonHwc: received Uevent: REL=1040
05-27 16:13:36.100 290 351 D MesonHwc: received Uevent: ABS=100000000
05-27 16:13:36.100 290 351 D MesonHwc: received Uevent: MSC=10
05-27 16:13:36.100 290 351 D MesonHwc: received Uevent: MODALIAS=input:b0005v1D5ApC081e0000-e0,1,2,3,4,k71,72,73,74,77,80,82,83,85,86,87,88,89,8A,8B,8C,8E,90,96,98,9B,9C,9E,9F,A1,A3,A4,A5,A6,A7,A8,A9,AB,AC,AD,AE,B0,B1,B2,B5,B6,CE,CF,D0,D1,D2,D4,D8,D9,DB,DF,E0,E1,E4,E5,E6,E7,E8,E9,EA,EB,F0,F1,F4,100,161,162,166,16A,16E,172,174,176,177,178,179,17A,17B,17C,17D,17F,180,182,183,185,188,189,18C,18D,18E,18F,190,191,192,193,195,197,198,199,19A,19C,1A0,1A1,1A2,1A3,1A4,1A5,1A6,1A7,1A8,1A9,1AA,1AB,1AC,1AD,1AE,1AF,1B0,1B1,1B7,1BA,240,241,242,243,244,245,246,247,249,24A,250,251,r6,C,a20,m4,lsfw
05-27 16:13:36.100 290 351 D MesonHwc: received Uevent: SEQNUM=3609
05-27 16:13:36.102 290 351 D MesonHwc: received Uevent: change@/devices/platform/vout
01-01 08:07:05.846 0 0 I [3 T382 ..] DOLBY: vout_notify_callback: VOUT_EVENT_MODE_CHANGE
05-27 16:13:36.102 290 351 D MesonHwc: received Uevent: ACTION=change
05-27 16:13:36.102 290 351 D MesonHwc: received Uevent: DEVPATH=/devices/platform/vout
01-01 08:07:05.847 0 0 I : [3 T382 ..] vsync_pts_inc 1500 1/60
05-27 16:13:36.102 290 351 D MesonHwc: received Uevent: SUBSYSTEM=platform
05-27 16:13:36.102 290 351 D MesonHwc: received Uevent: vout_setmode=0
01-01 08:07:05.847 0 0 I : [3 T382 ..] [drm] meson_vout_update_mode_name: hdmitx update vout 1 name 480p60hz.
05-27 16:13:36.102 320 328 I SystemControl: [/UEventObserver.cpp, HDMITxUenventThreadLoop, 451] HDMI TX switch_name:hdmitx_current_status, switch_state: 174
05-27 16:13:36.102 290 351 D MesonHwc: ModeChange state: [Complete]
05-27 16:13:36.103 478 673 I audio_hw_hal_alsamgr: raw to lpcm switch aml_alsa_output_write
05-27 16:13:36.106 478 673 I audio_hw_hal_alsamgr: aml_alsa_output_write_new reset hdmitx alsa
01-01 08:07:05.850 0 0 D [2 T673 ..] [snd-soc]: spdif_a is set to disable
01-01 08:07:05.850 0 0 I [2 T673 ..] [snd-soc]: aml_audio_reset, reg 0xa, shift 9, use_vadtop 0
01-01 08:07:05.851 0 0 I [2 T673 ..] [snd-soc]: aml_audio_reset, reg 0xa, shift 14, use_vadtop 0
01-01 08:07:05.852 0 0 I [2 T673 ..] [snd-soc]: sharebuffer_spdifout_prepare get_hdmitx_audio_src(rtd->card):3 spdif_id:0
01-01 08:07:05.853 0 0 D [2 T673 ..] [snd-soc]: spdif_a fifo ctrl, frddr:0 type:1, 16 bits, chmask 0x3, swap 0x10
01-01 08:07:05.853 0 0 I [2 T673 ..] [snd-soc]: aml_audio_reset, reg 0xa, shift 10, use_vadtop 0
01-01 08:07:05.854 0 0 I [2 T673 ..] [snd-soc]: aml_audio_reset, reg 0xa, shift 13, use_vadtop 0
01-01 08:07:05.855 0 0 I [2 T673 ..] [hdmitx: ] hdmitx_audio_notify_callback[804] type:12 rate:7 size:1 chs:8 i2s_ch_mask:15 aud_src_if:1
01-01 08:07:05.856 0 0 I [2 T673 ..] [hdmitx: ] aout notify format CT_MAT
01-01 08:07:05.857 0 0 I [2 T673 ..] [hdmitx: ] set audio
01-01 08:07:05.858 0 0 I [2 T673 ..] [hdmitx: ] audio_param->chs = 7
01-01 08:07:05.858 0 0 I [3 T673 ..] [hdmitx: ] aud_src_if = 1
01-01 08:07:05.859 0 0 I [2 T673 ..] [hdmitx: ] aud_n_para = 24576
01-01 08:07:05.859 0 0 I [3 T673 ..] [hdmitx: ] set audio param
05-27 16:13:36.114 320 328 I SystemControl: [/UEventObserver.cpp, HDMITxUenventThreadLoop, 451] HDMI TX switch_name:hdmitx_current_status, switch_state: 175
05-27 16:13:36.115 290 382 D MesonHwc: sysfs(/sys/class/amhdmitx/amhdmitx0/frac_rate_policy) read int32_t (0)
05-27 16:13:36.115 290 382 D MesonHwc: sysfs(/sys/class/amhdmitx/amhdmitx0/frac_rate_policy) read int32_t (0)
05-27 16:13:36.115 290 382 D MesonHwc: setmode:crtc[63], name [480p60hz] -modeblob[133] [720x480-60.00] seamless:0 enableVrr:0
05-27 16:13:36.116 290 382 V MesonDisplayServer: GetDisplayMode:480p60hz
05-27 16:13:36.116 290 382 I MesonHwc: getDisplayMode mode:480p60hz
05-27 16:13:36.118 478 673 I audio_hw_hal_ms12v2: dolby_ms12_threadloop alsa is not running
05-27 16:13:36.118 290 351 D MesonHwc: DrmProperty: EDID (1), value [126]
05-27 16:13:36.118 290 382 I MesonHwc: getContentTypeSupport: game is true
05-27 16:13:36.119 290 351 D MesonHwc: DrmProperty: content type (77), value [0]
05-27 16:13:36.119 290 382 I MesonHwc: set display-size:720x480
05-27 16:13:36.119 290 351 D MesonHwc: DrmProperty: vrr_capable (78), value [0]
05-27 16:13:36.119 290 351 D MesonHwc: DrmProperty: UPDATE (79), value [0]
05-27 16:13:36.119 290 351 D MesonHwc: DrmProperty: color_depth (80), value [8]
05-27 16:13:36.119 290 351 D MesonHwc: DrmProperty: color_space (81), value [2]
05-27 16:13:36.120 290 351 D MesonHwc: DrmProperty: MESON_DRM_HDMITX_PROP_AVMUTE (82), value [0]
05-27 16:13:36.120 290 351 D MesonHwc: DrmProperty: hdmi_hdr_status (83), value [6]
05-27 16:13:36.120 290 351 D MesonHwc: DrmProperty: dv_cap (85), value [0]
05-27 16:13:36.120 290 351 D MesonHwc: DrmProperty: contenttype_cap (89), value [31]
05-27 16:13:36.120 290 351 D MesonHwc: DrmProperty: hdr_priority (91), value [268435472]
05-27 16:13:36.120 290 351 D MesonHwc: DrmProperty: ready (92), value [1]
01-01 08:07:05.865 0 0 D [2 T673 ..] [snd-soc]: spdif_a is set to enable
05-27 16:13:36.121 290 351 D MesonHwc: DrmProperty: allm_cap (95), value [0]
05-27 16:13:36.122 290 351 D MesonHwc: DrmProperty: dc_cap (96), value [1016]
05-27 16:13:36.122 290 351 E MesonHwc: dolby vision driver is not ready
05-27 16:13:36.122 290 351 I MesonHwc: hdr_preference (dolby_vision)
05-27 16:13:36.122 290 351 E MesonHwc: dolby vision driver is not ready
05-27 16:13:36.122 290 351 D MesonHwc: dolby version:0, dv3:0, hlg:0, hdr10:0, hdr10+:0 max:0, avg:0, min:0
05-27 16:13:36.122 290 351 D MesonHwc: dolby version 4k30:0
05-27 16:13:36.123 290 351 D MesonHwc: Connector HDMI-A loadDisplayModes get 22 modes
05-27 16:13:36.123 290 351 D MesonHwc: add fraction display mode (1920x1080p120hz)
05-27 16:13:36.123 290 351 I MesonHwc: add display mode (1920x1080p120hz-1920x1080p120hz-110, 1920x1080, 120.000000) dpi(42406,42203), hskew(1)
05-27 16:13:36.123 290 351 D MesonHwc: add fraction display mode (smpte24hz)
05-27 16:13:36.123 290 351 I MesonHwc: add display mode (smpte24hz-smpte24hz-111, 4096x2160, 24.000000) dpi(90468,84406), hskew(1)
05-27 16:13:36.123 290 351 D MesonHwc: add fraction display mode (2160p30hz)
05-27 16:13:36.123 290 351 I MesonHwc: add display mode (2160p30hz-2160p30hz-112, 3840x2160, 30.000000) dpi(84813,84406), hskew(1)
05-27 16:13:36.123 290 351 I MesonHwc: add display mode (2160p25hz-2160p25hz-113, 3840x2160, 25.000000) dpi(84813,84406), hskew(1)
05-27 16:13:36.123 290 351 D MesonHwc: add fraction display mode (2160p24hz)
05-27 16:13:36.123 290 351 I MesonHwc: add display mode (2160p24hz-2160p24hz-114, 3840x2160, 24.000000) dpi(84813,84406), hskew(1)
05-27 16:13:36.123 290 351 D MesonHwc: add fraction display mode (1920x1080i120hz)
05-27 16:13:36.123 290 351 I MesonHwc: add display mode (1920x1080i120hz-1920x1080i120hz-115, 1920x1080, 120.000000) dpi(42406,42203), hskew(1)
05-27 16:13:36.123 290 351 D MesonHwc: add fraction display mode (1080p60hz)
05-27 16:13:36.123 290 351 I MesonHwc: add display mode (1080p60hz-1080p60hz-116, 1920x1080, 60.000000) dpi(42406,42203), hskew(1)
05-27 16:13:36.123 290 351 D MesonHwc: add fraction display mode (1080i60hz)
05-27 16:13:36.123 290 351 I MesonHwc: add display mode (1080i60hz-1080i60hz-117, 1920x1080, 60.000000) dpi(42406,42203), hskew(1)
05-27 16:13:36.123 290 351 I MesonHwc: add display mode (1080p50hz-1080p50hz-118, 1920x1080, 50.000000) dpi(42406,42203), hskew(1)
05-27 16:13:36.123 290 351 I MesonHwc: add display mode (1080i50hz-1080i50hz-119, 1920x1080, 50.000000) dpi(42406,42203), hskew(1)
05-27 16:13:36.123 290 351 D MesonHwc: add fraction display mode (1080p30hz)
05-27 16:13:36.123 290 351 I MesonHwc: add display mode (1080p30hz-1080p30hz-120, 1920x1080, 30.000000) dpi(42406,42203), hskew(1)
05-27 16:13:36.123 290 351 D MesonHwc: add fraction display mode (1080p24hz)
05-27 16:13:36.123 290 351 I MesonHwc: add display mode (1080p24hz-1080p24hz-121, 1920x1080, 24.000000) dpi(42406,42203), hskew(1)
05-27 16:13:36.123 290 351 D MesonHwc: add fraction display mode (1280x720p120hz)
05-27 16:13:36.123 290 351 I MesonHwc: add display mode (1280x720p120hz-1280x720p120hz-122, 1280x720, 120.000000) dpi(28271,28135), hskew(1)
05-27 16:13:36.123 290 351 D MesonHwc: add fraction display mode (720p60hz)
05-27 16:13:36.123 290 351 I MesonHwc: add display mode (720p60hz-720p60hz-123, 1280x720, 60.000000) dpi(28271,28135), hskew(1)
05-27 16:13:36.123 290 351 I MesonHwc: add display mode (720p50hz-720p50hz-124, 1280x720, 50.000000) dpi(28271,28135), hskew(1)
05-27 16:13:36.123 290 351 D MesonHwc: add fraction display mode (720p30hz)
05-27 16:13:36.124 478 673 I audio_hw_hal_ms12v2: dolby_ms12_threadloop alsa is not running
05-27 16:13:36.124 290 351 I MesonHwc: add display mode (720p30hz-720p30hz-125, 1280x720, 30.000000) dpi(28271,28135), hskew(1)
05-27 16:13:36.124 290 351 D MesonHwc: add fraction display mode (720p24hz)
05-27 16:13:36.124 478 673 I audio_hw_hal_alsamgr: aml_alsa_output_write alsa_running_status[0xefc447f0] change from 0 to 1
05-27 16:13:36.124 290 351 I MesonHwc: add display mode (720p24hz-720p24hz-127, 1280x720, 24.000000) dpi(28271,28135), hskew(1)
05-27 16:13:36.124 290 351 I MesonHwc: add display mode (576p50hz-576p50hz-129, 720x576, 50.000000) dpi(15902,22508), hskew(1)
05-27 16:13:36.124 290 351 I MesonHwc: add display mode (576i50hz-576i50hz-130, 720x576, 50.000000) dpi(15902,22508), hskew(1)
05-27 16:13:36.124 290 351 D MesonHwc: add fraction display mode (720x480p120hz)
05-27 16:13:36.124 290 351 I MesonHwc: add display mode (720x480p120hz-720x480p120hz-131, 720x480, 120.000000) dpi(15902,18756), hskew(1)
05-27 16:13:36.124 290 351 D MesonHwc: add fraction display mode (480p60hz)
05-27 16:13:36.124 290 351 I MesonHwc: add display mode (480p60hz-480p60hz-132, 720x480, 60.000000) dpi(15902,18756), hskew(1)
05-27 16:13:36.124 290 351 D MesonHwc: add fraction display mode (480i60hz)
