05-27 16:13:54.257 290 351 D MesonHwc: received Uevent: ACTION=change
05-27 16:13:54.257 290 351 D MesonHwc: received Uevent: DEVPATH=/devices/platform/vout
05-27 16:13:54.257 290 351 D MesonHwc: received Uevent: SUBSYSTEM=platform
05-27 16:13:54.257 290 351 D MesonHwc: received Uevent: vout_setmode=0
05-27 16:13:54.257 290 351 D MesonHwc: ModeChange state: [Complete]
05-27 16:13:54.258 290 351 D MesonHwc: DrmProperty: EDID (1), value [126]
05-27 16:13:54.258 290 351 D MesonHwc: DrmProperty: content type (77), value [0]
05-27 16:13:54.258 290 351 D MesonHwc: DrmProperty: vrr_capable (78), value [0]
05-27 16:13:54.258 290 351 D MesonHwc: DrmProperty: UPDATE (79), value [0]
05-27 16:13:54.258 290 351 D MesonHwc: DrmProperty: color_depth (80), value [8]
05-27 16:13:54.258 290 351 D MesonHwc: DrmProperty: color_space (81), value [2]
05-27 16:13:54.258 290 351 D MesonHwc: DrmProperty: MESON_DRM_HDMITX_PROP_AVMUTE (82), value [0]
05-27 16:13:54.258 290 351 D MesonHwc: DrmProperty: hdmi_hdr_status (83), value [6]
05-27 16:13:54.258 290 351 D MesonHwc: DrmProperty: dv_cap (85), value [0]
05-27 16:13:54.258 290 351 D MesonHwc: DrmProperty: contenttype_cap (89), value [31]
05-27 16:13:54.258 290 351 D MesonHwc: DrmProperty: hdr_priority (91), value [268435472]
05-27 16:13:54.258 290 351 D MesonHwc: DrmProperty: ready (92), value [1]
05-27 16:13:54.258 290 351 D MesonHwc: DrmProperty: allm_cap (95), value [0]
05-27 16:13:54.258 290 351 D MesonHwc: DrmProperty: dc_cap (96), value [1016]
05-27 16:13:54.258 290 351 E MesonHwc: dolby vision driver is not ready
05-27 16:13:54.260 715 876 I AudioService: onAccessoryPlugMediaUnmute newDevice=1024 [hdmi]
05-27 16:13:54.261 715 873 I AS.AudioDeviceInventory: sendDeviceConnectionIntent(dev:0x400 state:0x1 address: name:);
05-27 16:13:54.262 290 351 I MesonHwc: hdr_preference (dolby_vision)
05-27 16:13:54.263 290 351 E MesonHwc: dolby vision driver is not ready
05-27 16:13:54.263 290 351 D MesonHwc: dolby version:0, dv3:0, hlg:0, hdr10:0, hdr10+:0 max:0, avg:0, min:0
05-27 16:13:54.263 290 351 D MesonHwc: dolby version 4k30:0
05-27 16:13:54.263 290 351 D MesonHwc: Connector HDMI-A loadDisplayModes get 22 modes
05-27 16:13:54.263 290 351 D MesonHwc: add fraction display mode (1920x1080p120hz)
05-27 16:13:54.263 290 351 I MesonHwc: add display mode (1920x1080p120hz-1920x1080p120hz-110, 1920x1080, 120.000000) dpi(42406,42203), hskew(1)
05-27 16:13:54.263 290 351 D MesonHwc: add fraction display mode (smpte24hz)
05-27 16:13:54.263 290 351 I MesonHwc: add display mode (smpte24hz-smpte24hz-111, 4096x2160, 24.000000) dpi(90468,84406), hskew(1)
05-27 16:13:54.263 290 351 D MesonHwc: add fraction display mode (2160p30hz)
05-27 16:13:54.263 290 351 I MesonHwc: add display mode (2160p30hz-2160p30hz-112, 3840x2160, 30.000000) dpi(84813,84406), hskew(1)
05-27 16:13:54.263 290 351 I MesonHwc: add display mode (2160p25hz-2160p25hz-113, 3840x2160, 25.000000) dpi(84813,84406), hskew(1)
05-27 16:13:54.263 290 351 D MesonHwc: add fraction display mode (2160p24hz)
05-27 16:13:54.263 290 351 I MesonHwc: add display mode (2160p24hz-2160p24hz-114, 3840x2160, 24.000000) dpi(84813,84406), hskew(1)
05-27 16:13:54.263 290 351 D MesonHwc: add fraction display mode (1920x1080i120hz)
05-27 16:13:54.263 290 351 I MesonHwc: add display mode (1920x1080i120hz-1920x1080i120hz-115, 1920x1080, 120.000000) dpi(42406,42203), hskew(1)
05-27 16:13:54.263 290 351 D MesonHwc: add fraction display mode (1080p60hz)
05-27 16:13:54.263 290 351 I MesonHwc: add display mode (1080p60hz-1080p60hz-116, 1920x1080, 60.000000) dpi(42406,42203), hskew(1)
05-27 16:13:54.263 290 351 D MesonHwc: add fraction display mode (1080i60hz)
05-27 16:13:54.263 290 351 I MesonHwc: add display mode (1080i60hz-1080i60hz-117, 1920x1080, 60.000000) dpi(42406,42203), hskew(1)
05-27 16:13:54.263 290 351 I MesonHwc: add display mode (1080p50hz-1080p50hz-118, 1920x1080, 50.000000) dpi(42406,42203), hskew(1)
05-27 16:13:54.263 290 351 I MesonHwc: add display mode (1080i50hz-1080i50hz-119, 1920x1080, 50.000000) dpi(42406,42203), hskew(1)
05-27 16:13:54.263 290 351 D MesonHwc: add fraction display mode (1080p30hz)
05-27 16:13:54.263 290 351 I MesonHwc: add display mode (1080p30hz-1080p30hz-120, 1920x1080, 30.000000) dpi(42406,42203), hskew(1)
05-27 16:13:54.263 290 351 D MesonHwc: add fraction display mode (1080p24hz)
05-27 16:13:54.263 290 351 I MesonHwc: add display mode (1080p24hz-1080p24hz-121, 1920x1080, 24.000000) dpi(42406,42203), hskew(1)
05-27 16:13:54.263 290 351 D MesonHwc: add fraction display mode (1280x720p120hz)
05-27 16:13:54.263 290 351 I MesonHwc: add display mode (1280x720p120hz-1280x720p120hz-122, 1280x720, 120.000000) dpi(28271,28135), hskew(1)
05-27 16:13:54.263 290 351 D MesonHwc: add fraction display mode (720p60hz)
05-27 16:13:54.263 290 351 I MesonHwc: add display mode (720p60hz-720p60hz-123, 1280x720, 60.000000) dpi(28271,28135), hskew(1)
05-27 16:13:54.263 290 351 I MesonHwc: add display mode (720p50hz-720p50hz-124, 1280x720, 50.000000) dpi(28271,28135), hskew(1)
05-27 16:13:54.263 290 351 D MesonHwc: add fraction display mode (720p30hz)
05-27 16:13:54.263 290 351 I MesonHwc: add display mode (720p30hz-720p30hz-125, 1280x720, 30.000000) dpi(28271,28135), hskew(1)
05-27 16:13:54.263 290 351 D MesonHwc: add fraction display mode (720p24hz)
05-27 16:13:54.263 290 351 I MesonHwc: add display mode (720p24hz-720p24hz-127, 1280x720, 24.000000) dpi(28271,28135), hskew(1)
05-27 16:13:54.263 290 351 I MesonHwc: add display mode (576p50hz-576p50hz-129, 720x576, 50.000000) dpi(15902,22508), hskew(1)
05-27 16:13:54.263 290 351 I MesonHwc: add display mode (576i50hz-576i50hz-130, 720x576, 50.000000) dpi(15902,22508), hskew(1)
05-27 16:13:54.263 290 351 D MesonHwc: add fraction display mode (720x480p120hz)
05-27 16:13:54.263 290 351 I MesonHwc: add display mode (720x480p120hz-720x480p120hz-131, 720x480, 120.000000) dpi(15902,18756), hskew(1)
05-27 16:13:54.263 290 351 D MesonHwc: add fraction display mode (480p60hz)
05-27 16:13:54.263 290 351 I MesonHwc: add display mode (480p60hz-480p60hz-133, 720x480, 60.000000) dpi(15902,18756), hskew(1)
05-27 16:13:54.263 290 351 D MesonHwc: add fraction display mode (480i60hz)
05-27 16:13:54.264 290 351 I MesonHwc: add display mode (480i60hz-480i60hz-134, 720x480, 60.000000) dpi(15902,18756), hskew(1)
05-27 16:13:54.264 290 351 I MesonHwc: loadDisplayModes (38) end
05-27 16:13:54.264 290 351 D MesonHwc: ERR: PLEASE FIX NON-IMPLEMENT FUN(update).
05-27 16:13:54.264 290 351 D MesonHwc: RealModeMgr::update: nextModeId:806
05-27 16:13:54.264 290 351 D MesonHwc: RealModeMgr::update get current mode:480p60hz
05-27 16:13:54.264 290 351 D MesonHwc: RealModeMgr::update use current mode (720x480-60.00)
05-27 16:13:54.264 290 351 D MesonHwc: On mode change state: [Complete]
05-27 16:13:54.264 290 351 D MesonHwc: getSupportedContentTypes: DrmConnector HDMI-A get supported content type 1
05-27 16:13:54.264 290 351 D MesonHwc: getSupportedContentTypes: DrmConnector HDMI-A get supported content type 2
05-27 16:13:54.264 290 351 D MesonHwc: getSupportedContentTypes: DrmConnector HDMI-A get supported content type 3
05-27 16:13:54.264 290 351 D MesonHwc: getSupportedContentTypes: DrmConnector HDMI-A get supported content type 4
05-27 16:13:54.264 290 351 D MesonHwc: Hwc2Display::onModeChanged getDisplayMode [480p60hz]
05-27 16:13:54.264 290 351 D MesonHwc: [setConnectorStatus]: power mode 1
05-27 16:13:54.264 290 351 I MesonHwc: HwcConfig::default frame buffer size (1920 x 1080)
05-27 16:13:54.264 290 351 D MesonHwc: onModeChanged mObserver->onHotplug(true) hdrCapsChanged:0
05-27 16:13:54.264 290 351 D MesonHwc: drmplane clear drm bo caches
05-27 16:13:54.264 290 351 D MesonHwc: drmplane clear drm bo caches
05-27 16:13:54.264 290 351 D MesonHwc: cleanupBeforeDestroy displayId:0, clear layers
05-27 16:13:54.264 290 351 D MesonHwc: On hotplug, Fn: 0x989b931, Data: 0xe8cc35e0, display: 0, connection: 1
05-27 16:13:54.264 290 351 D MesonComposer3: halEventcallback onHotplug client3.0
05-27 16:13:54.265 290 375 E MesonHwc: getPort 11
05-27 16:13:54.265 290 375 E MesonHwc: getPort 11
05-27 16:13:54.265 320 918 I SystemControl: notify plugin
05-27 16:13:54.265 320 918 I SystemControl: [/SystemControlHal.cpp, onEvent, 72] onEvent event:3, client size:5
05-27 16:13:54.265 488 509 I SystemControlClient: notifyCallback event type:3
05-27 16:13:54.265 488 509 I SystemControlClient: notifyCallback: listener is NULL.
05-27 16:13:54.265 487 516 I SystemControlClient: notifyCallback event type:3
05-27 16:13:54.265 487 516 I SystemControlClient: notifyCallback: listener is NULL.
05-27 16:13:54.265 240 800 I SystemControlClient: notifyCallback event type:3
05-27 16:13:54.265 240 800 I SystemControlClient: notifyCallback: listener is NULL.
05-27 16:13:54.265 486 592 I SystemControlClient: notifyCallback event type:3
05-27 16:13:54.265 486 592 I SystemControlClient: notifyCallback: listener is NULL.
05-27 16:13:54.265 1053 1179 I SystemControlEvent: system control callback event: 3
05-27 16:13:54.267 290 351 D MesonHwc: Display (0) ask for refresh.
05-27 16:13:54.267 290 351 D MesonHwc: Update period fe502a->1107a76
05-27 16:13:54.267 290 351 D MesonHwc: Update period fe502a->1107a76
05-27 16:13:54.267 290 351 D MesonHwc: Update period fe502a->1107a76
05-27 16:13:54.269 1444 1444 E xxxxxxxxxxxxxxx: onReceive:mIsHDMIPlugged = true
05-27 16:13:54.275 264 264 I SurfaceFlinger: Reconnecting display 4620747849504298251 (HAL ID 0)
05-27 16:13:54.275 715 715 V MediaRouter: Audio routes updated: AudioRoutesInfo{ type=HDMI }, a2dp=false
05-27 16:13:54.276 715 715 V MediaRouter: Selecting route: RouteInfo{ name=外部设备, description=null, status=null, category=RouteCategory{ name=系统 types=ROUTE_TYPE_LIVE_AUDIO ROUTE_TYPE_LIVE_VIDEO groupable=false }, supportedTypes=ROUTE_TYPE_LIVE_AUDIO ROUTE_TYPE_LIVE_VIDEO , presentationDisplay=null }
05-27 16:13:54.276 290 375 E MesonComposer3: destroyLayer: display:0 failed to destroy layer:365
05-27 16:13:54.276 264 264 E HwcComposer: destroyLayer failed Status(-8, EX_SERVICE_SPECIFIC): '3: '
05-27 16:13:54.276 264 264 E HWC2 : destroyLayer(0, 365) failed: BadLayer (3)
05-27 16:13:54.276 290 375 E MesonComposer3: destroyLayer: display:0 failed to destroy layer:108
05-27 16:13:54.276 264 264 E HwcComposer: destroyLayer failed Status(-8, EX_SERVICE_SPECIFIC): '3: '
05-27 16:13:54.276 264 264 E HWC2 : destroyLayer(0, 108) failed: BadLayer (3)
05-27 16:13:54.276 264 264 E HwcComposer: setClientTargetSlotCount failed Status(-8, EX_SERVICE_SPECIFIC): '4: '
05-27 16:13:54.278 931 931 V MediaRouter: Audio routes updated: AudioRoutesInfo{ type=HDMI }, a2dp=false
05-27 16:13:54.278 931 931 V MediaRouter: Selecting route: RouteInfo{ name=外部设备, description=null, status=null, category=RouteCategory{ name=系统 types=ROUTE_TYPE_LIVE_AUDIO ROUTE_TYPE_LIVE_VIDEO groupable=false }, supportedTypes=ROUTE_TYPE_LIVE_AUDIO ROUTE_TYPE_LIVE_VIDEO , presentationDisplay=null }
05-27 16:13:54.282 1034 1302 D ActiveDeviceManager: onAudioDevicesAdded
05-27 16:13:54.282 1034 1034 D AvrcpVolumeManager: onAudioDevicesAdded: Not expecting device changed
05-27 16:13:54.282 1034 1302 D ActiveDeviceManager: Audio device added: DBBOX-A3 type: 9
05-27 16:13:54.282 264 264 I Scheduler: Display 4620747849504298251 is the pacesetter
05-27 16:13:54.283 264 5441 E SchedulerTimer: Terminated
05-27 16:13:54.283 264 264 D SurfaceFlinger: Setting power mode 2 on display 4620747849504298251
05-27 16:13:54.283 264 394 W EventThread: Failed dispatching Hotplug{displayId=4620747849504298251, connected} for Connection{0xf2543110, VSyncRequest::None}
05-27 16:13:54.283 264 393 W EventThread: Failed dispatching Hotplug{displayId=4620747849504298251, connected} for Connection{0xf2542d10, VSyncRequest::None}
05-27 16:13:54.283 290 375 D MesonHwc: setPowerMode 2
05-27 16:13:54.284 264 264 D SurfaceFlinger: Finished setting power mode 2 on display 4620747849504298251
05-27 16:13:54.288 264 264 E Scheduler: trackPendingFrame: Invalid present fence
05-27 16:13:54.289 478 5446 D xm_audio: adev_get_parameters
05-27 16:13:54.290 290 375 I MesonDisplay: [/mode_policy.c, meson_mode_set_policy, 1177] connector:0 to policy:0
05-27 16:13:54.290 290 375 I MesonDisplay: [/mode_policy.c, is_dv_prefer, 66] not prefer dv, hdr_priority:10000010
05-27 16:13:54.290 290 375 I MesonDisplay: [/mode_policy.c, is_dv_prefer, 66] not prefer dv, hdr_priority:10000010
05-27 16:13:54.290 290 375 I MesonDisplay: [/mode_policy_parser.c, is_support_hdmimode, 115] is_support_hdmimode mode: 2160p60hz not support
05-27 16:13:54.290 290 375 I MesonDisplay: [/mode_policy_parser.c, is_support_hdmimode, 115] is_support_hdmimode mode: 2160p50hz not support
05-27 16:13:54.290 290 375 I MesonDisplay: [/mode_policy_parser.c, is_support_hdmimode, 110] is_support_hdmimode mode: 1080p60hz
05-27 16:13:54.290 290 375 I MesonDisplay: [/mode_policy.c, get_highest_mode_by_policy, 978] get_highest_mode_by_policy preferred mode:[1080p60hz]
05-27 16:13:54.290 290 375 I MesonDisplay: [/mode_policy.c, get_hdmi_outputmode, 1018] get_hdmi_outputmode mode:1080p60hz
05-27 16:13:54.290 290 375 I MesonDisplay: [/mode_policy.c, sdr_scene_process, 1146] final_displaymode:1080p60hz
05-27 16:13:54.290 290 375 I MesonDisplay: [/mode_policy.c, get_best_color_attr, 613] get_best_color_attr current mode:[1080p60hz] brr_mode:[1080p60hz]
05-27 16:13:54.290 290 375 D MesonDisplay: meson_write /sys/class/amhdmitx/amhdmitx0/valid_mode, outputmode:1080p60hz444,8bit
05-27 16:13:54.290 290 375 D MesonDisplay: valid mode is true!
05-27 16:13:54.290 290 375 I MesonDisplay: [/mode_policy.c, get_best_color_attr, 679] support current mode:[1080p60hz], color format:[444,8bit]
05-27 16:13:54.290 290 375 I MesonDisplay: [/mode_policy.c, get_hdmi_color_attr, 1081] get hdmi color attribute : [444,8bit], outputmode is: [1080p60hz]
05-27 16:13:54.290 290 375 I MesonDisplay: [/mode_policy.c, update_deepcolor, 1107] colorattribute = 444,8bit
05-27 16:13:54.290 290 375 I MesonDisplay: [/mode_policy.c, sdr_scene_process, 1163] final_deepcolor = 444,8bit
05-27 16:13:54.290 290 375 I MesonDisplay: [/mode_policy.c, meson_mode_get_policy_output, 1289] final_displaymode:1080p60hz, final_deepcolor:444,8bit, amdv_type:0
05-27 16:13:54.290 290 375 I MesonHwc: getPreferredDisplayConfig [1080p60hz]
05-27 16:13:54.290 290 375 I MesonDisplay: [/mode_policy.c, meson_mode_set_policy, 1177] connector:0 to policy:8
05-27 16:13:54.290 290 375 D MesonHwc: getPreferredBootConfig outConfig = 815 (1920x1080@59.940060)
05-27 16:13:54.290 478 5446 D xm_audio: adev_get_parameters
05-27 16:13:54.291 715 741 I DisplayDeviceRepository: Display device changed: DisplayDeviceInfo{"内置屏幕": uniqueId="local:4620747849504298251", 720 x 480, modeId 622, renderFrameRate 60.000004, defaultModeId 622, supportedModes [{id=622, width=720, height=480, fps=60.000004, alternativeRefreshRates=[], supportedHdrTypes=[]}], colorMode 0, supportedColorModes [0], hdrCapabilities HdrCapabilities{mSupportedHdrTypes=[], mMaxLuminance=500.0, mMaxAverageLuminance=500.0, mMinLuminance=0.0}, allmSupported false, gameContentTypeSupported true, density 120, 15.902 x 18.756 dpi, appVsyncOff 2000000, presDeadline 13666666, touch INTERNAL, rotation 0, type INTERNAL, address {port=11, model=0x402031aff65a95}, deviceProductInfo DeviceProductInfo{name=Linux FHD, manufacturerPnpId=LNX, productId=0, modelYear=null, manufactureDate=ManufactureDate{week=5, year=2012}, connectionToSinkType=0}, state ON, committedState ON, frameRateOverride , brightnessMinimum 0.0, brightnessMaximum 1.0, brightnessDefault 0.39763778, hdrSdrRatio NaN, FLAG_ALLOWED_TO_BE_DEFAULT_DISPLAY, FLAG_ROTATES_WITH_CONTENT, FLAG_SECURE, FLAG_SUPPORTS_PROTECTED_BUFFERS, FLAG_TRUSTED, installOrientation 0, displayShape DisplayShape{ spec=2031491835 displayWidth=720 displayHeight=480 physicalPixelDisplaySizeRatio=1.0 rotation=0 offsetX=0 offsetY=0 scale=1.0}}
05-27 16:13:54.295 264 264 I RefreshRateSelector: Display 4620747849504298251 policy changed
05-27 16:13:54.295 264 264 I RefreshRateSelector: Previous: {defaultModeId=781, allowGroupSwitching=false, primaryRanges={physical=[0.00 Hz, 340282346638528859811704183484516925440.00 Hz], render=[0.00 Hz, 340282346638528859811704183484516925440.00 Hz]}, appRequestRanges={physical=[0.00 Hz, 340282346638528859811704183484516925440.00 Hz], render=[0.00 Hz, 340282346638528859811704183484516925440.00 Hz]}}
05-27 16:13:54.295 264 264 I RefreshRateSelector: Current: DisplayManagerPolicy{defaultModeId=781, allowGroupSwitching=false, primaryRanges={physical=[0.00 Hz, inf Hz], render=[0.00 Hz, 120.00 Hz]}, appRequestRanges={physical=[0.00 Hz, inf Hz], render=[0.00 Hz, inf Hz]}}
05-27 16:13:54.295 264 264 I RefreshRateSelector: 0 mode changes were performed under the previous policy
05-27 16:13:54.298 489 527 D hdmicecd: [CEC]:printCecMessage, [4 -> 4] len: 0, body:, result:no ack
05-27 16:13:54.300 478 5377 D xm_audio: adev_get_parameters
05-27 16:13:54.301 478 5377 D xm_audio: adev_get_parameters
05-27 16:13:54.306 478 5377 D xm_audio: adev_get_parameters
05-27 16:13:54.307 478 5377 D xm_audio: adev_get_parameters
05-27 16:13:54.311 478 5377 D xm_audio: adev_get_parameters
05-27 16:13:54.312 478 5377 D xm_audio: adev_get_parameters
05-27 16:13:54.322 478 5377 D xm_audio: adev_get_parameters
05-27 16:13:54.323 478 5377 D xm_audio: adev_get_parameters
05-27 16:13:54.328 478 5377 D xm_audio: adev_get_parameters
05-27 16:13:54.329 478 5377 D xm_audio: adev_get_parameters
05-27 16:13:54.335 478 5377 D xm_audio: adev_get_parameters
05-27 16:13:54.336 478 5377 D xm_audio: adev_get_parameters
05-27 16:13:54.344 478 5446 D xm_audio: adev_get_parameters
05-27 16:13:54.345 478 5446 D xm_audio: adev_get_parameters
05-27 16:13:54.351 478 5446 D xm_audio: adev_get_parameters
05-27 16:13:54.352 478 5446 D xm_audio: adev_get_parameters
05-27 16:13:54.354 489 527 D hdmicecd: [CEC]:printCecMessage, [4 -> 4] len: 0, body:, result:no ack
05-27 16:13:54.354 715 894 D HDMI : New logical address for device [4]: [preferred:4, assigned:4]
05-27 16:13:54.355 489 527 D hdmicecd: [HdmiCecControl]:getPhysicalAddress, physical addr: 2000, last pa: 2000, ret = 0
05-27 16:13:54.355 489 527 D hdmicecd: [HdmiCecControl]:getPhysicalAddress, physical addr: 2000, last pa: 2000, ret = 0
05-27 16:13:54.355 489 527 D hdmicecd: [HdmiCecControl]:getPhysicalAddress, physical addr: 2000, last pa: 2000, ret = 0
05-27 16:13:54.356 489 527 D hdmicecd: [HdmiCecControl]:getVendorId, vendorId: 0x1CA410
05-27 16:13:54.356 489 489 D hdmicecd: [HdmiCecControl]:getPhysicalAddress, physical addr: 2000, last pa: 2000, ret = 0
05-27 16:13:54.356 715 715 D HDMI : addCecDevice new:CEC: logical_address: 0x04 device_type: 4 cec_version: 5 vendor_id: 1877008 display_name: DBBOX-A3 power_status: 0 physical_address: 0x2000 port_id: 0 old:null
05-27 16:13:54.356 489 489 I hdmicecd: [HdmiCecControl]:addr:4, allocate result:0
05-27 16:13:54.359 478 5446 D xm_audio: adev_get_parameters
05-27 16:13:54.360 478 5446 D xm_audio: adev_get_parameters
05-27 16:13:54.366 478 5446 D xm_audio: adev_get_parameters
05-27 16:13:54.368 489 489 D hdmicecd: [HdmiCecControl]:onAddressAllocated:4
05-27 16:13:54.368 715 715 D HDMI : onAddressAllocated address:4 reason:4
05-27 16:13:54.368 478 5446 D xm_audio: adev_get_parameters
05-27 16:13:54.368 489 489 D hdmicecd: [HdmiCecControl]:getPhysicalAddress, physical addr: 2000, last pa: 2000, ret = 0
05-27 16:13:54.369 715 894 D HDMI : [S]: 4F:84:20:00:04
05-27 16:13:54.369 489 519 D hdmicecd: [HdmiCecControl]:getVendorId, vendorId: 0x1CA410
05-27 16:13:54.370 489 519 D hdmicecd: [HdmiCecControl]:getPhysicalAddress, physical addr: 2000, last pa: 2000, ret = 0
05-27 16:13:54.370 715 715 D HDMI : DeviceDiscoveryAction start com.android.server.hdmi.DeviceDiscoveryAction@6cdd5cf
05-27 16:13:54.465 515 541 I WifiHAL : call wifi_get_link_stats handler
05-27 16:13:54.465 515 541 I WifiHAL : Creating message to get link statistics; iface = 16
05-27 16:13:54.465 515 541 D WifiHAL : error code -95 mapped to -3
05-27 16:13:54.466 715 854 E WifiStaIfaceAidlImpl: getLinkLayerStats failed with service-specific exception: android.os.ServiceSpecificException: (code 4)
05-27 16:13:54.477 1420 1647 E ccc : cccccc settingHelper resetManager
05-27 16:13:54.479 1420 1647 V HdmiDisplayManager: Amlogic Y5
05-27 16:13:54.524 489 527 D hdmicecd: [CEC]:printCecMessage, [4 -> f] len: 4, body: 84 20 00 04, result:success
05-27 16:13:54.524 489 527 E IPCThreadState: binder thread pool (1 threads) starved for 156 ms
05-27 16:13:54.525 715 894 D HDMI : [S]: 4F:87:1C:A4:10
05-27 16:13:54.676 489 527 D hdmicecd: [CEC]:printCecMessage, [4 -> f] len: 4, body: 87 1c a4 10, result:success
05-27 16:13:54.676 489 527 E IPCThreadState: binder thread pool (1 threads) starved for 152 ms
05-27 16:13:54.676 715 894 D HDMI : [S]: 40:8C
05-27 16:13:54.755 489 527 D hdmicecd: [CEC]:printCecMessage, [4 -> 0] len: 1, body: 8c, result:success
05-27 16:13:54.755 715 894 D HDMI : [S]: 40:47
05-27 16:13:54.768 1420 1647 E ccc : cccccc settingHelper resetManager
05-27 16:13:54.769 1420 1647 V HdmiDisplayManager: Amlogic Y5
05-27 16:13:55.030 489 527 D hdmicecd: [CEC]:printCecMessage, [4 -> 0] len: 9, body: 47 44 42 42 4f 58 2d 41 33, result:success
05-27 16:13:55.030 489 527 E IPCThreadState: binder thread pool (1 threads) starved for 275 ms
05-27 16:13:55.031 715 894 D HDMI : [S]: 45:7D
05-27 16:13:55.086 489 527 D hdmicecd: [CEC]:printCecMessage, [4 -> 5] len: 1, body: 7d, result:no ack
05-27 16:13:55.142 489 527 D hdmicecd: [CEC]:printCecMessage, [4 -> 5] len: 1, body: 7d, result:no ack
05-27 16:13:55.143 715 715 D HDMI : AVR did not respond to
05-27 16:13:55.143 715 715 D HdmiControlService: Switching to full volume behavior
05-27 16:13:55.198 489 527 D hdmicecd: [CEC]:printCecMessage, [4 -> e] len: 0, body:, result:no ack
05-27 16:13:55.249 290 5470 D MesonDisplay: read /sys/class/amhdmitx/amhdmitx0/hdcp_lstore, result length:0, val:
05-27 16:13:55.336 489 525 D hdmicecd: [CEC]:printCecMsgBuf, msg: 0f 87 00 00 00
05-27 16:13:55.337 715 715 D HDMI : [R]: 0F:87:00:00:00
05-27 16:13:55.338 489 519 D hdmicecd: [HdmiCecControl]:getPhysicalAddress, physical addr: 2000, last pa: 2000, ret = 0
05-27 16:13:55.339 715 715 D HDMI : addCecDevice new:CEC: logical_address: 0x00 device_type: 0 cec_version: 5 vendor_id: 16777215 display_name: TV power_status: -1 physical_address: 0xFFFF port_id: -1 old:null
05-27 16:13:55.339 715 715 D HdmiControlService: Switching to full volume behavior
05-27 16:13:55.340 489 519 D hdmicecd: [HdmiCecControl]:getPhysicalAddress, physical addr: 2000, last pa: 2000, ret = 0
05-27 16:13:55.341 715 715 D HDMI : TV is available now for receiving its message
05-27 16:13:55.341 715 715 D AudioService: onStatusChange cecEnabled:true available:true
05-27 16:13:55.341 715 715 D AudioService: TV, no CEC: setting HDMI as regular vol device
05-27 16:13:55.341 715 715 D AudioService: Removing DeviceType: 0x400 from mFullVolumeDevices
05-27 16:13:55.341 715 715 D AudioService: Removing DeviceType: 0x400 from mFixedVolumeDevices
05-27 16:13:55.341 715 715 D AudioService: Removing DeviceType: 0x400 from mAbsoluteVolumeDeviceInfoMap
05-27 16:13:55.345 478 5446 D xm_audio: adev_get_parameters
05-27 16:13:55.347 478 5446 D xm_audio: adev_get_parameters
05-27 16:13:55.354 478 5446 D xm_audio: adev_get_parameters
05-27 16:13:55.356 478 5446 D xm_audio: adev_get_parameters
05-27 16:13:55.363 478 5446 D xm_audio: adev_get_parameters
05-27 16:13:55.368 478 5446 D xm_audio: adev_get_parameters
05-27 16:13:55.377 478 5377 D xm_audio: adev_get_parameters
05-27 16:13:55.379 478 5377 D xm_audio: adev_get_parameters
05-27 16:13:55.385 478 5377 D xm_audio: adev_get_parameters
05-27 16:13:55.387 478 5377 D xm_audio: adev_get_parameters
05-27 16:13:55.393 478 5377 D xm_audio: adev_get_parameters
05-27 16:13:55.394 478 5377 D xm_audio: adev_get_parameters
05-27 16:13:55.401 478 5377 D xm_audio: adev_get_parameters
05-27 16:13:55.402 478 5377 D xm_audio: adev_get_parameters
05-27 16:13:55.408 478 5377 D xm_audio: adev_get_parameters
05-27 16:13:55.411 478 5377 D xm_audio: adev_get_parameters
05-27 16:13:55.418 478 5377 D xm_audio: adev_get_parameters
05-27 16:13:55.419 478 5377 D xm_audio: adev_get_parameters
05-27 16:13:55.426 478 5377 D xm_audio: adev_get_parameters
05-27 16:13:55.428 478 5377 D xm_audio: adev_get_parameters
05-27 16:13:55.434 478 5446 D xm_audio: adev_get_parameters
05-27 16:13:55.436 478 5446 D xm_audio: adev_get_parameters
05-27 16:13:55.442 478 5446 D xm_audio: adev_get_parameters
05-27 16:13:55.442 489 527 D hdmicecd: [CEC]:printCecMessage, [4 -> b] len: 0, body:, result:no ack
05-27 16:13:55.442 489 527 E IPCThreadState: binder thread pool (1 threads) starved for 243 ms
05-27 16:13:55.443 478 5446 D xm_audio: adev_get_parameters
05-27 16:13:55.450 478 5446 D xm_audio: adev_get_parameters
05-27 16:13:55.451 478 5446 D xm_audio: adev_get_parameters
05-27 16:13:55.457 478 5446 D xm_audio: adev_get_parameters
05-27 16:13:55.458 478 5446 D xm_audio: adev_get_parameters
05-27 16:13:55.465 478 5446 D xm_audio: adev_get_parameters
05-27 16:13:55.466 478 5446 D xm_audio: adev_get_parameters
05-27 16:13:55.470 478 5446 D xm_audio: adev_get_parameters
05-27 16:13:55.473 478 5446 D xm_audio: adev_get_parameters
05-27 16:13:55.479 478 5446 D xm_audio: adev_get_parameters
05-27 16:13:55.480 478 5446 D xm_audio: adev_get_parameters
05-27 16:13:55.486 478 5446 D xm_audio: adev_get_parameters
05-27 16:13:55.487 478 5446 D xm_audio: adev_get_parameters
05-27 16:13:55.493 478 5446 D xm_audio: adev_get_parameters
05-27 16:13:55.494 478 5446 D xm_audio: adev_get_parameters
05-27 16:13:55.498 489 527 D hdmicecd: [CEC]:printCecMessage, [4 -> 8] len: 0, body:, result:no ack
05-27 16:13:55.499 478 5446 D xm_audio: adev_get_parameters
05-27 16:13:55.500 478 5377 D xm_audio: adev_get_parameters
05-27 16:13:55.554 489 527 D hdmicecd: [CEC]:printCecMessage, [4 -> 5] len: 0, body:, result:no ack
05-27 16:13:55.610 489 527 D hdmicecd: [CEC]:printCecMessage, [4 -> 3] len: 0, body:, result:no ack
05-27 16:13:55.666 489 527 D hdmicecd: [CEC]:printCecMessage, [4 -> 1] len: 0, body:, result:no ack
05-27 16:13:55.692 715 715 V HotPlugDetectionAction: Poll all devices.
05-27 16:13:55.726 489 527 D hdmicecd: [CEC]:printCecMessage, [4 -> 0] len: 0, body:, result:success
05-27 16:13:55.727 715 715 D HdmiCecController: [P]:AllocatedAddress=[0]
05-27 16:13:55.782 489 527 D hdmicecd: [CEC]:printCecMessage, [4 -> 0] len: 0, body:, result:success
05-27 16:13:55.783 715 894 D HDMI : [S]: 40:83
05-27 16:13:55.863 489 527 D hdmicecd: [CEC]:printCecMessage, [4 -> 0] len: 1, body: 83, result:success
05-27 16:13:55.918 489 527 D hdmicecd: [CEC]:printCecMessage, [4 -> 1] len: 0, body:, result:no ack
05-27 16:13:55.974 489 527 D hdmicecd: [CEC]:printCecMessage, [4 -> 3] len: 0, body:, result:no ack
05-27 16:13:55.977 1444 1444 E xxxxxxxxxxxxxxx: onReceive: true , configuration = {1.0 ?mcc0mnc [zh_CN] ldltr sw720dp w1280dp h720dp 240dpi xlrg long land television -touch -keyb/v/h dpad/v winConfig={ mBounds=Rect(0, 0 - 1920, 1080) mAppBounds=Rect(0, 0 - 1920, 1080) mMaxBounds=Rect(0, 0 - 1920, 1080) mDisplayRotation=ROTATION_0 mWindowingMode=fullscreen mDisplayWindowingMode=fullscreen mActivityType=undefined mAlwaysOnTop=undefined mRotation=ROTATION_0} s.6 fontWeightAdjustment=0}
05-27 16:13:55.978 1444 1444 E xxxxxxxxxxxxxxx: isScreenSizeChange=false app onConfigurationChanged={1.0 ?mcc0mnc [zh_CN] ldltr sw720dp w1280dp h720dp 240dpi xlrg long land television -touch -keyb/v/h dpad/v winConfig={ mBounds=Rect(0, 0 - 1920, 1080) mAppBounds=Rect(0, 0 - 1920, 1080) mMaxBounds=Rect(0, 0 - 1920, 1080) mDisplayRotation=ROTATION_0 mWindowingMode=fullscreen mDisplayWindowingMode=fullscreen mActivityType=undefined mAlwaysOnTop=undefined mRotation=ROTATION_0} s.6 fontWeightAdjustment=0}
05-27 16:13:56.030 489 527 D hdmicecd: [CEC]:printCecMessage, [4 -> 5] len: 0, body:, result:no ack
05-27 16:13:56.090 489 527 D hdmicecd: [CEC]:printCecMessage, [4 -> 8] len: 0, body:, result:no ack
05-27 16:13:56.228 489 525 D hdmicecd: [CEC]:printCecMsgBuf, msg: 0f 84 00 00 00
05-27 16:13:56.230 715 715 D HDMI : [R]: 0F:84:00:00:00
05-27 16:13:56.231 489 519 D hdmicecd: [HdmiCecControl]:getPhysicalAddress, physical addr: 2000, last pa: 2000, ret = 0
05-27 16:13:56.232 489 489 D hdmicecd: [HdmiCecControl]:getPhysicalAddress, physical addr: 2000, last pa: 2000, ret = 0
05-27 16:13:56.232 715 715 D HDMI : addCecDevice new:CEC: logical_address: 0x00 device_type: 0 cec_version: 5 vendor_id: 0 display_name: TV power_status: -1 physical_address: 0x0000 port_id: -1 old:CEC: logical_address: 0x00 device_type: 0 cec_version: 5 vendor_id: 0 display_name: TV power_status: -1 physical_address: 0xFFFF port_id: -1
05-27 16:13:56.233 715 715 D HdmiControlService: Switching to full volume behavior
05-27 16:13:56.234 489 489 D hdmicecd: [HdmiCecControl]:getPhysicalAddress, physical addr: 2000, last pa: 2000, ret = 0
05-27 16:13:56.250 290 5470 D MesonDisplay: read /sys/class/amhdmitx/amhdmitx0/hdcp_lstore, result length:0, val:
05-27 16:13:56.286 489 527 D hdmicecd: [CEC]:printCecMessage, [4 -> b] len: 0, body:, result:no ack
05-27 16:13:56.287 715 894 D HDMI : [S]: 40:46
05-27 16:13:56.287 489 527 E IPCThreadState: binder thread pool (1 threads) starved for 196 ms
05-27 16:13:56.367 489 489 D hdmicecd: [CEC]:printCecMessage, [4 -> 0] len: 1, body: 46, result:success
05-27 16:13:56.422 489 489 D hdmicecd: [CEC]:printCecMessage, [4 -> e] len: 0, body:, result:no ack
05-27 16:13:56.423 715 715 D HdmiCecController: [P]:AllocatedAddress=[0]
05-27 16:13:56.597 478 673 I audio_hw_hal_alsamgr: alsa format =0x1 delay frames =1024 total frames=20939456
05-27 16:13:56.845 489 525 D hdmicecd: [CEC]:printCecMsgBuf, msg: 04 47 48 51 4b 32 20 50 72 6f
05-27 16:13:56.848 715 715 D HDMI : [R]: 04:47
05-27 16:13:56.849 715 715 D HdmiCecNetwork: Updating device OSD name from TV to HQK2 Pro
05-27 16:13:56.850 489 489 D hdmicecd: [HdmiCecControl]:getPhysicalAddress, physical addr: 2000, last pa: 2000, ret = 0
05-27 16:13:56.851 715 894 D HDMI : [S]: 40:8F
05-27 16:13:56.935 489 527 D hdmicecd: [CEC]:printCecMessage, [4 -> 0] len: 1, body: 8f, result:success
05-27 16:13:56.981 478 673 I audio_hw_hal_alsamgr: alsa format =0x24000000 delay frames =5760 total frames=80640000
05-27 16:13:57.042 489 525 D hdmicecd: [CEC]:printCecMsgBuf, msg: 04 90 00
05-27 16:13:57.042 489 525 D hdmicecd: [HdmiCecControl]:updateActiveState received tv power status 0
05-27 16:13:57.044 715 715 D HDMI : [R]: 04:90:00
05-27 16:13:57.045 489 527 D hdmicecd: [HdmiCecControl]:getPhysicalAddress, physical addr: 2000, last pa: 2000, ret = 0
05-27 16:13:57.047 489 527 D hdmicecd: [HdmiCecControl]:getPhysicalAddress, physical addr: 2000, last pa: 2000, ret = 0
05-27 16:13:57.048 715 715 D HDMI : addCecDevice new:CEC: logical_address: 0x00 device_type: 0 cec_version: 5 vendor_id: 0 display_name: HQK2 Pro power_status: 0 physical_address: 0x0000 port_id: -1 old:CEC: logical_address: 0x00 device_type: 0 cec_version: 5 vendor_id: 0 display_name: HQK2 Pro power_status: 0 physical_address: 0x0000 port_id: -1
05-27 16:13:57.048 715 715 D HdmiControlService: Switching to full volume behavior
05-27 16:13:57.049 489 489 D hdmicecd: [HdmiCecControl]:getPhysicalAddress, physical addr: 2000, last pa: 2000, ret = 0
05-27 16:13:57.049 715 715 D HDMI : addCecDevice new:CEC: logical_address: 0x04 device_type: 4 cec_version: 5 vendor_id: 1877008 display_name: DBBOX-A3 power_status: 0 physical_address: 0x2000 port_id: 0 old:null
05-27 16:13:57.232 478 672 D audio_hw_hal_ms12common: func:ms12_timer_callback_handler sigv:0 ~~~~~~~~~~
05-27 16:13:57.232 478 672 D audio_hw_hal_ms12v2: set_dolby_ms12_continuous_state audio_continuous_standby_set status 1
05-27 16:13:57.232 478 672 D audio_hw_hal_continuous_standby: audio_continuous_standby_set, type 0, params 1
05-27 16:13:57.232 478 672 D audio_hw_hal_ms12common: aml_send_ms12_scheduler_state_2_ms12 adev:0xefd014a0, sch_state:1(SCHEDULER_STANDBY)
05-27 16:13:57.250 290 5470 D MesonDisplay: read /sys/class/amhdmitx/amhdmitx0/hdcp_lstore, result length:0, val:
01-01 08:07:27.079 0 0 I [0 T1149 ..] [hdmitx: ] UTC+0 2025-05-27 08:13:57 HPD LOW
01-01 08:07:27.079 0 0 I [3 T61 ..] [hdmitx: ] system: plugout
01-01 08:07:27.080 0 0 I [3 T61 ..] resman: notify error info = {"subModule":11,"level":2,"logType":1,"errorType":6,"msg":"HDMITX_HPD_PLUGOUT"}
05-27 16:13:57.335 290 351 D MesonHwc: received Uevent: change@/devices/virtual/amhdmitx/amhdmitx0
05-27 16:13:57.335 290 351 D MesonHwc: received Uevent: ACTION=change
05-27 16:13:57.335 290 351 D MesonHwc: received Uevent: DEVPATH=/devices/virtual/amhdmitx/amhdmitx0
05-27 16:13:57.335 290 351 D MesonHwc: received Uevent: SUBSYSTEM=amhdmitx
05-27 16:13:57.335 290 351 D MesonHwc: received Uevent: hdmitx_current_status=204
05-27 16:13:57.335 290 351 D MesonHwc: received Uevent: MAJOR=492
05-27 16:13:57.335 290 351 D MesonHwc: received Uevent: MINOR=0
05-27 16:13:57.335 290 351 D MesonHwc: received Uevent: DEVNAME=amhdmitx0
05-27 16:13:57.335 290 351 D MesonHwc: received Uevent: SEQNUM=5760
05-27 16:13:57.335 290 351 D MesonHwc: received Uevent: ic, aocec-s7d
05-27 16:13:57.335 320 328 I SystemControl: [/UEventObserver.cpp, HDMITxUenventThreadLoop, 451] HDMI TX switch_name:hdmitx_current_status, switch_state: 204
05-27 16:13:57.335 290 351 D MesonHwc: received Uevent: OF_COMPATIBLE_N=1
05-27 16:13:57.335 290 351 D MesonHwc: received Uevent: MODALIAS=of:NaocecT(null)Camlogic,_aocec-s7d
05-27 16:13:57.335 290 351 D MesonHwc: received Uevent: SEQNUM=5759
05-27 16:13:57.335 290 351 D MesonHwc: received Uevent: 5Ap0000C081
05-27 16:13:57.335 290 351 D MesonHwc: received Uevent: SEQNUM=3612
05-27 16:13:57.335 290 351 D MesonHwc: received Uevent: bfd4444600000000 1 130ff38b17c000 677bfad9415fed 9ed68000004400 10000002
05-27 16:13:57.335 290 351 D MesonHwc: received Uevent: REL=1040
05-27 16:13:57.335 290 351 D MesonHwc: received Uevent: ABS=100000000
05-27 16:13:57.335 290 351 D MesonHwc: received Uevent: MSC=10
05-27 16:13:57.335 290 351 D MesonHwc: received Uevent: MODALIAS=input:b0005v1D5ApC081e0000-e0,1,2,3,4,k71,72,73,74,77,80,82,83,85,86,87,88,89,8A,8B,8C,8E,90,96,98,9B,9C,9E,9F,A1,A3,A4,A5,A6,A7,A8,A9,AB,AC,AD,AE,B0,B1,B2,B5,B6,CE,CF,D0,D1,D2,D4,D8,D9,DB,DF,E0,E1,E4,E5,E6,E7,E8,E9,EA,EB,F0,F1,F4,100,161,162,166,16A,16E,172,174,176,177,178,179,17A,17B,17C,17D,17F,180,182,183,185,188,189,18C,18D,18E,18F,190,191,192,193,195,197,198,199,19A,19C,1A0,1A1,1A2,1A3,1A4,1A5,1A6,1A7,1A8,1A9,1AA,1AB,1AC,1AD,1AE,1AF,1B0,1B1,1B7,1BA,240,241,242,243,244,245,246,247,249,24A,250,251,r6,C,a20,m4,lsfw
05-27 16:13:57.335 290 351 D MesonHwc: received Uevent: SEQNUM=3609
05-27 16:13:57.335 290 351 D MesonHwc: received Uevent: change@/devices/virtual/amhdmitx/amhdmitx0
05-27 16:13:57.335 290 351 D MesonHwc: received Uevent: ACTION=change
05-27 16:13:57.335 290 351 D MesonHwc: received Uevent: DEVPATH=/devices/virtual/amhdmitx/amhdmitx0
05-27 16:13:57.335 290 351 D MesonHwc: received Uevent: SUBSYSTEM=amhdmitx
05-27 16:13:57.335 290 351 D MesonHwc: received Uevent: hdmitx_current_status=204
05-27 16:13:57.335 290 351 D MesonHwc: received Uevent: MAJOR=492
05-27 16:13:57.335 290 351 D MesonHwc: received Uevent: MINOR=0
05-27 16:13:57.335 290 351 D MesonHwc: received Uevent: DEVNAME=amhdmitx0
05-27 16:13:57.335 290 351 D MesonHwc: received Uevent: SEQNUM=5760
05-27 16:13:57.335 290 351 D MesonHwc: received Uevent: ic, aocec-s7d
05-27 16:13:57.335 290 351 D MesonHwc: received Uevent: OF_COMPATIBLE_N=1
05-27 16:13:57.335 290 351 D MesonHwc: received Uevent: MODALIAS=of:NaocecT(null)Camlogic,_aocec-s7d
05-27 16:13:57.335 290 351 D MesonHwc: received Uevent: SEQNUM=5759
05-27 16:13:57.335 290 351 D MesonHwc: received Uevent: 5Ap0000C081
05-27 16:13:57.335 290 351 D MesonHwc: received Uevent: SEQNUM=3612
05-27 16:13:57.335 290 351 D MesonHwc: received Uevent: bfd4444600000000 1 130ff38b17c000 677bfad9415fed 9ed68000004400 10000002
05-27 16:13:57.335 290 351 D MesonHwc: received Uevent: REL=1040
05-27 16:13:57.336 290 351 D MesonHwc: received Uevent: ABS=100000000
05-27 16:13:57.336 290 351 D MesonHwc: received Uevent: MSC=10
05-27 16:13:57.336 290 351 D MesonHwc: received Uevent: MODALIAS=input:b0005v1D5ApC081e0000-e0,1,2,3,4,k71,72,73,74,77,80,82,83,85,86,87,88,89,8A,8B,8C,8E,90,96,98,9B,9C,9E,9F,A1,A3,A4,A5,A6,A7,A8,A9,AB,AC,AD,AE,B0,B1,B2,B5,B6,CE,CF,D0,D1,D2,D4,D8,D9,DB,DF,E0,E1,E4,E5,E6,E7,E8,E9,EA,EB,F0,F1,F4,100,161,162,166,16A,16E,172,174,176,177,178,179,17A,17B,17C,17D,17F,180,182,183,185,188,189,18C,18D,18E,18F,190,191,192,193,195,197,198,199,19A,19C,1A0,1A1,1A2,1A3,1A4,1A5,1A6,1A7,1A8,1A9,1AA,1AB,1AC,1AD,1AE,1AF,1B0,1B1,1B7,1BA,240,241,242,243,244,245,246,247,249,24A,250,251,r6,C,a20,m4,lsfw
05-27 16:13:57.336 290 351 D MesonHwc: received Uevent: SEQNUM=3609
01-01 08:07:27.084 0 0 I [3 T61 ..] [hdmitx: ] plug out sequence id: 0
01-01 08:07:27.084 0 0 W : [3 T61 ..] [RX]-up_phy_addr = 0
01-01 08:07:27.084 0 0 I [3 T61 d.] [hdmitx: ] hdmitx_set_drm_pkt: disable drm pkt
01-01 08:07:27.085 0 0 I [3 T61 d.] [hdmitx: ] TV not support DV, clr dv_vsif
01-01 08:07:27.086 0 0 I [3 T61 d.] [hdmitx: ] DV H14b VSIF, switching signal to SDR
01-01 08:07:27.087 0 0 I [3 T61 ..] [hdmitx: ] hdmitx_set_hdr10plus_pkt: null vsif
01-01 08:07:27.088 0 0 I [3 T61 ..] [hdmitx: ] hdmitx21_video_mute_op: VID_UNMUTE path=0x4000000
01-01 08:07:27.089 0 0 I [3 T61 ..] [hdmitx: ] hdmitx21_audio_mute_op: AUD_UNMUTE path=0x2000000
05-27 16:13:57.342 290 351 D MesonHwc: received Uevent: change@/devices/virtual/amhdmitx/amhdmitx0
05-27 16:13:57.342 290 351 D MesonHwc: received Uevent: ACTION=change
05-27 16:13:57.342 290 351 D MesonHwc: received Uevent: DEVPATH=/devices/virtual/amhdmitx/amhdmitx0
05-27 16:13:57.342 290 351 D MesonHwc: received Uevent: SUBSYSTEM=amhdmitx
05-27 16:13:57.342 290 351 D MesonHwc: received Uevent: hdmitx_hpd=0
05-27 16:13:57.343 320 918 I SystemControl: [/Ubootenv.cpp, get, 345] [ubootenv] search end and not find env:connector_type
05-27 16:13:57.343 320 328 I SystemControl: [/UEventObserver.cpp, HDMITxUenventThreadLoop, 451] HDMI TX switch_name:hdmitx_hpd, switch_state: 0
05-27 16:13:57.343 320 328 I SystemControl: [/DisplayMode.cpp, onTxEvent, 3267] onTxEvent switchName:hdmitx_hpd hpdstate:0 state: 1
05-27 16:13:57.343 320 328 I SystemControl: [/SysWrite.cpp, getKernelReleaseVersion, 701] getKernelReleaseVersion: 5.15
05-27 16:13:57.343 320 328 I SystemControl: [/SystemControlHal.cpp, onEvent, 72] onEvent event:2, client size:5
05-27 16:13:57.343 488 509 I SystemControlClient: notifyCallback event type:2
05-27 16:13:57.343 488 509 I SystemControlClient: notifyCallback: listener is NULL.
01-01 08:07:27.090 0 0 I [3 T61 ..] [hdmitx: ] set_hdcp2_topo: 0
01-01 08:07:27.090 0 0 I : [3 T61 ..] [drm] drm hdmitx hpd notify
05-27 16:13:57.344 715 821 V WindowManager: app ------------- force_land :0
05-27 16:13:57.344 290 351 D MesonHwc: sc_read_bootenv val is empty
05-27 16:13:57.344 290 351 D MesonHwc: getConnectorType, get ubootenv.var.connector_type from uboot env, return (null)
05-27 16:13:57.344 290 351 D MesonHwc: getConnectorType-0 get connector type hdmi--65536
05-27 16:13:57.344 290 351 D MesonHwc: DrmProperty: EDID (1), value [0]
05-27 16:13:57.344 290 351 D MesonHwc: DrmProperty: content type (77), value [0]
05-27 16:13:57.344 290 351 D MesonHwc: DrmProperty: vrr_capable (78), value [0]
05-27 16:13:57.344 290 351 D MesonHwc: DrmProperty: UPDATE (79), value [0]
05-27 16:13:57.344 290 351 D MesonHwc: DrmProperty: color_depth (80), value [8]
05-27 16:13:57.344 290 351 D MesonHwc: DrmProperty: color_space (81), value [2]
05-27 16:13:57.344 290 351 D MesonHwc: DrmProperty: MESON_DRM_HDMITX_PROP_AVMUTE (82), value [0]
05-27 16:13:57.344 290 351 D MesonHwc: DrmProperty: hdmi_hdr_status (83), value [6]
05-27 16:13:57.344 290 351 D MesonHwc: DrmProperty: dv_cap (85), value [0]
05-27 16:13:57.345 290 351 D MesonHwc: DrmProperty: contenttype_cap (89), value [1]
05-27 16:13:57.345 290 351 D MesonHwc: DrmProperty: hdr_priority (91), value [268435472]
05-27 16:13:57.345 290 351 D MesonHwc: DrmProperty: ready (92), value [0]
05-27 16:13:57.345 290 351 D MesonHwc: DrmProperty: allm_cap (95), value [0]
05-27 16:13:57.345 290 351 D MesonHwc: DrmProperty: dc_cap (96), value [512]
05-27 16:13:57.345 290 351 E MesonHwc: DrmConnector[HDMI-A] still DISCONNECTED.
05-27 16:13:57.345 290 351 D MesonHwc: ERR: PLEASE FIX NON-IMPLEMENT FUN(update).
05-27 16:13:57.345 320 918 I SystemControl: [/Ubootenv.cpp, get, 345] [ubootenv] search end and not find env:connector_type
05-27 16:13:57.346 320 328 I SystemControl: [/Ubootenv.cpp, get, 336] [ubootenv] get key:hdmimode envValue: 480p60hz
05-27 16:13:57.346 320 328 I SystemControl: [/Ubootenv.cpp, get, 336] [ubootenv] get key:is.bestmode envValue: false
05-27 16:13:57.346 320 328 I SystemControl: [/Ubootenv.cpp, get, 345] [ubootenv] search end and not find env:user_colorattribute
05-27 16:13:57.346 320 328 I SystemControl: [/Ubootenv.cpp, get, 345] [ubootenv] search end and not find env:hdr_force_mode
05-27 16:13:57.346 320 328 I SystemControl: [/DisplayMode.cpp, gethdrforcemode, 2742] get hdr force mode is [2]
05-27 16:13:57.346 320 328 I SystemControl: [/Ubootenv.cpp, get, 336] [ubootenv] get key:hdr_policy envValue: 0
05-27 16:13:57.346 320 328 I SystemControl: [/DisplayMode.cpp, getHdrStrategy, 2758] getHdrStrategy is [0]
05-27 16:13:57.346 320 328 I SystemControl: [/Ubootenv.cpp, get, 336] [ubootenv] get key:hdr_priority envValue: 268435472
05-27 16:13:57.346 320 328 I SystemControl: [/DisplayMode.cpp, getHdrPriority, 2891] getHdrPriority is [0x10000010]
05-27 16:13:57.346 320 328 I SystemControl: [/DisplayMode.cpp, getCommonData, 1534] isbestcolorspace:1, isbestpolicy:0, hdr_policy:0, hdr_priority :268435472, hdr_force_mode:2
05-27 16:13:57.346 487 516 I SystemControlClient: notifyCallback event type:2
05-27 16:13:57.346 487 516 I SystemControlClient: notifyCallback: listener is NULL.
05-27 16:13:57.346 240 800 I SystemControlClient: notifyCallback event type:2
05-27 16:13:57.347 240 800 I SystemControlClient: notifyCallback: listener is NULL.
05-27 16:13:57.347 486 592 I SystemControlClient: notifyCallback event type:2
05-27 16:13:57.347 486 592 I SystemControlClient: notifyCallback: listener is NULL.
05-27 16:13:57.347 1053 1179 I SystemControlEvent: system control callback event: 2
05-27 16:13:57.348 495 532 I hdmicecd: [HdmiCecControl]:Hotplug event port:0, now:0, prevStatus:1 power:1
05-27 16:13:57.350 1444 1444 E xxxxxxxxxxxxxxx: onReceive:mIsHDMIPlugged = false
05-27 16:13:57.351 290 351 D MesonHwc: sc_read_bootenv val is empty
05-27 16:13:57.351 290 351 D MesonHwc: getConnectorType, get ubootenv.var.connector_type from uboot env, return (null)
05-27 16:13:57.351 290 351 D MesonHwc: getConnectorType-0 get connector type hdmi--65536
05-27 16:13:57.351 290 351 D MesonHwc: getConnectorCfg: get display 0, connector 13
05-27 16:13:57.351 290 351 D MesonHwc: FixedDisplayPipe::isVMXCertification:0
05-27 16:13:57.351 290 351 E MesonHwc: FixedDisplayPipe::getConnectorCfg 15
05-27 16:13:57.351 290 351 D MesonHwc: handleEvent DRM_EVENT_HDMITX_HOTPLUG 11 VS 15
05-27 16:13:57.351 290 351 E MesonHwc: read screen size 0x0 from vinfo
01-01 08:07:27.112 0 0 I [2 T351 ..] vc: [0]get capability: min 64 64; max 4096 2160
05-27 16:13:57.351 290 351 E MesonHwc: dolby vision driver is not ready
05-27 16:13:57.351 290 351 D MesonHwc: Connector VIRTUAL loadDisplayModes get 1 modes
05-27 16:13:57.351 290 351 I MesonHwc: add display mode (dummy_l-dummy_l-128, 720x480, 56.000000) dpi(0,0), hskew(0)
05-27 16:13:57.351 290 351 I MesonHwc: loadDisplayModes (1) end
05-27 16:13:57.351 290 351 D MesonHwc: HwcDisplayPipe::updatePipe 0.
05-27 16:13:57.352 320 918 I SystemControl: [/Ubootenv.cpp, get, 345] [ubootenv] search end and not find env:connector_type
05-27 16:13:57.356 715 821 I WiredAccessoryManager: MSG_NEW_DEVICE_STATE
05-27 16:13:57.357 495 532 I hdmiconnection: hot plug port id 0, is connected 0
05-27 16:13:57.357 715 715 I AS.AudioDeviceInventory: NOISY: adding 0x400
05-27 16:13:57.357 715 715 I AS.AudioDeviceInventory: NOISY: musicDevice changing from NONE to 0x400
05-27 16:13:57.360 1444 1444 E xxxxxxxxxxxxxxx: onReceive:mIsHDMIPlugged = false
05-27 16:13:57.361 715 715 I AS.AudioDeviceInventory: dropping ACTION_AUDIO_BECOMING_NOISY
05-27 16:13:57.363 290 351 D MesonHwc: sc_read_bootenv val is empty
05-27 16:13:57.363 290 351 D MesonHwc: getConnectorType, get ubootenv.var.connector_type from uboot env, return (null)
01-01 08:07:27.112 0 0 I [2 T351 ..] vc: [1]get capability: min 64 64; max 2048 1080
05-27 16:13:57.363 290 351 D MesonHwc: getConnectorType-0 get connector type hdmi--65536
05-27 16:13:57.363 290 351 D MesonHwc: getConnectorCfg: get display 0, connector 13
01-01 08:07:27.113 0 0 I [2 T351 ..] [hdmitx: ] avmute_store 1
05-27 16:13:57.363 290 346 V MesonDisplayServer: GetDisplayMode:480p60hz
05-27 16:13:57.363 290 351 D MesonHwc: FixedDisplayPipe::isVMXCertification:0
05-27 16:13:57.363 290 351 E MesonHwc: FixedDisplayPipe::getConnectorCfg 15
05-27 16:13:57.363 290 351 D MesonHwc: HwcDisplayPipe::updatePipe (0) [CHANGED], crtc (0) connector (15)
05-27 16:13:57.363 290 351 D MesonHwc: HwcDisplayPipe::updatePipe 0 changed
05-27 16:13:57.363 290 351 D MesonHwc: ERR: PLEASE FIX NON-IMPLEMENT FUN(update).
05-27 16:13:57.363 715 873 D AudioService: setWiredDeviceConnectionState( type:400 state:DEVICE_STATE_UNAVAILABLE addr: name:) from android
05-27 16:13:57.364 290 351 E MesonHwc: read screen size 0x0 from vinfo
05-27 16:13:57.364 715 873 I AS.AudioDeviceInventory: handleDeviceConnection(false dev:400 address: name:)
05-27 16:13:57.364 290 351 E MesonHwc: dolby vision driver is not ready
05-27 16:13:57.364 715 873 I AS.AudioDeviceInventory: deviceKey:0x400:
05-27 16:13:57.364 290 351 D MesonHwc: Connector VIRTUAL loadDisplayModes get 1 modes
05-27 16:13:57.364 290 351 I MesonHwc: add display mode (dummy_l-dummy_l-128, 720x480, 56.000000) dpi(0,0), hskew(0)
05-27 16:13:57.364 290 351 I MesonHwc: loadDisplayModes (1) end
05-27 16:13:57.364 715 873 I AS.AudioDeviceInventory: deviceInfo:[DeviceInfo: type:0x400 (hdmi) name: addr: codec: 0 sensorUuid: null disabled modes: {}] is(already)Connected:true
05-27 16:13:57.364 290 351 D MesonHwc: unbind pipe (0)
05-27 16:13:57.364 290 351 D MesonHwc: bind pipe (0),crtc(63)connector(101)
05-27 16:13:57.364 290 351 D MesonHwc: RealModeMgr::update: nextModeId:834
05-27 16:13:57.364 290 351 D MesonHwc: RealModeMgr::update get current mode:480p60hz
05-27 16:13:57.364 290 351 D MesonHwc: RealModeMgr::update use previous mode (720x480-60.00)
05-27 16:13:57.364 290 351 D MesonHwc: updatePipe connector:VIRTUAL, connected:1
05-27 16:13:57.364 290 351 I MesonHwc: HwcConfig::default frame buffer size (1920 x 1080)
05-27 16:13:57.364 715 715 D HDMI : Hotplug event:[port:0, connected:false]
05-27 16:13:57.364 715 715 D HDMI : reset tv status for hotplug out
05-27 16:13:57.364 715 715 D AudioService: onStatusChange cecEnabled:true available:false
05-27 16:13:57.365 715 715 D AudioService: TV, no CEC: setting HDMI as regular vol device
05-27 16:13:57.365 715 715 D AudioService: Removing DeviceType: 0x400 from mFullVolumeDevices
05-27 16:13:57.365 715 715 D AudioService: Removing DeviceType: 0x400 from mFixedVolumeDevices
05-27 16:13:57.365 715 715 D AudioService: Removing DeviceType: 0x400 from mAbsoluteVolumeDeviceInfoMap
05-27 16:13:57.365 535 1196 I APM_AudioPolicyManager: [setDeviceConnectionState:256] curForceUse:NONE(0) disconnect_forceuse:HDMI(9)
05-27 16:13:57.366 290 351 D MesonHwc: Update composition MultiplanesWithDiComposition -> MultiplanesWithDiComposition
05-27 16:13:57.366 290 351 E MesonHwc: Do Nothing in updateDisplayMode .
05-27 16:13:57.366 290 351 D MesonHwc: [setPendingMode] pending modes vector empty
05-27 16:13:57.366 290 351 D MesonHwc: displayID:0, On hot plug: [Plug out]
05-27 16:13:57.366 290 351 D MesonHwc: ModePolicy handle hotplug:0
05-27 16:13:57.366 290 351 V MesonDisplayServer: GetDisplayMode:480p60hz
05-27 16:13:57.366 290 351 I MesonHwc: getDisplayMode mode:480p60hz
05-27 16:13:57.366 290 351 I MesonHwc: setSysfsStr /sys/devices/virtual/amhdmitx/amhdmitx0/avmute= 1
05-27 16:13:57.366 320 328 I SystemControl: [/DisplayMode.cpp, getDisplayMode, 2331] getDisplayMode mode:480p60hz
05-27 16:13:57.366 320 328 I SystemControl: [/Ubootenv.cpp, get, 336] [ubootenv] get key:hdmimode envValue: 480p60hz
05-27 16:13:57.366 320 328 I SystemControl: [/Ubootenv.cpp, get, 336] [ubootenv] get key:cvbsmode envValue: 576cvbs
05-27 16:13:57.366 320 328 I SystemControl: [/DisplayMode.cpp, getCommonData, 1542] hdmi_current_mode:480p60hz, ubootenv hdmimode:480p60hz cvbsmode:576cvbs
05-27 16:13:57.366 478 5377 I audio_hw_hal_primary: [adev_set_device_connected_state_v7:9037] disconnected address:, num_descriptors:0, num_profiles:7
05-27 16:13:57.366 478 5377 I audio_hw_hal_primary: [set_device_connect_state:4044] state:0, dev:OUT_HDMI(0x400), pre_out:0x80002, pre_in:0x4
05-27 16:13:57.366 478 5377 D audio_hw_hal_resourcemgr: [set_output_device_avail:353] device:0x400 avail_out_devices:400 routed_out_devices:0x400
05-27 16:13:57.367 290 346 D MesonDisplayServer: use connector getDisplayAttribute "HDMI Color ATTR": "444,8bit"
05-27 16:13:57.367 489 489 D hdmicecd: [HdmiCecControl]:getPhysicalAddress, physical addr: ffff, last pa: 2000, ret = 0
05-27 16:13:57.367 320 328 I SystemControl: [/Ubootenv.cpp, get, 345] [ubootenv] search end and not find env:user_colorattribute
05-27 16:13:57.367 320 328 I SystemControl: [/DisplayMode.cpp, getCommonData, 1554] hdmi_current_attr:444,8bit, ubootenv_colorattribute:none
05-27 16:13:57.367 320 328 I SystemControl: [/Ubootenv.cpp, get, 345] [ubootenv] search end and not find env:dv_enable
05-27 16:13:57.367 320 328 I SystemControl: [/DisplayMode.cpp, getCommonData, 1567] dv_enable:0
