05-27 16:13:54.157 478 705 I audio_hw_hal_profile: [out_get_parameters:2092] out:0xefc4c950 query channels. Format:E_AC3_JOC(0xa000001) ++++++++++ hal_format:PCM_16_BIT
05-27 16:13:54.157 478 705 D audio_hw_hal_profile: get_hdmi_sink_cap_new is running...
05-27 16:13:54.157 478 705 D audio_hw_hal_profile: [get_hdmi_sink_cap_new:887] query hdmi channels... format: E_AC3(0xa000000)
05-27 16:13:54.157 478 705 I audio_hw_hal_profile: [out_get_parameters:2165] sup_channels=AUDIO_CHANNEL_OUT_MONO|AUDIO_CHANNEL_OUT_STEREO|AUDIO_CHANNEL_OUT_TRI|AUDIO_CHANNEL_OUT_TRI_BACK|AUDIO_CHANNEL_OUT_3POINT1|AUDIO_CHANNEL_OUT_QUAD|AUDIO_CHANNEL_OUT_SURROUND|AUDIO_CHANNEL_OUT_PENTA|AUDIO_CHANNEL_OUT_5POINT1|AUDIO_CHANNEL_OUT_6POINT1|AUDIO_CHANNEL_OUT_7POINT1
05-27 16:13:54.158 478 705 D audio_hw_hal_primary: [out_dump:848] io 2213: out:0xefc4c950, fd:26
05-27 16:13:54.159 478 705 D audio_hw_hal_primary: [out_set_parameters:971] out:0xefc4c950 kvpairs:closing=true;exiting=1 out->out_device:0x400, adev->out_device:0x80002
05-27 16:13:54.159 478 705 E audio_hw_hal_primary: out_set_parameters, ret:-2, hw_sync_mode:is false
05-27 16:13:54.159 535 5459 D AudioFlinger: ro.audio.silent is ignored since no output device is set
05-27 16:13:54.159 478 705 I audio_hw_hal_primary: [out_set_event_callback:3158] io 2213: out:0xefc4c950, callback:0xf1b4091d cookie:0xf2200910
05-27 16:13:54.160 478 705 I audio_hw_hal_primary: [adev_close_output_stream_new:8052] io handle 2213: out:0xefc4c950
05-27 16:13:54.160 478 705 D audio_hw_hal_primary: adev_close_output_stream_new: enter usecase = PCM_DIRECT
05-27 16:13:54.160 478 705 I audio_hw_hal_primary: [adev_close_output_stream:3695] io 2213: out:0xefc4c950 dev:OUT_HDMI(0x400) flags:0x1, usecase:PCM_DIRECT
05-27 16:13:54.160 478 705 D audio_hw_hal_primary: [out_standby_new:5767] io 2213: out:0xefc4c950 usecase:PCM_DIRECT
05-27 16:13:54.160 478 705 I audio_hw_hal_primary: already standby, do nothing
05-27 16:13:54.160 478 705 I audio_hw_hal_resourcemgr: [is_output_device_muted:710] device:0x2 port_mute:0, fade_mute:0
05-27 16:13:54.160 478 705 I audio_hw_hal_primary: [adev_close_output_stream:3863] io 2213: out:0xefc4c950 exit ------
05-27 16:13:54.161 535 594 I AudioFlinger: openOutput() this 0xed5c2fe0, module 10 Device AUDIO_DEVICE_OUT_HDMI, @:, SamplingRate 32000, Format 0xb000000, Channels 0x1, flags 0x1
05-27 16:13:54.161 478 705 D audio_hw_hal_primary: [adev_open_output_stream_new:7868] enter: dev=0xefd014a0 handle=8ad devices=0x400/'HDMI,' flags=0x1/'DIRECT,' config=(rt=32000 ch_mask=0x1 fmt=0xb000000) address=''
05-27 16:13:54.161 478 705 D audio_hw_hal_primary: adev_open_output_stream_new: enter
05-27 16:13:54.161 478 705 I audio_hw_hal_primary: [adev_open_output_stream:3285] io 2221: out:0xefc4c950 dev:OUT_HDMI(0x400) addr:
05-27 16:13:54.161 478 705 I audio_hw_hal_primary: [adev_open_output_stream:3287] ch_mask:0x1 rate:32000 format:DTS(0xb000000) flags:0x1
05-27 16:13:54.161 478 705 I audio_hw_hal_primary: adev_open_output_stream: for raw audio output,force alsa stereo output
05-27 16:13:54.161 478 705 I audio_hw_hal_primary: [adev_open_output_stream:3610] result profile ch_mask:0x1 rate:32000 format:DTS(0xb000000) usecase:RAW_DIRECT
05-27 16:13:54.161 478 705 I audio_hw_hal_utils: aml_get_stream_dump_file_name line 2929 file_name /data/vendor/audiohal/stream_pid478_tid705.dts
05-27 16:13:54.161 478 705 I audio_hw_hal_primary: [adev_open_output_stream_new:8037] io 2221: out: 0xefc4c950 card:0 alsa devices:0 exit ------
05-27 16:13:54.162 478 705 I audio_hw_hal_primary: [out_get_buffer_size:552] out:0xefc4c950 config.rate=32000, format:DTS(0xb000000), stream format:DTS(0xb000000)
05-27 16:13:54.162 478 705 I audio_hw_hal_primary: out_get_buffer_size AUDIO_FORMAT_DTS buffer size = 32768 frames
05-27 16:13:54.163 535 594 I AudioFlinger: HAL output buffer size 32768 frames, normal sink buffer size 32768 frames
05-27 16:13:54.163 478 705 I audio_hw_hal_primary: [audiohal_get_latency:1333] io 2221: out:0xefc4c950 frames:1216 rate:32000 whole_latency:38 alsa_latency:38
05-27 16:13:54.163 478 705 I audio_hw_hal_primary: [out_set_event_callback:3158] io 2221: out:0xefc4c950, callback:0xf1b4091d cookie:0xf22025f0
05-27 16:13:54.163 535 5461 I AudioFlinger: AudioFlinger's thread 0xe78f4760 tid=5461 ready to run
05-27 16:13:54.163 478 705 I audio_hw_hal_primary: [audiohal_get_latency:1333] io 2221: out:0xefc4c950 frames:1216 rate:32000 whole_latency:38 alsa_latency:38
05-27 16:13:54.164 478 705 I audio_hw_hal_primary: [audiohal_get_latency:1333] io 2221: out:0xefc4c950 frames:1216 rate:32000 whole_latency:38 alsa_latency:38
05-27 16:13:54.164 535 5461 D AudioFlinger: ro.audio.silent is ignored since no output device is set
05-27 16:13:54.165 478 705 D audio_hw_hal_primary: [out_standby_new:5767] io 2221: out:0xefc4c950 usecase:RAW_DIRECT
05-27 16:13:54.165 478 705 I audio_hw_hal_primary: already standby, do nothing
05-27 16:13:54.166 535 5461 D AudioFlinger: ro.audio.silent is ignored since no output device is set
05-27 16:13:54.168 264 264 E Scheduler: trackPendingFrame: Invalid present fence
01-01 08:07:23.917 0 0 I [0 T351 ..] [hdmitx: ] set21_phy_by_mode_s7d[188] rterm = 7
01-01 08:07:23.919 0 0 I [2 T351 ..] [hdmitx: ] Sink is HDMI device
01-01 08:07:23.919 0 0 I [2 T351 ..] [hdmitx: ] clear vsif for non-4k mode.
01-01 08:07:23.920 0 0 I [2 T351 ..] [hdmitx: ] set audio
01-01 08:07:23.920 0 0 I [2 T351 ..] [hdmitx: ] audio_param->chs = 7
01-01 08:07:23.921 0 0 I [2 T351 ..] [hdmitx: ] aud_src_if = 1
05-27 16:13:54.175 535 594 I AudioFlinger: openOutput() this 0xed5c2fe0, module 10 Device AUDIO_DEVICE_OUT_HDMI, @:, SamplingRate 44100, Format 0xe000000, Channels 0x1, flags 0x11
05-27 16:13:54.175 478 676 I audio_hw_hal_primary: [adev_uevent_callback:9131] uevent type=0
05-27 16:13:54.176 478 705 D audio_hw_hal_primary: [adev_open_output_stream_new:7868] enter: dev=0xefd014a0 handle=8b5 devices=0x400/'HDMI,' flags=0x11/'DIRECT,COMPRESS_OFFLOAD,' config=(rt=44100 ch_mask=0x1 fmt=0xe000000) address=''
05-27 16:13:54.176 478 705 D audio_hw_hal_primary: adev_open_output_stream_new: enter
05-27 16:13:54.176 478 705 I audio_hw_hal_primary: [adev_open_output_stream:3285] io 2229: out:0xefc4c220 dev:OUT_HDMI(0x400) addr:
05-27 16:13:54.176 478 705 I audio_hw_hal_primary: [adev_open_output_stream:3287] ch_mask:0x1 rate:44100 format:DOLBY_TRUEHD(0xe000000) flags:0x11
05-27 16:13:54.176 478 705 I audio_hw_hal_primary: adev_open_output_stream: for raw audio output,force alsa stereo output
05-27 16:13:54.176 478 705 I audio_hw_hal_primary: [adev_open_output_stream:3610] result profile ch_mask:0x1 rate:44100 format:DOLBY_TRUEHD(0xe000000) usecase:RAW_DIRECT
01-01 08:07:23.921 0 0 I [2 T351 ..] [hdmitx: ] aud_n_para = 24576
01-01 08:07:23.922 0 0 I [2 T351 ..] [hdmitx: ] vinfo: set cur_enc_ppc as 1, vpp color: 0
05-27 16:13:54.176 320 328 I SystemControl: [/UEventObserver.cpp, HDMITxUenventThreadLoop, 451] HDMI TX switch_name:hdmitx_current_status, switch_state: 202
05-27 16:13:54.177 478 705 I audio_hw_hal_primary: [out_get_buffer_size:552] out:0xefc4c220 config.rate=44100, format:DOLBY_TRUEHD(0xe000000), stream format:DOLBY_TRUEHD(0xe000000)
05-27 16:13:54.177 535 594 I AudioFlinger: HAL output buffer size 16384 frames, normal sink buffer size 16384 frames
05-27 16:13:54.178 478 673 I audio_hw_hal_alsamgr: raw to lpcm switch aml_alsa_output_write
01-01 08:07:23.925 0 0 D [3 T673 ..] [snd-soc]: spdif_a is set to disable
01-01 08:07:23.926 0 0 I [3 T673 ..] [snd-soc]: aml_audio_reset, reg 0xa, shift 9, use_vadtop 0
01-01 08:07:23.926 0 0 I [3 T673 ..] [snd-soc]: aml_audio_reset, reg 0xa, shift 14, use_vadtop 0
01-01 08:07:23.927 0 0 I [3 T673 ..] [snd-soc]: sharebuffer_spdifout_prepare get_hdmitx_audio_src(rtd->card):3 spdif_id:0
01-01 08:07:23.928 0 0 D [3 T673 ..] [snd-soc]: spdif_a fifo ctrl, frddr:0 type:1, 16 bits, chmask 0x3, swap 0x10
01-01 08:07:23.929 0 0 I [3 T673 ..] [snd-soc]: aml_audio_reset, reg 0xa, shift 10, use_vadtop 0
05-27 16:13:54.181 478 673 I audio_hw_hal_alsamgr: aml_alsa_output_write_new reset hdmitx alsa
05-27 16:13:54.181 478 705 I audio_hw_hal_primary: [audiohal_get_latency:1333] io 2229: out:0xefc4c220 frames:256 rate:44100 whole_latency:5 alsa_latency:5
05-27 16:13:54.185 264 264 E Scheduler: trackPendingFrame: Invalid present fence
01-01 08:07:23.929 0 0 I [3 T673 ..] [snd-soc]: aml_audio_reset, reg 0xa, shift 13, use_vadtop 0
01-01 08:07:23.930 0 0 I [3 T673 ..] [hdmitx: ] hdmitx_audio_notify_callback[804] type:12 rate:7 size:1 chs:8 i2s_ch_mask:15 aud_src_if:1
01-01 08:07:23.931 0 0 I [3 T673 ..] [hdmitx: ] aout notify format CT_MAT
01-01 08:07:23.932 0 0 I [3 T673 ..] [hdmitx: ] set audio
01-01 08:07:23.933 0 0 I [3 T673 ..] [hdmitx: ] audio_param->chs = 7
01-01 08:07:23.933 0 0 I [3 T673 ..] [hdmitx: ] aud_src_if = 1
01-01 08:07:23.934 0 0 I [3 T673 ..] [hdmitx: ] aud_n_para = 24576
01-01 08:07:23.935 0 0 I [3 T673 ..] [hdmitx: ] set audio param
05-27 16:13:54.188 320 328 I SystemControl: [/UEventObserver.cpp, HDMITxUenventThreadLoop, 451] HDMI TX switch_name:hdmitx_current_status, switch_state: 203
05-27 16:13:54.188 478 705 I audio_hw_hal_primary: [out_set_event_callback:3158] io 2229: out:0xefc4c220, callback:0xf1b4091d cookie:0xf2200550
05-27 16:13:54.189 535 5462 I AudioFlinger: AudioFlinger's thread 0xe78d42e0 tid=5462 ready to run
05-27 16:13:54.189 478 5446 I audio_hw_hal_primary: [audiohal_get_latency:1333] io 2229: out:0xefc4c220 frames:256 rate:44100 whole_latency:5 alsa_latency:5
05-27 16:13:54.189 478 5446 I audio_hw_hal_primary: [audiohal_get_latency:1333] io 2229: out:0xefc4c220 frames:256 rate:44100 whole_latency:5 alsa_latency:5
05-27 16:13:54.190 478 673 I audio_hw_hal_ms12v2: dolby_ms12_threadloop alsa is not running
05-27 16:13:54.190 478 673 I audio_hw_hal_ms12v2: dolby_ms12_threadloop alsa is not running
05-27 16:13:54.191 478 673 I audio_hw_hal_ms12v2: dolby_ms12_threadloop alsa is not running
05-27 16:13:54.191 535 5462 D AudioFlinger: ro.audio.silent is ignored since no output device is set
05-27 16:13:54.192 478 673 I audio_hw_hal_ms12v2: dolby_ms12_threadloop alsa is not running
05-27 16:13:54.192 478 673 I audio_hw_hal_alsamgr: aml_alsa_output_write alsa_running_status[0xefc447f0] change from 0 to 1
01-01 08:07:23.939 0 0 D [3 T673 ..] [snd-soc]: spdif_a is set to enable
05-27 16:13:54.194 535 5462 D AudioFlinger: ro.audio.silent is ignored since no output device is set
01-01 08:07:23.941 0 0 I [2 T351 ..] DOLBY: vout_notify_callback: VOUT_EVENT_MODE_CHANGE
01-01 08:07:23.942 0 0 I : [2 T351 ..] vsync_pts_inc 1500 1/60
05-27 16:13:54.201 264 264 E Scheduler: trackPendingFrame: Invalid present fence
05-27 16:13:54.203 535 594 I AudioFlinger: openOutput() this 0xed5c2fe0, module 10 Device AUDIO_DEVICE_OUT_HDMI, @:, SamplingRate 32000, Format 0x9000000, Channels 0x1, flags 0x1
05-27 16:13:54.203 478 705 D audio_hw_hal_primary: [adev_open_output_stream_new:7868] enter: dev=0xefd014a0 handle=8bd devices=0x400/'HDMI,' flags=0x1/'DIRECT,' config=(rt=32000 ch_mask=0x1 fmt=0x9000000) address=''
05-27 16:13:54.203 478 705 D audio_hw_hal_primary: adev_open_output_stream_new: enter
05-27 16:13:54.203 478 705 I audio_hw_hal_primary: [adev_open_output_stream:3285] io 2237: out:0xefc43260 dev:OUT_HDMI(0x400) addr:
05-27 16:13:54.203 478 705 I audio_hw_hal_primary: [adev_open_output_stream:3287] ch_mask:0x1 rate:32000 format:AC3(0x9000000) flags:0x1
05-27 16:13:54.203 478 705 I audio_hw_hal_primary: adev_open_output_stream: for raw audio output,force alsa stereo output
05-27 16:13:54.203 478 705 I audio_hw_hal_primary: [adev_open_output_stream:3610] result profile ch_mask:0x1 rate:32000 format:AC3(0x9000000) usecase:RAW_DIRECT
05-27 16:13:54.203 478 705 I audio_hw_hal_utils: aml_get_stream_dump_file_name line 2929 file_name /data/vendor/audiohal/stream_pid478_tid705.dd
05-27 16:13:54.203 478 705 I audio_hw_hal_primary: [adev_open_output_stream_new:8037] io 2237: out: 0xefc43260 card:0 alsa devices:0 exit ------
05-27 16:13:54.205 478 705 I audio_hw_hal_primary: [out_get_buffer_size:552] out:0xefc43260 config.rate=32000, format:AC3(0x9000000), stream format:AC3(0x9000000)
05-27 16:13:54.205 535 594 I AudioFlinger: HAL output buffer size 2048 frames, normal sink buffer size 2048 frames
05-27 16:13:54.206 478 705 I audio_hw_hal_primary: [audiohal_get_latency:1333] io 2237: out:0xefc43260 frames:1152 rate:32000 whole_latency:36 alsa_latency:36
05-27 16:13:54.206 478 705 I audio_hw_hal_primary: [out_set_event_callback:3158] io 2237: out:0xefc43260, callback:0xf1b4091d cookie:0xf22007f0
05-27 16:13:54.206 478 705 I audio_hw_hal_primary: [audiohal_get_latency:1333] io 2237: out:0xefc43260 frames:1152 rate:32000 whole_latency:36 alsa_latency:36
05-27 16:13:54.207 535 5463 I AudioFlinger: AudioFlinger's thread 0xe78d8370 tid=5463 ready to run
05-27 16:13:54.207 478 705 I audio_hw_hal_primary: [audiohal_get_latency:1333] io 2237: out:0xefc43260 frames:1152 rate:32000 whole_latency:36 alsa_latency:36
05-27 16:13:54.208 535 5463 D AudioFlinger: ro.audio.silent is ignored since no output device is set
05-27 16:13:54.209 478 705 D audio_hw_hal_primary: [out_standby_new:5767] io 2237: out:0xefc43260 usecase:RAW_DIRECT
05-27 16:13:54.209 478 705 I audio_hw_hal_primary: already standby, do nothing
01-01 08:07:23.953 0 0 I : [2 T351 ..] [drm] meson_vout_update_mode_name: hdmitx update vout 1 name 480p60hz.
05-27 16:13:54.209 535 5463 D AudioFlinger: ro.audio.silent is ignored since no output device is set
05-27 16:13:54.218 264 264 E Scheduler: trackPendingFrame: Invalid present fence
05-27 16:13:54.221 478 705 D xm_audio: adev_get_parameters
05-27 16:13:54.225 290 351 D MesonHwc: sysfs(/sys/class/amhdmitx/amhdmitx0/frac_rate_policy) read int32_t (0)
05-27 16:13:54.225 290 351 D MesonHwc: sysfs(/sys/class/amhdmitx/amhdmitx0/frac_rate_policy) read int32_t (0)
05-27 16:13:54.225 290 351 D MesonHwc: setmode:crtc[63], name [480p60hz] -modeblob[132] [720x480-60.00] seamless:0 enableVrr:0
05-27 16:13:54.225 290 351 V MesonDisplayServer: GetDisplayMode:480p60hz
05-27 16:13:54.225 290 351 I MesonHwc: getDisplayMode mode:480p60hz
05-27 16:13:54.226 290 351 I MesonHwc: getContentTypeSupport: game is true
05-27 16:13:54.226 290 351 I MesonHwc: set display-size:720x480
05-27 16:13:54.226 320 918 I SystemControl: [/Ubootenv.cpp, get, 336] [ubootenv] get key:480p_x envValue: 0
05-27 16:13:54.227 320 918 I SystemControl: [/Ubootenv.cpp, get, 336] [ubootenv] get key:480p_y envValue: 0
05-27 16:13:54.227 320 918 I SystemControl: [/Ubootenv.cpp, get, 336] [ubootenv] get key:480p_w envValue: 720
05-27 16:13:54.227 320 918 I SystemControl: [/Ubootenv.cpp, get, 336] [ubootenv] get key:480p_h envValue: 480
05-27 16:13:54.227 290 351 I MesonHwc: getPosition curMode:480p60hz position[0]:0 position[1]:0 position[2]:720 position[3]:480
05-27 16:13:54.227 290 351 I MesonHwc: setPosition curMode:480p60hz left:0 top:0 width:720 height:480
05-27 16:13:54.227 290 351 D MesonHwc: set key:ubootenv.var.480p_x value:0
05-27 16:13:54.227 320 918 I SystemControl: [/Ubootenv.cpp, updateValue, 68] [ubootenv] update value name [ubootenv.var.480p_x]: value [0]
05-27 16:13:54.227 320 918 I SystemControl: [/Ubootenv.cpp, get, 336] [ubootenv] get key:480p_x envValue: 0
05-27 16:13:54.227 290 351 D MesonHwc: set key:ubootenv.var.480p_y value:0
05-27 16:13:54.227 320 918 I SystemControl: [/Ubootenv.cpp, updateValue, 68] [ubootenv] update value name [ubootenv.var.480p_y]: value [0]
05-27 16:13:54.228 320 918 I SystemControl: [/Ubootenv.cpp, get, 336] [ubootenv] get key:480p_y envValue: 0
05-27 16:13:54.228 290 351 D MesonHwc: set key:ubootenv.var.480p_w value:720
05-27 16:13:54.228 320 918 I SystemControl: [/Ubootenv.cpp, updateValue, 68] [ubootenv] update value name [ubootenv.var.480p_w]: value [720]
05-27 16:13:54.228 320 918 I SystemControl: [/Ubootenv.cpp, get, 336] [ubootenv] get key:480p_w envValue: 720
05-27 16:13:54.228 290 351 D MesonHwc: set key:ubootenv.var.480p_h value:480
05-27 16:13:54.228 320 918 I SystemControl: [/Ubootenv.cpp, updateValue, 68] [ubootenv] update value name [ubootenv.var.480p_h]: value [480]
05-27 16:13:54.228 320 918 I SystemControl: [/Ubootenv.cpp, get, 336] [ubootenv] get key:480p_h envValue: 480
05-27 16:13:54.228 290 351 V MesonDisplayServer: SetDisplay[HDMI] DisplayRect to "(0,0,720,480)"
05-27 16:13:54.228 290 351 D MesonHwc: Display (0) ask for refresh.
05-27 16:13:54.228 290 351 V MesonDisplayServer: SetDisplayViewPort done
05-27 16:13:54.229 478 705 D audio_hw_hal_primary: [out_dump:848] io 2165: out:0xefc415a0, fd:26
05-27 16:13:54.230 478 705 D audio_hw_hal_primary: [out_set_parameters:971] out:0xefc415a0 kvpairs:closing=true;exiting=1 out->out_device:0x400, adev->out_device:0x80002
05-27 16:13:54.230 478 705 E audio_hw_hal_primary: out_set_parameters, ret:-2, hw_sync_mode:is false
05-27 16:13:54.230 478 705 I audio_hw_hal_primary: [out_set_event_callback:3158] io 2165: out:0xefc415a0, callback:0xf1b4091d cookie:0xf2201390
05-27 16:13:54.230 478 705 I audio_hw_hal_primary: [adev_close_output_stream_new:8052] io handle 2165: out:0xefc415a0
05-27 16:13:54.230 478 705 D audio_hw_hal_primary: adev_close_output_stream_new: enter usecase = RAW_HWSYNC
05-27 16:13:54.230 478 705 I audio_hw_hal_primary: [adev_close_output_stream:3695] io 2165: out:0xefc415a0 dev:OUT_HDMI(0x400) flags:0x51, usecase:RAW_HWSYNC
05-27 16:13:54.230 478 705 D audio_hw_hal_primary: [out_standby_new:5767] io 2165: out:0xefc415a0 usecase:RAW_HWSYNC
05-27 16:13:54.230 478 705 I audio_hw_hal_primary: already standby, do nothing
05-27 16:13:54.230 478 705 I audio_hw_hal_resourcemgr: [is_output_device_muted:710] device:0x2 port_mute:0, fade_mute:0
05-27 16:13:54.230 478 705 I audio_hw_hal_primary: [adev_close_output_stream:3863] io 2165: out:0xefc415a0 exit ------
05-27 16:13:54.231 535 594 D AudioFlinger: closing mmapThread 0xe75c24a0
05-27 16:13:54.232 535 594 D AudioFlinger: mmapThread exit()
05-27 16:13:54.232 478 705 I audio_hw_hal_primary: [adev_close_output_stream_new:8052] io handle 2181: out:0xefc47a40
05-27 16:13:54.232 478 705 D audio_hw_hal_primary: adev_close_output_stream_new: enter usecase = PCM_MMAP
05-27 16:13:54.232 478 705 I audio_hw_hal_primary: [adev_close_output_stream:3695] io 2181: out:0xefc47a40 dev:OUT_HDMI(0x400) flags:0x4001, usecase:PCM_MMAP
05-27 16:13:54.232 478 705 D audio_hw_hal_primary: [out_standby_new:5767] io 2181: out:0xefc47a40 usecase:PCM_MMAP
05-27 16:13:54.232 478 705 I audio_hw_hal_primary: already standby, do nothing
05-27 16:13:54.232 478 705 I audio_hw_hal_mmap: [outMmapDeInit:743] stream:0xefc47a40
05-27 16:13:54.232 478 705 I audio_hw_hal_mmap: [mmap_audio_unregister_client:955] OK ! stream 0xefc47a40, client id 0
05-27 16:13:54.232 478 705 I audio_hw_hal_primary: when close aaudio stream, send STANDBY msg to submix & ms12
05-27 16:13:54.232 478 705 I audio_hw_hal_ms12common: aml_set_ms12_scheduler_state ms12_scheduler_state:1, sch_state:1 SCHEDULER_STANDBY is sent to ms12
05-27 16:13:54.232 478 705 I audio_hw_hal_resourcemgr: [is_output_device_muted:710] device:0x2 port_mute:0, fade_mute:0
05-27 16:13:54.232 478 705 I audio_hw_hal_primary: [adev_close_output_stream:3863] io 2181: out:0xefc47a40 exit ------
05-27 16:13:54.234 478 705 D audio_hw_hal_primary: [out_dump:848] io 2197: out:0xefc4baf0, fd:23
05-27 16:13:54.235 478 705 D audio_hw_hal_primary: [out_set_parameters:971] out:0xefc4baf0 kvpairs:closing=true;exiting=1 out->out_device:0x400, adev->out_device:0x80002
05-27 16:13:54.235 478 705 E audio_hw_hal_primary: out_set_parameters, ret:-2, hw_sync_mode:is false
05-27 16:13:54.235 264 264 E Scheduler: trackPendingFrame: Invalid present fence
05-27 16:13:54.236 535 5455 D AudioFlinger: ro.audio.silent is ignored since no output device is set
05-27 16:13:54.236 478 705 I audio_hw_hal_primary: [out_set_event_callback:3158] io 2197: out:0xefc4baf0, callback:0xf1b4091d cookie:0xf2200250
05-27 16:13:54.237 478 705 I audio_hw_hal_primary: [adev_close_output_stream_new:8052] io handle 2197: out:0xefc4baf0
05-27 16:13:54.237 478 705 D audio_hw_hal_primary: adev_close_output_stream_new: enter usecase = RAW_HWSYNC
05-27 16:13:54.237 478 705 I audio_hw_hal_primary: [adev_close_output_stream:3695] io 2197: out:0xefc4baf0 dev:OUT_HDMI(0x400) flags:0x41, usecase:RAW_HWSYNC
05-27 16:13:54.237 478 705 D audio_hw_hal_primary: [out_standby_new:5767] io 2197: out:0xefc4baf0 usecase:RAW_HWSYNC
05-27 16:13:54.237 478 705 I audio_hw_hal_primary: already standby, do nothing
05-27 16:13:54.237 478 705 I audio_hw_hal_resourcemgr: [is_output_device_muted:710] device:0x2 port_mute:0, fade_mute:0
05-27 16:13:54.237 478 705 I audio_hw_hal_primary: [adev_close_output_stream:3863] io 2197: out:0xefc4baf0 exit ------
05-27 16:13:54.239 478 705 D audio_hw_hal_primary: [out_dump:848] io 2205: out:0xefc40e70, fd:23
05-27 16:13:54.241 478 705 D audio_hw_hal_primary: [out_set_parameters:971] out:0xefc40e70 kvpairs:closing=true;exiting=1 out->out_device:0x400, adev->out_device:0x80002
05-27 16:13:54.241 478 705 E audio_hw_hal_primary: out_set_parameters, ret:-2, hw_sync_mode:is false
05-27 16:13:54.242 535 5458 D AudioFlinger: ro.audio.silent is ignored since no output device is set
05-27 16:13:54.242 478 705 I audio_hw_hal_primary: [out_set_event_callback:3158] io 2205: out:0xefc40e70, callback:0xf1b4091d cookie:0xf2202650
05-27 16:13:54.242 489 527 D hdmicecd: [CEC]:printCecMessage, [4 -> 4] len: 0, body:, result:no ack
05-27 16:13:54.242 489 527 E IPCThreadState: binder thread pool (1 threads) starved for 257 ms
05-27 16:13:54.242 478 705 I audio_hw_hal_primary: [adev_close_output_stream_new:8052] io handle 2205: out:0xefc40e70
05-27 16:13:54.242 478 705 D audio_hw_hal_primary: adev_close_output_stream_new: enter usecase = PCM_HWSYNC
05-27 16:13:54.242 478 705 D audio_hw_hal_timer: func:audio_timer_delete delete timer.1 success.
05-27 16:13:54.242 478 705 D audio_hw_hal_timer: func:audio_timer_delete delete timer.2 success.
05-27 16:13:54.242 478 705 D audio_hw_hal_primary: [adev_close_output_stream_new:8076] timer_id:1 ret:2
05-27 16:13:54.243 478 705 I audio_hw_hal_primary: [adev_close_output_stream:3695] io 2205: out:0xefc40e70 dev:OUT_HDMI(0x400) flags:0x41, usecase:PCM_HWSYNC
05-27 16:13:54.243 478 705 D audio_hw_hal_primary: [out_standby_new:5767] io 2205: out:0xefc40e70 usecase:PCM_HWSYNC
05-27 16:13:54.243 478 705 I audio_hw_hal_primary: already standby, do nothing
05-27 16:13:54.244 478 705 I audio_hw_hal_resourcemgr: [is_output_device_muted:710] device:0x2 port_mute:0, fade_mute:0
05-27 16:13:54.244 478 705 I audio_hw_hal_primary: [adev_close_output_stream:3863] io 2205: out:0xefc40e70 exit ------
05-27 16:13:54.245 478 5446 D audio_hw_hal_primary: [out_dump:848] io 2221: out:0xefc4c950, fd:23
05-27 16:13:54.246 478 5446 D audio_hw_hal_primary: [out_set_parameters:971] out:0xefc4c950 kvpairs:closing=true;exiting=1 out->out_device:0x400, adev->out_device:0x80002
05-27 16:13:54.246 478 5446 E audio_hw_hal_primary: out_set_parameters, ret:-2, hw_sync_mode:is false
05-27 16:13:54.246 535 5461 D AudioFlinger: ro.audio.silent is ignored since no output device is set
05-27 16:13:54.247 478 5446 I audio_hw_hal_primary: [out_set_event_callback:3158] io 2221: out:0xefc4c950, callback:0xf1b4091d cookie:0xf22025f0
05-27 16:13:54.247 478 5446 I audio_hw_hal_primary: [adev_close_output_stream_new:8052] io handle 2221: out:0xefc4c950
05-27 16:13:54.247 478 5446 D audio_hw_hal_primary: adev_close_output_stream_new: enter usecase = RAW_DIRECT
05-27 16:13:54.247 478 5446 I audio_hw_hal_primary: [adev_close_output_stream:3695] io 2221: out:0xefc4c950 dev:OUT_HDMI(0x400) flags:0x1, usecase:RAW_DIRECT
05-27 16:13:54.247 478 5446 D audio_hw_hal_primary: [out_standby_new:5767] io 2221: out:0xefc4c950 usecase:RAW_DIRECT
05-27 16:13:54.247 478 5446 I audio_hw_hal_primary: already standby, do nothing
05-27 16:13:54.247 478 5446 I audio_hw_hal_resourcemgr: [is_output_device_muted:710] device:0x2 port_mute:0, fade_mute:0
05-27 16:13:54.247 478 5446 I audio_hw_hal_primary: [adev_close_output_stream:3863] io 2221: out:0xefc4c950 exit ------
05-27 16:13:54.248 290 351 E MesonHwc: open file [/sys/class/amhdmitx/amhdmitx0/aud_mute] error:Permission denied
05-27 16:13:54.248 290 351 E MesonHwc: open file [/sys/class/amhdmitx/amhdmitx0/aud_mute] error:Permission denied
05-27 16:13:54.248 478 5446 D audio_hw_hal_primary: [out_dump:848] io 2229: out:0xefc4c220, fd:23
05-27 16:13:54.248 290 351 E MesonHwc: dolby vision driver is not ready
05-27 16:13:54.249 290 351 I MesonHwc: setSysfsStr /sys/devices/virtual/amhdmitx/amhdmitx0/avmute= -1
01-01 08:07:23.996 0 0 I [2 T351 ..] [hdmitx: ] avmute_store -1
05-27 16:13:54.249 290 5470 I MesonDisplay: [/HDCPTxAuth.cpp, authThread, 173] hdcp_tx thread loop entry
05-27 16:13:54.249 290 5470 D MesonDisplay: read /sys/class/amhdmitx/amhdmitx0/hdcp_lstore, result length:0, val:
05-27 16:13:54.250 290 351 I MesonDisplay: [/HDCPTxAuth.cpp, start, 109] hdcp_tx, create hdcp thread id = 3890725312 done
05-27 16:13:54.250 478 705 D audio_hw_hal_primary: [out_set_parameters:971] out:0xefc4c220 kvpairs:closing=true;exiting=1 out->out_device:0x400, adev->out_device:0x80002
05-27 16:13:54.250 478 705 E audio_hw_hal_primary: out_set_parameters, ret:-2, hw_sync_mode:is false
05-27 16:13:54.250 320 918 I SystemControl: [/Ubootenv.cpp, get, 345] [ubootenv] search end and not find env:digitaudiooutput
05-27 16:13:54.250 290 351 D MesonHwc: sc_read_bootenv val is empty
05-27 16:13:54.250 290 351 V MesonDisplayServer: GetDisplayMode:480p60hz
05-27 16:13:54.250 290 351 I MesonHwc: getDisplayMode mode:480p60hz
05-27 16:13:54.250 320 918 I SystemControl: [/Ubootenv.cpp, get, 336] [ubootenv] get key:hdmichecksum envValue: 0xc92b0000
05-27 16:13:54.250 290 351 D MesonHwc: get key:ubootenv.var.hdmichecksum value:0xc92b0000
05-27 16:13:54.251 290 351 D MesonDisplayServer: use connector getDisplayAttribute "HDMI Color ATTR": "444,8bit"
05-27 16:13:54.251 290 351 D MesonHwc: set key:ubootenv.var.480p60hz_deepcolor value:444,8bit
05-27 16:13:54.251 320 918 I SystemControl: [/Ubootenv.cpp, updateValue, 68] [ubootenv] update value name [ubootenv.var.480p60hz_deepcolor]: value [444,8bit]
05-27 16:13:54.251 320 918 I SystemControl: [/Ubootenv.cpp, get, 336] [ubootenv] get key:480p60hz_deepcolor envValue: 444,8bit
05-27 16:13:54.251 290 351 D MesonHwc: set key:ubootenv.var.colorattribute value:444,8bit
05-27 16:13:54.251 320 918 I SystemControl: [/Ubootenv.cpp, updateValue, 68] [ubootenv] update value name [ubootenv.var.colorattribute]: value [444,8bit]
05-27 16:13:54.251 320 918 I SystemControl: [/Ubootenv.cpp, get, 336] [ubootenv] get key:colorattribute envValue: 444,8bit
05-27 16:13:54.251 290 351 D MesonHwc: set key:ubootenv.var.hdmi_colordepth value:8
05-27 16:13:54.251 478 705 I audio_hw_hal_primary: [out_set_event_callback:3158] io 2229: out:0xefc4c220, callback:0xf1b4091d cookie:0xf2200550
05-27 16:13:54.251 320 918 I SystemControl: [/Ubootenv.cpp, updateValue, 68] [ubootenv] update value name [ubootenv.var.hdmi_colordepth]: value [8]
05-27 16:13:54.251 320 918 I SystemControl: [/Ubootenv.cpp, get, 336] [ubootenv] get key:hdmi_colordepth envValue: 8
05-27 16:13:54.252 290 351 D MesonHwc: set key:ubootenv.var.hdmi_colorspace value:auto
05-27 16:13:54.252 478 705 I audio_hw_hal_primary: [adev_close_output_stream_new:8052] io handle 2229: out:0xefc4c220
05-27 16:13:54.252 478 705 D audio_hw_hal_primary: adev_close_output_stream_new: enter usecase = RAW_DIRECT
05-27 16:13:54.252 478 705 I audio_hw_hal_primary: [adev_close_output_stream:3695] io 2229: out:0xefc4c220 dev:OUT_HDMI(0x400) flags:0x11, usecase:RAW_DIRECT
05-27 16:13:54.252 320 918 I SystemControl: [/Ubootenv.cpp, updateValue, 68] [ubootenv] update value name [ubootenv.var.hdmi_colorspace]: value [auto]
05-27 16:13:54.252 478 705 D audio_hw_hal_primary: [out_standby_new:5767] io 2229: out:0xefc4c220 usecase:RAW_DIRECT
05-27 16:13:54.252 478 705 I audio_hw_hal_primary: already standby, do nothing
05-27 16:13:54.252 320 918 I SystemControl: [/Ubootenv.cpp, get, 336] [ubootenv] get key:hdmi_colorspace envValue: auto
05-27 16:13:54.252 478 705 I audio_hw_hal_resourcemgr: [is_output_device_muted:710] device:0x2 port_mute:0, fade_mute:0
05-27 16:13:54.252 478 705 I audio_hw_hal_primary: [adev_close_output_stream:3863] io 2229: out:0xefc4c220 exit ------
05-27 16:13:54.252 290 351 D MesonHwc: set key:ubootenv.var.outputmode value:480p60hz
05-27 16:13:54.252 320 918 I SystemControl: [/Ubootenv.cpp, updateValue, 68] [ubootenv] update value name [ubootenv.var.outputmode]: value [480p60hz]
05-27 16:13:54.252 320 918 I SystemControl: [/Ubootenv.cpp, get, 336] [ubootenv] get key:outputmode envValue: 480p60hz
05-27 16:13:54.252 264 264 E Scheduler: trackPendingFrame: Invalid present fence
05-27 16:13:54.252 290 351 E MesonHwc: dolby vision driver is not ready
05-27 16:13:54.252 290 351 I MesonHwc: MBOX is not support dv, dvstatus amdv_type 0 dv_enable 0
05-27 16:13:54.252 290 351 I MesonHwc: colorattr: 444,8bit, outputMode 480p60hz, cd 8, cs auto
05-27 16:13:54.252 290 351 D MesonHwc: received Uevent: change@/devices/virtual/amhdmitx/amhdmitx0
05-27 16:13:54.252 290 351 D MesonHwc: received Uevent: ACTION=change
05-27 16:13:54.252 290 351 D MesonHwc: received Uevent: DEVPATH=/devices/virtual/amhdmitx/amhdmitx0
05-27 16:13:54.252 290 351 D MesonHwc: received Uevent: SUBSYSTEM=amhdmitx
05-27 16:13:54.252 290 351 D MesonHwc: received Uevent: hdmitx_audio=1
05-27 16:13:54.253 290 351 D MesonHwc: received Uevent: MAJOR=492
05-27 16:13:54.253 290 351 D MesonHwc: received Uevent: MINOR=0
05-27 16:13:54.253 290 351 D MesonHwc: received Uevent: DEVNAME=amhdmitx0
05-27 16:13:54.253 290 351 D MesonHwc: received Uevent: SEQNUM=5740
05-27 16:13:54.253 290 351 D MesonHwc: received Uevent: change@/devices/virtual/amhdmitx/amhdmitx0
05-27 16:13:54.253 290 351 D MesonHwc: received Uevent: ACTION=change
05-27 16:13:54.253 290 351 D MesonHwc: received Uevent: DEVPATH=/devices/virtual/amhdmitx/amhdmitx0
05-27 16:13:54.253 290 351 D MesonHwc: received Uevent: SUBSYSTEM=amhdmitx
05-27 16:13:54.253 290 351 D MesonHwc: received Uevent: hdmitx_audio=1
05-27 16:13:54.253 290 351 D MesonHwc: received Uevent: MAJOR=492
05-27 16:13:54.253 290 351 D MesonHwc: received Uevent: MINOR=0
05-27 16:13:54.253 290 351 D MesonHwc: received Uevent: DEVNAME=amhdmitx0
05-27 16:13:54.253 290 351 D MesonHwc: received Uevent: SEQNUM=5740
05-27 16:13:54.253 478 5446 D audio_hw_hal_primary: [out_dump:848] io 2237: out:0xefc43260, fd:23
05-27 16:13:54.253 290 351 D MesonHwc: received Uevent: change@/devices/virtual/amhdmitx/amhdmitx0
05-27 16:13:54.253 290 351 D MesonHwc: received Uevent: ACTION=change
05-27 16:13:54.253 290 351 D MesonHwc: received Uevent: DEVPATH=/devices/virtual/amhdmitx/amhdmitx0
05-27 16:13:54.253 290 351 D MesonHwc: received Uevent: SUBSYSTEM=amhdmitx
05-27 16:13:54.253 290 351 D MesonHwc: received Uevent: hdmitx_current_status=201
05-27 16:13:54.253 290 351 D MesonHwc: received Uevent: MAJOR=492
05-27 16:13:54.253 290 351 D MesonHwc: received Uevent: MINOR=0
05-27 16:13:54.253 290 351 D MesonHwc: received Uevent: DEVNAME=amhdmitx0
05-27 16:13:54.253 290 351 D MesonHwc: received Uevent: SEQNUM=5744
05-27 16:13:54.253 290 351 D MesonHwc: received Uevent: NUM=5743
05-27 16:13:54.253 290 351 D MesonHwc: received Uevent: -s7d
05-27 16:13:54.253 290 351 D MesonHwc: received Uevent: OF_COMPATIBLE_N=1
05-27 16:13:54.253 290 351 D MesonHwc: received Uevent: MODALIAS=of:NaocecT(null)Camlogic,_aocec-s7d
05-27 16:13:54.253 290 351 D MesonHwc: received Uevent: SEQNUM=5742
05-27 16:13:54.253 290 351 D MesonHwc: received Uevent: 5Ap0000C081
05-27 16:13:54.253 290 351 D MesonHwc: received Uevent: SEQNUM=3612
05-27 16:13:54.254 290 351 D MesonHwc: received Uevent: bfd4444600000000 1 130ff38b17c000 677bfad9415fed 9ed68000004400 10000002
05-27 16:13:54.254 290 351 D MesonHwc: received Uevent: REL=1040
05-27 16:13:54.254 290 351 D MesonHwc: received Uevent: ABS=100000000
05-27 16:13:54.254 290 351 D MesonHwc: received Uevent: MSC=10
05-27 16:13:54.254 290 351 D MesonHwc: received Uevent: MODALIAS=input:b0005v1D5ApC081e0000-e0,1,2,3,4,k71,72,73,74,77,80,82,83,85,86,87,88,89,8A,8B,8C,8E,90,96,98,9B,9C,9E,9F,A1,A3,A4,A5,A6,A7,A8,A9,AB,AC,AD,AE,B0,B1,B2,B5,B6,CE,CF,D0,D1,D2,D4,D8,D9,DB,DF,E0,E1,E4,E5,E6,E7,E8,E9,EA,EB,F0,F1,F4,100,161,162,166,16A,16E,172,174,176,177,178,179,17A,17B,17C,17D,17F,180,182,183,185,188,189,18C,18D,18E,18F,190,191,192,193,195,197,198,199,19A,19C,1A0,1A1,1A2,1A3,1A4,1A5,1A6,1A7,1A8,1A9,1AA,1AB,1AC,1AD,1AE,1AF,1B0,1B1,1B7,1BA,240,241,242,243,244,245,246,247,249,24A,250,251,r6,C,a20,m4,lsfw
05-27 16:13:54.254 290 351 D MesonHwc: received Uevent: SEQNUM=3609
05-27 16:13:54.254 290 351 D MesonHwc: received Uevent: change@/devices/virtual/amhdmitx/amhdmitx0
05-27 16:13:54.254 290 351 D MesonHwc: received Uevent: ACTION=change
05-27 16:13:54.254 290 351 D MesonHwc: received Uevent: DEVPATH=/devices/virtual/amhdmitx/amhdmitx0
05-27 16:13:54.254 290 351 D MesonHwc: received Uevent: SUBSYSTEM=amhdmitx
05-27 16:13:54.254 290 351 D MesonHwc: received Uevent: hdmitx_current_status=201
05-27 16:13:54.254 290 351 D MesonHwc: received Uevent: MAJOR=492
05-27 16:13:54.254 290 351 D MesonHwc: received Uevent: MINOR=0
05-27 16:13:54.254 290 351 D MesonHwc: received Uevent: DEVNAME=amhdmitx0
05-27 16:13:54.254 290 351 D MesonHwc: received Uevent: SEQNUM=5744
05-27 16:13:54.254 290 351 D MesonHwc: received Uevent: NUM=5743
05-27 16:13:54.254 290 351 D MesonHwc: received Uevent: -s7d
05-27 16:13:54.254 290 351 D MesonHwc: received Uevent: OF_COMPATIBLE_N=1
05-27 16:13:54.254 290 351 D MesonHwc: received Uevent: MODALIAS=of:NaocecT(null)Camlogic,_aocec-s7d
05-27 16:13:54.254 290 351 D MesonHwc: received Uevent: SEQNUM=5742
05-27 16:13:54.254 290 351 D MesonHwc: received Uevent: 5Ap0000C081
05-27 16:13:54.254 290 351 D MesonHwc: received Uevent: SEQNUM=3612
05-27 16:13:54.254 290 351 D MesonHwc: received Uevent: bfd4444600000000 1 130ff38b17c000 677bfad9415fed 9ed68000004400 10000002
05-27 16:13:54.254 290 351 D MesonHwc: received Uevent: REL=1040
05-27 16:13:54.254 290 351 D MesonHwc: received Uevent: ABS=100000000
05-27 16:13:54.254 290 351 D MesonHwc: received Uevent: MSC=10
05-27 16:13:54.254 290 351 D MesonHwc: received Uevent: MODALIAS=input:b0005v1D5ApC081e0000-e0,1,2,3,4,k71,72,73,74,77,80,82,83,85,86,87,88,89,8A,8B,8C,8E,90,96,98,9B,9C,9E,9F,A1,A3,A4,A5,A6,A7,A8,A9,AB,AC,AD,AE,B0,B1,B2,B5,B6,CE,CF,D0,D1,D2,D4,D8,D9,DB,DF,E0,E1,E4,E5,E6,E7,E8,E9,EA,EB,F0,F1,F4,100,161,162,166,16A,16E,172,174,176,177,178,179,17A,17B,17C,17D,17F,180,182,183,185,188,189,18C,18D,18E,18F,190,191,192,193,195,197,198,199,19A,19C,1A0,1A1,1A2,1A3,1A4,1A5,1A6,1A7,1A8,1A9,1AA,1AB,1AC,1AD,1AE,1AF,1B0,1B1,1B7,1BA,240,241,242,243,244,245,246,247,249,24A,250,251,r6,C,a20,m4,lsfw
05-27 16:13:54.254 290 351 D MesonHwc: received Uevent: SEQNUM=3609
05-27 16:13:54.254 290 351 D MesonHwc: received Uevent: change@/devices/platform/vout
05-27 16:13:54.254 290 351 D MesonHwc: received Uevent: ACTION=change
05-27 16:13:54.254 290 351 D MesonHwc: received Uevent: DEVPATH=/devices/platform/vout
05-27 16:13:54.254 290 351 D MesonHwc: received Uevent: SUBSYSTEM=platform
05-27 16:13:54.254 290 351 D MesonHwc: received Uevent: vout_setmode=1
05-27 16:13:54.254 290 351 D MesonHwc: ModeChange state: [Begin to change]
05-27 16:13:54.254 290 351 D MesonHwc: On mode change state: [Begin to change]
05-27 16:13:54.254 290 351 D MesonHwc: received Uevent: change@/devices/virtual/amhdmitx/amhdmitx0
05-27 16:13:54.254 290 351 D MesonHwc: received Uevent: ACTION=change
05-27 16:13:54.254 290 351 D MesonHwc: received Uevent: DEVPATH=/devices/virtual/amhdmitx/amhdmitx0
05-27 16:13:54.254 290 351 D MesonHwc: received Uevent: SUBSYSTEM=amhdmitx
05-27 16:13:54.254 290 351 D MesonHwc: received Uevent: hdmitx_vmode_audio=1
05-27 16:13:54.254 290 351 D MesonHwc: received Uevent: MAJOR=492
05-27 16:13:54.254 290 351 D MesonHwc: received Uevent: MINOR=0
05-27 16:13:54.254 290 351 D MesonHwc: received Uevent: DEVNAME=amhdmitx0
05-27 16:13:54.254 290 351 D MesonHwc: received Uevent: SEQNUM=5746
05-27 16:13:54.254 290 351 D MesonHwc: received Uevent: ATIBLE_N=1
05-27 16:13:54.254 290 351 D MesonHwc: received Uevent: MODALIAS=of:NvoutT(null)Camlogic,_vout
05-27 16:13:54.254 290 351 D MesonHwc: received Uevent: SEQNUM=5745
05-27 16:13:54.254 290 351 D MesonHwc: received Uevent: Camlogic,_aocec-s7d
05-27 16:13:54.254 290 351 D MesonHwc: received Uevent: SEQNUM=5742
05-27 16:13:54.254 290 351 D MesonHwc: received Uevent: 5Ap0000C081
05-27 16:13:54.254 290 351 D MesonHwc: received Uevent: SEQNUM=3612
05-27 16:13:54.254 290 351 D MesonHwc: received Uevent: bfd4444600000000 1 130ff38b17c000 677bfad9415fed 9ed68000004400 10000002
05-27 16:13:54.254 290 351 D MesonHwc: received Uevent: REL=1040
05-27 16:13:54.254 290 351 D MesonHwc: received Uevent: ABS=100000000
05-27 16:13:54.254 290 351 D MesonHwc: received Uevent: MSC=10
05-27 16:13:54.254 290 351 D MesonHwc: received Uevent: MODALIAS=input:b0005v1D5ApC081e0000-e0,1,2,3,4,k71,72,73,74,77,80,82,83,85,86,87,88,89,8A,8B,8C,8E,90,96,98,9B,9C,9E,9F,A1,A3,A4,A5,A6,A7,A8,A9,AB,AC,AD,AE,B0,B1,B2,B5,B6,CE,CF,D0,D1,D2,D4,D8,D9,DB,DF,E0,E1,E4,E5,E6,E7,E8,E9,EA,EB,F0,F1,F4,100,161,162,166,16A,16E,172,174,176,177,178,179,17A,17B,17C,17D,17F,180,182,183,185,188,189,18C,18D,18E,18F,190,191,192,193,195,197,198,199,19A,19C,1A0,1A1,1A2,1A3,1A4,1A5,1A6,1A7,1A8,1A9,1AA,1AB,1AC,1AD,1AE,1AF,1B0,1B1,1B7,1BA,240,241,242,243,244,245,246,247,249,24A,250,251,r6,C,a20,m4,lsfw
05-27 16:13:54.254 290 351 D MesonHwc: received Uevent: SEQNUM=3609
05-27 16:13:54.254 290 351 D MesonHwc: received Uevent: change@/devices/virtual/amhdmitx/amhdmitx0
05-27 16:13:54.254 290 351 D MesonHwc: received Uevent: ACTION=change
05-27 16:13:54.254 290 351 D MesonHwc: received Uevent: DEVPATH=/devices/virtual/amhdmitx/amhdmitx0
05-27 16:13:54.254 290 351 D MesonHwc: received Uevent: SUBSYSTEM=amhdmitx
05-27 16:13:54.254 290 351 D MesonHwc: received Uevent: hdmitx_vmode_audio=1
05-27 16:13:54.254 290 351 D MesonHwc: received Uevent: MAJOR=492
05-27 16:13:54.254 290 351 D MesonHwc: received Uevent: MINOR=0
05-27 16:13:54.254 290 351 D MesonHwc: received Uevent: DEVNAME=amhdmitx0
05-27 16:13:54.254 290 351 D MesonHwc: received Uevent: SEQNUM=5746
05-27 16:13:54.254 290 351 D MesonHwc: received Uevent: ATIBLE_N=1
05-27 16:13:54.254 290 351 D MesonHwc: received Uevent: MODALIAS=of:NvoutT(null)Camlogic,_vout
05-27 16:13:54.254 290 351 D MesonHwc: received Uevent: SEQNUM=5745
05-27 16:13:54.254 290 351 D MesonHwc: received Uevent: Camlogic,_aocec-s7d
05-27 16:13:54.254 290 351 D MesonHwc: received Uevent: SEQNUM=5742
05-27 16:13:54.254 290 351 D MesonHwc: received Uevent: 5Ap0000C081
05-27 16:13:54.254 290 351 D MesonHwc: received Uevent: SEQNUM=3612
05-27 16:13:54.254 290 351 D MesonHwc: received Uevent: bfd4444600000000 1 130ff38b17c000 677bfad9415fed 9ed68000004400 10000002
05-27 16:13:54.254 290 351 D MesonHwc: received Uevent: REL=1040
05-27 16:13:54.254 290 351 D MesonHwc: received Uevent: ABS=100000000
05-27 16:13:54.254 290 351 D MesonHwc: received Uevent: MSC=10
05-27 16:13:54.255 290 351 D MesonHwc: received Uevent: MODALIAS=input:b0005v1D5ApC081e0000-e0,1,2,3,4,k71,72,73,74,77,80,82,83,85,86,87,88,89,8A,8B,8C,8E,90,96,98,9B,9C,9E,9F,A1,A3,A4,A5,A6,A7,A8,A9,AB,AC,AD,AE,B0,B1,B2,B5,B6,CE,CF,D0,D1,D2,D4,D8,D9,DB,DF,E0,E1,E4,E5,E6,E7,E8,E9,EA,EB,F0,F1,F4,100,161,162,166,16A,16E,172,174,176,177,178,179,17A,17B,17C,17D,17F,180,182,183,185,188,189,18C,18D,18E,18F,190,191,192,193,195,197,198,199,19A,19C,1A0,1A1,1A2,1A3,1A4,1A5,1A6,1A7,1A8,1A9,1AA,1AB,1AC,1AD,1AE,1AF,1B0,1B1,1B7,1BA,240,241,242,243,244,245,246,247,249,24A,250,251,r6,C,a20,m4,lsfw
05-27 16:13:54.255 290 351 D MesonHwc: received Uevent: SEQNUM=3609
05-27 16:13:54.255 290 351 D MesonHwc: received Uevent: change@/devices/virtual/amhdmitx/amhdmitx0
05-27 16:13:54.255 290 351 D MesonHwc: received Uevent: ACTION=change
05-27 16:13:54.255 290 351 D MesonHwc: received Uevent: DEVPATH=/devices/virtual/amhdmitx/amhdmitx0
05-27 16:13:54.255 290 351 D MesonHwc: received Uevent: SUBSYSTEM=amhdmitx
05-27 16:13:54.255 290 351 D MesonHwc: received Uevent: hdmitx_current_status=202
05-27 16:13:54.255 290 351 D MesonHwc: received Uevent: MAJOR=492
05-27 16:13:54.255 290 351 D MesonHwc: received Uevent: MINOR=0
05-27 16:13:54.255 290 351 D MesonHwc: received Uevent: DEVNAME=amhdmitx0
05-27 16:13:54.255 478 5446 D audio_hw_hal_primary: [out_set_parameters:971] out:0xefc43260 kvpairs:closing=true;exiting=1 out->out_device:0x400, adev->out_device:0x80002
05-27 16:13:54.255 290 351 D MesonHwc: received Uevent: SEQNUM=5747
05-27 16:13:54.255 290 351 D MesonHwc: received Uevent: E_N=1
05-27 16:13:54.255 290 351 D MesonHwc: received Uevent: MODALIAS=of:NvoutT(null)Camlogic,_vout
05-27 16:13:54.255 290 351 D MesonHwc: received Uevent: SEQNUM=5745
05-27 16:13:54.255 478 5446 E audio_hw_hal_primary: out_set_parameters, ret:-2, hw_sync_mode:is false
05-27 16:13:54.255 290 351 D MesonHwc: received Uevent: Camlogic,_aocec-s7d
05-27 16:13:54.255 290 351 D MesonHwc: received Uevent: SEQNUM=5742
05-27 16:13:54.255 290 351 D MesonHwc: received Uevent: 5Ap0000C081
05-27 16:13:54.255 290 351 D MesonHwc: received Uevent: SEQNUM=3612
05-27 16:13:54.255 290 351 D MesonHwc: received Uevent: bfd4444600000000 1 130ff38b17c000 677bfad9415fed 9ed68000004400 10000002
05-27 16:13:54.255 290 351 D MesonHwc: received Uevent: REL=1040
05-27 16:13:54.255 290 351 D MesonHwc: received Uevent: ABS=100000000
05-27 16:13:54.255 290 351 D MesonHwc: received Uevent: MSC=10
05-27 16:13:54.255 290 351 D MesonHwc: received Uevent: MODALIAS=input:b0005v1D5ApC081e0000-e0,1,2,3,4,k71,72,73,74,77,80,82,83,85,86,87,88,89,8A,8B,8C,8E,90,96,98,9B,9C,9E,9F,A1,A3,A4,A5,A6,A7,A8,A9,AB,AC,AD,AE,B0,B1,B2,B5,B6,CE,CF,D0,D1,D2,D4,D8,D9,DB,DF,E0,E1,E4,E5,E6,E7,E8,E9,EA,EB,F0,F1,F4,100,161,162,166,16A,16E,172,174,176,177,178,179,17A,17B,17C,17D,17F,180,182,183,185,188,189,18C,18D,18E,18F,190,191,192,193,195,197,198,199,19A,19C,1A0,1A1,1A2,1A3,1A4,1A5,1A6,1A7,1A8,1A9,1AA,1AB,1AC,1AD,1AE,1AF,1B0,1B1,1B7,1BA,240,241,242,243,244,245,246,247,249,24A,250,251,r6,C,a20,m4,lsfw
05-27 16:13:54.255 290 351 D MesonHwc: received Uevent: SEQNUM=3609
05-27 16:13:54.255 290 351 D MesonHwc: received Uevent: change@/devices/virtual/amhdmitx/amhdmitx0
05-27 16:13:54.255 290 351 D MesonHwc: received Uevent: ACTION=change
05-27 16:13:54.255 290 351 D MesonHwc: received Uevent: DEVPATH=/devices/virtual/amhdmitx/amhdmitx0
05-27 16:13:54.255 290 351 D MesonHwc: received Uevent: SUBSYSTEM=amhdmitx
05-27 16:13:54.255 290 351 D MesonHwc: received Uevent: hdmitx_current_status=202
05-27 16:13:54.255 290 351 D MesonHwc: received Uevent: MAJOR=492
05-27 16:13:54.255 290 351 D MesonHwc: received Uevent: MINOR=0
05-27 16:13:54.255 290 351 D MesonHwc: received Uevent: DEVNAME=amhdmitx0
05-27 16:13:54.255 290 351 D MesonHwc: received Uevent: SEQNUM=5747
05-27 16:13:54.255 290 351 D MesonHwc: received Uevent: E_N=1
05-27 16:13:54.255 290 351 D MesonHwc: received Uevent: MODALIAS=of:NvoutT(null)Camlogic,_vout
05-27 16:13:54.255 290 351 D MesonHwc: received Uevent: SEQNUM=5745
05-27 16:13:54.255 290 351 D MesonHwc: received Uevent: Camlogic,_aocec-s7d
05-27 16:13:54.255 290 351 D MesonHwc: received Uevent: SEQNUM=5742
05-27 16:13:54.255 290 351 D MesonHwc: received Uevent: 5Ap0000C081
05-27 16:13:54.255 290 351 D MesonHwc: received Uevent: SEQNUM=3612
05-27 16:13:54.255 290 351 D MesonHwc: received Uevent: bfd4444600000000 1 130ff38b17c000 677bfad9415fed 9ed68000004400 10000002
05-27 16:13:54.255 290 351 D MesonHwc: received Uevent: REL=1040
05-27 16:13:54.255 290 351 D MesonHwc: received Uevent: ABS=100000000
05-27 16:13:54.255 290 351 D MesonHwc: received Uevent: MSC=10
05-27 16:13:54.255 290 351 D MesonHwc: received Uevent: MODALIAS=input:b0005v1D5ApC081e0000-e0,1,2,3,4,k71,72,73,74,77,80,82,83,85,86,87,88,89,8A,8B,8C,8E,90,96,98,9B,9C,9E,9F,A1,A3,A4,A5,A6,A7,A8,A9,AB,AC,AD,AE,B0,B1,B2,B5,B6,CE,CF,D0,D1,D2,D4,D8,D9,DB,DF,E0,E1,E4,E5,E6,E7,E8,E9,EA,EB,F0,F1,F4,100,161,162,166,16A,16E,172,174,176,177,178,179,17A,17B,17C,17D,17F,180,182,183,185,188,189,18C,18D,18E,18F,190,191,192,193,195,197,198,199,19A,19C,1A0,1A1,1A2,1A3,1A4,1A5,1A6,1A7,1A8,1A9,1AA,1AB,1AC,1AD,1AE,1AF,1B0,1B1,1B7,1BA,240,241,242,243,244,245,246,247,249,24A,250,251,r6,C,a20,m4,lsfw
05-27 16:13:54.255 290 351 D MesonHwc: received Uevent: SEQNUM=3609
05-27 16:13:54.255 290 351 D MesonHwc: received Uevent: change@/devices/virtual/amhdmitx/amhdmitx0
05-27 16:13:54.255 290 351 D MesonHwc: received Uevent: ACTION=change
05-27 16:13:54.255 290 351 D MesonHwc: received Uevent: DEVPATH=/devices/virtual/amhdmitx/amhdmitx0
05-27 16:13:54.255 290 351 D MesonHwc: received Uevent: SUBSYSTEM=amhdmitx
05-27 16:13:54.255 535 5463 D AudioFlinger: ro.audio.silent is ignored since no output device is set
05-27 16:13:54.255 290 351 D MesonHwc: received Uevent: hdmitx_current_status=203
05-27 16:13:54.255 290 351 D MesonHwc: received Uevent: MAJOR=492
05-27 16:13:54.255 290 351 D MesonHwc: received Uevent: MINOR=0
05-27 16:13:54.255 290 351 D MesonHwc: received Uevent: DEVNAME=amhdmitx0
05-27 16:13:54.255 290 351 D MesonHwc: received Uevent: SEQNUM=5748
05-27 16:13:54.255 290 351 D MesonHwc: received Uevent: E_N=1
05-27 16:13:54.255 290 351 D MesonHwc: received Uevent: MODALIAS=of:NvoutT(null)Camlogic,_vout
05-27 16:13:54.255 290 351 D MesonHwc: received Uevent: SEQNUM=5745
05-27 16:13:54.256 290 351 D MesonHwc: received Uevent: Camlogic,_aocec-s7d
05-27 16:13:54.256 290 351 D MesonHwc: received Uevent: SEQNUM=5742
05-27 16:13:54.256 290 351 D MesonHwc: received Uevent: 5Ap0000C081
05-27 16:13:54.256 478 5446 I audio_hw_hal_primary: [out_set_event_callback:3158] io 2237: out:0xefc43260, callback:0xf1b4091d cookie:0xf22007f0
05-27 16:13:54.256 290 351 D MesonHwc: received Uevent: SEQNUM=3612
05-27 16:13:54.256 290 351 D MesonHwc: received Uevent: bfd4444600000000 1 130ff38b17c000 677bfad9415fed 9ed68000004400 10000002
05-27 16:13:54.256 290 351 D MesonHwc: received Uevent: REL=1040
05-27 16:13:54.256 290 351 D MesonHwc: received Uevent: ABS=100000000
05-27 16:13:54.256 290 351 D MesonHwc: received Uevent: MSC=10
05-27 16:13:54.256 290 351 D MesonHwc: received Uevent: MODALIAS=input:b0005v1D5ApC081e0000-e0,1,2,3,4,k71,72,73,74,77,80,82,83,85,86,87,88,89,8A,8B,8C,8E,90,96,98,9B,9C,9E,9F,A1,A3,A4,A5,A6,A7,A8,A9,AB,AC,AD,AE,B0,B1,B2,B5,B6,CE,CF,D0,D1,D2,D4,D8,D9,DB,DF,E0,E1,E4,E5,E6,E7,E8,E9,EA,EB,F0,F1,F4,100,161,162,166,16A,16E,172,174,176,177,178,179,17A,17B,17C,17D,17F,180,182,183,185,188,189,18C,18D,18E,18F,190,191,192,193,195,197,198,199,19A,19C,1A0,1A1,1A2,1A3,1A4,1A5,1A6,1A7,1A8,1A9,1AA,1AB,1AC,1AD,1AE,1AF,1B0,1B1,1B7,1BA,240,241,242,243,244,245,246,247,249,24A,250,251,r6,C,a20,m4,lsfw
05-27 16:13:54.256 290 351 D MesonHwc: received Uevent: SEQNUM=3609
05-27 16:13:54.256 290 351 D MesonHwc: received Uevent: change@/devices/virtual/amhdmitx/amhdmitx0
05-27 16:13:54.256 290 351 D MesonHwc: received Uevent: ACTION=change
05-27 16:13:54.256 290 351 D MesonHwc: received Uevent: DEVPATH=/devices/virtual/amhdmitx/amhdmitx0
05-27 16:13:54.256 290 351 D MesonHwc: received Uevent: SUBSYSTEM=amhdmitx
05-27 16:13:54.256 290 351 D MesonHwc: received Uevent: hdmitx_current_status=203
05-27 16:13:54.257 290 351 D MesonHwc: received Uevent: MAJOR=492
05-27 16:13:54.257 290 351 D MesonHwc: received Uevent: MINOR=0
05-27 16:13:54.257 290 351 D MesonHwc: received Uevent: DEVNAME=amhdmitx0
05-27 16:13:54.257 290 351 D MesonHwc: received Uevent: SEQNUM=5748
05-27 16:13:54.257 290 351 D MesonHwc: received Uevent: E_N=1
05-27 16:13:54.257 290 351 D MesonHwc: received Uevent: MODALIAS=of:NvoutT(null)Camlogic,_vout
05-27 16:13:54.257 290 351 D MesonHwc: received Uevent: SEQNUM=5745
05-27 16:13:54.257 290 351 D MesonHwc: received Uevent: Camlogic,_aocec-s7d
05-27 16:13:54.257 290 351 D MesonHwc: received Uevent: SEQNUM=5742
05-27 16:13:54.257 290 351 D MesonHwc: received Uevent: 5Ap0000C081
05-27 16:13:54.257 478 5446 I audio_hw_hal_primary: [adev_close_output_stream_new:8052] io handle 2237: out:0xefc43260
05-27 16:13:54.257 290 351 D MesonHwc: received Uevent: SEQNUM=3612
05-27 16:13:54.257 478 5446 D audio_hw_hal_primary: adev_close_output_stream_new: enter usecase = RAW_DIRECT
05-27 16:13:54.257 290 351 D MesonHwc: received Uevent: bfd4444600000000 1 130ff38b17c000 677bfad9415fed 9ed68000004400 10000002
05-27 16:13:54.257 478 5446 I audio_hw_hal_primary: [adev_close_output_stream:3695] io 2237: out:0xefc43260 dev:OUT_HDMI(0x400) flags:0x1, usecase:RAW_DIRECT
05-27 16:13:54.257 290 351 D MesonHwc: received Uevent: REL=1040
05-27 16:13:54.257 478 5446 D audio_hw_hal_primary: [out_standby_new:5767] io 2237: out:0xefc43260 usecase:RAW_DIRECT
05-27 16:13:54.257 290 351 D MesonHwc: received Uevent: ABS=100000000
05-27 16:13:54.257 478 5446 I audio_hw_hal_primary: already standby, do nothing
05-27 16:13:54.257 290 351 D MesonHwc: received Uevent: MSC=10
05-27 16:13:54.257 290 351 D MesonHwc: received Uevent: MODALIAS=input:b0005v1D5ApC081e0000-e0,1,2,3,4,k71,72,73,74,77,80,82,83,85,86,87,88,89,8A,8B,8C,8E,90,96,98,9B,9C,9E,9F,A1,A3,A4,A5,A6,A7,A8,A9,AB,AC,AD,AE,B0,B1,B2,B5,B6,CE,CF,D0,D1,D2,D4,D8,D9,DB,DF,E0,E1,E4,E5,E6,E7,E8,E9,EA,EB,F0,F1,F4,100,161,162,166,16A,16E,172,174,176,177,178,179,17A,17B,17C,17D,17F,180,182,183,185,188,189,18C,18D,18E,18F,190,191,192,193,195,197,198,199,19A,19C,1A0,1A1,1A2,1A3,1A4,1A5,1A6,1A7,1A8,1A9,1AA,1AB,1AC,1AD,1AE,1AF,1B0,1B1,1B7,1BA,240,241,242,243,244,245,246,247,249,24A,250,251,r6,C,a20,m4,lsfw
05-27 16:13:54.257 478 5446 I audio_hw_hal_resourcemgr: [is_output_device_muted:710] device:0x2 port_mute:0, fade_mute:0
05-27 16:13:54.257 290 351 D MesonHwc: received Uevent: SEQNUM=3609
05-27 16:13:54.257 478 5446 I audio_hw_hal_primary: [adev_close_output_stream:3863] io 2237: out:0xefc43260 exit ------
05-27 16:13:54.257 290 351 D MesonHwc: received Uevent: change@/devices/platform/vout
