05-27 16:13:45.022 535 5381 D AudioFlinger: ro.audio.silent is ignored since no output device is set
05-27 16:13:45.025 535 5381 D AudioFlinger: ro.audio.silent is ignored since no output device is set
05-27 16:13:45.026 535 5381 D AudioFlinger: ro.audio.silent is ignored since no output device is set
05-27 16:13:45.026 535 5381 D AudioFlinger: ro.audio.silent is ignored since no output device is set
05-27 16:13:45.028 535 3666 I AudioFlinger: openOutput() this 0xed5c2fe0, module 10 Device AUDIO_DEVICE_OUT_HDMI, @:, SamplingRate 32000, Format 0x000001, Channels 0x1, flags 0x41
05-27 16:13:45.028 478 5377 D audio_hw_hal_primary: [adev_open_output_stream_new:7868] enter: dev=0xefd014a0 handle=7fd devices=0x400/'HDMI,' flags=0x41/'DIRECT,HW_AV_SYNC,' config=(rt=32000 ch_mask=0x1 fmt=0x1) address=''
05-27 16:13:45.028 478 5377 D audio_hw_hal_primary: adev_open_output_stream_new: enter
05-27 16:13:45.028 478 5377 I audio_hw_hal_primary: [adev_open_output_stream:3285] io 2045: out:0xefc4c220 dev:OUT_HDMI(0x400) addr:
05-27 16:13:45.028 478 5377 I audio_hw_hal_primary: [adev_open_output_stream:3287] ch_mask:0x1 rate:32000 format:PCM_16_BIT(0x1) flags:0x41
05-27 16:13:45.028 478 5377 D audio_hw_hal_primary: [adev_open_output_stream:3573] format=PCM_16_BIT rate=32000
05-27 16:13:45.028 478 5377 I audio_hw_hal_primary: init resampler from 32000 to 48000!
05-27 16:13:45.028 478 5377 D audio_hw_utils_resampler: resampler_init, Init Resampler: input_sr = 32000, output_sr = 48000
05-27 16:13:45.028 478 5377 I audio_hw_hal_primary: [adev_open_output_stream:3610] result profile ch_mask:0x1 rate:32000 format:PCM_16_BIT(0x1) usecase:PCM_HWSYNC
05-27 16:13:45.029 478 5377 D audio_hw_hal_timer: func:audio_timer_create create timer.1 success.
05-27 16:13:45.029 478 5377 D audio_hw_hal_timer: func:audio_timer_create create timer.2 success.
05-27 16:13:45.029 478 5377 D audio_hw_hal_primary: [adev_open_output_stream_new:7980] timer_id:1
05-27 16:13:45.029 478 5377 I audio_hw_hal_utils: aml_get_stream_dump_file_name line 2929 file_name /data/vendor/audiohal/stream_pid478_tid5377.pcm
05-27 16:13:45.029 478 5377 I audio_hw_hal_primary: [adev_open_output_stream_new:8037] io 2045: out: 0xefc4c220 card:0 alsa devices:0 exit ------
05-27 16:13:45.032 478 478 I audio_hw_hal_primary: [out_get_buffer_size:552] out:0xefc4c220 config.rate=32000, format:PCM_16_BIT(0x1), stream format:PCM_16_BIT(0x1)
05-27 16:13:45.032 535 3666 I AudioFlinger: HAL output buffer size 2068 frames, normal sink buffer size 2068 frames
05-27 16:13:45.032 478 5377 I audio_hw_hal_primary: [audiohal_get_latency:1333] io 2045: out:0xefc4c220 frames:1280 rate:32000 whole_latency:40 alsa_latency:40
05-27 16:13:45.033 478 5377 I audio_hw_hal_primary: [out_set_event_callback:3158] io 2045: out:0xefc4c220, callback:0xf1b4091d cookie:0xf22007f0
05-27 16:13:45.033 535 5384 I AudioFlinger: AudioFlinger's thread 0xe78f4760 tid=5384 ready to run
05-27 16:13:45.033 478 5377 I audio_hw_hal_primary: [audiohal_get_latency:1333] io 2045: out:0xefc4c220 frames:1152 rate:32000 whole_latency:36 alsa_latency:36
05-27 16:13:45.034 478 5377 I audio_hw_hal_primary: [audiohal_get_latency:1333] io 2045: out:0xefc4c220 frames:1152 rate:32000 whole_latency:36 alsa_latency:36
05-27 16:13:45.034 535 5384 D AudioFlinger: ro.audio.silent is ignored since no output device is set
05-27 16:13:45.036 290 351 E MesonDisplay: open /sys/class/amhdmitx/amhdmitx0/hdcp_pwr fail. Error info [No such file or directory]
05-27 16:13:45.036 290 351 E MesonDisplay: open /sys/class/amhdmitx/amhdmitx0/hdcp_ctrl fail. Error info [No such file or directory]
05-27 16:13:45.036 290 351 E MesonDisplay: open /sys/class/amhdmitx/amhdmitx0/hdcp_ctrl fail. Error info [No such file or directory]
05-27 16:13:45.036 478 5377 D audio_hw_hal_primary: [out_standby_new:5767] io 2045: out:0xefc4c220 usecase:PCM_HWSYNC
05-27 16:13:45.036 478 5377 I audio_hw_hal_primary: already standby, do nothing
05-27 16:13:45.037 535 5384 D AudioFlinger: ro.audio.silent is ignored since no output device is set
05-27 16:13:45.038 290 351 I MesonDisplay: [/HDCPTxAuth.cpp, stop, 137] hdcp_tx pthread exit id = 3890725312, (null) done
05-27 16:13:45.038 290 351 I MesonHwc: setDisplayMode mode:480p60hz
05-27 16:13:45.039 290 351 D MesonDisplayServer: SetDisplay[HDMI] Mode to "480p60hz"
05-27 16:13:45.039 290 351 D MesonHwc: blankDisplay connectorType:11
05-27 16:13:45.039 489 489 D hdmicecd: [CEC]:printCecMessage, [4 -> 4] len: 0, body:, result:no ack
05-27 16:13:45.039 290 351 D MesonHwc: [setConnectorStatus]: power mode 2
05-27 16:13:45.039 290 351 D MesonHwc: displayId:0, blank all display planes
05-27 16:13:45.039 535 5384 D AudioFlinger: ro.audio.silent is ignored since no output device is set
05-27 16:13:45.040 535 5384 D AudioFlinger: ro.audio.silent is ignored since no output device is set
05-27 16:13:45.041 535 5384 D AudioFlinger: ro.audio.silent is ignored since no output device is set
05-27 16:13:45.042 535 5384 D AudioFlinger: ro.audio.silent is ignored since no output device is set
05-27 16:13:45.043 535 5384 D AudioFlinger: ro.audio.silent is ignored since no output device is set
05-27 16:13:45.044 535 5384 D AudioFlinger: ro.audio.silent is ignored since no output device is set
05-27 16:13:45.045 535 5384 D AudioFlinger: ro.audio.silent is ignored since no output device is set
05-27 16:13:45.047 535 5384 D AudioFlinger: ro.audio.silent is ignored since no output device is set
05-27 16:13:45.047 535 5384 D AudioFlinger: ro.audio.silent is ignored since no output device is set
05-27 16:13:45.048 535 5384 D AudioFlinger: ro.audio.silent is ignored since no output device is set
05-27 16:13:45.050 535 5384 D AudioFlinger: ro.audio.silent is ignored since no output device is set
05-27 16:13:45.051 535 3666 I AudioFlinger: openOutput() this 0xed5c2fe0, module 10 Device AUDIO_DEVICE_OUT_HDMI, @:, SamplingRate 0, Format 00000000, Channels 0, flags 0x1
01-01 08:07:14.799 0 0 I : [1 T351 ..] [drm] [meson_encoder_vrr_change], seamless is 0
01-01 08:07:14.799 0 0 I : [1 T351 ..] [drm] build_hdmitx_attr_str:444,8bit = 2+8
01-01 08:07:14.800 0 0 I : [1 T351 ..] [drm] am_meson_crtc_atomic_disable-[0]:in
01-01 08:07:14.801 0 0 I : [1 T351 ..] dummy_encl_disable finished
05-27 16:13:45.057 264 264 E Scheduler: trackPendingFrame: Invalid present fence
05-27 16:13:45.058 478 5377 D audio_hw_hal_primary: [adev_open_output_stream_new:7868] enter: dev=0xefd014a0 handle=805 devices=0x400/'HDMI,' flags=0x1/'DIRECT,' config=(rt=0 ch_mask=0x0 fmt=0x0) address=''
05-27 16:13:45.058 478 5377 D audio_hw_hal_primary: adev_open_output_stream_new: enter
05-27 16:13:45.058 478 5377 I audio_hw_hal_primary: [adev_open_output_stream:3285] io 2053: out:0xefc415a0 dev:OUT_HDMI(0x400) addr:
05-27 16:13:45.058 478 5377 I audio_hw_hal_primary: [adev_open_output_stream:3287] ch_mask:0 rate:0 format:DEFAULT(0) flags:0x1
05-27 16:13:45.058 478 5377 I audio_hw_hal_primary: [adev_open_output_stream:3610] result profile ch_mask:0x3 rate:48000 format:PCM_16_BIT(0x1) usecase:PCM_DIRECT
05-27 16:13:45.058 478 5377 I audio_hw_hal_utils: aml_get_stream_dump_file_name line 2929 file_name /data/vendor/audiohal/stream_pid478_tid5377.pcm
05-27 16:13:45.058 478 5377 I audio_hw_hal_primary: [adev_open_output_stream_new:8037] io 2053: out: 0xefc415a0 card:0 alsa devices:0 exit ------
01-01 08:07:14.801 0 0 I : [1 T351 ..] [drm] am_meson_crtc_atomic_enable-[0] in: new[480p60hz], old[dummy_l], vmode[4-4], uboot[0]
01-01 08:07:14.803 0 0 I : [1 T351 ..] [drm] am_meson_crtc_atomic_enable-[0]: enable mode 480p60hz final vmode 0
01-01 08:07:14.804 0 0 I [1 T351 ..] [hdmitx: ] set21_s7d_htxpll_clk_out[96] htxpll vco 4324320 div 16
05-27 16:13:45.060 478 478 I audio_hw_hal_primary: [out_get_buffer_size:552] out:0xefc415a0 config.rate=48000, format:PCM_16_BIT(0x1), stream format:PCM_16_BIT(0x1)
05-27 16:13:45.060 535 3666 I AudioFlinger: HAL output buffer size 2048 frames, normal sink buffer size 2048 frames
05-27 16:13:45.060 478 478 I audio_hw_hal_primary: [audiohal_get_latency:1333] io 2053: out:0xefc415a0 frames:1152 rate:48000 whole_latency:24 alsa_latency:24
05-27 16:13:45.061 478 478 I audio_hw_hal_primary: [out_set_event_callback:3158] io 2053: out:0xefc415a0, callback:0xf1b4091d cookie:0xf2202650
05-27 16:13:45.061 478 478 I audio_hw_hal_primary: [audiohal_get_latency:1333] io 2053: out:0xefc415a0 frames:1152 rate:48000 whole_latency:24 alsa_latency:24
05-27 16:13:45.062 478 5377 I audio_hw_hal_primary: [audiohal_get_latency:1333] io 2053: out:0xefc415a0 frames:1152 rate:48000 whole_latency:24 alsa_latency:24
05-27 16:13:45.063 478 478 I audio_hw_hal_profile: [out_get_parameters:2085] out:0xefc415a0 query audio format. ++++++++++ hal_format:PCM_16_BIT
05-27 16:13:45.063 478 478 D audio_hw_hal_profile: get_hdmi_sink_cap_new is running...
05-27 16:13:45.063 478 478 D audio_hw_hal_profile: query hdmi format...
05-27 16:13:45.063 478 478 D audio_hw_hal_profile: get_hdmi_sink_cap_new ddp is supported; ddp-joc(atmos) is supported;
05-27 16:13:45.063 478 478 I audio_hw_hal_profile: get_hdmi_sink_cap_new dts-hd vendor special byte3:0x1
05-27 16:13:45.063 478 478 I audio_hw_hal_profile: PCM cap Max channel =2
05-27 16:13:45.063 478 478 I audio_hw_hal_profile: [out_get_parameters:2165] sup_formats=AUDIO_FORMAT_PCM_16_BIT|AUDIO_FORMAT_IEC61937|AUDIO_FORMAT_E_AC3|AUDIO_FORMAT_E_AC3_JOC|AUDIO_FORMAT_AC3|AUDIO_FORMAT_DTS
05-27 16:13:45.063 535 3666 D APM_AudioPolicyManager: modifySurroundFormats: forced use = 0
05-27 16:13:45.064 478 478 I audio_hw_hal_profile: [out_get_parameters:2089] out:0xefc415a0 query sample rate. Format:PCM_16_BIT(0x1) ++++++++++ hal_format:PCM_16_BIT
05-27 16:13:45.064 478 478 D audio_hw_hal_profile: get_hdmi_sink_cap_new is running...
05-27 16:13:45.064 478 478 D audio_hw_hal_profile: [get_hdmi_sink_cap_new:960] query hdmi sample_rate... format: PCM_16_BIT(0x1)
05-27 16:13:45.064 478 478 I audio_hw_hal_profile: get_hdmi_sink_cap_new format =0x1 support rate =sup_sampling_rates=32000|44100|48000|88200|96000|176400|192000
05-27 16:13:45.064 478 478 I audio_hw_hal_profile: [out_get_parameters:2165] sup_sampling_rates=32000|44100|48000|88200|96000|176400|192000
05-27 16:13:45.064 478 478 I audio_hw_hal_profile: [out_get_parameters:2092] out:0xefc415a0 query channels. Format:PCM_16_BIT(0x1) ++++++++++ hal_format:PCM_16_BIT
05-27 16:13:45.064 478 478 D audio_hw_hal_profile: get_hdmi_sink_cap_new is running...
05-27 16:13:45.065 478 478 D audio_hw_hal_profile: [get_hdmi_sink_cap_new:887] query hdmi channels... format: PCM_16_BIT(0x1)
05-27 16:13:45.065 478 478 I audio_hw_hal_profile: [out_get_parameters:2165] sup_channels=AUDIO_CHANNEL_OUT_STEREO
05-27 16:13:45.065 478 478 I audio_hw_hal_profile: [out_get_parameters:2089] out:0xefc415a0 query sample rate. Format:DTS(0xb000000) ++++++++++ hal_format:PCM_16_BIT
05-27 16:13:45.065 478 478 D audio_hw_hal_profile: get_hdmi_sink_cap_new is running...
01-01 08:07:14.808 0 0 I [1 T351 ..] [hdmitx: ] pll_od0 = 11, pll_od2 = 1, pll_od1 = 0
01-01 08:07:14.809 0 0 I [1 T351 ..] [hdmitx: ] clocks_set_vid_clk_div_for_hdmi[402] div = 6
01-01 08:07:14.809 0 0 I [1 T351 ..] [hdmitx: ] configure venc
01-01 08:07:14.810 0 0 I [1 T351 ..] [hdmitx: ] config_tv_enc_calc[63] vic = 3
01-01 08:07:14.811 0 0 I [1 T351 ..] [hdmitx: ] hdmitx_soft_reset[1261]
01-01 08:07:14.811 0 0 I [1 T351 ..] [hdmitx: ] config hdmitx IP vic = 3 cd:4 cs: 2
01-01 08:07:14.812 0 0 I [1 T351 ..] [hdmitx: ] configure hdmitx21
01-01 08:07:14.813 0 0 I [1 T351 ..] [hdmitx: ] warn: SCDC not present, should not send 1:10
05-27 16:13:45.065 478 478 D audio_hw_hal_profile: [get_hdmi_sink_cap_new:960] query hdmi sample_rate... format: DTS(0xb000000)
05-27 16:13:45.065 478 478 I audio_hw_hal_profile: get_hdmi_sink_cap_new format =0xb000000 support rate =sup_sampling_rates=32000|44100|48000
05-27 16:13:45.065 478 478 I audio_hw_hal_profile: [out_get_parameters:2165] sup_sampling_rates=32000|44100|48000
05-27 16:13:45.066 535 5385 I AudioFlinger: AudioFlinger's thread 0xe78d42e0 tid=5385 ready to run
05-27 16:13:45.066 478 478 I audio_hw_hal_profile: [out_get_parameters:2092] out:0xefc415a0 query channels. Format:DTS(0xb000000) ++++++++++ hal_format:PCM_16_BIT
05-27 16:13:45.066 478 478 D audio_hw_hal_profile: get_hdmi_sink_cap_new is running...
05-27 16:13:45.066 478 478 D audio_hw_hal_profile: [get_hdmi_sink_cap_new:887] query hdmi channels... format: DTS(0xb000000)
05-27 16:13:45.066 478 478 I audio_hw_hal_profile: [out_get_parameters:2165] sup_channels=AUDIO_CHANNEL_OUT_MONO|AUDIO_CHANNEL_OUT_STEREO|AUDIO_CHANNEL_OUT_TRI|AUDIO_CHANNEL_OUT_TRI_BACK|AUDIO_CHANNEL_OUT_3POINT1|AUDIO_CHANNEL_OUT_QUAD|AUDIO_CHANNEL_OUT_SURROUND|AUDIO_CHANNEL_OUT_PENTA|AUDIO_CHANNEL_OUT_5POINT1
05-27 16:13:45.067 478 478 I audio_hw_hal_profile: [out_get_parameters:2089] out:0xefc415a0 query sample rate. Format:AC3(0x9000000) ++++++++++ hal_format:PCM_16_BIT
05-27 16:13:45.067 478 478 D audio_hw_hal_profile: get_hdmi_sink_cap_new is running...
05-27 16:13:45.067 478 478 D audio_hw_hal_profile: [get_hdmi_sink_cap_new:960] query hdmi sample_rate... format: AC3(0x9000000)
05-27 16:13:45.067 478 478 I audio_hw_hal_profile: get_hdmi_sink_cap_new format =0x9000000 support rate =sup_sampling_rates=32000|44100|48000
05-27 16:13:45.067 478 478 I audio_hw_hal_profile: [out_get_parameters:2165] sup_sampling_rates=32000|44100|48000
05-27 16:13:45.068 478 478 I audio_hw_hal_profile: [out_get_parameters:2092] out:0xefc415a0 query channels. Format:AC3(0x9000000) ++++++++++ hal_format:PCM_16_BIT
05-27 16:13:45.068 478 478 D audio_hw_hal_profile: get_hdmi_sink_cap_new is running...
05-27 16:13:45.068 478 478 D audio_hw_hal_profile: [get_hdmi_sink_cap_new:887] query hdmi channels... format: AC3(0x9000000)
05-27 16:13:45.068 478 478 I audio_hw_hal_profile: [out_get_parameters:2165] sup_channels=AUDIO_CHANNEL_OUT_MONO|AUDIO_CHANNEL_OUT_STEREO|AUDIO_CHANNEL_OUT_TRI|AUDIO_CHANNEL_OUT_TRI_BACK|AUDIO_CHANNEL_OUT_3POINT1|AUDIO_CHANNEL_OUT_QUAD|AUDIO_CHANNEL_OUT_SURROUND|AUDIO_CHANNEL_OUT_PENTA|AUDIO_CHANNEL_OUT_5POINT1
05-27 16:13:45.068 478 478 I audio_hw_hal_profile: [out_get_parameters:2089] out:0xefc415a0 query sample rate. Format:E_AC3(0xa000000) ++++++++++ hal_format:PCM_16_BIT
05-27 16:13:45.068 478 478 D audio_hw_hal_profile: get_hdmi_sink_cap_new is running...
05-27 16:13:45.069 478 478 D audio_hw_hal_profile: [get_hdmi_sink_cap_new:960] query hdmi sample_rate... format: E_AC3(0xa000000)
05-27 16:13:45.069 478 478 I audio_hw_hal_profile: get_hdmi_sink_cap_new format =0xa000000 support rate =sup_sampling_rates=32000|44100|48000
05-27 16:13:45.069 478 478 I audio_hw_hal_profile: [out_get_parameters:2165] sup_sampling_rates=32000|44100|48000
05-27 16:13:45.070 478 478 I audio_hw_hal_profile: [out_get_parameters:2092] out:0xefc415a0 query channels. Format:E_AC3(0xa000000) ++++++++++ hal_format:PCM_16_BIT
05-27 16:13:45.070 478 478 D audio_hw_hal_profile: get_hdmi_sink_cap_new is running...
05-27 16:13:45.070 478 478 D audio_hw_hal_profile: [get_hdmi_sink_cap_new:887] query hdmi channels... format: E_AC3(0xa000000)
05-27 16:13:45.070 478 478 I audio_hw_hal_profile: [out_get_parameters:2165] sup_channels=AUDIO_CHANNEL_OUT_MONO|AUDIO_CHANNEL_OUT_STEREO|AUDIO_CHANNEL_OUT_TRI|AUDIO_CHANNEL_OUT_TRI_BACK|AUDIO_CHANNEL_OUT_3POINT1|AUDIO_CHANNEL_OUT_QUAD|AUDIO_CHANNEL_OUT_SURROUND|AUDIO_CHANNEL_OUT_PENTA|AUDIO_CHANNEL_OUT_5POINT1|AUDIO_CHANNEL_OUT_6POINT1|AUDIO_CHANNEL_OUT_7POINT1
01-01 08:07:14.816 0 0 I [2 T351 ..] [hdmitx: ] hdmitx_set_dispmode[1527] frl_rate 0 htotal 858 cs 2 cd 4 h_unstable 0
05-27 16:13:45.070 478 478 I audio_hw_hal_profile: [out_get_parameters:2089] out:0xefc415a0 query sample rate. Format:IEC61937(0xd000000) ++++++++++ hal_format:PCM_16_BIT
05-27 16:13:45.070 478 478 D audio_hw_hal_profile: get_hdmi_sink_cap_new is running...
05-27 16:13:45.071 478 478 D audio_hw_hal_profile: [get_hdmi_sink_cap_new:960] query hdmi sample_rate... format: IEC61937(0xd000000)
05-27 16:13:45.071 478 478 I audio_hw_hal_profile: [out_get_parameters:2165] sup_sampling_rates=8000|11025|16000|22050|24000|32000|44100|48000|128000|176400|192000
05-27 16:13:45.072 535 5385 D AudioFlinger: ro.audio.silent is ignored since no output device is set
05-27 16:13:45.072 478 478 I audio_hw_hal_profile: [out_get_parameters:2092] out:0xefc415a0 query channels. Format:IEC61937(0xd000000) ++++++++++ hal_format:PCM_16_BIT
05-27 16:13:45.072 478 478 D audio_hw_hal_profile: get_hdmi_sink_cap_new is running...
05-27 16:13:45.072 478 478 D audio_hw_hal_profile: [get_hdmi_sink_cap_new:887] query hdmi channels... format: IEC61937(0xd000000)
05-27 16:13:45.072 478 478 I audio_hw_hal_profile: [out_get_parameters:2165] sup_channels=AUDIO_CHANNEL_OUT_MONO|AUDIO_CHANNEL_OUT_STEREO|AUDIO_CHANNEL_OUT_TRI|AUDIO_CHANNEL_OUT_TRI_BACK|AUDIO_CHANNEL_OUT_3POINT1|AUDIO_CHANNEL_OUT_QUAD|AUDIO_CHANNEL_OUT_SURROUND|AUDIO_CHANNEL_OUT_PENTA|AUDIO_CHANNEL_OUT_5POINT1|AUDIO_CHANNEL_OUT_7POINT1
05-27 16:13:45.073 264 264 E Scheduler: trackPendingFrame: Invalid present fence
05-27 16:13:45.074 478 5377 I audio_hw_hal_profile: [out_get_parameters:2089] out:0xefc415a0 query sample rate. Format:E_AC3_JOC(0xa000001) ++++++++++ hal_format:PCM_16_BIT
05-27 16:13:45.074 478 5377 D audio_hw_hal_profile: get_hdmi_sink_cap_new is running...
05-27 16:13:45.074 478 5377 D audio_hw_hal_profile: [get_hdmi_sink_cap_new:960] query hdmi sample_rate... format: E_AC3(0xa000000)
05-27 16:13:45.074 478 5377 I audio_hw_hal_profile: get_hdmi_sink_cap_new format =0xa000000 support rate =sup_sampling_rates=32000|44100|48000
05-27 16:13:45.074 478 5377 I audio_hw_hal_profile: [out_get_parameters:2165] sup_sampling_rates=32000|44100|48000
05-27 16:13:45.075 478 5376 D audio_hw_hal_primary: [out_standby_new:5767] io 2053: out:0xefc415a0 usecase:PCM_DIRECT
05-27 16:13:45.075 478 5376 I audio_hw_hal_primary: already standby, do nothing
05-27 16:13:45.075 478 5376 I audio_hw_hal_profile: [out_get_parameters:2092] out:0xefc415a0 query channels. Format:E_AC3_JOC(0xa000001) ++++++++++ hal_format:PCM_16_BIT
05-27 16:13:45.075 478 5376 D audio_hw_hal_profile: get_hdmi_sink_cap_new is running...
05-27 16:13:45.075 478 5376 D audio_hw_hal_profile: [get_hdmi_sink_cap_new:887] query hdmi channels... format: E_AC3(0xa000000)
05-27 16:13:45.076 478 5376 I audio_hw_hal_profile: [out_get_parameters:2165] sup_channels=AUDIO_CHANNEL_OUT_MONO|AUDIO_CHANNEL_OUT_STEREO|AUDIO_CHANNEL_OUT_TRI|AUDIO_CHANNEL_OUT_TRI_BACK|AUDIO_CHANNEL_OUT_3POINT1|AUDIO_CHANNEL_OUT_QUAD|AUDIO_CHANNEL_OUT_SURROUND|AUDIO_CHANNEL_OUT_PENTA|AUDIO_CHANNEL_OUT_5POINT1|AUDIO_CHANNEL_OUT_6POINT1|AUDIO_CHANNEL_OUT_7POINT1
05-27 16:13:45.076 478 5376 D audio_hw_hal_primary: [out_dump:848] io 2053: out:0xefc415a0, fd:26
05-27 16:13:45.078 478 5377 D audio_hw_hal_primary: [out_set_parameters:971] out:0xefc415a0 kvpairs:closing=true;exiting=1 out->out_device:0x400, adev->out_device:0x80002
05-27 16:13:45.078 478 5377 E audio_hw_hal_primary: out_set_parameters, ret:-2, hw_sync_mode:is false
05-27 16:13:45.079 535 5385 D AudioFlinger: ro.audio.silent is ignored since no output device is set
05-27 16:13:45.079 478 5377 I audio_hw_hal_primary: [out_set_event_callback:3158] io 2053: out:0xefc415a0, callback:0xf1b4091d cookie:0xf2202650
05-27 16:13:45.079 478 5377 I audio_hw_hal_primary: [adev_close_output_stream_new:8052] io handle 2053: out:0xefc415a0
05-27 16:13:45.079 478 5377 D audio_hw_hal_primary: adev_close_output_stream_new: enter usecase = PCM_DIRECT
05-27 16:13:45.079 478 5377 I audio_hw_hal_primary: [adev_close_output_stream:3695] io 2053: out:0xefc415a0 dev:OUT_HDMI(0x400) flags:0x1, usecase:PCM_DIRECT
05-27 16:13:45.079 478 5377 D audio_hw_hal_primary: [out_standby_new:5767] io 2053: out:0xefc415a0 usecase:PCM_DIRECT
05-27 16:13:45.079 478 5377 I audio_hw_hal_primary: already standby, do nothing
05-27 16:13:45.080 478 5377 I audio_hw_hal_resourcemgr: [is_output_device_muted:710] device:0x2 port_mute:0, fade_mute:0
05-27 16:13:45.080 478 5377 I audio_hw_hal_primary: [adev_close_output_stream:3863] io 2053: out:0xefc415a0 exit ------
05-27 16:13:45.080 535 3666 I AudioFlinger: openOutput() this 0xed5c2fe0, module 10 Device AUDIO_DEVICE_OUT_HDMI, @:, SamplingRate 32000, Format 0xb000000, Channels 0x1, flags 0x1
05-27 16:13:45.081 478 5376 D audio_hw_hal_primary: [adev_open_output_stream_new:7868] enter: dev=0xefd014a0 handle=80d devices=0x400/'HDMI,' flags=0x1/'DIRECT,' config=(rt=32000 ch_mask=0x1 fmt=0xb000000) address=''
05-27 16:13:45.081 478 5376 D audio_hw_hal_primary: adev_open_output_stream_new: enter
05-27 16:13:45.081 478 5376 I audio_hw_hal_primary: [adev_open_output_stream:3285] io 2061: out:0xefc47a40 dev:OUT_HDMI(0x400) addr:
05-27 16:13:45.081 478 5376 I audio_hw_hal_primary: [adev_open_output_stream:3287] ch_mask:0x1 rate:32000 format:DTS(0xb000000) flags:0x1
05-27 16:13:45.081 478 5376 I audio_hw_hal_primary: adev_open_output_stream: for raw audio output,force alsa stereo output
05-27 16:13:45.081 478 5376 I audio_hw_hal_primary: [adev_open_output_stream:3610] result profile ch_mask:0x1 rate:32000 format:DTS(0xb000000) usecase:RAW_DIRECT
05-27 16:13:45.081 478 5376 I audio_hw_hal_utils: aml_get_stream_dump_file_name line 2929 file_name /data/vendor/audiohal/stream_pid478_tid5376.dts
05-27 16:13:45.081 478 5376 I audio_hw_hal_primary: [adev_open_output_stream_new:8037] io 2061: out: 0xefc47a40 card:0 alsa devices:0 exit ------
05-27 16:13:45.082 478 5376 I audio_hw_hal_primary: [out_get_buffer_size:552] out:0xefc47a40 config.rate=32000, format:DTS(0xb000000), stream format:DTS(0xb000000)
05-27 16:13:45.082 478 5376 I audio_hw_hal_primary: out_get_buffer_size AUDIO_FORMAT_DTS buffer size = 32768 frames
05-27 16:13:45.082 535 3666 I AudioFlinger: HAL output buffer size 32768 frames, normal sink buffer size 32768 frames
05-27 16:13:45.083 478 5376 I audio_hw_hal_primary: [audiohal_get_latency:1333] io 2061: out:0xefc47a40 frames:1152 rate:32000 whole_latency:36 alsa_latency:36
05-27 16:13:45.083 478 5376 I audio_hw_hal_primary: [out_set_event_callback:3158] io 2061: out:0xefc47a40, callback:0xf1b4091d cookie:0xf2201390
05-27 16:13:45.083 535 5387 I AudioFlinger: AudioFlinger's thread 0xe78d42e0 tid=5387 ready to run
05-27 16:13:45.083 478 5376 I audio_hw_hal_primary: [audiohal_get_latency:1333] io 2061: out:0xefc47a40 frames:1024 rate:32000 whole_latency:32 alsa_latency:32
05-27 16:13:45.084 478 5376 I audio_hw_hal_primary: [audiohal_get_latency:1333] io 2061: out:0xefc47a40 frames:1024 rate:32000 whole_latency:32 alsa_latency:32
05-27 16:13:45.084 535 5387 D AudioFlinger: ro.audio.silent is ignored since no output device is set
05-27 16:13:45.085 478 5376 D audio_hw_hal_primary: [out_standby_new:5767] io 2061: out:0xefc47a40 usecase:RAW_DIRECT
05-27 16:13:45.085 478 5376 I audio_hw_hal_primary: already standby, do nothing
05-27 16:13:45.085 535 5387 D AudioFlinger: ro.audio.silent is ignored since no output device is set
05-27 16:13:45.090 264 264 E Scheduler: trackPendingFrame: Invalid present fence
05-27 16:13:45.094 489 489 D hdmicecd: [CEC]:printCecMessage, [4 -> 4] len: 0, body:, result:no ack
05-27 16:13:45.095 535 3666 I AudioFlinger: openOutput() this 0xed5c2fe0, module 10 Device AUDIO_DEVICE_OUT_HDMI, @:, SamplingRate 44100, Format 0xe000000, Channels 0x1, flags 0x11
05-27 16:13:45.095 478 5376 D audio_hw_hal_primary: [adev_open_output_stream_new:7868] enter: dev=0xefd014a0 handle=815 devices=0x400/'HDMI,' flags=0x11/'DIRECT,COMPRESS_OFFLOAD,' config=(rt=44100 ch_mask=0x1 fmt=0xe000000) address=''
05-27 16:13:45.095 478 5376 D audio_hw_hal_primary: adev_open_output_stream_new: enter
05-27 16:13:45.095 478 5376 I audio_hw_hal_primary: [adev_open_output_stream:3285] io 2069: out:0xefc43260 dev:OUT_HDMI(0x400) addr:
05-27 16:13:45.095 478 5376 I audio_hw_hal_primary: [adev_open_output_stream:3287] ch_mask:0x1 rate:44100 format:DOLBY_TRUEHD(0xe000000) flags:0x11
05-27 16:13:45.095 478 5376 I audio_hw_hal_primary: adev_open_output_stream: for raw audio output,force alsa stereo output
05-27 16:13:45.095 478 5376 I audio_hw_hal_primary: [adev_open_output_stream:3610] result profile ch_mask:0x1 rate:44100 format:DOLBY_TRUEHD(0xe000000) usecase:RAW_DIRECT
05-27 16:13:45.095 478 5376 I audio_hw_hal_utils: aml_get_stream_dump_file_name line 2929 file_name /data/vendor/audiohal/stream_pid478_tid5376.mlp
05-27 16:13:45.095 478 5376 I audio_hw_hal_primary: [adev_open_output_stream_new:8037] io 2069: out: 0xefc43260 card:0 alsa devices:0 exit ------
05-27 16:13:45.095 715 894 D HDMI : New logical address for device [4]: [preferred:4, assigned:4]
05-27 16:13:45.096 478 5376 I audio_hw_hal_primary: [out_get_buffer_size:552] out:0xefc43260 config.rate=44100, format:DOLBY_TRUEHD(0xe000000), stream format:DOLBY_TRUEHD(0xe000000)
05-27 16:13:45.096 535 3666 I AudioFlinger: HAL output buffer size 16384 frames, normal sink buffer size 16384 frames
05-27 16:13:45.097 478 5376 I audio_hw_hal_primary: [audiohal_get_latency:1333] io 2069: out:0xefc43260 frames:1280 rate:44100 whole_latency:29 alsa_latency:29
05-27 16:13:45.097 478 5376 I audio_hw_hal_primary: [out_set_event_callback:3158] io 2069: out:0xefc43260, callback:0xf1b4091d cookie:0xf2200250
05-27 16:13:45.097 535 5388 I AudioFlinger: AudioFlinger's thread 0xe78e4520 tid=5388 ready to run
05-27 16:13:45.097 478 5376 I audio_hw_hal_primary: [audiohal_get_latency:1333] io 2069: out:0xefc43260 frames:1152 rate:44100 whole_latency:26 alsa_latency:26
05-27 16:13:45.097 478 5376 I audio_hw_hal_primary: [audiohal_get_latency:1333] io 2069: out:0xefc43260 frames:1152 rate:44100 whole_latency:26 alsa_latency:26
05-27 16:13:45.099 535 5388 D AudioFlinger: ro.audio.silent is ignored since no output device is set
05-27 16:13:45.100 535 5388 D AudioFlinger: ro.audio.silent is ignored since no output device is set
05-27 16:13:45.107 264 264 E Scheduler: trackPendingFrame: Invalid present fence
05-27 16:13:45.113 535 3666 I AudioFlinger: openOutput() this 0xed5c2fe0, module 10 Device AUDIO_DEVICE_OUT_HDMI, @:, SamplingRate 32000, Format 0x9000000, Channels 0x1, flags 0x1
01-01 08:07:14.857 0 0 I [1 T351 ..] [hdmitx: ] set21_phy_by_mode_s7d[188] rterm = 7
01-01 08:07:14.858 0 0 I [2 T351 ..] [hdmitx: ] Sink is HDMI device
01-01 08:07:14.858 0 0 I [2 T351 ..] [hdmitx: ] clear vsif for non-4k mode.
01-01 08:07:14.859 0 0 I [2 T351 ..] [hdmitx: ] set audio
01-01 08:07:14.859 0 0 I [2 T351 ..] [hdmitx: ] audio_param->chs = 7
01-01 08:07:14.860 0 0 I [2 T351 ..] [hdmitx: ] aud_src_if = 1
05-27 16:13:45.113 478 5376 D audio_hw_hal_primary: [adev_open_output_stream_new:7868] enter: dev=0xefd014a0 handle=81d devices=0x400/'HDMI,' flags=0x1/'DIRECT,' config=(rt=32000 ch_mask=0x1 fmt=0x9000000) address=''
05-27 16:13:45.113 478 5376 D audio_hw_hal_primary: adev_open_output_stream_new: enter
05-27 16:13:45.113 478 5376 I audio_hw_hal_primary: [adev_open_output_stream:3285] io 2077: out:0xefc42400 dev:OUT_HDMI(0x400) addr:
05-27 16:13:45.113 478 5376 I audio_hw_hal_primary: [adev_open_output_stream:3287] ch_mask:0x1 rate:32000 format:AC3(0x9000000) flags:0x1
05-27 16:13:45.113 478 5376 I audio_hw_hal_primary: adev_open_output_stream: for raw audio output,force alsa stereo output
05-27 16:13:45.113 478 5376 I audio_hw_hal_primary: [adev_open_output_stream:3610] result profile ch_mask:0x1 rate:32000 format:AC3(0x9000000) usecase:RAW_DIRECT
05-27 16:13:45.113 478 5376 I audio_hw_hal_utils: aml_get_stream_dump_file_name line 2929 file_name /data/vendor/audiohal/stream_pid478_tid5376.dd
05-27 16:13:45.113 478 5376 I audio_hw_hal_primary: [adev_open_output_stream_new:8037] io 2077: out: 0xefc42400 card:0 alsa devices:0 exit ------
05-27 16:13:45.115 478 5376 I audio_hw_hal_primary: [out_get_buffer_size:552] out:0xefc42400 config.rate=32000, format:AC3(0x9000000), stream format:AC3(0x9000000)
05-27 16:13:45.115 478 676 I audio_hw_hal_primary: [adev_uevent_callback:9131] uevent type=0
05-27 16:13:45.115 535 3666 I AudioFlinger: HAL output buffer size 2048 frames, normal sink buffer size 2048 frames
05-27 16:13:45.115 478 5376 I audio_hw_hal_primary: [audiohal_get_latency:1333] io 2077: out:0xefc42400 frames:1152 rate:32000 whole_latency:36 alsa_latency:36
05-27 16:13:45.115 320 328 I SystemControl: [/UEventObserver.cpp, HDMITxUenventThreadLoop, 451] HDMI TX switch_name:hdmitx_vmode_audio, switch_state: 1
05-27 16:13:45.116 478 5376 I audio_hw_hal_primary: [out_set_event_callback:3158] io 2077: out:0xefc42400, callback:0xf1b4091d cookie:0xf2201c30
05-27 16:13:45.116 320 328 I SystemControl: [/UEventObserver.cpp, HDMITxUenventThreadLoop, 451] HDMI TX switch_name:hdmitx_current_status, switch_state: 188
05-27 16:13:45.116 489 489 D hdmicecd: [HdmiCecControl]:getPhysicalAddress, physical addr: 2000, last pa: 2000, ret = 0
05-27 16:13:45.116 535 5389 I AudioFlinger: AudioFlinger's thread 0xe78dc400 tid=5389 ready to run
05-27 16:13:45.116 478 5376 I audio_hw_hal_primary: [audiohal_get_latency:1333] io 2077: out:0xefc42400 frames:1024 rate:32000 whole_latency:32 alsa_latency:32
05-27 16:13:45.117 489 489 D hdmicecd: [HdmiCecControl]:getPhysicalAddress, physical addr: 2000, last pa: 2000, ret = 0
05-27 16:13:45.117 478 5376 I audio_hw_hal_primary: [audiohal_get_latency:1333] io 2077: out:0xefc42400 frames:1024 rate:32000 whole_latency:32 alsa_latency:32
01-01 08:07:14.861 0 0 I [2 T351 ..] [hdmitx: ] aud_n_para = 24576
01-01 08:07:14.862 0 0 I [2 T351 ..] [hdmitx: ] vinfo: set cur_enc_ppc as 1, vpp color: 0
01-01 08:07:14.864 0 0 I [2 T351 ..] DOLBY: vout_notify_callback: VOUT_EVENT_MODE_CHANGE
01-01 08:07:14.864 0 0 I : [2 T351 ..] vsync_pts_inc 1500 1/60
01-01 08:07:14.865 0 0 D [3 T673 ..] [snd-soc]: spdif_a is set to disable
01-01 08:07:14.865 0 0 I : [2 T351 ..] [drm] meson_vout_update_mode_name: hdmitx update vout 1 name 480p60hz.
01-01 08:07:14.865 0 0 I [3 T673 ..] [snd-soc]: aml_audio_reset, reg 0xa, shift 9, use_vadtop 0
05-27 16:13:45.117 478 673 I audio_hw_hal_alsamgr: raw to lpcm switch aml_alsa_output_write
01-01 08:07:14.867 0 0 I [3 T673 ..] [snd-soc]: aml_audio_reset, reg 0xa, shift 14, use_vadtop 0
05-27 16:13:45.122 478 673 I audio_hw_hal_alsamgr: aml_alsa_output_write_new reset hdmitx alsa
01-01 08:07:14.868 0 0 I [3 T673 ..] [snd-soc]: sharebuffer_spdifout_prepare get_hdmitx_audio_src(rtd->card):3 spdif_id:0
05-27 16:13:45.123 535 5389 D AudioFlinger: ro.audio.silent is ignored since no output device is set
01-01 08:07:14.869 0 0 D [3 T673 ..] [snd-soc]: spdif_a fifo ctrl, frddr:0 type:1, 16 bits, chmask 0x3, swap 0x10
05-27 16:13:45.123 489 527 D hdmicecd: [HdmiCecControl]:getPhysicalAddress, physical addr: 2000, last pa: 2000, ret = 0
05-27 16:13:45.123 489 527 D hdmicecd: [HdmiCecControl]:getVendorId, vendorId: 0x1CA410
05-27 16:13:45.123 478 5376 D audio_hw_hal_primary: [out_standby_new:5767] io 2077: out:0xefc42400 usecase:RAW_DIRECT
05-27 16:13:45.123 478 5376 I audio_hw_hal_primary: already standby, do nothing
05-27 16:13:45.124 489 489 D hdmicecd: [HdmiCecControl]:getPhysicalAddress, physical addr: 2000, last pa: 2000, ret = 0
05-27 16:13:45.125 264 264 E Scheduler: trackPendingFrame: Invalid present fence
05-27 16:13:45.125 715 715 D HDMI : addCecDevice new:CEC: logical_address: 0x04 device_type: 4 cec_version: 5 vendor_id: 1877008 display_name: DBBOX-A3 power_status: 0 physical_address: 0x2000 port_id: 0 old:null
05-27 16:13:45.126 489 519 I hdmicecd: [HdmiCecControl]:addr:4, allocate result:0
01-01 08:07:14.869 0 0 I [3 T673 ..] [snd-soc]: aml_audio_reset, reg 0xa, shift 10, use_vadtop 0
01-01 08:07:14.870 0 0 I [2 T673 ..] [snd-soc]: aml_audio_reset, reg 0xa, shift 13, use_vadtop 0
01-01 08:07:14.871 0 0 I [2 T673 ..] [hdmitx: ] hdmitx_audio_notify_callback[804] type:12 rate:7 size:1 chs:8 i2s_ch_mask:15 aud_src_if:1
01-01 08:07:14.872 0 0 I [3 T673 ..] [hdmitx: ] aout notify format CT_MAT
01-01 08:07:14.873 0 0 I [2 T673 ..] [hdmitx: ] set audio
01-01 08:07:14.873 0 0 I [3 T673 ..] [hdmitx: ] audio_param->chs = 7
05-27 16:13:45.130 535 5389 D AudioFlinger: ro.audio.silent is ignored since no output device is set
05-27 16:13:45.131 478 673 I audio_hw_hal_ms12v2: dolby_ms12_threadloop alsa is not running
05-27 16:13:45.131 478 673 I audio_hw_hal_ms12v2: dolby_ms12_threadloop alsa is not running
05-27 16:13:45.132 478 673 I audio_hw_hal_ms12v2: dolby_ms12_threadloop alsa is not running
05-27 16:13:45.132 478 673 I audio_hw_hal_ms12v2: dolby_ms12_threadloop alsa is not running
05-27 16:13:45.133 478 673 I audio_hw_hal_alsamgr: aml_alsa_output_write alsa_running_status[0xefc447f0] change from 0 to 1
05-27 16:13:45.134 320 328 I SystemControl: [/UEventObserver.cpp, HDMITxUenventThreadLoop, 451] HDMI TX switch_name:hdmitx_current_status, switch_state: 189
01-01 08:07:14.874 0 0 I [2 T673 ..] [hdmitx: ] aud_src_if = 1
01-01 08:07:14.875 0 0 I [3 T673 ..] [hdmitx: ] aud_n_para = 24576
01-01 08:07:14.875 0 0 I [2 T673 ..] [hdmitx: ] set audio param
01-01 08:07:14.880 0 0 D [2 T673 ..] [snd-soc]: spdif_a is set to enable
05-27 16:13:45.136 290 351 D MesonHwc: sysfs(/sys/class/amhdmitx/amhdmitx0/frac_rate_policy) read int32_t (0)
05-27 16:13:45.136 290 351 D MesonHwc: sysfs(/sys/class/amhdmitx/amhdmitx0/frac_rate_policy) read int32_t (0)
05-27 16:13:45.136 290 351 D MesonHwc: setmode:crtc[63], name [480p60hz] -modeblob[132] [720x480-60.00] seamless:0 enableVrr:0
05-27 16:13:45.136 489 519 D hdmicecd: [HdmiCecControl]:onAddressAllocated:4
05-27 16:13:45.136 290 351 V MesonDisplayServer: GetDisplayMode:480p60hz
05-27 16:13:45.136 290 351 I MesonHwc: getDisplayMode mode:480p60hz
05-27 16:13:45.137 715 715 D HDMI : onAddressAllocated address:4 reason:4
05-27 16:13:45.137 489 519 D hdmicecd: [HdmiCecControl]:getPhysicalAddress, physical addr: 2000, last pa: 2000, ret = 0
05-27 16:13:45.138 489 527 D hdmicecd: [HdmiCecControl]:getVendorId, vendorId: 0x1CA410
05-27 16:13:45.139 715 894 D HDMI : [S]: 4F:84:20:00:04
05-27 16:13:45.139 489 527 D hdmicecd: [HdmiCecControl]:getPhysicalAddress, physical addr: 2000, last pa: 2000, ret = 0
05-27 16:13:45.139 715 715 D HDMI : DeviceDiscoveryAction start com.android.server.hdmi.DeviceDiscoveryAction@2f33b6e
05-27 16:13:45.141 264 264 E Scheduler: trackPendingFrame: Invalid present fence
05-27 16:13:45.143 290 351 I MesonHwc: getContentTypeSupport: game is true
05-27 16:13:45.146 290 351 I MesonHwc: set display-size:720x480
05-27 16:13:45.146 320 918 I SystemControl: [/Ubootenv.cpp, get, 336] [ubootenv] get key:480p_x envValue: 0
05-27 16:13:45.147 320 918 I SystemControl: [/Ubootenv.cpp, get, 336] [ubootenv] get key:480p_y envValue: 0
05-27 16:13:45.147 320 918 I SystemControl: [/Ubootenv.cpp, get, 336] [ubootenv] get key:480p_w envValue: 720
05-27 16:13:45.147 320 918 I SystemControl: [/Ubootenv.cpp, get, 336] [ubootenv] get key:480p_h envValue: 480
05-27 16:13:45.148 290 351 I MesonHwc: getPosition curMode:480p60hz position[0]:0 position[1]:0 position[2]:720 position[3]:480
05-27 16:13:45.148 290 351 I MesonHwc: setPosition curMode:480p60hz left:0 top:0 width:720 height:480
05-27 16:13:45.148 290 351 D MesonHwc: set key:ubootenv.var.480p_x value:0
05-27 16:13:45.148 320 918 I SystemControl: [/Ubootenv.cpp, updateValue, 68] [ubootenv] update value name [ubootenv.var.480p_x]: value [0]
05-27 16:13:45.148 320 918 I SystemControl: [/Ubootenv.cpp, get, 336] [ubootenv] get key:480p_x envValue: 0
05-27 16:13:45.148 290 351 D MesonHwc: set key:ubootenv.var.480p_y value:0
05-27 16:13:45.148 320 918 I SystemControl: [/Ubootenv.cpp, updateValue, 68] [ubootenv] update value name [ubootenv.var.480p_y]: value [0]
05-27 16:13:45.148 320 918 I SystemControl: [/Ubootenv.cpp, get, 336] [ubootenv] get key:480p_y envValue: 0
05-27 16:13:45.148 290 351 D MesonHwc: set key:ubootenv.var.480p_w value:720
05-27 16:13:45.149 320 918 I SystemControl: [/Ubootenv.cpp, updateValue, 68] [ubootenv] update value name [ubootenv.var.480p_w]: value [720]
05-27 16:13:45.149 320 918 I SystemControl: [/Ubootenv.cpp, get, 336] [ubootenv] get key:480p_w envValue: 720
05-27 16:13:45.149 290 351 D MesonHwc: set key:ubootenv.var.480p_h value:480
05-27 16:13:45.149 320 918 I SystemControl: [/Ubootenv.cpp, updateValue, 68] [ubootenv] update value name [ubootenv.var.480p_h]: value [480]
05-27 16:13:45.149 320 918 I SystemControl: [/Ubootenv.cpp, get, 336] [ubootenv] get key:480p_h envValue: 480
05-27 16:13:45.149 290 351 V MesonDisplayServer: SetDisplay[HDMI] DisplayRect to "(0,0,720,480)"
05-27 16:13:45.149 290 351 D MesonHwc: Display (0) ask for refresh.
05-27 16:13:45.149 290 351 V MesonDisplayServer: SetDisplayViewPort done
05-27 16:13:45.151 478 5376 D xm_audio: adev_get_parameters
05-27 16:13:45.158 264 264 E Scheduler: trackPendingFrame: Invalid present fence
05-27 16:13:45.161 478 5376 D audio_hw_hal_primary: [out_dump:848] io 2005: out:0xefc48170, fd:26
05-27 16:13:45.162 478 5376 D audio_hw_hal_primary: [out_set_parameters:971] out:0xefc48170 kvpairs:closing=true;exiting=1 out->out_device:0x400, adev->out_device:0x80002
05-27 16:13:45.162 478 5376 E audio_hw_hal_primary: out_set_parameters, ret:-2, hw_sync_mode:is false
05-27 16:13:45.162 478 5376 I audio_hw_hal_primary: [out_set_event_callback:3158] io 2005: out:0xefc48170, callback:0xf1b4091d cookie:0xf22025f0
05-27 16:13:45.163 478 5376 I audio_hw_hal_primary: [adev_close_output_stream_new:8052] io handle 2005: out:0xefc48170
05-27 16:13:45.163 478 5376 D audio_hw_hal_primary: adev_close_output_stream_new: enter usecase = RAW_HWSYNC
05-27 16:13:45.163 478 5376 I audio_hw_hal_primary: [adev_close_output_stream:3695] io 2005: out:0xefc48170 dev:OUT_HDMI(0x400) flags:0x51, usecase:RAW_HWSYNC
05-27 16:13:45.163 478 5376 D audio_hw_hal_primary: [out_standby_new:5767] io 2005: out:0xefc48170 usecase:RAW_HWSYNC
05-27 16:13:45.163 478 5376 I audio_hw_hal_primary: already standby, do nothing
05-27 16:13:45.163 478 5376 I audio_hw_hal_resourcemgr: [is_output_device_muted:710] device:0x2 port_mute:0, fade_mute:0
05-27 16:13:45.163 478 5376 I audio_hw_hal_primary: [adev_close_output_stream:3863] io 2005: out:0xefc48170 exit ------
05-27 16:13:45.164 535 3666 D AudioFlinger: closing mmapThread 0xe75c24a0
05-27 16:13:45.164 535 3666 D AudioFlinger: mmapThread exit()
05-27 16:13:45.164 478 5376 I audio_hw_hal_primary: [adev_close_output_stream_new:8052] io handle 2021: out:0xefc4c950
05-27 16:13:45.164 478 5376 D audio_hw_hal_primary: adev_close_output_stream_new: enter usecase = PCM_MMAP
05-27 16:13:45.165 478 5376 I audio_hw_hal_primary: [adev_close_output_stream:3695] io 2021: out:0xefc4c950 dev:OUT_HDMI(0x400) flags:0x4001, usecase:PCM_MMAP
05-27 16:13:45.165 478 5376 D audio_hw_hal_primary: [out_standby_new:5767] io 2021: out:0xefc4c950 usecase:PCM_MMAP
05-27 16:13:45.165 478 5376 I audio_hw_hal_primary: already standby, do nothing
05-27 16:13:45.165 478 5376 I audio_hw_hal_mmap: [outMmapDeInit:743] stream:0xefc4c950
05-27 16:13:45.165 478 5376 I audio_hw_hal_mmap: [mmap_audio_unregister_client:955] OK ! stream 0xefc4c950, client id 0
05-27 16:13:45.165 478 5376 I audio_hw_hal_primary: when close aaudio stream, send STANDBY msg to submix & ms12
05-27 16:13:45.165 478 5376 I audio_hw_hal_ms12common: aml_set_ms12_scheduler_state ms12_scheduler_state:1, sch_state:1 SCHEDULER_STANDBY is sent to ms12
05-27 16:13:45.165 478 5376 I audio_hw_hal_resourcemgr: [is_output_device_muted:710] device:0x2 port_mute:0, fade_mute:0
05-27 16:13:45.165 478 5376 I audio_hw_hal_primary: [adev_close_output_stream:3863] io 2021: out:0xefc4c950 exit ------
05-27 16:13:45.167 478 5376 D audio_hw_hal_primary: [out_dump:848] io 2037: out:0xefc4baf0, fd:23
05-27 16:13:45.168 478 5376 D audio_hw_hal_primary: [out_set_parameters:971] out:0xefc4baf0 kvpairs:closing=true;exiting=1 out->out_device:0x400, adev->out_device:0x80002
05-27 16:13:45.168 478 5376 E audio_hw_hal_primary: out_set_parameters, ret:-2, hw_sync_mode:is false
05-27 16:13:45.168 535 5381 D AudioFlinger: ro.audio.silent is ignored since no output device is set
05-27 16:13:45.168 478 5376 I audio_hw_hal_primary: [out_set_event_callback:3158] io 2037: out:0xefc4baf0, callback:0xf1b4091d cookie:0xf2201a50
05-27 16:13:45.169 478 5376 I audio_hw_hal_primary: [adev_close_output_stream_new:8052] io handle 2037: out:0xefc4baf0
05-27 16:13:45.169 478 5376 D audio_hw_hal_primary: adev_close_output_stream_new: enter usecase = RAW_HWSYNC
05-27 16:13:45.169 478 5376 I audio_hw_hal_primary: [adev_close_output_stream:3695] io 2037: out:0xefc4baf0 dev:OUT_HDMI(0x400) flags:0x41, usecase:RAW_HWSYNC
05-27 16:13:45.169 478 5376 D audio_hw_hal_primary: [out_standby_new:5767] io 2037: out:0xefc4baf0 usecase:RAW_HWSYNC
05-27 16:13:45.169 478 5376 I audio_hw_hal_primary: already standby, do nothing
05-27 16:13:45.169 478 5376 I audio_hw_hal_resourcemgr: [is_output_device_muted:710] device:0x2 port_mute:0, fade_mute:0
05-27 16:13:45.169 478 5376 I audio_hw_hal_primary: [adev_close_output_stream:3863] io 2037: out:0xefc4baf0 exit ------
05-27 16:13:45.169 290 351 E MesonHwc: open file [/sys/class/amhdmitx/amhdmitx0/aud_mute] error:Permission denied
05-27 16:13:45.169 290 351 E MesonHwc: open file [/sys/class/amhdmitx/amhdmitx0/aud_mute] error:Permission denied
05-27 16:13:45.169 290 351 E MesonHwc: dolby vision driver is not ready
05-27 16:13:45.170 290 351 I MesonHwc: setSysfsStr /sys/devices/virtual/amhdmitx/amhdmitx0/avmute= -1
05-27 16:13:45.170 478 5376 D audio_hw_hal_primary: [out_dump:848] io 2045: out:0xefc4c220, fd:23
05-27 16:13:45.170 290 5393 I MesonDisplay: [/HDCPTxAuth.cpp, authThread, 173] hdcp_tx thread loop entry
05-27 16:13:45.170 290 351 I MesonDisplay: [/HDCPTxAuth.cpp, start, 109] hdcp_tx, create hdcp thread id = 3890725312 done
05-27 16:13:45.171 290 5393 D MesonDisplay: read /sys/class/amhdmitx/amhdmitx0/hdcp_lstore, result length:0, val:
05-27 16:13:45.171 320 918 I SystemControl: [/Ubootenv.cpp, get, 345] [ubootenv] search end and not find env:digitaudiooutput
05-27 16:13:45.171 290 351 D MesonHwc: sc_read_bootenv val is empty
05-27 16:13:45.171 290 351 V MesonDisplayServer: GetDisplayMode:480p60hz
05-27 16:13:45.171 290 351 I MesonHwc: getDisplayMode mode:480p60hz
05-27 16:13:45.171 478 5376 D audio_hw_hal_primary: [out_set_parameters:971] out:0xefc4c220 kvpairs:closing=true;exiting=1 out->out_device:0x400, adev->out_device:0x80002
05-27 16:13:45.171 320 918 I SystemControl: [/Ubootenv.cpp, get, 336] [ubootenv] get key:hdmichecksum envValue: 0xc92b0000
05-27 16:13:45.171 478 5376 E audio_hw_hal_primary: out_set_parameters, ret:-2, hw_sync_mode:is false
05-27 16:13:45.171 290 351 D MesonHwc: get key:ubootenv.var.hdmichecksum value:0xc92b0000
05-27 16:13:45.172 290 351 D MesonDisplayServer: use connector getDisplayAttribute "HDMI Color ATTR": "444,8bit"
05-27 16:13:45.172 290 351 D MesonHwc: set key:ubootenv.var.480p60hz_deepcolor value:444,8bit
05-27 16:13:45.172 320 918 I SystemControl: [/Ubootenv.cpp, updateValue, 68] [ubootenv] update value name [ubootenv.var.480p60hz_deepcolor]: value [444,8bit]
05-27 16:13:45.172 320 918 I SystemControl: [/Ubootenv.cpp, get, 336] [ubootenv] get key:480p60hz_deepcolor envValue: 444,8bit
05-27 16:13:45.172 535 5384 D AudioFlinger: ro.audio.silent is ignored since no output device is set
05-27 16:13:45.172 478 5376 I audio_hw_hal_primary: [out_set_event_callback:3158] io 2045: out:0xefc4c220, callback:0xf1b4091d cookie:0xf22007f0
05-27 16:13:45.173 478 5376 I audio_hw_hal_primary: [adev_close_output_stream_new:8052] io handle 2045: out:0xefc4c220
05-27 16:13:45.173 478 5376 D audio_hw_hal_primary: adev_close_output_stream_new: enter usecase = PCM_HWSYNC
05-27 16:13:45.173 478 5376 D audio_hw_hal_timer: func:audio_timer_delete delete timer.1 success.
05-27 16:13:45.173 478 5376 D audio_hw_hal_timer: func:audio_timer_delete delete timer.2 success.
05-27 16:13:45.173 478 5376 D audio_hw_hal_primary: [adev_close_output_stream_new:8076] timer_id:1 ret:2
05-27 16:13:45.173 478 5376 I audio_hw_hal_primary: [adev_close_output_stream:3695] io 2045: out:0xefc4c220 dev:OUT_HDMI(0x400) flags:0x41, usecase:PCM_HWSYNC
05-27 16:13:45.173 478 5376 D audio_hw_hal_primary: [out_standby_new:5767] io 2045: out:0xefc4c220 usecase:PCM_HWSYNC
05-27 16:13:45.173 478 5376 I audio_hw_hal_primary: already standby, do nothing
05-27 16:13:45.173 478 5376 I audio_hw_hal_resourcemgr: [is_output_device_muted:710] device:0x2 port_mute:0, fade_mute:0
05-27 16:13:45.173 478 5376 I audio_hw_hal_primary: [adev_close_output_stream:3863] io 2045: out:0xefc4c220 exit ------
05-27 16:13:45.173 290 351 D MesonHwc: set key:ubootenv.var.colorattribute value:444,8bit
05-27 16:13:45.173 320 918 I SystemControl: [/Ubootenv.cpp, updateValue, 68] [ubootenv] update value name [ubootenv.var.colorattribute]: value [444,8bit]
05-27 16:13:45.174 320 918 I SystemControl: [/Ubootenv.cpp, get, 336] [ubootenv] get key:colorattribute envValue: 444,8bit
05-27 16:13:45.174 290 351 D MesonHwc: set key:ubootenv.var.hdmi_colordepth value:8
05-27 16:13:45.174 320 918 I SystemControl: [/Ubootenv.cpp, updateValue, 68] [ubootenv] update value name [ubootenv.var.hdmi_colordepth]: value [8]
05-27 16:13:45.174 320 918 I SystemControl: [/Ubootenv.cpp, get, 336] [ubootenv] get key:hdmi_colordepth envValue: 8
05-27 16:13:45.174 290 351 D MesonHwc: set key:ubootenv.var.hdmi_colorspace value:auto
05-27 16:13:45.174 320 918 I SystemControl: [/Ubootenv.cpp, updateValue, 68] [ubootenv] update value name [ubootenv.var.hdmi_colorspace]: value [auto]
05-27 16:13:45.174 320 918 I SystemControl: [/Ubootenv.cpp, get, 336] [ubootenv] get key:hdmi_colorspace envValue: auto
05-27 16:13:45.174 290 351 D MesonHwc: set key:ubootenv.var.outputmode value:480p60hz
05-27 16:13:45.174 320 918 I SystemControl: [/Ubootenv.cpp, updateValue, 68] [ubootenv] update value name [ubootenv.var.outputmode]: value [480p60hz]
05-27 16:13:45.174 320 918 I SystemControl: [/Ubootenv.cpp, get, 336] [ubootenv] get key:outputmode envValue: 480p60hz
05-27 16:13:45.174 290 351 E MesonHwc: dolby vision driver is not ready
05-27 16:13:45.174 290 351 I MesonHwc: MBOX is not support dv, dvstatus amdv_type 0 dv_enable 0
05-27 16:13:45.174 290 351 I MesonHwc: colorattr: 444,8bit, outputMode 480p60hz, cd 8, cs auto
05-27 16:13:45.174 264 264 E Scheduler: trackPendingFrame: Invalid present fence
05-27 16:13:45.174 290 351 D MesonHwc: received Uevent: change@/devices/virtual/amhdmitx/amhdmitx0
05-27 16:13:45.174 290 351 D MesonHwc: received Uevent: ACTION=change
05-27 16:13:45.174 290 351 D MesonHwc: received Uevent: DEVPATH=/devices/virtual/amhdmitx/amhdmitx0
05-27 16:13:45.175 290 351 D MesonHwc: received Uevent: SUBSYSTEM=amhdmitx
05-27 16:13:45.175 290 351 D MesonHwc: received Uevent: hdmitx_audio=1
05-27 16:13:45.175 290 351 D MesonHwc: received Uevent: MAJOR=492
05-27 16:13:45.175 290 351 D MesonHwc: received Uevent: MINOR=0
05-27 16:13:45.175 290 351 D MesonHwc: received Uevent: DEVNAME=amhdmitx0
05-27 16:13:45.175 290 351 D MesonHwc: received Uevent: SEQNUM=5659
05-27 16:13:45.175 290 351 D MesonHwc: received Uevent: change@/devices/virtual/amhdmitx/amhdmitx0
05-27 16:13:45.175 290 351 D MesonHwc: received Uevent: ACTION=change
05-27 16:13:45.175 290 351 D MesonHwc: received Uevent: DEVPATH=/devices/virtual/amhdmitx/amhdmitx0
05-27 16:13:45.175 290 351 D MesonHwc: received Uevent: SUBSYSTEM=amhdmitx
05-27 16:13:45.175 290 351 D MesonHwc: received Uevent: hdmitx_audio=1
05-27 16:13:45.175 290 351 D MesonHwc: received Uevent: MAJOR=492
05-27 16:13:45.175 290 351 D MesonHwc: received Uevent: MINOR=0
05-27 16:13:45.175 290 351 D MesonHwc: received Uevent: DEVNAME=amhdmitx0
05-27 16:13:45.175 290 351 D MesonHwc: received Uevent: SEQNUM=5659
05-27 16:13:45.175 290 351 D MesonHwc: received Uevent: change@/devices/platform/vout
05-27 16:13:45.175 290 351 D MesonHwc: received Uevent: ACTION=change
05-27 16:13:45.175 290 351 D MesonHwc: received Uevent: DEVPATH=/devices/platform/vout
05-27 16:13:45.175 290 351 D MesonHwc: received Uevent: SUBSYSTEM=platform
05-27 16:13:45.175 290 351 D MesonHwc: received Uevent: vout_setmode=1
05-27 16:13:45.175 290 351 D MesonHwc: ModeChange state: [Begin to change]
05-27 16:13:45.175 290 351 D MesonHwc: On mode change state: [Begin to change]
05-27 16:13:45.175 290 351 D MesonHwc: received Uevent: change@/devices/virtual/amhdmitx/amhdmitx0
05-27 16:13:45.175 290 351 D MesonHwc: received Uevent: ACTION=change
05-27 16:13:45.175 290 351 D MesonHwc: received Uevent: DEVPATH=/devices/virtual/amhdmitx/amhdmitx0
05-27 16:13:45.175 478 5377 D audio_hw_hal_primary: [out_dump:848] io 2061: out:0xefc47a40, fd:23
05-27 16:13:45.175 290 351 D MesonHwc: received Uevent: SUBSYSTEM=amhdmitx
05-27 16:13:45.175 290 351 D MesonHwc: received Uevent: hdmitx_vmode_audio=1
05-27 16:13:45.175 290 351 D MesonHwc: received Uevent: MAJOR=492
05-27 16:13:45.175 290 351 D MesonHwc: received Uevent: MINOR=0
05-27 16:13:45.175 290 351 D MesonHwc: received Uevent: DEVNAME=amhdmitx0
05-27 16:13:45.175 290 351 D MesonHwc: received Uevent: SEQNUM=5664
05-27 16:13:45.175 290 351 D MesonHwc: received Uevent: ATIBLE_N=1
05-27 16:13:45.175 290 351 D MesonHwc: received Uevent: MODALIAS=of:NvoutT(null)Camlogic,_vout
05-27 16:13:45.175 290 351 D MesonHwc: received Uevent: SEQNUM=5663
05-27 16:13:45.175 290 351 D MesonHwc: received Uevent: Camlogic,_aocec-s7d
05-27 16:13:45.175 290 351 D MesonHwc: received Uevent: SEQNUM=5661
05-27 16:13:45.175 290 351 D MesonHwc: received Uevent: 5Ap0000C081
05-27 16:13:45.175 290 351 D MesonHwc: received Uevent: SEQNUM=3612
05-27 16:13:45.175 290 351 D MesonHwc: received Uevent: bfd4444600000000 1 130ff38b17c000 677bfad9415fed 9ed68000004400 10000002
05-27 16:13:45.175 290 351 D MesonHwc: received Uevent: REL=1040
05-27 16:13:45.175 290 351 D MesonHwc: received Uevent: ABS=100000000
05-27 16:13:45.175 290 351 D MesonHwc: received Uevent: MSC=10
