05-27 16:13:49.711 290 382 I MesonDisplay: [/mode_policy.c, is_dv_prefer, 66] not prefer dv, hdr_priority:10000010
05-27 16:13:49.711 290 382 I MesonDisplay: [/mode_policy.c, is_dv_prefer, 66] not prefer dv, hdr_priority:10000010
05-27 16:13:49.711 290 382 I MesonDisplay: [/mode_policy_parser.c, is_support_hdmimode, 115] is_support_hdmimode mode: 2160p60hz not support
05-27 16:13:49.711 290 382 I MesonDisplay: [/mode_policy_parser.c, is_support_hdmimode, 115] is_support_hdmimode mode: 2160p50hz not support
05-27 16:13:49.711 290 382 I MesonDisplay: [/mode_policy_parser.c, is_support_hdmimode, 110] is_support_hdmimode mode: 1080p60hz
05-27 16:13:49.712 290 382 I MesonDisplay: [/mode_policy.c, get_highest_mode_by_policy, 978] get_highest_mode_by_policy preferred mode:[1080p60hz]
05-27 16:13:49.712 290 382 I MesonDisplay: [/mode_policy.c, get_hdmi_outputmode, 1018] get_hdmi_outputmode mode:1080p60hz
05-27 16:13:49.712 290 382 I MesonDisplay: [/mode_policy.c, sdr_scene_process, 1146] final_displaymode:1080p60hz
05-27 16:13:49.712 290 382 I MesonDisplay: [/mode_policy.c, get_best_color_attr, 613] get_best_color_attr current mode:[1080p60hz] brr_mode:[1080p60hz]
05-27 16:13:49.712 290 382 D MesonDisplay: meson_write /sys/class/amhdmitx/amhdmitx0/valid_mode, outputmode:1080p60hz444,8bit
05-27 16:13:49.712 290 382 D MesonDisplay: valid mode is true!
05-27 16:13:49.712 290 382 I MesonDisplay: [/mode_policy.c, get_best_color_attr, 679] support current mode:[1080p60hz], color format:[444,8bit]
05-27 16:13:49.712 290 382 I MesonDisplay: [/mode_policy.c, get_hdmi_color_attr, 1081] get hdmi color attribute : [444,8bit], outputmode is: [1080p60hz]
05-27 16:13:49.712 290 382 I MesonDisplay: [/mode_policy.c, update_deepcolor, 1107] colorattribute = 444,8bit
05-27 16:13:49.712 290 382 I MesonDisplay: [/mode_policy.c, sdr_scene_process, 1163] final_deepcolor = 444,8bit
05-27 16:13:49.712 290 382 I MesonDisplay: [/mode_policy.c, meson_mode_get_policy_output, 1289] final_displaymode:1080p60hz, final_deepcolor:444,8bit, amdv_type:0
05-27 16:13:49.712 290 382 I MesonHwc: getPreferredDisplayConfig [1080p60hz]
05-27 16:13:49.712 290 382 I MesonDisplay: [/mode_policy.c, meson_mode_set_policy, 1177] connector:0 to policy:8
05-27 16:13:49.712 290 382 D MesonHwc: getPreferredBootConfig outConfig = 784 (1920x1080@59.940060)
05-27 16:13:49.712 478 5377 D xm_audio: adev_get_parameters
05-27 16:13:49.713 715 741 I DisplayDeviceRepository: Display device changed: DisplayDeviceInfo{"内置屏幕": uniqueId="local:4620747849504298251", 720 x 480, modeId 622, renderFrameRate 60.000004, defaultModeId 622, supportedModes [{id=622, width=720, height=480, fps=60.000004, alternativeRefreshRates=[], supportedHdrTypes=[]}], colorMode 0, supportedColorModes [0], hdrCapabilities HdrCapabilities{mSupportedHdrTypes=[], mMaxLuminance=500.0, mMaxAverageLuminance=500.0, mMinLuminance=0.0}, allmSupported false, gameContentTypeSupported true, density 120, 15.902 x 18.756 dpi, appVsyncOff 2000000, presDeadline 13666666, touch INTERNAL, rotation 0, type INTERNAL, address {port=11, model=0x402031aff65a95}, deviceProductInfo DeviceProductInfo{name=Linux FHD, manufacturerPnpId=LNX, productId=0, modelYear=null, manufactureDate=ManufactureDate{week=5, year=2012}, connectionToSinkType=0}, state ON, committedState ON, frameRateOverride , brightnessMinimum 0.0, brightnessMaximum 1.0, brightnessDefault 0.39763778, hdrSdrRatio NaN, FLAG_ALLOWED_TO_BE_DEFAULT_DISPLAY, FLAG_ROTATES_WITH_CONTENT, FLAG_SECURE, FLAG_SUPPORTS_PROTECTED_BUFFERS, FLAG_TRUSTED, installOrientation 0, displayShape DisplayShape{ spec=2031491835 displayWidth=720 displayHeight=480 physicalPixelDisplaySizeRatio=1.0 rotation=0 offsetX=0 offsetY=0 scale=1.0}}
05-27 16:13:49.714 264 264 E Scheduler: trackPendingFrame: Invalid present fence
05-27 16:13:49.715 478 478 D xm_audio: adev_get_parameters
05-27 16:13:49.717 264 264 I RefreshRateSelector: Display 4620747849504298251 policy changed
05-27 16:13:49.717 264 264 I RefreshRateSelector: Previous: {defaultModeId=752, allowGroupSwitching=false, primaryRanges={physical=[0.00 Hz, 340282346638528859811704183484516925440.00 Hz], render=[0.00 Hz, 340282346638528859811704183484516925440.00 Hz]}, appRequestRanges={physical=[0.00 Hz, 340282346638528859811704183484516925440.00 Hz], render=[0.00 Hz, 340282346638528859811704183484516925440.00 Hz]}}
05-27 16:13:49.717 264 264 I RefreshRateSelector: Current: DisplayManagerPolicy{defaultModeId=752, allowGroupSwitching=false, primaryRanges={physical=[0.00 Hz, inf Hz], render=[0.00 Hz, 120.00 Hz]}, appRequestRanges={physical=[0.00 Hz, inf Hz], render=[0.00 Hz, inf Hz]}}
05-27 16:13:49.717 264 264 I RefreshRateSelector: 0 mode changes were performed under the previous policy
05-27 16:13:49.724 478 478 D xm_audio: adev_get_parameters
05-27 16:13:49.725 478 5377 D xm_audio: adev_get_parameters
05-27 16:13:49.731 478 478 D xm_audio: adev_get_parameters
05-27 16:13:49.732 478 5377 D xm_audio: adev_get_parameters
05-27 16:13:49.737 478 5377 D xm_audio: adev_get_parameters
05-27 16:13:49.738 478 5377 D xm_audio: adev_get_parameters
05-27 16:13:49.743 478 5377 D xm_audio: adev_get_parameters
05-27 16:13:49.744 478 5377 D xm_audio: adev_get_parameters
05-27 16:13:49.749 478 5377 D xm_audio: adev_get_parameters
05-27 16:13:49.750 478 5377 D xm_audio: adev_get_parameters
05-27 16:13:49.784 489 527 D hdmicecd: [CEC]:printCecMessage, [4 -> f] len: 4, body: 84 20 00 04, result:success
05-27 16:13:49.784 489 527 E IPCThreadState: binder thread pool (1 threads) starved for 154 ms
05-27 16:13:49.784 715 894 D HDMI : [S]: 4F:87:1C:A4:10
05-27 16:13:49.895 1420 1647 E ccc : cccccc settingHelper resetManager
05-27 16:13:49.898 1420 1647 V HdmiDisplayManager: Amlogic Y5
05-27 16:13:49.936 489 527 D hdmicecd: [CEC]:printCecMessage, [4 -> f] len: 4, body: 87 1c a4 10, result:success
05-27 16:13:49.936 489 527 E IPCThreadState: binder thread pool (1 threads) starved for 152 ms
05-27 16:13:49.938 715 894 D HDMI : [S]: 40:8C
05-27 16:13:50.023 489 527 D hdmicecd: [CEC]:printCecMessage, [4 -> 0] len: 1, body: 8c, result:success
05-27 16:13:50.024 715 894 D HDMI : [S]: 40:47
05-27 16:13:50.184 1420 1647 E ccc : cccccc settingHelper resetManager
05-27 16:13:50.185 1420 1647 V HdmiDisplayManager: Amlogic Y5
05-27 16:13:50.298 489 527 D hdmicecd: [CEC]:printCecMessage, [4 -> 0] len: 9, body: 47 44 42 42 4f 58 2d 41 33, result:success
05-27 16:13:50.298 489 527 E IPCThreadState: binder thread pool (1 threads) starved for 274 ms
05-27 16:13:50.299 715 894 D HDMI : [S]: 45:7D
05-27 16:13:50.354 489 527 D hdmicecd: [CEC]:printCecMessage, [4 -> 5] len: 1, body: 7d, result:no ack
05-27 16:13:50.410 489 489 D hdmicecd: [CEC]:printCecMessage, [4 -> 5] len: 1, body: 7d, result:no ack
05-27 16:13:50.410 489 489 E IPCThreadState: binder thread pool (1 threads) starved for 112 ms
05-27 16:13:50.411 715 715 D HDMI : AVR did not respond to
05-27 16:13:50.412 715 715 D HdmiControlService: Switching to full volume behavior
05-27 16:13:50.466 489 489 D hdmicecd: [CEC]:printCecMessage, [4 -> e] len: 0, body:, result:no ack
05-27 16:13:50.531 489 525 D hdmicecd: [CEC]:printCecMsgBuf, msg: 04 8f
05-27 16:13:50.532 715 715 D HDMI : [R]: 04:8F
05-27 16:13:50.533 489 527 D hdmicecd: [HdmiCecControl]:getPhysicalAddress, physical addr: 2000, last pa: 2000, ret = 0
05-27 16:13:50.534 715 715 D HDMI : addCecDevice new:CEC: logical_address: 0x00 device_type: 0 cec_version: 5 vendor_id: 16777215 display_name: TV power_status: -1 physical_address: 0xFFFF port_id: -1 old:null
05-27 16:13:50.534 715 715 D HdmiControlService: Switching to full volume behavior
05-27 16:13:50.535 715 715 D HDMI : TV is available now for receiving its message
05-27 16:13:50.535 715 715 D AudioService: onStatusChange cecEnabled:true available:true
05-27 16:13:50.535 715 715 D AudioService: TV, no CEC: setting HDMI as regular vol device
05-27 16:13:50.535 715 715 D AudioService: Removing DeviceType: 0x400 from mFullVolumeDevices
05-27 16:13:50.535 715 715 D AudioService: Removing DeviceType: 0x400 from mFixedVolumeDevices
05-27 16:13:50.535 715 715 D AudioService: Removing DeviceType: 0x400 from mAbsoluteVolumeDeviceInfoMap
05-27 16:13:50.539 478 5377 D xm_audio: adev_get_parameters
05-27 16:13:50.540 478 5377 D xm_audio: adev_get_parameters
05-27 16:13:50.546 478 5377 D xm_audio: adev_get_parameters
05-27 16:13:50.548 478 5377 D xm_audio: adev_get_parameters
05-27 16:13:50.558 478 5377 D xm_audio: adev_get_parameters
05-27 16:13:50.560 478 5377 D xm_audio: adev_get_parameters
05-27 16:13:50.567 478 5377 D xm_audio: adev_get_parameters
05-27 16:13:50.569 478 5377 D xm_audio: adev_get_parameters
05-27 16:13:50.575 478 478 D xm_audio: adev_get_parameters
05-27 16:13:50.577 478 478 D xm_audio: adev_get_parameters
05-27 16:13:50.582 478 478 D xm_audio: adev_get_parameters
05-27 16:13:50.583 478 478 D xm_audio: adev_get_parameters
05-27 16:13:50.588 478 478 D xm_audio: adev_get_parameters
05-27 16:13:50.590 478 478 D xm_audio: adev_get_parameters
05-27 16:13:50.596 478 478 D xm_audio: adev_get_parameters
05-27 16:13:50.598 478 478 D xm_audio: adev_get_parameters
05-27 16:13:50.603 478 478 D xm_audio: adev_get_parameters
05-27 16:13:50.604 478 478 D xm_audio: adev_get_parameters
05-27 16:13:50.611 478 478 D xm_audio: adev_get_parameters
05-27 16:13:50.613 478 478 D xm_audio: adev_get_parameters
05-27 16:13:50.615 478 673 I audio_hw_hal_alsamgr: alsa format =0x1 delay frames =1024 total frames=20651776
05-27 16:13:50.620 478 478 D xm_audio: adev_get_parameters
05-27 16:13:50.621 478 478 D xm_audio: adev_get_parameters
05-27 16:13:50.626 478 478 D xm_audio: adev_get_parameters
05-27 16:13:50.628 478 478 D xm_audio: adev_get_parameters
05-27 16:13:50.635 478 478 D xm_audio: adev_get_parameters
05-27 16:13:50.636 478 478 D xm_audio: adev_get_parameters
05-27 16:13:50.642 478 478 D xm_audio: adev_get_parameters
05-27 16:13:50.643 478 478 D xm_audio: adev_get_parameters
05-27 16:13:50.649 478 478 D xm_audio: adev_get_parameters
05-27 16:13:50.651 478 478 D xm_audio: adev_get_parameters
05-27 16:13:50.659 478 478 D xm_audio: adev_get_parameters
05-27 16:13:50.662 478 5377 D xm_audio: adev_get_parameters
05-27 16:13:50.668 478 5377 D xm_audio: adev_get_parameters
05-27 16:13:50.670 478 5377 D xm_audio: adev_get_parameters
05-27 16:13:50.673 290 5432 D MesonDisplay: read /sys/class/amhdmitx/amhdmitx0/hdcp_lstore, result length:0, val:
05-27 16:13:50.677 478 5377 D xm_audio: adev_get_parameters
05-27 16:13:50.680 478 5377 D xm_audio: adev_get_parameters
05-27 16:13:50.686 478 5377 D xm_audio: adev_get_parameters
05-27 16:13:50.687 489 525 D hdmicecd: [CEC]:printCecMsgBuf, msg: 0f 87 00 00 00
05-27 16:13:50.687 478 1797 D xm_audio: adev_get_parameters
05-27 16:13:50.689 715 715 D HDMI : [R]: 0F:87:00:00:00
05-27 16:13:50.690 489 527 D hdmicecd: [HdmiCecControl]:getPhysicalAddress, physical addr: 2000, last pa: 2000, ret = 0
05-27 16:13:50.694 478 5377 D xm_audio: adev_get_parameters
05-27 16:13:50.696 478 5377 D xm_audio: adev_get_parameters
05-27 16:13:50.826 489 489 D hdmicecd: [CEC]:printCecMessage, [4 -> b] len: 0, body:, result:no ack
05-27 16:13:50.826 489 489 E IPCThreadState: binder thread pool (1 threads) starved for 360 ms
05-27 16:13:50.827 715 894 D HDMI : [S]: 40:90:00
05-27 16:13:50.931 489 489 D hdmicecd: [CEC]:printCecMessage, [4 -> 0] len: 2, body: 90 00, result:success
05-27 16:13:50.931 489 489 E IPCThreadState: binder thread pool (1 threads) starved for 104 ms
05-27 16:13:50.990 489 489 D hdmicecd: [CEC]:printCecMessage, [4 -> 8] len: 0, body:, result:no ack
05-27 16:13:51.046 489 489 D hdmicecd: [CEC]:printCecMessage, [4 -> 5] len: 0, body:, result:no ack
05-27 16:13:51.102 489 489 D hdmicecd: [CEC]:printCecMessage, [4 -> 3] len: 0, body:, result:no ack
05-27 16:13:51.162 489 489 D hdmicecd: [CEC]:printCecMessage, [4 -> 1] len: 0, body:, result:no ack
05-27 16:13:51.218 489 489 D hdmicecd: [CEC]:printCecMessage, [4 -> 0] len: 0, body:, result:success
05-27 16:13:51.219 715 715 D HdmiCecController: [P]:AllocatedAddress=[0]
05-27 16:13:51.219 715 894 D HDMI : [S]: 40:83
05-27 16:13:51.299 489 489 D hdmicecd: [CEC]:printCecMessage, [4 -> 0] len: 1, body: 83, result:success
05-27 16:13:51.396 1444 1444 E xxxxxxxxxxxxxxx: onReceive: true , configuration = {1.0 ?mcc0mnc [zh_CN] ldltr sw720dp w1280dp h720dp 240dpi xlrg long land television -touch -keyb/v/h dpad/v winConfig={ mBounds=Rect(0, 0 - 1920, 1080) mAppBounds=Rect(0, 0 - 1920, 1080) mMaxBounds=Rect(0, 0 - 1920, 1080) mDisplayRotation=ROTATION_0 mWindowingMode=fullscreen mDisplayWindowingMode=fullscreen mActivityType=undefined mAlwaysOnTop=undefined mRotation=ROTATION_0} s.6 fontWeightAdjustment=0}
05-27 16:13:51.396 1444 1444 E xxxxxxxxxxxxxxx: isScreenSizeChange=false app onConfigurationChanged={1.0 ?mcc0mnc [zh_CN] ldltr sw720dp w1280dp h720dp 240dpi xlrg long land television -touch -keyb/v/h dpad/v winConfig={ mBounds=Rect(0, 0 - 1920, 1080) mAppBounds=Rect(0, 0 - 1920, 1080) mMaxBounds=Rect(0, 0 - 1920, 1080) mDisplayRotation=ROTATION_0 mWindowingMode=fullscreen mDisplayWindowingMode=fullscreen mActivityType=undefined mAlwaysOnTop=undefined mRotation=ROTATION_0} s.6 fontWeightAdjustment=0}
05-27 16:13:51.458 515 541 I WifiHAL : call wifi_get_link_stats handler
05-27 16:13:51.458 515 541 I WifiHAL : Creating message to get link statistics; iface = 16
05-27 16:13:51.458 515 541 D WifiHAL : error code -95 mapped to -3
05-27 16:13:51.459 715 854 E WifiStaIfaceAidlImpl: getLinkLayerStats failed with service-specific exception: android.os.ServiceSpecificException: (code 4)
05-27 16:13:51.459 489 525 D hdmicecd: [CEC]:printCecMsgBuf, msg: 0f 84 00 00 00
05-27 16:13:51.461 715 715 D HDMI : [R]: 0F:84:00:00:00
05-27 16:13:51.464 489 489 D hdmicecd: [HdmiCecControl]:getPhysicalAddress, physical addr: 2000, last pa: 2000, ret = 0
05-27 16:13:51.464 489 489 D hdmicecd: [HdmiCecControl]:getPhysicalAddress, physical addr: 2000, last pa: 2000, ret = 0
05-27 16:13:51.465 715 715 D HDMI : addCecDevice new:CEC: logical_address: 0x00 device_type: 0 cec_version: 5 vendor_id: 0 display_name: TV power_status: -1 physical_address: 0x0000 port_id: -1 old:CEC: logical_address: 0x00 device_type: 0 cec_version: 5 vendor_id: 0 display_name: TV power_status: -1 physical_address: 0xFFFF port_id: -1
05-27 16:13:51.466 715 715 D HdmiControlService: Switching to full volume behavior
05-27 16:13:51.466 489 489 D hdmicecd: [HdmiCecControl]:getPhysicalAddress, physical addr: 2000, last pa: 2000, ret = 0
05-27 16:13:51.468 715 894 D HDMI : [S]: 40:46
05-27 16:13:51.551 489 489 D hdmicecd: [CEC]:printCecMessage, [4 -> 0] len: 1, body: 46, result:success
05-27 16:13:51.673 290 5432 D MesonDisplay: read /sys/class/amhdmitx/amhdmitx0/hdcp_lstore, result length:0, val:
05-27 16:13:51.829 489 525 D hdmicecd: [CEC]:printCecMsgBuf, msg: 04 47 48 51 4b 32 20 50 72 6f
05-27 16:13:51.830 715 715 D HDMI : [R]: 04:47
05-27 16:13:51.831 715 715 D HdmiCecNetwork: Updating device OSD name from TV to HQK2 Pro
05-27 16:13:51.831 489 489 D hdmicecd: [HdmiCecControl]:getPhysicalAddress, physical addr: 2000, last pa: 2000, ret = 0
05-27 16:13:51.832 715 894 D HDMI : [S]: 40:8F
05-27 16:13:51.911 489 489 D hdmicecd: [CEC]:printCecMessage, [4 -> 0] len: 1, body: 8f, result:success
05-27 16:13:52.018 489 525 D hdmicecd: [CEC]:printCecMsgBuf, msg: 04 44 01
05-27 16:13:52.019 715 715 D HDMI : [R]: 04:44
05-27 16:13:52.022 1439 1439 I SogouIME: onKeyDown: keyoCode=19
05-27 16:13:52.022 1439 1439 I DefaultIMS: onKeyDown: keyoCode=19
05-27 16:13:52.126 489 525 D hdmicecd: [CEC]:printCecMsgBuf, msg: 04 90 00
05-27 16:13:52.126 489 525 D hdmicecd: [HdmiCecControl]:updateActiveState received tv power status 0
05-27 16:13:52.127 715 715 D HDMI : [R]: 04:90:00
05-27 16:13:52.128 489 489 D hdmicecd: [HdmiCecControl]:getPhysicalAddress, physical addr: 2000, last pa: 2000, ret = 0
05-27 16:13:52.129 489 527 D hdmicecd: [HdmiCecControl]:getPhysicalAddress, physical addr: 2000, last pa: 2000, ret = 0
05-27 16:13:52.129 715 715 D HDMI : addCecDevice new:CEC: logical_address: 0x00 device_type: 0 cec_version: 5 vendor_id: 0 display_name: HQK2 Pro power_status: 0 physical_address: 0x0000 port_id: -1 old:CEC: logical_address: 0x00 device_type: 0 cec_version: 5 vendor_id: 0 display_name: HQK2 Pro power_status: 0 physical_address: 0x0000 port_id: -1
05-27 16:13:52.130 715 715 D HdmiControlService: Switching to full volume behavior
05-27 16:13:52.130 489 527 D hdmicecd: [HdmiCecControl]:getPhysicalAddress, physical addr: 2000, last pa: 2000, ret = 0
05-27 16:13:52.131 715 715 D HDMI : addCecDevice new:CEC: logical_address: 0x04 device_type: 4 cec_version: 5 vendor_id: 1877008 display_name: DBBOX-A3 power_status: 0 physical_address: 0x2000 port_id: 0 old:null
05-27 16:13:52.205 489 525 D hdmicecd: [CEC]:printCecMsgBuf, msg: 04 45
05-27 16:13:52.206 715 715 D HDMI : [R]: 04:45
05-27 16:13:52.209 1439 1439 I SogouIME: onKeyUp: keyoCode=19
05-27 16:13:52.209 1439 1439 I DefaultIMS: onKeyUp: keyoCode=19
05-27 16:13:52.633 478 672 D audio_hw_hal_ms12common: func:ms12_timer_callback_handler sigv:0 ~~~~~~~~~~
05-27 16:13:52.633 478 672 D audio_hw_hal_ms12v2: set_dolby_ms12_continuous_state audio_continuous_standby_set status 1
05-27 16:13:52.633 478 672 D audio_hw_hal_continuous_standby: audio_continuous_standby_set, type 0, params 1
05-27 16:13:52.633 478 672 D audio_hw_hal_ms12common: aml_send_ms12_scheduler_state_2_ms12 adev:0xefd014a0, sch_state:1(SCHEDULER_STANDBY)
05-27 16:13:52.666 489 525 D hdmicecd: [CEC]:printCecMsgBuf, msg: 04 44 01
05-27 16:13:52.667 715 715 D HDMI : [R]: 04:44
05-27 16:13:52.671 1439 1439 I SogouIME: onKeyDown: keyoCode=19
05-27 16:13:52.671 1439 1439 I DefaultIMS: onKeyDown: keyoCode=19
05-27 16:13:52.673 290 5432 D MesonDisplay: read /sys/class/amhdmitx/amhdmitx0/hdcp_lstore, result length:0, val:
01-01 08:07:20.297 0 0 W : [3 T1054 ..] [aml_scan_rx 1505] scanres_payload_buf overflow, flush
01-01 08:07:22.547 0 0 I [0 T4997 ..] [hdmitx: ] UTC+0 2025-05-27 08:13:52 HPD LOW
01-01 08:07:22.548 0 0 I [1 T330 ..] [hdmitx: ] system: plugout
01-01 08:07:22.549 0 0 I [1 T330 ..] resman: notify error info = {"subModule":11,"level":2,"logType":1,"errorType":6,"msg":"HDMITX_HPD_PLUGOUT"}
01-01 08:07:22.550 0 0 I [1 T330 ..] [hdmitx: ] plug out sequence id: 0
01-01 08:07:22.551 0 0 W : [1 T330 ..] [RX]-up_phy_addr = 0
01-01 08:07:22.551 0 0 I [1 T330 d.] [hdmitx: ] hdmitx_set_drm_pkt: disable drm pkt
01-01 08:07:22.552 0 0 I [1 T330 d.] [hdmitx: ] TV not support DV, clr dv_vsif
01-01 08:07:22.553 0 0 I [1 T330 d.] [hdmitx: ] DV H14b VSIF, switching signal to SDR
01-01 08:07:22.554 0 0 I [1 T330 ..] [hdmitx: ] hdmitx_set_hdr10plus_pkt: null vsif
01-01 08:07:22.555 0 0 I [1 T330 ..] [hdmitx: ] hdmitx21_video_mute_op: VID_UNMUTE path=0x4000000
05-27 16:13:52.805 489 525 D hdmicecd: [CEC]:printCecMsgBuf, msg: 04 45
05-27 16:13:52.806 715 715 D HDMI : [R]: 04:45
05-27 16:13:52.809 290 351 D MesonHwc: received Uevent: change@/devices/virtual/amhdmitx/amhdmitx0
05-27 16:13:52.809 290 351 D MesonHwc: received Uevent: ACTION=change
05-27 16:13:52.809 290 351 D MesonHwc: received Uevent: DEVPATH=/devices/virtual/amhdmitx/amhdmitx0
05-27 16:13:52.809 290 351 D MesonHwc: received Uevent: SUBSYSTEM=amhdmitx
05-27 16:13:52.809 290 351 D MesonHwc: received Uevent: hdmitx_current_status=198
05-27 16:13:52.809 290 351 D MesonHwc: received Uevent: MAJOR=492
05-27 16:13:52.809 290 351 D MesonHwc: received Uevent: MINOR=0
05-27 16:13:52.809 290 351 D MesonHwc: received Uevent: DEVNAME=amhdmitx0
05-27 16:13:52.809 290 351 D MesonHwc: received Uevent: SEQNUM=5723
05-27 16:13:52.809 290 351 D MesonHwc: received Uevent: ic, aocec-s7d
05-27 16:13:52.809 290 351 D MesonHwc: received Uevent: OF_COMPATIBLE_N=1
05-27 16:13:52.809 290 351 D MesonHwc: received Uevent: MODALIAS=of:NaocecT(null)Camlogic,_aocec-s7d
05-27 16:13:52.809 290 351 D MesonHwc: received Uevent: SEQNUM=5722
05-27 16:13:52.809 290 351 D MesonHwc: received Uevent: 5Ap0000C081
05-27 16:13:52.809 290 351 D MesonHwc: received Uevent: SEQNUM=3612
05-27 16:13:52.809 290 351 D MesonHwc: received Uevent: bfd4444600000000 1 130ff38b17c000 677bfad9415fed 9ed68000004400 10000002
05-27 16:13:52.809 290 351 D MesonHwc: received Uevent: REL=1040
05-27 16:13:52.809 290 351 D MesonHwc: received Uevent: ABS=100000000
05-27 16:13:52.809 290 351 D MesonHwc: received Uevent: MSC=10
05-27 16:13:52.809 290 351 D MesonHwc: received Uevent: MODALIAS=input:b0005v1D5ApC081e0000-e0,1,2,3,4,k71,72,73,74,77,80,82,83,85,86,87,88,89,8A,8B,8C,8E,90,96,98,9B,9C,9E,9F,A1,A3,A4,A5,A6,A7,A8,A9,AB,AC,AD,AE,B0,B1,B2,B5,B6,CE,CF,D0,D1,D2,D4,D8,D9,DB,DF,E0,E1,E4,E5,E6,E7,E8,E9,EA,EB,F0,F1,F4,100,161,162,166,16A,16E,172,174,176,177,178,179,17A,17B,17C,17D,17F,180,182,183,185,188,189,18C,18D,18E,18F,190,191,192,193,195,197,198,199,19A,19C,1A0,1A1,1A2,1A3,1A4,1A5,1A6,1A7,1A8,1A9,1AA,1AB,1AC,1AD,1AE,1AF,1B0,1B1,1B7,1BA,240,241,242,243,244,245,246,247,249,24A,250,251,r6,C,a20,m4,lsfw
05-27 16:13:52.809 290 351 D MesonHwc: received Uevent: SEQNUM=3609
05-27 16:13:52.809 290 351 D MesonHwc: received Uevent: change@/devices/virtual/amhdmitx/amhdmitx0
05-27 16:13:52.809 290 351 D MesonHwc: received Uevent: ACTION=change
05-27 16:13:52.809 290 351 D MesonHwc: received Uevent: DEVPATH=/devices/virtual/amhdmitx/amhdmitx0
05-27 16:13:52.809 290 351 D MesonHwc: received Uevent: SUBSYSTEM=amhdmitx
05-27 16:13:52.809 290 351 D MesonHwc: received Uevent: hdmitx_current_status=198
05-27 16:13:52.809 290 351 D MesonHwc: received Uevent: MAJOR=492
05-27 16:13:52.809 290 351 D MesonHwc: received Uevent: MINOR=0
05-27 16:13:52.809 290 351 D MesonHwc: received Uevent: DEVNAME=amhdmitx0
05-27 16:13:52.809 290 351 D MesonHwc: received Uevent: SEQNUM=5723
05-27 16:13:52.809 290 351 D MesonHwc: received Uevent: ic, aocec-s7d
05-27 16:13:52.809 290 351 D MesonHwc: received Uevent: OF_COMPATIBLE_N=1
05-27 16:13:52.809 290 351 D MesonHwc: received Uevent: MODALIAS=of:NaocecT(null)Camlogic,_aocec-s7d
05-27 16:13:52.810 290 351 D MesonHwc: received Uevent: SEQNUM=5722
05-27 16:13:52.810 290 351 D MesonHwc: received Uevent: 5Ap0000C081
05-27 16:13:52.810 290 351 D MesonHwc: received Uevent: SEQNUM=3612
05-27 16:13:52.810 290 351 D MesonHwc: received Uevent: bfd4444600000000 1 130ff38b17c000 677bfad9415fed 9ed68000004400 10000002
05-27 16:13:52.810 290 351 D MesonHwc: received Uevent: REL=1040
05-27 16:13:52.810 290 351 D MesonHwc: received Uevent: ABS=100000000
05-27 16:13:52.810 1439 1439 I SogouIME: onKeyUp: keyoCode=19
05-27 16:13:52.810 290 351 D MesonHwc: received Uevent: MSC=10
05-27 16:13:52.810 290 351 D MesonHwc: received Uevent: MODALIAS=input:b0005v1D5ApC081e0000-e0,1,2,3,4,k71,72,73,74,77,80,82,83,85,86,87,88,89,8A,8B,8C,8E,90,96,98,9B,9C,9E,9F,A1,A3,A4,A5,A6,A7,A8,A9,AB,AC,AD,AE,B0,B1,B2,B5,B6,CE,CF,D0,D1,D2,D4,D8,D9,DB,DF,E0,E1,E4,E5,E6,E7,E8,E9,EA,EB,F0,F1,F4,100,161,162,166,16A,16E,172,174,176,177,178,179,17A,17B,17C,17D,17F,180,182,183,185,188,189,18C,18D,18E,18F,190,191,192,193,195,197,198,199,19A,19C,1A0,1A1,1A2,1A3,1A4,1A5,1A6,1A7,1A8,1A9,1AA,1AB,1AC,1AD,1AE,1AF,1B0,1B1,1B7,1BA,240,241,242,243,244,245,246,247,249,24A,250,251,r6,C,a20,m4,lsfw
05-27 16:13:52.810 1439 1439 I DefaultIMS: onKeyUp: keyoCode=19
05-27 16:13:52.810 290 351 D MesonHwc: received Uevent: SEQNUM=3609
05-27 16:13:52.810 320 328 I SystemControl: [/UEventObserver.cpp, HDMITxUenventThreadLoop, 451] HDMI TX switch_name:hdmitx_current_status, switch_state: 198
01-01 08:07:22.557 0 0 I [1 T330 ..] [hdmitx: ] hdmitx21_audio_mute_op: AUD_UNMUTE path=0x2000000
01-01 08:07:22.558 0 0 I [1 T330 ..] [hdmitx: ] set_hdcp2_topo: 0
01-01 08:07:22.558 0 0 I : [1 T330 ..] [drm] drm hdmitx hpd notify
05-27 16:13:52.812 715 821 V WindowManager: app ------------- force_land :0
05-27 16:13:52.821 495 532 I hdmicecd: [HdmiCecControl]:Hotplug event port:0, now:0, prevStatus:1 power:1
05-27 16:13:52.821 1444 1444 E xxxxxxxxxxxxxxx: onReceive:mIsHDMIPlugged = false
05-27 16:13:52.822 320 328 I SystemControl: [/UEventObserver.cpp, HDMITxUenventThreadLoop, 451] HDMI TX switch_name:hdmitx_hpd, switch_state: 0
05-27 16:13:52.822 320 328 I SystemControl: [/DisplayMode.cpp, onTxEvent, 3267] onTxEvent switchName:hdmitx_hpd hpdstate:0 state: 1
05-27 16:13:52.822 320 328 I SystemControl: [/SysWrite.cpp, getKernelReleaseVersion, 701] getKernelReleaseVersion: 5.15
05-27 16:13:52.822 320 328 I SystemControl: [/SystemControlHal.cpp, onEvent, 72] onEvent event:2, client size:5
05-27 16:13:52.823 488 509 I SystemControlClient: notifyCallback event type:2
05-27 16:13:52.823 488 509 I SystemControlClient: notifyCallback: listener is NULL.
05-27 16:13:52.823 320 328 I SystemControl: [/Ubootenv.cpp, get, 336] [ubootenv] get key:hdmimode envValue: 480p60hz
05-27 16:13:52.823 487 516 I SystemControlClient: notifyCallback event type:2
05-27 16:13:52.823 487 516 I SystemControlClient: notifyCallback: listener is NULL.
05-27 16:13:52.823 320 328 I SystemControl: [/Ubootenv.cpp, get, 336] [ubootenv] get key:is.bestmode envValue: false
05-27 16:13:52.823 320 328 I SystemControl: [/Ubootenv.cpp, get, 345] [ubootenv] search end and not find env:user_colorattribute
05-27 16:13:52.823 320 328 I SystemControl: [/Ubootenv.cpp, get, 345] [ubootenv] search end and not find env:hdr_force_mode
05-27 16:13:52.823 320 328 I SystemControl: [/DisplayMode.cpp, gethdrforcemode, 2742] get hdr force mode is [2]
05-27 16:13:52.823 486 592 I SystemControlClient: notifyCallback event type:2
05-27 16:13:52.823 320 328 I SystemControl: [/Ubootenv.cpp, get, 336] [ubootenv] get key:hdr_policy envValue: 0
05-27 16:13:52.823 320 328 I SystemControl: [/DisplayMode.cpp, getHdrStrategy, 2758] getHdrStrategy is [0]
05-27 16:13:52.823 715 821 I WiredAccessoryManager: MSG_NEW_DEVICE_STATE
05-27 16:13:52.823 320 328 I SystemControl: [/Ubootenv.cpp, get, 336] [ubootenv] get key:hdr_priority envValue: 268435472
05-27 16:13:52.823 320 328 I SystemControl: [/DisplayMode.cpp, getHdrPriority, 2891] getHdrPriority is [0x10000010]
05-27 16:13:52.823 320 328 I SystemControl: [/DisplayMode.cpp, getCommonData, 1534] isbestcolorspace:1, isbestpolicy:0, hdr_policy:0, hdr_priority :268435472, hdr_force_mode:2
05-27 16:13:52.823 1053 1179 I SystemControlEvent: system control callback event: 2
05-27 16:13:52.824 290 351 D MesonHwc: received Uevent: change@/devices/virtual/amhdmitx/amhdmitx0
05-27 16:13:52.824 290 351 D MesonHwc: received Uevent: ACTION=change
05-27 16:13:52.824 290 351 D MesonHwc: received Uevent: DEVPATH=/devices/virtual/amhdmitx/amhdmitx0
05-27 16:13:52.824 290 351 D MesonHwc: received Uevent: SUBSYSTEM=amhdmitx
05-27 16:13:52.824 290 351 D MesonHwc: received Uevent: hdmitx_hpd=0
05-27 16:13:52.824 486 592 I SystemControlClient: notifyCallback: listener is NULL.
05-27 16:13:52.824 320 918 I SystemControl: [/Ubootenv.cpp, get, 345] [ubootenv] search end and not find env:connector_type
05-27 16:13:52.824 240 800 I SystemControlClient: notifyCallback event type:2
05-27 16:13:52.824 240 800 I SystemControlClient: notifyCallback: listener is NULL.
05-27 16:13:52.825 290 351 D MesonHwc: sc_read_bootenv val is empty
05-27 16:13:52.825 290 351 D MesonHwc: getConnectorType, get ubootenv.var.connector_type from uboot env, return (null)
05-27 16:13:52.825 290 351 D MesonHwc: getConnectorType-0 get connector type hdmi--65536
05-27 16:13:52.825 290 351 D MesonHwc: DrmProperty: EDID (1), value [0]
05-27 16:13:52.825 290 351 D MesonHwc: DrmProperty: content type (77), value [0]
05-27 16:13:52.825 290 351 D MesonHwc: DrmProperty: vrr_capable (78), value [0]
05-27 16:13:52.825 290 351 D MesonHwc: DrmProperty: UPDATE (79), value [0]
05-27 16:13:52.825 290 351 D MesonHwc: DrmProperty: color_depth (80), value [8]
05-27 16:13:52.826 290 351 D MesonHwc: DrmProperty: color_space (81), value [2]
05-27 16:13:52.826 290 351 D MesonHwc: DrmProperty: MESON_DRM_HDMITX_PROP_AVMUTE (82), value [0]
05-27 16:13:52.826 290 351 D MesonHwc: DrmProperty: hdmi_hdr_status (83), value [6]
05-27 16:13:52.826 290 351 D MesonHwc: DrmProperty: dv_cap (85), value [0]
05-27 16:13:52.826 290 351 D MesonHwc: DrmProperty: contenttype_cap (89), value [1]
05-27 16:13:52.826 290 351 D MesonHwc: DrmProperty: hdr_priority (91), value [268435472]
05-27 16:13:52.826 290 351 D MesonHwc: DrmProperty: ready (92), value [0]
05-27 16:13:52.826 290 351 D MesonHwc: DrmProperty: allm_cap (95), value [0]
05-27 16:13:52.826 290 351 D MesonHwc: DrmProperty: dc_cap (96), value [512]
05-27 16:13:52.826 290 351 E MesonHwc: DrmConnector[HDMI-A] still DISCONNECTED.
05-27 16:13:52.826 290 351 D MesonHwc: ERR: PLEASE FIX NON-IMPLEMENT FUN(update).
05-27 16:13:52.827 1444 1444 E xxxxxxxxxxxxxxx: onReceive:mIsHDMIPlugged = false
05-27 16:13:52.827 290 346 V MesonDisplayServer: GetDisplayMode:480p60hz
05-27 16:13:52.827 320 328 I SystemControl: [/DisplayMode.cpp, getDisplayMode, 2331] getDisplayMode mode:480p60hz
05-27 16:13:52.827 715 715 I AS.AudioDeviceInventory: NOISY: adding 0x400
05-27 16:13:52.828 715 715 I AS.AudioDeviceInventory: NOISY: musicDevice changing from NONE to 0x400
05-27 16:13:52.828 495 532 I hdmiconnection: hot plug port id 0, is connected 0
05-27 16:13:52.828 320 328 I SystemControl: [/Ubootenv.cpp, get, 336] [ubootenv] get key:hdmimode envValue: 480p60hz
05-27 16:13:52.828 320 328 I SystemControl: [/Ubootenv.cpp, get, 336] [ubootenv] get key:cvbsmode envValue: 576cvbs
05-27 16:13:52.828 320 328 I SystemControl: [/DisplayMode.cpp, getCommonData, 1542] hdmi_current_mode:480p60hz, ubootenv hdmimode:480p60hz cvbsmode:576cvbs
05-27 16:13:52.829 320 918 I SystemControl: [/Ubootenv.cpp, get, 345] [ubootenv] search end and not find env:connector_type
05-27 16:13:52.829 290 346 D MesonDisplayServer: use connector getDisplayAttribute "HDMI Color ATTR": "444,8bit"
05-27 16:13:52.830 715 715 I AS.AudioDeviceInventory: dropping ACTION_AUDIO_BECOMING_NOISY
05-27 16:13:52.831 715 715 D HDMI : Hotplug event:[port:0, connected:false]
05-27 16:13:52.831 715 715 D HDMI : reset tv status for hotplug out
05-27 16:13:52.831 715 873 D AudioService: setWiredDeviceConnectionState( type:400 state:DEVICE_STATE_UNAVAILABLE addr: name:) from android
05-27 16:13:52.831 715 715 D AudioService: onStatusChange cecEnabled:true available:false
05-27 16:13:52.832 715 873 I AS.AudioDeviceInventory: handleDeviceConnection(false dev:400 address: name:)
05-27 16:13:52.832 715 715 D AudioService: TV, no CEC: setting HDMI as regular vol device
05-27 16:13:52.832 715 873 I AS.AudioDeviceInventory: deviceKey:0x400:
05-27 16:13:52.832 715 715 D AudioService: Removing DeviceType: 0x400 from mFullVolumeDevices
05-27 16:13:52.832 715 873 I AS.AudioDeviceInventory: deviceInfo:[DeviceInfo: type:0x400 (hdmi) name: addr: codec: 0 sensorUuid: null disabled modes: {}] is(already)Connected:true
05-27 16:13:52.832 715 715 D AudioService: Removing DeviceType: 0x400 from mFixedVolumeDevices
05-27 16:13:52.832 715 715 D AudioService: Removing DeviceType: 0x400 from mAbsoluteVolumeDeviceInfoMap
05-27 16:13:52.832 290 351 D MesonHwc: sc_read_bootenv val is empty
05-27 16:13:52.832 290 351 D MesonHwc: getConnectorType, get ubootenv.var.connector_type from uboot env, return (null)
05-27 16:13:52.832 290 351 D MesonHwc: getConnectorType-0 get connector type hdmi--65536
05-27 16:13:52.832 290 351 D MesonHwc: getConnectorCfg: get display 0, connector 13
05-27 16:13:52.833 535 594 I APM_AudioPolicyManager: [setDeviceConnectionState:256] curForceUse:NONE(0) disconnect_forceuse:HDMI(9)
05-27 16:13:52.833 320 328 I SystemControl: [/Ubootenv.cpp, get, 345] [ubootenv] search end and not find env:user_colorattribute
05-27 16:13:52.833 320 328 I SystemControl: [/DisplayMode.cpp, getCommonData, 1554] hdmi_current_attr:444,8bit, ubootenv_colorattribute:none
05-27 16:13:52.833 320 328 I SystemControl: [/Ubootenv.cpp, get, 345] [ubootenv] search end and not find env:dv_enable
05-27 16:13:52.833 320 328 I SystemControl: [/DisplayMode.cpp, getCommonData, 1567] dv_enable:0
05-27 16:13:52.833 320 328 I SystemControl: [/Ubootenv.cpp, get, 345] [ubootenv] search end and not find env:user_prefer_dv_type
05-27 16:13:52.833 320 328 I SystemControl: [/DisplayMode.cpp, getCommonData, 1578] ubootenv_dv_type:0
05-27 16:13:52.833 320 328 I SystemControl: [/DisplayMode.cpp, getHdmiData, 1721] display sink type:0 [0:none, 1:sink, 2:repeater]
05-27 16:13:52.834 478 5377 I audio_hw_hal_primary: [adev_set_device_connected_state_v7:9037] disconnected address:, num_descriptors:0, num_profiles:7
05-27 16:13:52.834 478 5377 I audio_hw_hal_primary: [set_device_connect_state:4044] state:0, dev:OUT_HDMI(0x400), pre_out:0x80002, pre_in:0x4
05-27 16:13:52.834 290 351 D MesonHwc: FixedDisplayPipe::isVMXCertification:0
05-27 16:13:52.834 478 5377 D audio_hw_hal_resourcemgr: [set_output_device_avail:353] device:0x400 avail_out_devices:400 routed_out_devices:0x400
05-27 16:13:52.834 290 351 E MesonHwc: FixedDisplayPipe::getConnectorCfg 15
05-27 16:13:52.834 489 527 D hdmicecd: [HdmiCecControl]:getPhysicalAddress, physical addr: ffff, last pa: 2000, ret = 0
05-27 16:13:52.834 290 351 D MesonHwc: handleEvent DRM_EVENT_HDMITX_HOTPLUG 11 VS 15
05-27 16:13:52.834 290 351 E MesonHwc: read screen size 0x0 from vinfo
05-27 16:13:52.834 290 351 E MesonHwc: dolby vision driver is not ready
05-27 16:13:52.834 290 351 D MesonHwc: Connector VIRTUAL loadDisplayModes get 1 modes
05-27 16:13:52.834 290 351 I MesonHwc: add display mode (dummy_l-dummy_l-126, 720x480, 56.000000) dpi(0,0), hskew(0)
05-27 16:13:52.834 290 351 I MesonHwc: loadDisplayModes (1) end
05-27 16:13:52.834 290 351 D MesonHwc: HwcDisplayPipe::updatePipe 0.
05-27 16:13:52.834 489 489 D hdmicecd: [HdmiCecControl]:getPhysicalAddress, physical addr: ffff, last pa: 2000, ret = 0
05-27 16:13:52.833 320 328 I SystemControl: [/DisplayMode.cpp, filterHdmiDispcap, 1398] before filtered HdmiDispcap:
05-27 16:13:52.834 320 328 I SystemControl: [/DisplayMode.cpp, filterHdmiDispcap, 1427] after filtered HdmiDispcap:
05-27 16:13:52.836 290 346 D MesonDisplayServer: getDisplayAttribute "Dolby Vision CAP2": "The Rx don't support DolbyVision"
05-27 16:13:52.836 320 371 I SystemControl: [/Ubootenv.cpp, get, 345] [ubootenv] search end and not find env:connector_type
05-27 16:13:52.836 290 351 D MesonHwc: sc_read_bootenv val is empty
05-27 16:13:52.836 290 351 D MesonHwc: getConnectorType, get ubootenv.var.connector_type from uboot env, return (null)
05-27 16:13:52.836 290 351 D MesonHwc: getConnectorType-0 get connector type hdmi--65536
05-27 16:13:52.836 290 351 D MesonHwc: getConnectorCfg: get display 0, connector 13
05-27 16:13:52.836 320 328 E SystemControl: [/DisplayMode.cpp, getHdmiDvCap, 1618] TV isn't support dolby vision: The Rx don't support DolbyVision
05-27 16:13:52.836 320 328 I SystemControl: [/DisplayMode.cpp, onTxEvent, 3294] onTxEvent boot config enable do nothing, just return
05-27 16:13:52.836 320 328 I SystemControl: [/UEventObserver.cpp, HDMITxUenventThreadLoop, 451] HDMI TX switch_name:hdmitx_audio, switch_state: 0
05-27 16:13:52.836 320 328 I SystemControl: [/DisplayMode.cpp, onTxEvent, 3267] onTxEvent switchName:hdmitx_audio hpdstate:0 state: 1
05-27 16:13:52.836 320 328 I SystemControl: [/SysWrite.cpp, getKernelReleaseVersion, 701] getKernelReleaseVersion: 5.15
05-27 16:13:52.837 320 328 I SystemControl: [/SystemControlHal.cpp, onEvent, 72] onEvent event:4, client size:5
05-27 16:13:52.837 488 509 I SystemControlClient: notifyCallback event type:4
05-27 16:13:52.837 488 509 I SystemControlClient: notifyCallback: listener is NULL.
05-27 16:13:52.839 486 592 I SystemControlClient: notifyCallback event type:4
05-27 16:13:52.839 1053 1179 I SystemControlEvent: system control callback event: 4
05-27 16:13:52.839 486 592 I SystemControlClient: notifyCallback: listener is NULL.
05-27 16:13:52.839 535 594 W APM::Devices: DeviceVector::remove device 00000400 not in
05-27 16:13:52.839 487 516 I SystemControlClient: notifyCallback event type:4
05-27 16:13:52.839 487 516 I SystemControlClient: notifyCallback: listener is NULL.
05-27 16:13:52.840 240 800 I SystemControlClient: notifyCallback event type:4
05-27 16:13:52.840 240 800 I SystemControlClient: notifyCallback: listener is NULL.
05-27 16:13:52.841 290 351 D MesonHwc: FixedDisplayPipe::isVMXCertification:0
05-27 16:13:52.841 290 351 E MesonHwc: FixedDisplayPipe::getConnectorCfg 15
05-27 16:13:52.841 290 351 D MesonHwc: HwcDisplayPipe::updatePipe (0) [CHANGED], crtc (0) connector (15)
05-27 16:13:52.841 290 351 D MesonHwc: HwcDisplayPipe::updatePipe 0 changed
05-27 16:13:52.841 290 351 D MesonHwc: ERR: PLEASE FIX NON-IMPLEMENT FUN(update).
05-27 16:13:52.841 290 351 E MesonHwc: read screen size 0x0 from vinfo
05-27 16:13:52.841 290 351 E MesonHwc: dolby vision driver is not ready
05-27 16:13:52.841 290 351 D MesonHwc: Connector VIRTUAL loadDisplayModes get 1 modes
05-27 16:13:52.841 290 351 I MesonHwc: add display mode (dummy_l-dummy_l-126, 720x480, 56.000000) dpi(0,0), hskew(0)
05-27 16:13:52.841 290 351 I MesonHwc: loadDisplayModes (1) end
05-27 16:13:52.841 290 351 D MesonHwc: unbind pipe (0)
05-27 16:13:52.841 290 351 D MesonHwc: bind pipe (0),crtc(63)connector(101)
05-27 16:13:52.841 290 351 D MesonHwc: RealModeMgr::update: nextModeId:803
05-27 16:13:52.841 290 351 D MesonHwc: RealModeMgr::update get current mode:480p60hz
05-27 16:13:52.841 290 351 D MesonHwc: RealModeMgr::update use previous mode (720x480-60.00)
05-27 16:13:52.841 290 351 D MesonHwc: updatePipe connector:VIRTUAL, connected:1
05-27 16:13:52.844 715 873 I AS.AudioDeviceInventory: sendDeviceConnectionIntent(dev:0x400 state:0x0 address: name:);
05-27 16:13:52.845 290 351 I MesonHwc: HwcConfig::default frame buffer size (1920 x 1080)
01-01 08:07:22.592 0 0 I [3 T351 ..] vc: [0]get capability: min 64 64; max 4096 2160
01-01 08:07:22.592 0 0 I [3 T351 ..] vc: [1]get capability: min 64 64; max 2048 1080
05-27 16:13:52.852 715 715 V MediaRouter: Audio routes updated: AudioRoutesInfo{ type=SPEAKER }, a2dp=false
05-27 16:13:52.852 715 715 V MediaRouter: Selecting route: RouteInfo{ name=电视, description=null, status=null, category=RouteCategory{ name=系统 types=ROUTE_TYPE_LIVE_AUDIO ROUTE_TYPE_LIVE_VIDEO groupable=false }, supportedTypes=ROUTE_TYPE_LIVE_AUDIO ROUTE_TYPE_LIVE_VIDEO , presentationDisplay=null }
05-27 16:13:52.853 290 351 D MesonHwc: Update composition MultiplanesWithDiComposition -> MultiplanesWithDiComposition
05-27 16:13:52.853 290 351 E MesonHwc: Do Nothing in updateDisplayMode .
05-27 16:13:52.854 290 351 D MesonHwc: [setPendingMode] pending modes vector empty
05-27 16:13:52.854 290 351 D MesonHwc: displayID:0, On hot plug: [Plug out]
05-27 16:13:52.854 290 351 D MesonHwc: ModePolicy handle hotplug:0
05-27 16:13:52.854 290 351 V MesonDisplayServer: GetDisplayMode:480p60hz
05-27 16:13:52.854 290 351 I MesonHwc: getDisplayMode mode:480p60hz
05-27 16:13:52.854 290 351 I MesonHwc: setSysfsStr /sys/devices/virtual/amhdmitx/amhdmitx0/avmute= 1
01-01 08:07:22.601 0 0 I [3 T351 ..] [hdmitx: ] avmute_store 1
05-27 16:13:52.860 931 931 V MediaRouter: Audio routes updated: AudioRoutesInfo{ type=SPEAKER }, a2dp=false
05-27 16:13:52.860 931 931 V MediaRouter: Selecting route: RouteInfo{ name=电视, description=null, status=null, category=RouteCategory{ name=系统 types=ROUTE_TYPE_LIVE_AUDIO ROUTE_TYPE_LIVE_VIDEO groupable=false }, supportedTypes=ROUTE_TYPE_LIVE_AUDIO ROUTE_TYPE_LIVE_VIDEO , presentationDisplay=null }
05-27 16:13:52.867 478 478 D xm_audio: adev_get_parameters
05-27 16:13:52.868 478 478 D xm_audio: adev_get_parameters
05-27 16:13:52.877 478 478 D xm_audio: adev_get_parameters
05-27 16:13:52.878 478 478 D xm_audio: adev_get_parameters
05-27 16:13:52.886 478 478 D xm_audio: adev_get_parameters
05-27 16:13:52.890 478 478 D xm_audio: adev_get_parameters
05-27 16:13:52.896 478 478 D xm_audio: adev_get_parameters
05-27 16:13:52.897 478 478 D xm_audio: adev_get_parameters
05-27 16:13:52.901 478 478 D xm_audio: adev_get_parameters
05-27 16:13:52.902 478 478 D xm_audio: adev_get_parameters
05-27 16:13:52.907 478 478 D xm_audio: adev_get_parameters
05-27 16:13:52.908 478 478 D xm_audio: adev_get_parameters
05-27 16:13:52.914 478 478 D xm_audio: adev_get_parameters
05-27 16:13:52.915 478 478 D xm_audio: adev_get_parameters
05-27 16:13:52.924 478 478 D xm_audio: adev_get_parameters
05-27 16:13:52.925 478 478 D xm_audio: adev_get_parameters
05-27 16:13:52.930 478 478 D xm_audio: adev_get_parameters
05-27 16:13:52.931 478 478 D xm_audio: adev_get_parameters
05-27 16:13:52.937 478 478 D xm_audio: adev_get_parameters
05-27 16:13:52.938 478 478 D xm_audio: adev_get_parameters
05-27 16:13:52.942 478 5377 D xm_audio: adev_get_parameters
05-27 16:13:52.943 478 5377 D xm_audio: adev_get_parameters
05-27 16:13:52.954 290 351 I MesonHwc: setDisplayMode mode:dummy_l
05-27 16:13:52.954 290 351 D MesonDisplayServer: SetDisplay[CVBS] Mode to "dummy_l"
05-27 16:13:52.954 290 351 D MesonHwc: blankDisplay connectorType:15
05-27 16:13:52.954 290 351 D MesonHwc: [setConnectorStatus]: power mode 2
05-27 16:13:52.954 290 351 D MesonHwc: displayId:0, blank all display planes
01-01 08:07:22.709 0 0 I : [1 T351 ..] [drm] [meson_hdmitx_encoder_atomic_disable]
01-01 08:07:22.710 0 0 I : [1 T351 ..] [drm] am_meson_crtc_atomic_disable-[0]:in
01-01 08:07:22.710 0 0 I [1 T351 d.] [hdmitx: ] hdmitx_set_drm_pkt: disable drm pkt
01-01 08:07:22.711 0 0 I [1 T351 d.] [hdmitx: ] TV not support DV, clr dv_vsif
01-01 08:07:22.712 0 0 I [1 T351 d.] [hdmitx: ] DV H14b VSIF, switching signal to SDR
01-01 08:07:22.713 0 0 I [1 T351 ..] [hdmitx: ] hdmitx_set_hdr10plus_pkt: null vsif
01-01 08:07:22.714 0 0 I [1 T351 ..] [hdmitx: ] hdmitx_unregister_vrr ret = 0
01-01 08:07:22.714 0 0 I : [1 T351 ..] [drm] am_meson_crtc_atomic_enable-[0] in: new[dummy_l], old[480p60hz], vmode[4-4], uboot[0]
05-27 16:13:52.970 320 328 I SystemControl: [/UEventObserver.cpp, HDMITxUenventThreadLoop, 451] HDMI TX switch_name:hdmitx_current_status, switch_state: 199
01-01 08:07:22.716 0 0 I : [1 T351 ..] [drm] am_meson_crtc_atomic_enable-[0]: enable mode dummy_l final vmode 7
01-01 08:07:22.717 0 0 I : [1 T351 ..] dummy_encl_set_current_vmode finished
01-01 08:07:22.717 0 0 I : [1 T351 ..] [drm] meson_vout_update_mode_name: dummy update vout 1 name dummy_l.
01-01 08:07:22.719 0 0 I : [1 T351 ..] [drm] meson_dummyl_encoder_atomic_enable: vmode:7 skip atomic enable!
05-27 16:13:52.987 290 351 D MesonHwc: setmode:crtc[63], name [dummy_l] -modeblob[126] [720x480-56.00] seamless:0 enableVrr:0
05-27 16:13:52.987 290 351 D MesonHwc: displayId:0, blank all display planes
05-27 16:13:53.004 290 351 D MesonHwc: RealModeMgr::update: nextModeId:804
05-27 16:13:53.004 290 351 D MesonHwc: RealModeMgr::update use previous mode (720x480-60.00)
05-27 16:13:53.004 290 351 D MesonHwc: drmplane clear drm bo caches
05-27 16:13:53.004 290 351 D MesonHwc: drmplane clear drm bo caches
05-27 16:13:53.004 290 351 D MesonHwc: cleanupBeforeDestroy displayId:0, clear layers
05-27 16:13:53.004 290 351 D MesonHwc: On hotplug, Fn: 0x989b931, Data: 0xe8cc35e0, display: 0, connection: 1
05-27 16:13:53.004 290 351 D MesonComposer3: halEventcallback onHotplug client3.0
05-27 16:13:53.004 290 351 D MesonHwc: received Uevent: change@/devices/virtual/amhdmitx/amhdmitx0
05-27 16:13:53.004 290 375 D MesonHwc: No edid for (VIRTUAL),use default edid instead.
05-27 16:13:53.005 290 351 D MesonHwc: received Uevent: ACTION=change
05-27 16:13:53.005 290 375 E MesonHwc: getPort 15
05-27 16:13:53.005 290 351 D MesonHwc: received Uevent: DEVPATH=/devices/virtual/amhdmitx/amhdmitx0
05-27 16:13:53.005 290 375 D MesonHwc: No edid for (VIRTUAL),use default edid instead.
05-27 16:13:53.005 290 351 D MesonHwc: received Uevent: SUBSYSTEM=amhdmitx
05-27 16:13:53.005 290 375 E MesonHwc: getPort 15
05-27 16:13:53.005 290 351 D MesonHwc: received Uevent: hdmitx_audio=0
05-27 16:13:53.005 290 351 D MesonHwc: received Uevent: MAJOR=492
05-27 16:13:53.005 290 351 D MesonHwc: received Uevent: MINOR=0
05-27 16:13:53.005 290 351 D MesonHwc: received Uevent: DEVNAME=amhdmitx0
05-27 16:13:53.005 290 351 D MesonHwc: received Uevent: SEQNUM=5726
05-27 16:13:53.005 290 351 D MesonHwc: received Uevent: change@/devices/virtual/amhdmitx/amhdmitx0
05-27 16:13:53.005 290 351 D MesonHwc: received Uevent: ACTION=change
05-27 16:13:53.005 290 351 D MesonHwc: received Uevent: DEVPATH=/devices/virtual/amhdmitx/amhdmitx0
05-27 16:13:53.005 290 351 D MesonHwc: received Uevent: SUBSYSTEM=amhdmitx
05-27 16:13:53.005 290 351 D MesonHwc: received Uevent: hdmitx_audio=0
05-27 16:13:53.005 290 351 D MesonHwc: received Uevent: MAJOR=492
05-27 16:13:53.005 290 351 D MesonHwc: received Uevent: MINOR=0
05-27 16:13:53.005 290 351 D MesonHwc: received Uevent: DEVNAME=amhdmitx0
05-27 16:13:53.005 290 351 D MesonHwc: received Uevent: SEQNUM=5726
05-27 16:13:53.005 290 351 D MesonHwc: received Uevent: change@/devices/virtual/amhdmitx/amhdmitx0
05-27 16:13:53.005 290 351 D MesonHwc: received Uevent: ACTION=change
05-27 16:13:53.005 290 351 D MesonHwc: received Uevent: DEVPATH=/devices/virtual/amhdmitx/amhdmitx0
05-27 16:13:53.005 290 351 D MesonHwc: received Uevent: SUBSYSTEM=amhdmitx
05-27 16:13:53.005 290 351 D MesonHwc: received Uevent: hdmitx_current_status=199
05-27 16:13:53.005 290 351 D MesonHwc: received Uevent: MAJOR=492
05-27 16:13:53.005 290 351 D MesonHwc: received Uevent: MINOR=0
05-27 16:13:53.005 290 351 D MesonHwc: received Uevent: DEVNAME=amhdmitx0
05-27 16:13:53.005 290 351 D MesonHwc: received Uevent: SEQNUM=5730
05-27 16:13:53.005 290 351 D MesonHwc: received Uevent: NUM=5729
05-27 16:13:53.005 290 351 D MesonHwc: received Uevent: s7d
05-27 16:13:53.005 290 351 D MesonHwc: received Uevent: OF_COMPATIBLE_N=1
05-27 16:13:53.005 290 351 D MesonHwc: received Uevent: MODALIAS=of:NaocecT(null)Camlogic,_aocec-s7d
05-27 16:13:53.005 290 351 D MesonHwc: received Uevent: SEQNUM=5727
05-27 16:13:53.005 290 351 D MesonHwc: received Uevent: change@/devices/virtual/amhdmitx/amhdmitx0
05-27 16:13:53.005 290 351 D MesonHwc: received Uevent: ACTION=change
05-27 16:13:53.005 290 351 D MesonHwc: received Uevent: DEVPATH=/devices/virtual/amhdmitx/amhdmitx0
05-27 16:13:53.005 290 351 D MesonHwc: received Uevent: SUBSYSTEM=amhdmitx
05-27 16:13:53.005 290 351 D MesonHwc: received Uevent: hdmitx_current_status=199
05-27 16:13:53.005 290 351 D MesonHwc: received Uevent: MAJOR=492
05-27 16:13:53.005 290 351 D MesonHwc: received Uevent: MINOR=0
05-27 16:13:53.005 290 351 D MesonHwc: received Uevent: DEVNAME=amhdmitx0
05-27 16:13:53.005 290 351 D MesonHwc: received Uevent: SEQNUM=5730
05-27 16:13:53.005 290 351 D MesonHwc: received Uevent: NUM=5729
05-27 16:13:53.005 290 351 D MesonHwc: received Uevent: s7d
05-27 16:13:53.005 290 351 D MesonHwc: received Uevent: OF_COMPATIBLE_N=1
05-27 16:13:53.005 290 351 D MesonHwc: received Uevent: MODALIAS=of:NaocecT(null)Camlogic,_aocec-s7d
05-27 16:13:53.005 290 351 D MesonHwc: received Uevent: SEQNUM=5727
05-27 16:13:53.005 264 264 I SurfaceFlinger: Reconnecting display 4620747849504298251 (HAL ID 0)
05-27 16:13:53.016 290 375 E MesonComposer3: destroyLayer: display:0 failed to destroy layer:363
05-27 16:13:53.016 264 264 E HwcComposer: destroyLayer failed Status(-8, EX_SERVICE_SPECIFIC): '3: '
05-27 16:13:53.016 264 264 E HWC2 : destroyLayer(0, 363) failed: BadLayer (3)
05-27 16:13:53.016 290 375 E MesonComposer3: destroyLayer: display:0 failed to destroy layer:106
05-27 16:13:53.016 264 264 E HwcComposer: destroyLayer failed Status(-8, EX_SERVICE_SPECIFIC): '3: '
05-27 16:13:53.016 264 264 E HWC2 : destroyLayer(0, 106) failed: BadLayer (3)
05-27 16:13:53.017 264 264 E HwcComposer: setClientTargetSlotCount failed Status(-8, EX_SERVICE_SPECIFIC): '4: '
05-27 16:13:53.021 264 264 I Scheduler: Display 4620747849504298251 is the pacesetter
05-27 16:13:53.021 264 5434 E SchedulerTimer: Terminated
05-27 16:13:53.022 264 264 D SurfaceFlinger: Setting power mode 2 on display 4620747849504298251
05-27 16:13:53.022 264 394 W EventThread: Failed dispatching Hotplug{displayId=4620747849504298251, connected} for Connection{0xf2543110, VSyncRequest::None}
05-27 16:13:53.022 264 393 W EventThread: Failed dispatching Hotplug{displayId=4620747849504298251, connected} for Connection{0xf2542d10, VSyncRequest::None}
05-27 16:13:53.022 290 375 D MesonHwc: setPowerMode 2
05-27 16:13:53.022 264 264 D SurfaceFlinger: Finished setting power mode 2 on display 4620747849504298251
