05-27 16:13:57.367 320 328 I SystemControl: [/Ubootenv.cpp, get, 345] [ubootenv] search end and not find env:user_prefer_dv_type
05-27 16:13:57.367 320 328 I SystemControl: [/DisplayMode.cpp, getCommonData, 1578] ubootenv_dv_type:0
05-27 16:13:57.367 320 328 I SystemControl: [/DisplayMode.cpp, getHdmiData, 1721] display sink type:0 [0:none, 1:sink, 2:repeater]
05-27 16:13:57.367 320 328 I SystemControl: [/DisplayMode.cpp, filterHdmiDispcap, 1398] before filtered HdmiDispcap:
05-27 16:13:57.367 320 328 I SystemControl: [/DisplayMode.cpp, filterHdmiDispcap, 1427] after filtered HdmiDispcap:
05-27 16:13:57.368 489 489 D hdmicecd: [HdmiCecControl]:getPhysicalAddress, physical addr: ffff, last pa: 2000, ret = 0
05-27 16:13:57.368 290 346 D MesonDisplayServer: getDisplayAttribute "Dolby Vision CAP2": "The Rx don't support DolbyVision"
05-27 16:13:57.369 320 328 E SystemControl: [/DisplayMode.cpp, getHdmiDvCap, 1618] TV isn't support dolby vision: The Rx don't support DolbyVision
05-27 16:13:57.369 320 328 I SystemControl: [/DisplayMode.cpp, onTxEvent, 3294] onTxEvent boot config enable do nothing, just return
05-27 16:13:57.370 320 328 I SystemControl: [/UEventObserver.cpp, HDMITxUenventThreadLoop, 451] HDMI TX switch_name:hdmitx_audio, switch_state: 0
05-27 16:13:57.370 320 328 I SystemControl: [/DisplayMode.cpp, onTxEvent, 3267] onTxEvent switchName:hdmitx_audio hpdstate:0 state: 1
05-27 16:13:57.370 320 328 I SystemControl: [/SysWrite.cpp, getKernelReleaseVersion, 701] getKernelReleaseVersion: 5.15
05-27 16:13:57.370 320 328 I SystemControl: [/SystemControlHal.cpp, onEvent, 72] onEvent event:4, client size:5
05-27 16:13:57.370 488 509 I SystemControlClient: notifyCallback event type:4
05-27 16:13:57.370 488 509 I SystemControlClient: notifyCallback: listener is NULL.
05-27 16:13:57.370 320 328 I SystemControl: [/UEventObserver.cpp, HDMITxUenventThreadLoop, 451] HDMI TX switch_name:hdmitx_current_status, switch_state: 205
05-27 16:13:57.371 1053 1179 I SystemControlEvent: system control callback event: 4
05-27 16:13:57.371 486 592 I SystemControlClient: notifyCallback event type:4
05-27 16:13:57.371 486 592 I SystemControlClient: notifyCallback: listener is NULL.
05-27 16:13:57.371 487 516 I SystemControlClient: notifyCallback event type:4
05-27 16:13:57.371 487 516 I SystemControlClient: notifyCallback: listener is NULL.
05-27 16:13:57.371 240 800 I SystemControlClient: notifyCallback event type:4
05-27 16:13:57.371 240 800 I SystemControlClient: notifyCallback: listener is NULL.
05-27 16:13:57.372 535 1196 W APM::Devices: DeviceVector::remove device 00000400 not in
05-27 16:13:57.373 715 873 I AS.AudioDeviceInventory: sendDeviceConnectionIntent(dev:0x400 state:0x0 address: name:);
05-27 16:13:57.385 931 931 V MediaRouter: Audio routes updated: AudioRoutesInfo{ type=SPEAKER }, a2dp=false
05-27 16:13:57.385 715 715 V MediaRouter: Audio routes updated: AudioRoutesInfo{ type=SPEAKER }, a2dp=false
05-27 16:13:57.385 715 715 V MediaRouter: Selecting route: RouteInfo{ name=电视, description=null, status=null, category=RouteCategory{ name=系统 types=ROUTE_TYPE_LIVE_AUDIO ROUTE_TYPE_LIVE_VIDEO groupable=false }, supportedTypes=ROUTE_TYPE_LIVE_AUDIO ROUTE_TYPE_LIVE_VIDEO , presentationDisplay=null }
05-27 16:13:57.385 931 931 V MediaRouter: Selecting route: RouteInfo{ name=电视, description=null, status=null, category=RouteCategory{ name=系统 types=ROUTE_TYPE_LIVE_AUDIO ROUTE_TYPE_LIVE_VIDEO groupable=false }, supportedTypes=ROUTE_TYPE_LIVE_AUDIO ROUTE_TYPE_LIVE_VIDEO , presentationDisplay=null }
05-27 16:13:57.394 478 705 D xm_audio: adev_get_parameters
05-27 16:13:57.395 478 705 D xm_audio: adev_get_parameters
05-27 16:13:57.402 478 705 D xm_audio: adev_get_parameters
05-27 16:13:57.404 478 5377 D xm_audio: adev_get_parameters
05-27 16:13:57.410 478 5377 D xm_audio: adev_get_parameters
05-27 16:13:57.411 478 5377 D xm_audio: adev_get_parameters
05-27 16:13:57.420 478 5377 D xm_audio: adev_get_parameters
05-27 16:13:57.422 478 5377 D xm_audio: adev_get_parameters
05-27 16:13:57.427 478 5377 D xm_audio: adev_get_parameters
05-27 16:13:57.428 478 5377 D xm_audio: adev_get_parameters
05-27 16:13:57.435 478 5377 D xm_audio: adev_get_parameters
05-27 16:13:57.436 478 5377 D xm_audio: adev_get_parameters
05-27 16:13:57.442 478 5377 D xm_audio: adev_get_parameters
05-27 16:13:57.443 478 5377 D xm_audio: adev_get_parameters
05-27 16:13:57.447 478 5377 D xm_audio: adev_get_parameters
05-27 16:13:57.450 478 5377 D xm_audio: adev_get_parameters
05-27 16:13:57.456 478 5377 D xm_audio: adev_get_parameters
05-27 16:13:57.457 478 5377 D xm_audio: adev_get_parameters
05-27 16:13:57.461 478 5377 D xm_audio: adev_get_parameters
05-27 16:13:57.462 478 5377 D xm_audio: adev_get_parameters
05-27 16:13:57.466 290 351 I MesonHwc: setDisplayMode mode:dummy_l
05-27 16:13:57.466 478 5377 D xm_audio: adev_get_parameters
05-27 16:13:57.466 290 351 D MesonDisplayServer: SetDisplay[CVBS] Mode to "dummy_l"
05-27 16:13:57.466 290 351 D MesonHwc: blankDisplay connectorType:15
05-27 16:13:57.466 290 351 D MesonHwc: [setConnectorStatus]: power mode 2
05-27 16:13:57.466 290 351 D MesonHwc: displayId:0, blank all display planes
05-27 16:13:57.467 478 5377 D xm_audio: adev_get_parameters
05-27 16:13:57.471 515 541 I WifiHAL : call wifi_get_link_stats handler
05-27 16:13:57.471 515 541 I WifiHAL : Creating message to get link statistics; iface = 16
05-27 16:13:57.471 515 541 D WifiHAL : error code -95 mapped to -3
05-27 16:13:57.472 715 854 E WifiStaIfaceAidlImpl: getLinkLayerStats failed with service-specific exception: android.os.ServiceSpecificException: (code 4)
01-01 08:07:27.223 0 0 I : [2 T351 ..] [drm] [meson_hdmitx_encoder_atomic_disable]
01-01 08:07:27.223 0 0 I : [2 T351 ..] [drm] am_meson_crtc_atomic_disable-[0]:in
01-01 08:07:27.224 0 0 I [0 T351 d.] [hdmitx: ] hdmitx_set_drm_pkt: disable drm pkt
01-01 08:07:27.225 0 0 I [0 T351 d.] [hdmitx: ] TV not support DV, clr dv_vsif
01-01 08:07:27.225 0 0 I [0 T351 d.] [hdmitx: ] DV H14b VSIF, switching signal to SDR
01-01 08:07:27.226 0 0 I [0 T351 ..] [hdmitx: ] hdmitx_set_hdr10plus_pkt: null vsif
01-01 08:07:27.227 0 0 I [0 T351 ..] [hdmitx: ] hdmitx_unregister_vrr ret = 0
01-01 08:07:27.228 0 0 I : [0 T351 ..] [drm] am_meson_crtc_atomic_enable-[0] in: new[dummy_l], old[480p60hz], vmode[4-4], uboot[0]
05-27 16:13:57.480 320 328 I SystemControl: [/UEventObserver.cpp, HDMITxUenventThreadLoop, 451] HDMI TX switch_name:hdmitx_current_status, switch_state: 206
05-27 16:13:57.480 320 328 I SystemControl: [/UEventObserver.cpp, HDMITxUenventThreadLoop, 451] HDMI TX switch_name:hdmitx_current_status, switch_state: 207
01-01 08:07:27.229 0 0 I : [0 T351 ..] [drm] am_meson_crtc_atomic_enable-[0]: enable mode dummy_l final vmode 7
01-01 08:07:27.231 0 0 I : [0 T351 ..] dummy_encl_set_current_vmode finished
01-01 08:07:27.231 0 0 I : [0 T351 ..] [drm] meson_vout_update_mode_name: dummy update vout 1 name dummy_l.
01-01 08:07:27.232 0 0 I : [0 T351 ..] [drm] meson_dummyl_encoder_atomic_enable: vmode:7 skip atomic enable!
05-27 16:13:57.502 290 351 D MesonHwc: setmode:crtc[63], name [dummy_l] -modeblob[128] [720x480-56.00] seamless:0 enableVrr:0
05-27 16:13:57.502 290 351 D MesonHwc: displayId:0, blank all display planes
05-27 16:13:57.517 290 351 D MesonHwc: RealModeMgr::update: nextModeId:835
05-27 16:13:57.517 290 351 D MesonHwc: RealModeMgr::update use previous mode (720x480-60.00)
05-27 16:13:57.517 290 351 D MesonHwc: drmplane clear drm bo caches
05-27 16:13:57.517 290 351 D MesonHwc: drmplane clear drm bo caches
05-27 16:13:57.518 290 351 D MesonHwc: cleanupBeforeDestroy displayId:0, clear layers
05-27 16:13:57.518 290 351 D MesonHwc: On hotplug, Fn: 0x989b931, Data: 0xe8cc35e0, display: 0, connection: 1
05-27 16:13:57.518 290 351 D MesonComposer3: halEventcallback onHotplug client3.0
05-27 16:13:57.518 290 375 D MesonHwc: No edid for (VIRTUAL),use default edid instead.
05-27 16:13:57.518 290 351 D MesonHwc: received Uevent: change@/devices/virtual/amhdmitx/amhdmitx0
05-27 16:13:57.518 290 351 D MesonHwc: received Uevent: ACTION=change
05-27 16:13:57.518 290 375 E MesonHwc: getPort 15
05-27 16:13:57.518 290 351 D MesonHwc: received Uevent: DEVPATH=/devices/virtual/amhdmitx/amhdmitx0
05-27 16:13:57.518 290 375 D MesonHwc: No edid for (VIRTUAL),use default edid instead.
05-27 16:13:57.518 290 351 D MesonHwc: received Uevent: SUBSYSTEM=amhdmitx
05-27 16:13:57.518 290 351 D MesonHwc: received Uevent: hdmitx_audio=0
05-27 16:13:57.518 290 375 E MesonHwc: getPort 15
05-27 16:13:57.518 290 351 D MesonHwc: received Uevent: MAJOR=492
05-27 16:13:57.518 290 351 D MesonHwc: received Uevent: MINOR=0
05-27 16:13:57.518 290 351 D MesonHwc: received Uevent: DEVNAME=amhdmitx0
05-27 16:13:57.518 290 351 D MesonHwc: received Uevent: SEQNUM=5763
05-27 16:13:57.518 290 351 D MesonHwc: received Uevent: change@/devices/virtual/amhdmitx/amhdmitx0
05-27 16:13:57.518 290 351 D MesonHwc: received Uevent: ACTION=change
05-27 16:13:57.518 290 351 D MesonHwc: received Uevent: DEVPATH=/devices/virtual/amhdmitx/amhdmitx0
05-27 16:13:57.518 290 351 D MesonHwc: received Uevent: SUBSYSTEM=amhdmitx
05-27 16:13:57.518 290 351 D MesonHwc: received Uevent: hdmitx_audio=0
05-27 16:13:57.518 290 351 D MesonHwc: received Uevent: MAJOR=492
05-27 16:13:57.518 290 351 D MesonHwc: received Uevent: MINOR=0
05-27 16:13:57.518 290 351 D MesonHwc: received Uevent: DEVNAME=amhdmitx0
05-27 16:13:57.518 290 351 D MesonHwc: received Uevent: SEQNUM=5763
05-27 16:13:57.518 290 351 D MesonHwc: received Uevent: change@/devices/virtual/amhdmitx/amhdmitx0
05-27 16:13:57.518 290 351 D MesonHwc: received Uevent: ACTION=change
05-27 16:13:57.518 290 351 D MesonHwc: received Uevent: DEVPATH=/devices/virtual/amhdmitx/amhdmitx0
05-27 16:13:57.518 290 351 D MesonHwc: received Uevent: SUBSYSTEM=amhdmitx
05-27 16:13:57.518 290 351 D MesonHwc: received Uevent: hdmitx_current_status=205
05-27 16:13:57.518 290 351 D MesonHwc: received Uevent: MAJOR=492
05-27 16:13:57.518 290 351 D MesonHwc: received Uevent: MINOR=0
05-27 16:13:57.518 290 351 D MesonHwc: received Uevent: DEVNAME=amhdmitx0
05-27 16:13:57.518 290 351 D MesonHwc: received Uevent: SEQNUM=5767
05-27 16:13:57.518 290 351 D MesonHwc: received Uevent: NUM=5766
05-27 16:13:57.518 290 351 D MesonHwc: received Uevent: s7d
05-27 16:13:57.518 290 351 D MesonHwc: received Uevent: OF_COMPATIBLE_N=1
05-27 16:13:57.519 290 351 D MesonHwc: received Uevent: MODALIAS=of:NaocecT(null)Camlogic,_aocec-s7d
05-27 16:13:57.519 290 351 D MesonHwc: received Uevent: SEQNUM=5765
05-27 16:13:57.519 290 351 D MesonHwc: received Uevent: change@/devices/virtual/amhdmitx/amhdmitx0
05-27 16:13:57.519 290 351 D MesonHwc: received Uevent: ACTION=change
05-27 16:13:57.519 290 351 D MesonHwc: received Uevent: DEVPATH=/devices/virtual/amhdmitx/amhdmitx0
05-27 16:13:57.519 290 351 D MesonHwc: received Uevent: SUBSYSTEM=amhdmitx
05-27 16:13:57.519 290 351 D MesonHwc: received Uevent: hdmitx_current_status=205
05-27 16:13:57.519 290 351 D MesonHwc: received Uevent: MAJOR=492
05-27 16:13:57.519 290 351 D MesonHwc: received Uevent: MINOR=0
05-27 16:13:57.519 290 351 D MesonHwc: received Uevent: DEVNAME=amhdmitx0
05-27 16:13:57.519 290 351 D MesonHwc: received Uevent: SEQNUM=5767
05-27 16:13:57.519 290 351 D MesonHwc: received Uevent: NUM=5766
05-27 16:13:57.519 290 351 D MesonHwc: received Uevent: s7d
05-27 16:13:57.519 290 351 D MesonHwc: received Uevent: OF_COMPATIBLE_N=1
05-27 16:13:57.519 290 351 D MesonHwc: received Uevent: MODALIAS=of:NaocecT(null)Camlogic,_aocec-s7d
05-27 16:13:57.519 290 351 D MesonHwc: received Uevent: SEQNUM=5765
05-27 16:13:57.519 290 351 D MesonHwc: received Uevent: change@/devices/virtual/amhdmitx/amhdmitx0
05-27 16:13:57.519 290 351 D MesonHwc: received Uevent: ACTION=change
05-27 16:13:57.519 290 351 D MesonHwc: received Uevent: DEVPATH=/devices/virtual/amhdmitx/amhdmitx0
05-27 16:13:57.519 290 351 D MesonHwc: received Uevent: SUBSYSTEM=amhdmitx
05-27 16:13:57.519 290 351 D MesonHwc: received Uevent: hdmitx_current_status=206
05-27 16:13:57.519 290 351 D MesonHwc: received Uevent: MAJOR=492
05-27 16:13:57.519 290 351 D MesonHwc: received Uevent: MINOR=0
05-27 16:13:57.519 290 351 D MesonHwc: received Uevent: DEVNAME=amhdmitx0
05-27 16:13:57.519 264 264 I SurfaceFlinger: Reconnecting display 4620747849504298251 (HAL ID 0)
05-27 16:13:57.519 290 351 D MesonHwc: received Uevent: SEQNUM=5768
05-27 16:13:57.519 290 351 D MesonHwc: received Uevent: NUM=5766
05-27 16:13:57.519 290 351 D MesonHwc: received Uevent: s7d
05-27 16:13:57.519 290 351 D MesonHwc: received Uevent: OF_COMPATIBLE_N=1
05-27 16:13:57.519 290 351 D MesonHwc: received Uevent: MODALIAS=of:NaocecT(null)Camlogic,_aocec-s7d
05-27 16:13:57.519 290 351 D MesonHwc: received Uevent: SEQNUM=5765
05-27 16:13:57.519 290 351 D MesonHwc: received Uevent: change@/devices/virtual/amhdmitx/amhdmitx0
05-27 16:13:57.519 290 351 D MesonHwc: received Uevent: ACTION=change
05-27 16:13:57.519 290 351 D MesonHwc: received Uevent: DEVPATH=/devices/virtual/amhdmitx/amhdmitx0
05-27 16:13:57.519 290 351 D MesonHwc: received Uevent: SUBSYSTEM=amhdmitx
05-27 16:13:57.519 290 351 D MesonHwc: received Uevent: hdmitx_current_status=206
05-27 16:13:57.519 290 351 D MesonHwc: received Uevent: MAJOR=492
05-27 16:13:57.519 290 351 D MesonHwc: received Uevent: MINOR=0
05-27 16:13:57.519 290 351 D MesonHwc: received Uevent: DEVNAME=amhdmitx0
05-27 16:13:57.519 290 351 D MesonHwc: received Uevent: SEQNUM=5768
05-27 16:13:57.519 290 351 D MesonHwc: received Uevent: NUM=5766
05-27 16:13:57.519 290 351 D MesonHwc: received Uevent: s7d
05-27 16:13:57.519 290 351 D MesonHwc: received Uevent: OF_COMPATIBLE_N=1
05-27 16:13:57.519 290 351 D MesonHwc: received Uevent: MODALIAS=of:NaocecT(null)Camlogic,_aocec-s7d
05-27 16:13:57.519 290 351 D MesonHwc: received Uevent: SEQNUM=5765
05-27 16:13:57.519 290 351 D MesonHwc: received Uevent: change@/devices/virtual/amhdmitx/amhdmitx0
05-27 16:13:57.519 290 351 D MesonHwc: received Uevent: ACTION=change
05-27 16:13:57.519 290 351 D MesonHwc: received Uevent: DEVPATH=/devices/virtual/amhdmitx/amhdmitx0
05-27 16:13:57.519 290 351 D MesonHwc: received Uevent: SUBSYSTEM=amhdmitx
05-27 16:13:57.519 290 351 D MesonHwc: received Uevent: hdmitx_current_status=207
05-27 16:13:57.520 290 351 D MesonHwc: received Uevent: MAJOR=492
05-27 16:13:57.520 290 351 D MesonHwc: received Uevent: MINOR=0
05-27 16:13:57.520 290 351 D MesonHwc: received Uevent: DEVNAME=amhdmitx0
05-27 16:13:57.520 290 351 D MesonHwc: received Uevent: SEQNUM=5769
05-27 16:13:57.520 290 351 D MesonHwc: received Uevent: NUM=5766
05-27 16:13:57.520 290 351 D MesonHwc: received Uevent: s7d
05-27 16:13:57.520 290 351 D MesonHwc: received Uevent: OF_COMPATIBLE_N=1
05-27 16:13:57.520 290 351 D MesonHwc: received Uevent: MODALIAS=of:NaocecT(null)Camlogic,_aocec-s7d
05-27 16:13:57.520 290 351 D MesonHwc: received Uevent: SEQNUM=5765
05-27 16:13:57.520 290 351 D MesonHwc: received Uevent: change@/devices/virtual/amhdmitx/amhdmitx0
05-27 16:13:57.520 290 351 D MesonHwc: received Uevent: ACTION=change
05-27 16:13:57.520 290 351 D MesonHwc: received Uevent: DEVPATH=/devices/virtual/amhdmitx/amhdmitx0
05-27 16:13:57.520 290 351 D MesonHwc: received Uevent: SUBSYSTEM=amhdmitx
05-27 16:13:57.520 290 351 D MesonHwc: received Uevent: hdmitx_current_status=207
05-27 16:13:57.520 290 351 D MesonHwc: received Uevent: MAJOR=492
05-27 16:13:57.520 290 351 D MesonHwc: received Uevent: MINOR=0
05-27 16:13:57.520 290 351 D MesonHwc: received Uevent: DEVNAME=amhdmitx0
05-27 16:13:57.520 290 351 D MesonHwc: received Uevent: SEQNUM=5769
05-27 16:13:57.520 290 351 D MesonHwc: received Uevent: NUM=5766
05-27 16:13:57.520 290 351 D MesonHwc: received Uevent: s7d
05-27 16:13:57.520 290 351 D MesonHwc: received Uevent: OF_COMPATIBLE_N=1
05-27 16:13:57.520 290 351 D MesonHwc: received Uevent: MODALIAS=of:NaocecT(null)Camlogic,_aocec-s7d
05-27 16:13:57.520 290 351 D MesonHwc: received Uevent: SEQNUM=5765
05-27 16:13:57.529 290 375 E MesonComposer3: destroyLayer: display:0 failed to destroy layer:367
05-27 16:13:57.529 264 264 E HwcComposer: destroyLayer failed Status(-8, EX_SERVICE_SPECIFIC): '3: '
05-27 16:13:57.529 264 264 E HWC2 : destroyLayer(0, 367) failed: BadLayer (3)
05-27 16:13:57.529 290 375 E MesonComposer3: destroyLayer: display:0 failed to destroy layer:110
05-27 16:13:57.530 264 264 E HwcComposer: destroyLayer failed Status(-8, EX_SERVICE_SPECIFIC): '3: '
05-27 16:13:57.530 264 264 E HWC2 : destroyLayer(0, 110) failed: BadLayer (3)
05-27 16:13:57.530 264 264 E HwcComposer: setClientTargetSlotCount failed Status(-8, EX_SERVICE_SPECIFIC): '4: '
05-27 16:13:57.536 264 264 I Scheduler: Display 4620747849504298251 is the pacesetter
05-27 16:13:57.536 264 5473 E SchedulerTimer: Terminated
05-27 16:13:57.536 264 264 D SurfaceFlinger: Setting power mode 2 on display 4620747849504298251
05-27 16:13:57.536 264 393 W EventThread: Failed dispatching Hotplug{displayId=4620747849504298251, connected} for Connection{0xf2542d10, VSyncRequest::None}
05-27 16:13:57.536 264 394 W EventThread: Failed dispatching Hotplug{displayId=4620747849504298251, connected} for Connection{0xf2543110, VSyncRequest::None}
05-27 16:13:57.536 290 375 D MesonHwc: setPowerMode 2
05-27 16:13:57.537 264 264 D SurfaceFlinger: Finished setting power mode 2 on display 4620747849504298251
05-27 16:13:57.540 715 741 I DisplayDeviceRepository: Display device changed: DisplayDeviceInfo{"内置屏幕": uniqueId="local:4620747849504298251", 720 x 480, modeId 622, renderFrameRate 60.000004, defaultModeId 622, supportedModes [{id=622, width=720, height=480, fps=60.000004, alternativeRefreshRates=[], supportedHdrTypes=[]}, {id=704, width=1920, height=1080, fps=119.88013, alternativeRefreshRates=[], supportedHdrTypes=[]}, {id=705, width=1920, height=1080, fps=120.00001, alternativeRefreshRates=[], supportedHdrTypes=[]}, {id=706, width=4096, height=2160, fps=23.976025, alternativeRefreshRates=[], supportedHdrTypes=[]}, {id=707, width=4096, height=2160, fps=24.000002, alternativeRefreshRates=[], supportedHdrTypes=[]}, {id=708, width=3840, height=2160, fps=29.97003, alternativeRefreshRates=[], supportedHdrTypes=[]}, {id=709, width=3840, height=2160, fps=30.000002, alternativeRefreshRates=[], supportedHdrTypes=[]}, {id=710, width=3840, height=2160, fps=25.0, alternativeRefreshRates=[], supportedHdrTypes=[]}, {id=711, width=3840, height=2160, fps=23.976025, alternativeRefreshRates=[], supportedHdrTypes=[]}, {id=712, width=3840, height=2160, fps=24.000002, alternativeRefreshRates=[], supportedHdrTypes=[]}, {id=713, width=1920, height=1080, fps=59.94006, alternativeRefreshRates=[], supportedHdrTypes=[]}, {id=714, width=1920, height=1080, fps=60.000004, alternativeRefreshRates=[], supportedHdrTypes=[]}, {id=715, width=1920, height=1080, fps=50.0, alternativeRefreshRates=[], supportedHdrTypes=[]}, {id=716, width=1920, height=1080, fps=29.97003, alternativeRefreshRates=[], supportedHdrTypes=[]}, {id=717, width=1920, height=1080, fps=30.000002, alternativeRefreshRates=[], supportedHdrTypes=[]}, {id=718, width=1920, height=1080, fps=23.976025, alternativeRefreshRates=[], supportedHdrTypes=[]}, {id=719, width=1920, height=1080, fps=24.000002, alternativeRefreshRates=[], supportedHdrTypes=[]}, {id=720, width=1280, height=720, fps=119.88013, alternativeRefreshRates=[], supportedHdrTypes=[]}, {id=721, width=1280, height=720, fps=120.00001, alternativeRefreshRates=[], supportedHdrTypes=[]}, {id=722, width=1280, height=720, fps=59.94006, alternativeRefreshRates=[], supportedHdrTypes=[]}, {id=723, width=1280, height=720, fps=60.000004, alternativeRefreshRates=[], supportedHdrTypes=[]}, {id=724, width=1280, height=720, fps=50.0, alternativeRefreshRates=[], supportedHdrTypes=[]}, {id=725, width=1280, height=720, fps=29.97003, alternativeRefreshRates=[], supportedHdrTypes=[]}, {id=726, width=1280, height=720, fps=30.000002, alternativeRefreshRates=[], supportedHdrTypes=[]}, {id=727, width=1280, height=720, fps=23.976025, alternativeRefreshRates=[], supportedHdrTypes=[]}, {id=728, width=1280, height=720, fps=24.000002, alternativeRefreshRates=[], supportedHdrTypes=[]}, {id=729, width=720, height=576, fps=50.0, alternativeRefreshRates=[], supportedHdrTypes=[]}, {id=730, width=720, height=480, fps=59.94006, alternativeRefreshRates=[], supportedHdrTypes=[]}], colorMode 0, supportedColorModes [0], hdrCapabilities HdrCapabilities{mSupportedHdrTypes=[], mMaxLuminance=500.0, mMaxAverageLuminance=500.0, mMinLuminance=0.0}, allmSupported false, gameContentTypeSupported true, density 120, 15.902 x 18.756 dpi, appVsyncOff 2000000, presDeadline 13666666, touch INTERNAL, rotation 0, type INTERNAL, address {port=11, model=0x402031aff65a95}, deviceProductInfo DeviceProductInfo{name=Haqu, manufacturerPnpId=HAQ, productId=48, modelYear=null, manufactureDate=ManufactureDate{week=43, year=2017}, connectionToSinkType=2}, state ON, committedState ON, frameRateOverride , brightnessMinimum 0.0, brightnessMaximum 1.0, brightnessDefault 0.39763778, hdrSdrRatio NaN, FLAG_ALLOWED_TO_BE_DEFAULT_DISPLAY, FLAG_ROTATES_WITH_CONTENT, FLAG_SECURE, FLAG_SUPPORTS_PROTECTED_BUFFERS, FLAG_TRUSTED, installOrientation 0, displayShape DisplayShape{ spec=2031491835 displayWidth=720 displayHeight=480 physicalPixelDisplaySizeRatio=1.0 rotation=0 offsetX=0 offsetY=0 scale=1.0}}
05-27 16:13:57.544 264 264 I RefreshRateSelector: Display 4620747849504298251 policy changed
05-27 16:13:57.544 264 264 I RefreshRateSelector: Previous: {defaultModeId=782, allowGroupSwitching=false, primaryRanges={physical=[0.00 Hz, 340282346638528859811704183484516925440.00 Hz], render=[0.00 Hz, 340282346638528859811704183484516925440.00 Hz]}, appRequestRanges={physical=[0.00 Hz, 340282346638528859811704183484516925440.00 Hz], render=[0.00 Hz, 340282346638528859811704183484516925440.00 Hz]}}
05-27 16:13:57.544 264 264 I RefreshRateSelector: Current: DisplayManagerPolicy{defaultModeId=782, allowGroupSwitching=false, primaryRanges={physical=[0.00 Hz, inf Hz], render=[0.00 Hz, 120.00 Hz]}, appRequestRanges={physical=[0.00 Hz, inf Hz], render=[0.00 Hz, inf Hz]}}
05-27 16:13:57.544 264 264 I RefreshRateSelector: 0 mode changes were performed under the previous policy
01-01 08:07:27.652 0 0 I [0 T1149 ..] [hdmitx: ] UTC+0 2025-05-27 08:13:57 HPD HIGH
05-27 16:13:58.251 290 5470 D MesonDisplay: read /sys/class/amhdmitx/amhdmitx0/hdcp_lstore, result length:0, val:
05-27 16:13:58.422 290 351 D MesonHwc: received Uevent: change@/devices/virtual/amhdmitx/amhdmitx0
05-27 16:13:58.422 320 328 I SystemControl: [/UEventObserver.cpp, HDMITxUenventThreadLoop, 451] HDMI TX switch_name:hdmitx_current_status, switch_state: 208
05-27 16:13:58.422 290 351 D MesonHwc: received Uevent: ACTION=change
05-27 16:13:58.422 290 351 D MesonHwc: received Uevent: DEVPATH=/devices/virtual/amhdmitx/amhdmitx0
05-27 16:13:58.422 290 351 D MesonHwc: received Uevent: SUBSYSTEM=amhdmitx
05-27 16:13:58.422 290 351 D MesonHwc: received Uevent: hdmitx_current_status=208
05-27 16:13:58.422 290 351 D MesonHwc: received Uevent: MAJOR=492
05-27 16:13:58.422 290 351 D MesonHwc: received Uevent: MINOR=0
05-27 16:13:58.422 290 351 D MesonHwc: received Uevent: DEVNAME=amhdmitx0
05-27 16:13:58.422 290 351 D MesonHwc: received Uevent: SEQNUM=5770
05-27 16:13:58.422 290 351 D MesonHwc: received Uevent: NUM=5766
05-27 16:13:58.422 290 351 D MesonHwc: received Uevent: s7d
05-27 16:13:58.422 290 351 D MesonHwc: received Uevent: OF_COMPATIBLE_N=1
05-27 16:13:58.422 290 351 D MesonHwc: received Uevent: MODALIAS=of:NaocecT(null)Camlogic,_aocec-s7d
05-27 16:13:58.422 290 351 D MesonHwc: received Uevent: SEQNUM=5765
05-27 16:13:58.422 290 351 D MesonHwc: received Uevent: change@/devices/virtual/amhdmitx/amhdmitx0
05-27 16:13:58.422 290 351 D MesonHwc: received Uevent: ACTION=change
05-27 16:13:58.422 290 351 D MesonHwc: received Uevent: DEVPATH=/devices/virtual/amhdmitx/amhdmitx0
05-27 16:13:58.422 290 351 D MesonHwc: received Uevent: SUBSYSTEM=amhdmitx
05-27 16:13:58.423 290 351 D MesonHwc: received Uevent: hdmitx_current_status=208
05-27 16:13:58.423 290 351 D MesonHwc: received Uevent: MAJOR=492
05-27 16:13:58.423 290 351 D MesonHwc: received Uevent: MINOR=0
05-27 16:13:58.423 290 351 D MesonHwc: received Uevent: DEVNAME=amhdmitx0
05-27 16:13:58.423 290 351 D MesonHwc: received Uevent: SEQNUM=5770
05-27 16:13:58.423 290 351 D MesonHwc: received Uevent: NUM=5766
05-27 16:13:58.423 290 351 D MesonHwc: received Uevent: s7d
05-27 16:13:58.423 290 351 D MesonHwc: received Uevent: OF_COMPATIBLE_N=1
05-27 16:13:58.423 290 351 D MesonHwc: received Uevent: MODALIAS=of:NaocecT(null)Camlogic,_aocec-s7d
05-27 16:13:58.423 290 351 D MesonHwc: received Uevent: SEQNUM=5765
01-01 08:07:28.169 0 0 I [0 T61 ..] [hdmitx: ] system: plugin
01-01 08:07:28.169 0 0 I [0 T61 ..] [hdmitx: ] plugin sequence id: 4295004336
01-01 08:07:28.207 0 0 I [0 T61 ..] cec: [hdmitx_notify_callback] unsupported notify:3
01-01 08:07:28.207 0 0 W : [0 T61 ..] [RX]-up_phy_addr = 2
01-01 08:07:28.207 0 0 I [0 T61 ..] [hdmitx: ] edid: blk0 raw data
01-01 08:07:28.208 0 0 I [0 T61 ..] [hdmitx: ] 00ffffffffffff0020313000010000002b1b0103807341780acf74a3574cb02309484c21080001010101010101010101010101010101023a801871382d40582c
01-01 08:07:28.208 0 0 I : [0 T61 ..] 450020c23100001e011d00bc52d01e20b828554020c23100001e000000fc00486171750a2020202020202020000000fd003b461f8c3c000a20202020202001c9
05-27 16:13:58.465 320 328 I SystemControl: [/UEventObserver.cpp, HDMITxUenventThreadLoop, 451] HDMI TX switch_name:hdmitx_current_status, switch_state: 209
05-27 16:13:58.465 290 351 D MesonHwc: received Uevent: change@/devices/virtual/amhdmitx/amhdmitx0
05-27 16:13:58.465 290 351 D MesonHwc: received Uevent: ACTION=change
05-27 16:13:58.465 290 351 D MesonHwc: received Uevent: DEVPATH=/devices/virtual/amhdmitx/amhdmitx0
05-27 16:13:58.465 290 351 D MesonHwc: received Uevent: SUBSYSTEM=amhdmitx
05-27 16:13:58.465 290 351 D MesonHwc: received Uevent: hdmitx_current_status=209
05-27 16:13:58.465 290 351 D MesonHwc: received Uevent: MAJOR=492
05-27 16:13:58.465 290 351 D MesonHwc: received Uevent: MINOR=0
05-27 16:13:58.465 290 351 D MesonHwc: received Uevent: DEVNAME=amhdmitx0
05-27 16:13:58.465 290 351 D MesonHwc: received Uevent: SEQNUM=5771
05-27 16:13:58.465 290 351 D MesonHwc: received Uevent: NUM=5766
05-27 16:13:58.465 290 351 D MesonHwc: received Uevent: s7d
05-27 16:13:58.465 290 351 D MesonHwc: received Uevent: OF_COMPATIBLE_N=1
05-27 16:13:58.465 290 351 D MesonHwc: received Uevent: MODALIAS=of:NaocecT(null)Camlogic,_aocec-s7d
05-27 16:13:58.465 290 351 D MesonHwc: received Uevent: SEQNUM=5765
05-27 16:13:58.465 290 351 D MesonHwc: received Uevent: change@/devices/virtual/amhdmitx/amhdmitx0
05-27 16:13:58.465 290 351 D MesonHwc: received Uevent: ACTION=change
05-27 16:13:58.465 290 351 D MesonHwc: received Uevent: DEVPATH=/devices/virtual/amhdmitx/amhdmitx0
05-27 16:13:58.465 290 351 D MesonHwc: received Uevent: SUBSYSTEM=amhdmitx
05-27 16:13:58.465 290 351 D MesonHwc: received Uevent: hdmitx_current_status=209
05-27 16:13:58.465 290 351 D MesonHwc: received Uevent: MAJOR=492
05-27 16:13:58.465 290 351 D MesonHwc: received Uevent: MINOR=0
05-27 16:13:58.465 290 351 D MesonHwc: received Uevent: DEVNAME=amhdmitx0
05-27 16:13:58.465 290 351 D MesonHwc: received Uevent: SEQNUM=5771
05-27 16:13:58.465 290 351 D MesonHwc: received Uevent: NUM=5766
05-27 16:13:58.465 290 351 D MesonHwc: received Uevent: s7d
05-27 16:13:58.465 290 351 D MesonHwc: received Uevent: OF_COMPATIBLE_N=1
05-27 16:13:58.465 290 351 D MesonHwc: received Uevent: MODALIAS=of:NaocecT(null)Camlogic,_aocec-s7d
05-27 16:13:58.465 290 351 D MesonHwc: received Uevent: SEQNUM=5765
01-01 08:07:28.212 0 0 I [2 T61 ..] [hdmitx: ] edid: blk1 raw data
01-01 08:07:28.212 0 0 I [2 T61 ..] [hdmitx: ] 020345f057101f1405130420223c3e1216030711150206012f2e3f3132097f051507505707013d07c05f7e01670403830100006e030c002000b83c2f80800102
01-01 08:07:28.212 0 0 I : [2 T61 ..] 0304e200fb011d007251d01e206e28550020c23100001e8c0ad08a20e02d10103e9600138e21000018000000000000000000000000000000000000000000002b
01-01 08:07:28.216 0 0 I : [2 T61 ..] [drm] drm hdmitx hpd notify
05-27 16:13:58.469 715 821 V WindowManager: app ------------- force_land :0
05-27 16:13:58.469 495 532 I hdmicecd: [HdmiCecControl]:Hotplug event port:0, now:1, prevStatus:0 power:1
05-27 16:13:58.470 290 351 D MesonHwc: received Uevent: change@/devices/virtual/amhdmitx/amhdmitx0
05-27 16:13:58.470 290 351 D MesonHwc: received Uevent: ACTION=change
05-27 16:13:58.470 290 351 D MesonHwc: received Uevent: DEVPATH=/devices/virtual/amhdmitx/amhdmitx0
05-27 16:13:58.470 320 328 I SystemControl: [/UEventObserver.cpp, HDMITxUenventThreadLoop, 451] HDMI TX switch_name:hdmitx_hpd, switch_state: 1
05-27 16:13:58.470 290 351 D MesonHwc: received Uevent: SUBSYSTEM=amhdmitx
05-27 16:13:58.470 290 351 D MesonHwc: received Uevent: hdmitx_hpd=1
05-27 16:13:58.470 320 328 I SystemControl: [/DisplayMode.cpp, onTxEvent, 3267] onTxEvent switchName:hdmitx_hpd hpdstate:1 state: 1
05-27 16:13:58.470 320 328 I SystemControl: [/SysWrite.cpp, getKernelReleaseVersion, 701] getKernelReleaseVersion: 5.15
05-27 16:13:58.470 320 918 I SystemControl: [/Ubootenv.cpp, get, 345] [ubootenv] search end and not find env:connector_type
05-27 16:13:58.470 320 328 I SystemControl: [/Ubootenv.cpp, get, 336] [ubootenv] get key:hdmimode envValue: 480p60hz
05-27 16:13:58.470 320 328 I SystemControl: [/Ubootenv.cpp, get, 336] [ubootenv] get key:is.bestmode envValue: false
05-27 16:13:58.470 290 351 D MesonHwc: sc_read_bootenv val is empty
05-27 16:13:58.470 290 351 D MesonHwc: getConnectorType, get ubootenv.var.connector_type from uboot env, return (null)
05-27 16:13:58.470 320 328 I SystemControl: [/Ubootenv.cpp, get, 345] [ubootenv] search end and not find env:user_colorattribute
05-27 16:13:58.470 290 351 D MesonHwc: getConnectorType-0 get connector type hdmi--65536
05-27 16:13:58.470 320 328 I SystemControl: [/Ubootenv.cpp, get, 345] [ubootenv] search end and not find env:hdr_force_mode
05-27 16:13:58.470 320 328 I SystemControl: [/DisplayMode.cpp, gethdrforcemode, 2742] get hdr force mode is [2]
05-27 16:13:58.471 320 328 I SystemControl: [/Ubootenv.cpp, get, 336] [ubootenv] get key:hdr_policy envValue: 0
05-27 16:13:58.471 320 328 I SystemControl: [/DisplayMode.cpp, getHdrStrategy, 2758] getHdrStrategy is [0]
05-27 16:13:58.471 320 328 I SystemControl: [/Ubootenv.cpp, get, 336] [ubootenv] get key:hdr_priority envValue: 268435472
05-27 16:13:58.471 290 351 E MesonHwc: read screen size 0x0 from vinfo
05-27 16:13:58.471 320 328 I SystemControl: [/DisplayMode.cpp, getHdrPriority, 2891] getHdrPriority is [0x10000010]
05-27 16:13:58.471 320 328 I SystemControl: [/DisplayMode.cpp, getCommonData, 1534] isbestcolorspace:1, isbestpolicy:0, hdr_policy:0, hdr_priority :268435472, hdr_force_mode:2
05-27 16:13:58.471 290 351 E MesonHwc: dolby vision driver is not ready
05-27 16:13:58.471 290 351 D MesonHwc: Connector VIRTUAL loadDisplayModes get 1 modes
05-27 16:13:58.471 290 351 I MesonHwc: add display mode (dummy_l-dummy_l-126, 720x480, 56.000000) dpi(0,0), hskew(0)
05-27 16:13:58.471 290 351 I MesonHwc: loadDisplayModes (1) end
05-27 16:13:58.471 290 351 D MesonHwc: ERR: PLEASE FIX NON-IMPLEMENT FUN(update).
05-27 16:13:58.471 320 918 I SystemControl: [/Ubootenv.cpp, get, 345] [ubootenv] search end and not find env:connector_type
05-27 16:13:58.471 290 351 D MesonHwc: sc_read_bootenv val is empty
05-27 16:13:58.471 290 351 D MesonHwc: getConnectorType, get ubootenv.var.connector_type from uboot env, return (null)
05-27 16:13:58.471 290 351 D MesonHwc: getConnectorType-0 get connector type hdmi--65536
05-27 16:13:58.471 290 351 D MesonHwc: getConnectorCfg: get display 0, connector 13
05-27 16:13:58.471 290 351 E MesonHwc: FixedDisplayPipe::getConnectorCfg 11
05-27 16:13:58.471 290 351 D MesonHwc: handleEvent DRM_EVENT_HDMITX_HOTPLUG 15 VS 11
05-27 16:13:58.473 290 351 D MesonHwc: DrmProperty: EDID (1), value [132]
05-27 16:13:58.474 290 351 D MesonHwc: DrmProperty: content type (77), value [0]
05-27 16:13:58.474 290 351 D MesonHwc: DrmProperty: vrr_capable (78), value [0]
05-27 16:13:58.474 290 351 D MesonHwc: DrmProperty: UPDATE (79), value [0]
05-27 16:13:58.474 290 351 D MesonHwc: DrmProperty: color_depth (80), value [8]
05-27 16:13:58.474 290 351 D MesonHwc: DrmProperty: color_space (81), value [2]
05-27 16:13:58.474 290 351 D MesonHwc: DrmProperty: MESON_DRM_HDMITX_PROP_AVMUTE (82), value [0]
05-27 16:13:58.474 290 351 D MesonHwc: DrmProperty: hdmi_hdr_status (83), value [6]
05-27 16:13:58.474 290 351 D MesonHwc: DrmProperty: dv_cap (85), value [0]
05-27 16:13:58.474 290 351 D MesonHwc: DrmProperty: contenttype_cap (89), value [31]
05-27 16:13:58.474 290 351 D MesonHwc: DrmProperty: hdr_priority (91), value [268435472]
05-27 16:13:58.474 290 351 D MesonHwc: DrmProperty: ready (92), value [0]
05-27 16:13:58.474 290 351 D MesonHwc: DrmProperty: allm_cap (95), value [0]
05-27 16:13:58.474 290 351 D MesonHwc: DrmProperty: dc_cap (96), value [1016]
05-27 16:13:58.474 290 351 E MesonHwc: dolby vision driver is not ready
05-27 16:13:58.474 290 351 I MesonHwc: hdr_preference (dolby_vision)
05-27 16:13:58.474 290 351 E MesonHwc: dolby vision driver is not ready
05-27 16:13:58.474 290 351 D MesonHwc: dolby version:0, dv3:0, hlg:0, hdr10:0, hdr10+:0 max:0, avg:0, min:0
05-27 16:13:58.474 290 351 D MesonHwc: dolby version 4k30:0
05-27 16:13:58.474 290 351 D MesonHwc: Connector HDMI-A loadDisplayModes get 22 modes
05-27 16:13:58.474 290 351 D MesonHwc: add fraction display mode (1920x1080p120hz)
05-27 16:13:58.475 290 351 I MesonHwc: add display mode (1920x1080p120hz-1920x1080p120hz-110, 1920x1080, 120.000000) dpi(42406,42203), hskew(1)
05-27 16:13:58.475 290 351 D MesonHwc: add fraction display mode (smpte24hz)
05-27 16:13:58.475 290 351 I MesonHwc: add display mode (smpte24hz-smpte24hz-111, 4096x2160, 24.000000) dpi(90468,84406), hskew(1)
05-27 16:13:58.475 290 351 D MesonHwc: add fraction display mode (2160p30hz)
05-27 16:13:58.475 290 351 I MesonHwc: add display mode (2160p30hz-2160p30hz-112, 3840x2160, 30.000000) dpi(84813,84406), hskew(1)
05-27 16:13:58.475 290 351 I MesonHwc: add display mode (2160p25hz-2160p25hz-113, 3840x2160, 25.000000) dpi(84813,84406), hskew(1)
05-27 16:13:58.475 290 351 D MesonHwc: add fraction display mode (2160p24hz)
05-27 16:13:58.475 290 351 I MesonHwc: add display mode (2160p24hz-2160p24hz-114, 3840x2160, 24.000000) dpi(84813,84406), hskew(1)
05-27 16:13:58.475 290 351 D MesonHwc: add fraction display mode (1920x1080i120hz)
05-27 16:13:58.475 290 351 I MesonHwc: add display mode (1920x1080i120hz-1920x1080i120hz-115, 1920x1080, 120.000000) dpi(42406,42203), hskew(1)
05-27 16:13:58.475 290 351 D MesonHwc: add fraction display mode (1080p60hz)
05-27 16:13:58.475 290 351 I MesonHwc: add display mode (1080p60hz-1080p60hz-116, 1920x1080, 60.000000) dpi(42406,42203), hskew(1)
05-27 16:13:58.475 290 351 D MesonHwc: add fraction display mode (1080i60hz)
05-27 16:13:58.475 290 351 I MesonHwc: add display mode (1080i60hz-1080i60hz-117, 1920x1080, 60.000000) dpi(42406,42203), hskew(1)
05-27 16:13:58.475 290 351 I MesonHwc: add display mode (1080p50hz-1080p50hz-118, 1920x1080, 50.000000) dpi(42406,42203), hskew(1)
05-27 16:13:58.475 290 351 I MesonHwc: add display mode (1080i50hz-1080i50hz-119, 1920x1080, 50.000000) dpi(42406,42203), hskew(1)
05-27 16:13:58.475 290 351 D MesonHwc: add fraction display mode (1080p30hz)
05-27 16:13:58.475 290 351 I MesonHwc: add display mode (1080p30hz-1080p30hz-120, 1920x1080, 30.000000) dpi(42406,42203), hskew(1)
05-27 16:13:58.475 290 351 D MesonHwc: add fraction display mode (1080p24hz)
05-27 16:13:58.475 290 351 I MesonHwc: add display mode (1080p24hz-1080p24hz-121, 1920x1080, 24.000000) dpi(42406,42203), hskew(1)
05-27 16:13:58.475 290 351 D MesonHwc: add fraction display mode (1280x720p120hz)
05-27 16:13:58.475 290 351 I MesonHwc: add display mode (1280x720p120hz-1280x720p120hz-122, 1280x720, 120.000000) dpi(28271,28135), hskew(1)
05-27 16:13:58.475 290 351 D MesonHwc: add fraction display mode (720p60hz)
05-27 16:13:58.475 290 351 I MesonHwc: add display mode (720p60hz-720p60hz-123, 1280x720, 60.000000) dpi(28271,28135), hskew(1)
05-27 16:13:58.475 290 351 I MesonHwc: add display mode (720p50hz-720p50hz-124, 1280x720, 50.000000) dpi(28271,28135), hskew(1)
05-27 16:13:58.475 290 351 D MesonHwc: add fraction display mode (720p30hz)
05-27 16:13:58.475 290 351 I MesonHwc: add display mode (720p30hz-720p30hz-125, 1280x720, 30.000000) dpi(28271,28135), hskew(1)
05-27 16:13:58.475 290 351 D MesonHwc: add fraction display mode (720p24hz)
05-27 16:13:58.475 290 351 I MesonHwc: add display mode (720p24hz-720p24hz-127, 1280x720, 24.000000) dpi(28271,28135), hskew(1)
05-27 16:13:58.475 290 351 I MesonHwc: add display mode (576p50hz-576p50hz-129, 720x576, 50.000000) dpi(15902,22508), hskew(1)
05-27 16:13:58.475 290 351 I MesonHwc: add display mode (576i50hz-576i50hz-130, 720x576, 50.000000) dpi(15902,22508), hskew(1)
05-27 16:13:58.475 290 351 D MesonHwc: add fraction display mode (720x480p120hz)
05-27 16:13:58.475 290 351 I MesonHwc: add display mode (720x480p120hz-720x480p120hz-131, 720x480, 120.000000) dpi(15902,18756), hskew(1)
05-27 16:13:58.475 290 351 D MesonHwc: add fraction display mode (480p60hz)
05-27 16:13:58.475 290 351 I MesonHwc: add display mode (480p60hz-480p60hz-133, 720x480, 60.000000) dpi(15902,18756), hskew(1)
05-27 16:13:58.475 290 351 D MesonHwc: add fraction display mode (480i60hz)
05-27 16:13:58.475 290 351 I MesonHwc: add display mode (480i60hz-480i60hz-134, 720x480, 60.000000) dpi(15902,18756), hskew(1)
05-27 16:13:58.475 290 351 I MesonHwc: loadDisplayModes (38) end
05-27 16:13:58.475 290 351 D MesonHwc: HwcDisplayPipe::updatePipe 0.
05-27 16:13:58.476 320 918 I SystemControl: [/Ubootenv.cpp, get, 345] [ubootenv] search end and not find env:connector_type
05-27 16:13:58.476 290 351 D MesonHwc: sc_read_bootenv val is empty
05-27 16:13:58.476 290 351 D MesonHwc: getConnectorType, get ubootenv.var.connector_type from uboot env, return (null)
05-27 16:13:58.476 290 351 D MesonHwc: getConnectorType-0 get connector type hdmi--65536
05-27 16:13:58.476 290 351 D MesonHwc: getConnectorCfg: get display 0, connector 11
05-27 16:13:58.476 290 351 E MesonHwc: FixedDisplayPipe::getConnectorCfg 11
05-27 16:13:58.476 290 351 D MesonHwc: HwcDisplayPipe::updatePipe (0) [CHANGED], crtc (0) connector (11)
05-27 16:13:58.476 290 351 D MesonHwc: HwcDisplayPipe::updatePipe 0 changed
05-27 16:13:58.476 290 351 D MesonHwc: ERR: PLEASE FIX NON-IMPLEMENT FUN(update).
05-27 16:13:58.479 495 532 I hdmiconnection: hot plug port id 0, is connected 1
05-27 16:13:58.480 1444 1444 E xxxxxxxxxxxxxxx: onReceive:mIsHDMIPlugged = true
05-27 16:13:58.482 290 351 D MesonHwc: DrmProperty: EDID (1), value [140]
05-27 16:13:58.483 290 351 D MesonHwc: DrmProperty: content type (77), value [0]
05-27 16:13:58.483 290 351 D MesonHwc: DrmProperty: vrr_capable (78), value [0]
05-27 16:13:58.483 290 351 D MesonHwc: DrmProperty: UPDATE (79), value [0]
05-27 16:13:58.483 290 351 D MesonHwc: DrmProperty: color_depth (80), value [8]
05-27 16:13:58.483 290 351 D MesonHwc: DrmProperty: color_space (81), value [2]
05-27 16:13:58.483 290 351 D MesonHwc: DrmProperty: MESON_DRM_HDMITX_PROP_AVMUTE (82), value [0]
05-27 16:13:58.483 290 351 D MesonHwc: DrmProperty: hdmi_hdr_status (83), value [6]
05-27 16:13:58.483 290 351 D MesonHwc: DrmProperty: dv_cap (85), value [0]
05-27 16:13:58.483 290 351 D MesonHwc: DrmProperty: contenttype_cap (89), value [31]
05-27 16:13:58.483 290 351 D MesonHwc: DrmProperty: hdr_priority (91), value [268435472]
05-27 16:13:58.483 290 351 D MesonHwc: DrmProperty: ready (92), value [0]
05-27 16:13:58.483 290 351 D MesonHwc: DrmProperty: allm_cap (95), value [0]
05-27 16:13:58.483 290 351 D MesonHwc: DrmProperty: dc_cap (96), value [1016]
05-27 16:13:58.483 290 351 E MesonHwc: dolby vision driver is not ready
05-27 16:13:58.484 715 715 D HDMI : Hotplug event:[port:0, connected:true]
05-27 16:13:58.485 489 489 D hdmicecd: [HdmiCecControl]:getPhysicalAddress, physical addr: 2000, last pa: 2000, ret = 0
05-27 16:13:58.485 495 495 D hdmicecd: [HdmiCecControl]:total port:1
05-27 16:13:58.485 495 495 I hdmicecd: [HdmiCecControl]:portId: 0, type:output, cec support:1, arc support:1, physical address:2000
05-27 16:13:58.485 495 495 I hdmicecd: [HdmiCecControl]:arc port:0
05-27 16:13:58.485 290 351 I MesonHwc: hdr_preference (dolby_vision)
05-27 16:13:58.486 290 351 E MesonHwc: dolby vision driver is not ready
05-27 16:13:58.486 290 351 D MesonHwc: dolby version:0, dv3:0, hlg:0, hdr10:0, hdr10+:0 max:0, avg:0, min:0
05-27 16:13:58.486 290 351 D MesonHwc: dolby version 4k30:0
05-27 16:13:58.486 290 351 D MesonHwc: Connector HDMI-A loadDisplayModes get 22 modes
05-27 16:13:58.486 290 351 D MesonHwc: add fraction display mode (1920x1080p120hz)
05-27 16:13:58.486 290 351 I MesonHwc: add display mode (1920x1080p120hz-1920x1080p120hz-110, 1920x1080, 120.000000) dpi(42406,42203), hskew(1)
05-27 16:13:58.486 290 351 D MesonHwc: add fraction display mode (smpte24hz)
05-27 16:13:58.486 290 351 I MesonHwc: add display mode (smpte24hz-smpte24hz-111, 4096x2160, 24.000000) dpi(90468,84406), hskew(1)
05-27 16:13:58.486 290 351 D MesonHwc: add fraction display mode (2160p30hz)
05-27 16:13:58.486 290 351 I MesonHwc: add display mode (2160p30hz-2160p30hz-112, 3840x2160, 30.000000) dpi(84813,84406), hskew(1)
05-27 16:13:58.486 290 351 I MesonHwc: add display mode (2160p25hz-2160p25hz-113, 3840x2160, 25.000000) dpi(84813,84406), hskew(1)
05-27 16:13:58.486 290 351 D MesonHwc: add fraction display mode (2160p24hz)
05-27 16:13:58.486 290 351 I MesonHwc: add display mode (2160p24hz-2160p24hz-114, 3840x2160, 24.000000) dpi(84813,84406), hskew(1)
05-27 16:13:58.486 290 351 D MesonHwc: add fraction display mode (1920x1080i120hz)
05-27 16:13:58.486 290 351 I MesonHwc: add display mode (1920x1080i120hz-1920x1080i120hz-115, 1920x1080, 120.000000) dpi(42406,42203), hskew(1)
05-27 16:13:58.486 290 351 D MesonHwc: add fraction display mode (1080p60hz)
05-27 16:13:58.486 290 351 I MesonHwc: add display mode (1080p60hz-1080p60hz-116, 1920x1080, 60.000000) dpi(42406,42203), hskew(1)
05-27 16:13:58.486 290 351 D MesonHwc: add fraction display mode (1080i60hz)
05-27 16:13:58.486 290 351 I MesonHwc: add display mode (1080i60hz-1080i60hz-117, 1920x1080, 60.000000) dpi(42406,42203), hskew(1)
05-27 16:13:58.486 290 351 I MesonHwc: add display mode (1080p50hz-1080p50hz-118, 1920x1080, 50.000000) dpi(42406,42203), hskew(1)
05-27 16:13:58.486 290 351 I MesonHwc: add display mode (1080i50hz-1080i50hz-119, 1920x1080, 50.000000) dpi(42406,42203), hskew(1)
05-27 16:13:58.486 290 351 D MesonHwc: add fraction display mode (1080p30hz)
05-27 16:13:58.486 290 351 I MesonHwc: add display mode (1080p30hz-1080p30hz-120, 1920x1080, 30.000000) dpi(42406,42203), hskew(1)
05-27 16:13:58.486 290 351 D MesonHwc: add fraction display mode (1080p24hz)
05-27 16:13:58.486 290 351 I MesonHwc: add display mode (1080p24hz-1080p24hz-121, 1920x1080, 24.000000) dpi(42406,42203), hskew(1)
05-27 16:13:58.486 290 351 D MesonHwc: add fraction display mode (1280x720p120hz)
05-27 16:13:58.486 290 351 I MesonHwc: add display mode (1280x720p120hz-1280x720p120hz-122, 1280x720, 120.000000) dpi(28271,28135), hskew(1)
05-27 16:13:58.486 290 351 D MesonHwc: add fraction display mode (720p60hz)
05-27 16:13:58.486 290 351 I MesonHwc: add display mode (720p60hz-720p60hz-123, 1280x720, 60.000000) dpi(28271,28135), hskew(1)
05-27 16:13:58.486 290 351 I MesonHwc: add display mode (720p50hz-720p50hz-124, 1280x720, 50.000000) dpi(28271,28135), hskew(1)
05-27 16:13:58.486 290 351 D MesonHwc: add fraction display mode (720p30hz)
05-27 16:13:58.486 290 351 I MesonHwc: add display mode (720p30hz-720p30hz-125, 1280x720, 30.000000) dpi(28271,28135), hskew(1)
05-27 16:13:58.486 290 351 D MesonHwc: add fraction display mode (720p24hz)
05-27 16:13:58.486 290 351 I MesonHwc: add display mode (720p24hz-720p24hz-127, 1280x720, 24.000000) dpi(28271,28135), hskew(1)
05-27 16:13:58.487 290 351 I MesonHwc: add display mode (576p50hz-576p50hz-129, 720x576, 50.000000) dpi(15902,22508), hskew(1)
05-27 16:13:58.487 290 351 I MesonHwc: add display mode (576i50hz-576i50hz-130, 720x576, 50.000000) dpi(15902,22508), hskew(1)
05-27 16:13:58.487 290 351 D MesonHwc: add fraction display mode (720x480p120hz)
05-27 16:13:58.487 290 351 I MesonHwc: add display mode (720x480p120hz-720x480p120hz-131, 720x480, 120.000000) dpi(15902,18756), hskew(1)
05-27 16:13:58.487 290 351 D MesonHwc: add fraction display mode (480p60hz)
05-27 16:13:58.487 290 351 I MesonHwc: add display mode (480p60hz-480p60hz-132, 720x480, 60.000000) dpi(15902,18756), hskew(1)
05-27 16:13:58.487 290 351 D MesonHwc: add fraction display mode (480i60hz)
05-27 16:13:58.487 290 351 I MesonHwc: add display mode (480i60hz-480i60hz-133, 720x480, 60.000000) dpi(15902,18756), hskew(1)
05-27 16:13:58.487 290 351 I MesonHwc: loadDisplayModes (38) end
05-27 16:13:58.487 290 351 D MesonHwc: unbind pipe (0)
05-27 16:13:58.487 290 351 D MesonHwc: bind pipe (0),crtc(63)connector(75)
05-27 16:13:58.487 290 351 D MesonHwc: RealModeMgr::update: nextModeId:836
05-27 16:13:58.487 290 351 D MesonHwc: RealModeMgr::update use previous mode (720x480-60.00)
05-27 16:13:58.487 715 821 I WiredAccessoryManager: MSG_NEW_DEVICE_STATE
05-27 16:13:58.487 290 351 D MesonHwc: updatePipe connector:HDMI-A, connected:1
05-27 16:13:58.487 290 346 V MesonDisplayServer: GetDisplayMode:dummy_l
05-27 16:13:58.487 290 351 D MesonHwc: Update period 1107a76->fe502a
05-27 16:13:58.487 290 351 D MesonHwc: Update period 1107a76->fe502a
05-27 16:13:58.487 320 328 I SystemControl: [/DisplayMode.cpp, getDisplayMode, 2331] getDisplayMode mode:dummy_l
05-27 16:13:58.487 320 328 I SystemControl: [/Ubootenv.cpp, get, 336] [ubootenv] get key:hdmimode envValue: 480p60hz
05-27 16:13:58.487 320 328 I SystemControl: [/Ubootenv.cpp, get, 336] [ubootenv] get key:cvbsmode envValue: 576cvbs
05-27 16:13:58.487 320 328 I SystemControl: [/DisplayMode.cpp, getCommonData, 1542] hdmi_current_mode:dummy_l, ubootenv hdmimode:480p60hz cvbsmode:576cvbs
05-27 16:13:58.488 290 346 D MesonDisplayServer: use connector getDisplayAttribute "HDMI Color ATTR": "444,8bit"
05-27 16:13:58.488 290 351 D MesonHwc: Update period 1107a76->fe502a
05-27 16:13:58.488 290 351 I MesonHwc: HwcConfig::default frame buffer size (1920 x 1080)
05-27 16:13:58.488 290 351 D MesonHwc: [setConnectorStatus]: power mode 1
05-27 16:13:58.488 320 328 I SystemControl: [/Ubootenv.cpp, get, 345] [ubootenv] search end and not find env:user_colorattribute
05-27 16:13:58.488 320 328 I SystemControl: [/DisplayMode.cpp, getCommonData, 1554] hdmi_current_attr:444,8bit, ubootenv_colorattribute:none
05-27 16:13:58.488 320 328 I SystemControl: [/Ubootenv.cpp, get, 345] [ubootenv] search end and not find env:dv_enable
05-27 16:13:58.488 320 328 I SystemControl: [/DisplayMode.cpp, getCommonData, 1567] dv_enable:0
05-27 16:13:58.488 320 328 I SystemControl: [/Ubootenv.cpp, get, 345] [ubootenv] search end and not find env:user_prefer_dv_type
05-27 16:13:58.488 320 328 I SystemControl: [/DisplayMode.cpp, getCommonData, 1578] ubootenv_dv_type:0
05-27 16:13:58.488 320 328 I SystemControl: [/DisplayMode.cpp, getHdmiData, 1721] display sink type:1 [0:none, 1:sink, 2:repeater]
05-27 16:13:58.489 290 351 D MesonHwc: Update composition MultiplanesWithDiComposition -> MultiplanesWithDiComposition
05-27 16:13:58.489 290 351 D MesonHwc: getSupportedContentTypes: DrmConnector HDMI-A get supported content type 1
05-27 16:13:58.489 290 351 D MesonHwc: getSupportedContentTypes: DrmConnector HDMI-A get supported content type 2
05-27 16:13:58.489 290 351 D MesonHwc: getSupportedContentTypes: DrmConnector HDMI-A get supported content type 3
05-27 16:13:58.489 290 351 D MesonHwc: getSupportedContentTypes: DrmConnector HDMI-A get supported content type 4
05-27 16:13:58.489 290 351 D MesonHwc: [setPendingMode] pending modes vector empty
05-27 16:13:58.489 290 351 D MesonHwc: displayID:0, On hot plug: [Plug in]
05-27 16:13:58.489 290 351 D MesonHwc: ModePolicy handle hotplug:1
05-27 16:13:58.489 290 351 V MesonDisplayServer: GetDisplayMode:dummy_l
01-01 08:07:28.235 0 0 I [1 T351 ..] vc: [0]get capability: min 64 64; max 4096 2160
05-27 16:13:58.489 290 351 I MesonHwc: getDisplayMode mode:dummy_l
01-01 08:07:28.236 0 0 I [1 T351 ..] vc: [1]get capability: min 64 64; max 2048 1080
05-27 16:13:58.491 320 328 I SystemControl: [/DisplayMode.cpp, filterHdmiDispcap, 1398] before filtered HdmiDispcap: 1080p60hz
05-27 16:13:58.491 320 328 I SystemControl: 1080p50hz
05-27 16:13:58.491 320 328 I SystemControl: 1080i50hz
05-27 16:13:58.491 320 328 I SystemControl: 1080i60hz
05-27 16:13:58.491 320 328 I SystemControl: 720p50hz
05-27 16:13:58.491 320 328 I SystemControl: 720p60hz
05-27 16:13:58.491 320 328 I SystemControl: 1080p24hz
05-27 16:13:58.491 320 328 I SystemControl: 1080p30hz
05-27 16:13:58.491 320 328 I SystemControl: 720p24hz
05-27 16:13:58.491 320 328 I SystemControl: 720p30hz
05-27 16:13:58.491 320 328 I SystemControl: 576p50hz
05-27 16:13:58.491 320 328 I SystemControl: 576i50hz
05-27 16:13:58.491 320 328 I SystemControl: 480p60hz
05-27 16:13:58.491 320 328 I SystemControl: 480i60hz
05-27 16:13:58.491 320 328 I SystemControl: 1280x720p120hz
05-27 16:13:58.491 320 328 I SystemControl: 1920x1080i120hz
05-27 16:13:58.491 320 328 I SystemControl: 1920x1080p120hz
05-27 16:13:58.491 320 328 I SystemControl: 720x480p120hz
05-27 16:13:58.491 320 328 I SystemControl: 2160p30hz
05-27 16:13:58.491 320 328 I SystemControl: 2160p25hz
05-27 16:13:58.491 320 328 I SystemControl: 2160p24hz
05-27 16:13:58.491 320 328 I SystemControl: smpte24hz
05-27 16:13:58.491 320 328 I SystemControl:
05-27 16:13:58.492 320 328 I SystemControl: [/DisplayMode.cpp, filterHdmiDispcap, 1427] after filtered HdmiDispcap: 1080p60hz
