05-27 16:13:45.175 290 351 D MesonHwc: received Uevent: MODALIAS=input:b0005v1D5ApC081e0000-e0,1,2,3,4,k71,72,73,74,77,80,82,83,85,86,87,88,89,8A,8B,8C,8E,90,96,98,9B,9C,9E,9F,A1,A3,A4,A5,A6,A7,A8,A9,AB,AC,AD,AE,B0,B1,B2,B5,B6,CE,CF,D0,D1,D2,D4,D8,D9,DB,DF,E0,E1,E4,E5,E6,E7,E8,E9,EA,EB,F0,F1,F4,100,161,162,166,16A,16E,172,174,176,177,178,179,17A,17B,17C,17D,17F,180,182,183,185,188,189,18C,18D,18E,18F,190,191,192,193,195,197,198,199,19A,19C,1A0,1A1,1A2,1A3,1A4,1A5,1A6,1A7,1A8,1A9,1AA,1AB,1AC,1AD,1AE,1AF,1B0,1B1,1B7,1BA,240,241,242,243,244,245,246,247,249,24A,250,251,r6,C,a20,m4,lsfw
05-27 16:13:45.175 290 351 D MesonHwc: received Uevent: SEQNUM=3609
05-27 16:13:45.175 290 351 D MesonHwc: received Uevent: change@/devices/virtual/amhdmitx/amhdmitx0
05-27 16:13:45.175 290 351 D MesonHwc: received Uevent: ACTION=change
05-27 16:13:45.175 290 351 D MesonHwc: received Uevent: DEVPATH=/devices/virtual/amhdmitx/amhdmitx0
05-27 16:13:45.175 290 351 D MesonHwc: received Uevent: SUBSYSTEM=amhdmitx
05-27 16:13:45.175 290 351 D MesonHwc: received Uevent: hdmitx_vmode_audio=1
05-27 16:13:45.175 290 351 D MesonHwc: received Uevent: MAJOR=492
05-27 16:13:45.175 290 351 D MesonHwc: received Uevent: MINOR=0
05-27 16:13:45.175 290 351 D MesonHwc: received Uevent: DEVNAME=amhdmitx0
05-27 16:13:45.175 290 351 D MesonHwc: received Uevent: SEQNUM=5664
05-27 16:13:45.175 290 351 D MesonHwc: received Uevent: ATIBLE_N=1
05-27 16:13:45.175 290 351 D MesonHwc: received Uevent: MODALIAS=of:NvoutT(null)Camlogic,_vout
05-27 16:13:45.175 290 351 D MesonHwc: received Uevent: SEQNUM=5663
05-27 16:13:45.175 290 351 D MesonHwc: received Uevent: Camlogic,_aocec-s7d
05-27 16:13:45.175 290 351 D MesonHwc: received Uevent: SEQNUM=5661
05-27 16:13:45.175 290 351 D MesonHwc: received Uevent: 5Ap0000C081
05-27 16:13:45.175 290 351 D MesonHwc: received Uevent: SEQNUM=3612
05-27 16:13:45.175 290 351 D MesonHwc: received Uevent: bfd4444600000000 1 130ff38b17c000 677bfad9415fed 9ed68000004400 10000002
05-27 16:13:45.175 290 351 D MesonHwc: received Uevent: REL=1040
05-27 16:13:45.175 290 351 D MesonHwc: received Uevent: ABS=100000000
05-27 16:13:45.175 290 351 D MesonHwc: received Uevent: MSC=10
05-27 16:13:45.175 290 351 D MesonHwc: received Uevent: MODALIAS=input:b0005v1D5ApC081e0000-e0,1,2,3,4,k71,72,73,74,77,80,82,83,85,86,87,88,89,8A,8B,8C,8E,90,96,98,9B,9C,9E,9F,A1,A3,A4,A5,A6,A7,A8,A9,AB,AC,AD,AE,B0,B1,B2,B5,B6,CE,CF,D0,D1,D2,D4,D8,D9,DB,DF,E0,E1,E4,E5,E6,E7,E8,E9,EA,EB,F0,F1,F4,100,161,162,166,16A,16E,172,174,176,177,178,179,17A,17B,17C,17D,17F,180,182,183,185,188,189,18C,18D,18E,18F,190,191,192,193,195,197,198,199,19A,19C,1A0,1A1,1A2,1A3,1A4,1A5,1A6,1A7,1A8,1A9,1AA,1AB,1AC,1AD,1AE,1AF,1B0,1B1,1B7,1BA,240,241,242,243,244,245,246,247,249,24A,250,251,r6,C,a20,m4,lsfw
05-27 16:13:45.175 290 351 D MesonHwc: received Uevent: SEQNUM=3609
05-27 16:13:45.175 290 351 D MesonHwc: received Uevent: change@/devices/virtual/amhdmitx/amhdmitx0
05-27 16:13:45.175 290 351 D MesonHwc: received Uevent: ACTION=change
05-27 16:13:45.175 290 351 D MesonHwc: received Uevent: DEVPATH=/devices/virtual/amhdmitx/amhdmitx0
05-27 16:13:45.175 290 351 D MesonHwc: received Uevent: SUBSYSTEM=amhdmitx
05-27 16:13:45.175 290 351 D MesonHwc: received Uevent: hdmitx_current_status=188
05-27 16:13:45.175 290 351 D MesonHwc: received Uevent: MAJOR=492
05-27 16:13:45.175 290 351 D MesonHwc: received Uevent: MINOR=0
05-27 16:13:45.175 290 351 D MesonHwc: received Uevent: DEVNAME=amhdmitx0
05-27 16:13:45.175 290 351 D MesonHwc: received Uevent: SEQNUM=5665
05-27 16:13:45.175 290 351 D MesonHwc: received Uevent: E_N=1
05-27 16:13:45.175 290 351 D MesonHwc: received Uevent: MODALIAS=of:NvoutT(null)Camlogic,_vout
05-27 16:13:45.175 290 351 D MesonHwc: received Uevent: SEQNUM=5663
05-27 16:13:45.175 290 351 D MesonHwc: received Uevent: Camlogic,_aocec-s7d
05-27 16:13:45.175 290 351 D MesonHwc: received Uevent: SEQNUM=5661
05-27 16:13:45.175 290 351 D MesonHwc: received Uevent: 5Ap0000C081
05-27 16:13:45.175 290 351 D MesonHwc: received Uevent: SEQNUM=3612
05-27 16:13:45.175 290 351 D MesonHwc: received Uevent: bfd4444600000000 1 130ff38b17c000 677bfad9415fed 9ed68000004400 10000002
05-27 16:13:45.176 290 351 D MesonHwc: received Uevent: REL=1040
05-27 16:13:45.176 290 351 D MesonHwc: received Uevent: ABS=100000000
05-27 16:13:45.176 290 351 D MesonHwc: received Uevent: MSC=10
05-27 16:13:45.176 290 351 D MesonHwc: received Uevent: MODALIAS=input:b0005v1D5ApC081e0000-e0,1,2,3,4,k71,72,73,74,77,80,82,83,85,86,87,88,89,8A,8B,8C,8E,90,96,98,9B,9C,9E,9F,A1,A3,A4,A5,A6,A7,A8,A9,AB,AC,AD,AE,B0,B1,B2,B5,B6,CE,CF,D0,D1,D2,D4,D8,D9,DB,DF,E0,E1,E4,E5,E6,E7,E8,E9,EA,EB,F0,F1,F4,100,161,162,166,16A,16E,172,174,176,177,178,179,17A,17B,17C,17D,17F,180,182,183,185,188,189,18C,18D,18E,18F,190,191,192,193,195,197,198,199,19A,19C,1A0,1A1,1A2,1A3,1A4,1A5,1A6,1A7,1A8,1A9,1AA,1AB,1AC,1AD,1AE,1AF,1B0,1B1,1B7,1BA,240,241,242,243,244,245,246,247,249,24A,250,251,r6,C,a20,m4,lsfw
05-27 16:13:45.176 290 351 D MesonHwc: received Uevent: SEQNUM=3609
05-27 16:13:45.176 290 351 D MesonHwc: received Uevent: change@/devices/virtual/amhdmitx/amhdmitx0
05-27 16:13:45.176 290 351 D MesonHwc: received Uevent: ACTION=change
05-27 16:13:45.176 290 351 D MesonHwc: received Uevent: DEVPATH=/devices/virtual/amhdmitx/amhdmitx0
05-27 16:13:45.176 290 351 D MesonHwc: received Uevent: SUBSYSTEM=amhdmitx
05-27 16:13:45.176 290 351 D MesonHwc: received Uevent: hdmitx_current_status=188
05-27 16:13:45.176 290 351 D MesonHwc: received Uevent: MAJOR=492
05-27 16:13:45.176 290 351 D MesonHwc: received Uevent: MINOR=0
05-27 16:13:45.176 290 351 D MesonHwc: received Uevent: DEVNAME=amhdmitx0
05-27 16:13:45.176 290 351 D MesonHwc: received Uevent: SEQNUM=5665
05-27 16:13:45.176 290 351 D MesonHwc: received Uevent: E_N=1
05-27 16:13:45.176 290 351 D MesonHwc: received Uevent: MODALIAS=of:NvoutT(null)Camlogic,_vout
05-27 16:13:45.176 290 351 D MesonHwc: received Uevent: SEQNUM=5663
05-27 16:13:45.176 290 351 D MesonHwc: received Uevent: Camlogic,_aocec-s7d
05-27 16:13:45.176 290 351 D MesonHwc: received Uevent: SEQNUM=5661
05-27 16:13:45.176 290 351 D MesonHwc: received Uevent: 5Ap0000C081
05-27 16:13:45.176 290 351 D MesonHwc: received Uevent: SEQNUM=3612
05-27 16:13:45.176 290 351 D MesonHwc: received Uevent: bfd4444600000000 1 130ff38b17c000 677bfad9415fed 9ed68000004400 10000002
05-27 16:13:45.176 290 351 D MesonHwc: received Uevent: REL=1040
05-27 16:13:45.176 290 351 D MesonHwc: received Uevent: ABS=100000000
05-27 16:13:45.176 290 351 D MesonHwc: received Uevent: MSC=10
05-27 16:13:45.176 290 351 D MesonHwc: received Uevent: MODALIAS=input:b0005v1D5ApC081e0000-e0,1,2,3,4,k71,72,73,74,77,80,82,83,85,86,87,88,89,8A,8B,8C,8E,90,96,98,9B,9C,9E,9F,A1,A3,A4,A5,A6,A7,A8,A9,AB,AC,AD,AE,B0,B1,B2,B5,B6,CE,CF,D0,D1,D2,D4,D8,D9,DB,DF,E0,E1,E4,E5,E6,E7,E8,E9,EA,EB,F0,F1,F4,100,161,162,166,16A,16E,172,174,176,177,178,179,17A,17B,17C,17D,17F,180,182,183,185,188,189,18C,18D,18E,18F,190,191,192,193,195,197,198,199,19A,19C,1A0,1A1,1A2,1A3,1A4,1A5,1A6,1A7,1A8,1A9,1AA,1AB,1AC,1AD,1AE,1AF,1B0,1B1,1B7,1BA,240,241,242,243,244,245,246,247,249,24A,250,251,r6,C,a20,m4,lsfw
05-27 16:13:45.176 290 351 D MesonHwc: received Uevent: SEQNUM=3609
05-27 16:13:45.176 290 351 D MesonHwc: received Uevent: change@/devices/platform/vout
05-27 16:13:45.176 290 351 D MesonHwc: received Uevent: ACTION=change
05-27 16:13:45.176 290 351 D MesonHwc: received Uevent: DEVPATH=/devices/platform/vout
05-27 16:13:45.176 290 351 D MesonHwc: received Uevent: SUBSYSTEM=platform
05-27 16:13:45.176 290 351 D MesonHwc: received Uevent: vout_setmode=0
05-27 16:13:45.176 290 351 D MesonHwc: ModeChange state: [Complete]
05-27 16:13:45.177 478 5377 D audio_hw_hal_primary: [out_set_parameters:971] out:0xefc47a40 kvpairs:closing=true;exiting=1 out->out_device:0x400, adev->out_device:0x80002
05-27 16:13:45.177 478 5377 E audio_hw_hal_primary: out_set_parameters, ret:-2, hw_sync_mode:is false
05-27 16:13:45.177 290 351 D MesonHwc: DrmProperty: EDID (1), value [126]
05-27 16:13:45.177 535 5387 D AudioFlinger: ro.audio.silent is ignored since no output device is set
05-27 16:13:45.177 290 351 D MesonHwc: DrmProperty: content type (77), value [0]
05-27 16:13:45.177 290 351 D MesonHwc: DrmProperty: vrr_capable (78), value [0]
05-27 16:13:45.177 290 351 D MesonHwc: DrmProperty: UPDATE (79), value [0]
05-27 16:13:45.177 290 351 D MesonHwc: DrmProperty: color_depth (80), value [8]
05-27 16:13:45.177 290 351 D MesonHwc: DrmProperty: color_space (81), value [2]
05-27 16:13:45.177 290 351 D MesonHwc: DrmProperty: MESON_DRM_HDMITX_PROP_AVMUTE (82), value [0]
05-27 16:13:45.177 290 351 D MesonHwc: DrmProperty: hdmi_hdr_status (83), value [6]
05-27 16:13:45.177 290 351 D MesonHwc: DrmProperty: dv_cap (85), value [0]
05-27 16:13:45.177 290 351 D MesonHwc: DrmProperty: contenttype_cap (89), value [31]
05-27 16:13:45.177 290 351 D MesonHwc: DrmProperty: hdr_priority (91), value [268435472]
05-27 16:13:45.177 290 351 D MesonHwc: DrmProperty: ready (92), value [1]
05-27 16:13:45.177 290 351 D MesonHwc: DrmProperty: allm_cap (95), value [0]
05-27 16:13:45.178 290 351 D MesonHwc: DrmProperty: dc_cap (96), value [1016]
05-27 16:13:45.178 290 351 E MesonHwc: dolby vision driver is not ready
05-27 16:13:45.178 478 5377 I audio_hw_hal_primary: [out_set_event_callback:3158] io 2061: out:0xefc47a40, callback:0xf1b4091d cookie:0xf2201390
05-27 16:13:45.178 478 5377 I audio_hw_hal_primary: [adev_close_output_stream_new:8052] io handle 2061: out:0xefc47a40
05-27 16:13:45.178 478 5377 D audio_hw_hal_primary: adev_close_output_stream_new: enter usecase = RAW_DIRECT
05-27 16:13:45.178 478 5377 I audio_hw_hal_primary: [adev_close_output_stream:3695] io 2061: out:0xefc47a40 dev:OUT_HDMI(0x400) flags:0x1, usecase:RAW_DIRECT
05-27 16:13:45.178 478 5377 D audio_hw_hal_primary: [out_standby_new:5767] io 2061: out:0xefc47a40 usecase:RAW_DIRECT
05-27 16:13:45.178 478 5377 I audio_hw_hal_primary: already standby, do nothing
05-27 16:13:45.178 478 5377 I audio_hw_hal_resourcemgr: [is_output_device_muted:710] device:0x2 port_mute:0, fade_mute:0
05-27 16:13:45.178 478 5377 I audio_hw_hal_primary: [adev_close_output_stream:3863] io 2061: out:0xefc47a40 exit ------
05-27 16:13:45.179 290 351 I MesonHwc: hdr_preference (dolby_vision)
05-27 16:13:45.179 290 351 E MesonHwc: dolby vision driver is not ready
05-27 16:13:45.179 290 351 D MesonHwc: dolby version:0, dv3:0, hlg:0, hdr10:0, hdr10+:0 max:0, avg:0, min:0
05-27 16:13:45.179 290 351 D MesonHwc: dolby version 4k30:0
05-27 16:13:45.179 290 351 D MesonHwc: Connector HDMI-A loadDisplayModes get 22 modes
05-27 16:13:45.179 290 351 D MesonHwc: add fraction display mode (1920x1080p120hz)
05-27 16:13:45.179 290 351 I MesonHwc: add display mode (1920x1080p120hz-1920x1080p120hz-110, 1920x1080, 120.000000) dpi(42406,42203), hskew(1)
05-27 16:13:45.179 290 351 D MesonHwc: add fraction display mode (smpte24hz)
05-27 16:13:45.179 290 351 I MesonHwc: add display mode (smpte24hz-smpte24hz-111, 4096x2160, 24.000000) dpi(90468,84406), hskew(1)
05-27 16:13:45.179 290 351 D MesonHwc: add fraction display mode (2160p30hz)
05-27 16:13:45.179 290 351 I MesonHwc: add display mode (2160p30hz-2160p30hz-112, 3840x2160, 30.000000) dpi(84813,84406), hskew(1)
05-27 16:13:45.179 290 351 I MesonHwc: add display mode (2160p25hz-2160p25hz-113, 3840x2160, 25.000000) dpi(84813,84406), hskew(1)
05-27 16:13:45.179 290 351 D MesonHwc: add fraction display mode (2160p24hz)
05-27 16:13:45.179 290 351 I MesonHwc: add display mode (2160p24hz-2160p24hz-114, 3840x2160, 24.000000) dpi(84813,84406), hskew(1)
05-27 16:13:45.179 290 351 D MesonHwc: add fraction display mode (1920x1080i120hz)
05-27 16:13:45.179 290 351 I MesonHwc: add display mode (1920x1080i120hz-1920x1080i120hz-115, 1920x1080, 120.000000) dpi(42406,42203), hskew(1)
05-27 16:13:45.179 290 351 D MesonHwc: add fraction display mode (1080p60hz)
05-27 16:13:45.179 290 351 I MesonHwc: add display mode (1080p60hz-1080p60hz-116, 1920x1080, 60.000000) dpi(42406,42203), hskew(1)
05-27 16:13:45.179 290 351 D MesonHwc: add fraction display mode (1080i60hz)
05-27 16:13:45.179 290 351 I MesonHwc: add display mode (1080i60hz-1080i60hz-117, 1920x1080, 60.000000) dpi(42406,42203), hskew(1)
05-27 16:13:45.179 290 351 I MesonHwc: add display mode (1080p50hz-1080p50hz-118, 1920x1080, 50.000000) dpi(42406,42203), hskew(1)
05-27 16:13:45.179 290 351 I MesonHwc: add display mode (1080i50hz-1080i50hz-119, 1920x1080, 50.000000) dpi(42406,42203), hskew(1)
05-27 16:13:45.179 290 351 D MesonHwc: add fraction display mode (1080p30hz)
05-27 16:13:45.179 290 351 I MesonHwc: add display mode (1080p30hz-1080p30hz-120, 1920x1080, 30.000000) dpi(42406,42203), hskew(1)
05-27 16:13:45.179 290 351 D MesonHwc: add fraction display mode (1080p24hz)
05-27 16:13:45.180 290 351 I MesonHwc: add display mode (1080p24hz-1080p24hz-121, 1920x1080, 24.000000) dpi(42406,42203), hskew(1)
05-27 16:13:45.180 290 351 D MesonHwc: add fraction display mode (1280x720p120hz)
05-27 16:13:45.180 290 351 I MesonHwc: add display mode (1280x720p120hz-1280x720p120hz-122, 1280x720, 120.000000) dpi(28271,28135), hskew(1)
05-27 16:13:45.180 290 351 D MesonHwc: add fraction display mode (720p60hz)
05-27 16:13:45.180 290 351 I MesonHwc: add display mode (720p60hz-720p60hz-123, 1280x720, 60.000000) dpi(28271,28135), hskew(1)
05-27 16:13:45.180 290 351 I MesonHwc: add display mode (720p50hz-720p50hz-124, 1280x720, 50.000000) dpi(28271,28135), hskew(1)
05-27 16:13:45.180 290 351 D MesonHwc: add fraction display mode (720p30hz)
05-27 16:13:45.180 290 351 I MesonHwc: add display mode (720p30hz-720p30hz-125, 1280x720, 30.000000) dpi(28271,28135), hskew(1)
05-27 16:13:45.180 290 351 D MesonHwc: add fraction display mode (720p24hz)
05-27 16:13:45.180 290 351 I MesonHwc: add display mode (720p24hz-720p24hz-127, 1280x720, 24.000000) dpi(28271,28135), hskew(1)
05-27 16:13:45.180 290 351 I MesonHwc: add display mode (576p50hz-576p50hz-129, 720x576, 50.000000) dpi(15902,22508), hskew(1)
05-27 16:13:45.180 290 351 I MesonHwc: add display mode (576i50hz-576i50hz-130, 720x576, 50.000000) dpi(15902,22508), hskew(1)
05-27 16:13:45.180 290 351 D MesonHwc: add fraction display mode (720x480p120hz)
05-27 16:13:45.180 290 351 I MesonHwc: add display mode (720x480p120hz-720x480p120hz-131, 720x480, 120.000000) dpi(15902,18756), hskew(1)
05-27 16:13:45.180 290 351 D MesonHwc: add fraction display mode (480p60hz)
05-27 16:13:45.180 290 351 I MesonHwc: add display mode (480p60hz-480p60hz-133, 720x480, 60.000000) dpi(15902,18756), hskew(1)
05-27 16:13:45.180 290 351 D MesonHwc: add fraction display mode (480i60hz)
05-27 16:13:45.180 478 5377 D audio_hw_hal_primary: [out_dump:848] io 2069: out:0xefc43260, fd:23
05-27 16:13:45.180 290 351 I MesonHwc: add display mode (480i60hz-480i60hz-134, 720x480, 60.000000) dpi(15902,18756), hskew(1)
05-27 16:13:45.180 290 351 I MesonHwc: loadDisplayModes (38) end
05-27 16:13:45.180 290 351 D MesonHwc: ERR: PLEASE FIX NON-IMPLEMENT FUN(update).
05-27 16:13:45.180 290 351 D MesonHwc: RealModeMgr::update: nextModeId:744
05-27 16:13:45.180 290 351 D MesonHwc: RealModeMgr::update get current mode:480p60hz
05-27 16:13:45.180 290 351 D MesonHwc: RealModeMgr::update use current mode (720x480-60.00)
05-27 16:13:45.180 290 351 D MesonHwc: On mode change state: [Complete]
05-27 16:13:45.180 290 351 D MesonHwc: getSupportedContentTypes: DrmConnector HDMI-A get supported content type 1
05-27 16:13:45.180 290 351 D MesonHwc: getSupportedContentTypes: DrmConnector HDMI-A get supported content type 2
05-27 16:13:45.180 290 351 D MesonHwc: getSupportedContentTypes: DrmConnector HDMI-A get supported content type 3
05-27 16:13:45.180 290 351 D MesonHwc: getSupportedContentTypes: DrmConnector HDMI-A get supported content type 4
05-27 16:13:45.180 290 351 D MesonHwc: Hwc2Display::onModeChanged getDisplayMode [480p60hz]
05-27 16:13:45.180 290 351 D MesonHwc: [setConnectorStatus]: power mode 1
05-27 16:13:45.180 290 351 I MesonHwc: HwcConfig::default frame buffer size (1920 x 1080)
05-27 16:13:45.180 290 351 D MesonHwc: onModeChanged mObserver->onHotplug(true) hdrCapsChanged:0
05-27 16:13:45.180 290 351 D MesonHwc: drmplane clear drm bo caches
05-27 16:13:45.180 290 351 D MesonHwc: drmplane clear drm bo caches
05-27 16:13:45.180 290 351 D MesonHwc: cleanupBeforeDestroy displayId:0, clear layers
05-27 16:13:45.180 290 351 D MesonHwc: On hotplug, Fn: 0x989b931, Data: 0xe8cc35e0, display: 0, connection: 1
05-27 16:13:45.180 290 351 D MesonComposer3: halEventcallback onHotplug client3.0
05-27 16:13:45.181 290 382 E MesonHwc: getPort 11
05-27 16:13:45.181 290 382 E MesonHwc: getPort 11
05-27 16:13:45.182 320 918 I SystemControl: notify plugin
05-27 16:13:45.182 478 5377 D audio_hw_hal_primary: [out_set_parameters:971] out:0xefc43260 kvpairs:closing=true;exiting=1 out->out_device:0x400, adev->out_device:0x80002
05-27 16:13:45.182 320 918 I SystemControl: [/SystemControlHal.cpp, onEvent, 72] onEvent event:3, client size:5
05-27 16:13:45.182 478 5377 E audio_hw_hal_primary: out_set_parameters, ret:-2, hw_sync_mode:is false
05-27 16:13:45.182 488 509 I SystemControlClient: notifyCallback event type:3
05-27 16:13:45.182 488 509 I SystemControlClient: notifyCallback: listener is NULL.
05-27 16:13:45.182 240 800 I SystemControlClient: notifyCallback event type:3
05-27 16:13:45.182 240 800 I SystemControlClient: notifyCallback: listener is NULL.
05-27 16:13:45.182 487 516 I SystemControlClient: notifyCallback event type:3
05-27 16:13:45.182 290 351 D MesonHwc: Display (0) ask for refresh.
05-27 16:13:45.182 487 516 I SystemControlClient: notifyCallback: listener is NULL.
05-27 16:13:45.182 486 592 I SystemControlClient: notifyCallback event type:3
05-27 16:13:45.182 486 592 I SystemControlClient: notifyCallback: listener is NULL.
05-27 16:13:45.182 290 351 D MesonHwc: Update period fe502a->1107a76
05-27 16:13:45.182 290 351 D MesonHwc: Update period fe502a->1107a76
05-27 16:13:45.182 290 351 D MesonHwc: Update period fe502a->1107a76
05-27 16:13:45.182 1053 1179 I SystemControlEvent: system control callback event: 3
05-27 16:13:45.182 290 351 D MesonHwc: received Uevent: change@/devices/virtual/amhdmitx/amhdmitx0
05-27 16:13:45.182 290 351 D MesonHwc: received Uevent: ACTION=change
05-27 16:13:45.182 290 351 D MesonHwc: received Uevent: DEVPATH=/devices/virtual/amhdmitx/amhdmitx0
05-27 16:13:45.182 290 351 D MesonHwc: received Uevent: SUBSYSTEM=amhdmitx
05-27 16:13:45.182 290 351 D MesonHwc: received Uevent: hdmitx_current_status=189
05-27 16:13:45.182 290 351 D MesonHwc: received Uevent: MAJOR=492
05-27 16:13:45.182 290 351 D MesonHwc: received Uevent: MINOR=0
05-27 16:13:45.182 290 351 D MesonHwc: received Uevent: DEVNAME=amhdmitx0
05-27 16:13:45.182 290 351 D MesonHwc: received Uevent: SEQNUM=5667
05-27 16:13:45.182 290 351 D MesonHwc: received Uevent: E_N=1
05-27 16:13:45.182 290 351 D MesonHwc: received Uevent: MODALIAS=of:NvoutT(null)Camlogic,_vout
05-27 16:13:45.182 290 351 D MesonHwc: received Uevent: SEQNUM=5666
05-27 16:13:45.182 290 351 D MesonHwc: received Uevent: Camlogic,_aocec-s7d
05-27 16:13:45.182 290 351 D MesonHwc: received Uevent: SEQNUM=5661
05-27 16:13:45.183 290 351 D MesonHwc: received Uevent: 5Ap0000C081
05-27 16:13:45.184 290 351 D MesonHwc: received Uevent: SEQNUM=3612
05-27 16:13:45.184 290 351 D MesonHwc: received Uevent: bfd4444600000000 1 130ff38b17c000 677bfad9415fed 9ed68000004400 10000002
05-27 16:13:45.184 290 351 D MesonHwc: received Uevent: REL=1040
05-27 16:13:45.184 290 351 D MesonHwc: received Uevent: ABS=100000000
05-27 16:13:45.184 290 351 D MesonHwc: received Uevent: MSC=10
05-27 16:13:45.184 290 351 D MesonHwc: received Uevent: MODALIAS=input:b0005v1D5ApC081e0000-e0,1,2,3,4,k71,72,73,74,77,80,82,83,85,86,87,88,89,8A,8B,8C,8E,90,96,98,9B,9C,9E,9F,A1,A3,A4,A5,A6,A7,A8,A9,AB,AC,AD,AE,B0,B1,B2,B5,B6,CE,CF,D0,D1,D2,D4,D8,D9,DB,DF,E0,E1,E4,E5,E6,E7,E8,E9,EA,EB,F0,F1,F4,100,161,162,166,16A,16E,172,174,176,177,178,179,17A,17B,17C,17D,17F,180,182,183,185,188,189,18C,18D,18E,18F,190,191,192,193,195,197,198,199,19A,19C,1A0,1A1,1A2,1A3,1A4,1A5,1A6,1A7,1A8,1A9,1AA,1AB,1AC,1AD,1AE,1AF,1B0,1B1,1B7,1BA,240,241,242,243,244,245,246,247,249,24A,250,251,r6,C,a20,m4,lsfw
05-27 16:13:45.184 290 351 D MesonHwc: received Uevent: SEQNUM=3609
05-27 16:13:45.184 290 351 D MesonHwc: received Uevent: change@/devices/virtual/amhdmitx/amhdmitx0
05-27 16:13:45.184 290 351 D MesonHwc: received Uevent: ACTION=change
05-27 16:13:45.184 1444 1444 E xxxxxxxxxxxxxxx: onReceive:mIsHDMIPlugged = true
05-27 16:13:45.184 290 351 D MesonHwc: received Uevent: DEVPATH=/devices/virtual/amhdmitx/amhdmitx0
05-27 16:13:45.184 290 351 D MesonHwc: received Uevent: SUBSYSTEM=amhdmitx
05-27 16:13:45.184 290 351 D MesonHwc: received Uevent: hdmitx_current_status=189
05-27 16:13:45.184 290 351 D MesonHwc: received Uevent: MAJOR=492
05-27 16:13:45.184 290 351 D MesonHwc: received Uevent: MINOR=0
05-27 16:13:45.184 290 351 D MesonHwc: received Uevent: DEVNAME=amhdmitx0
05-27 16:13:45.184 290 351 D MesonHwc: received Uevent: SEQNUM=5667
05-27 16:13:45.184 290 351 D MesonHwc: received Uevent: E_N=1
05-27 16:13:45.184 290 351 D MesonHwc: received Uevent: MODALIAS=of:NvoutT(null)Camlogic,_vout
05-27 16:13:45.184 290 351 D MesonHwc: received Uevent: SEQNUM=5666
05-27 16:13:45.184 290 351 D MesonHwc: received Uevent: Camlogic,_aocec-s7d
05-27 16:13:45.184 290 351 D MesonHwc: received Uevent: SEQNUM=5661
05-27 16:13:45.184 290 351 D MesonHwc: received Uevent: 5Ap0000C081
05-27 16:13:45.184 290 351 D MesonHwc: received Uevent: SEQNUM=3612
05-27 16:13:45.184 290 351 D MesonHwc: received Uevent: bfd4444600000000 1 130ff38b17c000 677bfad9415fed 9ed68000004400 10000002
05-27 16:13:45.184 290 351 D MesonHwc: received Uevent: REL=1040
05-27 16:13:45.184 290 351 D MesonHwc: received Uevent: ABS=100000000
05-27 16:13:45.184 290 351 D MesonHwc: received Uevent: MSC=10
05-27 16:13:45.184 290 351 D MesonHwc: received Uevent: MODALIAS=input:b0005v1D5ApC081e0000-e0,1,2,3,4,k71,72,73,74,77,80,82,83,85,86,87,88,89,8A,8B,8C,8E,90,96,98,9B,9C,9E,9F,A1,A3,A4,A5,A6,A7,A8,A9,AB,AC,AD,AE,B0,B1,B2,B5,B6,CE,CF,D0,D1,D2,D4,D8,D9,DB,DF,E0,E1,E4,E5,E6,E7,E8,E9,EA,EB,F0,F1,F4,100,161,162,166,16A,16E,172,174,176,177,178,179,17A,17B,17C,17D,17F,180,182,183,185,188,189,18C,18D,18E,18F,190,191,192,193,195,197,198,199,19A,19C,1A0,1A1,1A2,1A3,1A4,1A5,1A6,1A7,1A8,1A9,1AA,1AB,1AC,1AD,1AE,1AF,1B0,1B1,1B7,1BA,240,241,242,243,244,245,246,247,249,24A,250,251,r6,C,a20,m4,lsfw
05-27 16:13:45.184 290 351 D MesonHwc: received Uevent: SEQNUM=3609
05-27 16:13:45.185 478 5377 I audio_hw_hal_primary: [out_set_event_callback:3158] io 2069: out:0xefc43260, callback:0xf1b4091d cookie:0xf2200250
05-27 16:13:45.185 478 5376 I audio_hw_hal_primary: [adev_close_output_stream_new:8052] io handle 2069: out:0xefc43260
05-27 16:13:45.185 478 5376 D audio_hw_hal_primary: adev_close_output_stream_new: enter usecase = RAW_DIRECT
05-27 16:13:45.185 478 5376 I audio_hw_hal_primary: [adev_close_output_stream:3695] io 2069: out:0xefc43260 dev:OUT_HDMI(0x400) flags:0x11, usecase:RAW_DIRECT
05-27 16:13:45.186 478 5376 D audio_hw_hal_primary: [out_standby_new:5767] io 2069: out:0xefc43260 usecase:RAW_DIRECT
05-27 16:13:45.186 478 5376 I audio_hw_hal_primary: already standby, do nothing
05-27 16:13:45.186 478 5376 I audio_hw_hal_resourcemgr: [is_output_device_muted:710] device:0x2 port_mute:0, fade_mute:0
05-27 16:13:45.186 478 5376 I audio_hw_hal_primary: [adev_close_output_stream:3863] io 2069: out:0xefc43260 exit ------
05-27 16:13:45.187 478 5376 D audio_hw_hal_primary: [out_dump:848] io 2077: out:0xefc42400, fd:23
05-27 16:13:45.188 478 5377 D audio_hw_hal_primary: [out_set_parameters:971] out:0xefc42400 kvpairs:closing=true;exiting=1 out->out_device:0x400, adev->out_device:0x80002
05-27 16:13:45.189 478 5377 E audio_hw_hal_primary: out_set_parameters, ret:-2, hw_sync_mode:is false
05-27 16:13:45.189 535 5389 D AudioFlinger: ro.audio.silent is ignored since no output device is set
05-27 16:13:45.189 478 5377 I audio_hw_hal_primary: [out_set_event_callback:3158] io 2077: out:0xefc42400, callback:0xf1b4091d cookie:0xf2201c30
05-27 16:13:45.190 478 5376 I audio_hw_hal_primary: [adev_close_output_stream_new:8052] io handle 2077: out:0xefc42400
05-27 16:13:45.190 478 5376 D audio_hw_hal_primary: adev_close_output_stream_new: enter usecase = RAW_DIRECT
05-27 16:13:45.190 478 5376 I audio_hw_hal_primary: [adev_close_output_stream:3695] io 2077: out:0xefc42400 dev:OUT_HDMI(0x400) flags:0x1, usecase:RAW_DIRECT
05-27 16:13:45.190 478 5376 D audio_hw_hal_primary: [out_standby_new:5767] io 2077: out:0xefc42400 usecase:RAW_DIRECT
05-27 16:13:45.190 478 5376 I audio_hw_hal_primary: already standby, do nothing
05-27 16:13:45.190 478 5376 I audio_hw_hal_resourcemgr: [is_output_device_muted:710] device:0x2 port_mute:0, fade_mute:0
05-27 16:13:45.190 478 5376 I audio_hw_hal_primary: [adev_close_output_stream:3863] io 2077: out:0xefc42400 exit ------
05-27 16:13:45.193 264 264 I SurfaceFlinger: Reconnecting display 4620747849504298251 (HAL ID 0)
05-27 16:13:45.193 290 382 E MesonComposer3: destroyLayer: display:0 failed to destroy layer:357
05-27 16:13:45.193 264 264 E HwcComposer: destroyLayer failed Status(-8, EX_SERVICE_SPECIFIC): '3: '
05-27 16:13:45.193 264 264 E HWC2 : destroyLayer(0, 357) failed: BadLayer (3)
05-27 16:13:45.193 290 382 E MesonComposer3: destroyLayer: display:0 failed to destroy layer:100
05-27 16:13:45.193 264 264 E HwcComposer: destroyLayer failed Status(-8, EX_SERVICE_SPECIFIC): '3: '
05-27 16:13:45.193 264 264 E HWC2 : destroyLayer(0, 100) failed: BadLayer (3)
05-27 16:13:45.194 264 264 E HwcComposer: setClientTargetSlotCount failed Status(-8, EX_SERVICE_SPECIFIC): '4: '
05-27 16:13:45.196 715 873 I AS.AudioDeviceInventory: sendDeviceConnectionIntent(dev:0x400 state:0x1 address: name:);
05-27 16:13:45.196 715 876 I AudioService: onAccessoryPlugMediaUnmute newDevice=1024 [hdmi]
05-27 16:13:45.200 264 264 I Scheduler: Display 4620747849504298251 is the pacesetter
05-27 16:13:45.200 264 5367 E SchedulerTimer: Terminated
05-27 16:13:45.200 264 264 D SurfaceFlinger: Setting power mode 2 on display 4620747849504298251
05-27 16:13:45.200 264 393 W EventThread: Failed dispatching Hotplug{displayId=4620747849504298251, connected} for Connection{0xf2542d10, VSyncRequest::None}
05-27 16:13:45.200 264 394 W EventThread: Failed dispatching Hotplug{displayId=4620747849504298251, connected} for Connection{0xf2543110, VSyncRequest::None}
05-27 16:13:45.200 290 382 D MesonHwc: setPowerMode 2
05-27 16:13:45.201 264 264 D SurfaceFlinger: Finished setting power mode 2 on display 4620747849504298251
05-27 16:13:45.202 290 382 I MesonDisplay: [/mode_policy.c, meson_mode_set_policy, 1177] connector:0 to policy:0
05-27 16:13:45.202 290 382 I MesonDisplay: [/mode_policy.c, is_dv_prefer, 66] not prefer dv, hdr_priority:10000010
05-27 16:13:45.202 290 382 I MesonDisplay: [/mode_policy.c, is_dv_prefer, 66] not prefer dv, hdr_priority:10000010
05-27 16:13:45.202 290 382 I MesonDisplay: [/mode_policy_parser.c, is_support_hdmimode, 115] is_support_hdmimode mode: 2160p60hz not support
05-27 16:13:45.202 290 382 I MesonDisplay: [/mode_policy_parser.c, is_support_hdmimode, 115] is_support_hdmimode mode: 2160p50hz not support
05-27 16:13:45.202 290 382 I MesonDisplay: [/mode_policy_parser.c, is_support_hdmimode, 110] is_support_hdmimode mode: 1080p60hz
05-27 16:13:45.203 290 382 I MesonDisplay: [/mode_policy.c, get_highest_mode_by_policy, 978] get_highest_mode_by_policy preferred mode:[1080p60hz]
05-27 16:13:45.203 290 382 I MesonDisplay: [/mode_policy.c, get_hdmi_outputmode, 1018] get_hdmi_outputmode mode:1080p60hz
05-27 16:13:45.203 290 382 I MesonDisplay: [/mode_policy.c, sdr_scene_process, 1146] final_displaymode:1080p60hz
05-27 16:13:45.203 290 382 I MesonDisplay: [/mode_policy.c, get_best_color_attr, 613] get_best_color_attr current mode:[1080p60hz] brr_mode:[1080p60hz]
05-27 16:13:45.203 290 382 D MesonDisplay: meson_write /sys/class/amhdmitx/amhdmitx0/valid_mode, outputmode:1080p60hz444,8bit
05-27 16:13:45.203 290 382 D MesonDisplay: valid mode is true!
05-27 16:13:45.203 290 382 I MesonDisplay: [/mode_policy.c, get_best_color_attr, 679] support current mode:[1080p60hz], color format:[444,8bit]
05-27 16:13:45.203 290 382 I MesonDisplay: [/mode_policy.c, get_hdmi_color_attr, 1081] get hdmi color attribute : [444,8bit], outputmode is: [1080p60hz]
05-27 16:13:45.203 290 382 I MesonDisplay: [/mode_policy.c, update_deepcolor, 1107] colorattribute = 444,8bit
05-27 16:13:45.203 290 382 I MesonDisplay: [/mode_policy.c, sdr_scene_process, 1163] final_deepcolor = 444,8bit
05-27 16:13:45.203 290 382 I MesonDisplay: [/mode_policy.c, meson_mode_get_policy_output, 1289] final_displaymode:1080p60hz, final_deepcolor:444,8bit, amdv_type:0
05-27 16:13:45.203 290 382 I MesonHwc: getPreferredDisplayConfig [1080p60hz]
05-27 16:13:45.203 290 382 I MesonDisplay: [/mode_policy.c, meson_mode_set_policy, 1177] connector:0 to policy:8
05-27 16:13:45.203 290 382 D MesonHwc: getPreferredBootConfig outConfig = 753 (1920x1080@59.940060)
05-27 16:13:45.204 715 741 I DisplayDeviceRepository: Display device changed: DisplayDeviceInfo{"内置屏幕": uniqueId="local:4620747849504298251", 720 x 480, modeId 622, renderFrameRate 60.000004, defaultModeId 622, supportedModes [{id=622, width=720, height=480, fps=60.000004, alternativeRefreshRates=[], supportedHdrTypes=[]}], colorMode 0, supportedColorModes [0], hdrCapabilities HdrCapabilities{mSupportedHdrTypes=[], mMaxLuminance=500.0, mMaxAverageLuminance=500.0, mMinLuminance=0.0}, allmSupported false, gameContentTypeSupported true, density 120, 15.902 x 18.756 dpi, appVsyncOff 2000000, presDeadline 13666666, touch INTERNAL, rotation 0, type INTERNAL, address {port=11, model=0x402031aff65a95}, deviceProductInfo DeviceProductInfo{name=Linux FHD, manufacturerPnpId=LNX, productId=0, modelYear=null, manufactureDate=ManufactureDate{week=5, year=2012}, connectionToSinkType=0}, state ON, committedState ON, frameRateOverride , brightnessMinimum 0.0, brightnessMaximum 1.0, brightnessDefault 0.39763778, hdrSdrRatio NaN, FLAG_ALLOWED_TO_BE_DEFAULT_DISPLAY, FLAG_ROTATES_WITH_CONTENT, FLAG_SECURE, FLAG_SUPPORTS_PROTECTED_BUFFERS, FLAG_TRUSTED, installOrientation 0, displayShape DisplayShape{ spec=2031491835 displayWidth=720 displayHeight=480 physicalPixelDisplaySizeRatio=1.0 rotation=0 offsetX=0 offsetY=0 scale=1.0}}
05-27 16:13:45.206 264 264 E Scheduler: trackPendingFrame: Invalid present fence
05-27 16:13:45.208 264 264 I RefreshRateSelector: Display 4620747849504298251 policy changed
05-27 16:13:45.208 264 264 I RefreshRateSelector: Previous: {defaultModeId=723, allowGroupSwitching=false, primaryRanges={physical=[0.00 Hz, 340282346638528859811704183484516925440.00 Hz], render=[0.00 Hz, 340282346638528859811704183484516925440.00 Hz]}, appRequestRanges={physical=[0.00 Hz, 340282346638528859811704183484516925440.00 Hz], render=[0.00 Hz, 340282346638528859811704183484516925440.00 Hz]}}
05-27 16:13:45.208 264 264 I RefreshRateSelector: Current: DisplayManagerPolicy{defaultModeId=723, allowGroupSwitching=false, primaryRanges={physical=[0.00 Hz, inf Hz], render=[0.00 Hz, 120.00 Hz]}, appRequestRanges={physical=[0.00 Hz, inf Hz], render=[0.00 Hz, inf Hz]}}
05-27 16:13:45.208 264 264 I RefreshRateSelector: 0 mode changes were performed under the previous policy
05-27 16:13:45.215 715 715 V MediaRouter: Audio routes updated: AudioRoutesInfo{ type=HDMI }, a2dp=false
05-27 16:13:45.215 931 931 V MediaRouter: Audio routes updated: AudioRoutesInfo{ type=HDMI }, a2dp=false
05-27 16:13:45.215 931 931 V MediaRouter: Selecting route: RouteInfo{ name=外部设备, description=null, status=null, category=RouteCategory{ name=系统 types=ROUTE_TYPE_LIVE_AUDIO ROUTE_TYPE_LIVE_VIDEO groupable=false }, supportedTypes=ROUTE_TYPE_LIVE_AUDIO ROUTE_TYPE_LIVE_VIDEO , presentationDisplay=null }
05-27 16:13:45.215 715 715 V MediaRouter: Selecting route: RouteInfo{ name=外部设备, description=null, status=null, category=RouteCategory{ name=系统 types=ROUTE_TYPE_LIVE_AUDIO ROUTE_TYPE_LIVE_VIDEO groupable=false }, supportedTypes=ROUTE_TYPE_LIVE_AUDIO ROUTE_TYPE_LIVE_VIDEO , presentationDisplay=null }
05-27 16:13:45.215 1034 1302 D ActiveDeviceManager: onAudioDevicesAdded
05-27 16:13:45.216 1034 1034 D AvrcpVolumeManager: onAudioDevicesAdded: Not expecting device changed
05-27 16:13:45.216 1034 1302 D ActiveDeviceManager: Audio device added: DBBOX-A3 type: 9
05-27 16:13:45.218 478 478 D xm_audio: adev_get_parameters
05-27 16:13:45.219 478 478 D xm_audio: adev_get_parameters
05-27 16:13:45.223 478 478 D xm_audio: adev_get_parameters
05-27 16:13:45.224 478 478 D xm_audio: adev_get_parameters
05-27 16:13:45.230 478 478 D xm_audio: adev_get_parameters
05-27 16:13:45.230 478 478 D xm_audio: adev_get_parameters
05-27 16:13:45.235 478 5377 D xm_audio: adev_get_parameters
05-27 16:13:45.237 478 5377 D xm_audio: adev_get_parameters
05-27 16:13:45.242 478 478 D xm_audio: adev_get_parameters
05-27 16:13:45.243 478 478 D xm_audio: adev_get_parameters
05-27 16:13:45.248 478 478 D xm_audio: adev_get_parameters
05-27 16:13:45.249 478 478 D xm_audio: adev_get_parameters
05-27 16:13:45.261 478 478 D xm_audio: adev_get_parameters
05-27 16:13:45.262 478 478 D xm_audio: adev_get_parameters
05-27 16:13:45.266 478 478 D xm_audio: adev_get_parameters
05-27 16:13:45.268 478 478 D xm_audio: adev_get_parameters
05-27 16:13:45.274 478 478 D xm_audio: adev_get_parameters
05-27 16:13:45.277 478 478 D xm_audio: adev_get_parameters
05-27 16:13:45.282 478 478 D xm_audio: adev_get_parameters
05-27 16:13:45.283 478 478 D xm_audio: adev_get_parameters
05-27 16:13:45.287 478 478 D xm_audio: adev_get_parameters
05-27 16:13:45.288 478 478 D xm_audio: adev_get_parameters
05-27 16:13:45.292 489 489 D hdmicecd: [CEC]:printCecMessage, [4 -> f] len: 4, body: 84 20 00 04, result:success
05-27 16:13:45.292 489 489 E IPCThreadState: binder thread pool (1 threads) starved for 155 ms
05-27 16:13:45.293 715 894 D HDMI : [S]: 4F:87:1C:A4:10
05-27 16:13:45.427 1420 1648 E ccc : cccccc settingHelper resetManager
05-27 16:13:45.428 1420 1648 V HdmiDisplayManager: Amlogic Y5
05-27 16:13:45.448 515 541 I WifiHAL : call wifi_get_link_stats handler
05-27 16:13:45.448 515 541 I WifiHAL : Creating message to get link statistics; iface = 16
05-27 16:13:45.448 515 541 D WifiHAL : error code -95 mapped to -3
05-27 16:13:45.448 715 854 E WifiStaIfaceAidlImpl: getLinkLayerStats failed with service-specific exception: android.os.ServiceSpecificException: (code 4)
05-27 16:13:45.452 489 489 D hdmicecd: [CEC]:printCecMessage, [4 -> f] len: 4, body: 87 1c a4 10, result:success
05-27 16:13:45.452 489 489 E IPCThreadState: binder thread pool (1 threads) starved for 159 ms
05-27 16:13:45.452 715 894 D HDMI : [S]: 40:8C
05-27 16:13:45.535 489 489 D hdmicecd: [CEC]:printCecMessage, [4 -> 0] len: 1, body: 8c, result:success
05-27 16:13:45.535 715 894 D HDMI : [S]: 40:47
05-27 16:13:45.685 1420 1648 E ccc : cccccc settingHelper resetManager
05-27 16:13:45.686 1420 1648 V HdmiDisplayManager: Amlogic Y5
05-27 16:13:45.814 489 489 D hdmicecd: [CEC]:printCecMessage, [4 -> 0] len: 9, body: 47 44 42 42 4f 58 2d 41 33, result:success
05-27 16:13:45.814 489 489 E IPCThreadState: binder thread pool (1 threads) starved for 279 ms
05-27 16:13:45.815 715 894 D HDMI : [S]: 45:7D
05-27 16:13:45.870 489 489 D hdmicecd: [CEC]:printCecMessage, [4 -> 5] len: 1, body: 7d, result:no ack
05-27 16:13:45.926 489 489 D hdmicecd: [CEC]:printCecMessage, [4 -> 5] len: 1, body: 7d, result:no ack
05-27 16:13:45.927 715 715 D HDMI : AVR did not respond to
05-27 16:13:45.928 715 715 D HdmiControlService: Switching to full volume behavior
05-27 16:13:45.982 489 489 D hdmicecd: [CEC]:printCecMessage, [4 -> e] len: 0, body:, result:no ack
05-27 16:13:46.120 489 525 D hdmicecd: [CEC]:printCecMsgBuf, msg: 0f 87 00 00 00
05-27 16:13:46.122 715 715 D HDMI : [R]: 0F:87:00:00:00
05-27 16:13:46.123 489 519 D hdmicecd: [HdmiCecControl]:getPhysicalAddress, physical addr: 2000, last pa: 2000, ret = 0
05-27 16:13:46.124 715 715 D HDMI : addCecDevice new:CEC: logical_address: 0x00 device_type: 0 cec_version: 5 vendor_id: 16777215 display_name: TV power_status: -1 physical_address: 0xFFFF port_id: -1 old:null
05-27 16:13:46.124 715 715 D HdmiControlService: Switching to full volume behavior
05-27 16:13:46.125 489 519 D hdmicecd: [HdmiCecControl]:getPhysicalAddress, physical addr: 2000, last pa: 2000, ret = 0
05-27 16:13:46.125 715 715 D HDMI : TV is available now for receiving its message
05-27 16:13:46.125 715 715 D AudioService: onStatusChange cecEnabled:true available:true
05-27 16:13:46.126 715 715 D AudioService: TV, no CEC: setting HDMI as regular vol device
05-27 16:13:46.126 715 715 D AudioService: Removing DeviceType: 0x400 from mFullVolumeDevices
05-27 16:13:46.126 715 715 D AudioService: Removing DeviceType: 0x400 from mFixedVolumeDevices
05-27 16:13:46.126 715 715 D AudioService: Removing DeviceType: 0x400 from mAbsoluteVolumeDeviceInfoMap
05-27 16:13:46.130 478 478 D xm_audio: adev_get_parameters
05-27 16:13:46.132 478 478 D xm_audio: adev_get_parameters
05-27 16:13:46.140 478 478 D xm_audio: adev_get_parameters
05-27 16:13:46.142 478 478 D xm_audio: adev_get_parameters
05-27 16:13:46.150 478 478 D xm_audio: adev_get_parameters
05-27 16:13:46.153 478 478 D xm_audio: adev_get_parameters
05-27 16:13:46.161 478 5377 D xm_audio: adev_get_parameters
05-27 16:13:46.163 478 5377 D xm_audio: adev_get_parameters
05-27 16:13:46.169 478 5377 D xm_audio: adev_get_parameters
05-27 16:13:46.171 290 5393 D MesonDisplay: read /sys/class/amhdmitx/amhdmitx0/hdcp_lstore, result length:0, val:
05-27 16:13:46.171 478 5377 D xm_audio: adev_get_parameters
05-27 16:13:46.177 478 5377 D xm_audio: adev_get_parameters
05-27 16:13:46.179 478 5377 D xm_audio: adev_get_parameters
05-27 16:13:46.185 478 5377 D xm_audio: adev_get_parameters
05-27 16:13:46.187 478 5377 D xm_audio: adev_get_parameters
05-27 16:13:46.194 478 5377 D xm_audio: adev_get_parameters
05-27 16:13:46.196 478 5377 D xm_audio: adev_get_parameters
05-27 16:13:46.203 478 5377 D xm_audio: adev_get_parameters
05-27 16:13:46.204 478 5377 D xm_audio: adev_get_parameters
05-27 16:13:46.206 489 489 D hdmicecd: [CEC]:printCecMessage, [4 -> b] len: 0, body:, result:no ack
05-27 16:13:46.206 489 489 E IPCThreadState: binder thread pool (1 threads) starved for 223 ms
05-27 16:13:46.211 478 5377 D xm_audio: adev_get_parameters
05-27 16:13:46.213 478 5377 D xm_audio: adev_get_parameters
05-27 16:13:46.220 478 5377 D xm_audio: adev_get_parameters
05-27 16:13:46.221 478 5377 D xm_audio: adev_get_parameters
05-27 16:13:46.227 478 5377 D xm_audio: adev_get_parameters
05-27 16:13:46.228 478 5377 D xm_audio: adev_get_parameters
05-27 16:13:46.235 478 5377 D xm_audio: adev_get_parameters
05-27 16:13:46.236 478 5377 D xm_audio: adev_get_parameters
05-27 16:13:46.242 478 5377 D xm_audio: adev_get_parameters
05-27 16:13:46.243 478 5377 D xm_audio: adev_get_parameters
05-27 16:13:46.249 478 5377 D xm_audio: adev_get_parameters
05-27 16:13:46.251 478 5377 D xm_audio: adev_get_parameters
05-27 16:13:46.258 478 5377 D xm_audio: adev_get_parameters
05-27 16:13:46.259 478 5377 D xm_audio: adev_get_parameters
05-27 16:13:46.262 489 489 D hdmicecd: [CEC]:printCecMessage, [4 -> 8] len: 0, body:, result:no ack
05-27 16:13:46.265 478 5377 D xm_audio: adev_get_parameters
05-27 16:13:46.266 478 5377 D xm_audio: adev_get_parameters
05-27 16:13:46.273 478 5377 D xm_audio: adev_get_parameters
05-27 16:13:46.275 478 5377 D xm_audio: adev_get_parameters
05-27 16:13:46.281 478 5377 D xm_audio: adev_get_parameters
05-27 16:13:46.282 478 5377 D xm_audio: adev_get_parameters
05-27 16:13:46.288 478 5377 D xm_audio: adev_get_parameters
05-27 16:13:46.290 478 5377 D xm_audio: adev_get_parameters
05-27 16:13:46.318 489 489 D hdmicecd: [CEC]:printCecMessage, [4 -> 5] len: 0, body:, result:no ack
05-27 16:13:46.374 489 489 D hdmicecd: [CEC]:printCecMessage, [4 -> 3] len: 0, body:, result:no ack
05-27 16:13:46.430 489 489 D hdmicecd: [CEC]:printCecMessage, [4 -> 1] len: 0, body:, result:no ack
05-27 16:13:46.486 489 489 D hdmicecd: [CEC]:printCecMessage, [4 -> 0] len: 0, body:, result:success
05-27 16:13:46.487 715 715 D HdmiCecController: [P]:AllocatedAddress=[0]
05-27 16:13:46.487 715 894 D HDMI : [S]: 40:83
05-27 16:13:46.567 489 489 D hdmicecd: [CEC]:printCecMessage, [4 -> 0] len: 1, body: 83, result:success
05-27 16:13:46.727 489 525 D hdmicecd: [CEC]:printCecMsgBuf, msg: 0f 84 00 00 00
05-27 16:13:46.728 715 715 D HDMI : [R]: 0F:84:00:00:00
05-27 16:13:46.730 489 489 D hdmicecd: [HdmiCecControl]:getPhysicalAddress, physical addr: 2000, last pa: 2000, ret = 0
05-27 16:13:46.730 489 519 D hdmicecd: [HdmiCecControl]:getPhysicalAddress, physical addr: 2000, last pa: 2000, ret = 0
05-27 16:13:46.731 715 715 D HDMI : addCecDevice new:CEC: logical_address: 0x00 device_type: 0 cec_version: 5 vendor_id: 0 display_name: TV power_status: -1 physical_address: 0x0000 port_id: -1 old:CEC: logical_address: 0x00 device_type: 0 cec_version: 5 vendor_id: 0 display_name: TV power_status: -1 physical_address: 0xFFFF port_id: -1
05-27 16:13:46.731 715 715 D HdmiControlService: Switching to full volume behavior
05-27 16:13:46.732 489 519 D hdmicecd: [HdmiCecControl]:getPhysicalAddress, physical addr: 2000, last pa: 2000, ret = 0
05-27 16:13:46.732 715 894 D HDMI : [S]: 40:46
05-27 16:13:46.811 489 519 D hdmicecd: [CEC]:printCecMessage, [4 -> 0] len: 1, body: 46, result:success
05-27 16:13:46.927 1444 1444 E xxxxxxxxxxxxxxx: onReceive: true , configuration = {1.0 ?mcc0mnc [zh_CN] ldltr sw720dp w1280dp h720dp 240dpi xlrg long land television -touch -keyb/v/h dpad/v winConfig={ mBounds=Rect(0, 0 - 1920, 1080) mAppBounds=Rect(0, 0 - 1920, 1080) mMaxBounds=Rect(0, 0 - 1920, 1080) mDisplayRotation=ROTATION_0 mWindowingMode=fullscreen mDisplayWindowingMode=fullscreen mActivityType=undefined mAlwaysOnTop=undefined mRotation=ROTATION_0} s.6 fontWeightAdjustment=0}
05-27 16:13:46.927 1444 1444 E xxxxxxxxxxxxxxx: isScreenSizeChange=false app onConfigurationChanged={1.0 ?mcc0mnc [zh_CN] ldltr sw720dp w1280dp h720dp 240dpi xlrg long land television -touch -keyb/v/h dpad/v winConfig={ mBounds=Rect(0, 0 - 1920, 1080) mAppBounds=Rect(0, 0 - 1920, 1080) mMaxBounds=Rect(0, 0 - 1920, 1080) mDisplayRotation=ROTATION_0 mWindowingMode=fullscreen mDisplayWindowingMode=fullscreen mActivityType=undefined mAlwaysOnTop=undefined mRotation=ROTATION_0} s.6 fontWeightAdjustment=0}
05-27 16:13:47.089 489 525 D hdmicecd: [CEC]:printCecMsgBuf, msg: 04 47 48 51 4b 32 20 50 72 6f
05-27 16:13:47.090 715 715 D HDMI : [R]: 04:47
05-27 16:13:47.091 715 715 D HdmiCecNetwork: Updating device OSD name from TV to HQK2 Pro
05-27 16:13:47.091 489 519 D hdmicecd: [HdmiCecControl]:getPhysicalAddress, physical addr: 2000, last pa: 2000, ret = 0
05-27 16:13:47.092 715 894 D HDMI : [S]: 40:8F
05-27 16:13:47.171 290 5393 D MesonDisplay: read /sys/class/amhdmitx/amhdmitx0/hdcp_lstore, result length:0, val:
05-27 16:13:47.175 489 519 D hdmicecd: [CEC]:printCecMessage, [4 -> 0] len: 1, body: 8f, result:success
05-27 16:13:47.282 489 525 D hdmicecd: [CEC]:printCecMsgBuf, msg: 04 90 00
05-27 16:13:47.282 489 525 D hdmicecd: [HdmiCecControl]:updateActiveState received tv power status 0
05-27 16:13:47.283 715 715 D HDMI : [R]: 04:90:00
05-27 16:13:47.284 489 519 D hdmicecd: [HdmiCecControl]:getPhysicalAddress, physical addr: 2000, last pa: 2000, ret = 0
05-27 16:13:47.285 489 519 D hdmicecd: [HdmiCecControl]:getPhysicalAddress, physical addr: 2000, last pa: 2000, ret = 0
05-27 16:13:47.285 715 715 D HDMI : addCecDevice new:CEC: logical_address: 0x00 device_type: 0 cec_version: 5 vendor_id: 0 display_name: HQK2 Pro power_status: 0 physical_address: 0x0000 port_id: -1 old:CEC: logical_address: 0x00 device_type: 0 cec_version: 5 vendor_id: 0 display_name: HQK2 Pro power_status: 0 physical_address: 0x0000 port_id: -1
05-27 16:13:47.286 715 715 D HdmiControlService: Switching to full volume behavior
05-27 16:13:47.287 489 489 D hdmicecd: [HdmiCecControl]:getPhysicalAddress, physical addr: 2000, last pa: 2000, ret = 0
05-27 16:13:47.287 715 715 D HDMI : addCecDevice new:CEC: logical_address: 0x04 device_type: 4 cec_version: 5 vendor_id: 1877008 display_name: DBBOX-A3 power_status: 0 physical_address: 0x2000 port_id: 0 old:null
01-01 08:07:17.481 0 0 W : [3 T0 .s] [SP FRAME TX] arp req,vif_idx:0 sender:[1c:79:2d:20:62:83 192.168.3.86]receiver:[00:00:00:00:00:00 192.168.3.207]
01-01 08:07:17.489 0 0 W : [0 T1054 ..] [SP FRAME RX] arp rsp,vif_idx:0 sender:[c8:09:a8:f5:19:ff 192.168.3.207]receiver:[1c:79:2d:20:62:83 192.168.3.86]
05-27 16:13:48.165 478 672 D audio_hw_hal_ms12common: func:ms12_timer_callback_handler sigv:0 ~~~~~~~~~~
05-27 16:13:48.165 478 672 D audio_hw_hal_ms12v2: set_dolby_ms12_continuous_state audio_continuous_standby_set status 1
05-27 16:13:48.165 478 672 D audio_hw_hal_continuous_standby: audio_continuous_standby_set, type 0, params 1
05-27 16:13:48.165 478 672 D audio_hw_hal_ms12common: aml_send_ms12_scheduler_state_2_ms12 adev:0xefd014a0, sch_state:1(SCHEDULER_STANDBY)
05-27 16:13:48.172 290 5393 D MesonDisplay: read /sys/class/amhdmitx/amhdmitx0/hdcp_lstore, result length:0, val:
01-01 08:07:18.003 0 0 I [0 T4997 ..] [hdmitx: ] UTC+0 2025-05-27 08:13:48 HPD LOW
01-01 08:07:18.003 0 0 I [3 T61 ..] [hdmitx: ] system: plugout
01-01 08:07:18.003 0 0 I [3 T61 ..] resman: notify error info = {"subModule":11,"level":2,"logType":1,"errorType":6,"msg":"HDMITX_HPD_PLUGOUT"}
05-27 16:13:48.260 290 351 D MesonHwc: received Uevent: change@/devices/virtual/amhdmitx/amhdmitx0
05-27 16:13:48.260 290 351 D MesonHwc: received Uevent: ACTION=change
05-27 16:13:48.260 290 351 D MesonHwc: received Uevent: DEVPATH=/devices/virtual/amhdmitx/amhdmitx0
05-27 16:13:48.260 290 351 D MesonHwc: received Uevent: SUBSYSTEM=amhdmitx
05-27 16:13:48.260 290 351 D MesonHwc: received Uevent: hdmitx_current_status=190
05-27 16:13:48.260 290 351 D MesonHwc: received Uevent: MAJOR=492
05-27 16:13:48.260 290 351 D MesonHwc: received Uevent: MINOR=0
01-01 08:07:18.005 0 0 I [3 T61 ..] [hdmitx: ] plug out sequence id: 0
01-01 08:07:18.006 0 0 W : [3 T61 ..] [RX]-up_phy_addr = 0
01-01 08:07:18.007 0 0 I [1 T61 d.] [hdmitx: ] hdmitx_set_drm_pkt: disable drm pkt
01-01 08:07:18.007 0 0 I [1 T61 d.] [hdmitx: ] TV not support DV, clr dv_vsif
01-01 08:07:18.008 0 0 I [1 T61 d.] [hdmitx: ] DV H14b VSIF, switching signal to SDR
01-01 08:07:18.009 0 0 I [1 T61 ..] [hdmitx: ] hdmitx_set_hdr10plus_pkt: null vsif
05-27 16:13:48.260 290 351 D MesonHwc: received Uevent: DEVNAME=amhdmitx0
05-27 16:13:48.260 290 351 D MesonHwc: received Uevent: SEQNUM=5676
05-27 16:13:48.260 290 351 D MesonHwc: received Uevent: ic, aocec-s7d
05-27 16:13:48.260 290 351 D MesonHwc: received Uevent: OF_COMPATIBLE_N=1
05-27 16:13:48.260 290 351 D MesonHwc: received Uevent: MODALIAS=of:NaocecT(null)Camlogic,_aocec-s7d
05-27 16:13:48.260 290 351 D MesonHwc: received Uevent: SEQNUM=5675
05-27 16:13:48.260 290 351 D MesonHwc: received Uevent: 5Ap0000C081
05-27 16:13:48.260 290 351 D MesonHwc: received Uevent: SEQNUM=3612
05-27 16:13:48.260 290 351 D MesonHwc: received Uevent: bfd4444600000000 1 130ff38b17c000 677bfad9415fed 9ed68000004400 10000002
05-27 16:13:48.260 290 351 D MesonHwc: received Uevent: REL=1040
05-27 16:13:48.260 290 351 D MesonHwc: received Uevent: ABS=100000000
05-27 16:13:48.260 290 351 D MesonHwc: received Uevent: MSC=10
05-27 16:13:48.260 290 351 D MesonHwc: received Uevent: MODALIAS=input:b0005v1D5ApC081e0000-e0,1,2,3,4,k71,72,73,74,77,80,82,83,85,86,87,88,89,8A,8B,8C,8E,90,96,98,9B,9C,9E,9F,A1,A3,A4,A5,A6,A7,A8,A9,AB,AC,AD,AE,B0,B1,B2,B5,B6,CE,CF,D0,D1,D2,D4,D8,D9,DB,DF,E0,E1,E4,E5,E6,E7,E8,E9,EA,EB,F0,F1,F4,100,161,162,166,16A,16E,172,174,176,177,178,179,17A,17B,17C,17D,17F,180,182,183,185,188,189,18C,18D,18E,18F,190,191,192,193,195,197,198,199,19A,19C,1A0,1A1,1A2,1A3,1A4,1A5,1A6,1A7,1A8,1A9,1AA,1AB,1AC,1AD,1AE,1AF,1B0,1B1,1B7,1BA,240,241,242,243,244,245,246,247,249,24A,250,251,r6,C,a20,m4,lsfw
05-27 16:13:48.260 290 351 D MesonHwc: received Uevent: SEQNUM=3609
05-27 16:13:48.260 290 351 D MesonHwc: received Uevent: change@/devices/virtual/amhdmitx/amhdmitx0
05-27 16:13:48.260 290 351 D MesonHwc: received Uevent: ACTION=change
05-27 16:13:48.260 290 351 D MesonHwc: received Uevent: DEVPATH=/devices/virtual/amhdmitx/amhdmitx0
05-27 16:13:48.260 290 351 D MesonHwc: received Uevent: SUBSYSTEM=amhdmitx
05-27 16:13:48.260 290 351 D MesonHwc: received Uevent: hdmitx_current_status=190
05-27 16:13:48.260 290 351 D MesonHwc: received Uevent: MAJOR=492
05-27 16:13:48.260 290 351 D MesonHwc: received Uevent: MINOR=0
05-27 16:13:48.260 320 328 I SystemControl: [/UEventObserver.cpp, HDMITxUenventThreadLoop, 451] HDMI TX switch_name:hdmitx_current_status, switch_state: 190
05-27 16:13:48.260 290 351 D MesonHwc: received Uevent: DEVNAME=amhdmitx0
05-27 16:13:48.260 290 351 D MesonHwc: received Uevent: SEQNUM=5676
05-27 16:13:48.260 290 351 D MesonHwc: received Uevent: ic, aocec-s7d
05-27 16:13:48.261 290 351 D MesonHwc: received Uevent: OF_COMPATIBLE_N=1
05-27 16:13:48.261 290 351 D MesonHwc: received Uevent: MODALIAS=of:NaocecT(null)Camlogic,_aocec-s7d
05-27 16:13:48.261 290 351 D MesonHwc: received Uevent: SEQNUM=5675
05-27 16:13:48.261 290 351 D MesonHwc: received Uevent: 5Ap0000C081
05-27 16:13:48.261 290 351 D MesonHwc: received Uevent: SEQNUM=3612
05-27 16:13:48.261 290 351 D MesonHwc: received Uevent: bfd4444600000000 1 130ff38b17c000 677bfad9415fed 9ed68000004400 10000002
05-27 16:13:48.261 290 351 D MesonHwc: received Uevent: REL=1040
05-27 16:13:48.261 290 351 D MesonHwc: received Uevent: ABS=100000000
05-27 16:13:48.261 290 351 D MesonHwc: received Uevent: MSC=10
