05-27 16:13:54.009 320 328 I SystemControl: smpte24hz
05-27 16:13:54.009 320 328 I SystemControl:
05-27 16:13:54.009 478 5446 I audio_hw_hal_mmap: [mmap_audio_register_client:927] OK ! stream 0xefc47a40, client id 0
05-27 16:13:54.009 478 5446 I audio_hw_hal_primary: [adev_open_output_stream:3540] vendor.media.llp 0
05-27 16:13:54.009 478 5446 I audio_hw_hal_primary: [adev_open_output_stream:3610] result profile ch_mask:0x3 rate:48000 format:PCM_16_BIT(0x1) usecase:PCM_MMAP
05-27 16:13:54.009 478 5446 I audio_hw_hal_utils: aml_get_stream_dump_file_name line 2929 file_name /data/vendor/audiohal/stream_pid478_tid5446.pcm
05-27 16:13:54.009 478 5446 I audio_hw_hal_primary: [adev_open_output_stream_new:8037] io 2173: out: 0xefc47a40 card:0 alsa devices:0 exit ------
05-27 16:13:54.010 290 351 D MesonHwc: sc_read_bootenv val is empty
05-27 16:13:54.011 478 5446 I audio_hw_hal_primary: [out_get_buffer_size:552] out:0xefc47a40 config.rate=48000, format:PCM_16_BIT(0x1), stream format:PCM_16_BIT(0x1)
05-27 16:13:54.011 535 5448 I AudioFlinger: AudioFlinger's thread 0xe75c24a0 tid=5448 ready to run
05-27 16:13:54.011 478 5446 I audio_hw_hal_profile: [out_get_parameters:2092] out:0xefc47a40 query channels. Format:PCM_16_BIT(0x1) ++++++++++ hal_format:PCM_16_BIT
05-27 16:13:54.011 478 5446 D audio_hw_hal_profile: get_hdmi_sink_cap_new is running...
05-27 16:13:54.012 478 5446 D audio_hw_hal_profile: [get_hdmi_sink_cap_new:887] query hdmi channels... format: PCM_16_BIT(0x1)
05-27 16:13:54.012 478 5446 I audio_hw_hal_profile: [out_get_parameters:2165] sup_channels=AUDIO_CHANNEL_OUT_STEREO
05-27 16:13:54.013 535 594 D AudioFlinger: closing mmapThread 0xe75c24a0
05-27 16:13:54.013 535 594 D AudioFlinger: mmapThread exit()
05-27 16:13:54.013 478 5446 I audio_hw_hal_primary: [adev_close_output_stream_new:8052] io handle 2173: out:0xefc47a40
05-27 16:13:54.014 478 5446 D audio_hw_hal_primary: adev_close_output_stream_new: enter usecase = PCM_MMAP
05-27 16:13:54.014 478 5446 I audio_hw_hal_primary: [adev_close_output_stream:3695] io 2173: out:0xefc47a40 dev:OUT_HDMI(0x400) flags:0x4001, usecase:PCM_MMAP
05-27 16:13:54.014 478 5446 D audio_hw_hal_primary: [out_standby_new:5767] io 2173: out:0xefc47a40 usecase:PCM_MMAP
05-27 16:13:54.014 478 5446 I audio_hw_hal_primary: already standby, do nothing
05-27 16:13:54.014 478 5446 I audio_hw_hal_mmap: [outMmapDeInit:743] stream:0xefc47a40
05-27 16:13:54.014 478 5446 I audio_hw_hal_mmap: [mmap_audio_unregister_client:955] OK ! stream 0xefc47a40, client id 0
05-27 16:13:54.014 478 5446 I audio_hw_hal_primary: when close aaudio stream, send STANDBY msg to submix & ms12
05-27 16:13:54.014 478 5446 I audio_hw_hal_ms12common: aml_set_ms12_scheduler_state ms12_scheduler_state:1, sch_state:1 SCHEDULER_STANDBY is sent to ms12
05-27 16:13:54.014 478 5446 I audio_hw_hal_resourcemgr: [is_output_device_muted:710] device:0x2 port_mute:0, fade_mute:0
05-27 16:13:54.014 478 5446 I audio_hw_hal_primary: [adev_close_output_stream:3863] io 2173: out:0xefc47a40 exit ------
05-27 16:13:54.014 320 918 I SystemControl: [/Ubootenv.cpp, get, 345] [ubootenv] search end and not find env:user_prefer_dv_type
05-27 16:13:54.014 535 594 I AudioFlinger: openOutput() this 0xed5c2fe0, module 10 Device AUDIO_DEVICE_OUT_HDMI, @:, SamplingRate 48000, Format 0x000001, Channels 0x3, flags 0x4001
05-27 16:13:54.014 290 351 D MesonHwc: sc_read_bootenv val is empty
05-27 16:13:54.015 290 351 E MesonHwc: dolby vision driver is not ready
05-27 16:13:54.015 290 351 I MesonHwc: ubootenv_dv_type:0
05-27 16:13:54.015 478 705 D audio_hw_hal_primary: [adev_open_output_stream_new:7868] enter: dev=0xefd014a0 handle=885 devices=0x400/'HDMI,' flags=0x4001/'DIRECT,MMAP_NOIRQ,' config=(rt=48000 ch_mask=0x3 fmt=0x1) address=''
05-27 16:13:54.015 290 351 I MesonHwc: display sink type:1 [0:none, 1:sink, 2:repeater]
05-27 16:13:54.015 478 705 D audio_hw_hal_primary: adev_open_output_stream_new: enter
05-27 16:13:54.015 478 705 I audio_hw_hal_primary: [adev_open_output_stream:3285] io 2181: out:0xefc47a40 dev:OUT_HDMI(0x400) addr:
05-27 16:13:54.015 478 705 I audio_hw_hal_primary: [adev_open_output_stream:3287] ch_mask:0x3 rate:48000 format:PCM_16_BIT(0x1) flags:0x4001
05-27 16:13:54.015 478 705 I audio_hw_hal_primary: when open aaudio stream, send RUNNING msg to submix & ms12
05-27 16:13:54.015 478 705 D audio_hw_hal_ms12v2: set_dolby_ms12_continuous_state audio_continuous_standby_set status 0
05-27 16:13:54.015 478 705 D audio_hw_hal_continuous_standby: audio_continuous_standby_set, type 0, params 0
05-27 16:13:54.015 478 705 I audio_hw_hal_ms12common: aml_set_ms12_scheduler_state ms12_scheduler_state:0, sch_state:0 SCHEDULER_RUNNING is sent to ms12
05-27 16:13:54.015 290 351 D MesonHwc: hdmi get mDcCap 444,12bit
05-27 16:13:54.015 290 351 D MesonHwc: 444,10bit
05-27 16:13:54.015 290 351 D MesonHwc: 444,8bit
05-27 16:13:54.015 290 351 D MesonHwc: 422,12bit
05-27 16:13:54.015 290 351 D MesonHwc: rgb,12bit
05-27 16:13:54.015 290 351 D MesonHwc: rgb,10bit
05-27 16:13:54.015 290 351 D MesonHwc: rgb,8bit
05-27 16:13:54.015 478 705 I audio_hw_hal_mmap: [outMmapInit:680] stream:0xefc47a40
05-27 16:13:54.015 478 705 I audio_hw_hal_mmap: [dma_buffer_allocate:639] enter
05-27 16:13:54.015 290 351 V MesonDisplayServer: GetDisplayMode:dummy_l
05-27 16:13:54.015 290 351 I MesonHwc: getDisplayMode mode:dummy_l
05-27 16:13:54.015 478 705 I DMABUFHEAPS: Using DMA-BUF heap named: system-uncached
05-27 16:13:54.015 478 705 I audio_hw_hal_mmap: [dma_buffer_allocate:673] s32DmaFd:25, pu8MmapAddr:0xf383f000
05-27 16:13:54.015 478 705 I audio_hw_hal_mmap: [mmap_audio_register_client:927] OK ! stream 0xefc47a40, client id 0
05-27 16:13:54.015 478 705 I audio_hw_hal_primary: [adev_open_output_stream:3540] vendor.media.llp 0
05-27 16:13:54.015 478 705 I audio_hw_hal_primary: [adev_open_output_stream:3610] result profile ch_mask:0x3 rate:48000 format:PCM_16_BIT(0x1) usecase:PCM_MMAP
05-27 16:13:54.015 320 918 I SystemControl: [/Ubootenv.cpp, get, 345] [ubootenv] search end and not find env:framerate_priority
05-27 16:13:54.016 290 351 D MesonHwc: sc_read_bootenv val is empty
05-27 16:13:54.016 320 918 I SystemControl: [/Ubootenv.cpp, get, 336] [ubootenv] get key:hdmimode envValue: 480p60hz
05-27 16:13:54.016 290 351 D MesonHwc: get key:ubootenv.var.hdmimode value:480p60hz
05-27 16:13:54.016 320 918 I SystemControl: [/Ubootenv.cpp, get, 336] [ubootenv] get key:is.bestmode envValue: false
05-27 16:13:54.016 290 351 D MesonHwc: get key:ubootenv.var.is.bestmode value:false
05-27 16:13:54.016 290 351 I MesonDisplay: [/mode_policy.c, meson_mode_set_policy, 1177] connector:0 to policy:8
05-27 16:13:54.016 290 351 I MesonDisplay: [/mode_policy.c, is_dv_prefer, 66] not prefer dv, hdr_priority:10000010
05-27 16:13:54.016 290 351 I MesonDisplay: [/mode_policy.c, is_dv_prefer, 66] not prefer dv, hdr_priority:10000010
05-27 16:13:54.016 290 351 I MesonDisplay: [/mode_policy_parser.c, is_support_hdmimode, 110] is_support_hdmimode mode: 480p60hz
05-27 16:13:54.016 290 351 I MesonDisplay: [/mode_policy.c, get_hdmi_outputmode, 1018] get_hdmi_outputmode mode:480p60hz
05-27 16:13:54.016 290 351 I MesonDisplay: [/mode_policy.c, sdr_scene_process, 1146] final_displaymode:480p60hz
05-27 16:13:54.016 290 351 I MesonDisplay: [/mode_policy.c, get_best_color_attr, 613] get_best_color_attr current mode:[480p60hz] brr_mode:[480p60hz]
05-27 16:13:54.016 290 351 D MesonDisplay: meson_write /sys/class/amhdmitx/amhdmitx0/valid_mode, outputmode:480p60hz444,8bit
05-27 16:13:54.016 290 351 D MesonDisplay: valid mode is true!
05-27 16:13:54.016 290 351 I MesonDisplay: [/mode_policy.c, get_best_color_attr, 679] support current mode:[480p60hz], color format:[444,8bit]
05-27 16:13:54.016 290 351 I MesonDisplay: [/mode_policy.c, get_hdmi_color_attr, 1081] get hdmi color attribute : [444,8bit], outputmode is: [480p60hz]
05-27 16:13:54.016 290 351 I MesonDisplay: [/mode_policy.c, update_deepcolor, 1107] colorattribute = 444,8bit
05-27 16:13:54.016 290 351 I MesonDisplay: [/mode_policy.c, sdr_scene_process, 1163] final_deepcolor = 444,8bit
05-27 16:13:54.016 290 351 I MesonDisplay: [/mode_policy.c, meson_mode_get_policy_output, 1289] final_displaymode:480p60hz, final_deepcolor:444,8bit, amdv_type:0
05-27 16:13:54.017 320 918 I SystemControl: [/Ubootenv.cpp, get, 336] [ubootenv] get key:hdr_preferred_policy envValue: 0
05-27 16:13:54.017 290 351 D MesonHwc: get key:ubootenv.var.hdr_preferred_policy value:0
05-27 16:13:54.017 290 351 I MesonHwc: getPreferredHdrStrategy is 0
05-27 16:13:54.017 290 351 I MesonHwc: check_hdr_mode mode:480p60hz outHdrConversionType:SDR support:1
05-27 16:13:54.017 290 351 I MesonHwc: quiescent_mode is 0
05-27 16:13:54.017 320 918 I SystemControl: [/Ubootenv.cpp, get, 336] [ubootenv] get key:frac_rate_policy envValue: 0
05-27 16:13:54.017 478 705 I audio_hw_hal_utils: aml_get_stream_dump_file_name line 2929 file_name /data/vendor/audiohal/stream_pid478_tid705.pcm
05-27 16:13:54.017 478 705 I audio_hw_hal_primary: [adev_open_output_stream_new:8037] io 2181: out: 0xefc47a40 card:0 alsa devices:0 exit ------
05-27 16:13:54.017 290 351 D MesonHwc: get key:ubootenv.var.frac_rate_policy value:0
05-27 16:13:54.017 290 351 I MesonHwc: get uenv frc policy is 0 and current value is 0
05-27 16:13:54.017 290 351 I MesonHwc: cur frac_rate_policy is equals
05-27 16:13:54.017 290 351 D MesonDisplayServer: use connector getDisplayAttribute "HDMI Color ATTR": "444,8bit"
05-27 16:13:54.017 290 351 I MesonHwc: curDeepcolor[444,8bit] final_deepcolor[444,8bit]
05-27 16:13:54.017 290 351 I MesonHwc: cur deepcolor is equals
05-27 16:13:54.017 290 351 D MesonDisplayServer: getDisplayAttribute "HDR Policy": "0"
05-27 16:13:54.018 290 351 I MesonHwc: cur hdr policy:0
05-27 16:13:54.018 290 351 D MesonDisplayServer: getDisplayAttribute "FORCE HDR Mode": "0"
05-27 16:13:54.018 290 351 I MesonHwc: cur hdr force mode:0
05-27 16:13:54.018 290 351 D MesonDisplayServer: getDisplayAttribute "Dolby Vision Mode": "usage: echo mode > /sys/class/amdolby_vision/dv_mode AMDV_OUTPUT_MODE_BYPASS 0 AMDV_OUTPUT_MODE_IPT 1 AMDV_OUTPUT_MODE_IPT_TUNNEL 2 AMDV_OUTPUT_MODE_HDR10 3 AMDV_OUTPUT_MODE_SDR10 4 AMDV_OUTPUT_MODE_SDR8 5current dv_mode = off"
05-27 16:13:54.018 290 351 D MesonDisplayServer: getDisplayAttribute "Dolby Vision Policy": "0"
05-27 16:13:54.018 290 351 I MesonHwc: cur dv policy:0
05-27 16:13:54.018 320 918 I SystemControl: [/Ubootenv.cpp, get, 345] [ubootenv] search end and not find env:hdr_force_mode
05-27 16:13:54.018 290 351 D MesonHwc: sc_read_bootenv val is empty
05-27 16:13:54.018 290 351 I MesonHwc: get hdr force mode is [2]
05-27 16:13:54.018 320 918 I SystemControl: [/Ubootenv.cpp, get, 336] [ubootenv] get key:hdr_policy envValue: 0
05-27 16:13:54.018 290 351 D MesonHwc: get key:ubootenv.var.hdr_policy value:0
05-27 16:13:54.018 290 351 I MesonHwc: get uboot HdrStrategy is [0]
05-27 16:13:54.018 290 351 E MesonHwc: dolby vision driver is not ready
05-27 16:13:54.018 290 351 D MesonDisplayServer: use connector getDisplayAttribute "HDR Priority": "268435472"
05-27 16:13:54.018 290 351 I MesonHwc: getCurrentHdrPriority is [HDR10_HLG priority]
05-27 16:13:54.018 320 918 I SystemControl: [/Ubootenv.cpp, get, 336] [ubootenv] get key:hdr_priority envValue: 268435472
05-27 16:13:54.018 290 351 D MesonHwc: get key:ubootenv.var.hdr_priority value:268435472
05-27 16:13:54.019 290 351 I MesonHwc: getHdrPriority is [HDR10_HLG priority]
05-27 16:13:54.019 290 351 I MesonHwc: get uboot HdrPriority is [HDR10_HLG priority]
05-27 16:13:54.019 290 351 D MesonDisplayServer: getDisplayAttribute "Dolby Vision Enable": "N"
05-27 16:13:54.019 290 351 D MesonDisplayServer: getDisplayAttribute "Dolby Vision LL Policy": "0"
05-27 16:13:54.019 290 351 I MesonHwc: curDvMode 0, want DvMode 0
05-27 16:13:54.019 290 351 E MesonHwc: dolby vision driver is not ready
05-27 16:13:54.019 290 351 I MesonHwc: cur DvMode is equals
05-27 16:13:54.019 290 351 V MesonDisplayServer: GetDisplayMode:dummy_l
05-27 16:13:54.019 290 351 I MesonHwc: getDisplayMode mode:dummy_l
05-27 16:13:54.019 290 351 I MesonHwc: curMode:[dummy_l] ,final_displaymode[480p60hz]
05-27 16:13:54.019 290 351 I MesonHwc: curmode:dummy_l, tmpMode:dummy_l, outputmode:480p60hz
05-27 16:13:54.019 290 351 I MesonHwc: connector not ready
05-27 16:13:54.019 290 351 I MesonHwc: setSysfsStr /sys/devices/virtual/amhdmitx/amhdmitx0/avmute= 1
05-27 16:13:54.019 290 351 I MesonDisplay: [/HDCPTxAuth.cpp, stopVerAll, 344] hdcp_tx 2.2 & 1.4 stop hdcp pwr
05-27 16:13:54.019 290 351 E MesonDisplay: open /sys/class/amhdmitx/amhdmitx0/hdcp_pwr fail. Error info [No such file or directory]
01-01 08:07:23.766 0 0 I [0 T351 ..] [hdmitx: ] avmute_store 1
05-27 16:13:54.022 478 705 I audio_hw_hal_primary: [out_get_buffer_size:552] out:0xefc47a40 config.rate=48000, format:PCM_16_BIT(0x1), stream format:PCM_16_BIT(0x1)
05-27 16:13:54.022 535 5450 I AudioFlinger: AudioFlinger's thread 0xe75c24a0 tid=5450 ready to run
05-27 16:13:54.031 290 346 D MesonDisplayServer: getDisplayAttribute "Dolby Vision CAP2": "The Rx don't support DolbyVision"
05-27 16:13:54.031 320 328 E SystemControl: [/DisplayMode.cpp, getHdmiDvCap, 1618] TV isn't support dolby vision: The Rx don't support DolbyVision
05-27 16:13:54.031 320 328 I SystemControl: [/DisplayMode.cpp, onTxEvent, 3294] onTxEvent boot config enable do nothing, just return
05-27 16:13:54.031 320 328 I SystemControl: [/UEventObserver.cpp, HDMITxUenventThreadLoop, 451] HDMI TX switch_name:hdmitx_audio, switch_state: 1
05-27 16:13:54.031 320 328 I SystemControl: [/DisplayMode.cpp, onTxEvent, 3267] onTxEvent switchName:hdmitx_audio hpdstate:1 state: 1
05-27 16:13:54.031 320 328 I SystemControl: [/SysWrite.cpp, getKernelReleaseVersion, 701] getKernelReleaseVersion: 5.15
05-27 16:13:54.031 320 328 I SystemControl: [/SystemControlHal.cpp, onEvent, 72] onEvent event:5, client size:5
05-27 16:13:54.032 478 705 I audio_hw_hal_primary: [out_set_volume:1406] out:0xefc47a40 left:1.000000 continuous:1 internal_format:PCM_16_BIT dolby:0 direct pcm:1 mmap_pcm:1
05-27 16:13:54.032 488 509 I SystemControlClient: notifyCallback event type:5
05-27 16:13:54.032 488 509 I SystemControlClient: notifyCallback: listener is NULL.
05-27 16:13:54.032 487 516 I SystemControlClient: notifyCallback event type:5
05-27 16:13:54.032 487 516 I SystemControlClient: notifyCallback: listener is NULL.
05-27 16:13:54.032 240 800 I SystemControlClient: notifyCallback event type:5
05-27 16:13:54.032 320 328 I SystemControl: [/UEventObserver.cpp, HDMITxUenventThreadLoop, 451] HDMI TX switch_name:hdmitx_current_status, switch_state: 201
05-27 16:13:54.032 240 800 I SystemControlClient: notifyCallback: listener is NULL.
05-27 16:13:54.032 486 592 I SystemControlClient: notifyCallback event type:5
05-27 16:13:54.032 486 592 I SystemControlClient: notifyCallback: listener is NULL.
05-27 16:13:54.032 1053 1179 I SystemControlEvent: system control callback event: 5
05-27 16:13:54.045 535 594 I AudioFlinger: openOutput() this 0xed5c2fe0, module 10 Device AUDIO_DEVICE_OUT_HDMI, @:, SamplingRate 0, Format 00000000, Channels 0, flags 0x41
05-27 16:13:54.046 478 5446 D audio_hw_hal_primary: [adev_open_output_stream_new:7868] enter: dev=0xefd014a0 handle=88d devices=0x400/'HDMI,' flags=0x41/'DIRECT,HW_AV_SYNC,' config=(rt=0 ch_mask=0x0 fmt=0x0) address=''
05-27 16:13:54.046 478 5446 D audio_hw_hal_primary: adev_open_output_stream_new: enter
05-27 16:13:54.046 478 5446 I audio_hw_hal_primary: [adev_open_output_stream:3285] io 2189: out:0xefc4baf0 dev:OUT_HDMI(0x400) addr:
05-27 16:13:54.046 478 5446 I audio_hw_hal_primary: [adev_open_output_stream:3287] ch_mask:0 rate:0 format:DEFAULT(0) flags:0x41
05-27 16:13:54.046 478 5446 D audio_hw_hal_primary: [adev_open_output_stream:3573] format=PCM_16_BIT rate=48000
05-27 16:13:54.046 478 5446 I audio_hw_hal_primary: [adev_open_output_stream:3610] result profile ch_mask:0x3 rate:48000 format:PCM_16_BIT(0x1) usecase:PCM_HWSYNC
05-27 16:13:54.046 478 5446 D audio_hw_hal_timer: func:audio_timer_create create timer.1 success.
05-27 16:13:54.046 478 5446 D audio_hw_hal_timer: func:audio_timer_create create timer.2 success.
05-27 16:13:54.047 478 5446 D audio_hw_hal_primary: [adev_open_output_stream_new:7980] timer_id:1
05-27 16:13:54.047 478 5446 I audio_hw_hal_utils: aml_get_stream_dump_file_name line 2929 file_name /data/vendor/audiohal/stream_pid478_tid5446.pcm
05-27 16:13:54.047 478 5446 I audio_hw_hal_primary: [adev_open_output_stream_new:8037] io 2189: out: 0xefc4baf0 card:0 alsa devices:0 exit ------
05-27 16:13:54.049 478 5446 I audio_hw_hal_primary: [out_get_buffer_size:552] out:0xefc4baf0 config.rate=48000, format:PCM_16_BIT(0x1), stream format:PCM_16_BIT(0x1)
05-27 16:13:54.049 535 594 I AudioFlinger: HAL output buffer size 2058 frames, normal sink buffer size 2058 frames
05-27 16:13:54.049 478 5446 I audio_hw_hal_primary: [audiohal_get_latency:1333] io 2189: out:0xefc4baf0 frames:960 rate:48000 whole_latency:20 alsa_latency:20
05-27 16:13:54.050 478 5446 I audio_hw_hal_primary: [out_set_event_callback:3158] io 2189: out:0xefc4baf0, callback:0xf1b4091d cookie:0xf22021d0
05-27 16:13:54.050 478 5446 I audio_hw_hal_primary: [audiohal_get_latency:1333] io 2189: out:0xefc4baf0 frames:960 rate:48000 whole_latency:20 alsa_latency:20
05-27 16:13:54.050 535 5453 I AudioFlinger: AudioFlinger's thread 0xe78e85b0 tid=5453 ready to run
05-27 16:13:54.051 478 5446 I audio_hw_hal_primary: [audiohal_get_latency:1333] io 2189: out:0xefc4baf0 frames:1216 rate:48000 whole_latency:25 alsa_latency:25
05-27 16:13:54.053 535 5453 D AudioFlinger: ro.audio.silent is ignored since no output device is set
05-27 16:13:54.054 478 5446 I audio_hw_hal_profile: [out_get_parameters:2085] out:0xefc4baf0 query audio format. ++++++++++ hal_format:PCM_16_BIT
05-27 16:13:54.054 478 5446 D audio_hw_hal_profile: get_hdmi_sink_cap_new is running...
05-27 16:13:54.054 478 5446 D audio_hw_hal_profile: query hdmi format...
05-27 16:13:54.054 478 5446 D audio_hw_hal_profile: get_hdmi_sink_cap_new ddp is supported; ddp-joc(atmos) is supported;
05-27 16:13:54.054 478 5446 I audio_hw_hal_profile: get_hdmi_sink_cap_new dts-hd vendor special byte3:0x1
05-27 16:13:54.054 478 5446 I audio_hw_hal_profile: PCM cap Max channel =2
05-27 16:13:54.054 478 5446 I audio_hw_hal_profile: [out_get_parameters:2165] sup_formats=AUDIO_FORMAT_PCM_16_BIT|AUDIO_FORMAT_IEC61937|AUDIO_FORMAT_E_AC3|AUDIO_FORMAT_E_AC3_JOC|AUDIO_FORMAT_AC3|AUDIO_FORMAT_DTS
05-27 16:13:54.054 535 594 D APM_AudioPolicyManager: modifySurroundFormats: forced use = 0
05-27 16:13:54.055 478 5446 D audio_hw_hal_primary: [out_standby_new:5767] io 2189: out:0xefc4baf0 usecase:PCM_HWSYNC
05-27 16:13:54.056 478 5446 I audio_hw_hal_primary: already standby, do nothing
05-27 16:13:54.056 478 5446 I audio_hw_hal_profile: [out_get_parameters:2089] out:0xefc4baf0 query sample rate. Format:PCM_16_BIT(0x1) ++++++++++ hal_format:PCM_16_BIT
05-27 16:13:54.056 478 5446 D audio_hw_hal_profile: get_hdmi_sink_cap_new is running...
05-27 16:13:54.057 478 5446 D audio_hw_hal_profile: [get_hdmi_sink_cap_new:960] query hdmi sample_rate... format: PCM_16_BIT(0x1)
05-27 16:13:54.057 478 5446 I audio_hw_hal_profile: get_hdmi_sink_cap_new format =0x1 support rate =sup_sampling_rates=32000|44100|48000|88200|96000|176400|192000
05-27 16:13:54.057 478 5446 I audio_hw_hal_profile: [out_get_parameters:2165] sup_sampling_rates=32000|44100|48000|88200|96000|176400|192000
05-27 16:13:54.057 478 5446 I audio_hw_hal_profile: [out_get_parameters:2092] out:0xefc4baf0 query channels. Format:PCM_16_BIT(0x1) ++++++++++ hal_format:PCM_16_BIT
05-27 16:13:54.057 478 5446 D audio_hw_hal_profile: get_hdmi_sink_cap_new is running...
05-27 16:13:54.057 478 5446 D audio_hw_hal_profile: [get_hdmi_sink_cap_new:887] query hdmi channels... format: PCM_16_BIT(0x1)
05-27 16:13:54.057 478 5446 I audio_hw_hal_profile: [out_get_parameters:2165] sup_channels=AUDIO_CHANNEL_OUT_STEREO
05-27 16:13:54.058 478 5446 I audio_hw_hal_profile: [out_get_parameters:2089] out:0xefc4baf0 query sample rate. Format:DTS(0xb000000) ++++++++++ hal_format:PCM_16_BIT
05-27 16:13:54.058 478 5446 D audio_hw_hal_profile: get_hdmi_sink_cap_new is running...
05-27 16:13:54.058 478 5446 D audio_hw_hal_profile: [get_hdmi_sink_cap_new:960] query hdmi sample_rate... format: DTS(0xb000000)
05-27 16:13:54.058 478 5446 I audio_hw_hal_profile: get_hdmi_sink_cap_new format =0xb000000 support rate =sup_sampling_rates=32000|44100|48000
05-27 16:13:54.058 478 5446 I audio_hw_hal_profile: [out_get_parameters:2165] sup_sampling_rates=32000|44100|48000
05-27 16:13:54.058 478 5446 I audio_hw_hal_profile: [out_get_parameters:2092] out:0xefc4baf0 query channels. Format:DTS(0xb000000) ++++++++++ hal_format:PCM_16_BIT
05-27 16:13:54.058 478 5446 D audio_hw_hal_profile: get_hdmi_sink_cap_new is running...
05-27 16:13:54.059 478 5446 D audio_hw_hal_profile: [get_hdmi_sink_cap_new:887] query hdmi channels... format: DTS(0xb000000)
05-27 16:13:54.059 478 5446 I audio_hw_hal_profile: [out_get_parameters:2165] sup_channels=AUDIO_CHANNEL_OUT_MONO|AUDIO_CHANNEL_OUT_STEREO|AUDIO_CHANNEL_OUT_TRI|AUDIO_CHANNEL_OUT_TRI_BACK|AUDIO_CHANNEL_OUT_3POINT1|AUDIO_CHANNEL_OUT_QUAD|AUDIO_CHANNEL_OUT_SURROUND|AUDIO_CHANNEL_OUT_PENTA|AUDIO_CHANNEL_OUT_5POINT1
05-27 16:13:54.059 478 5446 I audio_hw_hal_profile: [out_get_parameters:2089] out:0xefc4baf0 query sample rate. Format:AC3(0x9000000) ++++++++++ hal_format:PCM_16_BIT
05-27 16:13:54.059 478 5446 D audio_hw_hal_profile: get_hdmi_sink_cap_new is running...
05-27 16:13:54.059 478 5446 D audio_hw_hal_profile: [get_hdmi_sink_cap_new:960] query hdmi sample_rate... format: AC3(0x9000000)
05-27 16:13:54.059 478 5446 I audio_hw_hal_profile: get_hdmi_sink_cap_new format =0x9000000 support rate =sup_sampling_rates=32000|44100|48000
05-27 16:13:54.059 478 5446 I audio_hw_hal_profile: [out_get_parameters:2165] sup_sampling_rates=32000|44100|48000
05-27 16:13:54.060 478 705 I audio_hw_hal_profile: [out_get_parameters:2092] out:0xefc4baf0 query channels. Format:AC3(0x9000000) ++++++++++ hal_format:PCM_16_BIT
05-27 16:13:54.060 478 705 D audio_hw_hal_profile: get_hdmi_sink_cap_new is running...
05-27 16:13:54.060 478 705 D audio_hw_hal_profile: [get_hdmi_sink_cap_new:887] query hdmi channels... format: AC3(0x9000000)
05-27 16:13:54.060 478 705 I audio_hw_hal_profile: [out_get_parameters:2165] sup_channels=AUDIO_CHANNEL_OUT_MONO|AUDIO_CHANNEL_OUT_STEREO|AUDIO_CHANNEL_OUT_TRI|AUDIO_CHANNEL_OUT_TRI_BACK|AUDIO_CHANNEL_OUT_3POINT1|AUDIO_CHANNEL_OUT_QUAD|AUDIO_CHANNEL_OUT_SURROUND|AUDIO_CHANNEL_OUT_PENTA|AUDIO_CHANNEL_OUT_5POINT1
05-27 16:13:54.060 478 705 I audio_hw_hal_profile: [out_get_parameters:2089] out:0xefc4baf0 query sample rate. Format:E_AC3(0xa000000) ++++++++++ hal_format:PCM_16_BIT
05-27 16:13:54.060 478 705 D audio_hw_hal_profile: get_hdmi_sink_cap_new is running...
05-27 16:13:54.060 478 705 D audio_hw_hal_profile: [get_hdmi_sink_cap_new:960] query hdmi sample_rate... format: E_AC3(0xa000000)
05-27 16:13:54.061 478 705 I audio_hw_hal_profile: get_hdmi_sink_cap_new format =0xa000000 support rate =sup_sampling_rates=32000|44100|48000
05-27 16:13:54.061 478 705 I audio_hw_hal_profile: [out_get_parameters:2165] sup_sampling_rates=32000|44100|48000
05-27 16:13:54.061 290 351 E MesonDisplay: open /sys/class/amhdmitx/amhdmitx0/hdcp_pwr fail. Error info [No such file or directory]
05-27 16:13:54.061 290 351 E MesonDisplay: open /sys/class/amhdmitx/amhdmitx0/hdcp_ctrl fail. Error info [No such file or directory]
05-27 16:13:54.061 290 351 E MesonDisplay: open /sys/class/amhdmitx/amhdmitx0/hdcp_ctrl fail. Error info [No such file or directory]
05-27 16:13:54.061 478 705 I audio_hw_hal_profile: [out_get_parameters:2092] out:0xefc4baf0 query channels. Format:E_AC3(0xa000000) ++++++++++ hal_format:PCM_16_BIT
05-27 16:13:54.061 478 705 D audio_hw_hal_profile: get_hdmi_sink_cap_new is running...
05-27 16:13:54.061 478 705 D audio_hw_hal_profile: [get_hdmi_sink_cap_new:887] query hdmi channels... format: E_AC3(0xa000000)
05-27 16:13:54.061 478 705 I audio_hw_hal_profile: [out_get_parameters:2165] sup_channels=AUDIO_CHANNEL_OUT_MONO|AUDIO_CHANNEL_OUT_STEREO|AUDIO_CHANNEL_OUT_TRI|AUDIO_CHANNEL_OUT_TRI_BACK|AUDIO_CHANNEL_OUT_3POINT1|AUDIO_CHANNEL_OUT_QUAD|AUDIO_CHANNEL_OUT_SURROUND|AUDIO_CHANNEL_OUT_PENTA|AUDIO_CHANNEL_OUT_5POINT1|AUDIO_CHANNEL_OUT_6POINT1|AUDIO_CHANNEL_OUT_7POINT1
05-27 16:13:54.062 478 5446 I audio_hw_hal_profile: [out_get_parameters:2089] out:0xefc4baf0 query sample rate. Format:IEC61937(0xd000000) ++++++++++ hal_format:PCM_16_BIT
05-27 16:13:54.062 478 5446 D audio_hw_hal_profile: get_hdmi_sink_cap_new is running...
05-27 16:13:54.062 478 5446 D audio_hw_hal_profile: [get_hdmi_sink_cap_new:960] query hdmi sample_rate... format: IEC61937(0xd000000)
05-27 16:13:54.062 478 5446 I audio_hw_hal_profile: [out_get_parameters:2165] sup_sampling_rates=8000|11025|16000|22050|24000|32000|44100|48000|128000|176400|192000
05-27 16:13:54.063 478 5446 I audio_hw_hal_profile: [out_get_parameters:2092] out:0xefc4baf0 query channels. Format:IEC61937(0xd000000) ++++++++++ hal_format:PCM_16_BIT
05-27 16:13:54.063 478 5446 D audio_hw_hal_profile: get_hdmi_sink_cap_new is running...
05-27 16:13:54.063 478 5446 D audio_hw_hal_profile: [get_hdmi_sink_cap_new:887] query hdmi channels... format: IEC61937(0xd000000)
05-27 16:13:54.063 478 5446 I audio_hw_hal_profile: [out_get_parameters:2165] sup_channels=AUDIO_CHANNEL_OUT_MONO|AUDIO_CHANNEL_OUT_STEREO|AUDIO_CHANNEL_OUT_TRI|AUDIO_CHANNEL_OUT_TRI_BACK|AUDIO_CHANNEL_OUT_3POINT1|AUDIO_CHANNEL_OUT_QUAD|AUDIO_CHANNEL_OUT_SURROUND|AUDIO_CHANNEL_OUT_PENTA|AUDIO_CHANNEL_OUT_5POINT1|AUDIO_CHANNEL_OUT_7POINT1
05-27 16:13:54.063 290 351 I MesonDisplay: [/HDCPTxAuth.cpp, stop, 137] hdcp_tx pthread exit id = 3890725312, (null) done
05-27 16:13:54.063 290 351 I MesonHwc: setDisplayMode mode:480p60hz
05-27 16:13:54.063 290 351 D MesonDisplayServer: SetDisplay[HDMI] Mode to "480p60hz"
05-27 16:13:54.063 290 351 D MesonHwc: blankDisplay connectorType:11
05-27 16:13:54.063 290 351 D MesonHwc: [setConnectorStatus]: power mode 2
05-27 16:13:54.063 290 351 D MesonHwc: displayId:0, blank all display planes
05-27 16:13:54.064 478 705 I audio_hw_hal_profile: [out_get_parameters:2089] out:0xefc4baf0 query sample rate. Format:E_AC3_JOC(0xa000001) ++++++++++ hal_format:PCM_16_BIT
05-27 16:13:54.064 478 705 D audio_hw_hal_profile: get_hdmi_sink_cap_new is running...
05-27 16:13:54.064 478 705 D audio_hw_hal_profile: [get_hdmi_sink_cap_new:960] query hdmi sample_rate... format: E_AC3(0xa000000)
05-27 16:13:54.064 478 705 I audio_hw_hal_profile: get_hdmi_sink_cap_new format =0xa000000 support rate =sup_sampling_rates=32000|44100|48000
05-27 16:13:54.064 478 705 I audio_hw_hal_profile: [out_get_parameters:2165] sup_sampling_rates=32000|44100|48000
05-27 16:13:54.064 478 705 I audio_hw_hal_profile: [out_get_parameters:2092] out:0xefc4baf0 query channels. Format:E_AC3_JOC(0xa000001) ++++++++++ hal_format:PCM_16_BIT
05-27 16:13:54.064 478 705 D audio_hw_hal_profile: get_hdmi_sink_cap_new is running...
05-27 16:13:54.065 478 705 D audio_hw_hal_profile: [get_hdmi_sink_cap_new:887] query hdmi channels... format: E_AC3(0xa000000)
05-27 16:13:54.065 478 705 I audio_hw_hal_profile: [out_get_parameters:2165] sup_channels=AUDIO_CHANNEL_OUT_MONO|AUDIO_CHANNEL_OUT_STEREO|AUDIO_CHANNEL_OUT_TRI|AUDIO_CHANNEL_OUT_TRI_BACK|AUDIO_CHANNEL_OUT_3POINT1|AUDIO_CHANNEL_OUT_QUAD|AUDIO_CHANNEL_OUT_SURROUND|AUDIO_CHANNEL_OUT_PENTA|AUDIO_CHANNEL_OUT_5POINT1|AUDIO_CHANNEL_OUT_6POINT1|AUDIO_CHANNEL_OUT_7POINT1
05-27 16:13:54.066 478 705 D audio_hw_hal_primary: [out_dump:848] io 2189: out:0xefc4baf0, fd:26
05-27 16:13:54.068 478 705 D audio_hw_hal_primary: [out_set_parameters:971] out:0xefc4baf0 kvpairs:closing=true;exiting=1 out->out_device:0x400, adev->out_device:0x80002
05-27 16:13:54.068 478 705 E audio_hw_hal_primary: out_set_parameters, ret:-2, hw_sync_mode:is false
05-27 16:13:54.068 535 5453 D AudioFlinger: ro.audio.silent is ignored since no output device is set
05-27 16:13:54.068 478 705 I audio_hw_hal_primary: [out_set_event_callback:3158] io 2189: out:0xefc4baf0, callback:0xf1b4091d cookie:0xf22021d0
05-27 16:13:54.069 478 5446 I audio_hw_hal_primary: [adev_close_output_stream_new:8052] io handle 2189: out:0xefc4baf0
05-27 16:13:54.069 478 5446 D audio_hw_hal_primary: adev_close_output_stream_new: enter usecase = PCM_HWSYNC
05-27 16:13:54.069 478 5446 D audio_hw_hal_timer: func:audio_timer_delete delete timer.1 success.
05-27 16:13:54.069 478 5446 D audio_hw_hal_timer: func:audio_timer_delete delete timer.2 success.
05-27 16:13:54.069 478 5446 D audio_hw_hal_primary: [adev_close_output_stream_new:8076] timer_id:1 ret:2
05-27 16:13:54.069 478 5446 I audio_hw_hal_primary: [adev_close_output_stream:3695] io 2189: out:0xefc4baf0 dev:OUT_HDMI(0x400) flags:0x41, usecase:PCM_HWSYNC
05-27 16:13:54.069 478 5446 D audio_hw_hal_primary: [out_standby_new:5767] io 2189: out:0xefc4baf0 usecase:PCM_HWSYNC
05-27 16:13:54.069 478 5446 I audio_hw_hal_primary: already standby, do nothing
05-27 16:13:54.069 478 5446 I audio_hw_hal_resourcemgr: [is_output_device_muted:710] device:0x2 port_mute:0, fade_mute:0
05-27 16:13:54.069 478 5446 I audio_hw_hal_primary: [adev_close_output_stream:3863] io 2189: out:0xefc4baf0 exit ------
05-27 16:13:54.070 535 594 I AudioFlinger: openOutput() this 0xed5c2fe0, module 10 Device AUDIO_DEVICE_OUT_HDMI, @:, SamplingRate 32000, Format 0xb000000, Channels 0x1, flags 0x41
05-27 16:13:54.070 478 5446 D audio_hw_hal_primary: [adev_open_output_stream_new:7868] enter: dev=0xefd014a0 handle=895 devices=0x400/'HDMI,' flags=0x41/'DIRECT,HW_AV_SYNC,' config=(rt=32000 ch_mask=0x1 fmt=0xb000000) address=''
05-27 16:13:54.070 478 5446 D audio_hw_hal_primary: adev_open_output_stream_new: enter
05-27 16:13:54.070 478 5446 I audio_hw_hal_primary: [adev_open_output_stream:3285] io 2197: out:0xefc4baf0 dev:OUT_HDMI(0x400) addr:
05-27 16:13:54.070 478 5446 I audio_hw_hal_primary: [adev_open_output_stream:3287] ch_mask:0x1 rate:32000 format:DTS(0xb000000) flags:0x41
05-27 16:13:54.070 478 5446 I audio_hw_hal_primary: adev_open_output_stream: for raw audio output,force alsa stereo output
05-27 16:13:54.070 478 5446 D audio_hw_hal_primary: [adev_open_output_stream:3573] format=DTS rate=32000
05-27 16:13:54.070 478 5446 I audio_hw_hal_primary: [adev_open_output_stream:3610] result profile ch_mask:0x1 rate:32000 format:DTS(0xb000000) usecase:RAW_HWSYNC
05-27 16:13:54.070 478 5446 I audio_hw_hal_utils: aml_get_stream_dump_file_name line 2929 file_name /data/vendor/audiohal/stream_pid478_tid5446.dts
05-27 16:13:54.070 478 5446 I audio_hw_hal_primary: [adev_open_output_stream_new:8037] io 2197: out: 0xefc4baf0 card:0 alsa devices:0 exit ------
05-27 16:13:54.072 478 5446 I audio_hw_hal_primary: [out_get_buffer_size:552] out:0xefc4baf0 config.rate=32000, format:DTS(0xb000000), stream format:DTS(0xb000000)
05-27 16:13:54.072 478 5446 I audio_hw_hal_primary: out_get_buffer_size AUDIO_FORMAT_DTS buffer size = 32768 frames
05-27 16:13:54.072 535 594 I AudioFlinger: HAL output buffer size 32768 frames, normal sink buffer size 32768 frames
05-27 16:13:54.072 478 5446 I audio_hw_hal_primary: [audiohal_get_latency:1333] io 2197: out:0xefc4baf0 frames:1216 rate:32000 whole_latency:38 alsa_latency:38
05-27 16:13:54.072 478 5446 I audio_hw_hal_primary: [out_set_event_callback:3158] io 2197: out:0xefc4baf0, callback:0xf1b4091d cookie:0xf2200250
05-27 16:13:54.073 535 5455 I AudioFlinger: AudioFlinger's thread 0xe78e85b0 tid=5455 ready to run
05-27 16:13:54.073 478 5446 I audio_hw_hal_primary: [audiohal_get_latency:1333] io 2197: out:0xefc4baf0 frames:1216 rate:32000 whole_latency:38 alsa_latency:38
05-27 16:13:54.073 478 5446 I audio_hw_hal_primary: [audiohal_get_latency:1333] io 2197: out:0xefc4baf0 frames:1216 rate:32000 whole_latency:38 alsa_latency:38
05-27 16:13:54.074 535 5455 D AudioFlinger: ro.audio.silent is ignored since no output device is set
05-27 16:13:54.075 478 5446 D audio_hw_hal_primary: [out_standby_new:5767] io 2197: out:0xefc4baf0 usecase:RAW_HWSYNC
05-27 16:13:54.075 478 5446 I audio_hw_hal_primary: already standby, do nothing
05-27 16:13:54.076 535 5455 D AudioFlinger: ro.audio.silent is ignored since no output device is set
05-27 16:13:54.077 535 5455 D AudioFlinger: ro.audio.silent is ignored since no output device is set
05-27 16:13:54.078 535 5455 D AudioFlinger: ro.audio.silent is ignored since no output device is set
05-27 16:13:54.079 535 5455 D AudioFlinger: ro.audio.silent is ignored since no output device is set
01-01 08:07:23.826 0 0 I : [3 T351 ..] [drm] [meson_encoder_vrr_change], seamless is 0
01-01 08:07:23.827 0 0 I : [3 T351 ..] [drm] build_hdmitx_attr_str:444,8bit = 2+8
01-01 08:07:23.827 0 0 I : [3 T351 ..] [drm] am_meson_crtc_atomic_disable-[0]:in
01-01 08:07:23.828 0 0 I : [0 T351 ..] dummy_encl_disable finished
01-01 08:07:23.829 0 0 I : [0 T351 ..] [drm] am_meson_crtc_atomic_enable-[0] in: new[480p60hz], old[dummy_l], vmode[4-4], uboot[0]
01-01 08:07:23.830 0 0 I : [0 T351 ..] [drm] am_meson_crtc_atomic_enable-[0]: enable mode 480p60hz final vmode 0
05-27 16:13:54.081 535 5455 D AudioFlinger: ro.audio.silent is ignored since no output device is set
05-27 16:13:54.085 264 264 E Scheduler: trackPendingFrame: Invalid present fence
05-27 16:13:54.088 535 5455 D AudioFlinger: ro.audio.silent is ignored since no output device is set
05-27 16:13:54.098 535 5455 D AudioFlinger: ro.audio.silent is ignored since no output device is set
05-27 16:13:54.098 535 5455 D AudioFlinger: ro.audio.silent is ignored since no output device is set
05-27 16:13:54.099 535 5455 D AudioFlinger: ro.audio.silent is ignored since no output device is set
05-27 16:13:54.100 535 5455 D AudioFlinger: ro.audio.silent is ignored since no output device is set
05-27 16:13:54.101 264 264 E Scheduler: trackPendingFrame: Invalid present fence
01-01 08:07:23.841 0 0 I [0 T351 ..] [hdmitx: ] set21_s7d_htxpll_clk_out[96] htxpll vco 4324320 div 16
05-27 16:13:54.102 535 5455 D AudioFlinger: ro.audio.silent is ignored since no output device is set
05-27 16:13:54.106 535 594 I AudioFlinger: openOutput() this 0xed5c2fe0, module 10 Device AUDIO_DEVICE_OUT_HDMI, @:, SamplingRate 32000, Format 0x000001, Channels 0x1, flags 0x41
05-27 16:13:54.106 478 5446 D audio_hw_hal_primary: [adev_open_output_stream_new:7868] enter: dev=0xefd014a0 handle=89d devices=0x400/'HDMI,' flags=0x41/'DIRECT,HW_AV_SYNC,' config=(rt=32000 ch_mask=0x1 fmt=0x1) address=''
05-27 16:13:54.106 478 5446 D audio_hw_hal_primary: adev_open_output_stream_new: enter
05-27 16:13:54.106 478 5446 I audio_hw_hal_primary: [adev_open_output_stream:3285] io 2205: out:0xefc40e70 dev:OUT_HDMI(0x400) addr:
05-27 16:13:54.106 478 5446 I audio_hw_hal_primary: [adev_open_output_stream:3287] ch_mask:0x1 rate:32000 format:PCM_16_BIT(0x1) flags:0x41
05-27 16:13:54.106 478 5446 D audio_hw_hal_primary: [adev_open_output_stream:3573] format=PCM_16_BIT rate=32000
05-27 16:13:54.106 478 5446 I audio_hw_hal_primary: init resampler from 32000 to 48000!
05-27 16:13:54.106 478 5446 D audio_hw_utils_resampler: resampler_init, Init Resampler: input_sr = 32000, output_sr = 48000
05-27 16:13:54.107 478 5446 I audio_hw_hal_primary: [adev_open_output_stream:3610] result profile ch_mask:0x1 rate:32000 format:PCM_16_BIT(0x1) usecase:PCM_HWSYNC
05-27 16:13:54.107 478 5446 D audio_hw_hal_timer: func:audio_timer_create create timer.1 success.
05-27 16:13:54.107 478 5446 D audio_hw_hal_timer: func:audio_timer_create create timer.2 success.
05-27 16:13:54.107 478 5446 D audio_hw_hal_primary: [adev_open_output_stream_new:7980] timer_id:1
05-27 16:13:54.107 478 5446 I audio_hw_hal_utils: aml_get_stream_dump_file_name line 2929 file_name /data/vendor/audiohal/stream_pid478_tid5446.pcm
05-27 16:13:54.107 478 5446 I audio_hw_hal_primary: [adev_open_output_stream_new:8037] io 2205: out: 0xefc40e70 card:0 alsa devices:0 exit ------
05-27 16:13:54.109 478 705 I audio_hw_hal_primary: [out_get_buffer_size:552] out:0xefc40e70 config.rate=32000, format:PCM_16_BIT(0x1), stream format:PCM_16_BIT(0x1)
05-27 16:13:54.109 535 594 I AudioFlinger: HAL output buffer size 2068 frames, normal sink buffer size 2068 frames
05-27 16:13:54.109 478 5446 I audio_hw_hal_primary: [audiohal_get_latency:1333] io 2205: out:0xefc40e70 frames:960 rate:32000 whole_latency:30 alsa_latency:30
01-01 08:07:23.853 0 0 I [1 T351 ..] [hdmitx: ] pll_od0 = 11, pll_od2 = 1, pll_od1 = 0
01-01 08:07:23.854 0 0 I [1 T351 ..] [hdmitx: ] clocks_set_vid_clk_div_for_hdmi[402] div = 6
01-01 08:07:23.855 0 0 I [1 T351 ..] [hdmitx: ] configure venc
01-01 08:07:23.855 0 0 I [1 T351 ..] [hdmitx: ] config_tv_enc_calc[63] vic = 3
05-27 16:13:54.113 478 5446 I audio_hw_hal_primary: [out_set_event_callback:3158] io 2205: out:0xefc40e70, callback:0xf1b4091d cookie:0xf2202650
05-27 16:13:54.114 478 5446 I audio_hw_hal_primary: [audiohal_get_latency:1333] io 2205: out:0xefc40e70 frames:960 rate:32000 whole_latency:30 alsa_latency:30
05-27 16:13:54.115 535 5458 I AudioFlinger: AudioFlinger's thread 0xe78e0490 tid=5458 ready to run
05-27 16:13:54.115 478 5446 I audio_hw_hal_primary: [audiohal_get_latency:1333] io 2205: out:0xefc40e70 frames:1216 rate:32000 whole_latency:38 alsa_latency:38
01-01 08:07:23.861 0 0 I [1 T351 ..] [hdmitx: ] hdmitx_soft_reset[1261]
01-01 08:07:23.861 0 0 I [1 T351 ..] [hdmitx: ] config hdmitx IP vic = 3 cd:4 cs: 2
01-01 08:07:23.863 0 0 I [1 T351 ..] [hdmitx: ] configure hdmitx21
01-01 08:07:23.864 0 0 I [1 T351 ..] [hdmitx: ] warn: SCDC not present, should not send 1:10
05-27 16:13:54.116 535 5458 D AudioFlinger: ro.audio.silent is ignored since no output device is set
05-27 16:13:54.117 478 5446 D audio_hw_hal_primary: [out_standby_new:5767] io 2205: out:0xefc40e70 usecase:PCM_HWSYNC
05-27 16:13:54.117 478 5446 I audio_hw_hal_primary: already standby, do nothing
05-27 16:13:54.118 264 264 E Scheduler: trackPendingFrame: Invalid present fence
05-27 16:13:54.120 535 5458 D AudioFlinger: ro.audio.silent is ignored since no output device is set
05-27 16:13:54.122 535 5458 D AudioFlinger: ro.audio.silent is ignored since no output device is set
05-27 16:13:54.123 535 5458 D AudioFlinger: ro.audio.silent is ignored since no output device is set
05-27 16:13:54.124 535 5458 D AudioFlinger: ro.audio.silent is ignored since no output device is set
05-27 16:13:54.126 535 5458 D AudioFlinger: ro.audio.silent is ignored since no output device is set
05-27 16:13:54.128 535 5458 D AudioFlinger: ro.audio.silent is ignored since no output device is set
01-01 08:07:23.873 0 0 I [0 T351 ..] [hdmitx: ] hdmitx_set_dispmode[1527] frl_rate 0 htotal 858 cs 2 cd 4 h_unstable 0
05-27 16:13:54.128 535 5458 D AudioFlinger: ro.audio.silent is ignored since no output device is set
05-27 16:13:54.133 535 5458 D AudioFlinger: ro.audio.silent is ignored since no output device is set
05-27 16:13:54.134 264 264 E Scheduler: trackPendingFrame: Invalid present fence
05-27 16:13:54.136 535 5458 D AudioFlinger: ro.audio.silent is ignored since no output device is set
05-27 16:13:54.138 535 5458 D AudioFlinger: ro.audio.silent is ignored since no output device is set
05-27 16:13:54.138 535 5458 D AudioFlinger: ro.audio.silent is ignored since no output device is set
05-27 16:13:54.142 535 594 I AudioFlinger: openOutput() this 0xed5c2fe0, module 10 Device AUDIO_DEVICE_OUT_HDMI, @:, SamplingRate 0, Format 00000000, Channels 0, flags 0x1
05-27 16:13:54.143 478 5446 D audio_hw_hal_primary: [adev_open_output_stream_new:7868] enter: dev=0xefd014a0 handle=8a5 devices=0x400/'HDMI,' flags=0x1/'DIRECT,' config=(rt=0 ch_mask=0x0 fmt=0x0) address=''
05-27 16:13:54.143 478 5446 D audio_hw_hal_primary: adev_open_output_stream_new: enter
05-27 16:13:54.143 478 5446 I audio_hw_hal_primary: [adev_open_output_stream:3285] io 2213: out:0xefc4c950 dev:OUT_HDMI(0x400) addr:
05-27 16:13:54.143 478 5446 I audio_hw_hal_primary: [adev_open_output_stream:3287] ch_mask:0 rate:0 format:DEFAULT(0) flags:0x1
05-27 16:13:54.143 478 5446 I audio_hw_hal_primary: [adev_open_output_stream:3610] result profile ch_mask:0x3 rate:48000 format:PCM_16_BIT(0x1) usecase:PCM_DIRECT
05-27 16:13:54.143 478 5446 I audio_hw_hal_utils: aml_get_stream_dump_file_name line 2929 file_name /data/vendor/audiohal/stream_pid478_tid5446.pcm
05-27 16:13:54.143 478 5446 I audio_hw_hal_primary: [adev_open_output_stream_new:8037] io 2213: out: 0xefc4c950 card:0 alsa devices:0 exit ------
05-27 16:13:54.144 478 5446 I audio_hw_hal_primary: [out_get_buffer_size:552] out:0xefc4c950 config.rate=48000, format:PCM_16_BIT(0x1), stream format:PCM_16_BIT(0x1)
05-27 16:13:54.145 535 594 I AudioFlinger: HAL output buffer size 2048 frames, normal sink buffer size 2048 frames
05-27 16:13:54.145 478 5446 I audio_hw_hal_primary: [audiohal_get_latency:1333] io 2213: out:0xefc4c950 frames:1088 rate:48000 whole_latency:22 alsa_latency:22
05-27 16:13:54.145 478 5446 I audio_hw_hal_primary: [out_set_event_callback:3158] io 2213: out:0xefc4c950, callback:0xf1b4091d cookie:0xf2200910
05-27 16:13:54.145 478 5446 I audio_hw_hal_primary: [audiohal_get_latency:1333] io 2213: out:0xefc4c950 frames:960 rate:48000 whole_latency:20 alsa_latency:20
05-27 16:13:54.146 535 5459 I AudioFlinger: AudioFlinger's thread 0xe78f4760 tid=5459 ready to run
05-27 16:13:54.146 478 5446 I audio_hw_hal_primary: [audiohal_get_latency:1333] io 2213: out:0xefc4c950 frames:960 rate:48000 whole_latency:20 alsa_latency:20
05-27 16:13:54.147 535 5459 D AudioFlinger: ro.audio.silent is ignored since no output device is set
05-27 16:13:54.147 478 5446 I audio_hw_hal_profile: [out_get_parameters:2085] out:0xefc4c950 query audio format. ++++++++++ hal_format:PCM_16_BIT
05-27 16:13:54.147 478 5446 D audio_hw_hal_profile: get_hdmi_sink_cap_new is running...
05-27 16:13:54.147 478 5446 D audio_hw_hal_profile: query hdmi format...
05-27 16:13:54.147 478 5446 D audio_hw_hal_profile: get_hdmi_sink_cap_new ddp is supported; ddp-joc(atmos) is supported;
05-27 16:13:54.147 478 5446 I audio_hw_hal_profile: get_hdmi_sink_cap_new dts-hd vendor special byte3:0x1
05-27 16:13:54.147 478 5446 I audio_hw_hal_profile: PCM cap Max channel =2
05-27 16:13:54.147 478 5446 I audio_hw_hal_profile: [out_get_parameters:2165] sup_formats=AUDIO_FORMAT_PCM_16_BIT|AUDIO_FORMAT_IEC61937|AUDIO_FORMAT_E_AC3|AUDIO_FORMAT_E_AC3_JOC|AUDIO_FORMAT_AC3|AUDIO_FORMAT_DTS
05-27 16:13:54.147 535 594 D APM_AudioPolicyManager: modifySurroundFormats: forced use = 0
05-27 16:13:54.148 478 5446 I audio_hw_hal_profile: [out_get_parameters:2089] out:0xefc4c950 query sample rate. Format:PCM_16_BIT(0x1) ++++++++++ hal_format:PCM_16_BIT
05-27 16:13:54.148 478 5446 D audio_hw_hal_profile: get_hdmi_sink_cap_new is running...
05-27 16:13:54.148 478 5446 D audio_hw_hal_profile: [get_hdmi_sink_cap_new:960] query hdmi sample_rate... format: PCM_16_BIT(0x1)
05-27 16:13:54.148 478 5446 I audio_hw_hal_profile: get_hdmi_sink_cap_new format =0x1 support rate =sup_sampling_rates=32000|44100|48000|88200|96000|176400|192000
05-27 16:13:54.148 478 5446 I audio_hw_hal_profile: [out_get_parameters:2165] sup_sampling_rates=32000|44100|48000|88200|96000|176400|192000
05-27 16:13:54.149 478 705 D audio_hw_hal_primary: [out_standby_new:5767] io 2213: out:0xefc4c950 usecase:PCM_DIRECT
05-27 16:13:54.149 478 705 I audio_hw_hal_primary: already standby, do nothing
05-27 16:13:54.149 478 705 I audio_hw_hal_profile: [out_get_parameters:2092] out:0xefc4c950 query channels. Format:PCM_16_BIT(0x1) ++++++++++ hal_format:PCM_16_BIT
05-27 16:13:54.150 478 705 D audio_hw_hal_profile: get_hdmi_sink_cap_new is running...
05-27 16:13:54.150 478 705 D audio_hw_hal_profile: [get_hdmi_sink_cap_new:887] query hdmi channels... format: PCM_16_BIT(0x1)
05-27 16:13:54.150 478 705 I audio_hw_hal_profile: [out_get_parameters:2165] sup_channels=AUDIO_CHANNEL_OUT_STEREO
05-27 16:13:54.150 478 705 I audio_hw_hal_profile: [out_get_parameters:2089] out:0xefc4c950 query sample rate. Format:DTS(0xb000000) ++++++++++ hal_format:PCM_16_BIT
05-27 16:13:54.150 478 705 D audio_hw_hal_profile: get_hdmi_sink_cap_new is running...
05-27 16:13:54.151 478 705 D audio_hw_hal_profile: [get_hdmi_sink_cap_new:960] query hdmi sample_rate... format: DTS(0xb000000)
05-27 16:13:54.151 478 705 I audio_hw_hal_profile: get_hdmi_sink_cap_new format =0xb000000 support rate =sup_sampling_rates=32000|44100|48000
05-27 16:13:54.151 478 705 I audio_hw_hal_profile: [out_get_parameters:2165] sup_sampling_rates=32000|44100|48000
05-27 16:13:54.151 264 264 E Scheduler: trackPendingFrame: Invalid present fence
05-27 16:13:54.151 478 705 I audio_hw_hal_profile: [out_get_parameters:2092] out:0xefc4c950 query channels. Format:DTS(0xb000000) ++++++++++ hal_format:PCM_16_BIT
05-27 16:13:54.151 478 705 D audio_hw_hal_profile: get_hdmi_sink_cap_new is running...
05-27 16:13:54.151 478 705 D audio_hw_hal_profile: [get_hdmi_sink_cap_new:887] query hdmi channels... format: DTS(0xb000000)
05-27 16:13:54.151 478 705 I audio_hw_hal_profile: [out_get_parameters:2165] sup_channels=AUDIO_CHANNEL_OUT_MONO|AUDIO_CHANNEL_OUT_STEREO|AUDIO_CHANNEL_OUT_TRI|AUDIO_CHANNEL_OUT_TRI_BACK|AUDIO_CHANNEL_OUT_3POINT1|AUDIO_CHANNEL_OUT_QUAD|AUDIO_CHANNEL_OUT_SURROUND|AUDIO_CHANNEL_OUT_PENTA|AUDIO_CHANNEL_OUT_5POINT1
05-27 16:13:54.152 478 705 I audio_hw_hal_profile: [out_get_parameters:2089] out:0xefc4c950 query sample rate. Format:AC3(0x9000000) ++++++++++ hal_format:PCM_16_BIT
05-27 16:13:54.152 478 705 D audio_hw_hal_profile: get_hdmi_sink_cap_new is running...
05-27 16:13:54.152 478 705 D audio_hw_hal_profile: [get_hdmi_sink_cap_new:960] query hdmi sample_rate... format: AC3(0x9000000)
05-27 16:13:54.152 478 705 I audio_hw_hal_profile: get_hdmi_sink_cap_new format =0x9000000 support rate =sup_sampling_rates=32000|44100|48000
05-27 16:13:54.152 478 705 I audio_hw_hal_profile: [out_get_parameters:2165] sup_sampling_rates=32000|44100|48000
05-27 16:13:54.153 478 705 I audio_hw_hal_profile: [out_get_parameters:2092] out:0xefc4c950 query channels. Format:AC3(0x9000000) ++++++++++ hal_format:PCM_16_BIT
05-27 16:13:54.153 478 705 D audio_hw_hal_profile: get_hdmi_sink_cap_new is running...
05-27 16:13:54.153 478 705 D audio_hw_hal_profile: [get_hdmi_sink_cap_new:887] query hdmi channels... format: AC3(0x9000000)
05-27 16:13:54.153 478 705 I audio_hw_hal_profile: [out_get_parameters:2165] sup_channels=AUDIO_CHANNEL_OUT_MONO|AUDIO_CHANNEL_OUT_STEREO|AUDIO_CHANNEL_OUT_TRI|AUDIO_CHANNEL_OUT_TRI_BACK|AUDIO_CHANNEL_OUT_3POINT1|AUDIO_CHANNEL_OUT_QUAD|AUDIO_CHANNEL_OUT_SURROUND|AUDIO_CHANNEL_OUT_PENTA|AUDIO_CHANNEL_OUT_5POINT1
05-27 16:13:54.153 478 705 I audio_hw_hal_profile: [out_get_parameters:2089] out:0xefc4c950 query sample rate. Format:E_AC3(0xa000000) ++++++++++ hal_format:PCM_16_BIT
05-27 16:13:54.154 478 705 D audio_hw_hal_profile: get_hdmi_sink_cap_new is running...
05-27 16:13:54.154 478 705 D audio_hw_hal_profile: [get_hdmi_sink_cap_new:960] query hdmi sample_rate... format: E_AC3(0xa000000)
05-27 16:13:54.154 478 705 I audio_hw_hal_profile: get_hdmi_sink_cap_new format =0xa000000 support rate =sup_sampling_rates=32000|44100|48000
05-27 16:13:54.154 478 705 I audio_hw_hal_profile: [out_get_parameters:2165] sup_sampling_rates=32000|44100|48000
05-27 16:13:54.155 478 705 I audio_hw_hal_profile: [out_get_parameters:2092] out:0xefc4c950 query channels. Format:E_AC3(0xa000000) ++++++++++ hal_format:PCM_16_BIT
05-27 16:13:54.155 478 705 D audio_hw_hal_profile: get_hdmi_sink_cap_new is running...
05-27 16:13:54.155 478 705 D audio_hw_hal_profile: [get_hdmi_sink_cap_new:887] query hdmi channels... format: E_AC3(0xa000000)
05-27 16:13:54.155 478 705 I audio_hw_hal_profile: [out_get_parameters:2165] sup_channels=AUDIO_CHANNEL_OUT_MONO|AUDIO_CHANNEL_OUT_STEREO|AUDIO_CHANNEL_OUT_TRI|AUDIO_CHANNEL_OUT_TRI_BACK|AUDIO_CHANNEL_OUT_3POINT1|AUDIO_CHANNEL_OUT_QUAD|AUDIO_CHANNEL_OUT_SURROUND|AUDIO_CHANNEL_OUT_PENTA|AUDIO_CHANNEL_OUT_5POINT1|AUDIO_CHANNEL_OUT_6POINT1|AUDIO_CHANNEL_OUT_7POINT1
05-27 16:13:54.155 478 705 I audio_hw_hal_profile: [out_get_parameters:2089] out:0xefc4c950 query sample rate. Format:IEC61937(0xd000000) ++++++++++ hal_format:PCM_16_BIT
05-27 16:13:54.155 478 705 D audio_hw_hal_profile: get_hdmi_sink_cap_new is running...
05-27 16:13:54.155 478 705 D audio_hw_hal_profile: [get_hdmi_sink_cap_new:960] query hdmi sample_rate... format: IEC61937(0xd000000)
05-27 16:13:54.155 478 705 I audio_hw_hal_profile: [out_get_parameters:2165] sup_sampling_rates=8000|11025|16000|22050|24000|32000|44100|48000|128000|176400|192000
05-27 16:13:54.156 478 705 I audio_hw_hal_profile: [out_get_parameters:2092] out:0xefc4c950 query channels. Format:IEC61937(0xd000000) ++++++++++ hal_format:PCM_16_BIT
05-27 16:13:54.156 478 705 D audio_hw_hal_profile: get_hdmi_sink_cap_new is running...
05-27 16:13:54.156 478 705 D audio_hw_hal_profile: [get_hdmi_sink_cap_new:887] query hdmi channels... format: IEC61937(0xd000000)
05-27 16:13:54.156 478 705 I audio_hw_hal_profile: [out_get_parameters:2165] sup_channels=AUDIO_CHANNEL_OUT_MONO|AUDIO_CHANNEL_OUT_STEREO|AUDIO_CHANNEL_OUT_TRI|AUDIO_CHANNEL_OUT_TRI_BACK|AUDIO_CHANNEL_OUT_3POINT1|AUDIO_CHANNEL_OUT_QUAD|AUDIO_CHANNEL_OUT_SURROUND|AUDIO_CHANNEL_OUT_PENTA|AUDIO_CHANNEL_OUT_5POINT1|AUDIO_CHANNEL_OUT_7POINT1
05-27 16:13:54.156 478 705 I audio_hw_hal_profile: [out_get_parameters:2089] out:0xefc4c950 query sample rate. Format:E_AC3_JOC(0xa000001) ++++++++++ hal_format:PCM_16_BIT
05-27 16:13:54.156 478 705 D audio_hw_hal_profile: get_hdmi_sink_cap_new is running...
05-27 16:13:54.156 478 705 D audio_hw_hal_profile: [get_hdmi_sink_cap_new:960] query hdmi sample_rate... format: E_AC3(0xa000000)
05-27 16:13:54.156 478 705 I audio_hw_hal_profile: get_hdmi_sink_cap_new format =0xa000000 support rate =sup_sampling_rates=32000|44100|48000
05-27 16:13:54.156 478 705 I audio_hw_hal_profile: [out_get_parameters:2165] sup_sampling_rates=32000|44100|48000
