05-27 16:13:43.770 290 351 E MesonHwc: Do Nothing in updateDisplayMode .
05-27 16:13:43.770 320 328 I SystemControl: [/Ubootenv.cpp, get, 345] [ubootenv] search end and not find env:user_colorattribute
05-27 16:13:43.770 290 351 D MesonHwc: [setPendingMode] pending modes vector empty
05-27 16:13:43.770 320 328 I SystemControl: [/DisplayMode.cpp, getCommonData, 1554] hdmi_current_attr:444,8bit, ubootenv_colorattribute:none
05-27 16:13:43.770 290 351 D MesonHwc: displayID:0, On hot plug: [Plug out]
05-27 16:13:43.770 290 351 D MesonHwc: ModePolicy handle hotplug:0
05-27 16:13:43.770 290 351 V MesonDisplayServer: GetDisplayMode:480p60hz
05-27 16:13:43.770 320 328 I SystemControl: [/Ubootenv.cpp, get, 345] [ubootenv] search end and not find env:dv_enable
05-27 16:13:43.770 290 351 I MesonHwc: getDisplayMode mode:480p60hz
05-27 16:13:43.770 320 328 I SystemControl: [/DisplayMode.cpp, getCommonData, 1567] dv_enable:0
05-27 16:13:43.770 320 328 I SystemControl: [/Ubootenv.cpp, get, 345] [ubootenv] search end and not find env:user_prefer_dv_type
05-27 16:13:43.770 320 328 I SystemControl: [/DisplayMode.cpp, getCommonData, 1578] ubootenv_dv_type:0
05-27 16:13:43.770 290 351 I MesonHwc: setSysfsStr /sys/devices/virtual/amhdmitx/amhdmitx0/avmute= 1
05-27 16:13:43.770 320 328 I SystemControl: [/DisplayMode.cpp, getHdmiData, 1721] display sink type:0 [0:none, 1:sink, 2:repeater]
05-27 16:13:43.771 320 328 I SystemControl: [/DisplayMode.cpp, filterHdmiDispcap, 1398] before filtered HdmiDispcap:
05-27 16:13:43.771 320 328 I SystemControl: [/DisplayMode.cpp, filterHdmiDispcap, 1427] after filtered HdmiDispcap:
05-27 16:13:43.772 290 346 D MesonDisplayServer: getDisplayAttribute "Dolby Vision CAP2": "The Rx don't support DolbyVision"
05-27 16:13:43.772 320 328 E SystemControl: [/DisplayMode.cpp, getHdmiDvCap, 1618] TV isn't support dolby vision: The Rx don't support DolbyVision
05-27 16:13:43.774 320 328 I SystemControl: [/DisplayMode.cpp, onTxEvent, 3294] onTxEvent boot config enable do nothing, just return
05-27 16:13:43.775 320 328 I SystemControl: [/UEventObserver.cpp, HDMITxUenventThreadLoop, 451] HDMI TX switch_name:hdmitx_audio, switch_state: 0
05-27 16:13:43.775 320 328 I SystemControl: [/DisplayMode.cpp, onTxEvent, 3267] onTxEvent switchName:hdmitx_audio hpdstate:0 state: 1
05-27 16:13:43.775 320 328 I SystemControl: [/SysWrite.cpp, getKernelReleaseVersion, 701] getKernelReleaseVersion: 5.15
05-27 16:13:43.776 320 328 I SystemControl: [/SystemControlHal.cpp, onEvent, 72] onEvent event:4, client size:5
05-27 16:13:43.776 495 532 I hdmicecd: [HdmiCecControl]:Hotplug event port:0, now:0, prevStatus:1 power:1
05-27 16:13:43.776 488 509 I SystemControlClient: notifyCallback event type:4
05-27 16:13:43.776 488 509 I SystemControlClient: notifyCallback: listener is NULL.
05-27 16:13:43.776 486 592 I SystemControlClient: notifyCallback event type:4
05-27 16:13:43.776 486 592 I SystemControlClient: notifyCallback: listener is NULL.
05-27 16:13:43.776 487 516 I SystemControlClient: notifyCallback event type:4
05-27 16:13:43.776 487 516 I SystemControlClient: notifyCallback: listener is NULL.
05-27 16:13:43.776 495 532 I hdmiconnection: hot plug port id 0, is connected 0
05-27 16:13:43.776 240 800 I SystemControlClient: notifyCallback event type:4
05-27 16:13:43.776 240 800 I SystemControlClient: notifyCallback: listener is NULL.
05-27 16:13:43.777 715 715 D HDMI : Hotplug event:[port:0, connected:false]
05-27 16:13:43.777 715 715 D HDMI : reset tv status for hotplug out
05-27 16:13:43.777 715 715 D AudioService: onStatusChange cecEnabled:true available:false
05-27 16:13:43.777 715 715 D AudioService: TV, no CEC: setting HDMI as regular vol device
05-27 16:13:43.777 715 715 D AudioService: Removing DeviceType: 0x400 from mFullVolumeDevices
05-27 16:13:43.777 715 715 D AudioService: Removing DeviceType: 0x400 from mFixedVolumeDevices
05-27 16:13:43.777 715 715 D AudioService: Removing DeviceType: 0x400 from mAbsoluteVolumeDeviceInfoMap
05-27 16:13:43.778 715 821 I WiredAccessoryManager: MSG_NEW_DEVICE_STATE
05-27 16:13:43.781 1444 1444 E xxxxxxxxxxxxxxx: onReceive:mIsHDMIPlugged = false
05-27 16:13:43.781 489 527 D hdmicecd: [HdmiCecControl]:getPhysicalAddress, physical addr: ffff, last pa: 2000, ret = 0
05-27 16:13:43.782 489 489 D hdmicecd: [HdmiCecControl]:getPhysicalAddress, physical addr: ffff, last pa: 2000, ret = 0
05-27 16:13:43.783 715 715 I AS.AudioDeviceInventory: NOISY: adding 0x400
05-27 16:13:43.783 478 1797 D xm_audio: adev_get_parameters
05-27 16:13:43.784 1053 1179 I SystemControlEvent: system control callback event: 4
05-27 16:13:43.785 478 705 D xm_audio: adev_get_parameters
05-27 16:13:43.791 478 1797 D xm_audio: adev_get_parameters
05-27 16:13:43.792 478 705 D xm_audio: adev_get_parameters
05-27 16:13:43.801 478 478 D xm_audio: adev_get_parameters
05-27 16:13:43.804 478 1797 D xm_audio: adev_get_parameters
05-27 16:13:43.811 478 705 D xm_audio: adev_get_parameters
05-27 16:13:43.812 478 705 D xm_audio: adev_get_parameters
05-27 16:13:43.818 478 705 D xm_audio: adev_get_parameters
05-27 16:13:43.819 478 705 D xm_audio: adev_get_parameters
05-27 16:13:43.824 478 705 D xm_audio: adev_get_parameters
05-27 16:13:43.825 478 705 D xm_audio: adev_get_parameters
05-27 16:13:43.830 478 705 D xm_audio: adev_get_parameters
05-27 16:13:43.831 478 1797 D xm_audio: adev_get_parameters
05-27 16:13:43.836 478 1797 D xm_audio: adev_get_parameters
05-27 16:13:43.837 478 1797 D xm_audio: adev_get_parameters
05-27 16:13:43.842 478 1797 D xm_audio: adev_get_parameters
05-27 16:13:43.843 478 1797 D xm_audio: adev_get_parameters
05-27 16:13:43.848 478 1797 D xm_audio: adev_get_parameters
05-27 16:13:43.850 478 1797 D xm_audio: adev_get_parameters
05-27 16:13:43.853 715 715 I AS.AudioDeviceInventory: NOISY: musicDevice changing from NONE to 0x400
05-27 16:13:43.854 715 715 I AS.AudioDeviceInventory: dropping ACTION_AUDIO_BECOMING_NOISY
05-27 16:13:43.856 478 705 D xm_audio: adev_get_parameters
05-27 16:13:43.856 715 873 D AudioService: setWiredDeviceConnectionState( type:400 state:DEVICE_STATE_UNAVAILABLE addr: name:) from android
05-27 16:13:43.856 715 873 I AS.AudioDeviceInventory: handleDeviceConnection(false dev:400 address: name:)
05-27 16:13:43.856 715 873 I AS.AudioDeviceInventory: deviceKey:0x400:
05-27 16:13:43.856 715 873 I AS.AudioDeviceInventory: deviceInfo:[DeviceInfo: type:0x400 (hdmi) name: addr: codec: 0 sensorUuid: null disabled modes: {}] is(already)Connected:true
05-27 16:13:43.857 535 878 I APM_AudioPolicyManager: [setDeviceConnectionState:256] curForceUse:NONE(0) disconnect_forceuse:HDMI(9)
05-27 16:13:43.857 478 705 D xm_audio: adev_get_parameters
05-27 16:13:43.858 478 705 I audio_hw_hal_primary: [adev_set_device_connected_state_v7:9037] disconnected address:, num_descriptors:0, num_profiles:7
05-27 16:13:43.858 478 705 I audio_hw_hal_primary: [set_device_connect_state:4044] state:0, dev:OUT_HDMI(0x400), pre_out:0x80002, pre_in:0x4
05-27 16:13:43.858 478 705 D audio_hw_hal_resourcemgr: [set_output_device_avail:353] device:0x400 avail_out_devices:400 routed_out_devices:0x400
05-27 16:13:43.862 535 878 W APM::Devices: DeviceVector::remove device 00000400 not in
05-27 16:13:43.864 715 873 I AS.AudioDeviceInventory: sendDeviceConnectionIntent(dev:0x400 state:0x0 address: name:);
05-27 16:13:43.871 290 351 I MesonHwc: setDisplayMode mode:dummy_l
05-27 16:13:43.871 290 351 D MesonDisplayServer: SetDisplay[CVBS] Mode to "dummy_l"
05-27 16:13:43.871 290 351 D MesonHwc: blankDisplay connectorType:15
05-27 16:13:43.871 290 351 D MesonHwc: [setConnectorStatus]: power mode 2
05-27 16:13:43.871 290 351 D MesonHwc: displayId:0, blank all display planes
05-27 16:13:43.872 715 715 V MediaRouter: Audio routes updated: AudioRoutesInfo{ type=SPEAKER }, a2dp=false
05-27 16:13:43.872 715 715 V MediaRouter: Selecting route: RouteInfo{ name=电视, description=null, status=null, category=RouteCategory{ name=系统 types=ROUTE_TYPE_LIVE_AUDIO ROUTE_TYPE_LIVE_VIDEO groupable=false }, supportedTypes=ROUTE_TYPE_LIVE_AUDIO ROUTE_TYPE_LIVE_VIDEO , presentationDisplay=null }
05-27 16:13:43.874 931 931 V MediaRouter: Audio routes updated: AudioRoutesInfo{ type=SPEAKER }, a2dp=false
05-27 16:13:43.874 931 931 V MediaRouter: Selecting route: RouteInfo{ name=电视, description=null, status=null, category=RouteCategory{ name=系统 types=ROUTE_TYPE_LIVE_AUDIO ROUTE_TYPE_LIVE_VIDEO groupable=false }, supportedTypes=ROUTE_TYPE_LIVE_AUDIO ROUTE_TYPE_LIVE_VIDEO , presentationDisplay=null }
05-27 16:13:43.883 478 705 D xm_audio: adev_get_parameters
05-27 16:13:43.884 478 1797 D xm_audio: adev_get_parameters
05-27 16:13:43.884 320 328 I SystemControl: [/UEventObserver.cpp, HDMITxUenventThreadLoop, 451] HDMI TX switch_name:hdmitx_current_status, switch_state: 184
01-01 08:07:13.629 0 0 I : [0 T351 ..] [drm] [meson_hdmitx_encoder_atomic_disable]
01-01 08:07:13.629 0 0 I : [0 T351 ..] [drm] am_meson_crtc_atomic_disable-[0]:in
01-01 08:07:13.630 0 0 I [0 T351 d.] [hdmitx: ] hdmitx_set_drm_pkt: disable drm pkt
05-27 16:13:43.888 478 1797 D xm_audio: adev_get_parameters
05-27 16:13:43.889 478 1797 D xm_audio: adev_get_parameters
01-01 08:07:13.634 0 0 I [0 T351 d.] [hdmitx: ] TV not support DV, clr dv_vsif
01-01 08:07:13.634 0 0 I [0 T351 d.] [hdmitx: ] DV H14b VSIF, switching signal to SDR
01-01 08:07:13.635 0 0 I [0 T351 ..] [hdmitx: ] hdmitx_set_hdr10plus_pkt: null vsif
01-01 08:07:13.636 0 0 I [0 T351 ..] [hdmitx: ] hdmitx_unregister_vrr ret = 0
01-01 08:07:13.637 0 0 I : [0 T351 ..] [drm] am_meson_crtc_atomic_enable-[0] in: new[dummy_l], old[480p60hz], vmode[4-4], uboot[0]
01-01 08:07:13.638 0 0 I : [0 T351 ..] [drm] am_meson_crtc_atomic_enable-[0]: enable mode dummy_l final vmode 7
01-01 08:07:13.639 0 0 I : [2 T351 ..] dummy_encl_set_current_vmode finished
01-01 08:07:13.640 0 0 I : [2 T351 ..] [drm] meson_vout_update_mode_name: dummy update vout 1 name dummy_l.
05-27 16:13:43.892 478 1797 D xm_audio: adev_get_parameters
05-27 16:13:43.893 320 328 I SystemControl: [/UEventObserver.cpp, HDMITxUenventThreadLoop, 451] HDMI TX switch_name:hdmitx_current_status, switch_state: 185
05-27 16:13:43.895 478 1797 D xm_audio: adev_get_parameters
01-01 08:07:13.642 0 0 I : [2 T351 ..] [drm] meson_dummyl_encoder_atomic_enable: vmode:7 skip atomic enable!
05-27 16:13:43.901 478 1797 D xm_audio: adev_get_parameters
05-27 16:13:43.902 478 1797 D xm_audio: adev_get_parameters
05-27 16:13:43.907 478 1797 D xm_audio: adev_get_parameters
05-27 16:13:43.908 478 1797 D xm_audio: adev_get_parameters
05-27 16:13:43.909 290 351 D MesonHwc: setmode:crtc[63], name [dummy_l] -modeblob[126] [720x480-56.00] seamless:0 enableVrr:0
05-27 16:13:43.909 290 351 D MesonHwc: displayId:0, blank all display planes
05-27 16:13:43.911 478 1797 D xm_audio: adev_get_parameters
05-27 16:13:43.912 478 1797 D xm_audio: adev_get_parameters
05-27 16:13:43.916 478 1797 D xm_audio: adev_get_parameters
05-27 16:13:43.917 478 1797 D xm_audio: adev_get_parameters
05-27 16:13:43.922 478 705 D xm_audio: adev_get_parameters
05-27 16:13:43.924 478 705 D xm_audio: adev_get_parameters
05-27 16:13:43.926 290 351 D MesonHwc: RealModeMgr::update: nextModeId:742
05-27 16:13:43.926 290 351 D MesonHwc: RealModeMgr::update use previous mode (720x480-60.00)
05-27 16:13:43.926 290 351 D MesonHwc: drmplane clear drm bo caches
05-27 16:13:43.926 290 351 D MesonHwc: drmplane clear drm bo caches
05-27 16:13:43.926 290 351 D MesonHwc: cleanupBeforeDestroy displayId:0, clear layers
05-27 16:13:43.926 290 351 D MesonHwc: On hotplug, Fn: 0x989b931, Data: 0xe8cc35e0, display: 0, connection: 1
05-27 16:13:43.926 290 351 D MesonComposer3: halEventcallback onHotplug client3.0
05-27 16:13:43.927 290 375 D MesonHwc: No edid for (VIRTUAL),use default edid instead.
05-27 16:13:43.927 290 351 D MesonHwc: received Uevent: change@/devices/virtual/amhdmitx/amhdmitx0
05-27 16:13:43.927 290 351 D MesonHwc: received Uevent: ACTION=change
05-27 16:13:43.927 290 375 E MesonHwc: getPort 15
05-27 16:13:43.927 290 351 D MesonHwc: received Uevent: DEVPATH=/devices/virtual/amhdmitx/amhdmitx0
05-27 16:13:43.927 290 375 D MesonHwc: No edid for (VIRTUAL),use default edid instead.
05-27 16:13:43.927 290 351 D MesonHwc: received Uevent: SUBSYSTEM=amhdmitx
05-27 16:13:43.927 290 375 E MesonHwc: getPort 15
05-27 16:13:43.927 290 351 D MesonHwc: received Uevent: hdmitx_audio=0
05-27 16:13:43.927 290 351 D MesonHwc: received Uevent: MAJOR=492
05-27 16:13:43.927 290 351 D MesonHwc: received Uevent: MINOR=0
05-27 16:13:43.927 290 351 D MesonHwc: received Uevent: DEVNAME=amhdmitx0
05-27 16:13:43.927 290 351 D MesonHwc: received Uevent: SEQNUM=5649
05-27 16:13:43.927 290 351 D MesonHwc: received Uevent: change@/devices/virtual/amhdmitx/amhdmitx0
05-27 16:13:43.927 290 351 D MesonHwc: received Uevent: ACTION=change
05-27 16:13:43.927 290 351 D MesonHwc: received Uevent: DEVPATH=/devices/virtual/amhdmitx/amhdmitx0
05-27 16:13:43.927 290 351 D MesonHwc: received Uevent: SUBSYSTEM=amhdmitx
05-27 16:13:43.927 290 351 D MesonHwc: received Uevent: hdmitx_audio=0
05-27 16:13:43.927 290 351 D MesonHwc: received Uevent: MAJOR=492
05-27 16:13:43.927 290 351 D MesonHwc: received Uevent: MINOR=0
05-27 16:13:43.927 290 351 D MesonHwc: received Uevent: DEVNAME=amhdmitx0
05-27 16:13:43.927 290 351 D MesonHwc: received Uevent: SEQNUM=5649
05-27 16:13:43.927 290 351 D MesonHwc: received Uevent: change@/devices/virtual/amhdmitx/amhdmitx0
05-27 16:13:43.927 290 351 D MesonHwc: received Uevent: ACTION=change
05-27 16:13:43.927 290 351 D MesonHwc: received Uevent: DEVPATH=/devices/virtual/amhdmitx/amhdmitx0
05-27 16:13:43.927 290 351 D MesonHwc: received Uevent: SUBSYSTEM=amhdmitx
05-27 16:13:43.927 290 351 D MesonHwc: received Uevent: hdmitx_current_status=184
05-27 16:13:43.927 290 351 D MesonHwc: received Uevent: MAJOR=492
05-27 16:13:43.927 290 351 D MesonHwc: received Uevent: MINOR=0
05-27 16:13:43.927 290 351 D MesonHwc: received Uevent: DEVNAME=amhdmitx0
05-27 16:13:43.927 290 351 D MesonHwc: received Uevent: SEQNUM=5653
05-27 16:13:43.927 290 351 D MesonHwc: received Uevent: NUM=5652
05-27 16:13:43.927 290 351 D MesonHwc: received Uevent: s7d
05-27 16:13:43.927 290 351 D MesonHwc: received Uevent: OF_COMPATIBLE_N=1
05-27 16:13:43.927 290 351 D MesonHwc: received Uevent: MODALIAS=of:NaocecT(null)Camlogic,_aocec-s7d
05-27 16:13:43.927 290 351 D MesonHwc: received Uevent: SEQNUM=5650
05-27 16:13:43.927 290 351 D MesonHwc: received Uevent: change@/devices/virtual/amhdmitx/amhdmitx0
05-27 16:13:43.927 290 351 D MesonHwc: received Uevent: ACTION=change
05-27 16:13:43.927 290 351 D MesonHwc: received Uevent: DEVPATH=/devices/virtual/amhdmitx/amhdmitx0
05-27 16:13:43.927 290 351 D MesonHwc: received Uevent: SUBSYSTEM=amhdmitx
05-27 16:13:43.927 290 351 D MesonHwc: received Uevent: hdmitx_current_status=184
05-27 16:13:43.927 290 351 D MesonHwc: received Uevent: MAJOR=492
05-27 16:13:43.927 290 351 D MesonHwc: received Uevent: MINOR=0
05-27 16:13:43.927 290 351 D MesonHwc: received Uevent: DEVNAME=amhdmitx0
05-27 16:13:43.927 290 351 D MesonHwc: received Uevent: SEQNUM=5653
05-27 16:13:43.927 290 351 D MesonHwc: received Uevent: NUM=5652
05-27 16:13:43.927 290 351 D MesonHwc: received Uevent: s7d
05-27 16:13:43.927 290 351 D MesonHwc: received Uevent: OF_COMPATIBLE_N=1
05-27 16:13:43.927 290 351 D MesonHwc: received Uevent: MODALIAS=of:NaocecT(null)Camlogic,_aocec-s7d
05-27 16:13:43.927 290 351 D MesonHwc: received Uevent: SEQNUM=5650
05-27 16:13:43.927 290 351 D MesonHwc: received Uevent: change@/devices/virtual/amhdmitx/amhdmitx0
05-27 16:13:43.927 290 351 D MesonHwc: received Uevent: ACTION=change
05-27 16:13:43.927 290 351 D MesonHwc: received Uevent: DEVPATH=/devices/virtual/amhdmitx/amhdmitx0
05-27 16:13:43.927 290 351 D MesonHwc: received Uevent: SUBSYSTEM=amhdmitx
05-27 16:13:43.927 290 351 D MesonHwc: received Uevent: hdmitx_current_status=185
05-27 16:13:43.927 290 351 D MesonHwc: received Uevent: MAJOR=492
05-27 16:13:43.927 290 351 D MesonHwc: received Uevent: MINOR=0
05-27 16:13:43.927 290 351 D MesonHwc: received Uevent: DEVNAME=amhdmitx0
05-27 16:13:43.927 290 351 D MesonHwc: received Uevent: SEQNUM=5654
05-27 16:13:43.927 290 351 D MesonHwc: received Uevent: NUM=5652
05-27 16:13:43.927 290 351 D MesonHwc: received Uevent: s7d
05-27 16:13:43.927 290 351 D MesonHwc: received Uevent: OF_COMPATIBLE_N=1
05-27 16:13:43.927 290 351 D MesonHwc: received Uevent: MODALIAS=of:NaocecT(null)Camlogic,_aocec-s7d
05-27 16:13:43.927 290 351 D MesonHwc: received Uevent: SEQNUM=5650
05-27 16:13:43.927 290 351 D MesonHwc: received Uevent: change@/devices/virtual/amhdmitx/amhdmitx0
05-27 16:13:43.927 290 351 D MesonHwc: received Uevent: ACTION=change
05-27 16:13:43.927 290 351 D MesonHwc: received Uevent: DEVPATH=/devices/virtual/amhdmitx/amhdmitx0
05-27 16:13:43.927 290 351 D MesonHwc: received Uevent: SUBSYSTEM=amhdmitx
05-27 16:13:43.927 290 351 D MesonHwc: received Uevent: hdmitx_current_status=185
05-27 16:13:43.927 290 351 D MesonHwc: received Uevent: MAJOR=492
05-27 16:13:43.927 290 351 D MesonHwc: received Uevent: MINOR=0
05-27 16:13:43.927 290 351 D MesonHwc: received Uevent: DEVNAME=amhdmitx0
05-27 16:13:43.927 290 351 D MesonHwc: received Uevent: SEQNUM=5654
05-27 16:13:43.927 290 351 D MesonHwc: received Uevent: NUM=5652
05-27 16:13:43.928 290 351 D MesonHwc: received Uevent: s7d
05-27 16:13:43.928 290 351 D MesonHwc: received Uevent: OF_COMPATIBLE_N=1
05-27 16:13:43.928 264 264 I SurfaceFlinger: Reconnecting display 4620747849504298251 (HAL ID 0)
05-27 16:13:43.928 290 351 D MesonHwc: received Uevent: MODALIAS=of:NaocecT(null)Camlogic,_aocec-s7d
05-27 16:13:43.928 290 351 D MesonHwc: received Uevent: SEQNUM=5650
05-27 16:13:43.929 478 705 D xm_audio: adev_get_parameters
05-27 16:13:43.930 478 705 D xm_audio: adev_get_parameters
05-27 16:13:43.934 478 705 D xm_audio: adev_get_parameters
05-27 16:13:43.935 478 705 D xm_audio: adev_get_parameters
05-27 16:13:43.935 290 375 E MesonComposer3: destroyLayer: display:0 failed to destroy layer:355
05-27 16:13:43.936 264 264 E HwcComposer: destroyLayer failed Status(-8, EX_SERVICE_SPECIFIC): '3: '
05-27 16:13:43.936 264 264 E HWC2 : destroyLayer(0, 355) failed: BadLayer (3)
05-27 16:13:43.936 290 375 E MesonComposer3: destroyLayer: display:0 failed to destroy layer:98
05-27 16:13:43.936 264 264 E HwcComposer: destroyLayer failed Status(-8, EX_SERVICE_SPECIFIC): '3: '
05-27 16:13:43.936 264 264 E HWC2 : destroyLayer(0, 98) failed: BadLayer (3)
05-27 16:13:43.936 264 264 E HwcComposer: setClientTargetSlotCount failed Status(-8, EX_SERVICE_SPECIFIC): '4: '
05-27 16:13:43.940 478 705 D xm_audio: adev_get_parameters
05-27 16:13:43.941 478 705 D xm_audio: adev_get_parameters
05-27 16:13:43.941 264 264 I Scheduler: Display 4620747849504298251 is the pacesetter
05-27 16:13:43.941 264 5360 E SchedulerTimer: Terminated
05-27 16:13:43.942 264 264 D SurfaceFlinger: Setting power mode 2 on display 4620747849504298251
05-27 16:13:43.942 264 394 W EventThread: Failed dispatching Hotplug{displayId=4620747849504298251, connected} for Connection{0xf2543110, VSyncRequest::None}
05-27 16:13:43.942 264 393 W EventThread: Failed dispatching Hotplug{displayId=4620747849504298251, connected} for Connection{0xf2542d10, VSyncRequest::None}
05-27 16:13:43.942 290 375 D MesonHwc: setPowerMode 2
05-27 16:13:43.942 264 264 D SurfaceFlinger: Finished setting power mode 2 on display 4620747849504298251
05-27 16:13:43.948 715 741 I DisplayDeviceRepository: Display device changed: DisplayDeviceInfo{"内置屏幕": uniqueId="local:4620747849504298251", 720 x 480, modeId 622, renderFrameRate 60.000004, defaultModeId 622, supportedModes [{id=622, width=720, height=480, fps=60.000004, alternativeRefreshRates=[], supportedHdrTypes=[]}, {id=623, width=1920, height=1080, fps=119.88013, alternativeRefreshRates=[], supportedHdrTypes=[]}, {id=624, width=1920, height=1080, fps=120.00001, alternativeRefreshRates=[], supportedHdrTypes=[]}, {id=625, width=4096, height=2160, fps=23.976025, alternativeRefreshRates=[], supportedHdrTypes=[]}, {id=626, width=4096, height=2160, fps=24.000002, alternativeRefreshRates=[], supportedHdrTypes=[]}, {id=627, width=3840, height=2160, fps=29.97003, alternativeRefreshRates=[], supportedHdrTypes=[]}, {id=628, width=3840, height=2160, fps=30.000002, alternativeRefreshRates=[], supportedHdrTypes=[]}, {id=629, width=3840, height=2160, fps=25.0, alternativeRefreshRates=[], supportedHdrTypes=[]}, {id=630, width=3840, height=2160, fps=23.976025, alternativeRefreshRates=[], supportedHdrTypes=[]}, {id=631, width=3840, height=2160, fps=24.000002, alternativeRefreshRates=[], supportedHdrTypes=[]}, {id=632, width=1920, height=1080, fps=59.94006, alternativeRefreshRates=[], supportedHdrTypes=[]}, {id=633, width=1920, height=1080, fps=60.000004, alternativeRefreshRates=[], supportedHdrTypes=[]}, {id=634, width=1920, height=1080, fps=50.0, alternativeRefreshRates=[], supportedHdrTypes=[]}, {id=635, width=1920, height=1080, fps=29.97003, alternativeRefreshRates=[], supportedHdrTypes=[]}, {id=636, width=1920, height=1080, fps=30.000002, alternativeRefreshRates=[], supportedHdrTypes=[]}, {id=637, width=1920, height=1080, fps=23.976025, alternativeRefreshRates=[], supportedHdrTypes=[]}, {id=638, width=1920, height=1080, fps=24.000002, alternativeRefreshRates=[], supportedHdrTypes=[]}, {id=639, width=1280, height=720, fps=119.88013, alternativeRefreshRates=[], supportedHdrTypes=[]}, {id=640, width=1280, height=720, fps=120.00001, alternativeRefreshRates=[], supportedHdrTypes=[]}, {id=641, width=1280, height=720, fps=59.94006, alternativeRefreshRates=[], supportedHdrTypes=[]}, {id=642, width=1280, height=720, fps=60.000004, alternativeRefreshRates=[], supportedHdrTypes=[]}, {id=643, width=1280, height=720, fps=50.0, alternativeRefreshRates=[], supportedHdrTypes=[]}, {id=644, width=1280, height=720, fps=29.97003, alternativeRefreshRates=[], supportedHdrTypes=[]}, {id=645, width=1280, height=720, fps=30.000002, alternativeRefreshRates=[], supportedHdrTypes=[]}, {id=646, width=1280, height=720, fps=23.976025, alternativeRefreshRates=[], supportedHdrTypes=[]}, {id=647, width=1280, height=720, fps=24.000002, alternativeRefreshRates=[], supportedHdrTypes=[]}, {id=648, width=720, height=576, fps=50.0, alternativeRefreshRates=[], supportedHdrTypes=[]}, {id=649, width=720, height=480, fps=59.94006, alternativeRefreshRates=[], supportedHdrTypes=[]}], colorMode 0, supportedColorModes [0], hdrCapabilities HdrCapabilities{mSupportedHdrTypes=[], mMaxLuminance=500.0, mMaxAverageLuminance=500.0, mMinLuminance=0.0}, allmSupported false, gameContentTypeSupported true, density 120, 15.902 x 18.756 dpi, appVsyncOff 2000000, presDeadline 13666666, touch INTERNAL, rotation 0, type INTERNAL, address {port=11, model=0x402031aff65a95}, deviceProductInfo DeviceProductInfo{name=Haqu, manufacturerPnpId=HAQ, productId=48, modelYear=null, manufactureDate=ManufactureDate{week=43, year=2017}, connectionToSinkType=2}, state ON, committedState ON, frameRateOverride , brightnessMinimum 0.0, brightnessMaximum 1.0, brightnessDefault 0.39763778, hdrSdrRatio NaN, FLAG_ALLOWED_TO_BE_DEFAULT_DISPLAY, FLAG_ROTATES_WITH_CONTENT, FLAG_SECURE, FLAG_SUPPORTS_PROTECTED_BUFFERS, FLAG_TRUSTED, installOrientation 0, displayShape DisplayShape{ spec=2031491835 displayWidth=720 displayHeight=480 physicalPixelDisplaySizeRatio=1.0 rotation=0 offsetX=0 offsetY=0 scale=1.0}}
05-27 16:13:43.951 264 264 I RefreshRateSelector: Display 4620747849504298251 policy changed
05-27 16:13:43.951 264 264 I RefreshRateSelector: Previous: {defaultModeId=695, allowGroupSwitching=false, primaryRanges={physical=[0.00 Hz, 340282346638528859811704183484516925440.00 Hz], render=[0.00 Hz, 340282346638528859811704183484516925440.00 Hz]}, appRequestRanges={physical=[0.00 Hz, 340282346638528859811704183484516925440.00 Hz], render=[0.00 Hz, 340282346638528859811704183484516925440.00 Hz]}}
05-27 16:13:43.951 264 264 I RefreshRateSelector: Current: DisplayManagerPolicy{defaultModeId=695, allowGroupSwitching=false, primaryRanges={physical=[0.00 Hz, inf Hz], render=[0.00 Hz, 120.00 Hz]}, appRequestRanges={physical=[0.00 Hz, inf Hz], render=[0.00 Hz, inf Hz]}}
05-27 16:13:43.951 264 264 I RefreshRateSelector: 0 mode changes were performed under the previous policy
05-27 16:13:44.168 478 673 I audio_hw_hal_alsamgr: alsa format =0x1 delay frames =704 total frames=20341568
01-01 08:07:14.074 0 0 I [0 T4997 ..] [hdmitx: ] UTC+0 2025-05-27 08:13:44 HPD HIGH
05-27 16:13:44.680 290 5358 D MesonDisplay: read /sys/class/amhdmitx/amhdmitx0/hdcp_lstore, result length:0, val:
05-27 16:13:44.854 320 328 I SystemControl: [/UEventObserver.cpp, HDMITxUenventThreadLoop, 451] HDMI TX switch_name:hdmitx_current_status, switch_state: 186
05-27 16:13:44.854 290 351 D MesonHwc: received Uevent: change@/devices/virtual/amhdmitx/amhdmitx0
05-27 16:13:44.854 290 351 D MesonHwc: received Uevent: ACTION=change
05-27 16:13:44.854 290 351 D MesonHwc: received Uevent: DEVPATH=/devices/virtual/amhdmitx/amhdmitx0
05-27 16:13:44.855 290 351 D MesonHwc: received Uevent: SUBSYSTEM=amhdmitx
05-27 16:13:44.855 290 351 D MesonHwc: received Uevent: hdmitx_current_status=186
05-27 16:13:44.855 290 351 D MesonHwc: received Uevent: MAJOR=492
05-27 16:13:44.855 290 351 D MesonHwc: received Uevent: MINOR=0
05-27 16:13:44.855 290 351 D MesonHwc: received Uevent: DEVNAME=amhdmitx0
05-27 16:13:44.855 290 351 D MesonHwc: received Uevent: SEQNUM=5655
05-27 16:13:44.855 290 351 D MesonHwc: received Uevent: NUM=5652
05-27 16:13:44.855 290 351 D MesonHwc: received Uevent: s7d
05-27 16:13:44.855 290 351 D MesonHwc: received Uevent: OF_COMPATIBLE_N=1
05-27 16:13:44.855 290 351 D MesonHwc: received Uevent: MODALIAS=of:NaocecT(null)Camlogic,_aocec-s7d
05-27 16:13:44.855 290 351 D MesonHwc: received Uevent: SEQNUM=5650
05-27 16:13:44.855 290 351 D MesonHwc: received Uevent: change@/devices/virtual/amhdmitx/amhdmitx0
05-27 16:13:44.855 290 351 D MesonHwc: received Uevent: ACTION=change
05-27 16:13:44.855 290 351 D MesonHwc: received Uevent: DEVPATH=/devices/virtual/amhdmitx/amhdmitx0
05-27 16:13:44.855 290 351 D MesonHwc: received Uevent: SUBSYSTEM=amhdmitx
05-27 16:13:44.855 290 351 D MesonHwc: received Uevent: hdmitx_current_status=186
05-27 16:13:44.855 290 351 D MesonHwc: received Uevent: MAJOR=492
05-27 16:13:44.855 290 351 D MesonHwc: received Uevent: MINOR=0
05-27 16:13:44.855 290 351 D MesonHwc: received Uevent: DEVNAME=amhdmitx0
05-27 16:13:44.855 290 351 D MesonHwc: received Uevent: SEQNUM=5655
05-27 16:13:44.855 290 351 D MesonHwc: received Uevent: NUM=5652
05-27 16:13:44.855 290 351 D MesonHwc: received Uevent: s7d
05-27 16:13:44.855 290 351 D MesonHwc: received Uevent: OF_COMPATIBLE_N=1
05-27 16:13:44.855 290 351 D MesonHwc: received Uevent: MODALIAS=of:NaocecT(null)Camlogic,_aocec-s7d
05-27 16:13:44.855 290 351 D MesonHwc: received Uevent: SEQNUM=5650
01-01 08:07:14.601 0 0 I [2 T330 ..] [hdmitx: ] system: plugin
01-01 08:07:14.601 0 0 I [2 T330 ..] [hdmitx: ] plugin sequence id: 4295000944
01-01 08:07:14.639 0 0 I [3 T330 ..] cec: [hdmitx_notify_callback] unsupported notify:3
01-01 08:07:14.639 0 0 W : [3 T330 ..] [RX]-up_phy_addr = 2
01-01 08:07:14.639 0 0 I [3 T330 ..] [hdmitx: ] edid: blk0 raw data
01-01 08:07:14.640 0 0 I [3 T330 ..] [hdmitx: ] 00ffffffffffff0020313000010000002b1b0103807341780acf74a3574cb02309484c21080001010101010101010101010101010101023a801871382d40582c
01-01 08:07:14.640 0 0 I : [3 T330 ..] 450020c23100001e011d00bc52d01e20b828554020c23100001e000000fc00486171750a2020202020202020000000fd003b461f8c3c000a20202020202001c9
01-01 08:07:14.645 0 0 I [1 T330 ..] [hdmitx: ] edid: blk1 raw data
01-01 08:07:14.645 0 0 I [1 T330 ..] [hdmitx: ] 020345f057101f1405130420223c3e1216030711150206012f2e3f3132097f051507505707013d07c05f7e01670403830100006e030c002000b83c2f80800102
01-01 08:07:14.645 0 0 I : [1 T330 ..] 0304e200fb011d007251d01e206e28550020c23100001e8c0ad08a20e02d10103e9600138e21000018000000000000000000000000000000000000000000002b
05-27 16:13:44.899 320 328 I SystemControl: [/UEventObserver.cpp, HDMITxUenventThreadLoop, 451] HDMI TX switch_name:hdmitx_current_status, switch_state: 187
05-27 16:13:44.899 290 351 D MesonHwc: received Uevent: change@/devices/virtual/amhdmitx/amhdmitx0
05-27 16:13:44.899 290 351 D MesonHwc: received Uevent: ACTION=change
05-27 16:13:44.899 290 351 D MesonHwc: received Uevent: DEVPATH=/devices/virtual/amhdmitx/amhdmitx0
05-27 16:13:44.899 290 351 D MesonHwc: received Uevent: SUBSYSTEM=amhdmitx
05-27 16:13:44.899 290 351 D MesonHwc: received Uevent: hdmitx_current_status=187
05-27 16:13:44.899 290 351 D MesonHwc: received Uevent: MAJOR=492
05-27 16:13:44.899 290 351 D MesonHwc: received Uevent: MINOR=0
05-27 16:13:44.899 290 351 D MesonHwc: received Uevent: DEVNAME=amhdmitx0
05-27 16:13:44.899 290 351 D MesonHwc: received Uevent: SEQNUM=5656
05-27 16:13:44.899 290 351 D MesonHwc: received Uevent: NUM=5652
05-27 16:13:44.899 290 351 D MesonHwc: received Uevent: s7d
05-27 16:13:44.899 290 351 D MesonHwc: received Uevent: OF_COMPATIBLE_N=1
05-27 16:13:44.899 290 351 D MesonHwc: received Uevent: MODALIAS=of:NaocecT(null)Camlogic,_aocec-s7d
05-27 16:13:44.899 290 351 D MesonHwc: received Uevent: SEQNUM=5650
05-27 16:13:44.899 290 351 D MesonHwc: received Uevent: change@/devices/virtual/amhdmitx/amhdmitx0
05-27 16:13:44.899 290 351 D MesonHwc: received Uevent: ACTION=change
05-27 16:13:44.899 290 351 D MesonHwc: received Uevent: DEVPATH=/devices/virtual/amhdmitx/amhdmitx0
05-27 16:13:44.899 290 351 D MesonHwc: received Uevent: SUBSYSTEM=amhdmitx
05-27 16:13:44.899 290 351 D MesonHwc: received Uevent: hdmitx_current_status=187
05-27 16:13:44.899 290 351 D MesonHwc: received Uevent: MAJOR=492
05-27 16:13:44.899 290 351 D MesonHwc: received Uevent: MINOR=0
05-27 16:13:44.900 290 351 D MesonHwc: received Uevent: DEVNAME=amhdmitx0
05-27 16:13:44.900 290 351 D MesonHwc: received Uevent: SEQNUM=5656
05-27 16:13:44.900 290 351 D MesonHwc: received Uevent: NUM=5652
05-27 16:13:44.900 290 351 D MesonHwc: received Uevent: s7d
05-27 16:13:44.900 290 351 D MesonHwc: received Uevent: OF_COMPATIBLE_N=1
05-27 16:13:44.900 290 351 D MesonHwc: received Uevent: MODALIAS=of:NaocecT(null)Camlogic,_aocec-s7d
05-27 16:13:44.900 290 351 D MesonHwc: received Uevent: SEQNUM=5650
01-01 08:07:14.649 0 0 I : [1 T330 ..] [drm] drm hdmitx hpd notify
05-27 16:13:44.902 495 532 I hdmicecd: [HdmiCecControl]:Hotplug event port:0, now:1, prevStatus:0 power:1
05-27 16:13:44.902 715 821 V WindowManager: app ------------- force_land :0
05-27 16:13:44.903 495 532 I hdmiconnection: hot plug port id 0, is connected 1
05-27 16:13:44.906 290 351 D MesonHwc: received Uevent: change@/devices/virtual/amhdmitx/amhdmitx0
05-27 16:13:44.906 290 351 D MesonHwc: received Uevent: ACTION=change
05-27 16:13:44.906 290 351 D MesonHwc: received Uevent: DEVPATH=/devices/virtual/amhdmitx/amhdmitx0
05-27 16:13:44.906 290 351 D MesonHwc: received Uevent: SUBSYSTEM=amhdmitx
05-27 16:13:44.906 290 351 D MesonHwc: received Uevent: hdmitx_hpd=1
05-27 16:13:44.906 320 918 I SystemControl: [/Ubootenv.cpp, get, 345] [ubootenv] search end and not find env:connector_type
05-27 16:13:44.906 290 351 D MesonHwc: sc_read_bootenv val is empty
05-27 16:13:44.906 290 351 D MesonHwc: getConnectorType, get ubootenv.var.connector_type from uboot env, return (null)
05-27 16:13:44.907 290 351 D MesonHwc: getConnectorType-0 get connector type hdmi--65536
05-27 16:13:44.907 290 351 E MesonHwc: read screen size 0x0 from vinfo
05-27 16:13:44.907 320 328 I SystemControl: [/UEventObserver.cpp, HDMITxUenventThreadLoop, 451] HDMI TX switch_name:hdmitx_hpd, switch_state: 1
05-27 16:13:44.907 320 328 I SystemControl: [/DisplayMode.cpp, onTxEvent, 3267] onTxEvent switchName:hdmitx_hpd hpdstate:1 state: 1
05-27 16:13:44.907 290 351 E MesonHwc: dolby vision driver is not ready
05-27 16:13:44.907 290 351 D MesonHwc: Connector VIRTUAL loadDisplayModes get 1 modes
05-27 16:13:44.907 320 328 I SystemControl: [/SysWrite.cpp, getKernelReleaseVersion, 701] getKernelReleaseVersion: 5.15
05-27 16:13:44.907 290 351 I MesonHwc: add display mode (dummy_l-dummy_l-128, 720x480, 56.000000) dpi(0,0), hskew(0)
05-27 16:13:44.907 290 351 I MesonHwc: loadDisplayModes (1) end
05-27 16:13:44.907 290 351 D MesonHwc: ERR: PLEASE FIX NON-IMPLEMENT FUN(update).
05-27 16:13:44.907 320 328 I SystemControl: [/Ubootenv.cpp, get, 336] [ubootenv] get key:hdmimode envValue: 480p60hz
05-27 16:13:44.907 320 328 I SystemControl: [/Ubootenv.cpp, get, 336] [ubootenv] get key:is.bestmode envValue: false
05-27 16:13:44.907 320 328 I SystemControl: [/Ubootenv.cpp, get, 345] [ubootenv] search end and not find env:user_colorattribute
05-27 16:13:44.908 320 328 I SystemControl: [/Ubootenv.cpp, get, 345] [ubootenv] search end and not find env:hdr_force_mode
05-27 16:13:44.908 320 328 I SystemControl: [/DisplayMode.cpp, gethdrforcemode, 2742] get hdr force mode is [2]
05-27 16:13:44.908 320 918 I SystemControl: [/Ubootenv.cpp, get, 345] [ubootenv] search end and not find env:connector_type
05-27 16:13:44.908 320 328 I SystemControl: [/Ubootenv.cpp, get, 336] [ubootenv] get key:hdr_policy envValue: 0
05-27 16:13:44.908 320 328 I SystemControl: [/DisplayMode.cpp, getHdrStrategy, 2758] getHdrStrategy is [0]
05-27 16:13:44.908 320 328 I SystemControl: [/Ubootenv.cpp, get, 336] [ubootenv] get key:hdr_priority envValue: 268435472
05-27 16:13:44.908 320 328 I SystemControl: [/DisplayMode.cpp, getHdrPriority, 2891] getHdrPriority is [0x10000010]
05-27 16:13:44.908 320 328 I SystemControl: [/DisplayMode.cpp, getCommonData, 1534] isbestcolorspace:1, isbestpolicy:0, hdr_policy:0, hdr_priority :268435472, hdr_force_mode:2
05-27 16:13:44.910 290 351 D MesonHwc: sc_read_bootenv val is empty
05-27 16:13:44.910 715 715 D HDMI : Hotplug event:[port:0, connected:true]
05-27 16:13:44.910 290 351 D MesonHwc: getConnectorType, get ubootenv.var.connector_type from uboot env, return (null)
05-27 16:13:44.910 290 351 D MesonHwc: getConnectorType-0 get connector type hdmi--65536
05-27 16:13:44.910 290 351 D MesonHwc: getConnectorCfg: get display 0, connector 13
05-27 16:13:44.910 290 351 E MesonHwc: FixedDisplayPipe::getConnectorCfg 11
05-27 16:13:44.910 290 351 D MesonHwc: handleEvent DRM_EVENT_HDMITX_HOTPLUG 15 VS 11
05-27 16:13:44.911 489 489 D hdmicecd: [HdmiCecControl]:getPhysicalAddress, physical addr: 2000, last pa: 2000, ret = 0
05-27 16:13:44.912 495 495 D hdmicecd: [HdmiCecControl]:total port:1
05-27 16:13:44.912 495 495 I hdmicecd: [HdmiCecControl]:portId: 0, type:output, cec support:1, arc support:1, physical address:2000
05-27 16:13:44.912 495 495 I hdmicecd: [HdmiCecControl]:arc port:0
05-27 16:13:44.915 290 351 D MesonHwc: DrmProperty: EDID (1), value [132]
05-27 16:13:44.915 290 351 D MesonHwc: DrmProperty: content type (77), value [0]
05-27 16:13:44.915 290 351 D MesonHwc: DrmProperty: vrr_capable (78), value [0]
05-27 16:13:44.915 290 351 D MesonHwc: DrmProperty: UPDATE (79), value [0]
05-27 16:13:44.915 290 351 D MesonHwc: DrmProperty: color_depth (80), value [8]
05-27 16:13:44.915 290 351 D MesonHwc: DrmProperty: color_space (81), value [2]
05-27 16:13:44.915 290 351 D MesonHwc: DrmProperty: MESON_DRM_HDMITX_PROP_AVMUTE (82), value [0]
05-27 16:13:44.915 290 351 D MesonHwc: DrmProperty: hdmi_hdr_status (83), value [6]
05-27 16:13:44.915 290 351 D MesonHwc: DrmProperty: dv_cap (85), value [0]
05-27 16:13:44.915 290 351 D MesonHwc: DrmProperty: contenttype_cap (89), value [31]
05-27 16:13:44.915 290 351 D MesonHwc: DrmProperty: hdr_priority (91), value [268435472]
05-27 16:13:44.915 290 351 D MesonHwc: DrmProperty: ready (92), value [0]
05-27 16:13:44.916 290 351 D MesonHwc: DrmProperty: allm_cap (95), value [0]
05-27 16:13:44.916 290 351 D MesonHwc: DrmProperty: dc_cap (96), value [1016]
05-27 16:13:44.916 290 351 E MesonHwc: dolby vision driver is not ready
05-27 16:13:44.918 290 351 I MesonHwc: hdr_preference (dolby_vision)
05-27 16:13:44.919 290 351 E MesonHwc: dolby vision driver is not ready
05-27 16:13:44.920 290 351 D MesonHwc: dolby version:0, dv3:0, hlg:0, hdr10:0, hdr10+:0 max:0, avg:0, min:0
05-27 16:13:44.920 290 351 D MesonHwc: dolby version 4k30:0
05-27 16:13:44.920 290 351 D MesonHwc: Connector HDMI-A loadDisplayModes get 22 modes
05-27 16:13:44.920 290 351 D MesonHwc: add fraction display mode (1920x1080p120hz)
05-27 16:13:44.921 290 351 I MesonHwc: add display mode (1920x1080p120hz-1920x1080p120hz-110, 1920x1080, 120.000000) dpi(42406,42203), hskew(1)
05-27 16:13:44.921 290 351 D MesonHwc: add fraction display mode (smpte24hz)
05-27 16:13:44.921 290 351 I MesonHwc: add display mode (smpte24hz-smpte24hz-111, 4096x2160, 24.000000) dpi(90468,84406), hskew(1)
05-27 16:13:44.921 290 351 D MesonHwc: add fraction display mode (2160p30hz)
05-27 16:13:44.921 290 351 I MesonHwc: add display mode (2160p30hz-2160p30hz-112, 3840x2160, 30.000000) dpi(84813,84406), hskew(1)
05-27 16:13:44.921 290 351 I MesonHwc: add display mode (2160p25hz-2160p25hz-113, 3840x2160, 25.000000) dpi(84813,84406), hskew(1)
05-27 16:13:44.921 290 351 D MesonHwc: add fraction display mode (2160p24hz)
05-27 16:13:44.921 290 351 I MesonHwc: add display mode (2160p24hz-2160p24hz-114, 3840x2160, 24.000000) dpi(84813,84406), hskew(1)
05-27 16:13:44.921 290 351 D MesonHwc: add fraction display mode (1920x1080i120hz)
05-27 16:13:44.921 290 351 I MesonHwc: add display mode (1920x1080i120hz-1920x1080i120hz-115, 1920x1080, 120.000000) dpi(42406,42203), hskew(1)
05-27 16:13:44.921 290 351 D MesonHwc: add fraction display mode (1080p60hz)
05-27 16:13:44.921 290 351 I MesonHwc: add display mode (1080p60hz-1080p60hz-116, 1920x1080, 60.000000) dpi(42406,42203), hskew(1)
05-27 16:13:44.921 290 351 D MesonHwc: add fraction display mode (1080i60hz)
05-27 16:13:44.921 290 351 I MesonHwc: add display mode (1080i60hz-1080i60hz-117, 1920x1080, 60.000000) dpi(42406,42203), hskew(1)
05-27 16:13:44.922 495 495 D hdmiconnection: port id:0 physical:2000
05-27 16:13:44.922 715 715 D HDMI : initPortInfo port info:port_id: 0, type: HDMI_OUT, address: 0x2000, cec: true, arc: true, mhl: false, earc: false
05-27 16:13:44.924 489 489 I hdmicecd: [HdmiCecControl]:clearLogicaladdress
05-27 16:13:44.924 290 351 I MesonHwc: add display mode (1080p50hz-1080p50hz-118, 1920x1080, 50.000000) dpi(42406,42203), hskew(1)
05-27 16:13:44.924 290 351 I MesonHwc: add display mode (1080i50hz-1080i50hz-119, 1920x1080, 50.000000) dpi(42406,42203), hskew(1)
05-27 16:13:44.924 290 351 D MesonHwc: add fraction display mode (1080p30hz)
05-27 16:13:44.924 290 351 I MesonHwc: add display mode (1080p30hz-1080p30hz-120, 1920x1080, 30.000000) dpi(42406,42203), hskew(1)
05-27 16:13:44.924 290 351 D MesonHwc: add fraction display mode (1080p24hz)
05-27 16:13:44.924 290 351 I MesonHwc: add display mode (1080p24hz-1080p24hz-121, 1920x1080, 24.000000) dpi(42406,42203), hskew(1)
05-27 16:13:44.924 290 351 D MesonHwc: add fraction display mode (1280x720p120hz)
05-27 16:13:44.924 290 351 I MesonHwc: add display mode (1280x720p120hz-1280x720p120hz-122, 1280x720, 120.000000) dpi(28271,28135), hskew(1)
05-27 16:13:44.924 290 351 D MesonHwc: add fraction display mode (720p60hz)
05-27 16:13:44.924 290 351 I MesonHwc: add display mode (720p60hz-720p60hz-123, 1280x720, 60.000000) dpi(28271,28135), hskew(1)
05-27 16:13:44.924 290 351 I MesonHwc: add display mode (720p50hz-720p50hz-124, 1280x720, 50.000000) dpi(28271,28135), hskew(1)
05-27 16:13:44.924 290 351 D MesonHwc: add fraction display mode (720p30hz)
05-27 16:13:44.925 290 351 I MesonHwc: add display mode (720p30hz-720p30hz-125, 1280x720, 30.000000) dpi(28271,28135), hskew(1)
05-27 16:13:44.925 290 351 D MesonHwc: add fraction display mode (720p24hz)
05-27 16:13:44.925 290 351 I MesonHwc: add display mode (720p24hz-720p24hz-127, 1280x720, 24.000000) dpi(28271,28135), hskew(1)
05-27 16:13:44.925 290 351 I MesonHwc: add display mode (576p50hz-576p50hz-129, 720x576, 50.000000) dpi(15902,22508), hskew(1)
05-27 16:13:44.925 290 351 I MesonHwc: add display mode (576i50hz-576i50hz-130, 720x576, 50.000000) dpi(15902,22508), hskew(1)
05-27 16:13:44.925 290 351 D MesonHwc: add fraction display mode (720x480p120hz)
05-27 16:13:44.925 290 351 I MesonHwc: add display mode (720x480p120hz-720x480p120hz-131, 720x480, 120.000000) dpi(15902,18756), hskew(1)
05-27 16:13:44.925 290 351 D MesonHwc: add fraction display mode (480p60hz)
05-27 16:13:44.925 290 351 I MesonHwc: add display mode (480p60hz-480p60hz-133, 720x480, 60.000000) dpi(15902,18756), hskew(1)
05-27 16:13:44.925 290 351 D MesonHwc: add fraction display mode (480i60hz)
05-27 16:13:44.925 290 351 I MesonHwc: add display mode (480i60hz-480i60hz-134, 720x480, 60.000000) dpi(15902,18756), hskew(1)
05-27 16:13:44.925 290 351 I MesonHwc: loadDisplayModes (38) end
05-27 16:13:44.925 290 351 D MesonHwc: HwcDisplayPipe::updatePipe 0.
05-27 16:13:44.926 715 821 I WiredAccessoryManager: MSG_NEW_DEVICE_STATE
05-27 16:13:44.926 1444 1444 E xxxxxxxxxxxxxxx: onReceive:mIsHDMIPlugged = true
05-27 16:13:44.927 320 918 I SystemControl: [/Ubootenv.cpp, get, 345] [ubootenv] search end and not find env:connector_type
05-27 16:13:44.928 290 346 E MesonHwc: getCrtc by id(0) failed.
05-27 16:13:44.928 290 346 V MesonDisplayServer: GetDisplayMode:
05-27 16:13:44.928 715 715 I AS.AudioDeviceInventory: not sending NOISY: state=1
05-27 16:13:44.928 320 328 I SystemControl: [/DisplayMode.cpp, getDisplayMode, 2331] getDisplayMode mode:
05-27 16:13:44.928 320 328 I SystemControl: [/Ubootenv.cpp, get, 336] [ubootenv] get key:hdmimode envValue: 480p60hz
05-27 16:13:44.928 320 328 I SystemControl: [/Ubootenv.cpp, get, 336] [ubootenv] get key:cvbsmode envValue: 576cvbs
05-27 16:13:44.928 320 328 I SystemControl: [/DisplayMode.cpp, getCommonData, 1542] hdmi_current_mode:, ubootenv hdmimode:480p60hz cvbsmode:576cvbs
05-27 16:13:44.929 715 873 D AudioService: setWiredDeviceConnectionState( type:400 state:DEVICE_STATE_AVAILABLE addr: name:) from android
05-27 16:13:44.929 715 873 I AS.AudioDeviceInventory: handleDeviceConnection(true dev:400 address: name:)
05-27 16:13:44.929 715 873 I AS.AudioDeviceInventory: deviceKey:0x400:
05-27 16:13:44.929 715 873 I AS.AudioDeviceInventory: deviceInfo:null is(already)Connected:false
05-27 16:13:44.931 478 705 I audio_hw_hal_primary: [adev_set_parameters:4123] dev:0xefd014a0, kv: set_ARC_hdmi=updated_sad
05-27 16:13:44.931 290 346 E MesonHwc: getCrtc by id(0) failed.
05-27 16:13:44.931 478 705 D audio_hw_hal_hfp: [audio_extn_hfp_set_parameters:739] audio_extn_hfp_set_parameters
05-27 16:13:44.931 290 346 D MesonDisplayServer: use connector getDisplayAttribute "HDMI Color ATTR": "444,8bit"
05-27 16:13:44.932 320 328 I SystemControl: [/Ubootenv.cpp, get, 345] [ubootenv] search end and not find env:user_colorattribute
05-27 16:13:44.933 478 1158 I audio_hw_hal_primary: [adev_set_device_connected_state_v7:9037] connected address:, num_descriptors:0, num_profiles:0
05-27 16:13:44.933 478 1158 I audio_hw_hal_primary: [set_device_connect_state:4044] state:1, dev:OUT_HDMI(0x400), pre_out:0x80002, pre_in:0x4
05-27 16:13:44.933 478 1158 D audio_hw_hal_resourcemgr: [set_output_device_avail:353] device:0x400 avail_out_devices:400 routed_out_devices:0x400
05-27 16:13:44.933 320 328 I SystemControl: [/DisplayMode.cpp, getCommonData, 1554] hdmi_current_attr:444,8bit, ubootenv_colorattribute:none
05-27 16:13:44.933 478 1158 D audio_hw_hal_stream: update_sink_format_after_hotplug() active stream 0xefc45d80
05-27 16:13:44.933 478 1158 D audio_hw_hal_profile: get_hdmi_sink_cap_new is running...
05-27 16:13:44.933 320 328 I SystemControl: [/Ubootenv.cpp, get, 345] [ubootenv] search end and not find env:dv_enable
05-27 16:13:44.933 320 328 I SystemControl: [/DisplayMode.cpp, getCommonData, 1567] dv_enable:0
05-27 16:13:44.933 320 328 I SystemControl: [/Ubootenv.cpp, get, 345] [ubootenv] search end and not find env:user_prefer_dv_type
05-27 16:13:44.933 320 328 I SystemControl: [/DisplayMode.cpp, getCommonData, 1578] ubootenv_dv_type:0
05-27 16:13:44.933 478 1158 D audio_hw_hal_profile: query hdmi format...
05-27 16:13:44.933 478 1158 D audio_hw_hal_profile: get_hdmi_sink_cap_new ddp is supported; ddp-joc(atmos) is supported;
05-27 16:13:44.933 320 328 I SystemControl: [/DisplayMode.cpp, getHdmiData, 1721] display sink type:1 [0:none, 1:sink, 2:repeater]
05-27 16:13:44.933 478 1158 I audio_hw_hal_profile: get_hdmi_sink_cap_new dts-hd vendor special byte3:0x1
05-27 16:13:44.933 478 1158 I audio_hw_hal_profile: PCM cap Max channel =2
05-27 16:13:44.933 478 1158 I audio_hw_hal_stream: get_sink_capability mbox+dvb case sink_capability = 0x24000000
05-27 16:13:44.933 478 1158 I audio_hw_hal_stream: force ddp out =0
05-27 16:13:44.933 478 1158 D audio_hw_hal_profile: get_hdmi_sink_cap_new is running...
05-27 16:13:44.933 478 1158 D audio_hw_hal_profile: query hdmi format...
05-27 16:13:44.933 478 1158 D audio_hw_hal_profile: get_hdmi_sink_cap_new ddp is supported; ddp-joc(atmos) is supported;
05-27 16:13:44.933 478 1158 I audio_hw_hal_profile: get_hdmi_sink_cap_new dts-hd vendor special byte3:0x1
05-27 16:13:44.933 478 1158 I audio_hw_hal_profile: PCM cap Max channel =2
05-27 16:13:44.933 320 328 I SystemControl: [/DisplayMode.cpp, filterHdmiDispcap, 1398] before filtered HdmiDispcap: 1080p60hz
05-27 16:13:44.933 320 328 I SystemControl: 1080p50hz
05-27 16:13:44.933 320 328 I SystemControl: 1080i50hz
05-27 16:13:44.933 320 328 I SystemControl: 1080i60hz
05-27 16:13:44.933 320 328 I SystemControl: 720p50hz
05-27 16:13:44.933 320 328 I SystemControl: 720p60hz
05-27 16:13:44.933 320 328 I SystemControl: 1080p24hz
05-27 16:13:44.933 320 328 I SystemControl: 1080p30hz
05-27 16:13:44.933 320 328 I SystemControl: 720p24hz
05-27 16:13:44.933 320 328 I SystemControl: 720p30hz
05-27 16:13:44.933 320 328 I SystemControl: 576p50hz
05-27 16:13:44.933 320 328 I SystemControl: 576i50hz
05-27 16:13:44.933 320 328 I SystemControl: 480p60hz
05-27 16:13:44.933 320 328 I SystemControl: 480i60hz
05-27 16:13:44.933 320 328 I SystemControl: 1280x720p120hz
05-27 16:13:44.933 320 328 I SystemControl: 1920x1080i120hz
05-27 16:13:44.933 320 328 I SystemControl: 1920x1080p120hz
05-27 16:13:44.933 320 328 I SystemControl: 720x480p120hz
05-27 16:13:44.933 320 328 I SystemControl: 2160p30hz
05-27 16:13:44.933 320 328 I SystemControl: 2160p25hz
05-27 16:13:44.933 320 328 I SystemControl: 2160p24hz
05-27 16:13:44.933 320 328 I SystemControl: smpte24hz
05-27 16:13:44.933 320 328 I SystemControl:
05-27 16:13:44.933 478 1158 I audio_hw_hal_stream: [get_sink_dts_capability:212] mbox+dvb case sink_capability: DTS(0xb000000)
05-27 16:13:44.933 478 1158 D audio_hw_hal_profile: get_hdmi_sink_cap_new is running...
05-27 16:13:44.933 478 1158 D audio_hw_hal_profile: query hdmi format...
05-27 16:13:44.933 478 1158 D audio_hw_hal_profile: get_hdmi_sink_cap_new ddp is supported; ddp-joc(atmos) is supported;
05-27 16:13:44.933 478 1158 I audio_hw_hal_profile: get_hdmi_sink_cap_new dts-hd vendor special byte3:0x1
05-27 16:13:44.933 478 1158 I audio_hw_hal_profile: PCM cap Max channel =2
05-27 16:13:44.933 478 1158 I audio_hw_hal_stream: [get_sink_mpegh_capability:245] mbox+dvb case sink_capability: PCM_16_BIT(0x1)
05-27 16:13:44.933 478 1158 D audio_hw_hal_profile: get_hdmi_sink_cap_new is running...
05-27 16:13:44.933 478 1158 D audio_hw_hal_profile: [get_hdmi_sink_cap_new:960] query hdmi sample_rate... format: PCM_16_BIT(0x1)
05-27 16:13:44.933 478 1158 I audio_hw_hal_profile: get_hdmi_sink_cap_new format =0x1 support rate =sup_sampling_rates=32000|44100|48000|88200|96000|176400|192000
05-27 16:13:44.933 478 1158 I audio_hw_hal_stream: pcm_fmt support sample_rate_mask:0x7f
05-27 16:13:44.934 478 1158 I audio_hw_hal_stream: get_sink_dv_capability : /sys/class/amhdmitx/amhdmitx0/hdmi_hdr_status = SDR
05-27 16:13:44.934 478 1158 I audio_hw_hal_stream: get_sink_dv_capability : dv enable 0
05-27 16:13:44.934 478 1158 I audio_hw_hal_stream: [get_sink_format:446] out:0xefc45d80 out devices:0x80002 cur_out_devices:0x400 format:PCM_16_BIT(0x1) digital_mode(AUTO) sink cap:MAT(0x24000000)
05-27 16:13:44.934 478 1158 I audio_hw_hal_stream: get_sink_format() HDMI ARC or mbox + dvb case
05-27 16:13:44.934 478 1158 I audio_hw_hal_stream: [get_sink_format:645] sink_format:MAT(0x24000000) max channel:2 optical_format:MAT(0x24000000) dual_output 0
05-27 16:13:44.934 478 1158 I audio_hw_hal_ms12common: audiohal_send_msg_2_ms12 mesg_type:MS12_MESG_TYPE_RESET_MS12_ENCODER entry
05-27 16:13:44.934 478 1158 I audio_hw_hal_ms12common: audiohal_send_msg_2_ms12 mesg_type:MS12_MESG_TYPE_RESET_MS12_ENCODER exit
05-27 16:13:44.934 478 1158 D audio_hw_hal_ms12v2: set_dolby_ms12_continuous_state audio_continuous_standby_set status 0
05-27 16:13:44.934 478 1158 D audio_hw_hal_continuous_standby: audio_continuous_standby_set, type 0, params 0
05-27 16:13:44.934 478 1158 I audio_hw_hal_ms12common: aml_set_ms12_scheduler_state ms12_scheduler_state:0, sch_state:0 SCHEDULER_RUNNING is sent to ms12
05-27 16:13:44.934 478 671 D audio_hw_hal_ms12common: ms12_message_threadloop(), msg type: MS12_MESG_TYPE_RESET_MS12_ENCODER
05-27 16:13:44.934 478 671 I audio_hw_hal_ms12v2: +dolby_ms12_encoder_reconfig()
05-27 16:13:44.934 478 671 D libdolbyms12: mch_enable 0
05-27 16:13:44.934 478 671 D audio_hw_hal_continuous_standby: audio_continuous_standby_set, type 1, params 12
05-27 16:13:44.934 478 671 D audio_hw_hal_ms12common: ms12_message_threadloop mesg_list is empty, loop waiting......
05-27 16:13:44.935 320 328 I SystemControl: [/DisplayMode.cpp, filterHdmiDispcap, 1427] after filtered HdmiDispcap: 1080p60hz
05-27 16:13:44.935 320 328 I SystemControl: 1080p50hz
05-27 16:13:44.935 320 328 I SystemControl: 1080i50hz
05-27 16:13:44.935 320 328 I SystemControl: 1080i60hz
05-27 16:13:44.935 320 328 I SystemControl: 720p50hz
05-27 16:13:44.935 320 328 I SystemControl: 720p60hz
05-27 16:13:44.935 320 328 I SystemControl: 1080p24hz
05-27 16:13:44.935 320 328 I SystemControl: 1080p30hz
05-27 16:13:44.935 320 328 I SystemControl: 720p24hz
