05-27 16:13:58.492 320 328 I SystemControl: 1080p50hz
05-27 16:13:58.492 320 328 I SystemControl: 1080i50hz
05-27 16:13:58.492 320 328 I SystemControl: 1080i60hz
05-27 16:13:58.492 320 328 I SystemControl: 720p50hz
05-27 16:13:58.492 320 328 I SystemControl: 720p60hz
05-27 16:13:58.492 320 328 I SystemControl: 1080p24hz
05-27 16:13:58.492 320 328 I SystemControl: 1080p30hz
05-27 16:13:58.492 320 328 I SystemControl: 720p24hz
05-27 16:13:58.492 320 328 I SystemControl: 720p30hz
05-27 16:13:58.492 320 328 I SystemControl: 576p50hz
05-27 16:13:58.492 320 328 I SystemControl: 576i50hz
05-27 16:13:58.492 320 328 I SystemControl: 480p60hz
05-27 16:13:58.492 320 328 I SystemControl: 480i60hz
05-27 16:13:58.492 320 328 I SystemControl: 1280x720p120hz
05-27 16:13:58.492 320 328 I SystemControl: 1920x1080i120hz
05-27 16:13:58.492 320 328 I SystemControl: 1920x1080p120hz
05-27 16:13:58.492 320 328 I SystemControl: 2160p30hz
05-27 16:13:58.492 320 328 I SystemControl: 2160p25hz
05-27 16:13:58.492 320 328 I SystemControl: 2160p24hz
05-27 16:13:58.492 320 328 I SystemControl: smpte24hz
05-27 16:13:58.492 320 328 I SystemControl:
05-27 16:13:58.494 495 495 D hdmiconnection: port id:0 physical:2000
05-27 16:13:58.494 320 918 I SystemControl: [/Ubootenv.cpp, get, 336] [ubootenv] get key:hdr_preferred_policy envValue: 0
05-27 16:13:58.494 290 351 D MesonHwc: get key:ubootenv.var.hdr_preferred_policy value:0
05-27 16:13:58.494 290 351 I MesonHwc: getPreferredHdrStrategy is 0
05-27 16:13:58.494 320 918 I SystemControl: [/Ubootenv.cpp, get, 336] [ubootenv] get key:user_hdr_type envValue: 3
05-27 16:13:58.494 715 715 D HDMI : initPortInfo port info:port_id: 0, type: HDMI_OUT, address: 0x2000, cec: true, arc: true, mhl: false, earc: false
05-27 16:13:58.494 290 351 D MesonHwc: get key:ubootenv.var.user_hdr_type value:3
05-27 16:13:58.494 290 351 D MesonHwc: allowedHdrType 0x3
05-27 16:13:58.495 489 489 I hdmicecd: [HdmiCecControl]:clearLogicaladdress
05-27 16:13:58.495 290 351 D MesonDisplayServer: getDisplayAttribute "Dolby Vision CAP2": "The Rx don't support DolbyVision"
05-27 16:13:58.495 290 351 D MesonHwc: hdr_policy:follow sink hdr_priority:HDR10_HLG priority outHdrConversionType:0
05-27 16:13:58.495 290 351 D MesonHwc: set key:ubootenv.var.hdr_policy value:0
05-27 16:13:58.495 320 918 I SystemControl: [/Ubootenv.cpp, updateValue, 68] [ubootenv] update value name [ubootenv.var.hdr_policy]: value [0]
05-27 16:13:58.495 320 918 I SystemControl: [/Ubootenv.cpp, get, 336] [ubootenv] get key:hdr_policy envValue: 0
05-27 16:13:58.495 290 346 D MesonDisplayServer: getDisplayAttribute "Dolby Vision CAP2": "The Rx don't support DolbyVision"
05-27 16:13:58.496 290 351 D MesonHwc: set key:ubootenv.var.hdr_priority value:268435472
05-27 16:13:58.496 715 715 I AS.AudioDeviceInventory: not sending NOISY: state=1
05-27 16:13:58.496 320 918 I SystemControl: [/Ubootenv.cpp, updateValue, 68] [ubootenv] update value name [ubootenv.var.hdr_priority]: value [268435472]
05-27 16:13:58.496 320 918 I SystemControl: [/Ubootenv.cpp, get, 336] [ubootenv] get key:hdr_priority envValue: 268435472
05-27 16:13:58.496 320 918 I SystemControl: [/Ubootenv.cpp, get, 345] [ubootenv] search end and not find env:user_colorattribute
05-27 16:13:58.497 290 351 D MesonHwc: sc_read_bootenv val is empty
05-27 16:13:58.497 290 351 I MesonHwc: isbestColorspace:1
05-27 16:13:58.497 290 351 V MesonDisplayServer: GetDisplayMode:dummy_l
05-27 16:13:58.497 290 351 I MesonHwc: getDisplayMode mode:dummy_l
05-27 16:13:58.497 715 873 D AudioService: setWiredDeviceConnectionState( type:400 state:DEVICE_STATE_AVAILABLE addr: name:) from android
05-27 16:13:58.497 320 918 I SystemControl: [/Ubootenv.cpp, get, 336] [ubootenv] get key:hdmimode envValue: 480p60hz
05-27 16:13:58.497 290 351 D MesonHwc: get key:ubootenv.var.hdmimode value:480p60hz
05-27 16:13:58.497 715 873 I AS.AudioDeviceInventory: handleDeviceConnection(true dev:400 address: name:)
05-27 16:13:58.497 320 918 I SystemControl: [/Ubootenv.cpp, get, 336] [ubootenv] get key:cvbsmode envValue: 576cvbs
05-27 16:13:58.497 715 873 I AS.AudioDeviceInventory: deviceKey:0x400:
05-27 16:13:58.497 715 873 I AS.AudioDeviceInventory: deviceInfo:null is(already)Connected:false
05-27 16:13:58.497 290 351 D MesonHwc: get key:ubootenv.var.cvbsmode value:576cvbs
05-27 16:13:58.497 290 351 I MesonHwc: hdmi_current_mode:dummy_l, ubootenv hdmimode:480p60hz cvbsmode:576cvbs
05-27 16:13:58.498 320 918 I SystemControl: [/Ubootenv.cpp, get, 345] [ubootenv] search end and not find env:user_colorattribute
05-27 16:13:58.498 290 351 D MesonHwc: sc_read_bootenv val is empty
05-27 16:13:58.498 290 351 I MesonHwc: ubootenv_colorattribute:none
05-27 16:13:58.498 478 5377 I audio_hw_hal_primary: [adev_set_parameters:4123] dev:0xefd014a0, kv: set_ARC_hdmi=updated_sad
05-27 16:13:58.498 478 5377 D audio_hw_hal_hfp: [audio_extn_hfp_set_parameters:739] audio_extn_hfp_set_parameters
05-27 16:13:58.499 320 918 I SystemControl: [/Ubootenv.cpp, get, 345] [ubootenv] search end and not find env:dv_enable
05-27 16:13:58.499 478 5377 I audio_hw_hal_primary: [adev_set_device_connected_state_v7:9037] connected address:, num_descriptors:0, num_profiles:0
05-27 16:13:58.499 478 5377 I audio_hw_hal_primary: [set_device_connect_state:4044] state:1, dev:OUT_HDMI(0x400), pre_out:0x80002, pre_in:0x4
05-27 16:13:58.499 478 5377 D audio_hw_hal_resourcemgr: [set_output_device_avail:353] device:0x400 avail_out_devices:400 routed_out_devices:0x400
05-27 16:13:58.499 478 5377 D audio_hw_hal_stream: update_sink_format_after_hotplug() active stream 0xefc45d80
05-27 16:13:58.499 478 5377 D audio_hw_hal_profile: get_hdmi_sink_cap_new is running...
05-27 16:13:58.499 290 351 D MesonHwc: sc_read_bootenv val is empty
05-27 16:13:58.500 320 328 E SystemControl: [/DisplayMode.cpp, getHdmiDvCap, 1618] TV isn't support dolby vision: The Rx don't support DolbyVision
05-27 16:13:58.500 320 328 I SystemControl: [/DisplayMode.cpp, onTxEvent, 3294] onTxEvent boot config enable do nothing, just return
05-27 16:13:58.500 320 328 I SystemControl: [/UEventObserver.cpp, HDMITxUenventThreadLoop, 451] HDMI TX switch_name:hdmitx_audio, switch_state: 1
05-27 16:13:58.500 320 328 I SystemControl: [/DisplayMode.cpp, onTxEvent, 3267] onTxEvent switchName:hdmitx_audio hpdstate:1 state: 1
05-27 16:13:58.500 478 5377 D audio_hw_hal_profile: query hdmi format...
05-27 16:13:58.500 478 5377 D audio_hw_hal_profile: get_hdmi_sink_cap_new ddp is supported; ddp-joc(atmos) is supported;
05-27 16:13:58.500 478 5377 I audio_hw_hal_profile: get_hdmi_sink_cap_new dts-hd vendor special byte3:0x1
05-27 16:13:58.500 478 5377 I audio_hw_hal_profile: PCM cap Max channel =2
05-27 16:13:58.500 478 5377 I audio_hw_hal_stream: get_sink_capability mbox+dvb case sink_capability = 0x24000000
05-27 16:13:58.500 478 5377 I audio_hw_hal_stream: force ddp out =0
05-27 16:13:58.500 478 5377 D audio_hw_hal_profile: get_hdmi_sink_cap_new is running...
05-27 16:13:58.501 478 5377 D audio_hw_hal_profile: query hdmi format...
05-27 16:13:58.501 478 5377 D audio_hw_hal_profile: get_hdmi_sink_cap_new ddp is supported; ddp-joc(atmos) is supported;
05-27 16:13:58.501 478 5377 I audio_hw_hal_profile: get_hdmi_sink_cap_new dts-hd vendor special byte3:0x1
05-27 16:13:58.501 478 5377 I audio_hw_hal_profile: PCM cap Max channel =2
05-27 16:13:58.501 478 5377 I audio_hw_hal_stream: [get_sink_dts_capability:212] mbox+dvb case sink_capability: DTS(0xb000000)
05-27 16:13:58.501 478 5377 D audio_hw_hal_profile: get_hdmi_sink_cap_new is running...
05-27 16:13:58.501 478 5377 D audio_hw_hal_profile: query hdmi format...
05-27 16:13:58.501 478 5377 D audio_hw_hal_profile: get_hdmi_sink_cap_new ddp is supported; ddp-joc(atmos) is supported;
05-27 16:13:58.501 478 5377 I audio_hw_hal_profile: get_hdmi_sink_cap_new dts-hd vendor special byte3:0x1
05-27 16:13:58.501 478 5377 I audio_hw_hal_profile: PCM cap Max channel =2
05-27 16:13:58.501 478 5377 I audio_hw_hal_stream: [get_sink_mpegh_capability:245] mbox+dvb case sink_capability: PCM_16_BIT(0x1)
05-27 16:13:58.501 478 5377 D audio_hw_hal_profile: get_hdmi_sink_cap_new is running...
05-27 16:13:58.502 478 5377 D audio_hw_hal_profile: [get_hdmi_sink_cap_new:960] query hdmi sample_rate... format: PCM_16_BIT(0x1)
05-27 16:13:58.502 478 5377 I audio_hw_hal_profile: get_hdmi_sink_cap_new format =0x1 support rate =sup_sampling_rates=32000|44100|48000|88200|96000|176400|192000
05-27 16:13:58.502 478 5377 I audio_hw_hal_stream: pcm_fmt support sample_rate_mask:0x7f
05-27 16:13:58.502 478 5377 I audio_hw_hal_stream: get_sink_dv_capability : /sys/class/amhdmitx/amhdmitx0/hdmi_hdr_status = SDR
05-27 16:13:58.502 478 5377 I audio_hw_hal_stream: get_sink_dv_capability : dv enable 0
05-27 16:13:58.502 478 5377 I audio_hw_hal_stream: [get_sink_format:446] out:0xefc45d80 out devices:0x80002 cur_out_devices:0x400 format:PCM_16_BIT(0x1) digital_mode(AUTO) sink cap:MAT(0x24000000)
05-27 16:13:58.502 478 5377 I audio_hw_hal_stream: get_sink_format() HDMI ARC or mbox + dvb case
05-27 16:13:58.502 478 5377 I audio_hw_hal_stream: [get_sink_format:645] sink_format:MAT(0x24000000) max channel:2 optical_format:MAT(0x24000000) dual_output 0
05-27 16:13:58.503 478 5377 I audio_hw_hal_ms12common: audiohal_send_msg_2_ms12 mesg_type:MS12_MESG_TYPE_RESET_MS12_ENCODER entry
05-27 16:13:58.503 478 5377 I audio_hw_hal_ms12common: audiohal_send_msg_2_ms12 mesg_type:MS12_MESG_TYPE_RESET_MS12_ENCODER exit
05-27 16:13:58.503 478 5377 D audio_hw_hal_ms12v2: set_dolby_ms12_continuous_state audio_continuous_standby_set status 0
05-27 16:13:58.503 478 671 D audio_hw_hal_ms12common: ms12_message_threadloop(), msg type: MS12_MESG_TYPE_RESET_MS12_ENCODER
05-27 16:13:58.503 478 5377 D audio_hw_hal_continuous_standby: audio_continuous_standby_set, type 0, params 0
05-27 16:13:58.503 478 671 I audio_hw_hal_ms12v2: +dolby_ms12_encoder_reconfig()
05-27 16:13:58.503 478 5377 I audio_hw_hal_ms12common: aml_set_ms12_scheduler_state ms12_scheduler_state:0, sch_state:0 SCHEDULER_RUNNING is sent to ms12
05-27 16:13:58.503 478 671 D libdolbyms12: mch_enable 0
05-27 16:13:58.503 478 671 D audio_hw_hal_continuous_standby: audio_continuous_standby_set, type 1, params 12
05-27 16:13:58.503 478 671 D audio_hw_hal_ms12common: ms12_message_threadloop mesg_list is empty, loop waiting......
05-27 16:13:58.504 478 673 D libdolbyms12: set runtime mch_enable 0
05-27 16:13:58.504 478 705 W DeviceHAL: Error from HAL Device in function get_audio_port_v7: Function not implemented
05-27 16:13:58.505 535 1196 I AudioFlinger: openOutput() this 0xed5c2fe0, module 10 Device AUDIO_DEVICE_OUT_HDMI, @:, SamplingRate 32000, Format 0x9000000, Channels 0x1, flags 0x51
05-27 16:13:58.505 478 5446 D audio_hw_hal_primary: [adev_open_output_stream_new:7868] enter: dev=0xefd014a0 handle=8c5 devices=0x400/'HDMI,' flags=0x51/'DIRECT,COMPRESS_OFFLOAD,HW_AV_SYNC,' config=(rt=32000 ch_mask=0x1 fmt=0x9000000) address=''
05-27 16:13:58.505 478 5446 D audio_hw_hal_primary: adev_open_output_stream_new: enter
05-27 16:13:58.505 478 5446 I audio_hw_hal_primary: [adev_open_output_stream:3285] io 2245: out:0xefc43260 dev:OUT_HDMI(0x400) addr:
05-27 16:13:58.505 478 5446 I audio_hw_hal_primary: [adev_open_output_stream:3287] ch_mask:0x1 rate:32000 format:AC3(0x9000000) flags:0x51
05-27 16:13:58.505 478 5446 I audio_hw_hal_primary: adev_open_output_stream: for raw audio output,force alsa stereo output
05-27 16:13:58.505 478 5446 D audio_hw_hal_primary: [adev_open_output_stream:3573] format=AC3 rate=32000
05-27 16:13:58.505 478 5446 I audio_hw_hal_primary: [adev_open_output_stream:3610] result profile ch_mask:0x1 rate:32000 format:AC3(0x9000000) usecase:RAW_HWSYNC
05-27 16:13:58.505 478 5446 I audio_hw_hal_utils: aml_get_stream_dump_file_name line 2929 file_name /data/vendor/audiohal/stream_pid478_tid5446.dd
05-27 16:13:58.505 478 5446 I audio_hw_hal_primary: [adev_open_output_stream_new:8037] io 2245: out: 0xefc43260 card:0 alsa devices:0 exit ------
05-27 16:13:58.506 320 328 I SystemControl: [/SysWrite.cpp, getKernelReleaseVersion, 701] getKernelReleaseVersion: 5.15
05-27 16:13:58.506 320 328 I SystemControl: [/SystemControlHal.cpp, onEvent, 72] onEvent event:5, client size:5
05-27 16:13:58.507 478 705 I audio_hw_hal_primary: [out_get_buffer_size:552] out:0xefc43260 config.rate=32000, format:AC3(0x9000000), stream format:AC3(0x9000000)
05-27 16:13:58.507 488 509 I SystemControlClient: notifyCallback event type:5
05-27 16:13:58.507 488 509 I SystemControlClient: notifyCallback: listener is NULL.
05-27 16:13:58.507 487 516 I SystemControlClient: notifyCallback event type:5
05-27 16:13:58.507 535 1196 I AudioFlinger: HAL output buffer size 2048 frames, normal sink buffer size 2048 frames
05-27 16:13:58.507 487 516 I SystemControlClient: notifyCallback: listener is NULL.
05-27 16:13:58.507 478 705 I audio_hw_hal_primary: [audiohal_get_latency:1333] io 2245: out:0xefc43260 frames:1216 rate:32000 whole_latency:38 alsa_latency:38
05-27 16:13:58.507 240 800 I SystemControlClient: notifyCallback event type:5
05-27 16:13:58.507 240 800 I SystemControlClient: notifyCallback: listener is NULL.
05-27 16:13:58.507 478 705 I audio_hw_hal_primary: [out_set_event_callback:3158] io 2245: out:0xefc43260, callback:0xf1b4091d cookie:0xf2201930
05-27 16:13:58.507 486 592 I SystemControlClient: notifyCallback event type:5
05-27 16:13:58.507 486 592 I SystemControlClient: notifyCallback: listener is NULL.
05-27 16:13:58.507 1053 1179 I SystemControlEvent: system control callback event: 5
05-27 16:13:58.508 535 5482 I AudioFlinger: AudioFlinger's thread 0xe78d8370 tid=5482 ready to run
05-27 16:13:58.508 478 705 I audio_hw_hal_primary: [audiohal_get_latency:1333] io 2245: out:0xefc43260 frames:1216 rate:32000 whole_latency:38 alsa_latency:38
05-27 16:13:58.508 478 5377 I audio_hw_hal_primary: [audiohal_get_latency:1333] io 2245: out:0xefc43260 frames:1216 rate:32000 whole_latency:38 alsa_latency:38
05-27 16:13:58.508 535 5482 D AudioFlinger: ro.audio.silent is ignored since no output device is set
05-27 16:13:58.509 290 351 E MesonHwc: dolby vision driver is not ready
05-27 16:13:58.509 535 5482 D AudioFlinger: ro.audio.silent is ignored since no output device is set
05-27 16:13:58.509 290 351 I MesonHwc: dv_enable:0
05-27 16:13:58.510 320 918 I SystemControl: [/Ubootenv.cpp, get, 345] [ubootenv] search end and not find env:user_prefer_dv_type
05-27 16:13:58.511 290 351 D MesonHwc: sc_read_bootenv val is empty
05-27 16:13:58.511 290 351 E MesonHwc: dolby vision driver is not ready
05-27 16:13:58.511 290 351 I MesonHwc: ubootenv_dv_type:0
05-27 16:13:58.512 290 351 D MesonDisplayServer: getDisplayAttribute "Dolby Vision CAP2": "The Rx don't support DolbyVision"
05-27 16:13:58.512 290 351 E MesonHwc: TV isn't support dv: The Rx don't support DolbyVision
05-27 16:13:58.512 320 918 I SystemControl: [/Ubootenv.cpp, get, 345] [ubootenv] search end and not find env:hdr_force_mode
05-27 16:13:58.512 290 351 D MesonHwc: sc_read_bootenv val is empty
05-27 16:13:58.512 290 351 I MesonHwc: get hdr force mode is [2]
05-27 16:13:58.512 320 918 I SystemControl: [/Ubootenv.cpp, get, 336] [ubootenv] get key:hdr_policy envValue: 0
05-27 16:13:58.512 290 351 D MesonHwc: get key:ubootenv.var.hdr_policy value:0
05-27 16:13:58.512 290 351 I MesonHwc: get uboot HdrStrategy is [0]
05-27 16:13:58.513 320 918 I SystemControl: [/Ubootenv.cpp, get, 336] [ubootenv] get key:hdr_priority envValue: 268435472
05-27 16:13:58.513 290 351 D MesonHwc: get key:ubootenv.var.hdr_priority value:268435472
05-27 16:13:58.513 290 351 I MesonHwc: getHdrPriority is [HDR10_HLG priority]
05-27 16:13:58.513 290 351 I MesonHwc: get uboot HdrPriority is [HDR10_HLG priority]
05-27 16:13:58.513 290 351 I MesonHwc: hdr_policy:follow sink, hdr_priority :HDR10_HLG priority, hdr_force_mode:2
05-27 16:13:58.513 290 351 E MesonHwc: dolby vision driver is not ready
05-27 16:13:58.513 290 351 D MesonDisplayServer: getDisplayAttribute "Dolby Vision CAP2": "The Rx don't support DolbyVision"
05-27 16:13:58.514 320 918 I SystemControl: [/Ubootenv.cpp, get, 345] [ubootenv] search end and not find env:hdr_resolution_priority
05-27 16:13:58.514 290 351 D MesonHwc: sc_read_bootenv val is empty
05-27 16:13:58.514 320 371 I SystemControl: [/Ubootenv.cpp, get, 345] [ubootenv] search end and not find env:user_prefer_dv_type
05-27 16:13:58.514 290 351 D MesonHwc: sc_read_bootenv val is empty
05-27 16:13:58.514 290 351 E MesonHwc: dolby vision driver is not ready
05-27 16:13:58.514 290 351 I MesonHwc: ubootenv_dv_type:0
05-27 16:13:58.515 290 351 I MesonHwc: display sink type:1 [0:none, 1:sink, 2:repeater]
05-27 16:13:58.515 290 351 D MesonHwc: hdmi get mDcCap 444,12bit
05-27 16:13:58.515 290 351 D MesonHwc: 444,10bit
05-27 16:13:58.515 290 351 D MesonHwc: 444,8bit
05-27 16:13:58.515 290 351 D MesonHwc: 422,12bit
05-27 16:13:58.515 290 351 D MesonHwc: rgb,12bit
05-27 16:13:58.515 290 351 D MesonHwc: rgb,10bit
05-27 16:13:58.515 290 351 D MesonHwc: rgb,8bit
05-27 16:13:58.515 290 351 V MesonDisplayServer: GetDisplayMode:dummy_l
05-27 16:13:58.515 290 351 I MesonHwc: getDisplayMode mode:dummy_l
05-27 16:13:58.515 320 371 I SystemControl: [/Ubootenv.cpp, get, 345] [ubootenv] search end and not find env:framerate_priority
05-27 16:13:58.515 290 351 D MesonHwc: sc_read_bootenv val is empty
05-27 16:13:58.515 320 371 I SystemControl: [/Ubootenv.cpp, get, 336] [ubootenv] get key:hdmimode envValue: 480p60hz
05-27 16:13:58.516 290 351 D MesonHwc: get key:ubootenv.var.hdmimode value:480p60hz
05-27 16:13:58.516 320 371 I SystemControl: [/Ubootenv.cpp, get, 336] [ubootenv] get key:is.bestmode envValue: false
05-27 16:13:58.516 290 351 D MesonHwc: get key:ubootenv.var.is.bestmode value:false
05-27 16:13:58.516 290 351 I MesonDisplay: [/mode_policy.c, meson_mode_set_policy, 1177] connector:0 to policy:8
05-27 16:13:58.516 290 351 I MesonDisplay: [/mode_policy.c, is_dv_prefer, 66] not prefer dv, hdr_priority:10000010
05-27 16:13:58.516 290 351 I MesonDisplay: [/mode_policy.c, is_dv_prefer, 66] not prefer dv, hdr_priority:10000010
05-27 16:13:58.516 290 351 I MesonDisplay: [/mode_policy_parser.c, is_support_hdmimode, 110] is_support_hdmimode mode: 480p60hz
05-27 16:13:58.516 290 351 I MesonDisplay: [/mode_policy.c, get_hdmi_outputmode, 1018] get_hdmi_outputmode mode:480p60hz
05-27 16:13:58.516 290 351 I MesonDisplay: [/mode_policy.c, sdr_scene_process, 1146] final_displaymode:480p60hz
05-27 16:13:58.516 290 351 I MesonDisplay: [/mode_policy.c, get_best_color_attr, 613] get_best_color_attr current mode:[480p60hz] brr_mode:[480p60hz]
05-27 16:13:58.516 290 351 D MesonDisplay: meson_write /sys/class/amhdmitx/amhdmitx0/valid_mode, outputmode:480p60hz444,8bit
05-27 16:13:58.516 290 351 D MesonDisplay: valid mode is true!
05-27 16:13:58.516 290 351 I MesonDisplay: [/mode_policy.c, get_best_color_attr, 679] support current mode:[480p60hz], color format:[444,8bit]
05-27 16:13:58.516 290 351 I MesonDisplay: [/mode_policy.c, get_hdmi_color_attr, 1081] get hdmi color attribute : [444,8bit], outputmode is: [480p60hz]
05-27 16:13:58.516 290 351 I MesonDisplay: [/mode_policy.c, update_deepcolor, 1107] colorattribute = 444,8bit
05-27 16:13:58.516 290 351 I MesonDisplay: [/mode_policy.c, sdr_scene_process, 1163] final_deepcolor = 444,8bit
05-27 16:13:58.516 290 351 I MesonDisplay: [/mode_policy.c, meson_mode_get_policy_output, 1289] final_displaymode:480p60hz, final_deepcolor:444,8bit, amdv_type:0
05-27 16:13:58.516 320 371 I SystemControl: [/Ubootenv.cpp, get, 336] [ubootenv] get key:hdr_preferred_policy envValue: 0
05-27 16:13:58.518 290 351 D MesonHwc: get key:ubootenv.var.hdr_preferred_policy value:0
05-27 16:13:58.518 290 351 I MesonHwc: getPreferredHdrStrategy is 0
05-27 16:13:58.518 290 351 I MesonHwc: check_hdr_mode mode:480p60hz outHdrConversionType:SDR support:1
05-27 16:13:58.518 290 351 I MesonHwc: quiescent_mode is 0
05-27 16:13:58.518 320 371 I SystemControl: [/Ubootenv.cpp, get, 336] [ubootenv] get key:frac_rate_policy envValue: 0
05-27 16:13:58.518 290 351 D MesonHwc: get key:ubootenv.var.frac_rate_policy value:0
05-27 16:13:58.519 290 351 I MesonHwc: get uenv frc policy is 0 and current value is 0
05-27 16:13:58.519 290 351 I MesonHwc: cur frac_rate_policy is equals
05-27 16:13:58.519 290 351 D MesonDisplayServer: use connector getDisplayAttribute "HDMI Color ATTR": "444,8bit"
05-27 16:13:58.519 290 351 I MesonHwc: curDeepcolor[444,8bit] final_deepcolor[444,8bit]
05-27 16:13:58.519 290 351 I MesonHwc: cur deepcolor is equals
05-27 16:13:58.519 290 351 D MesonDisplayServer: getDisplayAttribute "HDR Policy": "0"
05-27 16:13:58.519 290 351 I MesonHwc: cur hdr policy:0
05-27 16:13:58.519 290 351 D MesonDisplayServer: getDisplayAttribute "FORCE HDR Mode": "0"
05-27 16:13:58.519 290 351 I MesonHwc: cur hdr force mode:0
05-27 16:13:58.519 290 351 D MesonDisplayServer: getDisplayAttribute "Dolby Vision Mode": "usage: echo mode > /sys/class/amdolby_vision/dv_mode AMDV_OUTPUT_MODE_BYPASS 0 AMDV_OUTPUT_MODE_IPT 1 AMDV_OUTPUT_MODE_IPT_TUNNEL 2 AMDV_OUTPUT_MODE_HDR10 3 AMDV_OUTPUT_MODE_SDR10 4 AMDV_OUTPUT_MODE_SDR8 5current dv_mode = off"
05-27 16:13:58.519 290 351 D MesonDisplayServer: getDisplayAttribute "Dolby Vision Policy": "0"
05-27 16:13:58.519 290 351 I MesonHwc: cur dv policy:0
05-27 16:13:58.519 320 371 I SystemControl: [/Ubootenv.cpp, get, 345] [ubootenv] search end and not find env:hdr_force_mode
05-27 16:13:58.521 290 351 D MesonHwc: sc_read_bootenv val is empty
05-27 16:13:58.521 290 351 I MesonHwc: get hdr force mode is [2]
05-27 16:13:58.522 320 371 I SystemControl: [/Ubootenv.cpp, get, 336] [ubootenv] get key:hdr_policy envValue: 0
05-27 16:13:58.522 535 1196 I AudioFlinger: openOutput() this 0xed5c2fe0, module 10 Device AUDIO_DEVICE_OUT_HDMI, @:, SamplingRate 0, Format 00000000, Channels 0, flags 0x4001
05-27 16:13:58.522 290 351 D MesonHwc: get key:ubootenv.var.hdr_policy value:0
05-27 16:13:58.522 290 351 I MesonHwc: get uboot HdrStrategy is [0]
05-27 16:13:58.522 290 351 E MesonHwc: dolby vision driver is not ready
05-27 16:13:58.522 290 351 D MesonDisplayServer: use connector getDisplayAttribute "HDR Priority": "268435472"
05-27 16:13:58.522 478 5377 D audio_hw_hal_primary: [adev_open_output_stream_new:7868] enter: dev=0xefd014a0 handle=8cd devices=0x400/'HDMI,' flags=0x4001/'DIRECT,MMAP_NOIRQ,' config=(rt=0 ch_mask=0x0 fmt=0x0) address=''
05-27 16:13:58.522 290 351 I MesonHwc: getCurrentHdrPriority is [HDR10_HLG priority]
05-27 16:13:58.522 478 5377 D audio_hw_hal_primary: adev_open_output_stream_new: enter
05-27 16:13:58.522 478 5377 I audio_hw_hal_primary: [adev_open_output_stream:3285] io 2253: out:0xefc4c220 dev:OUT_HDMI(0x400) addr:
05-27 16:13:58.522 478 5377 I audio_hw_hal_primary: [adev_open_output_stream:3287] ch_mask:0 rate:0 format:DEFAULT(0) flags:0x4001
05-27 16:13:58.522 478 5377 I audio_hw_hal_primary: when open aaudio stream, send RUNNING msg to submix & ms12
05-27 16:13:58.522 478 5377 W audio_hw_hal_ms12common: aml_set_ms12_scheduler_state sch_state:0 SCHEDULER_RUNNING, ms12 scheduler state not changed.
05-27 16:13:58.522 478 5377 I audio_hw_hal_mmap: [outMmapInit:680] stream:0xefc4c220
05-27 16:13:58.522 478 5377 I audio_hw_hal_mmap: [dma_buffer_allocate:639] enter
05-27 16:13:58.522 320 371 I SystemControl: [/Ubootenv.cpp, get, 336] [ubootenv] get key:hdr_priority envValue: 268435472
05-27 16:13:58.522 478 5377 I DMABUFHEAPS: Using DMA-BUF heap named: system-uncached
05-27 16:13:58.522 478 5377 I audio_hw_hal_mmap: [dma_buffer_allocate:673] s32DmaFd:25, pu8MmapAddr:0xf383f000
05-27 16:13:58.522 478 5377 I audio_hw_hal_mmap: [mmap_audio_register_client:927] OK ! stream 0xefc4c220, client id 0
05-27 16:13:58.522 478 5377 I audio_hw_hal_primary: [adev_open_output_stream:3540] vendor.media.llp 0
05-27 16:13:58.522 478 5377 I audio_hw_hal_primary: [adev_open_output_stream:3610] result profile ch_mask:0x3 rate:48000 format:PCM_16_BIT(0x1) usecase:PCM_MMAP
05-27 16:13:58.522 478 5377 I audio_hw_hal_utils: aml_get_stream_dump_file_name line 2929 file_name /data/vendor/audiohal/stream_pid478_tid5377.pcm
05-27 16:13:58.522 478 5377 I audio_hw_hal_primary: [adev_open_output_stream_new:8037] io 2253: out: 0xefc4c220 card:0 alsa devices:0 exit ------
05-27 16:13:58.523 478 5377 I audio_hw_hal_primary: [out_get_buffer_size:552] out:0xefc4c220 config.rate=48000, format:PCM_16_BIT(0x1), stream format:PCM_16_BIT(0x1)
05-27 16:13:58.524 535 5483 I AudioFlinger: AudioFlinger's thread 0xe75c24a0 tid=5483 ready to run
05-27 16:13:58.524 290 351 D MesonHwc: get key:ubootenv.var.hdr_priority value:268435472
05-27 16:13:58.524 290 351 I MesonHwc: getHdrPriority is [HDR10_HLG priority]
05-27 16:13:58.524 290 351 I MesonHwc: get uboot HdrPriority is [HDR10_HLG priority]
05-27 16:13:58.524 290 351 D MesonDisplayServer: getDisplayAttribute "Dolby Vision Enable": "N"
05-27 16:13:58.524 290 351 D MesonDisplayServer: getDisplayAttribute "Dolby Vision LL Policy": "0"
05-27 16:13:58.524 478 5377 I audio_hw_hal_profile: [out_get_parameters:2092] out:0xefc4c220 query channels. Format:PCM_16_BIT(0x1) ++++++++++ hal_format:PCM_16_BIT
05-27 16:13:58.524 290 351 I MesonHwc: curDvMode 0, want DvMode 0
05-27 16:13:58.524 478 5377 D audio_hw_hal_profile: get_hdmi_sink_cap_new is running...
05-27 16:13:58.525 290 351 E MesonHwc: dolby vision driver is not ready
05-27 16:13:58.525 290 351 I MesonHwc: cur DvMode is equals
05-27 16:13:58.525 290 351 V MesonDisplayServer: GetDisplayMode:dummy_l
05-27 16:13:58.525 290 351 I MesonHwc: getDisplayMode mode:dummy_l
05-27 16:13:58.525 290 351 I MesonHwc: curMode:[dummy_l] ,final_displaymode[480p60hz]
05-27 16:13:58.525 290 351 I MesonHwc: curmode:dummy_l, tmpMode:dummy_l, outputmode:480p60hz
05-27 16:13:58.525 290 351 I MesonHwc: connector not ready
05-27 16:13:58.525 478 5377 D audio_hw_hal_profile: [get_hdmi_sink_cap_new:887] query hdmi channels... format: PCM_16_BIT(0x1)
05-27 16:13:58.525 478 5377 I audio_hw_hal_profile: [out_get_parameters:2165] sup_channels=AUDIO_CHANNEL_OUT_STEREO
05-27 16:13:58.525 290 351 I MesonHwc: setSysfsStr /sys/devices/virtual/amhdmitx/amhdmitx0/avmute= 1
05-27 16:13:58.525 290 351 I MesonDisplay: [/HDCPTxAuth.cpp, stopVerAll, 344] hdcp_tx 2.2 & 1.4 stop hdcp pwr
05-27 16:13:58.525 290 351 E MesonDisplay: open /sys/class/amhdmitx/amhdmitx0/hdcp_pwr fail. Error info [No such file or directory]
05-27 16:13:58.526 535 1196 D AudioFlinger: closing mmapThread 0xe75c24a0
05-27 16:13:58.526 535 1196 D AudioFlinger: mmapThread exit()
05-27 16:13:58.529 478 5377 I audio_hw_hal_primary: [adev_close_output_stream_new:8052] io handle 2253: out:0xefc4c220
05-27 16:13:58.529 478 5377 D audio_hw_hal_primary: adev_close_output_stream_new: enter usecase = PCM_MMAP
05-27 16:13:58.529 478 5377 I audio_hw_hal_primary: [adev_close_output_stream:3695] io 2253: out:0xefc4c220 dev:OUT_HDMI(0x400) flags:0x4001, usecase:PCM_MMAP
05-27 16:13:58.529 478 5377 D audio_hw_hal_primary: [out_standby_new:5767] io 2253: out:0xefc4c220 usecase:PCM_MMAP
05-27 16:13:58.529 478 5377 I audio_hw_hal_primary: already standby, do nothing
05-27 16:13:58.529 478 5377 I audio_hw_hal_mmap: [outMmapDeInit:743] stream:0xefc4c220
05-27 16:13:58.529 478 5377 I audio_hw_hal_mmap: [mmap_audio_unregister_client:955] OK ! stream 0xefc4c220, client id 0
05-27 16:13:58.529 478 5377 I audio_hw_hal_primary: when close aaudio stream, send STANDBY msg to submix & ms12
05-27 16:13:58.529 478 5377 I audio_hw_hal_ms12common: aml_set_ms12_scheduler_state ms12_scheduler_state:1, sch_state:1 SCHEDULER_STANDBY is sent to ms12
05-27 16:13:58.529 478 5377 I audio_hw_hal_resourcemgr: [is_output_device_muted:710] device:0x2 port_mute:0, fade_mute:0
05-27 16:13:58.529 478 5377 I audio_hw_hal_primary: [adev_close_output_stream:3863] io 2253: out:0xefc4c220 exit ------
05-27 16:13:58.530 535 1196 I AudioFlinger: openOutput() this 0xed5c2fe0, module 10 Device AUDIO_DEVICE_OUT_HDMI, @:, SamplingRate 48000, Format 0x000001, Channels 0x3, flags 0x4001
05-27 16:13:58.530 478 705 D audio_hw_hal_primary: [adev_open_output_stream_new:7868] enter: dev=0xefd014a0 handle=8d5 devices=0x400/'HDMI,' flags=0x4001/'DIRECT,MMAP_NOIRQ,' config=(rt=48000 ch_mask=0x3 fmt=0x1) address=''
05-27 16:13:58.530 478 705 D audio_hw_hal_primary: adev_open_output_stream_new: enter
05-27 16:13:58.530 478 705 I audio_hw_hal_primary: [adev_open_output_stream:3285] io 2261: out:0xefc4c220 dev:OUT_HDMI(0x400) addr:
05-27 16:13:58.530 478 705 I audio_hw_hal_primary: [adev_open_output_stream:3287] ch_mask:0x3 rate:48000 format:PCM_16_BIT(0x1) flags:0x4001
05-27 16:13:58.530 478 705 I audio_hw_hal_primary: when open aaudio stream, send RUNNING msg to submix & ms12
05-27 16:13:58.530 478 705 D audio_hw_hal_ms12v2: set_dolby_ms12_continuous_state audio_continuous_standby_set status 0
05-27 16:13:58.530 478 705 D audio_hw_hal_continuous_standby: audio_continuous_standby_set, type 0, params 0
05-27 16:13:58.530 478 705 I audio_hw_hal_ms12common: aml_set_ms12_scheduler_state ms12_scheduler_state:0, sch_state:0 SCHEDULER_RUNNING is sent to ms12
05-27 16:13:58.531 478 705 I audio_hw_hal_mmap: [outMmapInit:680] stream:0xefc4c220
05-27 16:13:58.531 478 705 I audio_hw_hal_mmap: [dma_buffer_allocate:639] enter
05-27 16:13:58.531 478 705 I DMABUFHEAPS: Using DMA-BUF heap named: system-uncached
05-27 16:13:58.531 478 705 I audio_hw_hal_mmap: [dma_buffer_allocate:673] s32DmaFd:25, pu8MmapAddr:0xf383f000
05-27 16:13:58.531 478 705 I audio_hw_hal_mmap: [mmap_audio_register_client:927] OK ! stream 0xefc4c220, client id 0
05-27 16:13:58.531 478 705 I audio_hw_hal_primary: [adev_open_output_stream:3540] vendor.media.llp 0
05-27 16:13:58.531 478 705 I audio_hw_hal_primary: [adev_open_output_stream:3610] result profile ch_mask:0x3 rate:48000 format:PCM_16_BIT(0x1) usecase:PCM_MMAP
05-27 16:13:58.531 478 705 I audio_hw_hal_utils: aml_get_stream_dump_file_name line 2929 file_name /data/vendor/audiohal/stream_pid478_tid705.pcm
05-27 16:13:58.531 478 705 I audio_hw_hal_primary: [adev_open_output_stream_new:8037] io 2261: out: 0xefc4c220 card:0 alsa devices:0 exit ------
05-27 16:13:58.532 478 5446 I audio_hw_hal_primary: [out_get_buffer_size:552] out:0xefc4c220 config.rate=48000, format:PCM_16_BIT(0x1), stream format:PCM_16_BIT(0x1)
05-27 16:13:58.534 535 5485 I AudioFlinger: AudioFlinger's thread 0xe75c24a0 tid=5485 ready to run
05-27 16:13:58.536 478 5446 I audio_hw_hal_primary: [out_set_volume:1406] out:0xefc4c220 left:1.000000 continuous:1 internal_format:PCM_16_BIT dolby:0 direct pcm:1 mmap_pcm:1
05-27 16:13:58.542 535 1196 I AudioFlinger: openOutput() this 0xed5c2fe0, module 10 Device AUDIO_DEVICE_OUT_HDMI, @:, SamplingRate 0, Format 00000000, Channels 0, flags 0x41
05-27 16:13:58.542 478 5446 D audio_hw_hal_primary: [adev_open_output_stream_new:7868] enter: dev=0xefd014a0 handle=8dd devices=0x400/'HDMI,' flags=0x41/'DIRECT,HW_AV_SYNC,' config=(rt=0 ch_mask=0x0 fmt=0x0) address=''
05-27 16:13:58.542 478 5446 D audio_hw_hal_primary: adev_open_output_stream_new: enter
05-27 16:13:58.542 478 5446 I audio_hw_hal_primary: [adev_open_output_stream:3285] io 2269: out:0xefc4c950 dev:OUT_HDMI(0x400) addr:
05-27 16:13:58.542 478 5446 I audio_hw_hal_primary: [adev_open_output_stream:3287] ch_mask:0 rate:0 format:DEFAULT(0) flags:0x41
05-27 16:13:58.543 478 5446 D audio_hw_hal_primary: [adev_open_output_stream:3573] format=PCM_16_BIT rate=48000
05-27 16:13:58.543 478 5446 I audio_hw_hal_primary: [adev_open_output_stream:3610] result profile ch_mask:0x3 rate:48000 format:PCM_16_BIT(0x1) usecase:PCM_HWSYNC
05-27 16:13:58.543 478 5446 D audio_hw_hal_timer: func:audio_timer_create create timer.1 success.
05-27 16:13:58.543 478 5446 D audio_hw_hal_timer: func:audio_timer_create create timer.2 success.
05-27 16:13:58.543 478 5446 D audio_hw_hal_primary: [adev_open_output_stream_new:7980] timer_id:1
05-27 16:13:58.543 478 5446 I audio_hw_hal_utils: aml_get_stream_dump_file_name line 2929 file_name /data/vendor/audiohal/stream_pid478_tid5446.pcm
05-27 16:13:58.543 478 5446 I audio_hw_hal_primary: [adev_open_output_stream_new:8037] io 2269: out: 0xefc4c950 card:0 alsa devices:0 exit ------
05-27 16:13:58.545 478 5446 I audio_hw_hal_primary: [out_get_buffer_size:552] out:0xefc4c950 config.rate=48000, format:PCM_16_BIT(0x1), stream format:PCM_16_BIT(0x1)
05-27 16:13:58.546 535 1196 I AudioFlinger: HAL output buffer size 2058 frames, normal sink buffer size 2058 frames
05-27 16:13:58.546 478 5446 I audio_hw_hal_primary: [audiohal_get_latency:1333] io 2269: out:0xefc4c950 frames:1088 rate:48000 whole_latency:22 alsa_latency:22
05-27 16:13:58.546 478 5446 I audio_hw_hal_primary: [out_set_event_callback:3158] io 2269: out:0xefc4c950, callback:0xf1b4091d cookie:0xf2202770
05-27 16:13:58.547 478 5377 I audio_hw_hal_primary: [audiohal_get_latency:1333] io 2269: out:0xefc4c950 frames:1088 rate:48000 whole_latency:22 alsa_latency:22
05-27 16:13:58.547 478 5377 I audio_hw_hal_primary: [audiohal_get_latency:1333] io 2269: out:0xefc4c950 frames:1088 rate:48000 whole_latency:22 alsa_latency:22
05-27 16:13:58.548 478 5446 I audio_hw_hal_profile: [out_get_parameters:2085] out:0xefc4c950 query audio format. ++++++++++ hal_format:PCM_16_BIT
05-27 16:13:58.548 478 5446 D audio_hw_hal_profile: get_hdmi_sink_cap_new is running...
05-27 16:13:58.548 478 5446 D audio_hw_hal_profile: query hdmi format...
05-27 16:13:58.548 478 5446 D audio_hw_hal_profile: get_hdmi_sink_cap_new ddp is supported; ddp-joc(atmos) is supported;
05-27 16:13:58.548 478 5446 I audio_hw_hal_profile: get_hdmi_sink_cap_new dts-hd vendor special byte3:0x1
05-27 16:13:58.548 478 5446 I audio_hw_hal_profile: PCM cap Max channel =2
05-27 16:13:58.548 478 5446 I audio_hw_hal_profile: [out_get_parameters:2165] sup_formats=AUDIO_FORMAT_PCM_16_BIT|AUDIO_FORMAT_IEC61937|AUDIO_FORMAT_E_AC3|AUDIO_FORMAT_E_AC3_JOC|AUDIO_FORMAT_AC3|AUDIO_FORMAT_DTS
05-27 16:13:58.548 535 1196 D APM_AudioPolicyManager: modifySurroundFormats: forced use = 0
05-27 16:13:58.549 478 5446 I audio_hw_hal_profile: [out_get_parameters:2089] out:0xefc4c950 query sample rate. Format:PCM_16_BIT(0x1) ++++++++++ hal_format:PCM_16_BIT
05-27 16:13:58.549 478 5446 D audio_hw_hal_profile: get_hdmi_sink_cap_new is running...
05-27 16:13:58.550 478 5446 D audio_hw_hal_profile: [get_hdmi_sink_cap_new:960] query hdmi sample_rate... format: PCM_16_BIT(0x1)
05-27 16:13:58.550 478 5446 I audio_hw_hal_profile: get_hdmi_sink_cap_new format =0x1 support rate =sup_sampling_rates=32000|44100|48000|88200|96000|176400|192000
05-27 16:13:58.550 478 5446 I audio_hw_hal_profile: [out_get_parameters:2165] sup_sampling_rates=32000|44100|48000|88200|96000|176400|192000
05-27 16:13:58.550 478 5446 I audio_hw_hal_profile: [out_get_parameters:2092] out:0xefc4c950 query channels. Format:PCM_16_BIT(0x1) ++++++++++ hal_format:PCM_16_BIT
05-27 16:13:58.550 478 5446 D audio_hw_hal_profile: get_hdmi_sink_cap_new is running...
05-27 16:13:58.550 489 527 D hdmicecd: [CEC]:printCecMessage, [4 -> 4] len: 0, body:, result:no ack
05-27 16:13:58.550 478 5446 D audio_hw_hal_profile: [get_hdmi_sink_cap_new:887] query hdmi channels... format: PCM_16_BIT(0x1)
05-27 16:13:58.550 478 5446 I audio_hw_hal_profile: [out_get_parameters:2165] sup_channels=AUDIO_CHANNEL_OUT_STEREO
05-27 16:13:58.551 478 5377 I audio_hw_hal_profile: [out_get_parameters:2089] out:0xefc4c950 query sample rate. Format:DTS(0xb000000) ++++++++++ hal_format:PCM_16_BIT
05-27 16:13:58.551 478 5377 D audio_hw_hal_profile: get_hdmi_sink_cap_new is running...
05-27 16:13:58.551 478 5377 D audio_hw_hal_profile: [get_hdmi_sink_cap_new:960] query hdmi sample_rate... format: DTS(0xb000000)
05-27 16:13:58.551 478 5377 I audio_hw_hal_profile: get_hdmi_sink_cap_new format =0xb000000 support rate =sup_sampling_rates=32000|44100|48000
05-27 16:13:58.551 478 5377 I audio_hw_hal_profile: [out_get_parameters:2165] sup_sampling_rates=32000|44100|48000
05-27 16:13:58.551 535 5488 I AudioFlinger: AudioFlinger's thread 0xe78d42e0 tid=5488 ready to run
05-27 16:13:58.552 535 5488 D AudioFlinger: ro.audio.silent is ignored since no output device is set
05-27 16:13:58.552 478 5377 I audio_hw_hal_profile: [out_get_parameters:2092] out:0xefc4c950 query channels. Format:DTS(0xb000000) ++++++++++ hal_format:PCM_16_BIT
05-27 16:13:58.552 478 5377 D audio_hw_hal_profile: get_hdmi_sink_cap_new is running...
05-27 16:13:58.552 478 5377 D audio_hw_hal_profile: [get_hdmi_sink_cap_new:887] query hdmi channels... format: DTS(0xb000000)
05-27 16:13:58.552 478 5377 I audio_hw_hal_profile: [out_get_parameters:2165] sup_channels=AUDIO_CHANNEL_OUT_MONO|AUDIO_CHANNEL_OUT_STEREO|AUDIO_CHANNEL_OUT_TRI|AUDIO_CHANNEL_OUT_TRI_BACK|AUDIO_CHANNEL_OUT_3POINT1|AUDIO_CHANNEL_OUT_QUAD|AUDIO_CHANNEL_OUT_SURROUND|AUDIO_CHANNEL_OUT_PENTA|AUDIO_CHANNEL_OUT_5POINT1
05-27 16:13:58.553 478 5377 D audio_hw_hal_primary: [out_standby_new:5767] io 2269: out:0xefc4c950 usecase:PCM_HWSYNC
05-27 16:13:58.553 478 5377 I audio_hw_hal_primary: already standby, do nothing
05-27 16:13:58.554 478 5377 I audio_hw_hal_profile: [out_get_parameters:2089] out:0xefc4c950 query sample rate. Format:AC3(0x9000000) ++++++++++ hal_format:PCM_16_BIT
05-27 16:13:58.555 478 5377 D audio_hw_hal_profile: get_hdmi_sink_cap_new is running...
05-27 16:13:58.555 478 5377 D audio_hw_hal_profile: [get_hdmi_sink_cap_new:960] query hdmi sample_rate... format: AC3(0x9000000)
05-27 16:13:58.555 478 5377 I audio_hw_hal_profile: get_hdmi_sink_cap_new format =0x9000000 support rate =sup_sampling_rates=32000|44100|48000
05-27 16:13:58.555 478 5377 I audio_hw_hal_profile: [out_get_parameters:2165] sup_sampling_rates=32000|44100|48000
05-27 16:13:58.555 478 5377 I audio_hw_hal_profile: [out_get_parameters:2092] out:0xefc4c950 query channels. Format:AC3(0x9000000) ++++++++++ hal_format:PCM_16_BIT
05-27 16:13:58.555 478 5377 D audio_hw_hal_profile: get_hdmi_sink_cap_new is running...
05-27 16:13:58.555 478 5377 D audio_hw_hal_profile: [get_hdmi_sink_cap_new:887] query hdmi channels... format: AC3(0x9000000)
05-27 16:13:58.555 478 5377 I audio_hw_hal_profile: [out_get_parameters:2165] sup_channels=AUDIO_CHANNEL_OUT_MONO|AUDIO_CHANNEL_OUT_STEREO|AUDIO_CHANNEL_OUT_TRI|AUDIO_CHANNEL_OUT_TRI_BACK|AUDIO_CHANNEL_OUT_3POINT1|AUDIO_CHANNEL_OUT_QUAD|AUDIO_CHANNEL_OUT_SURROUND|AUDIO_CHANNEL_OUT_PENTA|AUDIO_CHANNEL_OUT_5POINT1
05-27 16:13:58.556 478 5377 I audio_hw_hal_profile: [out_get_parameters:2089] out:0xefc4c950 query sample rate. Format:E_AC3(0xa000000) ++++++++++ hal_format:PCM_16_BIT
05-27 16:13:58.556 478 5377 D audio_hw_hal_profile: get_hdmi_sink_cap_new is running...
05-27 16:13:58.556 478 5377 D audio_hw_hal_profile: [get_hdmi_sink_cap_new:960] query hdmi sample_rate... format: E_AC3(0xa000000)
05-27 16:13:58.556 478 5377 I audio_hw_hal_profile: get_hdmi_sink_cap_new format =0xa000000 support rate =sup_sampling_rates=32000|44100|48000
05-27 16:13:58.556 478 5377 I audio_hw_hal_profile: [out_get_parameters:2165] sup_sampling_rates=32000|44100|48000
05-27 16:13:58.556 478 5377 I audio_hw_hal_profile: [out_get_parameters:2092] out:0xefc4c950 query channels. Format:E_AC3(0xa000000) ++++++++++ hal_format:PCM_16_BIT
05-27 16:13:58.556 478 5377 D audio_hw_hal_profile: get_hdmi_sink_cap_new is running...
05-27 16:13:58.556 478 5377 D audio_hw_hal_profile: [get_hdmi_sink_cap_new:887] query hdmi channels... format: E_AC3(0xa000000)
05-27 16:13:58.557 478 5377 I audio_hw_hal_profile: [out_get_parameters:2165] sup_channels=AUDIO_CHANNEL_OUT_MONO|AUDIO_CHANNEL_OUT_STEREO|AUDIO_CHANNEL_OUT_TRI|AUDIO_CHANNEL_OUT_TRI_BACK|AUDIO_CHANNEL_OUT_3POINT1|AUDIO_CHANNEL_OUT_QUAD|AUDIO_CHANNEL_OUT_SURROUND|AUDIO_CHANNEL_OUT_PENTA|AUDIO_CHANNEL_OUT_5POINT1|AUDIO_CHANNEL_OUT_6POINT1|AUDIO_CHANNEL_OUT_7POINT1
05-27 16:13:58.557 478 5377 I audio_hw_hal_profile: [out_get_parameters:2089] out:0xefc4c950 query sample rate. Format:IEC61937(0xd000000) ++++++++++ hal_format:PCM_16_BIT
05-27 16:13:58.557 478 5377 D audio_hw_hal_profile: get_hdmi_sink_cap_new is running...
05-27 16:13:58.557 478 5377 D audio_hw_hal_profile: [get_hdmi_sink_cap_new:960] query hdmi sample_rate... format: IEC61937(0xd000000)
05-27 16:13:58.557 478 5377 I audio_hw_hal_profile: [out_get_parameters:2165] sup_sampling_rates=8000|11025|16000|22050|24000|32000|44100|48000|128000|176400|192000
05-27 16:13:58.558 478 5377 I audio_hw_hal_profile: [out_get_parameters:2092] out:0xefc4c950 query channels. Format:IEC61937(0xd000000) ++++++++++ hal_format:PCM_16_BIT
05-27 16:13:58.558 478 5377 D audio_hw_hal_profile: get_hdmi_sink_cap_new is running...
05-27 16:13:58.558 478 5377 D audio_hw_hal_profile: [get_hdmi_sink_cap_new:887] query hdmi channels... format: IEC61937(0xd000000)
05-27 16:13:58.558 478 5377 I audio_hw_hal_profile: [out_get_parameters:2165] sup_channels=AUDIO_CHANNEL_OUT_MONO|AUDIO_CHANNEL_OUT_STEREO|AUDIO_CHANNEL_OUT_TRI|AUDIO_CHANNEL_OUT_TRI_BACK|AUDIO_CHANNEL_OUT_3POINT1|AUDIO_CHANNEL_OUT_QUAD|AUDIO_CHANNEL_OUT_SURROUND|AUDIO_CHANNEL_OUT_PENTA|AUDIO_CHANNEL_OUT_5POINT1|AUDIO_CHANNEL_OUT_7POINT1
05-27 16:13:58.558 478 5377 I audio_hw_hal_profile: [out_get_parameters:2089] out:0xefc4c950 query sample rate. Format:E_AC3_JOC(0xa000001) ++++++++++ hal_format:PCM_16_BIT
05-27 16:13:58.558 478 5377 D audio_hw_hal_profile: get_hdmi_sink_cap_new is running...
05-27 16:13:58.559 478 5377 D audio_hw_hal_profile: [get_hdmi_sink_cap_new:960] query hdmi sample_rate... format: E_AC3(0xa000000)
05-27 16:13:58.559 478 5377 I audio_hw_hal_profile: get_hdmi_sink_cap_new format =0xa000000 support rate =sup_sampling_rates=32000|44100|48000
05-27 16:13:58.559 478 5377 I audio_hw_hal_profile: [out_get_parameters:2165] sup_sampling_rates=32000|44100|48000
05-27 16:13:58.559 478 5377 I audio_hw_hal_profile: [out_get_parameters:2092] out:0xefc4c950 query channels. Format:E_AC3_JOC(0xa000001) ++++++++++ hal_format:PCM_16_BIT
05-27 16:13:58.559 478 5377 D audio_hw_hal_profile: get_hdmi_sink_cap_new is running...
05-27 16:13:58.559 478 5377 D audio_hw_hal_profile: [get_hdmi_sink_cap_new:887] query hdmi channels... format: E_AC3(0xa000000)
05-27 16:13:58.559 478 5377 I audio_hw_hal_profile: [out_get_parameters:2165] sup_channels=AUDIO_CHANNEL_OUT_MONO|AUDIO_CHANNEL_OUT_STEREO|AUDIO_CHANNEL_OUT_TRI|AUDIO_CHANNEL_OUT_TRI_BACK|AUDIO_CHANNEL_OUT_3POINT1|AUDIO_CHANNEL_OUT_QUAD|AUDIO_CHANNEL_OUT_SURROUND|AUDIO_CHANNEL_OUT_PENTA|AUDIO_CHANNEL_OUT_5POINT1|AUDIO_CHANNEL_OUT_6POINT1|AUDIO_CHANNEL_OUT_7POINT1
05-27 16:13:58.560 478 5377 D audio_hw_hal_primary: [out_dump:848] io 2269: out:0xefc4c950, fd:26
05-27 16:13:58.562 478 5377 D audio_hw_hal_primary: [out_set_parameters:971] out:0xefc4c950 kvpairs:closing=true;exiting=1 out->out_device:0x400, adev->out_device:0x80002
05-27 16:13:58.562 478 5377 E audio_hw_hal_primary: out_set_parameters, ret:-2, hw_sync_mode:is false
05-27 16:13:58.562 535 5488 D AudioFlinger: ro.audio.silent is ignored since no output device is set
05-27 16:13:58.562 478 5377 I audio_hw_hal_primary: [out_set_event_callback:3158] io 2269: out:0xefc4c950, callback:0xf1b4091d cookie:0xf2202770
05-27 16:13:58.563 478 5446 I audio_hw_hal_primary: [adev_close_output_stream_new:8052] io handle 2269: out:0xefc4c950
05-27 16:13:58.563 478 5446 D audio_hw_hal_primary: adev_close_output_stream_new: enter usecase = PCM_HWSYNC
05-27 16:13:58.563 478 5446 D audio_hw_hal_timer: func:audio_timer_delete delete timer.1 success.
05-27 16:13:58.563 478 5446 D audio_hw_hal_timer: func:audio_timer_delete delete timer.2 success.
05-27 16:13:58.563 478 5446 D audio_hw_hal_primary: [adev_close_output_stream_new:8076] timer_id:1 ret:2
05-27 16:13:58.563 478 5446 I audio_hw_hal_primary: [adev_close_output_stream:3695] io 2269: out:0xefc4c950 dev:OUT_HDMI(0x400) flags:0x41, usecase:PCM_HWSYNC
05-27 16:13:58.563 478 5446 D audio_hw_hal_primary: [out_standby_new:5767] io 2269: out:0xefc4c950 usecase:PCM_HWSYNC
05-27 16:13:58.563 478 5446 I audio_hw_hal_primary: already standby, do nothing
05-27 16:13:58.563 478 5446 I audio_hw_hal_resourcemgr: [is_output_device_muted:710] device:0x2 port_mute:0, fade_mute:0
05-27 16:13:58.563 478 5446 I audio_hw_hal_primary: [adev_close_output_stream:3863] io 2269: out:0xefc4c950 exit ------
05-27 16:13:58.563 535 1196 I AudioFlinger: openOutput() this 0xed5c2fe0, module 10 Device AUDIO_DEVICE_OUT_HDMI, @:, SamplingRate 32000, Format 0xb000000, Channels 0x1, flags 0x41
05-27 16:13:58.564 478 5377 D audio_hw_hal_primary: [adev_open_output_stream_new:7868] enter: dev=0xefd014a0 handle=8e5 devices=0x400/'HDMI,' flags=0x41/'DIRECT,HW_AV_SYNC,' config=(rt=32000 ch_mask=0x1 fmt=0xb000000) address=''
05-27 16:13:58.564 478 5377 D audio_hw_hal_primary: adev_open_output_stream_new: enter
05-27 16:13:58.564 478 5377 I audio_hw_hal_primary: [adev_open_output_stream:3285] io 2277: out:0xefc40e70 dev:OUT_HDMI(0x400) addr:
05-27 16:13:58.564 478 5377 I audio_hw_hal_primary: [adev_open_output_stream:3287] ch_mask:0x1 rate:32000 format:DTS(0xb000000) flags:0x41
05-27 16:13:58.564 478 5377 I audio_hw_hal_primary: adev_open_output_stream: for raw audio output,force alsa stereo output
05-27 16:13:58.564 478 5377 D audio_hw_hal_primary: [adev_open_output_stream:3573] format=DTS rate=32000
05-27 16:13:58.564 478 5377 I audio_hw_hal_primary: [adev_open_output_stream:3610] result profile ch_mask:0x1 rate:32000 format:DTS(0xb000000) usecase:RAW_HWSYNC
05-27 16:13:58.564 478 5377 I audio_hw_hal_utils: aml_get_stream_dump_file_name line 2929 file_name /data/vendor/audiohal/stream_pid478_tid5377.dts
05-27 16:13:58.564 478 5377 I audio_hw_hal_primary: [adev_open_output_stream_new:8037] io 2277: out: 0xefc40e70 card:0 alsa devices:0 exit ------
05-27 16:13:58.565 478 5377 I audio_hw_hal_primary: [out_get_buffer_size:552] out:0xefc40e70 config.rate=32000, format:DTS(0xb000000), stream format:DTS(0xb000000)
05-27 16:13:58.565 478 5377 I audio_hw_hal_primary: out_get_buffer_size AUDIO_FORMAT_DTS buffer size = 32768 frames
05-27 16:13:58.565 535 1196 I AudioFlinger: HAL output buffer size 32768 frames, normal sink buffer size 32768 frames
05-27 16:13:58.566 478 5377 I audio_hw_hal_primary: [audiohal_get_latency:1333] io 2277: out:0xefc40e70 frames:1216 rate:32000 whole_latency:38 alsa_latency:38
05-27 16:13:58.566 478 5377 I audio_hw_hal_primary: [out_set_event_callback:3158] io 2277: out:0xefc40e70, callback:0xf1b4091d cookie:0xf2200250
05-27 16:13:58.567 478 5377 I audio_hw_hal_primary: [audiohal_get_latency:1333] io 2277: out:0xefc40e70 frames:1216 rate:32000 whole_latency:38 alsa_latency:38
05-27 16:13:58.567 478 5377 I audio_hw_hal_primary: [audiohal_get_latency:1333] io 2277: out:0xefc40e70 frames:1216 rate:32000 whole_latency:38 alsa_latency:38
05-27 16:13:58.567 535 5490 I AudioFlinger: AudioFlinger's thread 0xe78d42e0 tid=5490 ready to run
05-27 16:13:58.568 535 5490 D AudioFlinger: ro.audio.silent is ignored since no output device is set
05-27 16:13:58.568 290 351 E MesonDisplay: open /sys/class/amhdmitx/amhdmitx0/hdcp_pwr fail. Error info [No such file or directory]
05-27 16:13:58.568 290 351 E MesonDisplay: open /sys/class/amhdmitx/amhdmitx0/hdcp_ctrl fail. Error info [No such file or directory]
05-27 16:13:58.568 290 351 E MesonDisplay: open /sys/class/amhdmitx/amhdmitx0/hdcp_ctrl fail. Error info [No such file or directory]
05-27 16:13:58.569 478 5377 D audio_hw_hal_primary: [out_standby_new:5767] io 2277: out:0xefc40e70 usecase:RAW_HWSYNC
05-27 16:13:58.569 478 5377 I audio_hw_hal_primary: already standby, do nothing
05-27 16:13:58.570 535 5490 D AudioFlinger: ro.audio.silent is ignored since no output device is set
05-27 16:13:58.571 535 5490 D AudioFlinger: ro.audio.silent is ignored since no output device is set
05-27 16:13:58.573 290 351 I MesonDisplay: [/HDCPTxAuth.cpp, stop, 137] hdcp_tx pthread exit id = 3890725312, (null) done
05-27 16:13:58.573 290 351 I MesonHwc: setDisplayMode mode:480p60hz
05-27 16:13:58.573 290 351 D MesonDisplayServer: SetDisplay[HDMI] Mode to "480p60hz"
05-27 16:13:58.573 290 351 D MesonHwc: blankDisplay connectorType:11
05-27 16:13:58.573 290 351 D MesonHwc: [setConnectorStatus]: power mode 2
05-27 16:13:58.573 290 351 D MesonHwc: displayId:0, blank all display planes
05-27 16:13:58.574 535 5490 D AudioFlinger: ro.audio.silent is ignored since no output device is set
05-27 16:13:58.575 535 5490 D AudioFlinger: ro.audio.silent is ignored since no output device is set
05-27 16:13:58.576 535 5490 D AudioFlinger: ro.audio.silent is ignored since no output device is set
01-01 08:07:28.323 0 0 I : [3 T351 ..] [drm] [meson_encoder_vrr_change], seamless is 0
01-01 08:07:28.323 0 0 I : [3 T351 ..] [drm] build_hdmitx_attr_str:444,8bit = 2+8
05-27 16:13:58.578 535 5490 D AudioFlinger: ro.audio.silent is ignored since no output device is set
01-01 08:07:28.325 0 0 I : [3 T351 ..] [drm] am_meson_crtc_atomic_disable-[0]:in
01-01 08:07:28.325 0 0 I : [3 T351 ..] dummy_encl_disable finished
01-01 08:07:28.326 0 0 I : [3 T351 ..] [drm] am_meson_crtc_atomic_enable-[0] in: new[480p60hz], old[dummy_l], vmode[4-4], uboot[0]
01-01 08:07:28.327 0 0 I : [3 T351 ..] [drm] am_meson_crtc_atomic_enable-[0]: enable mode 480p60hz final vmode 0
05-27 16:13:58.581 535 5490 D AudioFlinger: ro.audio.silent is ignored since no output device is set
05-27 16:13:58.583 535 5490 D AudioFlinger: ro.audio.silent is ignored since no output device is set
05-27 16:13:58.585 535 5490 D AudioFlinger: ro.audio.silent is ignored since no output device is set
01-01 08:07:28.333 0 0 I [3 T351 ..] [hdmitx: ] set21_s7d_htxpll_clk_out[96] htxpll vco 4324320 div 16
01-01 08:07:28.337 0 0 I [3 T351 ..] [hdmitx: ] pll_od0 = 11, pll_od2 = 1, pll_od1 = 0
05-27 16:13:58.587 535 1196 I AudioFlinger: openOutput() this 0xed5c2fe0, module 10 Device AUDIO_DEVICE_OUT_HDMI, @:, SamplingRate 32000, Format 0x000001, Channels 0x1, flags 0x41
01-01 08:07:28.337 0 0 I [3 T351 ..] [hdmitx: ] clocks_set_vid_clk_div_for_hdmi[402] div = 6
