05-27 16:12:17.579 478 542 D audio_hw_hal_profile: [get_hdmi_sink_cap_new:887] query hdmi channels... format: E_AC3(0xa000000)
05-27 16:12:17.579 478 542 I audio_hw_hal_profile: [out_get_parameters:2165] sup_channels=AUDIO_CHANNEL_OUT_MONO|AUDIO_CHANNEL_OUT_STEREO|AUDIO_CHANNEL_OUT_TRI|AUDIO_CHANNEL_OUT_TRI_BACK|AUDIO_CHANNEL_OUT_3POINT1|AUDIO_CHANNEL_OUT_QUAD|AUDIO_CHANNEL_OUT_SURROUND|AUDIO_CHANNEL_OUT_PENTA|AUDIO_CHANNEL_OUT_5POINT1|AUDIO_CHANNEL_OUT_6POINT1|AUDIO_CHANNEL_OUT_7POINT1
05-27 16:12:17.580 478 542 D audio_hw_hal_primary: [out_dump:848] io 1893: out:0xefc415a0, fd:26
05-27 16:12:17.581 478 542 D audio_hw_hal_primary: [out_set_parameters:971] out:0xefc415a0 kvpairs:closing=true;exiting=1 out->out_device:0x400, adev->out_device:0x80002
05-27 16:12:17.581 478 542 E audio_hw_hal_primary: out_set_parameters, ret:-2, hw_sync_mode:is false
05-27 16:12:17.582 535 5173 D AudioFlinger: ro.audio.silent is ignored since no output device is set
05-27 16:12:17.582 478 542 I audio_hw_hal_primary: [out_set_event_callback:3158] io 1893: out:0xefc415a0, callback:0xf1b4091d cookie:0xf22004f0
05-27 16:12:17.583 478 542 I audio_hw_hal_primary: [adev_close_output_stream_new:8052] io handle 1893: out:0xefc415a0
05-27 16:12:17.583 478 542 D audio_hw_hal_primary: adev_close_output_stream_new: enter usecase = PCM_DIRECT
05-27 16:12:17.583 478 542 I audio_hw_hal_primary: [adev_close_output_stream:3695] io 1893: out:0xefc415a0 dev:OUT_HDMI(0x400) flags:0x1, usecase:PCM_DIRECT
05-27 16:12:17.583 478 542 D audio_hw_hal_primary: [out_standby_new:5767] io 1893: out:0xefc415a0 usecase:PCM_DIRECT
05-27 16:12:17.583 478 542 I audio_hw_hal_primary: already standby, do nothing
05-27 16:12:17.583 478 542 I audio_hw_hal_resourcemgr: [is_output_device_muted:710] device:0x2 port_mute:0, fade_mute:0
05-27 16:12:17.583 478 542 I audio_hw_hal_primary: [adev_close_output_stream:3863] io 1893: out:0xefc415a0 exit ------
05-27 16:12:17.584 535 594 I AudioFlinger: openOutput() this 0xed5c2fe0, module 10 Device AUDIO_DEVICE_OUT_HDMI, @:, SamplingRate 32000, Format 0xb000000, Channels 0x1, flags 0x1
05-27 16:12:17.584 478 542 D audio_hw_hal_primary: [adev_open_output_stream_new:7868] enter: dev=0xefd014a0 handle=76d devices=0x400/'HDMI,' flags=0x1/'DIRECT,' config=(rt=32000 ch_mask=0x1 fmt=0xb000000) address=''
05-27 16:12:17.584 478 542 D audio_hw_hal_primary: adev_open_output_stream_new: enter
05-27 16:12:17.584 478 542 I audio_hw_hal_primary: [adev_open_output_stream:3285] io 1901: out:0xefc415a0 dev:OUT_HDMI(0x400) addr:
05-27 16:12:17.584 478 542 I audio_hw_hal_primary: [adev_open_output_stream:3287] ch_mask:0x1 rate:32000 format:DTS(0xb000000) flags:0x1
05-27 16:12:17.584 478 542 I audio_hw_hal_primary: adev_open_output_stream: for raw audio output,force alsa stereo output
05-27 16:12:17.584 478 542 I audio_hw_hal_primary: [adev_open_output_stream:3610] result profile ch_mask:0x1 rate:32000 format:DTS(0xb000000) usecase:RAW_DIRECT
05-27 16:12:17.584 478 542 I audio_hw_hal_utils: aml_get_stream_dump_file_name line 2929 file_name /data/vendor/audiohal/stream_pid478_tid542.dts
05-27 16:12:17.584 478 542 I audio_hw_hal_primary: [adev_open_output_stream_new:8037] io 1901: out: 0xefc415a0 card:0 alsa devices:0 exit ------
05-27 16:12:17.585 478 705 I audio_hw_hal_primary: [out_get_buffer_size:552] out:0xefc415a0 config.rate=32000, format:DTS(0xb000000), stream format:DTS(0xb000000)
05-27 16:12:17.585 478 705 I audio_hw_hal_primary: out_get_buffer_size AUDIO_FORMAT_DTS buffer size = 32768 frames
05-27 16:12:17.586 535 594 I AudioFlinger: HAL output buffer size 32768 frames, normal sink buffer size 32768 frames
05-27 16:12:17.586 478 705 I audio_hw_hal_primary: [audiohal_get_latency:1333] io 1901: out:0xefc415a0 frames:1152 rate:32000 whole_latency:36 alsa_latency:36
05-27 16:12:17.586 478 705 I audio_hw_hal_primary: [out_set_event_callback:3158] io 1901: out:0xefc415a0, callback:0xf1b4091d cookie:0xf2202650
05-27 16:12:17.586 535 5175 I AudioFlinger: AudioFlinger's thread 0xe78f4760 tid=5175 ready to run
05-27 16:12:17.586 478 705 I audio_hw_hal_primary: [audiohal_get_latency:1333] io 1901: out:0xefc415a0 frames:1152 rate:32000 whole_latency:36 alsa_latency:36
05-27 16:12:17.587 478 705 I audio_hw_hal_primary: [audiohal_get_latency:1333] io 1901: out:0xefc415a0 frames:1152 rate:32000 whole_latency:36 alsa_latency:36
05-27 16:12:17.587 535 5175 D AudioFlinger: ro.audio.silent is ignored since no output device is set
05-27 16:12:17.588 478 705 D audio_hw_hal_primary: [out_standby_new:5767] io 1901: out:0xefc415a0 usecase:RAW_DIRECT
05-27 16:12:17.588 478 705 I audio_hw_hal_primary: already standby, do nothing
05-27 16:12:17.588 535 5175 D AudioFlinger: ro.audio.silent is ignored since no output device is set
05-27 16:12:17.596 535 594 I AudioFlinger: openOutput() this 0xed5c2fe0, module 10 Device AUDIO_DEVICE_OUT_HDMI, @:, SamplingRate 44100, Format 0xe000000, Channels 0x1, flags 0x11
05-27 16:12:17.597 478 705 D audio_hw_hal_primary: [adev_open_output_stream_new:7868] enter: dev=0xefd014a0 handle=775 devices=0x400/'HDMI,' flags=0x11/'DIRECT,COMPRESS_OFFLOAD,' config=(rt=44100 ch_mask=0x1 fmt=0xe000000) address=''
05-27 16:12:17.597 478 705 D audio_hw_hal_primary: adev_open_output_stream_new: enter
05-27 16:12:17.597 478 705 I audio_hw_hal_primary: [adev_open_output_stream:3285] io 1909: out:0xefc40e70 dev:OUT_HDMI(0x400) addr:
05-27 16:12:17.597 478 705 I audio_hw_hal_primary: [adev_open_output_stream:3287] ch_mask:0x1 rate:44100 format:DOLBY_TRUEHD(0xe000000) flags:0x11
05-27 16:12:17.597 478 705 I audio_hw_hal_primary: adev_open_output_stream: for raw audio output,force alsa stereo output
05-27 16:12:17.597 478 705 I audio_hw_hal_primary: [adev_open_output_stream:3610] result profile ch_mask:0x1 rate:44100 format:DOLBY_TRUEHD(0xe000000) usecase:RAW_DIRECT
05-27 16:12:17.597 478 705 I audio_hw_hal_utils: aml_get_stream_dump_file_name line 2929 file_name /data/vendor/audiohal/stream_pid478_tid705.mlp
05-27 16:12:17.597 478 705 I audio_hw_hal_primary: [adev_open_output_stream_new:8037] io 1909: out: 0xefc40e70 card:0 alsa devices:0 exit ------
05-27 16:12:17.598 478 705 I audio_hw_hal_primary: [out_get_buffer_size:552] out:0xefc40e70 config.rate=44100, format:DOLBY_TRUEHD(0xe000000), stream format:DOLBY_TRUEHD(0xe000000)
05-27 16:12:17.598 535 594 I AudioFlinger: HAL output buffer size 16384 frames, normal sink buffer size 16384 frames
05-27 16:12:17.598 478 705 I audio_hw_hal_primary: [audiohal_get_latency:1333] io 1909: out:0xefc40e70 frames:1152 rate:44100 whole_latency:26 alsa_latency:26
05-27 16:12:17.599 478 705 I audio_hw_hal_primary: [out_set_event_callback:3158] io 1909: out:0xefc40e70, callback:0xf1b4091d cookie:0xf2201ab0
05-27 16:12:17.599 535 5176 I AudioFlinger: AudioFlinger's thread 0xe78e4520 tid=5176 ready to run
05-27 16:12:17.599 478 705 I audio_hw_hal_primary: [audiohal_get_latency:1333] io 1909: out:0xefc40e70 frames:1024 rate:44100 whole_latency:23 alsa_latency:23
05-27 16:12:17.599 478 705 I audio_hw_hal_primary: [audiohal_get_latency:1333] io 1909: out:0xefc40e70 frames:1024 rate:44100 whole_latency:23 alsa_latency:23
05-27 16:12:17.600 535 5176 D AudioFlinger: ro.audio.silent is ignored since no output device is set
05-27 16:12:17.602 535 5176 D AudioFlinger: ro.audio.silent is ignored since no output device is set
05-27 16:12:17.608 535 594 I AudioFlinger: openOutput() this 0xed5c2fe0, module 10 Device AUDIO_DEVICE_OUT_HDMI, @:, SamplingRate 32000, Format 0x9000000, Channels 0x1, flags 0x1
05-27 16:12:17.609 478 705 D audio_hw_hal_primary: [adev_open_output_stream_new:7868] enter: dev=0xefd014a0 handle=77d devices=0x400/'HDMI,' flags=0x1/'DIRECT,' config=(rt=32000 ch_mask=0x1 fmt=0x9000000) address=''
05-27 16:12:17.609 478 705 D audio_hw_hal_primary: adev_open_output_stream_new: enter
05-27 16:12:17.609 478 705 I audio_hw_hal_primary: [adev_open_output_stream:3285] io 1917: out:0xefc40010 dev:OUT_HDMI(0x400) addr:
05-27 16:12:17.609 478 705 I audio_hw_hal_primary: [adev_open_output_stream:3287] ch_mask:0x1 rate:32000 format:AC3(0x9000000) flags:0x1
05-27 16:12:17.609 478 705 I audio_hw_hal_primary: adev_open_output_stream: for raw audio output,force alsa stereo output
05-27 16:12:17.609 478 705 I audio_hw_hal_primary: [adev_open_output_stream:3610] result profile ch_mask:0x1 rate:32000 format:AC3(0x9000000) usecase:RAW_DIRECT
05-27 16:12:17.609 478 705 I audio_hw_hal_utils: aml_get_stream_dump_file_name line 2929 file_name /data/vendor/audiohal/stream_pid478_tid705.dd
05-27 16:12:17.609 478 705 I audio_hw_hal_primary: [adev_open_output_stream_new:8037] io 1917: out: 0xefc40010 card:0 alsa devices:0 exit ------
05-27 16:12:17.610 478 705 I audio_hw_hal_primary: [out_get_buffer_size:552] out:0xefc40010 config.rate=32000, format:AC3(0x9000000), stream format:AC3(0x9000000)
05-27 16:12:17.610 535 594 I AudioFlinger: HAL output buffer size 2048 frames, normal sink buffer size 2048 frames
05-27 16:12:17.610 478 705 I audio_hw_hal_primary: [audiohal_get_latency:1333] io 1917: out:0xefc40010 frames:1024 rate:32000 whole_latency:32 alsa_latency:32
05-27 16:12:17.611 478 705 I audio_hw_hal_primary: [out_set_event_callback:3158] io 1917: out:0xefc40010, callback:0xf1b4091d cookie:0xf2200490
05-27 16:12:17.611 535 5177 I AudioFlinger: AudioFlinger's thread 0xe78dc400 tid=5177 ready to run
05-27 16:12:17.611 478 705 I audio_hw_hal_primary: [audiohal_get_latency:1333] io 1917: out:0xefc40010 frames:1280 rate:32000 whole_latency:40 alsa_latency:40
05-27 16:12:17.611 478 705 I audio_hw_hal_primary: [audiohal_get_latency:1333] io 1917: out:0xefc40010 frames:1280 rate:32000 whole_latency:40 alsa_latency:40
05-27 16:12:17.612 535 5177 D AudioFlinger: ro.audio.silent is ignored since no output device is set
05-27 16:12:17.612 478 705 D audio_hw_hal_primary: [out_standby_new:5767] io 1917: out:0xefc40010 usecase:RAW_DIRECT
05-27 16:12:17.612 478 705 I audio_hw_hal_primary: already standby, do nothing
01-01 08:05:47.357 0 0 I [1 T351 ..] [hdmitx: ] set21_phy_by_mode_s7d[188] rterm = 7
01-01 08:05:47.358 0 0 I [2 T351 ..] [hdmitx: ] Sink is HDMI device
01-01 08:05:47.358 0 0 I [2 T351 ..] [hdmitx: ] clear vsif for non-4k mode.
01-01 08:05:47.359 0 0 I [2 T351 ..] [hdmitx: ] set audio
01-01 08:05:47.361 0 0 I [2 T351 ..] [hdmitx: ] audio_param->chs = 7
01-01 08:05:47.361 0 0 I [2 T351 ..] [hdmitx: ] aud_src_if = 1
05-27 16:12:17.613 535 5177 D AudioFlinger: ro.audio.silent is ignored since no output device is set
05-27 16:12:17.616 478 676 I audio_hw_hal_primary: [adev_uevent_callback:9131] uevent type=0
05-27 16:12:17.616 320 328 I SystemControl: [/UEventObserver.cpp, HDMITxUenventThreadLoop, 451] HDMI TX switch_name:hdmitx_vmode_audio, switch_state: 1
05-27 16:12:17.616 320 328 I SystemControl: [/UEventObserver.cpp, HDMITxUenventThreadLoop, 451] HDMI TX switch_name:hdmitx_current_status, switch_state: 167
01-01 08:05:47.362 0 0 I [2 T351 ..] [hdmitx: ] aud_n_para = 24576
05-27 16:12:17.618 478 673 I audio_hw_hal_alsamgr: raw to lpcm switch aml_alsa_output_write
01-01 08:05:47.362 0 0 I [2 T351 ..] [hdmitx: ] vinfo: set cur_enc_ppc as 1, vpp color: 0
01-01 08:05:47.364 0 0 I [2 T351 ..] DOLBY: vout_notify_callback: VOUT_EVENT_MODE_CHANGE
01-01 08:05:47.364 0 0 I : [2 T351 ..] vsync_pts_inc 1800 1/50
01-01 08:05:47.365 0 0 D [3 T673 ..] [snd-soc]: spdif_a is set to disable
01-01 08:05:47.365 0 0 I [3 T673 ..] [snd-soc]: aml_audio_reset, reg 0xa, shift 9, use_vadtop 0
01-01 08:05:47.366 0 0 I [3 T673 ..] [snd-soc]: aml_audio_reset, reg 0xa, shift 14, use_vadtop 0
01-01 08:05:47.367 0 0 I [3 T673 ..] [snd-soc]: sharebuffer_spdifout_prepare get_hdmitx_audio_src(rtd->card):3 spdif_id:0
01-01 08:05:47.368 0 0 D [3 T673 ..] [snd-soc]: spdif_a fifo ctrl, frddr:0 type:1, 16 bits, chmask 0x3, swap 0x10
05-27 16:12:17.623 478 673 I audio_hw_hal_ms12v2: dolby_ms12_threadloop alsa is not running
05-27 16:12:17.623 478 673 I audio_hw_hal_alsamgr: aml_alsa_output_write_new reset hdmitx alsa
05-27 16:12:17.626 489 489 D hdmicecd: [CEC]:printCecMessage, [4 -> 4] len: 0, body:, result:no ack
01-01 08:05:47.371 0 0 I [3 T673 ..] [snd-soc]: aml_audio_reset, reg 0xa, shift 10, use_vadtop 0
05-27 16:12:17.628 715 894 D HDMI : New logical address for device [4]: [preferred:4, assigned:4]
01-01 08:05:47.371 0 0 I [3 T673 ..] [snd-soc]: aml_audio_reset, reg 0xa, shift 13, use_vadtop 0
01-01 08:05:47.372 0 0 I [3 T673 ..] [hdmitx: ] hdmitx_audio_notify_callback[804] type:12 rate:7 size:1 chs:8 i2s_ch_mask:15 aud_src_if:1
01-01 08:05:47.374 0 0 I [3 T673 ..] [hdmitx: ] aout notify format CT_MAT
01-01 08:05:47.374 0 0 I [3 T673 ..] [hdmitx: ] set audio
01-01 08:05:47.375 0 0 I [3 T673 ..] [hdmitx: ] audio_param->chs = 7
01-01 08:05:47.376 0 0 I [3 T673 ..] [hdmitx: ] aud_src_if = 1
01-01 08:05:47.376 0 0 I [3 T673 ..] [hdmitx: ] aud_n_para = 24576
01-01 08:05:47.377 0 0 I [3 T673 ..] [hdmitx: ] set audio param
01-01 08:05:47.378 0 0 D [3 T673 ..] [snd-soc]: spdif_a is set to enable
05-27 16:12:17.630 478 673 I audio_hw_hal_ms12v2: dolby_ms12_threadloop alsa is not running
05-27 16:12:17.630 478 673 I audio_hw_hal_ms12v2: dolby_ms12_threadloop alsa is not running
05-27 16:12:17.631 478 673 I audio_hw_hal_ms12v2: dolby_ms12_threadloop alsa is not running
05-27 16:12:17.631 478 673 I audio_hw_hal_alsamgr: aml_alsa_output_write alsa_running_status[0xefc447f0] change from 0 to 1
05-27 16:12:17.633 489 489 D hdmicecd: [HdmiCecControl]:getPhysicalAddress, physical addr: 2000, last pa: 2000, ret = 0
05-27 16:12:17.633 320 328 I SystemControl: [/UEventObserver.cpp, HDMITxUenventThreadLoop, 451] HDMI TX switch_name:hdmitx_current_status, switch_state: 168
05-27 16:12:17.634 489 489 D hdmicecd: [HdmiCecControl]:getPhysicalAddress, physical addr: 2000, last pa: 2000, ret = 0
05-27 16:12:17.634 489 519 D hdmicecd: [HdmiCecControl]:getPhysicalAddress, physical addr: 2000, last pa: 2000, ret = 0
05-27 16:12:17.634 489 489 D hdmicecd: [HdmiCecControl]:getVendorId, vendorId: 0x1CA410
05-27 16:12:17.635 489 489 D hdmicecd: [HdmiCecControl]:getPhysicalAddress, physical addr: 2000, last pa: 2000, ret = 0
05-27 16:12:17.635 715 715 D HDMI : addCecDevice new:CEC: logical_address: 0x04 device_type: 4 cec_version: 5 vendor_id: 1877008 display_name: DBBOX-A3 power_status: 0 physical_address: 0x2000 port_id: 0 old:null
05-27 16:12:17.635 489 489 I hdmicecd: [HdmiCecControl]:addr:4, allocate result:0
05-27 16:12:17.636 478 705 D xm_audio: adev_get_parameters
01-01 08:05:47.380 0 0 I : [2 T351 ..] [drm] meson_vout_update_mode_name: hdmitx update vout 1 name 576p50hz.
05-27 16:12:17.644 478 705 D audio_hw_hal_primary: [out_dump:848] io 1845: out:0xefc4c950, fd:26
05-27 16:12:17.644 489 489 D hdmicecd: [HdmiCecControl]:onAddressAllocated:4
05-27 16:12:17.644 715 715 D HDMI : onAddressAllocated address:4 reason:4
05-27 16:12:17.645 489 489 D hdmicecd: [HdmiCecControl]:getPhysicalAddress, physical addr: 2000, last pa: 2000, ret = 0
05-27 16:12:17.645 478 705 D audio_hw_hal_primary: [out_set_parameters:971] out:0xefc4c950 kvpairs:closing=true;exiting=1 out->out_device:0x400, adev->out_device:0x80002
05-27 16:12:17.645 478 705 E audio_hw_hal_primary: out_set_parameters, ret:-2, hw_sync_mode:is false
05-27 16:12:17.645 489 489 D hdmicecd: [HdmiCecControl]:getVendorId, vendorId: 0x1CA410
05-27 16:12:17.645 715 894 D HDMI : [S]: 4F:84:20:00:04
05-27 16:12:17.646 478 705 I audio_hw_hal_primary: [out_set_event_callback:3158] io 1845: out:0xefc4c950, callback:0xf1b4091d cookie:0xf2200550
05-27 16:12:17.646 489 519 D hdmicecd: [HdmiCecControl]:getPhysicalAddress, physical addr: 2000, last pa: 2000, ret = 0
05-27 16:12:17.646 478 705 I audio_hw_hal_primary: [adev_close_output_stream_new:8052] io handle 1845: out:0xefc4c950
05-27 16:12:17.646 478 705 D audio_hw_hal_primary: adev_close_output_stream_new: enter usecase = RAW_HWSYNC
05-27 16:12:17.646 489 519 D hdmicecd: [HdmiCecControl]:getPhysicalAddress, physical addr: 2000, last pa: 2000, ret = 0
05-27 16:12:17.646 478 705 I audio_hw_hal_primary: [adev_close_output_stream:3695] io 1845: out:0xefc4c950 dev:OUT_HDMI(0x400) flags:0x51, usecase:RAW_HWSYNC
05-27 16:12:17.646 478 705 D audio_hw_hal_primary: [out_standby_new:5767] io 1845: out:0xefc4c950 usecase:RAW_HWSYNC
05-27 16:12:17.646 478 705 I audio_hw_hal_primary: already standby, do nothing
05-27 16:12:17.646 478 705 I audio_hw_hal_resourcemgr: [is_output_device_muted:710] device:0x2 port_mute:0, fade_mute:0
05-27 16:12:17.646 478 705 I audio_hw_hal_primary: [adev_close_output_stream:3863] io 1845: out:0xefc4c950 exit ------
05-27 16:12:17.646 715 715 D HDMI : DeviceDiscoveryAction start com.android.server.hdmi.DeviceDiscoveryAction@a269a67
05-27 16:12:17.648 535 594 D AudioFlinger: closing mmapThread 0xe75c24a0
05-27 16:12:17.648 290 351 D MesonHwc: setmode:crtc[63], name [576p50hz] -modeblob[129] [720x576-50.00] seamless:0 enableVrr:0
05-27 16:12:17.648 290 351 V MesonDisplayServer: GetDisplayMode:576p50hz
05-27 16:12:17.648 290 351 I MesonHwc: getDisplayMode mode:576p50hz
05-27 16:12:17.648 535 594 D AudioFlinger: mmapThread exit()
05-27 16:12:17.648 478 542 I audio_hw_hal_primary: [adev_close_output_stream_new:8052] io handle 1861: out:0xefc48170
05-27 16:12:17.648 478 542 D audio_hw_hal_primary: adev_close_output_stream_new: enter usecase = PCM_MMAP
05-27 16:12:17.648 478 542 I audio_hw_hal_primary: [adev_close_output_stream:3695] io 1861: out:0xefc48170 dev:OUT_HDMI(0x400) flags:0x4001, usecase:PCM_MMAP
05-27 16:12:17.648 478 542 D audio_hw_hal_primary: [out_standby_new:5767] io 1861: out:0xefc48170 usecase:PCM_MMAP
05-27 16:12:17.648 478 542 I audio_hw_hal_primary: already standby, do nothing
05-27 16:12:17.648 478 542 I audio_hw_hal_mmap: [outMmapDeInit:743] stream:0xefc48170
05-27 16:12:17.648 478 542 I audio_hw_hal_mmap: [mmap_audio_unregister_client:955] OK ! stream 0xefc48170, client id 0
05-27 16:12:17.648 478 542 I audio_hw_hal_primary: when close aaudio stream, send STANDBY msg to submix & ms12
05-27 16:12:17.648 478 542 I audio_hw_hal_ms12common: aml_set_ms12_scheduler_state ms12_scheduler_state:1, sch_state:1 SCHEDULER_STANDBY is sent to ms12
05-27 16:12:17.649 478 542 I audio_hw_hal_resourcemgr: [is_output_device_muted:710] device:0x2 port_mute:0, fade_mute:0
05-27 16:12:17.649 478 542 I audio_hw_hal_primary: [adev_close_output_stream:3863] io 1861: out:0xefc48170 exit ------
05-27 16:12:17.650 478 542 D audio_hw_hal_primary: [out_dump:848] io 1877: out:0xefc4baf0, fd:23
05-27 16:12:17.651 478 705 D audio_hw_hal_primary: [out_set_parameters:971] out:0xefc4baf0 kvpairs:closing=true;exiting=1 out->out_device:0x400, adev->out_device:0x80002
05-27 16:12:17.651 478 705 E audio_hw_hal_primary: out_set_parameters, ret:-2, hw_sync_mode:is false
05-27 16:12:17.652 290 351 I MesonHwc: getContentTypeSupport: game is true
05-27 16:12:17.652 535 5169 D AudioFlinger: ro.audio.silent is ignored since no output device is set
05-27 16:12:17.652 478 705 I audio_hw_hal_primary: [out_set_event_callback:3158] io 1877: out:0xefc4baf0, callback:0xf1b4091d cookie:0xf2201930
05-27 16:12:17.653 290 351 I MesonHwc: set display-size:720x576
05-27 16:12:17.653 478 705 I audio_hw_hal_primary: [adev_close_output_stream_new:8052] io handle 1877: out:0xefc4baf0
05-27 16:12:17.653 478 705 D audio_hw_hal_primary: adev_close_output_stream_new: enter usecase = RAW_HWSYNC
05-27 16:12:17.653 478 705 I audio_hw_hal_primary: [adev_close_output_stream:3695] io 1877: out:0xefc4baf0 dev:OUT_HDMI(0x400) flags:0x41, usecase:RAW_HWSYNC
05-27 16:12:17.653 478 705 D audio_hw_hal_primary: [out_standby_new:5767] io 1877: out:0xefc4baf0 usecase:RAW_HWSYNC
05-27 16:12:17.653 478 705 I audio_hw_hal_primary: already standby, do nothing
05-27 16:12:17.653 478 705 I audio_hw_hal_resourcemgr: [is_output_device_muted:710] device:0x2 port_mute:0, fade_mute:0
05-27 16:12:17.653 478 705 I audio_hw_hal_primary: [adev_close_output_stream:3863] io 1877: out:0xefc4baf0 exit ------
05-27 16:12:17.654 320 371 I SystemControl: [/Ubootenv.cpp, get, 336] [ubootenv] get key:576p_x envValue: 0
05-27 16:12:17.654 320 371 I SystemControl: [/Ubootenv.cpp, get, 336] [ubootenv] get key:576p_y envValue: 0
05-27 16:12:17.654 320 371 I SystemControl: [/Ubootenv.cpp, get, 336] [ubootenv] get key:576p_w envValue: 720
05-27 16:12:17.654 320 371 I SystemControl: [/Ubootenv.cpp, get, 336] [ubootenv] get key:576p_h envValue: 576
05-27 16:12:17.655 478 705 D audio_hw_hal_primary: [out_dump:848] io 1885: out:0xefc4c220, fd:23
05-27 16:12:17.655 290 351 I MesonHwc: getPosition curMode:576p50hz position[0]:0 position[1]:0 position[2]:720 position[3]:576
05-27 16:12:17.655 290 351 I MesonHwc: setPosition curMode:576p50hz left:0 top:0 width:720 height:576
05-27 16:12:17.655 290 351 D MesonHwc: set key:ubootenv.var.576p_x value:0
05-27 16:12:17.655 320 371 I SystemControl: [/Ubootenv.cpp, updateValue, 68] [ubootenv] update value name [ubootenv.var.576p_x]: value [0]
05-27 16:12:17.655 320 371 I SystemControl: [/Ubootenv.cpp, get, 336] [ubootenv] get key:576p_x envValue: 0
05-27 16:12:17.655 478 705 D audio_hw_hal_primary: [out_set_parameters:971] out:0xefc4c220 kvpairs:closing=true;exiting=1 out->out_device:0x400, adev->out_device:0x80002
05-27 16:12:17.656 478 705 E audio_hw_hal_primary: out_set_parameters, ret:-2, hw_sync_mode:is false
05-27 16:12:17.656 535 5172 D AudioFlinger: ro.audio.silent is ignored since no output device is set
05-27 16:12:17.657 290 351 D MesonHwc: set key:ubootenv.var.576p_y value:0
05-27 16:12:17.657 478 705 I audio_hw_hal_primary: [out_set_event_callback:3158] io 1885: out:0xefc4c220, callback:0xf1b4091d cookie:0xf2201150
05-27 16:12:17.657 320 371 I SystemControl: [/Ubootenv.cpp, updateValue, 68] [ubootenv] update value name [ubootenv.var.576p_y]: value [0]
05-27 16:12:17.657 320 371 I SystemControl: [/Ubootenv.cpp, get, 336] [ubootenv] get key:576p_y envValue: 0
05-27 16:12:17.657 478 705 I audio_hw_hal_primary: [adev_close_output_stream_new:8052] io handle 1885: out:0xefc4c220
05-27 16:12:17.657 478 705 D audio_hw_hal_primary: adev_close_output_stream_new: enter usecase = PCM_HWSYNC
05-27 16:12:17.657 478 705 D audio_hw_hal_timer: func:audio_timer_delete delete timer.1 success.
05-27 16:12:17.657 478 705 D audio_hw_hal_timer: func:audio_timer_delete delete timer.2 success.
05-27 16:12:17.657 478 705 D audio_hw_hal_primary: [adev_close_output_stream_new:8076] timer_id:1 ret:2
05-27 16:12:17.657 478 705 I audio_hw_hal_primary: [adev_close_output_stream:3695] io 1885: out:0xefc4c220 dev:OUT_HDMI(0x400) flags:0x41, usecase:PCM_HWSYNC
05-27 16:12:17.657 290 351 D MesonHwc: set key:ubootenv.var.576p_w value:720
05-27 16:12:17.657 478 705 D audio_hw_hal_primary: [out_standby_new:5767] io 1885: out:0xefc4c220 usecase:PCM_HWSYNC
05-27 16:12:17.657 478 705 I audio_hw_hal_primary: already standby, do nothing
05-27 16:12:17.657 478 705 I audio_hw_hal_resourcemgr: [is_output_device_muted:710] device:0x2 port_mute:0, fade_mute:0
05-27 16:12:17.657 478 705 I audio_hw_hal_primary: [adev_close_output_stream:3863] io 1885: out:0xefc4c220 exit ------
05-27 16:12:17.657 320 371 I SystemControl: [/Ubootenv.cpp, updateValue, 68] [ubootenv] update value name [ubootenv.var.576p_w]: value [720]
05-27 16:12:17.658 320 371 I SystemControl: [/Ubootenv.cpp, get, 336] [ubootenv] get key:576p_w envValue: 720
05-27 16:12:17.658 290 351 D MesonHwc: set key:ubootenv.var.576p_h value:576
05-27 16:12:17.658 320 371 I SystemControl: [/Ubootenv.cpp, updateValue, 68] [ubootenv] update value name [ubootenv.var.576p_h]: value [576]
05-27 16:12:17.658 320 371 I SystemControl: [/Ubootenv.cpp, get, 336] [ubootenv] get key:576p_h envValue: 576
05-27 16:12:17.658 290 351 V MesonDisplayServer: SetDisplay[HDMI] DisplayRect to "(0,0,720,576)"
05-27 16:12:17.658 290 351 D MesonHwc: Display (0) ask for refresh.
05-27 16:12:17.658 290 351 V MesonDisplayServer: SetDisplayViewPort done
05-27 16:12:17.659 478 542 D audio_hw_hal_primary: [out_dump:848] io 1901: out:0xefc415a0, fd:23
05-27 16:12:17.660 478 705 D audio_hw_hal_primary: [out_set_parameters:971] out:0xefc415a0 kvpairs:closing=true;exiting=1 out->out_device:0x400, adev->out_device:0x80002
05-27 16:12:17.660 478 705 E audio_hw_hal_primary: out_set_parameters, ret:-2, hw_sync_mode:is false
05-27 16:12:17.660 535 5175 D AudioFlinger: ro.audio.silent is ignored since no output device is set
05-27 16:12:17.660 478 705 I audio_hw_hal_primary: [out_set_event_callback:3158] io 1901: out:0xefc415a0, callback:0xf1b4091d cookie:0xf2202650
05-27 16:12:17.661 478 705 I audio_hw_hal_primary: [adev_close_output_stream_new:8052] io handle 1901: out:0xefc415a0
05-27 16:12:17.661 478 705 D audio_hw_hal_primary: adev_close_output_stream_new: enter usecase = RAW_DIRECT
05-27 16:12:17.661 478 705 I audio_hw_hal_primary: [adev_close_output_stream:3695] io 1901: out:0xefc415a0 dev:OUT_HDMI(0x400) flags:0x1, usecase:RAW_DIRECT
05-27 16:12:17.661 478 705 D audio_hw_hal_primary: [out_standby_new:5767] io 1901: out:0xefc415a0 usecase:RAW_DIRECT
05-27 16:12:17.661 478 705 I audio_hw_hal_primary: already standby, do nothing
05-27 16:12:17.661 478 705 I audio_hw_hal_resourcemgr: [is_output_device_muted:710] device:0x2 port_mute:0, fade_mute:0
05-27 16:12:17.661 478 705 I audio_hw_hal_primary: [adev_close_output_stream:3863] io 1901: out:0xefc415a0 exit ------
05-27 16:12:17.663 478 542 D audio_hw_hal_primary: [out_dump:848] io 1909: out:0xefc40e70, fd:23
05-27 16:12:17.664 478 542 D audio_hw_hal_primary: [out_set_parameters:971] out:0xefc40e70 kvpairs:closing=true;exiting=1 out->out_device:0x400, adev->out_device:0x80002
05-27 16:12:17.664 478 542 E audio_hw_hal_primary: out_set_parameters, ret:-2, hw_sync_mode:is false
05-27 16:12:17.665 478 542 I audio_hw_hal_primary: [out_set_event_callback:3158] io 1909: out:0xefc40e70, callback:0xf1b4091d cookie:0xf2201ab0
05-27 16:12:17.665 478 705 I audio_hw_hal_primary: [adev_close_output_stream_new:8052] io handle 1909: out:0xefc40e70
05-27 16:12:17.665 478 705 D audio_hw_hal_primary: adev_close_output_stream_new: enter usecase = RAW_DIRECT
05-27 16:12:17.665 478 705 I audio_hw_hal_primary: [adev_close_output_stream:3695] io 1909: out:0xefc40e70 dev:OUT_HDMI(0x400) flags:0x11, usecase:RAW_DIRECT
05-27 16:12:17.665 478 705 D audio_hw_hal_primary: [out_standby_new:5767] io 1909: out:0xefc40e70 usecase:RAW_DIRECT
05-27 16:12:17.665 478 705 I audio_hw_hal_primary: already standby, do nothing
05-27 16:12:17.665 478 705 I audio_hw_hal_resourcemgr: [is_output_device_muted:710] device:0x2 port_mute:0, fade_mute:0
05-27 16:12:17.665 478 705 I audio_hw_hal_primary: [adev_close_output_stream:3863] io 1909: out:0xefc40e70 exit ------
05-27 16:12:17.667 478 705 D audio_hw_hal_primary: [out_dump:848] io 1917: out:0xefc40010, fd:23
05-27 16:12:17.670 478 705 D audio_hw_hal_primary: [out_set_parameters:971] out:0xefc40010 kvpairs:closing=true;exiting=1 out->out_device:0x400, adev->out_device:0x80002
05-27 16:12:17.670 478 705 E audio_hw_hal_primary: out_set_parameters, ret:-2, hw_sync_mode:is false
05-27 16:12:17.671 535 5177 D AudioFlinger: ro.audio.silent is ignored since no output device is set
05-27 16:12:17.672 478 705 I audio_hw_hal_primary: [out_set_event_callback:3158] io 1917: out:0xefc40010, callback:0xf1b4091d cookie:0xf2200490
05-27 16:12:17.672 478 705 I audio_hw_hal_primary: [adev_close_output_stream_new:8052] io handle 1917: out:0xefc40010
05-27 16:12:17.672 478 705 D audio_hw_hal_primary: adev_close_output_stream_new: enter usecase = RAW_DIRECT
05-27 16:12:17.672 478 705 I audio_hw_hal_primary: [adev_close_output_stream:3695] io 1917: out:0xefc40010 dev:OUT_HDMI(0x400) flags:0x1, usecase:RAW_DIRECT
05-27 16:12:17.672 478 705 D audio_hw_hal_primary: [out_standby_new:5767] io 1917: out:0xefc40010 usecase:RAW_DIRECT
05-27 16:12:17.672 478 705 I audio_hw_hal_primary: already standby, do nothing
05-27 16:12:17.672 478 705 I audio_hw_hal_resourcemgr: [is_output_device_muted:710] device:0x2 port_mute:0, fade_mute:0
05-27 16:12:17.672 478 705 I audio_hw_hal_primary: [adev_close_output_stream:3863] io 1917: out:0xefc40010 exit ------
05-27 16:12:17.678 715 873 I AS.AudioDeviceInventory: sendDeviceConnectionIntent(dev:0x400 state:0x1 address: name:);
01-01 08:05:47.427 0 0 I [1 T351 ..] [hdmitx: ] avmute_store -1
05-27 16:12:17.679 290 351 E MesonHwc: open file [/sys/class/amhdmitx/amhdmitx0/aud_mute] error:Permission denied
05-27 16:12:17.679 290 351 E MesonHwc: open file [/sys/class/amhdmitx/amhdmitx0/aud_mute] error:Permission denied
05-27 16:12:17.679 290 351 E MesonHwc: dolby vision driver is not ready
05-27 16:12:17.679 290 351 I MesonHwc: setSysfsStr /sys/devices/virtual/amhdmitx/amhdmitx0/avmute= -1
05-27 16:12:17.685 290 5187 I MesonDisplay: [/HDCPTxAuth.cpp, authThread, 173] hdcp_tx thread loop entry
05-27 16:12:17.685 290 351 I MesonDisplay: [/HDCPTxAuth.cpp, start, 109] hdcp_tx, create hdcp thread id = 3890725312 done
05-27 16:12:17.685 290 5187 D MesonDisplay: read /sys/class/amhdmitx/amhdmitx0/hdcp_lstore, result length:0, val:
05-27 16:12:17.685 320 371 I SystemControl: [/Ubootenv.cpp, get, 345] [ubootenv] search end and not find env:digitaudiooutput
05-27 16:12:17.686 290 351 D MesonHwc: sc_read_bootenv val is empty
05-27 16:12:17.686 290 351 V MesonDisplayServer: GetDisplayMode:576p50hz
05-27 16:12:17.686 290 351 I MesonHwc: getDisplayMode mode:576p50hz
05-27 16:12:17.686 320 371 I SystemControl: [/Ubootenv.cpp, get, 336] [ubootenv] get key:hdmichecksum envValue: 0xc92b0000
05-27 16:12:17.686 290 351 D MesonHwc: get key:ubootenv.var.hdmichecksum value:0xc92b0000
05-27 16:12:17.686 290 351 D MesonDisplayServer: use connector getDisplayAttribute "HDMI Color ATTR": "444,8bit"
05-27 16:12:17.686 290 351 D MesonHwc: set key:ubootenv.var.576p50hz_deepcolor value:444,8bit
05-27 16:12:17.686 715 876 I AudioService: onAccessoryPlugMediaUnmute newDevice=1024 [hdmi]
05-27 16:12:17.687 320 371 I SystemControl: [/Ubootenv.cpp, updateValue, 68] [ubootenv] update value name [ubootenv.var.576p50hz_deepcolor]: value [444,8bit]
05-27 16:12:17.687 320 371 I SystemControl: [/Ubootenv.cpp, get, 336] [ubootenv] get key:576p50hz_deepcolor envValue: 444,8bit
05-27 16:12:17.689 290 351 D MesonHwc: set key:ubootenv.var.colorattribute value:444,8bit
05-27 16:12:17.689 320 371 I SystemControl: [/Ubootenv.cpp, updateValue, 68] [ubootenv] update value name [ubootenv.var.colorattribute]: value [444,8bit]
05-27 16:12:17.690 320 371 I SystemControl: [/Ubootenv.cpp, get, 336] [ubootenv] get key:colorattribute envValue: 444,8bit
05-27 16:12:17.690 290 351 D MesonHwc: set key:ubootenv.var.hdmi_colordepth value:8
05-27 16:12:17.690 320 371 I SystemControl: [/Ubootenv.cpp, updateValue, 68] [ubootenv] update value name [ubootenv.var.hdmi_colordepth]: value [8]
05-27 16:12:17.690 320 371 I SystemControl: [/Ubootenv.cpp, get, 336] [ubootenv] get key:hdmi_colordepth envValue: 8
05-27 16:12:17.690 290 351 D MesonHwc: set key:ubootenv.var.hdmi_colorspace value:auto
05-27 16:12:17.690 320 371 I SystemControl: [/Ubootenv.cpp, updateValue, 68] [ubootenv] update value name [ubootenv.var.hdmi_colorspace]: value [auto]
05-27 16:12:17.690 320 371 I SystemControl: [/Ubootenv.cpp, get, 336] [ubootenv] get key:hdmi_colorspace envValue: auto
05-27 16:12:17.691 290 351 D MesonHwc: set key:ubootenv.var.outputmode value:576p50hz
05-27 16:12:17.692 320 371 I SystemControl: [/Ubootenv.cpp, updateValue, 68] [ubootenv] update value name [ubootenv.var.outputmode]: value [576p50hz]
05-27 16:12:17.692 320 371 I SystemControl: [/Ubootenv.cpp, get, 336] [ubootenv] get key:outputmode envValue: 576p50hz
05-27 16:12:17.692 290 351 E MesonHwc: dolby vision driver is not ready
05-27 16:12:17.692 290 351 I MesonHwc: MBOX is not support dv, dvstatus amdv_type 0 dv_enable 0
05-27 16:12:17.692 290 351 I MesonHwc: colorattr: 444,8bit, outputMode 576p50hz, cd 8, cs auto
05-27 16:12:17.692 290 351 D MesonHwc: received Uevent: change@/devices/virtual/amhdmitx/amhdmitx0
05-27 16:12:17.692 290 351 D MesonHwc: received Uevent: ACTION=change
05-27 16:12:17.692 290 351 D MesonHwc: received Uevent: DEVPATH=/devices/virtual/amhdmitx/amhdmitx0
05-27 16:12:17.692 290 351 D MesonHwc: received Uevent: SUBSYSTEM=amhdmitx
05-27 16:12:17.692 290 351 D MesonHwc: received Uevent: hdmitx_audio=1
05-27 16:12:17.692 290 351 D MesonHwc: received Uevent: MAJOR=492
05-27 16:12:17.692 290 351 D MesonHwc: received Uevent: MINOR=0
05-27 16:12:17.692 290 351 D MesonHwc: received Uevent: DEVNAME=amhdmitx0
05-27 16:12:17.692 290 351 D MesonHwc: received Uevent: SEQNUM=5460
05-27 16:12:17.692 290 351 D MesonHwc: received Uevent: change@/devices/virtual/amhdmitx/amhdmitx0
05-27 16:12:17.692 290 351 D MesonHwc: received Uevent: ACTION=change
05-27 16:12:17.692 290 351 D MesonHwc: received Uevent: DEVPATH=/devices/virtual/amhdmitx/amhdmitx0
05-27 16:12:17.692 290 351 D MesonHwc: received Uevent: SUBSYSTEM=amhdmitx
05-27 16:12:17.692 290 351 D MesonHwc: received Uevent: hdmitx_audio=1
05-27 16:12:17.692 290 351 D MesonHwc: received Uevent: MAJOR=492
05-27 16:12:17.692 290 351 D MesonHwc: received Uevent: MINOR=0
05-27 16:12:17.692 290 351 D MesonHwc: received Uevent: DEVNAME=amhdmitx0
05-27 16:12:17.692 290 351 D MesonHwc: received Uevent: SEQNUM=5460
05-27 16:12:17.692 290 351 D MesonHwc: received Uevent: change@/devices/platform/vout
05-27 16:12:17.692 290 351 D MesonHwc: received Uevent: ACTION=change
05-27 16:12:17.692 290 351 D MesonHwc: received Uevent: DEVPATH=/devices/platform/vout
05-27 16:12:17.692 290 351 D MesonHwc: received Uevent: SUBSYSTEM=platform
05-27 16:12:17.693 290 351 D MesonHwc: received Uevent: vout_setmode=1
05-27 16:12:17.693 290 351 D MesonHwc: ModeChange state: [Begin to change]
05-27 16:12:17.693 290 351 D MesonHwc: On mode change state: [Begin to change]
05-27 16:12:17.693 290 351 D MesonHwc: received Uevent: change@/devices/virtual/amhdmitx/amhdmitx0
05-27 16:12:17.693 290 351 D MesonHwc: received Uevent: ACTION=change
05-27 16:12:17.693 290 351 D MesonHwc: received Uevent: DEVPATH=/devices/virtual/amhdmitx/amhdmitx0
05-27 16:12:17.693 290 351 D MesonHwc: received Uevent: SUBSYSTEM=amhdmitx
05-27 16:12:17.693 290 351 D MesonHwc: received Uevent: hdmitx_vmode_audio=1
05-27 16:12:17.693 290 351 D MesonHwc: received Uevent: MAJOR=492
05-27 16:12:17.693 290 351 D MesonHwc: received Uevent: MINOR=0
05-27 16:12:17.693 290 351 D MesonHwc: received Uevent: DEVNAME=amhdmitx0
05-27 16:12:17.693 290 351 D MesonHwc: received Uevent: SEQNUM=5465
05-27 16:12:17.693 290 351 D MesonHwc: received Uevent: ATIBLE_N=1
05-27 16:12:17.693 290 351 D MesonHwc: received Uevent: MODALIAS=of:NvoutT(null)Camlogic,_vout
05-27 16:12:17.693 290 351 D MesonHwc: received Uevent: SEQNUM=5464
05-27 16:12:17.693 290 351 D MesonHwc: received Uevent: Camlogic,_aocec-s7d
05-27 16:12:17.693 290 351 D MesonHwc: received Uevent: SEQNUM=5462
05-27 16:12:17.693 290 351 D MesonHwc: received Uevent: 5Ap0000C081
05-27 16:12:17.693 290 351 D MesonHwc: received Uevent: SEQNUM=3612
05-27 16:12:17.693 290 351 D MesonHwc: received Uevent: bfd4444600000000 1 130ff38b17c000 677bfad9415fed 9ed68000004400 10000002
05-27 16:12:17.693 290 351 D MesonHwc: received Uevent: REL=1040
05-27 16:12:17.693 290 351 D MesonHwc: received Uevent: ABS=100000000
05-27 16:12:17.693 290 351 D MesonHwc: received Uevent: MSC=10
05-27 16:12:17.693 290 351 D MesonHwc: received Uevent: MODALIAS=input:b0005v1D5ApC081e0000-e0,1,2,3,4,k71,72,73,74,77,80,82,83,85,86,87,88,89,8A,8B,8C,8E,90,96,98,9B,9C,9E,9F,A1,A3,A4,A5,A6,A7,A8,A9,AB,AC,AD,AE,B0,B1,B2,B5,B6,CE,CF,D0,D1,D2,D4,D8,D9,DB,DF,E0,E1,E4,E5,E6,E7,E8,E9,EA,EB,F0,F1,F4,100,161,162,166,16A,16E,172,174,176,177,178,179,17A,17B,17C,17D,17F,180,182,183,185,188,189,18C,18D,18E,18F,190,191,192,193,195,197,198,199,19A,19C,1A0,1A1,1A2,1A3,1A4,1A5,1A6,1A7,1A8,1A9,1AA,1AB,1AC,1AD,1AE,1AF,1B0,1B1,1B7,1BA,240,241,242,243,244,245,246,247,249,24A,250,251,r6,C,a20,m4,lsfw
05-27 16:12:17.693 290 351 D MesonHwc: received Uevent: SEQNUM=3609
05-27 16:12:17.693 290 351 D MesonHwc: received Uevent: change@/devices/virtual/amhdmitx/amhdmitx0
05-27 16:12:17.693 290 351 D MesonHwc: received Uevent: ACTION=change
05-27 16:12:17.693 290 351 D MesonHwc: received Uevent: DEVPATH=/devices/virtual/amhdmitx/amhdmitx0
05-27 16:12:17.693 290 351 D MesonHwc: received Uevent: SUBSYSTEM=amhdmitx
05-27 16:12:17.693 290 351 D MesonHwc: received Uevent: hdmitx_vmode_audio=1
05-27 16:12:17.693 290 351 D MesonHwc: received Uevent: MAJOR=492
05-27 16:12:17.693 264 264 E Scheduler: trackPendingFrame: Invalid present fence
05-27 16:12:17.693 290 351 D MesonHwc: received Uevent: MINOR=0
05-27 16:12:17.693 290 351 D MesonHwc: received Uevent: DEVNAME=amhdmitx0
05-27 16:12:17.693 290 351 D MesonHwc: received Uevent: SEQNUM=5465
05-27 16:12:17.693 290 351 D MesonHwc: received Uevent: ATIBLE_N=1
05-27 16:12:17.693 290 351 D MesonHwc: received Uevent: MODALIAS=of:NvoutT(null)Camlogic,_vout
05-27 16:12:17.693 290 351 D MesonHwc: received Uevent: SEQNUM=5464
05-27 16:12:17.693 290 351 D MesonHwc: received Uevent: Camlogic,_aocec-s7d
05-27 16:12:17.693 290 351 D MesonHwc: received Uevent: SEQNUM=5462
05-27 16:12:17.693 290 351 D MesonHwc: received Uevent: 5Ap0000C081
05-27 16:12:17.693 290 351 D MesonHwc: received Uevent: SEQNUM=3612
05-27 16:12:17.693 290 351 D MesonHwc: received Uevent: bfd4444600000000 1 130ff38b17c000 677bfad9415fed 9ed68000004400 10000002
05-27 16:12:17.693 290 351 D MesonHwc: received Uevent: REL=1040
05-27 16:12:17.693 290 351 D MesonHwc: received Uevent: ABS=100000000
05-27 16:12:17.693 290 351 D MesonHwc: received Uevent: MSC=10
05-27 16:12:17.693 290 351 D MesonHwc: received Uevent: MODALIAS=input:b0005v1D5ApC081e0000-e0,1,2,3,4,k71,72,73,74,77,80,82,83,85,86,87,88,89,8A,8B,8C,8E,90,96,98,9B,9C,9E,9F,A1,A3,A4,A5,A6,A7,A8,A9,AB,AC,AD,AE,B0,B1,B2,B5,B6,CE,CF,D0,D1,D2,D4,D8,D9,DB,DF,E0,E1,E4,E5,E6,E7,E8,E9,EA,EB,F0,F1,F4,100,161,162,166,16A,16E,172,174,176,177,178,179,17A,17B,17C,17D,17F,180,182,183,185,188,189,18C,18D,18E,18F,190,191,192,193,195,197,198,199,19A,19C,1A0,1A1,1A2,1A3,1A4,1A5,1A6,1A7,1A8,1A9,1AA,1AB,1AC,1AD,1AE,1AF,1B0,1B1,1B7,1BA,240,241,242,243,244,245,246,247,249,24A,250,251,r6,C,a20,m4,lsfw
05-27 16:12:17.693 290 351 D MesonHwc: received Uevent: SEQNUM=3609
05-27 16:12:17.693 290 351 D MesonHwc: received Uevent: change@/devices/virtual/amhdmitx/amhdmitx0
05-27 16:12:17.693 290 351 D MesonHwc: received Uevent: ACTION=change
05-27 16:12:17.693 290 351 D MesonHwc: received Uevent: DEVPATH=/devices/virtual/amhdmitx/amhdmitx0
05-27 16:12:17.693 290 351 D MesonHwc: received Uevent: SUBSYSTEM=amhdmitx
05-27 16:12:17.693 290 351 D MesonHwc: received Uevent: hdmitx_current_status=167
05-27 16:12:17.693 290 351 D MesonHwc: received Uevent: MAJOR=492
05-27 16:12:17.693 290 351 D MesonHwc: received Uevent: MINOR=0
05-27 16:12:17.693 290 351 D MesonHwc: received Uevent: DEVNAME=amhdmitx0
05-27 16:12:17.693 290 351 D MesonHwc: received Uevent: SEQNUM=5466
05-27 16:12:17.693 290 351 D MesonHwc: received Uevent: E_N=1
05-27 16:12:17.693 290 351 D MesonHwc: received Uevent: MODALIAS=of:NvoutT(null)Camlogic,_vout
05-27 16:12:17.693 290 351 D MesonHwc: received Uevent: SEQNUM=5464
05-27 16:12:17.693 290 351 D MesonHwc: received Uevent: Camlogic,_aocec-s7d
05-27 16:12:17.693 290 351 D MesonHwc: received Uevent: SEQNUM=5462
05-27 16:12:17.693 290 351 D MesonHwc: received Uevent: 5Ap0000C081
05-27 16:12:17.693 290 351 D MesonHwc: received Uevent: SEQNUM=3612
05-27 16:12:17.693 290 351 D MesonHwc: received Uevent: bfd4444600000000 1 130ff38b17c000 677bfad9415fed 9ed68000004400 10000002
05-27 16:12:17.693 290 351 D MesonHwc: received Uevent: REL=1040
05-27 16:12:17.693 290 351 D MesonHwc: received Uevent: ABS=100000000
05-27 16:12:17.693 290 351 D MesonHwc: received Uevent: MSC=10
05-27 16:12:17.693 290 351 D MesonHwc: received Uevent: MODALIAS=input:b0005v1D5ApC081e0000-e0,1,2,3,4,k71,72,73,74,77,80,82,83,85,86,87,88,89,8A,8B,8C,8E,90,96,98,9B,9C,9E,9F,A1,A3,A4,A5,A6,A7,A8,A9,AB,AC,AD,AE,B0,B1,B2,B5,B6,CE,CF,D0,D1,D2,D4,D8,D9,DB,DF,E0,E1,E4,E5,E6,E7,E8,E9,EA,EB,F0,F1,F4,100,161,162,166,16A,16E,172,174,176,177,178,179,17A,17B,17C,17D,17F,180,182,183,185,188,189,18C,18D,18E,18F,190,191,192,193,195,197,198,199,19A,19C,1A0,1A1,1A2,1A3,1A4,1A5,1A6,1A7,1A8,1A9,1AA,1AB,1AC,1AD,1AE,1AF,1B0,1B1,1B7,1BA,240,241,242,243,244,245,246,247,249,24A,250,251,r6,C,a20,m4,lsfw
05-27 16:12:17.693 290 351 D MesonHwc: received Uevent: SEQNUM=3609
05-27 16:12:17.693 290 351 D MesonHwc: received Uevent: change@/devices/virtual/amhdmitx/amhdmitx0
05-27 16:12:17.693 290 351 D MesonHwc: received Uevent: ACTION=change
05-27 16:12:17.693 290 351 D MesonHwc: received Uevent: DEVPATH=/devices/virtual/amhdmitx/amhdmitx0
05-27 16:12:17.693 290 351 D MesonHwc: received Uevent: SUBSYSTEM=amhdmitx
05-27 16:12:17.693 290 351 D MesonHwc: received Uevent: hdmitx_current_status=167
05-27 16:12:17.694 290 351 D MesonHwc: received Uevent: MAJOR=492
05-27 16:12:17.694 290 351 D MesonHwc: received Uevent: MINOR=0
05-27 16:12:17.694 290 351 D MesonHwc: received Uevent: DEVNAME=amhdmitx0
05-27 16:12:17.694 290 351 D MesonHwc: received Uevent: SEQNUM=5466
05-27 16:12:17.694 290 351 D MesonHwc: received Uevent: E_N=1
05-27 16:12:17.694 290 351 D MesonHwc: received Uevent: MODALIAS=of:NvoutT(null)Camlogic,_vout
05-27 16:12:17.694 290 351 D MesonHwc: received Uevent: SEQNUM=5464
05-27 16:12:17.694 290 351 D MesonHwc: received Uevent: Camlogic,_aocec-s7d
05-27 16:12:17.694 290 351 D MesonHwc: received Uevent: SEQNUM=5462
05-27 16:12:17.694 290 351 D MesonHwc: received Uevent: 5Ap0000C081
05-27 16:12:17.694 290 351 D MesonHwc: received Uevent: SEQNUM=3612
05-27 16:12:17.694 290 351 D MesonHwc: received Uevent: bfd4444600000000 1 130ff38b17c000 677bfad9415fed 9ed68000004400 10000002
05-27 16:12:17.694 290 351 D MesonHwc: received Uevent: REL=1040
05-27 16:12:17.694 290 351 D MesonHwc: received Uevent: ABS=100000000
05-27 16:12:17.694 290 351 D MesonHwc: received Uevent: MSC=10
05-27 16:12:17.694 290 351 D MesonHwc: received Uevent: MODALIAS=input:b0005v1D5ApC081e0000-e0,1,2,3,4,k71,72,73,74,77,80,82,83,85,86,87,88,89,8A,8B,8C,8E,90,96,98,9B,9C,9E,9F,A1,A3,A4,A5,A6,A7,A8,A9,AB,AC,AD,AE,B0,B1,B2,B5,B6,CE,CF,D0,D1,D2,D4,D8,D9,DB,DF,E0,E1,E4,E5,E6,E7,E8,E9,EA,EB,F0,F1,F4,100,161,162,166,16A,16E,172,174,176,177,178,179,17A,17B,17C,17D,17F,180,182,183,185,188,189,18C,18D,18E,18F,190,191,192,193,195,197,198,199,19A,19C,1A0,1A1,1A2,1A3,1A4,1A5,1A6,1A7,1A8,1A9,1AA,1AB,1AC,1AD,1AE,1AF,1B0,1B1,1B7,1BA,240,241,242,243,244,245,246,247,249,24A,250,251,r6,C,a20,m4,lsfw
05-27 16:12:17.694 290 351 D MesonHwc: received Uevent: SEQNUM=3609
05-27 16:12:17.694 290 351 D MesonHwc: received Uevent: change@/devices/platform/vout
05-27 16:12:17.694 290 351 D MesonHwc: received Uevent: ACTION=change
05-27 16:12:17.694 290 351 D MesonHwc: received Uevent: DEVPATH=/devices/platform/vout
05-27 16:12:17.694 290 351 D MesonHwc: received Uevent: SUBSYSTEM=platform
05-27 16:12:17.694 290 351 D MesonHwc: received Uevent: vout_setmode=0
05-27 16:12:17.694 290 351 D MesonHwc: ModeChange state: [Complete]
05-27 16:12:17.694 290 351 D MesonHwc: DrmProperty: EDID (1), value [127]
05-27 16:12:17.694 290 351 D MesonHwc: DrmProperty: content type (77), value [0]
05-27 16:12:17.694 290 351 D MesonHwc: DrmProperty: vrr_capable (78), value [0]
05-27 16:12:17.694 290 351 D MesonHwc: DrmProperty: UPDATE (79), value [0]
05-27 16:12:17.694 290 351 D MesonHwc: DrmProperty: color_depth (80), value [8]
05-27 16:12:17.694 290 351 D MesonHwc: DrmProperty: color_space (81), value [2]
05-27 16:12:17.694 290 351 D MesonHwc: DrmProperty: MESON_DRM_HDMITX_PROP_AVMUTE (82), value [0]
05-27 16:12:17.694 290 351 D MesonHwc: DrmProperty: hdmi_hdr_status (83), value [6]
05-27 16:12:17.694 290 351 D MesonHwc: DrmProperty: dv_cap (85), value [0]
05-27 16:12:17.695 290 351 D MesonHwc: DrmProperty: contenttype_cap (89), value [31]
05-27 16:12:17.695 290 351 D MesonHwc: DrmProperty: hdr_priority (91), value [268435472]
05-27 16:12:17.695 290 351 D MesonHwc: DrmProperty: ready (92), value [1]
05-27 16:12:17.695 290 351 D MesonHwc: DrmProperty: allm_cap (95), value [0]
05-27 16:12:17.695 290 351 D MesonHwc: DrmProperty: dc_cap (96), value [1016]
05-27 16:12:17.695 290 351 E MesonHwc: dolby vision driver is not ready
05-27 16:12:17.695 290 351 I MesonHwc: hdr_preference (dolby_vision)
05-27 16:12:17.695 290 351 E MesonHwc: dolby vision driver is not ready
05-27 16:12:17.695 290 351 D MesonHwc: dolby version:0, dv3:0, hlg:0, hdr10:0, hdr10+:0 max:0, avg:0, min:0
05-27 16:12:17.695 290 351 D MesonHwc: dolby version 4k30:0
05-27 16:12:17.695 290 351 D MesonHwc: Connector HDMI-A loadDisplayModes get 22 modes
05-27 16:12:17.695 290 351 D MesonHwc: add fraction display mode (1920x1080p120hz)
05-27 16:12:17.695 290 351 I MesonHwc: add display mode (1920x1080p120hz-1920x1080p120hz-110, 1920x1080, 120.000000) dpi(42406,42203), hskew(1)
05-27 16:12:17.696 290 351 D MesonHwc: add fraction display mode (smpte24hz)
05-27 16:12:17.696 290 351 I MesonHwc: add display mode (smpte24hz-smpte24hz-111, 4096x2160, 24.000000) dpi(90468,84406), hskew(1)
05-27 16:12:17.696 290 351 D MesonHwc: add fraction display mode (2160p30hz)
05-27 16:12:17.696 290 351 I MesonHwc: add display mode (2160p30hz-2160p30hz-112, 3840x2160, 30.000000) dpi(84813,84406), hskew(1)
05-27 16:12:17.696 290 351 I MesonHwc: add display mode (2160p25hz-2160p25hz-113, 3840x2160, 25.000000) dpi(84813,84406), hskew(1)
05-27 16:12:17.696 290 351 D MesonHwc: add fraction display mode (2160p24hz)
05-27 16:12:17.696 290 351 I MesonHwc: add display mode (2160p24hz-2160p24hz-114, 3840x2160, 24.000000) dpi(84813,84406), hskew(1)
05-27 16:12:17.696 290 351 D MesonHwc: add fraction display mode (1920x1080i120hz)
05-27 16:12:17.696 290 351 I MesonHwc: add display mode (1920x1080i120hz-1920x1080i120hz-115, 1920x1080, 120.000000) dpi(42406,42203), hskew(1)
05-27 16:12:17.696 290 351 D MesonHwc: add fraction display mode (1080p60hz)
05-27 16:12:17.696 290 351 I MesonHwc: add display mode (1080p60hz-1080p60hz-116, 1920x1080, 60.000000) dpi(42406,42203), hskew(1)
05-27 16:12:17.696 290 351 D MesonHwc: add fraction display mode (1080i60hz)
05-27 16:12:17.696 290 351 I MesonHwc: add display mode (1080i60hz-1080i60hz-117, 1920x1080, 60.000000) dpi(42406,42203), hskew(1)
05-27 16:12:17.696 290 351 I MesonHwc: add display mode (1080p50hz-1080p50hz-118, 1920x1080, 50.000000) dpi(42406,42203), hskew(1)
05-27 16:12:17.696 290 351 I MesonHwc: add display mode (1080i50hz-1080i50hz-119, 1920x1080, 50.000000) dpi(42406,42203), hskew(1)
05-27 16:12:17.696 290 351 D MesonHwc: add fraction display mode (1080p30hz)
05-27 16:12:17.696 290 351 I MesonHwc: add display mode (1080p30hz-1080p30hz-120, 1920x1080, 30.000000) dpi(42406,42203), hskew(1)
05-27 16:12:17.696 290 351 D MesonHwc: add fraction display mode (1080p24hz)
05-27 16:12:17.696 290 351 I MesonHwc: add display mode (1080p24hz-1080p24hz-121, 1920x1080, 24.000000) dpi(42406,42203), hskew(1)
05-27 16:12:17.696 290 351 D MesonHwc: add fraction display mode (1280x720p120hz)
05-27 16:12:17.696 290 351 I MesonHwc: add display mode (1280x720p120hz-1280x720p120hz-122, 1280x720, 120.000000) dpi(28271,28135), hskew(1)
05-27 16:12:17.696 290 351 D MesonHwc: add fraction display mode (720p60hz)
05-27 16:12:17.696 290 351 I MesonHwc: add display mode (720p60hz-720p60hz-123, 1280x720, 60.000000) dpi(28271,28135), hskew(1)
05-27 16:12:17.696 290 351 I MesonHwc: add display mode (720p50hz-720p50hz-124, 1280x720, 50.000000) dpi(28271,28135), hskew(1)
05-27 16:12:17.696 290 351 D MesonHwc: add fraction display mode (720p30hz)
05-27 16:12:17.696 290 351 I MesonHwc: add display mode (720p30hz-720p30hz-125, 1280x720, 30.000000) dpi(28271,28135), hskew(1)
05-27 16:12:17.697 290 351 D MesonHwc: add fraction display mode (720p24hz)
05-27 16:12:17.697 290 351 I MesonHwc: add display mode (720p24hz-720p24hz-126, 1280x720, 24.000000) dpi(28271,28135), hskew(1)
05-27 16:12:17.697 290 351 I MesonHwc: add display mode (576p50hz-576p50hz-130, 720x576, 50.000000) dpi(15902,22508), hskew(1)
05-27 16:12:17.697 290 351 I MesonHwc: add display mode (576i50hz-576i50hz-131, 720x576, 50.000000) dpi(15902,22508), hskew(1)
05-27 16:12:17.697 290 351 D MesonHwc: add fraction display mode (720x480p120hz)
05-27 16:12:17.697 290 351 I MesonHwc: add display mode (720x480p120hz-720x480p120hz-132, 720x480, 120.000000) dpi(15902,18756), hskew(1)
05-27 16:12:17.697 290 351 D MesonHwc: add fraction display mode (480p60hz)
05-27 16:12:17.697 290 351 I MesonHwc: add display mode (480p60hz-480p60hz-133, 720x480, 60.000000) dpi(15902,18756), hskew(1)
05-27 16:12:17.697 290 351 D MesonHwc: add fraction display mode (480i60hz)
05-27 16:12:17.697 290 351 I MesonHwc: add display mode (480i60hz-480i60hz-134, 720x480, 60.000000) dpi(15902,18756), hskew(1)
05-27 16:12:17.697 290 351 I MesonHwc: loadDisplayModes (38) end
05-27 16:12:17.697 290 351 D MesonHwc: ERR: PLEASE FIX NON-IMPLEMENT FUN(update).
05-27 16:12:17.697 290 351 D MesonHwc: RealModeMgr::update: nextModeId:682
05-27 16:12:17.697 290 351 D MesonHwc: RealModeMgr::update get current mode:576p50hz
05-27 16:12:17.697 290 351 D MesonHwc: RealModeMgr::update use current mode (720x576-50.00)
05-27 16:12:17.697 290 351 D MesonHwc: On mode change state: [Complete]
05-27 16:12:17.697 290 351 D MesonHwc: getSupportedContentTypes: DrmConnector HDMI-A get supported content type 1
05-27 16:12:17.697 290 351 D MesonHwc: getSupportedContentTypes: DrmConnector HDMI-A get supported content type 2
05-27 16:12:17.697 290 351 D MesonHwc: getSupportedContentTypes: DrmConnector HDMI-A get supported content type 3
05-27 16:12:17.697 290 351 D MesonHwc: getSupportedContentTypes: DrmConnector HDMI-A get supported content type 4
05-27 16:12:17.697 290 351 D MesonHwc: Hwc2Display::onModeChanged getDisplayMode [576p50hz]
05-27 16:12:17.697 290 351 D MesonHwc: [setConnectorStatus]: power mode 1
05-27 16:12:17.697 290 351 I MesonHwc: HwcConfig::default frame buffer size (1920 x 1080)
