01-01 08:05:50.102 0 0 I : [1 T382 ..] [drm] am_meson_crtc_atomic_enable-[0]: enable mode 720p24hz final vmode 0
01-01 08:05:50.103 0 0 I [1 T382 ..] [hdmitx: ] set21_s7d_htxpll_clk_out[96] htxpll vco 4752000 div 8
01-01 08:05:50.105 0 0 I [1 T382 ..] [hdmitx: ] pll_od0 = 3, pll_od2 = 1, pll_od1 = 0
01-01 08:05:50.105 0 0 I : [0 T550 dh] vout changed: 720x576->1280x720
01-01 08:05:50.105 0 0 I [1 T382 ..] [hdmitx: ] clocks_set_vid_clk_div_for_hdmi[402] div = 6
01-01 08:05:50.107 0 0 I [1 T382 ..] [hdmitx: ] configure venc
01-01 08:05:50.107 0 0 I [1 T382 ..] [hdmitx: ] config_tv_enc_calc[63] vic = 60
01-01 08:05:50.108 0 0 I [1 T382 ..] [hdmitx: ] hdmitx_soft_reset[1261]
01-01 08:05:50.109 0 0 I [1 T382 ..] [hdmitx: ] config hdmitx IP vic = 60 cd:4 cs: 2
01-01 08:05:50.109 0 0 I [1 T382 ..] [hdmitx: ] configure hdmitx21
01-01 08:05:50.110 0 0 I [1 T382 ..] [hdmitx: ] warn: SCDC not present, should not send 1:10
01-01 08:05:50.112 0 0 I [1 T382 ..] [hdmitx: ] hdmitx_set_dispmode[1527] frl_rate 0 htotal 3300 cs 2 cd 4 h_unstable 0
01-01 08:05:50.153 0 0 I [1 T382 ..] [hdmitx: ] set21_phy_by_mode_s7d[188] rterm = 7
01-01 08:05:50.154 0 0 I [1 T382 ..] [hdmitx: ] Sink is HDMI device
01-01 08:05:50.154 0 0 I [1 T382 ..] [hdmitx: ] clear vsif for non-4k mode.
01-01 08:05:50.155 0 0 I [1 T382 ..] [hdmitx: ] set audio
01-01 08:05:50.155 0 0 I [1 T382 ..] [hdmitx: ] audio_param->chs = 7
01-01 08:05:50.156 0 0 I [1 T382 ..] [hdmitx: ] aud_src_if = 1
01-01 08:05:50.157 0 0 I [2 T382 ..] [hdmitx: ] aud_n_para = 24576
05-27 16:12:20.411 478 676 I audio_hw_hal_primary: [adev_uevent_callback:9131] uevent type=0
05-27 16:12:20.411 290 351 D MesonHwc: received Uevent: change@/devices/virtual/amhdmitx/amhdmitx0
05-27 16:12:20.411 290 351 D MesonHwc: received Uevent: ACTION=change
05-27 16:12:20.411 320 328 I SystemControl: [/UEventObserver.cpp, HDMITxUenventThreadLoop, 451] HDMI TX switch_name:hdmitx_vmode_audio, switch_state: 1
05-27 16:12:20.411 290 351 D MesonHwc: received Uevent: DEVPATH=/devices/virtual/amhdmitx/amhdmitx0
05-27 16:12:20.411 290 351 D MesonHwc: received Uevent: SUBSYSTEM=amhdmitx
05-27 16:12:20.411 290 351 D MesonHwc: received Uevent: hdmitx_vmode_audio=1
05-27 16:12:20.411 290 351 D MesonHwc: received Uevent: MAJOR=492
05-27 16:12:20.411 290 351 D MesonHwc: received Uevent: MINOR=0
05-27 16:12:20.411 290 351 D MesonHwc: received Uevent: DEVNAME=amhdmitx0
05-27 16:12:20.411 290 351 D MesonHwc: received Uevent: SEQNUM=5486
05-27 16:12:20.411 290 351 D MesonHwc: received Uevent: ATIBLE_N=1
05-27 16:12:20.411 290 351 D MesonHwc: received Uevent: MODALIAS=of:NvoutT(null)Camlogic,_vout
05-27 16:12:20.411 290 351 D MesonHwc: received Uevent: SEQNUM=5485
05-27 16:12:20.411 290 351 D MesonHwc: received Uevent: Camlogic,_aocec-s7d
05-27 16:12:20.411 290 351 D MesonHwc: received Uevent: SEQNUM=5482
05-27 16:12:20.411 290 351 D MesonHwc: received Uevent: 5Ap0000C081
05-27 16:12:20.411 290 351 D MesonHwc: received Uevent: SEQNUM=3612
05-27 16:12:20.411 290 351 D MesonHwc: received Uevent: bfd4444600000000 1 130ff38b17c000 677bfad9415fed 9ed68000004400 10000002
05-27 16:12:20.412 290 351 D MesonHwc: received Uevent: REL=1040
05-27 16:12:20.412 290 351 D MesonHwc: received Uevent: ABS=100000000
05-27 16:12:20.412 290 351 D MesonHwc: received Uevent: MSC=10
05-27 16:12:20.412 290 351 D MesonHwc: received Uevent: MODALIAS=input:b0005v1D5ApC081e0000-e0,1,2,3,4,k71,72,73,74,77,80,82,83,85,86,87,88,89,8A,8B,8C,8E,90,96,98,9B,9C,9E,9F,A1,A3,A4,A5,A6,A7,A8,A9,AB,AC,AD,AE,B0,B1,B2,B5,B6,CE,CF,D0,D1,D2,D4,D8,D9,DB,DF,E0,E1,E4,E5,E6,E7,E8,E9,EA,EB,F0,F1,F4,100,161,162,166,16A,16E,172,174,176,177,178,179,17A,17B,17C,17D,17F,180,182,183,185,188,189,18C,18D,18E,18F,190,191,192,193,195,197,198,199,19A,19C,1A0,1A1,1A2,1A3,1A4,1A5,1A6,1A7,1A8,1A9,1AA,1AB,1AC,1AD,1AE,1AF,1B0,1B1,1B7,1BA,240,241,242,243,244,245,246,247,249,24A,250,251,r6,C,a20,m4,lsfw
05-27 16:12:20.412 290 351 D MesonHwc: received Uevent: SEQNUM=3609
05-27 16:12:20.412 290 351 D MesonHwc: received Uevent: change@/devices/virtual/amhdmitx/amhdmitx0
05-27 16:12:20.412 290 351 D MesonHwc: received Uevent: ACTION=change
05-27 16:12:20.412 290 351 D MesonHwc: received Uevent: DEVPATH=/devices/virtual/amhdmitx/amhdmitx0
05-27 16:12:20.412 290 351 D MesonHwc: received Uevent: SUBSYSTEM=amhdmitx
05-27 16:12:20.412 290 351 D MesonHwc: received Uevent: hdmitx_vmode_audio=1
05-27 16:12:20.412 290 351 D MesonHwc: received Uevent: MAJOR=492
05-27 16:12:20.412 290 351 D MesonHwc: received Uevent: MINOR=0
05-27 16:12:20.412 290 351 D MesonHwc: received Uevent: DEVNAME=amhdmitx0
05-27 16:12:20.412 290 351 D MesonHwc: received Uevent: SEQNUM=5486
05-27 16:12:20.412 290 351 D MesonHwc: received Uevent: ATIBLE_N=1
05-27 16:12:20.412 290 351 D MesonHwc: received Uevent: MODALIAS=of:NvoutT(null)Camlogic,_vout
05-27 16:12:20.412 290 351 D MesonHwc: received Uevent: SEQNUM=5485
05-27 16:12:20.412 290 351 D MesonHwc: received Uevent: Camlogic,_aocec-s7d
01-01 08:05:50.157 0 0 I [2 T382 ..] [hdmitx: ] vinfo: set cur_enc_ppc as 1, vpp color: 0
05-27 16:12:20.412 290 351 D MesonHwc: received Uevent: SEQNUM=5482
05-27 16:12:20.412 290 351 D MesonHwc: received Uevent: 5Ap0000C081
01-01 08:05:50.158 0 0 I [2 T382 ..] DOLBY: vout_notify_callback: VOUT_EVENT_MODE_CHANGE
05-27 16:12:20.412 290 351 D MesonHwc: received Uevent: SEQNUM=3612
05-27 16:12:20.412 290 351 D MesonHwc: received Uevent: bfd4444600000000 1 130ff38b17c000 677bfad9415fed 9ed68000004400 10000002
01-01 08:05:50.159 0 0 I : [2 T382 ..] vsync_pts_inc 3750 1/24
05-27 16:12:20.412 290 351 D MesonHwc: received Uevent: REL=1040
05-27 16:12:20.412 290 351 D MesonHwc: received Uevent: ABS=100000000
05-27 16:12:20.412 290 351 D MesonHwc: received Uevent: MSC=10
05-27 16:12:20.412 290 351 D MesonHwc: received Uevent: MODALIAS=input:b0005v1D5ApC081e0000-e0,1,2,3,4,k71,72,73,74,77,80,82,83,85,86,87,88,89,8A,8B,8C,8E,90,96,98,9B,9C,9E,9F,A1,A3,A4,A5,A6,A7,A8,A9,AB,AC,AD,AE,B0,B1,B2,B5,B6,CE,CF,D0,D1,D2,D4,D8,D9,DB,DF,E0,E1,E4,E5,E6,E7,E8,E9,EA,EB,F0,F1,F4,100,161,162,166,16A,16E,172,174,176,177,178,179,17A,17B,17C,17D,17F,180,182,183,185,188,189,18C,18D,18E,18F,190,191,192,193,195,197,198,199,19A,19C,1A0,1A1,1A2,1A3,1A4,1A5,1A6,1A7,1A8,1A9,1AA,1AB,1AC,1AD,1AE,1AF,1B0,1B1,1B7,1BA,240,241,242,243,244,245,246,247,249,24A,250,251,r6,C,a20,m4,lsfw
05-27 16:12:20.412 290 351 D MesonHwc: received Uevent: SEQNUM=3609
01-01 08:05:50.160 0 0 I : [2 T382 ..] [drm] meson_vout_update_mode_name: hdmitx update vout 1 name 720p24hz.
05-27 16:12:20.413 290 351 D MesonHwc: received Uevent: change@/devices/platform/vout
05-27 16:12:20.413 290 351 D MesonHwc: received Uevent: ACTION=change
05-27 16:12:20.413 290 351 D MesonHwc: received Uevent: DEVPATH=/devices/platform/vout
05-27 16:12:20.413 290 351 D MesonHwc: received Uevent: SUBSYSTEM=platform
05-27 16:12:20.413 290 351 D MesonHwc: received Uevent: vout_setmode=0
05-27 16:12:20.414 290 351 D MesonHwc: ModeChange state: [Complete]
05-27 16:12:20.414 320 328 I SystemControl: [/UEventObserver.cpp, HDMITxUenventThreadLoop, 451] HDMI TX switch_name:hdmitx_current_status, switch_state: 171
05-27 16:12:20.416 478 673 I audio_hw_hal_alsamgr: raw to lpcm switch aml_alsa_output_write
01-01 08:05:50.163 0 0 D [3 T673 ..] [snd-soc]: spdif_a is set to disable
01-01 08:05:50.163 0 0 I [3 T673 ..] [snd-soc]: aml_audio_reset, reg 0xa, shift 9, use_vadtop 0
01-01 08:05:50.164 0 0 I [3 T673 ..] [snd-soc]: aml_audio_reset, reg 0xa, shift 14, use_vadtop 0
01-01 08:05:50.165 0 0 I [3 T673 ..] [snd-soc]: sharebuffer_spdifout_prepare get_hdmitx_audio_src(rtd->card):3 spdif_id:0
01-01 08:05:50.166 0 0 D [3 T673 ..] [snd-soc]: spdif_a fifo ctrl, frddr:0 type:1, 16 bits, chmask 0x3, swap 0x10
01-01 08:05:50.170 0 0 D [3 T673 ..] [snd-soc]: spdif_a is set to enable
01-01 08:05:50.170 0 0 I [3 T673 ..] [snd-soc]: aml_audio_reset, reg 0xa, shift 10, use_vadtop 0
01-01 08:05:50.170 0 0 I [3 T673 ..] [snd-soc]: aml_audio_reset, reg 0xa, shift 13, use_vadtop 0
01-01 08:05:50.171 0 0 I [3 T673 ..] [hdmitx: ] hdmitx_audio_notify_callback[804] type:12 rate:7 size:1 chs:8 i2s_ch_mask:15 aud_src_if:1
01-01 08:05:50.173 0 0 I [3 T673 ..] [hdmitx: ] aout notify format CT_MAT
05-27 16:12:20.421 478 673 I audio_hw_hal_ms12v2: dolby_ms12_threadloop alsa is not running
05-27 16:12:20.421 478 673 I audio_hw_hal_ms12v2: dolby_ms12_threadloop alsa is not running
05-27 16:12:20.422 478 673 I audio_hw_hal_ms12v2: dolby_ms12_threadloop alsa is not running
05-27 16:12:20.423 478 673 I audio_hw_hal_alsamgr: aml_alsa_output_write_new reset hdmitx alsa
01-01 08:05:50.173 0 0 I [3 T673 ..] [hdmitx: ] set audio
01-01 08:05:50.174 0 0 I [3 T673 ..] [hdmitx: ] audio_param->chs = 7
01-01 08:05:50.175 0 0 I [3 T673 ..] [hdmitx: ] aud_src_if = 1
01-01 08:05:50.175 0 0 I [3 T673 ..] [hdmitx: ] aud_n_para = 24576
01-01 08:05:50.176 0 0 I [3 T673 ..] [hdmitx: ] set audio param
05-27 16:12:20.429 478 673 I audio_hw_hal_ms12v2: dolby_ms12_threadloop alsa is not running
05-27 16:12:20.430 478 673 I audio_hw_hal_alsamgr: aml_alsa_output_write alsa_running_status[0xefc447f0] change from 0 to 1
05-27 16:12:20.431 320 328 I SystemControl: [/UEventObserver.cpp, HDMITxUenventThreadLoop, 451] HDMI TX switch_name:hdmitx_current_status, switch_state: 172
05-27 16:12:20.449 290 382 D MesonHwc: sysfs(/sys/class/amhdmitx/amhdmitx0/frac_rate_policy) read int32_t (0)
05-27 16:12:20.449 290 382 D MesonHwc: sysfs(/sys/class/amhdmitx/amhdmitx0/frac_rate_policy) read int32_t (0)
05-27 16:12:20.449 290 382 D MesonHwc: setmode:crtc[63], name [720p24hz] -modeblob[126] [1280x720-24.00] seamless:0 enableVrr:0
05-27 16:12:20.449 290 382 V MesonDisplayServer: GetDisplayMode:720p24hz
05-27 16:12:20.449 290 382 I MesonHwc: getDisplayMode mode:720p24hz
05-27 16:12:20.450 290 382 I MesonHwc: getContentTypeSupport: game is true
05-27 16:12:20.450 290 351 D MesonHwc: DrmProperty: EDID (1), value [129]
05-27 16:12:20.450 290 351 D MesonHwc: DrmProperty: content type (77), value [0]
05-27 16:12:20.451 290 351 D MesonHwc: DrmProperty: vrr_capable (78), value [0]
05-27 16:12:20.451 290 351 D MesonHwc: DrmProperty: UPDATE (79), value [0]
05-27 16:12:20.451 290 351 D MesonHwc: DrmProperty: color_depth (80), value [8]
05-27 16:12:20.451 290 351 D MesonHwc: DrmProperty: color_space (81), value [2]
05-27 16:12:20.451 290 351 D MesonHwc: DrmProperty: MESON_DRM_HDMITX_PROP_AVMUTE (82), value [0]
05-27 16:12:20.451 290 351 D MesonHwc: DrmProperty: hdmi_hdr_status (83), value [6]
05-27 16:12:20.451 290 351 D MesonHwc: DrmProperty: dv_cap (85), value [0]
05-27 16:12:20.451 290 351 D MesonHwc: DrmProperty: contenttype_cap (89), value [31]
05-27 16:12:20.451 290 382 I MesonHwc: set display-size:1280x720
05-27 16:12:20.451 290 351 D MesonHwc: DrmProperty: hdr_priority (91), value [268435472]
05-27 16:12:20.451 290 351 D MesonHwc: DrmProperty: ready (92), value [1]
05-27 16:12:20.451 290 351 D MesonHwc: DrmProperty: allm_cap (95), value [0]
05-27 16:12:20.451 290 351 D MesonHwc: DrmProperty: dc_cap (96), value [1016]
05-27 16:12:20.451 290 351 E MesonHwc: dolby vision driver is not ready
05-27 16:12:20.452 290 351 I MesonHwc: hdr_preference (dolby_vision)
05-27 16:12:20.452 290 351 E MesonHwc: dolby vision driver is not ready
05-27 16:12:20.452 290 351 D MesonHwc: dolby version:0, dv3:0, hlg:0, hdr10:0, hdr10+:0 max:0, avg:0, min:0
05-27 16:12:20.452 290 351 D MesonHwc: dolby version 4k30:0
05-27 16:12:20.452 290 351 D MesonHwc: Connector HDMI-A loadDisplayModes get 22 modes
05-27 16:12:20.452 290 351 D MesonHwc: add fraction display mode (1920x1080p120hz)
05-27 16:12:20.452 290 351 I MesonHwc: add display mode (1920x1080p120hz-1920x1080p120hz-110, 1920x1080, 120.000000) dpi(42406,42203), hskew(1)
05-27 16:12:20.452 290 351 D MesonHwc: add fraction display mode (smpte24hz)
05-27 16:12:20.452 290 351 I MesonHwc: add display mode (smpte24hz-smpte24hz-111, 4096x2160, 24.000000) dpi(90468,84406), hskew(1)
05-27 16:12:20.452 290 351 D MesonHwc: add fraction display mode (2160p30hz)
05-27 16:12:20.452 290 351 I MesonHwc: add display mode (2160p30hz-2160p30hz-112, 3840x2160, 30.000000) dpi(84813,84406), hskew(1)
05-27 16:12:20.452 290 351 I MesonHwc: add display mode (2160p25hz-2160p25hz-113, 3840x2160, 25.000000) dpi(84813,84406), hskew(1)
05-27 16:12:20.452 290 351 D MesonHwc: add fraction display mode (2160p24hz)
05-27 16:12:20.452 290 351 I MesonHwc: add display mode (2160p24hz-2160p24hz-114, 3840x2160, 24.000000) dpi(84813,84406), hskew(1)
05-27 16:12:20.452 290 351 D MesonHwc: add fraction display mode (1920x1080i120hz)
05-27 16:12:20.452 290 351 I MesonHwc: add display mode (1920x1080i120hz-1920x1080i120hz-115, 1920x1080, 120.000000) dpi(42406,42203), hskew(1)
05-27 16:12:20.452 290 351 D MesonHwc: add fraction display mode (1080p60hz)
05-27 16:12:20.453 290 351 I MesonHwc: add display mode (1080p60hz-1080p60hz-116, 1920x1080, 60.000000) dpi(42406,42203), hskew(1)
05-27 16:12:20.453 290 351 D MesonHwc: add fraction display mode (1080i60hz)
05-27 16:12:20.453 290 351 I MesonHwc: add display mode (1080i60hz-1080i60hz-117, 1920x1080, 60.000000) dpi(42406,42203), hskew(1)
05-27 16:12:20.453 290 351 I MesonHwc: add display mode (1080p50hz-1080p50hz-118, 1920x1080, 50.000000) dpi(42406,42203), hskew(1)
05-27 16:12:20.453 290 351 I MesonHwc: add display mode (1080i50hz-1080i50hz-119, 1920x1080, 50.000000) dpi(42406,42203), hskew(1)
05-27 16:12:20.453 290 351 D MesonHwc: add fraction display mode (1080p30hz)
05-27 16:12:20.453 290 351 I MesonHwc: add display mode (1080p30hz-1080p30hz-120, 1920x1080, 30.000000) dpi(42406,42203), hskew(1)
05-27 16:12:20.453 290 351 D MesonHwc: add fraction display mode (1080p24hz)
05-27 16:12:20.453 290 351 I MesonHwc: add display mode (1080p24hz-1080p24hz-121, 1920x1080, 24.000000) dpi(42406,42203), hskew(1)
05-27 16:12:20.453 290 351 D MesonHwc: add fraction display mode (1280x720p120hz)
05-27 16:12:20.453 290 351 I MesonHwc: add display mode (1280x720p120hz-1280x720p120hz-122, 1280x720, 120.000000) dpi(28271,28135), hskew(1)
05-27 16:12:20.453 290 351 D MesonHwc: add fraction display mode (720p60hz)
05-27 16:12:20.453 290 351 I MesonHwc: add display mode (720p60hz-720p60hz-123, 1280x720, 60.000000) dpi(28271,28135), hskew(1)
05-27 16:12:20.453 290 351 I MesonHwc: add display mode (720p50hz-720p50hz-124, 1280x720, 50.000000) dpi(28271,28135), hskew(1)
05-27 16:12:20.453 290 351 D MesonHwc: add fraction display mode (720p30hz)
05-27 16:12:20.453 290 351 I MesonHwc: add display mode (720p30hz-720p30hz-125, 1280x720, 30.000000) dpi(28271,28135), hskew(1)
05-27 16:12:20.453 290 351 D MesonHwc: add fraction display mode (720p24hz)
05-27 16:12:20.453 290 351 I MesonHwc: add display mode (720p24hz-720p24hz-127, 1280x720, 24.000000) dpi(28271,28135), hskew(1)
05-27 16:12:20.453 290 351 I MesonHwc: add display mode (576p50hz-576p50hz-130, 720x576, 50.000000) dpi(15902,22508), hskew(1)
05-27 16:12:20.453 290 351 I MesonHwc: add display mode (576i50hz-576i50hz-131, 720x576, 50.000000) dpi(15902,22508), hskew(1)
05-27 16:12:20.453 290 351 D MesonHwc: add fraction display mode (720x480p120hz)
05-27 16:12:20.453 290 351 I MesonHwc: add display mode (720x480p120hz-720x480p120hz-132, 720x480, 120.000000) dpi(15902,18756), hskew(1)
05-27 16:12:20.453 290 351 D MesonHwc: add fraction display mode (480p60hz)
05-27 16:12:20.453 290 351 I MesonHwc: add display mode (480p60hz-480p60hz-133, 720x480, 60.000000) dpi(15902,18756), hskew(1)
05-27 16:12:20.453 290 351 D MesonHwc: add fraction display mode (480i60hz)
05-27 16:12:20.453 290 351 I MesonHwc: add display mode (480i60hz-480i60hz-134, 720x480, 60.000000) dpi(15902,18756), hskew(1)
05-27 16:12:20.453 290 351 I MesonHwc: loadDisplayModes (38) end
05-27 16:12:20.453 290 351 D MesonHwc: ERR: PLEASE FIX NON-IMPLEMENT FUN(update).
05-27 16:12:20.454 290 351 D MesonHwc: On mode change state: [Complete]
05-27 16:12:20.454 290 351 D MesonHwc: Hwc2Display::onModeChanged getDisplayMode [720p24hz]
05-27 16:12:20.454 290 351 D MesonHwc: [setConnectorStatus]: power mode 1
05-27 16:12:20.454 320 911 I SystemControl: [/Ubootenv.cpp, get, 336] [ubootenv] get key:720p_x envValue: 0
05-27 16:12:20.454 320 917 I SystemControl: [/Ubootenv.cpp, get, 336] [ubootenv] get key:720p_y envValue: 0
05-27 16:12:20.454 320 915 I SystemControl: [/Ubootenv.cpp, get, 336] [ubootenv] get key:720p_w envValue: 1280
05-27 16:12:20.455 320 918 I SystemControl: [/Ubootenv.cpp, get, 336] [ubootenv] get key:720p_h envValue: 720
05-27 16:12:20.455 290 382 I MesonHwc: getPosition curMode:720p24hz position[0]:0 position[1]:0 position[2]:1280 position[3]:720
05-27 16:12:20.455 290 382 I MesonHwc: setPosition curMode:720p24hz left:0 top:0 width:1280 height:720
05-27 16:12:20.455 290 382 V MesonDisplayServer: SetDisplay[HDMI] DisplayRect to "(0,0,1280,720)"
05-27 16:12:20.455 290 382 D MesonHwc: Display (0) ask for refresh.
05-27 16:12:20.455 290 382 V MesonDisplayServer: SetDisplayViewPort done
05-27 16:12:20.475 290 382 E MesonHwc: open file [/sys/class/amhdmitx/amhdmitx0/aud_mute] error:Permission denied
05-27 16:12:20.476 290 382 E MesonHwc: open file [/sys/class/amhdmitx/amhdmitx0/aud_mute] error:Permission denied
05-27 16:12:20.476 290 382 E MesonHwc: dolby vision driver is not ready
05-27 16:12:20.476 290 382 I MesonHwc: setSysfsStr /sys/devices/virtual/amhdmitx/amhdmitx0/avmute= -1
05-27 16:12:20.476 290 5196 I MesonDisplay: [/HDCPTxAuth.cpp, authThread, 173] hdcp_tx thread loop entry
01-01 08:05:50.223 0 0 I [1 T382 ..] [hdmitx: ] avmute_store -1
05-27 16:12:20.476 290 382 I MesonDisplay: [/HDCPTxAuth.cpp, start, 109] hdcp_tx, create hdcp thread id = 3890725312 done
05-27 16:12:20.477 290 5196 D MesonDisplay: read /sys/class/amhdmitx/amhdmitx0/hdcp_lstore, result length:0, val:
05-27 16:12:20.477 320 915 I SystemControl: [/Ubootenv.cpp, get, 345] [ubootenv] search end and not find env:digitaudiooutput
05-27 16:12:20.477 290 382 D MesonHwc: sc_read_bootenv val is empty
05-27 16:12:20.477 290 382 V MesonDisplayServer: GetDisplayMode:720p24hz
05-27 16:12:20.477 290 382 I MesonHwc: getDisplayMode mode:720p24hz
05-27 16:12:20.478 320 917 I SystemControl: [/Ubootenv.cpp, get, 336] [ubootenv] get key:hdmichecksum envValue: 0xc92b0000
05-27 16:12:20.478 290 382 D MesonHwc: get key:ubootenv.var.hdmichecksum value:0xc92b0000
05-27 16:12:20.478 290 382 D MesonDisplayServer: use connector getDisplayAttribute "HDMI Color ATTR": "444,8bit"
05-27 16:12:20.478 290 382 D MesonHwc: set key:ubootenv.var.720p24hz_deepcolor value:444,8bit
05-27 16:12:20.478 320 915 I SystemControl: [/Ubootenv.cpp, updateValue, 68] [ubootenv] update value name [ubootenv.var.720p24hz_deepcolor]: value [444,8bit]
05-27 16:12:20.478 320 915 I SystemControl: [/Ubootenv.cpp, get, 336] [ubootenv] get key:720p24hz_deepcolor envValue: 444,8bit
05-27 16:12:20.478 290 382 D MesonHwc: set key:ubootenv.var.colorattribute value:444,8bit
05-27 16:12:20.478 320 917 I SystemControl: [/Ubootenv.cpp, updateValue, 68] [ubootenv] update value name [ubootenv.var.colorattribute]: value [444,8bit]
05-27 16:12:20.479 320 917 I SystemControl: [/Ubootenv.cpp, get, 336] [ubootenv] get key:colorattribute envValue: 444,8bit
05-27 16:12:20.479 290 382 D MesonHwc: set key:ubootenv.var.hdmi_colordepth value:8
05-27 16:12:20.479 320 918 I SystemControl: [/Ubootenv.cpp, updateValue, 68] [ubootenv] update value name [ubootenv.var.hdmi_colordepth]: value [8]
05-27 16:12:20.479 320 918 I SystemControl: [/Ubootenv.cpp, get, 336] [ubootenv] get key:hdmi_colordepth envValue: 8
05-27 16:12:20.479 290 382 D MesonHwc: set key:ubootenv.var.hdmi_colorspace value:auto
05-27 16:12:20.479 320 911 I SystemControl: [/Ubootenv.cpp, updateValue, 68] [ubootenv] update value name [ubootenv.var.hdmi_colorspace]: value [auto]
05-27 16:12:20.479 320 911 I SystemControl: [/Ubootenv.cpp, get, 336] [ubootenv] get key:hdmi_colorspace envValue: auto
05-27 16:12:20.479 290 382 D MesonHwc: set key:ubootenv.var.outputmode value:720p24hz
05-27 16:12:20.480 320 371 I SystemControl: [/Ubootenv.cpp, updateValue, 68] [ubootenv] update value name [ubootenv.var.outputmode]: value [720p24hz]
05-27 16:12:20.480 320 371 I SystemControl: [/Ubootenv.cpp, get, 336] [ubootenv] get key:outputmode envValue: 576p50hz
05-27 16:12:20.481 320 371 I SystemControl: [/Ubootenv.cpp, printValues, 137] [ubootenv] printenv end
05-27 16:12:20.488 320 371 I SystemControl: [/Ubootenv.cpp, updateValue, 104] [ubootenv] Save ubootenv to /dev/block/by-name/env succeed!
05-27 16:12:20.488 290 382 E MesonHwc: dolby vision driver is not ready
05-27 16:12:20.488 290 382 I MesonHwc: MBOX is not support dv, dvstatus amdv_type 0 dv_enable 0
05-27 16:12:20.488 290 382 I MesonHwc: colorattr: 444,8bit, outputMode 720p24hz, cd 8, cs auto
05-27 16:12:20.488 290 382 I MesonDisplay: [/mode_policy.c, meson_mode_set_policy, 1177] connector:0 to policy:8
05-27 16:12:20.488 290 351 I MesonHwc: HwcConfig::default frame buffer size (1920 x 1080)
05-27 16:12:20.488 290 351 D MesonHwc: mModeMgr->resetTags
05-27 16:12:20.488 290 351 D MesonHwc: Display (0) ask for refresh.
05-27 16:12:20.488 290 351 D MesonHwc: Update period 27bc86a->1312d00
05-27 16:12:20.488 290 351 D MesonHwc: Update period 27bc86a->1312d00
05-27 16:12:20.488 290 351 D MesonHwc: Update period 27bc86a->1312d00
05-27 16:12:20.489 290 351 D MesonHwc: received Uevent: change@/devices/virtual/amhdmitx/amhdmitx0
05-27 16:12:20.489 290 351 D MesonHwc: received Uevent: ACTION=change
05-27 16:12:20.489 290 351 D MesonHwc: received Uevent: DEVPATH=/devices/virtual/amhdmitx/amhdmitx0
05-27 16:12:20.489 290 351 D MesonHwc: received Uevent: SUBSYSTEM=amhdmitx
05-27 16:12:20.489 290 351 D MesonHwc: received Uevent: hdmitx_current_status=171
05-27 16:12:20.489 290 351 D MesonHwc: received Uevent: MAJOR=492
05-27 16:12:20.489 290 351 D MesonHwc: received Uevent: MINOR=0
05-27 16:12:20.489 290 351 D MesonHwc: received Uevent: DEVNAME=amhdmitx0
05-27 16:12:20.489 290 351 D MesonHwc: received Uevent: SEQNUM=5488
05-27 16:12:20.489 290 351 D MesonHwc: received Uevent: E_N=1
05-27 16:12:20.489 290 351 D MesonHwc: received Uevent: MODALIAS=of:NvoutT(null)Camlogic,_vout
05-27 16:12:20.489 290 351 D MesonHwc: received Uevent: SEQNUM=5487
05-27 16:12:20.489 290 351 D MesonHwc: received Uevent: Camlogic,_aocec-s7d
05-27 16:12:20.489 290 351 D MesonHwc: received Uevent: SEQNUM=5482
05-27 16:12:20.489 290 351 D MesonHwc: received Uevent: 5Ap0000C081
05-27 16:12:20.489 290 351 D MesonHwc: received Uevent: SEQNUM=3612
05-27 16:12:20.489 290 351 D MesonHwc: received Uevent: bfd4444600000000 1 130ff38b17c000 677bfad9415fed 9ed68000004400 10000002
05-27 16:12:20.489 290 351 D MesonHwc: received Uevent: REL=1040
05-27 16:12:20.489 290 351 D MesonHwc: received Uevent: ABS=100000000
05-27 16:12:20.489 290 351 D MesonHwc: received Uevent: MSC=10
05-27 16:12:20.489 290 351 D MesonHwc: received Uevent: MODALIAS=input:b0005v1D5ApC081e0000-e0,1,2,3,4,k71,72,73,74,77,80,82,83,85,86,87,88,89,8A,8B,8C,8E,90,96,98,9B,9C,9E,9F,A1,A3,A4,A5,A6,A7,A8,A9,AB,AC,AD,AE,B0,B1,B2,B5,B6,CE,CF,D0,D1,D2,D4,D8,D9,DB,DF,E0,E1,E4,E5,E6,E7,E8,E9,EA,EB,F0,F1,F4,100,161,162,166,16A,16E,172,174,176,177,178,179,17A,17B,17C,17D,17F,180,182,183,185,188,189,18C,18D,18E,18F,190,191,192,193,195,197,198,199,19A,19C,1A0,1A1,1A2,1A3,1A4,1A5,1A6,1A7,1A8,1A9,1AA,1AB,1AC,1AD,1AE,1AF,1B0,1B1,1B7,1BA,240,241,242,243,244,245,246,247,249,24A,250,251,r6,C,a20,m4,lsfw
05-27 16:12:20.489 290 351 D MesonHwc: received Uevent: SEQNUM=3609
05-27 16:12:20.489 290 351 D MesonHwc: received Uevent: change@/devices/virtual/amhdmitx/amhdmitx0
05-27 16:12:20.489 290 351 D MesonHwc: received Uevent: ACTION=change
05-27 16:12:20.489 290 351 D MesonHwc: received Uevent: DEVPATH=/devices/virtual/amhdmitx/amhdmitx0
05-27 16:12:20.489 290 351 D MesonHwc: received Uevent: SUBSYSTEM=amhdmitx
05-27 16:12:20.489 290 351 D MesonHwc: received Uevent: hdmitx_current_status=171
05-27 16:12:20.489 290 351 D MesonHwc: received Uevent: MAJOR=492
05-27 16:12:20.489 290 351 D MesonHwc: received Uevent: MINOR=0
05-27 16:12:20.489 290 351 D MesonHwc: received Uevent: DEVNAME=amhdmitx0
05-27 16:12:20.489 290 351 D MesonHwc: received Uevent: SEQNUM=5488
05-27 16:12:20.489 290 351 D MesonHwc: received Uevent: E_N=1
05-27 16:12:20.489 290 351 D MesonHwc: received Uevent: MODALIAS=of:NvoutT(null)Camlogic,_vout
05-27 16:12:20.489 290 351 D MesonHwc: received Uevent: SEQNUM=5487
05-27 16:12:20.489 290 351 D MesonHwc: received Uevent: Camlogic,_aocec-s7d
05-27 16:12:20.489 290 351 D MesonHwc: received Uevent: SEQNUM=5482
05-27 16:12:20.489 290 351 D MesonHwc: received Uevent: 5Ap0000C081
05-27 16:12:20.489 290 351 D MesonHwc: received Uevent: SEQNUM=3612
05-27 16:12:20.489 290 351 D MesonHwc: received Uevent: bfd4444600000000 1 130ff38b17c000 677bfad9415fed 9ed68000004400 10000002
05-27 16:12:20.489 290 351 D MesonHwc: received Uevent: REL=1040
05-27 16:12:20.489 290 351 D MesonHwc: received Uevent: ABS=100000000
05-27 16:12:20.489 290 351 D MesonHwc: received Uevent: MSC=10
05-27 16:12:20.489 290 351 D MesonHwc: received Uevent: MODALIAS=input:b0005v1D5ApC081e0000-e0,1,2,3,4,k71,72,73,74,77,80,82,83,85,86,87,88,89,8A,8B,8C,8E,90,96,98,9B,9C,9E,9F,A1,A3,A4,A5,A6,A7,A8,A9,AB,AC,AD,AE,B0,B1,B2,B5,B6,CE,CF,D0,D1,D2,D4,D8,D9,DB,DF,E0,E1,E4,E5,E6,E7,E8,E9,EA,EB,F0,F1,F4,100,161,162,166,16A,16E,172,174,176,177,178,179,17A,17B,17C,17D,17F,180,182,183,185,188,189,18C,18D,18E,18F,190,191,192,193,195,197,198,199,19A,19C,1A0,1A1,1A2,1A3,1A4,1A5,1A6,1A7,1A8,1A9,1AA,1AB,1AC,1AD,1AE,1AF,1B0,1B1,1B7,1BA,240,241,242,243,244,245,246,247,249,24A,250,251,r6,C,a20,m4,lsfw
05-27 16:12:20.489 290 351 D MesonHwc: received Uevent: SEQNUM=3609
05-27 16:12:20.489 290 351 D MesonHwc: received Uevent: change@/devices/virtual/amhdmitx/amhdmitx0
05-27 16:12:20.489 290 351 D MesonHwc: received Uevent: ACTION=change
05-27 16:12:20.489 290 351 D MesonHwc: received Uevent: DEVPATH=/devices/virtual/amhdmitx/amhdmitx0
05-27 16:12:20.489 290 351 D MesonHwc: received Uevent: SUBSYSTEM=amhdmitx
05-27 16:12:20.489 290 351 D MesonHwc: received Uevent: hdmitx_current_status=172
05-27 16:12:20.489 290 351 D MesonHwc: received Uevent: MAJOR=492
05-27 16:12:20.489 290 351 D MesonHwc: received Uevent: MINOR=0
05-27 16:12:20.489 290 351 D MesonHwc: received Uevent: DEVNAME=amhdmitx0
05-27 16:12:20.489 290 351 D MesonHwc: received Uevent: SEQNUM=5489
05-27 16:12:20.489 290 351 D MesonHwc: received Uevent: E_N=1
05-27 16:12:20.489 290 351 D MesonHwc: received Uevent: MODALIAS=of:NvoutT(null)Camlogic,_vout
05-27 16:12:20.489 290 351 D MesonHwc: received Uevent: SEQNUM=5487
05-27 16:12:20.489 290 351 D MesonHwc: received Uevent: Camlogic,_aocec-s7d
05-27 16:12:20.489 290 351 D MesonHwc: received Uevent: SEQNUM=5482
05-27 16:12:20.489 290 351 D MesonHwc: received Uevent: 5Ap0000C081
05-27 16:12:20.489 290 351 D MesonHwc: received Uevent: SEQNUM=3612
05-27 16:12:20.489 290 351 D MesonHwc: received Uevent: bfd4444600000000 1 130ff38b17c000 677bfad9415fed 9ed68000004400 10000002
05-27 16:12:20.489 290 351 D MesonHwc: received Uevent: REL=1040
05-27 16:12:20.489 290 351 D MesonHwc: received Uevent: ABS=100000000
05-27 16:12:20.489 290 351 D MesonHwc: received Uevent: MSC=10
05-27 16:12:20.489 290 351 D MesonHwc: received Uevent: MODALIAS=input:b0005v1D5ApC081e0000-e0,1,2,3,4,k71,72,73,74,77,80,82,83,85,86,87,88,89,8A,8B,8C,8E,90,96,98,9B,9C,9E,9F,A1,A3,A4,A5,A6,A7,A8,A9,AB,AC,AD,AE,B0,B1,B2,B5,B6,CE,CF,D0,D1,D2,D4,D8,D9,DB,DF,E0,E1,E4,E5,E6,E7,E8,E9,EA,EB,F0,F1,F4,100,161,162,166,16A,16E,172,174,176,177,178,179,17A,17B,17C,17D,17F,180,182,183,185,188,189,18C,18D,18E,18F,190,191,192,193,195,197,198,199,19A,19C,1A0,1A1,1A2,1A3,1A4,1A5,1A6,1A7,1A8,1A9,1AA,1AB,1AC,1AD,1AE,1AF,1B0,1B1,1B7,1BA,240,241,242,243,244,245,246,247,249,24A,250,251,r6,C,a20,m4,lsfw
05-27 16:12:20.489 290 351 D MesonHwc: received Uevent: SEQNUM=3609
05-27 16:12:20.489 290 351 D MesonHwc: received Uevent: change@/devices/virtual/amhdmitx/amhdmitx0
05-27 16:12:20.489 290 351 D MesonHwc: received Uevent: ACTION=change
05-27 16:12:20.490 290 351 D MesonHwc: received Uevent: DEVPATH=/devices/virtual/amhdmitx/amhdmitx0
05-27 16:12:20.490 290 351 D MesonHwc: received Uevent: SUBSYSTEM=amhdmitx
05-27 16:12:20.490 290 351 D MesonHwc: received Uevent: hdmitx_current_status=172
05-27 16:12:20.490 290 351 D MesonHwc: received Uevent: MAJOR=492
05-27 16:12:20.490 290 382 D MesonHwc: Display (0) timeline changed.
05-27 16:12:20.490 290 351 D MesonHwc: received Uevent: MINOR=0
05-27 16:12:20.490 290 351 D MesonHwc: received Uevent: DEVNAME=amhdmitx0
05-27 16:12:20.490 290 351 D MesonHwc: received Uevent: SEQNUM=5489
05-27 16:12:20.490 290 351 D MesonHwc: received Uevent: E_N=1
05-27 16:12:20.490 290 351 D MesonHwc: received Uevent: MODALIAS=of:NvoutT(null)Camlogic,_vout
05-27 16:12:20.490 290 351 D MesonHwc: received Uevent: SEQNUM=5487
05-27 16:12:20.490 290 351 D MesonHwc: received Uevent: Camlogic,_aocec-s7d
05-27 16:12:20.490 290 351 D MesonHwc: received Uevent: SEQNUM=5482
05-27 16:12:20.490 290 351 D MesonHwc: received Uevent: 5Ap0000C081
05-27 16:12:20.490 290 351 D MesonHwc: received Uevent: SEQNUM=3612
05-27 16:12:20.490 290 351 D MesonHwc: received Uevent: bfd4444600000000 1 130ff38b17c000 677bfad9415fed 9ed68000004400 10000002
05-27 16:12:20.490 290 351 D MesonHwc: received Uevent: REL=1040
05-27 16:12:20.490 290 351 D MesonHwc: received Uevent: ABS=100000000
05-27 16:12:20.490 290 351 D MesonHwc: received Uevent: MSC=10
05-27 16:12:20.490 290 351 D MesonHwc: received Uevent: MODALIAS=input:b0005v1D5ApC081e0000-e0,1,2,3,4,k71,72,73,74,77,80,82,83,85,86,87,88,89,8A,8B,8C,8E,90,96,98,9B,9C,9E,9F,A1,A3,A4,A5,A6,A7,A8,A9,AB,AC,AD,AE,B0,B1,B2,B5,B6,CE,CF,D0,D1,D2,D4,D8,D9,DB,DF,E0,E1,E4,E5,E6,E7,E8,E9,EA,EB,F0,F1,F4,100,161,162,166,16A,16E,172,174,176,177,178,179,17A,17B,17C,17D,17F,180,182,183,185,188,189,18C,18D,18E,18F,190,191,192,193,195,197,198,199,19A,19C,1A0,1A1,1A2,1A3,1A4,1A5,1A6,1A7,1A8,1A9,1AA,1AB,1AC,1AD,1AE,1AF,1B0,1B1,1B7,1BA,240,241,242,243,244,245,246,247,249,24A,250,251,r6,C,a20,m4,lsfw
05-27 16:12:20.490 290 351 D MesonHwc: received Uevent: SEQNUM=3609
05-27 16:12:20.491 264 264 E HwcComposer: setClientTargetSlotCount failed Status(-8, EX_SERVICE_SPECIFIC): '4: '
05-27 16:12:20.500 264 264 I Scheduler: Display 4620747849504298251 is the pacesetter
05-27 16:12:20.500 264 5189 E SchedulerTimer: Terminated
05-27 16:12:20.501 264 264 D SurfaceFlinger: Setting power mode 2 on display 4620747849504298251
05-27 16:12:20.501 264 394 W EventThread: Failed dispatching Hotplug{displayId=4620747849504298251, connected} for Connection{0xf2543110, VSyncRequest::None}
05-27 16:12:20.501 264 393 W EventThread: Failed dispatching Hotplug{displayId=4620747849504298251, connected} for Connection{0xf2542d10, VSyncRequest::None}
05-27 16:12:20.501 290 382 D MesonHwc: setPowerMode 2
05-27 16:12:20.501 264 264 D SurfaceFlinger: Finished setting power mode 2 on display 4620747849504298251
05-27 16:12:20.503 290 382 I MesonDisplay: [/mode_policy.c, meson_mode_set_policy, 1177] connector:0 to policy:0
05-27 16:12:20.503 290 382 I MesonDisplay: [/mode_policy.c, is_dv_prefer, 66] not prefer dv, hdr_priority:10000010
05-27 16:12:20.503 290 382 I MesonDisplay: [/mode_policy.c, is_dv_prefer, 66] not prefer dv, hdr_priority:10000010
05-27 16:12:20.503 290 382 I MesonDisplay: [/mode_policy_parser.c, is_support_hdmimode, 115] is_support_hdmimode mode: 2160p60hz not support
05-27 16:12:20.503 290 382 I MesonDisplay: [/mode_policy_parser.c, is_support_hdmimode, 115] is_support_hdmimode mode: 2160p50hz not support
05-27 16:12:20.503 290 382 I MesonDisplay: [/mode_policy_parser.c, is_support_hdmimode, 110] is_support_hdmimode mode: 1080p60hz
05-27 16:12:20.503 290 382 I MesonDisplay: [/mode_policy.c, get_highest_mode_by_policy, 978] get_highest_mode_by_policy preferred mode:[1080p60hz]
05-27 16:12:20.503 290 382 I MesonDisplay: [/mode_policy.c, get_hdmi_outputmode, 1018] get_hdmi_outputmode mode:1080p60hz
05-27 16:12:20.503 290 382 I MesonDisplay: [/mode_policy.c, sdr_scene_process, 1146] final_displaymode:1080p60hz
05-27 16:12:20.503 290 382 I MesonDisplay: [/mode_policy.c, get_best_color_attr, 613] get_best_color_attr current mode:[1080p60hz] brr_mode:[1080p60hz]
05-27 16:12:20.503 290 382 D MesonDisplay: meson_write /sys/class/amhdmitx/amhdmitx0/valid_mode, outputmode:1080p60hz444,8bit
05-27 16:12:20.504 290 382 D MesonDisplay: valid mode is true!
05-27 16:12:20.504 290 382 I MesonDisplay: [/mode_policy.c, get_best_color_attr, 679] support current mode:[1080p60hz], color format:[444,8bit]
05-27 16:12:20.504 290 382 I MesonDisplay: [/mode_policy.c, get_hdmi_color_attr, 1081] get hdmi color attribute : [444,8bit], outputmode is: [1080p60hz]
05-27 16:12:20.504 290 382 I MesonDisplay: [/mode_policy.c, update_deepcolor, 1107] colorattribute = 444,8bit
05-27 16:12:20.504 290 382 I MesonDisplay: [/mode_policy.c, sdr_scene_process, 1163] final_deepcolor = 444,8bit
05-27 16:12:20.504 290 382 I MesonDisplay: [/mode_policy.c, meson_mode_get_policy_output, 1289] final_displaymode:1080p60hz, final_deepcolor:444,8bit, amdv_type:0
05-27 16:12:20.504 290 382 I MesonHwc: getPreferredDisplayConfig [1080p60hz]
05-27 16:12:20.504 290 382 I MesonDisplay: [/mode_policy.c, meson_mode_set_policy, 1177] connector:0 to policy:8
05-27 16:12:20.504 290 382 D MesonHwc: getPreferredBootConfig outConfig = 691 (1920x1080@59.940060)
05-27 16:12:20.504 264 408 W HWComposer: Ignoring duplicate VSYNC event from HWC for display 4620747849504298251 (t=350081983000)
05-27 16:12:20.505 715 741 D LocalDisplayAdapter: The active mode was changed from SurfaceFlinger or the display device to {id=620, width=1280, height=720, fps=24.000002, alternativeRefreshRates=[], supportedHdrTypes=[]}
05-27 16:12:20.505 715 741 D LocalDisplayAdapter: The render frame rate was changed from SurfaceFlinger or the display device to 24.000002
05-27 16:12:20.506 715 741 I DisplayDeviceRepository: Display device changed: DisplayDeviceInfo{"内置屏幕": uniqueId="local:4620747849504298251", 720 x 576, modeId 297, renderFrameRate 50.0, defaultModeId 620, supportedModes [{id=297, width=720, height=576, fps=50.0, alternativeRefreshRates=[], supportedHdrTypes=[]}, {id=596, width=1920, height=1080, fps=119.88013, alternativeRefreshRates=[], supportedHdrTypes=[]}, {id=597, width=1920, height=1080, fps=120.00001, alternativeRefreshRates=[], supportedHdrTypes=[]}, {id=598, width=4096, height=2160, fps=23.976025, alternativeRefreshRates=[], supportedHdrTypes=[]}, {id=599, width=4096, height=2160, fps=24.000002, alternativeRefreshRates=[], supportedHdrTypes=[]}, {id=600, width=3840, height=2160, fps=29.97003, alternativeRefreshRates=[], supportedHdrTypes=[]}, {id=601, width=3840, height=2160, fps=30.000002, alternativeRefreshRates=[], supportedHdrTypes=[]}, {id=602, width=3840, height=2160, fps=25.0, alternativeRefreshRates=[], supportedHdrTypes=[]}, {id=603, width=3840, height=2160, fps=23.976025, alternativeRefreshRates=[], supportedHdrTypes=[]}, {id=604, width=3840, height=2160, fps=24.000002, alternativeRefreshRates=[], supportedHdrTypes=[]}, {id=605, width=1920, height=1080, fps=59.94006, alternativeRefreshRates=[], supportedHdrTypes=[]}, {id=606, width=1920, height=1080, fps=60.000004, alternativeRefreshRates=[], supportedHdrTypes=[]}, {id=607, width=1920, height=1080, fps=50.0, alternativeRefreshRates=[], supportedHdrTypes=[]}, {id=608, width=1920, height=1080, fps=29.97003, alternativeRefreshRates=[], supportedHdrTypes=[]}, {id=609, width=1920, height=1080, fps=30.000002, alternativeRefreshRates=[], supportedHdrTypes=[]}, {id=610, width=1920, height=1080, fps=23.976025, alternativeRefreshRates=[], supportedHdrTypes=[]}, {id=611, width=1920, height=1080, fps=24.000002, alternativeRefreshRates=[], supportedHdrTypes=[]}, {id=612, width=1280, height=720, fps=119.88013, alternativeRefreshRates=[], supportedHdrTypes=[]}, {id=613, width=1280, height=720, fps=120.00001, alternativeRefreshRates=[], supportedHdrTypes=[]}, {id=614, width=1280, height=720, fps=59.94006, alternativeRefreshRates=[], supportedHdrTypes=[]}, {id=615, width=1280, height=720, fps=60.000004, alternativeRefreshRates=[], supportedHdrTypes=[]}, {id=616, width=1280, height=720, fps=50.0, alternativeRefreshRates=[], supportedHdrTypes=[]}, {id=617, width=1280, height=720, fps=29.97003, alternativeRefreshRates=[], supportedHdrTypes=[]}, {id=618, width=1280, height=720, fps=30.000002, alternativeRefreshRates=[], supportedHdrTypes=[]}, {id=619, width=1280, height=720, fps=23.976025, alternativeRefreshRates=[], supportedHdrTypes=[]}, {id=620, width=1280, height=720, fps=24.000002, alternativeRefreshRates=[], supportedHdrTypes=[]}, {id=621, width=720, height=480, fps=59.94006, alternativeRefreshRates=[], supportedHdrTypes=[]}, {id=622, width=720, height=480, fps=60.000004, alternativeRefreshRates=[], supportedHdrTypes=[]}], colorMode 0, supportedColorModes [0], hdrCapabilities HdrCapabilities{mSupportedHdrTypes=[], mMaxLuminance=500.0, mMaxAverageLuminance=500.0, mMinLuminance=0.0}, allmSupported false, gameContentTypeSupported true, density 124, 15.902 x 22.508 dpi, appVsyncOff 2000000, presDeadline 17000000, touch INTERNAL, rotation 0, type INTERNAL, address {port=11, model=0x402031aff65a95}, deviceProductInfo DeviceProductInfo{name=Haqu, manufacturerPnpId=HAQ, productId=48, modelYear=null, manufactureDate=ManufactureDate{week=43, year=2017}, connectionToSinkType=2}, state ON, committedState ON, frameRateOverride , brightnessMinimum 0.0, brightnessMaximum 1.0, brightnessDefault 0.39763778, hdrSdrRatio NaN, FLAG_ALLOWED_TO_BE_DEFAULT_DISPLAY, FLAG_ROTATES_WITH_CONTENT, FLAG_SECURE, FLAG_SUPPORTS_PROTECTED_BUFFERS, FLAG_TRUSTED, installOrientation 0, displayShape DisplayShape{ spec=-1515622917 displayWidth=720 displayHeight=576 physicalPixelDisplaySizeRatio=1.0 rotation=0 offsetX=0 offsetY=0 scale=1.0}}
05-27 16:12:20.511 264 264 I RefreshRateSelector: Display 4620747849504298251 policy changed
05-27 16:12:20.511 264 264 I RefreshRateSelector: Previous: {defaultModeId=662, allowGroupSwitching=false, primaryRanges={physical=[0.00 Hz, 340282346638528859811704183484516925440.00 Hz], render=[0.00 Hz, 340282346638528859811704183484516925440.00 Hz]}, appRequestRanges={physical=[0.00 Hz, 340282346638528859811704183484516925440.00 Hz], render=[0.00 Hz, 340282346638528859811704183484516925440.00 Hz]}}
05-27 16:12:20.511 264 264 I RefreshRateSelector: Current: DisplayManagerPolicy{defaultModeId=662, allowGroupSwitching=false, primaryRanges={physical=[0.00 Hz, inf Hz], render=[0.00 Hz, 120.00 Hz]}, appRequestRanges={physical=[0.00 Hz, inf Hz], render=[0.00 Hz, inf Hz]}}
05-27 16:12:20.511 264 264 I RefreshRateSelector: 0 mode changes were performed under the previous policy
05-27 16:12:20.511 715 741 I InputManager-JNI: Viewport [0] to add: local:4620747849504298251, isActive: true
05-27 16:12:20.513 715 823 I InputReader: Reconfiguring input devices, changes=DISPLAY_INFO
05-27 16:12:20.527 489 527 D hdmicecd: [CEC]:printCecMessage, [4 -> 0] len: 1, body: 46, result:success
05-27 16:12:20.527 489 527 E IPCThreadState: binder thread pool (1 threads) starved for 260 ms
05-27 16:12:20.649 478 672 D audio_hw_hal_ms12common: func:ms12_timer_callback_handler sigv:0 ~~~~~~~~~~
05-27 16:12:20.649 478 672 D audio_hw_hal_ms12v2: set_dolby_ms12_continuous_state audio_continuous_standby_set status 1
05-27 16:12:20.649 478 672 D audio_hw_hal_continuous_standby: audio_continuous_standby_set, type 0, params 1
05-27 16:12:20.649 478 672 D audio_hw_hal_ms12common: aml_send_ms12_scheduler_state_2_ms12 adev:0xefd014a0, sch_state:1(SCHEDULER_STANDBY)
05-27 16:12:20.803 489 525 D hdmicecd: [CEC]:printCecMsgBuf, msg: 04 47 48 51 4b 32 20 50 72 6f
05-27 16:12:20.804 715 715 D HDMI : [R]: 04:47
05-27 16:12:20.805 715 715 D HdmiCecNetwork: Updating device OSD name from TV to HQK2 Pro
05-27 16:12:20.805 489 527 D hdmicecd: [HdmiCecControl]:getPhysicalAddress, physical addr: 2000, last pa: 2000, ret = 0
05-27 16:12:20.806 715 894 D HDMI : [S]: 40:8F
05-27 16:12:20.887 489 527 D hdmicecd: [CEC]:printCecMessage, [4 -> 0] len: 1, body: 8f, result:success
05-27 16:12:20.997 489 525 D hdmicecd: [CEC]:printCecMsgBuf, msg: 04 90 00
05-27 16:12:20.997 489 525 D hdmicecd: [HdmiCecControl]:updateActiveState received tv power status 0
05-27 16:12:20.998 715 715 D HDMI : [R]: 04:90:00
05-27 16:12:20.999 489 527 D hdmicecd: [HdmiCecControl]:getPhysicalAddress, physical addr: 2000, last pa: 2000, ret = 0
05-27 16:12:21.000 489 519 D hdmicecd: [HdmiCecControl]:getPhysicalAddress, physical addr: 2000, last pa: 2000, ret = 0
05-27 16:12:21.000 715 715 D HDMI : addCecDevice new:CEC: logical_address: 0x00 device_type: 0 cec_version: 5 vendor_id: 0 display_name: HQK2 Pro power_status: 0 physical_address: 0x0000 port_id: -1 old:CEC: logical_address: 0x00 device_type: 0 cec_version: 5 vendor_id: 0 display_name: HQK2 Pro power_status: 0 physical_address: 0x0000 port_id: -1
05-27 16:12:21.001 715 715 D HdmiControlService: Switching to full volume behavior
05-27 16:12:21.001 489 489 D hdmicecd: [HdmiCecControl]:getPhysicalAddress, physical addr: 2000, last pa: 2000, ret = 0
05-27 16:12:21.001 715 715 D HDMI : addCecDevice new:CEC: logical_address: 0x04 device_type: 4 cec_version: 5 vendor_id: 1877008 display_name: DBBOX-A3 power_status: 0 physical_address: 0x2000 port_id: 0 old:null
05-27 16:12:21.277 515 541 I WifiHAL : call wifi_get_link_stats handler
05-27 16:12:21.277 515 541 I WifiHAL : Creating message to get link statistics; iface = 16
05-27 16:12:21.277 515 541 D WifiHAL : error code -95 mapped to -3
05-27 16:12:21.278 715 854 E WifiStaIfaceAidlImpl: getLinkLayerStats failed with service-specific exception: android.os.ServiceSpecificException: (code 4)
05-27 16:12:21.477 290 5196 D MesonDisplay: read /sys/class/amhdmitx/amhdmitx0/hdcp_lstore, result length:0, val:
05-27 16:12:22.477 290 5196 D MesonDisplay: read /sys/class/amhdmitx/amhdmitx0/hdcp_lstore, result length:0, val:
05-27 16:12:22.888 489 525 D hdmicecd: [CEC]:printCecMsgBuf, msg: 04 8f
05-27 16:12:22.889 715 715 D HDMI : [R]: 04:8F
05-27 16:12:22.890 715 894 D HDMI : [S]: 40:90:00
05-27 16:12:22.999 489 489 D hdmicecd: [CEC]:printCecMessage, [4 -> 0] len: 2, body: 90 00, result:success
05-27 16:12:22.999 489 489 E IPCThreadState: binder thread pool (1 threads) starved for 110 ms
05-27 16:12:23.478 290 5196 D MesonDisplay: read /sys/class/amhdmitx/amhdmitx0/hdcp_lstore, result length:0, val:
05-27 16:12:24.283 515 541 I WifiHAL : call wifi_get_link_stats handler
05-27 16:12:24.283 515 541 I WifiHAL : Creating message to get link statistics; iface = 16
05-27 16:12:24.283 515 541 D WifiHAL : error code -95 mapped to -3
05-27 16:12:24.284 715 854 E WifiStaIfaceAidlImpl: getLinkLayerStats failed with service-specific exception: android.os.ServiceSpecificException: (code 4)
05-27 16:12:24.479 290 5196 D MesonDisplay: read /sys/class/amhdmitx/amhdmitx0/hdcp_lstore, result length:0, val:
05-27 16:12:25.241 467 5207 I resolv : GetAddrInfoHandler::run: {100 786532 100 983140 1000 0}
05-27 16:12:25.242 467 5208 I resolv : res_nmkquery: (QUERY, IN, A)
05-27 16:12:25.246 467 5208 I resolv : res_nsend: used send_dg 468 terrno: 0
05-27 16:12:25.247 467 5208 I resolv : doQuery: rcode=0, ancount=9, return value=468
05-27 16:12:25.249 1444 5206 D TrafficStats: tagSocket(128) with statsTag=0xffffffff, statsUid=-1
05-27 16:12:25.479 290 5196 D MesonDisplay: read /sys/class/amhdmitx/amhdmitx0/hdcp_lstore, result length:0, val:
05-27 16:12:26.385 489 525 D hdmicecd: [CEC]:printCecMsgBuf, msg: 04 8f
05-27 16:12:26.386 715 715 D HDMI : [R]: 04:8F
05-27 16:12:26.388 715 894 D HDMI : [S]: 40:90:00
05-27 16:12:26.479 290 5196 D MesonDisplay: read /sys/class/amhdmitx/amhdmitx0/hdcp_lstore, result length:0, val:
05-27 16:12:26.495 489 489 D hdmicecd: [CEC]:printCecMessage, [4 -> 0] len: 2, body: 90 00, result:success
05-27 16:12:26.495 489 489 E IPCThreadState: binder thread pool (1 threads) starved for 106 ms
05-27 16:12:27.041 715 810 D ActivityManager: freezing 1975 com.android.rkpdapp