05-27 16:12:12.928 290 382 I MesonDisplay: [/mode_policy.c, get_best_color_attr, 613] get_best_color_attr current mode:[1080p60hz] brr_mode:[1080p60hz]
05-27 16:12:12.928 290 382 D MesonDisplay: meson_write /sys/class/amhdmitx/amhdmitx0/valid_mode, outputmode:1080p60hz444,8bit
05-27 16:12:12.928 290 382 D MesonDisplay: valid mode is true!
05-27 16:12:12.928 290 382 I MesonDisplay: [/mode_policy.c, get_best_color_attr, 679] support current mode:[1080p60hz], color format:[444,8bit]
05-27 16:12:12.928 290 382 I MesonDisplay: [/mode_policy.c, get_hdmi_color_attr, 1081] get hdmi color attribute : [444,8bit], outputmode is: [1080p60hz]
05-27 16:12:12.928 290 382 I MesonDisplay: [/mode_policy.c, update_deepcolor, 1107] colorattribute = 444,8bit
05-27 16:12:12.928 290 382 I MesonDisplay: [/mode_policy.c, sdr_scene_process, 1163] final_deepcolor = 444,8bit
05-27 16:12:12.928 290 382 I MesonDisplay: [/mode_policy.c, meson_mode_get_policy_output, 1289] final_displaymode:1080p60hz, final_deepcolor:444,8bit, amdv_type:0
05-27 16:12:12.929 290 382 I MesonHwc: getPreferredDisplayConfig [1080p60hz]
05-27 16:12:12.929 290 382 I MesonDisplay: [/mode_policy.c, meson_mode_set_policy, 1177] connector:0 to policy:8
05-27 16:12:12.929 290 382 D MesonHwc: getPreferredBootConfig outConfig = 660 (1920x1080@59.940060)
05-27 16:12:12.930 715 741 I DisplayDeviceRepository: Display device changed: DisplayDeviceInfo{"内置屏幕": uniqueId="local:4620747849504298251", 720 x 576, modeId 297, renderFrameRate 50.0, defaultModeId 297, supportedModes [{id=297, width=720, height=576, fps=50.0, alternativeRefreshRates=[], supportedHdrTypes=[]}], colorMode 0, supportedColorModes [0], hdrCapabilities HdrCapabilities{mSupportedHdrTypes=[], mMaxLuminance=500.0, mMaxAverageLuminance=500.0, mMinLuminance=0.0}, allmSupported false, gameContentTypeSupported true, density 124, 15.902 x 22.508 dpi, appVsyncOff 2000000, presDeadline 17000000, touch INTERNAL, rotation 0, type INTERNAL, address {port=11, model=0x402031aff65a95}, deviceProductInfo DeviceProductInfo{name=Linux FHD, manufacturerPnpId=LNX, productId=0, modelYear=null, manufactureDate=ManufactureDate{week=5, year=2012}, connectionToSinkType=0}, state ON, committedState ON, frameRateOverride , brightnessMinimum 0.0, brightnessMaximum 1.0, brightnessDefault 0.39763778, hdrSdrRatio NaN, FLAG_ALLOWED_TO_BE_DEFAULT_DISPLAY, FLAG_ROTATES_WITH_CONTENT, FLAG_SECURE, FLAG_SUPPORTS_PROTECTED_BUFFERS, FLAG_TRUSTED, installOrientation 0, displayShape DisplayShape{ spec=-1515622917 displayWidth=720 displayHeight=576 physicalPixelDisplaySizeRatio=1.0 rotation=0 offsetX=0 offsetY=0 scale=1.0}}
05-27 16:12:12.931 264 264 E Scheduler: trackPendingFrame: Invalid present fence
05-27 16:12:12.934 264 264 I RefreshRateSelector: Display 4620747849504298251 policy changed
05-27 16:12:12.934 264 264 I RefreshRateSelector: Previous: {defaultModeId=634, allowGroupSwitching=false, primaryRanges={physical=[0.00 Hz, 340282346638528859811704183484516925440.00 Hz], render=[0.00 Hz, 340282346638528859811704183484516925440.00 Hz]}, appRequestRanges={physical=[0.00 Hz, 340282346638528859811704183484516925440.00 Hz], render=[0.00 Hz, 340282346638528859811704183484516925440.00 Hz]}}
05-27 16:12:12.934 264 264 I RefreshRateSelector: Current: DisplayManagerPolicy{defaultModeId=634, allowGroupSwitching=false, primaryRanges={physical=[0.00 Hz, inf Hz], render=[0.00 Hz, 120.00 Hz]}, appRequestRanges={physical=[0.00 Hz, inf Hz], render=[0.00 Hz, inf Hz]}}
05-27 16:12:12.934 264 264 I RefreshRateSelector: 0 mode changes were performed under the previous policy
05-27 16:12:12.939 478 1797 D xm_audio: adev_get_parameters
05-27 16:12:12.940 478 1797 D xm_audio: adev_get_parameters
05-27 16:12:12.946 478 1797 D xm_audio: adev_get_parameters
05-27 16:12:12.947 478 1797 D xm_audio: adev_get_parameters
05-27 16:12:12.952 478 1797 D xm_audio: adev_get_parameters
05-27 16:12:12.954 478 1797 D xm_audio: adev_get_parameters
05-27 16:12:12.958 478 1797 D xm_audio: adev_get_parameters
05-27 16:12:12.959 478 1797 D xm_audio: adev_get_parameters
05-27 16:12:12.966 478 1797 D xm_audio: adev_get_parameters
05-27 16:12:12.967 478 1797 D xm_audio: adev_get_parameters
05-27 16:12:12.972 478 1797 D xm_audio: adev_get_parameters
05-27 16:12:12.973 478 1797 D xm_audio: adev_get_parameters
05-27 16:12:12.977 478 1797 D xm_audio: adev_get_parameters
05-27 16:12:12.978 478 1797 D xm_audio: adev_get_parameters
05-27 16:12:13.008 489 519 D hdmicecd: [CEC]:printCecMessage, [4 -> f] len: 4, body: 84 20 00 04, result:success
05-27 16:12:13.008 489 519 E IPCThreadState: binder thread pool (1 threads) starved for 154 ms
05-27 16:12:13.009 715 894 D HDMI : [S]: 4F:87:1C:A4:10
05-27 16:12:13.157 1420 1648 E ccc : cccccc settingHelper resetManager
05-27 16:12:13.158 478 673 I audio_hw_hal_alsamgr: alsa format =0x1 delay frames =1024 total frames=15970560
05-27 16:12:13.159 1420 1648 V HdmiDisplayManager: Amlogic Y5
05-27 16:12:13.160 489 519 D hdmicecd: [CEC]:printCecMessage, [4 -> f] len: 4, body: 87 1c a4 10, result:success
05-27 16:12:13.160 489 519 E IPCThreadState: binder thread pool (1 threads) starved for 151 ms
05-27 16:12:13.160 715 894 D HDMI : [S]: 40:8C
05-27 16:12:13.239 489 519 D hdmicecd: [CEC]:printCecMessage, [4 -> 0] len: 1, body: 8c, result:success
05-27 16:12:13.239 715 894 D HDMI : [S]: 40:47
05-27 16:12:13.409 1420 1648 E ccc : cccccc settingHelper resetManager
05-27 16:12:13.410 1420 1648 V HdmiDisplayManager: Amlogic Y5
01-01 08:05:43.222 0 0 W : [3 T1054 ..] [SP FRAME RX] DHCP[0 1], vif_idx:0
05-27 16:12:13.514 489 519 D hdmicecd: [CEC]:printCecMessage, [4 -> 0] len: 9, body: 47 44 42 42 4f 58 2d 41 33, result:success
05-27 16:12:13.514 489 519 E IPCThreadState: binder thread pool (1 threads) starved for 275 ms
05-27 16:12:13.515 715 894 D HDMI : [S]: 45:7D
05-27 16:12:13.570 489 519 D hdmicecd: [CEC]:printCecMessage, [4 -> 5] len: 1, body: 7d, result:no ack
05-27 16:12:13.626 489 519 D hdmicecd: [CEC]:printCecMessage, [4 -> 5] len: 1, body: 7d, result:no ack
05-27 16:12:13.627 715 894 E HDMI : [5]:Failed to send 45:7D with errorCode=1
05-27 16:12:13.627 715 715 D HDMI : AVR did not respond to
05-27 16:12:13.628 715 715 D HdmiControlService: Switching to full volume behavior
05-27 16:12:13.777 489 525 D hdmicecd: [CEC]:printCecMsgBuf, msg: 0f 87 00 00 00
05-27 16:12:13.779 715 715 D HDMI : [R]: 0F:87:00:00:00
05-27 16:12:13.779 489 489 D hdmicecd: [HdmiCecControl]:getPhysicalAddress, physical addr: 2000, last pa: 2000, ret = 0
05-27 16:12:13.780 715 715 D HDMI : addCecDevice new:CEC: logical_address: 0x00 device_type: 0 cec_version: 5 vendor_id: 16777215 display_name: TV power_status: -1 physical_address: 0xFFFF port_id: -1 old:null
05-27 16:12:13.780 715 715 D HdmiControlService: Switching to full volume behavior
05-27 16:12:13.781 489 489 D hdmicecd: [HdmiCecControl]:getPhysicalAddress, physical addr: 2000, last pa: 2000, ret = 0
05-27 16:12:13.782 715 715 D HDMI : TV is available now for receiving its message
05-27 16:12:13.782 715 715 D AudioService: onStatusChange cecEnabled:true available:true
05-27 16:12:13.782 715 715 D AudioService: TV, no CEC: setting HDMI as regular vol device
05-27 16:12:13.782 715 715 D AudioService: Removing DeviceType: 0x400 from mFullVolumeDevices
05-27 16:12:13.782 715 715 D AudioService: Removing DeviceType: 0x400 from mFixedVolumeDevices
05-27 16:12:13.782 715 715 D AudioService: Removing DeviceType: 0x400 from mAbsoluteVolumeDeviceInfoMap
05-27 16:12:13.785 478 1797 D xm_audio: adev_get_parameters
05-27 16:12:13.787 478 1797 D xm_audio: adev_get_parameters
05-27 16:12:13.793 478 1797 D xm_audio: adev_get_parameters
05-27 16:12:13.795 478 1797 D xm_audio: adev_get_parameters
05-27 16:12:13.801 478 1797 D xm_audio: adev_get_parameters
05-27 16:12:13.803 478 1797 D xm_audio: adev_get_parameters
05-27 16:12:13.808 478 1797 D xm_audio: adev_get_parameters
05-27 16:12:13.810 478 1797 D xm_audio: adev_get_parameters
05-27 16:12:13.817 478 1797 D xm_audio: adev_get_parameters
05-27 16:12:13.818 489 519 D hdmicecd: [CEC]:printCecMessage, [4 -> e] len: 0, body:, result:no ack
05-27 16:12:13.818 489 519 E IPCThreadState: binder thread pool (1 threads) starved for 191 ms
05-27 16:12:13.819 478 1797 D xm_audio: adev_get_parameters
05-27 16:12:13.826 478 1797 D xm_audio: adev_get_parameters
05-27 16:12:13.827 478 1797 D xm_audio: adev_get_parameters
05-27 16:12:13.833 478 1797 D xm_audio: adev_get_parameters
05-27 16:12:13.835 478 1797 D xm_audio: adev_get_parameters
05-27 16:12:13.842 478 1797 D xm_audio: adev_get_parameters
05-27 16:12:13.843 478 1797 D xm_audio: adev_get_parameters
05-27 16:12:13.849 478 1797 D xm_audio: adev_get_parameters
05-27 16:12:13.851 478 1797 D xm_audio: adev_get_parameters
05-27 16:12:13.858 478 1797 D xm_audio: adev_get_parameters
05-27 16:12:13.860 478 705 D xm_audio: adev_get_parameters
05-27 16:12:13.867 478 705 D xm_audio: adev_get_parameters
05-27 16:12:13.869 478 705 D xm_audio: adev_get_parameters
05-27 16:12:13.874 478 705 D xm_audio: adev_get_parameters
05-27 16:12:13.874 489 519 D hdmicecd: [CEC]:printCecMessage, [4 -> b] len: 0, body:, result:no ack
05-27 16:12:13.876 478 705 D xm_audio: adev_get_parameters
05-27 16:12:13.882 478 705 D xm_audio: adev_get_parameters
05-27 16:12:13.884 478 705 D xm_audio: adev_get_parameters
05-27 16:12:13.891 478 705 D xm_audio: adev_get_parameters
05-27 16:12:13.892 478 705 D xm_audio: adev_get_parameters
05-27 16:12:13.897 478 705 D xm_audio: adev_get_parameters
05-27 16:12:13.899 290 5148 D MesonDisplay: read /sys/class/amhdmitx/amhdmitx0/hdcp_lstore, result length:0, val:
05-27 16:12:13.899 478 705 D xm_audio: adev_get_parameters
05-27 16:12:13.904 478 705 D xm_audio: adev_get_parameters
05-27 16:12:13.905 478 705 D xm_audio: adev_get_parameters
05-27 16:12:13.911 478 705 D xm_audio: adev_get_parameters
05-27 16:12:13.913 478 705 D xm_audio: adev_get_parameters
05-27 16:12:13.920 478 705 D xm_audio: adev_get_parameters
05-27 16:12:13.922 478 705 D xm_audio: adev_get_parameters
05-27 16:12:13.928 478 1797 D xm_audio: adev_get_parameters
05-27 16:12:13.929 478 1797 D xm_audio: adev_get_parameters
05-27 16:12:13.930 489 519 D hdmicecd: [CEC]:printCecMessage, [4 -> 8] len: 0, body:, result:no ack
05-27 16:12:13.934 478 1797 D xm_audio: adev_get_parameters
05-27 16:12:13.936 478 1797 D xm_audio: adev_get_parameters
05-27 16:12:13.986 489 519 D hdmicecd: [CEC]:printCecMessage, [4 -> 5] len: 0, body:, result:no ack
05-27 16:12:14.042 489 519 D hdmicecd: [CEC]:printCecMessage, [4 -> 3] len: 0, body:, result:no ack
05-27 16:12:14.098 489 519 D hdmicecd: [CEC]:printCecMessage, [4 -> 1] len: 0, body:, result:no ack
05-27 16:12:14.154 489 519 D hdmicecd: [CEC]:printCecMessage, [4 -> 0] len: 0, body:, result:success
05-27 16:12:14.155 715 715 D HdmiCecController: [P]:AllocatedAddress=[0]
05-27 16:12:14.155 715 894 D HDMI : [S]: 40:83
05-27 16:12:14.235 489 519 D hdmicecd: [CEC]:printCecMessage, [4 -> 0] len: 1, body: 83, result:success
05-27 16:12:14.394 489 525 D hdmicecd: [CEC]:printCecMsgBuf, msg: 0f 84 00 00 00
05-27 16:12:14.395 715 715 D HDMI : [R]: 0F:84:00:00:00
05-27 16:12:14.396 489 519 D hdmicecd: [HdmiCecControl]:getPhysicalAddress, physical addr: 2000, last pa: 2000, ret = 0
05-27 16:12:14.397 489 489 D hdmicecd: [HdmiCecControl]:getPhysicalAddress, physical addr: 2000, last pa: 2000, ret = 0
05-27 16:12:14.398 715 715 D HDMI : addCecDevice new:CEC: logical_address: 0x00 device_type: 0 cec_version: 5 vendor_id: 0 display_name: TV power_status: -1 physical_address: 0x0000 port_id: -1 old:CEC: logical_address: 0x00 device_type: 0 cec_version: 5 vendor_id: 0 display_name: TV power_status: -1 physical_address: 0xFFFF port_id: -1
05-27 16:12:14.398 715 715 D HdmiControlService: Switching to full volume behavior
05-27 16:12:14.399 489 489 D hdmicecd: [HdmiCecControl]:getPhysicalAddress, physical addr: 2000, last pa: 2000, ret = 0
05-27 16:12:14.400 715 894 D HDMI : [S]: 40:46
05-27 16:12:14.483 489 489 D hdmicecd: [CEC]:printCecMessage, [4 -> 0] len: 1, body: 46, result:success
05-27 16:12:14.656 1444 1444 E xxxxxxxxxxxxxxx: onReceive: true , configuration = {1.0 ?mcc0mnc [zh_CN] ldltr sw720dp w1280dp h720dp 240dpi xlrg long land television -touch -keyb/v/h dpad/v winConfig={ mBounds=Rect(0, 0 - 1920, 1080) mAppBounds=Rect(0, 0 - 1920, 1080) mMaxBounds=Rect(0, 0 - 1920, 1080) mDisplayRotation=ROTATION_0 mWindowingMode=fullscreen mDisplayWindowingMode=fullscreen mActivityType=undefined mAlwaysOnTop=undefined mRotation=ROTATION_0} s.6 fontWeightAdjustment=0}
05-27 16:12:14.656 1444 1444 E xxxxxxxxxxxxxxx: isScreenSizeChange=false app onConfigurationChanged={1.0 ?mcc0mnc [zh_CN] ldltr sw720dp w1280dp h720dp 240dpi xlrg long land television -touch -keyb/v/h dpad/v winConfig={ mBounds=Rect(0, 0 - 1920, 1080) mAppBounds=Rect(0, 0 - 1920, 1080) mMaxBounds=Rect(0, 0 - 1920, 1080) mDisplayRotation=ROTATION_0 mWindowingMode=fullscreen mDisplayWindowingMode=fullscreen mActivityType=undefined mAlwaysOnTop=undefined mRotation=ROTATION_0} s.6 fontWeightAdjustment=0}
05-27 16:12:14.763 489 525 D hdmicecd: [CEC]:printCecMsgBuf, msg: 04 47 48 51 4b 32 20 50 72 6f
05-27 16:12:14.765 715 715 D HDMI : [R]: 04:47
05-27 16:12:14.765 715 715 D HdmiCecNetwork: Updating device OSD name from TV to HQK2 Pro
05-27 16:12:14.766 489 489 D hdmicecd: [HdmiCecControl]:getPhysicalAddress, physical addr: 2000, last pa: 2000, ret = 0
05-27 16:12:14.767 715 894 D HDMI : [S]: 40:8F
05-27 16:12:14.847 489 519 D hdmicecd: [CEC]:printCecMessage, [4 -> 0] len: 1, body: 8f, result:success
05-27 16:12:14.899 290 5148 D MesonDisplay: read /sys/class/amhdmitx/amhdmitx0/hdcp_lstore, result length:0, val:
05-27 16:12:14.956 489 525 D hdmicecd: [CEC]:printCecMsgBuf, msg: 04 90 00
05-27 16:12:14.956 489 525 D hdmicecd: [HdmiCecControl]:updateActiveState received tv power status 0
05-27 16:12:14.958 715 715 D HDMI : [R]: 04:90:00
05-27 16:12:14.959 489 519 D hdmicecd: [HdmiCecControl]:getPhysicalAddress, physical addr: 2000, last pa: 2000, ret = 0
05-27 16:12:14.960 489 489 D hdmicecd: [HdmiCecControl]:getPhysicalAddress, physical addr: 2000, last pa: 2000, ret = 0
05-27 16:12:14.961 715 715 D HDMI : addCecDevice new:CEC: logical_address: 0x00 device_type: 0 cec_version: 5 vendor_id: 0 display_name: HQK2 Pro power_status: 0 physical_address: 0x0000 port_id: -1 old:CEC: logical_address: 0x00 device_type: 0 cec_version: 5 vendor_id: 0 display_name: HQK2 Pro power_status: 0 physical_address: 0x0000 port_id: -1
05-27 16:12:14.962 715 715 D HdmiControlService: Switching to full volume behavior
05-27 16:12:14.962 489 519 D hdmicecd: [HdmiCecControl]:getPhysicalAddress, physical addr: 2000, last pa: 2000, ret = 0
05-27 16:12:14.963 715 715 D HDMI : addCecDevice new:CEC: logical_address: 0x04 device_type: 4 cec_version: 5 vendor_id: 1877008 display_name: DBBOX-A3 power_status: 0 physical_address: 0x2000 port_id: 0 old:null
05-27 16:12:15.263 515 541 I WifiHAL : call wifi_get_link_stats handler
05-27 16:12:15.263 515 541 I WifiHAL : Creating message to get link statistics; iface = 16
05-27 16:12:15.263 515 541 D WifiHAL : error code -95 mapped to -3
05-27 16:12:15.264 715 854 E WifiStaIfaceAidlImpl: getLinkLayerStats failed with service-specific exception: android.os.ServiceSpecificException: (code 4)
05-27 16:12:15.443 715 814 D OomAdjuster: Not killing cached processes
05-27 16:12:15.446 1554 1554 D bbb : onStartCommand begin !!!!!!! data分区剩余 54532MB
05-27 16:12:15.856 478 672 D audio_hw_hal_ms12common: func:ms12_timer_callback_handler sigv:0 ~~~~~~~~~~
05-27 16:12:15.856 478 672 D audio_hw_hal_ms12v2: set_dolby_ms12_continuous_state audio_continuous_standby_set status 1
05-27 16:12:15.856 478 672 D audio_hw_hal_continuous_standby: audio_continuous_standby_set, type 0, params 1
05-27 16:12:15.856 478 672 D audio_hw_hal_ms12common: aml_send_ms12_scheduler_state_2_ms12 adev:0xefd014a0, sch_state:1(SCHEDULER_STANDBY)
05-27 16:12:15.899 290 5148 D MesonDisplay: read /sys/class/amhdmitx/amhdmitx0/hdcp_lstore, result length:0, val:
01-01 08:05:46.049 0 0 I [0 T4997 ..] [hdmitx: ] UTC+0 2025-05-27 08:12:16 HPD LOW
01-01 08:05:46.050 0 0 I [3 T729 ..] [hdmitx: ] system: plugout
01-01 08:05:46.050 0 0 I [3 T729 ..] resman: notify error info = {"subModule":11,"level":2,"logType":1,"errorType":6,"msg":"HDMITX_HPD_PLUGOUT"}
01-01 08:05:46.052 0 0 I [3 T729 ..] [hdmitx: ] plug out sequence id: 0
01-01 08:05:46.052 0 0 W : [3 T729 ..] [RX]-up_phy_addr = 0
01-01 08:05:46.053 0 0 I [3 T729 d.] [hdmitx: ] hdmitx_set_drm_pkt: disable drm pkt
01-01 08:05:46.054 0 0 I [3 T729 d.] [hdmitx: ] TV not support DV, clr dv_vsif
01-01 08:05:46.054 0 0 I [3 T729 d.] [hdmitx: ] DV H14b VSIF, switching signal to SDR
01-01 08:05:46.055 0 0 I [3 T729 ..] [hdmitx: ] hdmitx_set_hdr10plus_pkt: null vsif
01-01 08:05:46.056 0 0 I [3 T729 ..] [hdmitx: ] hdmitx21_video_mute_op: VID_UNMUTE path=0x4000000
01-01 08:05:46.057 0 0 I [3 T729 ..] [hdmitx: ] hdmitx21_audio_mute_op: AUD_UNMUTE path=0x2000000
05-27 16:12:16.311 290 351 D MesonHwc: received Uevent: change@/devices/virtual/amhdmitx/amhdmitx0
05-27 16:12:16.311 320 328 I SystemControl: [/UEventObserver.cpp, HDMITxUenventThreadLoop, 451] HDMI TX switch_name:hdmitx_hpd, switch_state: 0
05-27 16:12:16.311 290 351 D MesonHwc: received Uevent: ACTION=change
05-27 16:12:16.311 290 351 D MesonHwc: received Uevent: DEVPATH=/devices/virtual/amhdmitx/amhdmitx0
05-27 16:12:16.311 320 328 I SystemControl: [/DisplayMode.cpp, onTxEvent, 3267] onTxEvent switchName:hdmitx_hpd hpdstate:0 state: 1
05-27 16:12:16.311 290 351 D MesonHwc: received Uevent: SUBSYSTEM=amhdmitx
05-27 16:12:16.311 290 351 D MesonHwc: received Uevent: hdmitx_hpd=0
05-27 16:12:16.311 320 328 I SystemControl: [/SysWrite.cpp, getKernelReleaseVersion, 701] getKernelReleaseVersion: 5.15
05-27 16:12:16.311 320 371 I SystemControl: [/Ubootenv.cpp, get, 345] [ubootenv] search end and not find env:connector_type
05-27 16:12:16.312 320 328 I SystemControl: [/SystemControlHal.cpp, onEvent, 72] onEvent event:2, client size:5
05-27 16:12:16.312 715 821 V WindowManager: app ------------- force_land :0
05-27 16:12:16.312 488 509 I SystemControlClient: notifyCallback event type:2
05-27 16:12:16.312 488 509 I SystemControlClient: notifyCallback: listener is NULL.
05-27 16:12:16.312 486 592 I SystemControlClient: notifyCallback event type:2
05-27 16:12:16.312 486 592 I SystemControlClient: notifyCallback: listener is NULL.
05-27 16:12:16.312 290 351 D MesonHwc: sc_read_bootenv val is empty
05-27 16:12:16.312 290 351 D MesonHwc: getConnectorType, get ubootenv.var.connector_type from uboot env, return (null)
05-27 16:12:16.312 487 516 I SystemControlClient: notifyCallback event type:2
05-27 16:12:16.312 290 351 D MesonHwc: getConnectorType-0 get connector type hdmi--65536
05-27 16:12:16.312 487 516 I SystemControlClient: notifyCallback: listener is NULL.
05-27 16:12:16.312 240 800 I SystemControlClient: notifyCallback event type:2
05-27 16:12:16.313 240 800 I SystemControlClient: notifyCallback: listener is NULL.
05-27 16:12:16.313 290 351 D MesonHwc: DrmProperty: EDID (1), value [0]
05-27 16:12:16.313 290 351 D MesonHwc: DrmProperty: content type (77), value [0]
01-01 08:05:46.058 0 0 I [3 T729 ..] [hdmitx: ] set_hdcp2_topo: 0
01-01 08:05:46.058 0 0 I : [3 T729 ..] [drm] drm hdmitx hpd notify
05-27 16:12:16.313 290 351 D MesonHwc: DrmProperty: vrr_capable (78), value [0]
05-27 16:12:16.313 290 351 D MesonHwc: DrmProperty: UPDATE (79), value [0]
05-27 16:12:16.313 290 351 D MesonHwc: DrmProperty: color_depth (80), value [8]
05-27 16:12:16.313 290 351 D MesonHwc: DrmProperty: color_space (81), value [2]
05-27 16:12:16.313 290 351 D MesonHwc: DrmProperty: MESON_DRM_HDMITX_PROP_AVMUTE (82), value [0]
05-27 16:12:16.313 290 351 D MesonHwc: DrmProperty: hdmi_hdr_status (83), value [6]
05-27 16:12:16.313 290 351 D MesonHwc: DrmProperty: dv_cap (85), value [0]
05-27 16:12:16.313 290 351 D MesonHwc: DrmProperty: contenttype_cap (89), value [1]
05-27 16:12:16.314 290 351 D MesonHwc: DrmProperty: hdr_priority (91), value [268435472]
05-27 16:12:16.314 290 351 D MesonHwc: DrmProperty: ready (92), value [0]
05-27 16:12:16.314 290 351 D MesonHwc: DrmProperty: allm_cap (95), value [0]
05-27 16:12:16.314 290 351 D MesonHwc: DrmProperty: dc_cap (96), value [512]
05-27 16:12:16.314 290 351 E MesonHwc: DrmConnector[HDMI-A] still DISCONNECTED.
05-27 16:12:16.314 290 351 D MesonHwc: ERR: PLEASE FIX NON-IMPLEMENT FUN(update).
05-27 16:12:16.315 320 371 I SystemControl: [/Ubootenv.cpp, get, 345] [ubootenv] search end and not find env:connector_type
05-27 16:12:16.315 1053 1179 I SystemControlEvent: system control callback event: 2
05-27 16:12:16.317 290 351 D MesonHwc: sc_read_bootenv val is empty
05-27 16:12:16.317 290 351 D MesonHwc: getConnectorType, get ubootenv.var.connector_type from uboot env, return (null)
05-27 16:12:16.317 290 351 D MesonHwc: getConnectorType-0 get connector type hdmi--65536
05-27 16:12:16.317 290 351 D MesonHwc: getConnectorCfg: get display 0, connector 13
05-27 16:12:16.318 495 532 I hdmicecd: [HdmiCecControl]:Hotplug event port:0, now:0, prevStatus:1 power:1
05-27 16:12:16.319 495 532 I hdmiconnection: hot plug port id 0, is connected 0
05-27 16:12:16.321 290 351 D MesonHwc: FixedDisplayPipe::isVMXCertification:0
05-27 16:12:16.321 290 351 E MesonHwc: FixedDisplayPipe::getConnectorCfg 15
05-27 16:12:16.322 290 351 D MesonHwc: handleEvent DRM_EVENT_HDMITX_HOTPLUG 11 VS 15
05-27 16:12:16.322 290 351 E MesonHwc: read screen size 0x0 from vinfo
05-27 16:12:16.322 290 351 E MesonHwc: dolby vision driver is not ready
05-27 16:12:16.322 290 351 D MesonHwc: Connector VIRTUAL loadDisplayModes get 1 modes
05-27 16:12:16.322 290 351 I MesonHwc: add display mode (dummy_l-dummy_l-127, 720x480, 56.000000) dpi(0,0), hskew(0)
05-27 16:12:16.322 290 351 I MesonHwc: loadDisplayModes (1) end
05-27 16:12:16.322 290 351 D MesonHwc: HwcDisplayPipe::updatePipe 0.
05-27 16:12:16.323 320 371 I SystemControl: [/Ubootenv.cpp, get, 345] [ubootenv] search end and not find env:connector_type
05-27 16:12:16.323 290 351 D MesonHwc: sc_read_bootenv val is empty
05-27 16:12:16.323 290 351 D MesonHwc: getConnectorType, get ubootenv.var.connector_type from uboot env, return (null)
05-27 16:12:16.323 290 351 D MesonHwc: getConnectorType-0 get connector type hdmi--65536
05-27 16:12:16.323 290 351 D MesonHwc: getConnectorCfg: get display 0, connector 13
01-01 08:05:46.072 0 0 I [0 T351 ..] vc: [0]get capability: min 64 64; max 4096 2160
01-01 08:05:46.072 0 0 I [0 T351 ..] vc: [1]get capability: min 64 64; max 2048 1080
01-01 08:05:46.073 0 0 I [0 T351 ..] [hdmitx: ] avmute_store 1
05-27 16:12:16.324 715 821 I WiredAccessoryManager: MSG_NEW_DEVICE_STATE
05-27 16:12:16.324 290 351 D MesonHwc: FixedDisplayPipe::isVMXCertification:0
05-27 16:12:16.324 290 351 E MesonHwc: FixedDisplayPipe::getConnectorCfg 15
05-27 16:12:16.324 290 351 D MesonHwc: HwcDisplayPipe::updatePipe (0) [CHANGED], crtc (0) connector (15)
05-27 16:12:16.324 290 351 D MesonHwc: HwcDisplayPipe::updatePipe 0 changed
05-27 16:12:16.324 290 351 D MesonHwc: ERR: PLEASE FIX NON-IMPLEMENT FUN(update).
05-27 16:12:16.324 290 351 E MesonHwc: read screen size 0x0 from vinfo
05-27 16:12:16.324 290 351 E MesonHwc: dolby vision driver is not ready
05-27 16:12:16.324 290 351 D MesonHwc: Connector VIRTUAL loadDisplayModes get 1 modes
05-27 16:12:16.324 290 351 I MesonHwc: add display mode (dummy_l-dummy_l-127, 720x480, 56.000000) dpi(0,0), hskew(0)
05-27 16:12:16.324 290 351 I MesonHwc: loadDisplayModes (1) end
05-27 16:12:16.324 290 351 D MesonHwc: unbind pipe (0)
05-27 16:12:16.324 290 351 D MesonHwc: bind pipe (0),crtc(63)connector(101)
05-27 16:12:16.324 290 351 D MesonHwc: RealModeMgr::update: nextModeId:679
05-27 16:12:16.324 290 351 D MesonHwc: RealModeMgr::update get current mode:576p50hz
05-27 16:12:16.324 290 351 D MesonHwc: RealModeMgr::update use previous mode (720x576-50.00)
05-27 16:12:16.324 290 351 D MesonHwc: updatePipe connector:VIRTUAL, connected:1
05-27 16:12:16.325 290 351 I MesonHwc: HwcConfig::default frame buffer size (1920 x 1080)
05-27 16:12:16.326 290 351 D MesonHwc: Update composition MultiplanesWithDiComposition -> MultiplanesWithDiComposition
05-27 16:12:16.326 290 351 E MesonHwc: Do Nothing in updateDisplayMode .
05-27 16:12:16.326 290 351 D MesonHwc: [setPendingMode] pending modes vector empty
05-27 16:12:16.326 290 351 D MesonHwc: displayID:0, On hot plug: [Plug out]
05-27 16:12:16.326 290 351 D MesonHwc: ModePolicy handle hotplug:0
05-27 16:12:16.326 290 351 V MesonDisplayServer: GetDisplayMode:576p50hz
05-27 16:12:16.326 290 351 I MesonHwc: getDisplayMode mode:576p50hz
05-27 16:12:16.326 290 351 I MesonHwc: setSysfsStr /sys/devices/virtual/amhdmitx/amhdmitx0/avmute= 1
05-27 16:12:16.328 1444 1444 E xxxxxxxxxxxxxxx: onReceive:mIsHDMIPlugged = false
05-27 16:12:16.328 1444 1444 E xxxxxxxxxxxxxxx: onReceive:mIsHDMIPlugged = false
05-27 16:12:16.329 320 328 I SystemControl: [/Ubootenv.cpp, get, 336] [ubootenv] get key:hdmimode envValue: 576p50hz
05-27 16:12:16.329 320 328 I SystemControl: [/Ubootenv.cpp, get, 336] [ubootenv] get key:is.bestmode envValue: false
05-27 16:12:16.329 320 328 I SystemControl: [/Ubootenv.cpp, get, 345] [ubootenv] search end and not find env:user_colorattribute
05-27 16:12:16.329 320 328 I SystemControl: [/Ubootenv.cpp, get, 345] [ubootenv] search end and not find env:hdr_force_mode
05-27 16:12:16.329 320 328 I SystemControl: [/DisplayMode.cpp, gethdrforcemode, 2742] get hdr force mode is [2]
05-27 16:12:16.329 320 328 I SystemControl: [/Ubootenv.cpp, get, 336] [ubootenv] get key:hdr_policy envValue: 0
05-27 16:12:16.329 320 328 I SystemControl: [/DisplayMode.cpp, getHdrStrategy, 2758] getHdrStrategy is [0]
05-27 16:12:16.329 320 328 I SystemControl: [/Ubootenv.cpp, get, 336] [ubootenv] get key:hdr_priority envValue: 268435472
05-27 16:12:16.329 320 328 I SystemControl: [/DisplayMode.cpp, getHdrPriority, 2891] getHdrPriority is [0x10000010]
05-27 16:12:16.329 320 328 I SystemControl: [/DisplayMode.cpp, getCommonData, 1534] isbestcolorspace:1, isbestpolicy:0, hdr_policy:0, hdr_priority :268435472, hdr_force_mode:2
05-27 16:12:16.329 715 715 I AS.AudioDeviceInventory: NOISY: adding 0x400
05-27 16:12:16.329 290 346 V MesonDisplayServer: GetDisplayMode:576p50hz
05-27 16:12:16.329 715 715 I AS.AudioDeviceInventory: NOISY: musicDevice changing from NONE to 0x400
05-27 16:12:16.330 320 328 I SystemControl: [/DisplayMode.cpp, getDisplayMode, 2331] getDisplayMode mode:576p50hz
05-27 16:12:16.330 320 328 I SystemControl: [/Ubootenv.cpp, get, 336] [ubootenv] get key:hdmimode envValue: 576p50hz
05-27 16:12:16.330 320 328 I SystemControl: [/Ubootenv.cpp, get, 336] [ubootenv] get key:cvbsmode envValue: 576cvbs
05-27 16:12:16.330 320 328 I SystemControl: [/DisplayMode.cpp, getCommonData, 1542] hdmi_current_mode:576p50hz, ubootenv hdmimode:576p50hz cvbsmode:576cvbs
05-27 16:12:16.331 715 715 I AS.AudioDeviceInventory: dropping ACTION_AUDIO_BECOMING_NOISY
05-27 16:12:16.331 290 346 D MesonDisplayServer: use connector getDisplayAttribute "HDMI Color ATTR": "444,8bit"
05-27 16:12:16.332 715 873 D AudioService: setWiredDeviceConnectionState( type:400 state:DEVICE_STATE_UNAVAILABLE addr: name:) from android
05-27 16:12:16.332 715 715 D HDMI : Hotplug event:[port:0, connected:false]
05-27 16:12:16.332 715 715 D HDMI : reset tv status for hotplug out
05-27 16:12:16.332 715 873 I AS.AudioDeviceInventory: handleDeviceConnection(false dev:400 address: name:)
05-27 16:12:16.332 715 715 D AudioService: onStatusChange cecEnabled:true available:false
05-27 16:12:16.332 715 873 I AS.AudioDeviceInventory: deviceKey:0x400:
05-27 16:12:16.332 715 873 I AS.AudioDeviceInventory: deviceInfo:[DeviceInfo: type:0x400 (hdmi) name: addr: codec: 0 sensorUuid: null disabled modes: {}] is(already)Connected:true
05-27 16:12:16.332 715 715 D AudioService: TV, no CEC: setting HDMI as regular vol device
05-27 16:12:16.332 715 715 D AudioService: Removing DeviceType: 0x400 from mFullVolumeDevices
05-27 16:12:16.332 715 715 D AudioService: Removing DeviceType: 0x400 from mFixedVolumeDevices
05-27 16:12:16.332 715 715 D AudioService: Removing DeviceType: 0x400 from mAbsoluteVolumeDeviceInfoMap
05-27 16:12:16.332 489 519 D hdmicecd: [HdmiCecControl]:getPhysicalAddress, physical addr: ffff, last pa: 2000, ret = 0
05-27 16:12:16.333 489 489 D hdmicecd: [HdmiCecControl]:getPhysicalAddress, physical addr: ffff, last pa: 2000, ret = 0
05-27 16:12:16.333 535 3668 I APM_AudioPolicyManager: [setDeviceConnectionState:256] curForceUse:NONE(0) disconnect_forceuse:HDMI(9)
05-27 16:12:16.334 478 1797 I audio_hw_hal_primary: [adev_set_device_connected_state_v7:9037] disconnected address:, num_descriptors:0, num_profiles:7
05-27 16:12:16.334 478 1797 I audio_hw_hal_primary: [set_device_connect_state:4044] state:0, dev:OUT_HDMI(0x400), pre_out:0x80002, pre_in:0x4
05-27 16:12:16.334 478 1797 D audio_hw_hal_resourcemgr: [set_output_device_avail:353] device:0x400 avail_out_devices:400 routed_out_devices:0x400
05-27 16:12:16.335 320 328 I SystemControl: [/Ubootenv.cpp, get, 345] [ubootenv] search end and not find env:user_colorattribute
05-27 16:12:16.336 320 328 I SystemControl: [/DisplayMode.cpp, getCommonData, 1554] hdmi_current_attr:444,8bit, ubootenv_colorattribute:none
05-27 16:12:16.336 320 328 I SystemControl: [/Ubootenv.cpp, get, 345] [ubootenv] search end and not find env:dv_enable
05-27 16:12:16.336 320 328 I SystemControl: [/DisplayMode.cpp, getCommonData, 1567] dv_enable:0
05-27 16:12:16.336 320 328 I SystemControl: [/Ubootenv.cpp, get, 345] [ubootenv] search end and not find env:user_prefer_dv_type
05-27 16:12:16.336 320 328 I SystemControl: [/DisplayMode.cpp, getCommonData, 1578] ubootenv_dv_type:0
05-27 16:12:16.336 320 328 I SystemControl: [/DisplayMode.cpp, getHdmiData, 1721] display sink type:0 [0:none, 1:sink, 2:repeater]
05-27 16:12:16.336 320 328 I SystemControl: [/DisplayMode.cpp, filterHdmiDispcap, 1398] before filtered HdmiDispcap:
05-27 16:12:16.336 320 328 I SystemControl: [/DisplayMode.cpp, filterHdmiDispcap, 1427] after filtered HdmiDispcap:
05-27 16:12:16.337 290 346 D MesonDisplayServer: getDisplayAttribute "Dolby Vision CAP2": "The Rx don't support DolbyVision"
05-27 16:12:16.339 535 3668 W APM::Devices: DeviceVector::remove device 00000400 not in
05-27 16:12:16.340 715 873 I AS.AudioDeviceInventory: sendDeviceConnectionIntent(dev:0x400 state:0x0 address: name:);
05-27 16:12:16.344 478 1797 D xm_audio: adev_get_parameters
05-27 16:12:16.346 478 2364 D xm_audio: adev_get_parameters
01-01 08:05:46.085 0 0 W : [3 T1054 ..] [SP FRAME RX] arp req,vif_idx:0 sender:[02:fe:15:17:79:f9 192.168.3.97]receiver:[00:00:00:00:00:00 192.168.3.86]
01-01 08:05:46.086 0 0 W : [3 T1054 ..] [SP FRAME TX] arp rsp,vif_idx:0 sender:[1c:79:2d:20:62:83 192.168.3.86]receiver:[02:fe:15:17:79:f9 192.168.3.97]
05-27 16:12:16.351 715 715 V MediaRouter: Audio routes updated: AudioRoutesInfo{ type=SPEAKER }, a2dp=false
05-27 16:12:16.352 715 715 V MediaRouter: Selecting route: RouteInfo{ name=电视, description=null, status=null, category=RouteCategory{ name=系统 types=ROUTE_TYPE_LIVE_AUDIO ROUTE_TYPE_LIVE_VIDEO groupable=false }, supportedTypes=ROUTE_TYPE_LIVE_AUDIO ROUTE_TYPE_LIVE_VIDEO , presentationDisplay=null }
05-27 16:12:16.354 931 931 V MediaRouter: Audio routes updated: AudioRoutesInfo{ type=SPEAKER }, a2dp=false
05-27 16:12:16.354 931 931 V MediaRouter: Selecting route: RouteInfo{ name=电视, description=null, status=null, category=RouteCategory{ name=系统 types=ROUTE_TYPE_LIVE_AUDIO ROUTE_TYPE_LIVE_VIDEO groupable=false }, supportedTypes=ROUTE_TYPE_LIVE_AUDIO ROUTE_TYPE_LIVE_VIDEO , presentationDisplay=null }
05-27 16:12:16.358 320 328 E SystemControl: [/DisplayMode.cpp, getHdmiDvCap, 1618] TV isn't support dolby vision: The Rx don't support DolbyVision
05-27 16:12:16.358 320 328 I SystemControl: [/DisplayMode.cpp, onTxEvent, 3294] onTxEvent boot config enable do nothing, just return
05-27 16:12:16.358 320 328 I SystemControl: [/UEventObserver.cpp, HDMITxUenventThreadLoop, 451] HDMI TX switch_name:hdmitx_audio, switch_state: 0
05-27 16:12:16.358 320 328 I SystemControl: [/DisplayMode.cpp, onTxEvent, 3267] onTxEvent switchName:hdmitx_audio hpdstate:0 state: 1
05-27 16:12:16.358 320 328 I SystemControl: [/SysWrite.cpp, getKernelReleaseVersion, 701] getKernelReleaseVersion: 5.15
05-27 16:12:16.358 320 328 I SystemControl: [/SystemControlHal.cpp, onEvent, 72] onEvent event:4, client size:5
05-27 16:12:16.359 488 509 I SystemControlClient: notifyCallback event type:4
05-27 16:12:16.359 488 509 I SystemControlClient: notifyCallback: listener is NULL.
05-27 16:12:16.359 487 516 I SystemControlClient: notifyCallback event type:4
05-27 16:12:16.359 487 516 I SystemControlClient: notifyCallback: listener is NULL.
05-27 16:12:16.360 240 800 I SystemControlClient: notifyCallback event type:4
05-27 16:12:16.360 240 800 I SystemControlClient: notifyCallback: listener is NULL.
05-27 16:12:16.360 486 592 I SystemControlClient: notifyCallback event type:4
05-27 16:12:16.360 486 592 I SystemControlClient: notifyCallback: listener is NULL.
05-27 16:12:16.360 320 328 I SystemControl: [/UEventObserver.cpp, HDMITxUenventThreadLoop, 451] HDMI TX switch_name:hdmitx_current_status, switch_state: 163
05-27 16:12:16.361 1053 1179 I SystemControlEvent: system control callback event: 4
05-27 16:12:16.369 478 705 D xm_audio: adev_get_parameters
05-27 16:12:16.371 478 1797 D xm_audio: adev_get_parameters
05-27 16:12:16.375 478 1797 D xm_audio: adev_get_parameters
05-27 16:12:16.376 478 1797 D xm_audio: adev_get_parameters
05-27 16:12:16.381 478 1797 D xm_audio: adev_get_parameters
05-27 16:12:16.383 478 1797 D xm_audio: adev_get_parameters
05-27 16:12:16.388 478 1797 D xm_audio: adev_get_parameters
05-27 16:12:16.389 478 1797 D xm_audio: adev_get_parameters
05-27 16:12:16.393 478 1797 D xm_audio: adev_get_parameters
05-27 16:12:16.394 478 1797 D xm_audio: adev_get_parameters
05-27 16:12:16.398 478 1797 D xm_audio: adev_get_parameters
05-27 16:12:16.400 478 1797 D xm_audio: adev_get_parameters
05-27 16:12:16.405 478 705 D xm_audio: adev_get_parameters
05-27 16:12:16.406 478 705 D xm_audio: adev_get_parameters
05-27 16:12:16.410 478 705 D xm_audio: adev_get_parameters
05-27 16:12:16.411 478 705 D xm_audio: adev_get_parameters
05-27 16:12:16.415 478 705 D xm_audio: adev_get_parameters
05-27 16:12:16.417 478 705 D xm_audio: adev_get_parameters
05-27 16:12:16.421 478 705 D xm_audio: adev_get_parameters
05-27 16:12:16.422 478 1797 D xm_audio: adev_get_parameters
05-27 16:12:16.426 478 1797 D xm_audio: adev_get_parameters
05-27 16:12:16.426 290 351 I MesonHwc: setDisplayMode mode:dummy_l
05-27 16:12:16.426 290 351 D MesonDisplayServer: SetDisplay[CVBS] Mode to "dummy_l"
05-27 16:12:16.426 290 351 D MesonHwc: blankDisplay connectorType:15
05-27 16:12:16.426 290 351 D MesonHwc: [setConnectorStatus]: power mode 2
05-27 16:12:16.426 290 351 D MesonHwc: displayId:0, blank all display planes
05-27 16:12:16.427 478 705 D xm_audio: adev_get_parameters
01-01 08:05:46.181 0 0 I : [2 T351 ..] [drm] [meson_hdmitx_encoder_atomic_disable]
01-01 08:05:46.181 0 0 I : [2 T351 ..] [drm] am_meson_crtc_atomic_disable-[0]:in
01-01 08:05:46.182 0 0 I [3 T351 d.] [hdmitx: ] hdmitx_set_drm_pkt: disable drm pkt
01-01 08:05:46.182 0 0 I [3 T351 d.] [hdmitx: ] TV not support DV, clr dv_vsif
01-01 08:05:46.183 0 0 I [3 T351 d.] [hdmitx: ] DV H14b VSIF, switching signal to SDR
01-01 08:05:46.184 0 0 I [3 T351 ..] [hdmitx: ] hdmitx_set_hdr10plus_pkt: null vsif
01-01 08:05:46.185 0 0 I [3 T351 ..] [hdmitx: ] hdmitx_unregister_vrr ret = 0
01-01 08:05:46.186 0 0 I : [3 T351 ..] [drm] am_meson_crtc_atomic_enable-[0] in: new[dummy_l], old[576p50hz], vmode[4-4], uboot[0]
01-01 08:05:46.187 0 0 I : [3 T351 ..] [drm] am_meson_crtc_atomic_enable-[0]: enable mode dummy_l final vmode 7
05-27 16:12:16.441 320 328 I SystemControl: [/UEventObserver.cpp, HDMITxUenventThreadLoop, 451] HDMI TX switch_name:hdmitx_current_status, switch_state: 164
01-01 08:05:46.193 0 0 I : [1 T351 ..] dummy_encl_set_current_vmode finished
01-01 08:05:46.193 0 0 I : [1 T351 ..] [drm] meson_vout_update_mode_name: dummy update vout 1 name dummy_l.
01-01 08:05:46.194 0 0 I : [1 T351 ..] [drm] meson_dummyl_encoder_atomic_enable: vmode:7 skip atomic enable!
05-27 16:12:16.458 290 351 D MesonHwc: setmode:crtc[63], name [dummy_l] -modeblob[127] [720x480-56.00] seamless:0 enableVrr:0
05-27 16:12:16.458 290 351 D MesonHwc: displayId:0, blank all display planes
05-27 16:12:16.475 290 351 D MesonHwc: RealModeMgr::update: nextModeId:680
05-27 16:12:16.475 290 351 D MesonHwc: RealModeMgr::update use previous mode (720x576-50.00)
05-27 16:12:16.475 290 351 D MesonHwc: drmplane clear drm bo caches
05-27 16:12:16.475 290 351 D MesonHwc: drmplane clear drm bo caches
05-27 16:12:16.475 290 351 D MesonHwc: cleanupBeforeDestroy displayId:0, clear layers
05-27 16:12:16.475 290 351 D MesonHwc: On hotplug, Fn: 0x989b931, Data: 0xe8cc35e0, display: 0, connection: 1
05-27 16:12:16.475 290 351 D MesonComposer3: halEventcallback onHotplug client3.0
05-27 16:12:16.476 290 382 D MesonHwc: No edid for (VIRTUAL),use default edid instead.
05-27 16:12:16.476 290 382 E MesonHwc: getPort 15
05-27 16:12:16.476 290 382 D MesonHwc: No edid for (VIRTUAL),use default edid instead.
05-27 16:12:16.476 290 382 E MesonHwc: getPort 15
05-27 16:12:16.476 290 351 D MesonHwc: received Uevent: change@/devices/virtual/amhdmitx/amhdmitx0
05-27 16:12:16.476 290 351 D MesonHwc: received Uevent: ACTION=change
05-27 16:12:16.476 290 351 D MesonHwc: received Uevent: DEVPATH=/devices/virtual/amhdmitx/amhdmitx0
05-27 16:12:16.476 290 351 D MesonHwc: received Uevent: SUBSYSTEM=amhdmitx
05-27 16:12:16.476 290 351 D MesonHwc: received Uevent: hdmitx_audio=0
05-27 16:12:16.476 290 351 D MesonHwc: received Uevent: MAJOR=492
05-27 16:12:16.476 290 351 D MesonHwc: received Uevent: MINOR=0
05-27 16:12:16.476 290 351 D MesonHwc: received Uevent: DEVNAME=amhdmitx0
05-27 16:12:16.476 290 351 D MesonHwc: received Uevent: SEQNUM=5446
05-27 16:12:16.476 290 351 D MesonHwc: received Uevent: change@/devices/virtual/amhdmitx/amhdmitx0
05-27 16:12:16.476 290 351 D MesonHwc: received Uevent: ACTION=change
05-27 16:12:16.476 290 351 D MesonHwc: received Uevent: DEVPATH=/devices/virtual/amhdmitx/amhdmitx0
05-27 16:12:16.476 290 351 D MesonHwc: received Uevent: SUBSYSTEM=amhdmitx
05-27 16:12:16.476 290 351 D MesonHwc: received Uevent: hdmitx_audio=0
05-27 16:12:16.476 290 351 D MesonHwc: received Uevent: MAJOR=492
05-27 16:12:16.476 290 351 D MesonHwc: received Uevent: MINOR=0
05-27 16:12:16.476 290 351 D MesonHwc: received Uevent: DEVNAME=amhdmitx0
05-27 16:12:16.476 290 351 D MesonHwc: received Uevent: SEQNUM=5446
05-27 16:12:16.477 290 351 D MesonHwc: received Uevent: change@/devices/virtual/amhdmitx/amhdmitx0
05-27 16:12:16.477 290 351 D MesonHwc: received Uevent: ACTION=change
05-27 16:12:16.477 290 351 D MesonHwc: received Uevent: DEVPATH=/devices/virtual/amhdmitx/amhdmitx0
05-27 16:12:16.477 290 351 D MesonHwc: received Uevent: SUBSYSTEM=amhdmitx
05-27 16:12:16.477 290 351 D MesonHwc: received Uevent: hdmitx_current_status=163
05-27 16:12:16.477 290 351 D MesonHwc: received Uevent: MAJOR=492
05-27 16:12:16.477 290 351 D MesonHwc: received Uevent: MINOR=0
05-27 16:12:16.477 290 351 D MesonHwc: received Uevent: DEVNAME=amhdmitx0
05-27 16:12:16.477 290 351 D MesonHwc: received Uevent: SEQNUM=5450
05-27 16:12:16.477 290 351 D MesonHwc: received Uevent: c, aocec-s7d
05-27 16:12:16.477 290 351 D MesonHwc: received Uevent: OF_COMPATIBLE_N=1
05-27 16:12:16.477 290 351 D MesonHwc: received Uevent: MODALIAS=of:NaocecT(null)Camlogic,_aocec-s7d
05-27 16:12:16.477 264 264 I SurfaceFlinger: Reconnecting display 4620747849504298251 (HAL ID 0)
05-27 16:12:16.477 290 351 D MesonHwc: received Uevent: SEQNUM=5449
05-27 16:12:16.477 290 351 D MesonHwc: received Uevent: change@/devices/virtual/amhdmitx/amhdmitx0
05-27 16:12:16.477 290 351 D MesonHwc: received Uevent: ACTION=change
05-27 16:12:16.477 290 351 D MesonHwc: received Uevent: DEVPATH=/devices/virtual/amhdmitx/amhdmitx0
05-27 16:12:16.477 290 351 D MesonHwc: received Uevent: SUBSYSTEM=amhdmitx
05-27 16:12:16.477 290 351 D MesonHwc: received Uevent: hdmitx_current_status=163
05-27 16:12:16.477 290 351 D MesonHwc: received Uevent: MAJOR=492
05-27 16:12:16.477 290 351 D MesonHwc: received Uevent: MINOR=0
05-27 16:12:16.477 290 351 D MesonHwc: received Uevent: DEVNAME=amhdmitx0
05-27 16:12:16.477 290 351 D MesonHwc: received Uevent: SEQNUM=5450
05-27 16:12:16.477 290 351 D MesonHwc: received Uevent: c, aocec-s7d
05-27 16:12:16.477 290 351 D MesonHwc: received Uevent: OF_COMPATIBLE_N=1
05-27 16:12:16.477 290 351 D MesonHwc: received Uevent: MODALIAS=of:NaocecT(null)Camlogic,_aocec-s7d
05-27 16:12:16.477 290 351 D MesonHwc: received Uevent: SEQNUM=5449
05-27 16:12:16.477 290 351 D MesonHwc: received Uevent: change@/devices/virtual/amhdmitx/amhdmitx0
05-27 16:12:16.477 290 351 D MesonHwc: received Uevent: ACTION=change
05-27 16:12:16.477 290 351 D MesonHwc: received Uevent: DEVPATH=/devices/virtual/amhdmitx/amhdmitx0
05-27 16:12:16.477 290 351 D MesonHwc: received Uevent: SUBSYSTEM=amhdmitx
05-27 16:12:16.477 290 351 D MesonHwc: received Uevent: hdmitx_current_status=164
05-27 16:12:16.477 290 351 D MesonHwc: received Uevent: MAJOR=492
05-27 16:12:16.477 290 351 D MesonHwc: received Uevent: MINOR=0
05-27 16:12:16.477 290 351 D MesonHwc: received Uevent: DEVNAME=amhdmitx0
05-27 16:12:16.477 290 351 D MesonHwc: received Uevent: SEQNUM=5451
05-27 16:12:16.477 290 351 D MesonHwc: received Uevent: c, aocec-s7d
05-27 16:12:16.477 290 351 D MesonHwc: received Uevent: OF_COMPATIBLE_N=1
05-27 16:12:16.477 290 351 D MesonHwc: received Uevent: MODALIAS=of:NaocecT(null)Camlogic,_aocec-s7d
05-27 16:12:16.477 290 351 D MesonHwc: received Uevent: SEQNUM=5449
05-27 16:12:16.477 290 351 D MesonHwc: received Uevent: change@/devices/virtual/amhdmitx/amhdmitx0
05-27 16:12:16.477 290 351 D MesonHwc: received Uevent: ACTION=change
05-27 16:12:16.477 290 351 D MesonHwc: received Uevent: DEVPATH=/devices/virtual/amhdmitx/amhdmitx0
05-27 16:12:16.477 290 351 D MesonHwc: received Uevent: SUBSYSTEM=amhdmitx
05-27 16:12:16.477 290 351 D MesonHwc: received Uevent: hdmitx_current_status=164
05-27 16:12:16.477 290 351 D MesonHwc: received Uevent: MAJOR=492
05-27 16:12:16.477 290 351 D MesonHwc: received Uevent: MINOR=0
05-27 16:12:16.477 290 351 D MesonHwc: received Uevent: DEVNAME=amhdmitx0
05-27 16:12:16.477 290 351 D MesonHwc: received Uevent: SEQNUM=5451
05-27 16:12:16.477 290 351 D MesonHwc: received Uevent: c, aocec-s7d
05-27 16:12:16.477 290 351 D MesonHwc: received Uevent: OF_COMPATIBLE_N=1
05-27 16:12:16.477 290 351 D MesonHwc: received Uevent: MODALIAS=of:NaocecT(null)Camlogic,_aocec-s7d
05-27 16:12:16.477 290 351 D MesonHwc: received Uevent: SEQNUM=5449
05-27 16:12:16.497 290 382 E MesonComposer3: destroyLayer: display:0 failed to destroy layer:343
05-27 16:12:16.498 264 264 E HwcComposer: destroyLayer failed Status(-8, EX_SERVICE_SPECIFIC): '3: '
05-27 16:12:16.498 264 264 E HWC2 : destroyLayer(0, 343) failed: BadLayer (3)
05-27 16:12:16.498 290 382 E MesonComposer3: destroyLayer: display:0 failed to destroy layer:86
05-27 16:12:16.498 264 264 E HwcComposer: destroyLayer failed Status(-8, EX_SERVICE_SPECIFIC): '3: '
05-27 16:12:16.498 264 264 E HWC2 : destroyLayer(0, 86) failed: BadLayer (3)
05-27 16:12:16.498 264 264 E HwcComposer: setClientTargetSlotCount failed Status(-8, EX_SERVICE_SPECIFIC): '4: '
05-27 16:12:16.504 489 525 D hdmicecd: [CEC]:printCecMsgBuf, msg: 04 44 01
05-27 16:12:16.505 264 264 I Scheduler: Display 4620747849504298251 is the pacesetter
05-27 16:12:16.505 264 5150 E SchedulerTimer: Terminated
05-27 16:12:16.505 715 715 D HDMI : [R]: 04:44
05-27 16:12:16.505 264 264 D SurfaceFlinger: Setting power mode 2 on display 4620747849504298251
05-27 16:12:16.506 264 394 W EventThread: Failed dispatching Hotplug{displayId=4620747849504298251, connected} for Connection{0xf2543110, VSyncRequest::None}
05-27 16:12:16.506 264 393 W EventThread: Failed dispatching Hotplug{displayId=4620747849504298251, connected} for Connection{0xf2542d10, VSyncRequest::None}
05-27 16:12:16.506 290 382 D MesonHwc: setPowerMode 2
05-27 16:12:16.506 264 264 D SurfaceFlinger: Finished setting power mode 2 on display 4620747849504298251
05-27 16:12:16.507 489 489 D hdmicecd: [HdmiCecControl]:getPhysicalAddress, physical addr: ffff, last pa: 2000, ret = 0
05-27 16:12:16.510 715 715 D HDMI : addCecDevice new:CEC: logical_address: 0x00 device_type: 0 cec_version: 5 vendor_id: 16777215 display_name: TV power_status: -1 physical_address: 0xFFFF port_id: -1 old:null
05-27 16:12:16.510 715 715 D HdmiControlService: Switching to full volume behavior
05-27 16:12:16.510 715 741 I DisplayDeviceRepository: Display device changed: DisplayDeviceInfo{"内置屏幕": uniqueId="local:4620747849504298251", 720 x 576, modeId 297, renderFrameRate 50.0, defaultModeId 297, supportedModes [{id=297, width=720, height=576, fps=50.0, alternativeRefreshRates=[], supportedHdrTypes=[]}, {id=569, width=1920, height=1080, fps=119.88013, alternativeRefreshRates=[], supportedHdrTypes=[]}, {id=570, width=1920, height=1080, fps=120.00001, alternativeRefreshRates=[], supportedHdrTypes=[]}, {id=571, width=4096, height=2160, fps=23.976025, alternativeRefreshRates=[], supportedHdrTypes=[]}, {id=572, width=4096, height=2160, fps=24.000002, alternativeRefreshRates=[], supportedHdrTypes=[]}, {id=573, width=3840, height=2160, fps=29.97003, alternativeRefreshRates=[], supportedHdrTypes=[]}, {id=574, width=3840, height=2160, fps=30.000002, alternativeRefreshRates=[], supportedHdrTypes=[]}, {id=575, width=3840, height=2160, fps=25.0, alternativeRefreshRates=[], supportedHdrTypes=[]}, {id=576, width=3840, height=2160, fps=23.976025, alternativeRefreshRates=[], supportedHdrTypes=[]}, {id=577, width=3840, height=2160, fps=24.000002, alternativeRefreshRates=[], supportedHdrTypes=[]}, {id=578, width=1920, height=1080, fps=59.94006, alternativeRefreshRates=[], supportedHdrTypes=[]}, {id=579, width=1920, height=1080, fps=60.000004, alternativeRefreshRates=[], supportedHdrTypes=[]}, {id=580, width=1920, height=1080, fps=50.0, alternativeRefreshRates=[], supportedHdrTypes=[]}, {id=581, width=1920, height=1080, fps=29.97003, alternativeRefreshRates=[], supportedHdrTypes=[]}, {id=582, width=1920, height=1080, fps=30.000002, alternativeRefreshRates=[], supportedHdrTypes=[]}, {id=583, width=1920, height=1080, fps=23.976025, alternativeRefreshRates=[], supportedHdrTypes=[]}, {id=584, width=1920, height=1080, fps=24.000002, alternativeRefreshRates=[], supportedHdrTypes=[]}, {id=585, width=1280, height=720, fps=119.88013, alternativeRefreshRates=[], supportedHdrTypes=[]}, {id=586, width=1280, height=720, fps=120.00001, alternativeRefreshRates=[], supportedHdrTypes=[]}, {id=587, width=1280, height=720, fps=59.94006, alternativeRefreshRates=[], supportedHdrTypes=[]}, {id=588, width=1280, height=720, fps=60.000004, alternativeRefreshRates=[], supportedHdrTypes=[]}, {id=589, width=1280, height=720, fps=50.0, alternativeRefreshRates=[], supportedHdrTypes=[]}, {id=590, width=1280, height=720, fps=29.97003, alternativeRefreshRates=[], supportedHdrTypes=[]}, {id=591, width=1280, height=720, fps=30.000002, alternativeRefreshRates=[], supportedHdrTypes=[]}, {id=592, width=1280, height=720, fps=23.976025, alternativeRefreshRates=[], supportedHdrTypes=[]}, {id=593, width=1280, height=720, fps=24.000002, alternativeRefreshRates=[], supportedHdrTypes=[]}, {id=594, width=720, height=480, fps=59.94006, alternativeRefreshRates=[], supportedHdrTypes=[]}, {id=595, width=720, height=480, fps=60.000004, alternativeRefreshRates=[], supportedHdrTypes=[]}], colorMode 0, supportedColorModes [0], hdrCapabilities HdrCapabilities{mSupportedHdrTypes=[], mMaxLuminance=500.0, mMaxAverageLuminance=500.0, mMinLuminance=0.0}, allmSupported false, gameContentTypeSupported true, density 124, 15.902 x 22.508 dpi, appVsyncOff 2000000, presDeadline 17000000, touch INTERNAL, rotation 0, type INTERNAL, address {port=11, model=0x402031aff65a95}, deviceProductInfo DeviceProductInfo{name=Haqu, manufacturerPnpId=HAQ, productId=48, modelYear=null, manufactureDate=ManufactureDate{week=43, year=2017}, connectionToSinkType=2}, state ON, committedState ON, frameRateOverride , brightnessMinimum 0.0, brightnessMaximum 1.0, brightnessDefault 0.39763778, hdrSdrRatio NaN, FLAG_ALLOWED_TO_BE_DEFAULT_DISPLAY, FLAG_ROTATES_WITH_CONTENT, FLAG_SECURE, FLAG_SUPPORTS_PROTECTED_BUFFERS, FLAG_TRUSTED, installOrientation 0, displayShape DisplayShape{ spec=-1515622917 displayWidth=720 displayHeight=576 physicalPixelDisplaySizeRatio=1.0 rotation=0 offsetX=0 offsetY=0 scale=1.0}}
05-27 16:12:16.511 715 715 D HDMI : TV is available now for receiving its message
05-27 16:12:16.511 715 715 D AudioService: onStatusChange cecEnabled:true available:true
05-27 16:12:16.511 715 715 D AudioService: TV, no CEC: setting HDMI as regular vol device
05-27 16:12:16.511 715 715 D AudioService: Removing DeviceType: 0x400 from mFullVolumeDevices
05-27 16:12:16.511 715 715 D AudioService: Removing DeviceType: 0x400 from mFixedVolumeDevices
05-27 16:12:16.511 715 715 D AudioService: Removing DeviceType: 0x400 from mAbsoluteVolumeDeviceInfoMap
05-27 16:12:16.517 1439 1439 I SogouIME: onKeyDown: keyoCode=19
05-27 16:12:16.517 1439 1439 I DefaultIMS: onKeyDown: keyoCode=19
05-27 16:12:16.521 264 264 I RefreshRateSelector: Display 4620747849504298251 policy changed
05-27 16:12:16.521 264 264 I RefreshRateSelector: Previous: {defaultModeId=637, allowGroupSwitching=false, primaryRanges={physical=[0.00 Hz, 340282346638528859811704183484516925440.00 Hz], render=[0.00 Hz, 340282346638528859811704183484516925440.00 Hz]}, appRequestRanges={physical=[0.00 Hz, 340282346638528859811704183484516925440.00 Hz], render=[0.00 Hz, 340282346638528859811704183484516925440.00 Hz]}}
