05-27 16:11:55.585 1444 1444 E xxxxxxxxxxxxxxx: isScreenSizeChange=false app onConfigurationChanged={1.0 ?mcc0mnc [zh_CN] ldltr sw720dp w1280dp h720dp 240dpi xlrg long land television -touch -keyb/v/h dpad/v winConfig={ mBounds=Rect(0, 0 - 1920, 1080) mAppBounds=Rect(0, 0 - 1920, 1080) mMaxBounds=Rect(0, 0 - 1920, 1080) mDisplayRotation=ROTATION_0 mWindowingMode=fullscreen mDisplayWindowingMode=fullscreen mActivityType=undefined mAlwaysOnTop=undefined mRotation=ROTATION_0} s.6 fontWeightAdjustment=0}
05-27 16:11:55.690 715 715 V HotPlugDetectionAction: Poll all devices.
05-27 16:11:55.794 489 489 D hdmicecd: [CEC]:printCecMessage, [4 -> 8] len: 0, body:, result:no ack
05-27 16:11:55.794 489 489 E IPCThreadState: binder thread pool (1 threads) starved for 328 ms
05-27 16:11:55.795 715 894 D HDMI : [S]: 4F:87:1C:A4:10
05-27 16:11:55.829 290 4988 D MesonDisplay: read /sys/class/amhdmitx/amhdmitx0/hdcp_lstore, result length:0, val:
05-27 16:11:55.948 489 489 D hdmicecd: [CEC]:printCecMessage, [4 -> f] len: 4, body: 87 1c a4 10, result:success
05-27 16:11:55.948 489 489 E IPCThreadState: binder thread pool (1 threads) starved for 153 ms
05-27 16:11:56.002 489 489 D hdmicecd: [CEC]:printCecMessage, [4 -> 0] len: 0, body:, result:success
05-27 16:11:56.058 489 519 D hdmicecd: [CEC]:printCecMessage, [4 -> 5] len: 0, body:, result:no ack
05-27 16:11:56.058 489 519 E IPCThreadState: binder thread pool (1 threads) starved for 110 ms
05-27 16:11:56.114 489 519 D hdmicecd: [CEC]:printCecMessage, [4 -> 1] len: 0, body:, result:no ack
05-27 16:11:56.170 489 519 D hdmicecd: [CEC]:printCecMessage, [4 -> 3] len: 0, body:, result:no ack
05-27 16:11:56.226 489 489 D hdmicecd: [CEC]:printCecMessage, [4 -> 3] len: 0, body:, result:no ack
05-27 16:11:56.226 489 489 E IPCThreadState: binder thread pool (1 threads) starved for 112 ms
05-27 16:11:56.282 489 489 D hdmicecd: [CEC]:printCecMessage, [4 -> 1] len: 0, body:, result:no ack
05-27 16:11:56.338 489 489 D hdmicecd: [CEC]:printCecMessage, [4 -> 5] len: 0, body:, result:no ack
05-27 16:11:56.394 489 489 D hdmicecd: [CEC]:printCecMessage, [4 -> 0] len: 0, body:, result:success
05-27 16:11:56.395 715 715 D HdmiCecController: [P]:AllocatedAddress=[0]
05-27 16:11:56.450 489 489 D hdmicecd: [CEC]:printCecMessage, [4 -> 8] len: 0, body:, result:no ack
05-27 16:11:56.451 715 894 D HDMI : [S]: 40:83
05-27 16:11:56.531 489 489 D hdmicecd: [CEC]:printCecMessage, [4 -> 0] len: 1, body: 83, result:success
05-27 16:11:56.586 489 489 D hdmicecd: [CEC]:printCecMessage, [4 -> b] len: 0, body:, result:no ack
05-27 16:11:56.646 489 489 D hdmicecd: [CEC]:printCecMessage, [4 -> e] len: 0, body:, result:no ack
05-27 16:11:56.647 715 715 D HdmiCecController: [P]:AllocatedAddress=[0]
05-27 16:11:56.647 715 715 I HDMI : Add device by hot-plug detection:0
05-27 16:11:56.647 715 894 D HDMI : [S]: 40:83
05-27 16:11:56.727 489 489 D hdmicecd: [CEC]:printCecMessage, [4 -> 0] len: 1, body: 83, result:success
05-27 16:11:56.830 290 4988 D MesonDisplay: read /sys/class/amhdmitx/amhdmitx0/hdcp_lstore, result length:0, val:
05-27 16:11:56.832 478 672 D audio_hw_hal_ms12common: func:ms12_timer_callback_handler sigv:0 ~~~~~~~~~~
05-27 16:11:56.832 478 672 D audio_hw_hal_ms12v2: set_dolby_ms12_continuous_state audio_continuous_standby_set status 1
05-27 16:11:56.832 478 672 D audio_hw_hal_continuous_standby: audio_continuous_standby_set, type 0, params 1
05-27 16:11:56.832 478 672 D audio_hw_hal_ms12common: aml_send_ms12_scheduler_state_2_ms12 adev:0xefd014a0, sch_state:1(SCHEDULER_STANDBY)
05-27 16:11:56.885 489 525 D hdmicecd: [CEC]:printCecMsgBuf, msg: 0f 84 00 00 00
05-27 16:11:56.887 715 715 D HDMI : [R]: 0F:84:00:00:00
01-01 08:05:26.633 0 0 W : [2 T729 ..] [aml_send_sync_trace 4388] sync token[28797]
01-01 08:05:26.633 0 0 W : [2 T729 ..] >>> aml_send_msg()
01-01 08:05:26.634 0 0 W : [2 T1052 ..] ipc_sdio_host_msgack_handler 00000000c6e3737b
01-01 08:05:26.634 0 0 W : [2 T1052 ..] [aml_msgackind 2038] msg ack hostid=0xffffff8074969800
01-01 08:05:26.635 0 0 W : [2 T1052 ..] [cmd_mgr_llind 329] cmd tkn[46] flags:0008 result: -4 cmd: 105-MM_SYNC_TRACE - reqcfm( 0-none)
01-01 08:05:26.637 0 0 W : [2 T1052 ..] [cmd_complete 65] cmd tkn[46] flags:0000 result: -4 cmd: 105-MM_SYNC_TRACE - reqcfm( 0-none)
05-27 16:11:56.889 489 489 D hdmicecd: [HdmiCecControl]:getPhysicalAddress, physical addr: 2000, last pa: 2000, ret = 0
05-27 16:11:56.889 489 519 D hdmicecd: [HdmiCecControl]:getPhysicalAddress, physical addr: 2000, last pa: 2000, ret = 0
05-27 16:11:56.890 715 715 D HDMI : addCecDevice new:CEC: logical_address: 0x00 device_type: 0 cec_version: 5 vendor_id: 0 display_name: TV power_status: -1 physical_address: 0x0000 port_id: -1 old:CEC: logical_address: 0x00 device_type: 0 cec_version: 5 vendor_id: 0 display_name: TV power_status: -1 physical_address: 0xFFFF port_id: -1
05-27 16:11:56.890 715 715 D HdmiControlService: Switching to full volume behavior
05-27 16:11:56.891 489 527 D hdmicecd: [HdmiCecControl]:getPhysicalAddress, physical addr: 2000, last pa: 2000, ret = 0
05-27 16:11:56.892 715 894 D HDMI : [S]: 40:46
05-27 16:11:56.967 1975 4497 D TrafficStats: tagSocket(79) with statsTag=0x0, statsUid=-1
05-27 16:11:57.041 489 525 D hdmicecd: [CEC]:printCecMsgBuf, msg: 0f 84 00 00 00
05-27 16:11:57.042 715 715 D HDMI : [R]: 0F:84:00:00:00
05-27 16:11:57.043 489 489 D hdmicecd: [HdmiCecControl]:getPhysicalAddress, physical addr: 2000, last pa: 2000, ret = 0
05-27 16:11:57.044 489 527 D hdmicecd: [HdmiCecControl]:getPhysicalAddress, physical addr: 2000, last pa: 2000, ret = 0
05-27 16:11:57.044 715 715 D HDMI : addCecDevice new:CEC: logical_address: 0x00 device_type: 0 cec_version: 5 vendor_id: 0 display_name: TV power_status: -1 physical_address: 0x0000 port_id: -1 old:CEC: logical_address: 0x00 device_type: 0 cec_version: 5 vendor_id: 0 display_name: TV power_status: -1 physical_address: 0x0000 port_id: -1
05-27 16:11:57.045 715 715 D HdmiControlService: Switching to full volume behavior
05-27 16:11:57.046 715 715 I HdmiCecLocalDevice: Ignored while Device Discovery Action is in progress: 0F:84:00:00:00
05-27 16:11:57.115 478 673 I audio_hw_hal_alsamgr: alsa format =0x24000000 delay frames =4256 total frames=57600000
05-27 16:11:57.226 515 541 I WifiHAL : call wifi_get_link_stats handler
05-27 16:11:57.226 515 541 I WifiHAL : Creating message to get link statistics; iface = 16
05-27 16:11:57.226 515 541 D WifiHAL : error code -95 mapped to -3
05-27 16:11:57.227 715 854 E WifiStaIfaceAidlImpl: getLinkLayerStats failed with service-specific exception: android.os.ServiceSpecificException: (code 4)
05-27 16:11:57.294 489 519 D hdmicecd: [CEC]:printCecMessage, [4 -> 0] len: 1, body: 46, result:fail other
05-27 16:11:57.382 489 519 D hdmicecd: [CEC]:printCecMessage, [4 -> 0] len: 1, body: 46, result:success
05-27 16:11:57.382 489 519 E IPCThreadState: binder thread pool (1 threads) starved for 494 ms
01-01 08:05:27.189 0 0 I [0 T4997 ..] [hdmitx: ] UTC+0 2025-05-27 08:11:57 HPD LOW
01-01 08:05:27.189 0 0 I [1 T61 ..] [hdmitx: ] system: plugout
01-01 08:05:27.190 0 0 I [1 T61 ..] resman: notify error info = {"subModule":11,"level":2,"logType":1,"errorType":6,"msg":"HDMITX_HPD_PLUGOUT"}
01-01 08:05:27.191 0 0 I [1 T61 ..] [hdmitx: ] plug out sequence id: 0
01-01 08:05:27.192 0 0 W : [1 T61 ..] [RX]-up_phy_addr = 0
01-01 08:05:27.193 0 0 I [2 T61 d.] [hdmitx: ] hdmitx_set_drm_pkt: disable drm pkt
05-27 16:11:57.446 290 351 D MesonHwc: received Uevent: change@/devices/virtual/amhdmitx/amhdmitx0
05-27 16:11:57.446 320 328 I SystemControl: [/UEventObserver.cpp, HDMITxUenventThreadLoop, 451] HDMI TX switch_name:hdmitx_current_status, switch_state: 137
05-27 16:11:57.446 290 351 D MesonHwc: received Uevent: ACTION=change
05-27 16:11:57.446 290 351 D MesonHwc: received Uevent: DEVPATH=/devices/virtual/amhdmitx/amhdmitx0
05-27 16:11:57.446 290 351 D MesonHwc: received Uevent: SUBSYSTEM=amhdmitx
05-27 16:11:57.446 290 351 D MesonHwc: received Uevent: hdmitx_current_status=137
05-27 16:11:57.446 290 351 D MesonHwc: received Uevent: MAJOR=492
05-27 16:11:57.446 290 351 D MesonHwc: received Uevent: MINOR=0
05-27 16:11:57.446 290 351 D MesonHwc: received Uevent: DEVNAME=amhdmitx0
05-27 16:11:57.446 290 351 D MesonHwc: received Uevent: SEQNUM=5298
05-27 16:11:57.446 290 351 D MesonHwc: received Uevent: ic, aocec-s7d
05-27 16:11:57.446 290 351 D MesonHwc: received Uevent: OF_COMPATIBLE_N=1
05-27 16:11:57.446 290 351 D MesonHwc: received Uevent: MODALIAS=of:NaocecT(null)Camlogic,_aocec-s7d
05-27 16:11:57.446 290 351 D MesonHwc: received Uevent: SEQNUM=5297
05-27 16:11:57.446 290 351 D MesonHwc: received Uevent: 5Ap0000C081
05-27 16:11:57.446 290 351 D MesonHwc: received Uevent: SEQNUM=3612
05-27 16:11:57.446 290 351 D MesonHwc: received Uevent: bfd4444600000000 1 130ff38b17c000 677bfad9415fed 9ed68000004400 10000002
05-27 16:11:57.446 290 351 D MesonHwc: received Uevent: REL=1040
05-27 16:11:57.446 290 351 D MesonHwc: received Uevent: ABS=100000000
05-27 16:11:57.446 290 351 D MesonHwc: received Uevent: MSC=10
05-27 16:11:57.446 290 351 D MesonHwc: received Uevent: MODALIAS=input:b0005v1D5ApC081e0000-e0,1,2,3,4,k71,72,73,74,77,80,82,83,85,86,87,88,89,8A,8B,8C,8E,90,96,98,9B,9C,9E,9F,A1,A3,A4,A5,A6,A7,A8,A9,AB,AC,AD,AE,B0,B1,B2,B5,B6,CE,CF,D0,D1,D2,D4,D8,D9,DB,DF,E0,E1,E4,E5,E6,E7,E8,E9,EA,EB,F0,F1,F4,100,161,162,166,16A,16E,172,174,176,177,178,179,17A,17B,17C,17D,17F,180,182,183,185,188,189,18C,18D,18E,18F,190,191,192,193,195,197,198,199,19A,19C,1A0,1A1,1A2,1A3,1A4,1A5,1A6,1A7,1A8,1A9,1AA,1AB,1AC,1AD,1AE,1AF,1B0,1B1,1B7,1BA,240,241,242,243,244,245,246,247,249,24A,250,251,r6,C,a20,m4,lsfw
05-27 16:11:57.446 290 351 D MesonHwc: received Uevent: SEQNUM=3609
05-27 16:11:57.446 290 351 D MesonHwc: received Uevent: change@/devices/virtual/amhdmitx/amhdmitx0
05-27 16:11:57.446 290 351 D MesonHwc: received Uevent: ACTION=change
05-27 16:11:57.446 290 351 D MesonHwc: received Uevent: DEVPATH=/devices/virtual/amhdmitx/amhdmitx0
05-27 16:11:57.446 290 351 D MesonHwc: received Uevent: SUBSYSTEM=amhdmitx
05-27 16:11:57.446 290 351 D MesonHwc: received Uevent: hdmitx_current_status=137
05-27 16:11:57.446 290 351 D MesonHwc: received Uevent: MAJOR=492
05-27 16:11:57.446 290 351 D MesonHwc: received Uevent: MINOR=0
05-27 16:11:57.446 290 351 D MesonHwc: received Uevent: DEVNAME=amhdmitx0
05-27 16:11:57.446 290 351 D MesonHwc: received Uevent: SEQNUM=5298
05-27 16:11:57.446 290 351 D MesonHwc: received Uevent: ic, aocec-s7d
05-27 16:11:57.446 290 351 D MesonHwc: received Uevent: OF_COMPATIBLE_N=1
05-27 16:11:57.446 290 351 D MesonHwc: received Uevent: MODALIAS=of:NaocecT(null)Camlogic,_aocec-s7d
05-27 16:11:57.446 290 351 D MesonHwc: received Uevent: SEQNUM=5297
05-27 16:11:57.447 290 351 D MesonHwc: received Uevent: 5Ap0000C081
05-27 16:11:57.447 290 351 D MesonHwc: received Uevent: SEQNUM=3612
05-27 16:11:57.447 290 351 D MesonHwc: received Uevent: bfd4444600000000 1 130ff38b17c000 677bfad9415fed 9ed68000004400 10000002
05-27 16:11:57.447 290 351 D MesonHwc: received Uevent: REL=1040
05-27 16:11:57.447 290 351 D MesonHwc: received Uevent: ABS=100000000
05-27 16:11:57.447 290 351 D MesonHwc: received Uevent: MSC=10
05-27 16:11:57.447 290 351 D MesonHwc: received Uevent: MODALIAS=input:b0005v1D5ApC081e0000-e0,1,2,3,4,k71,72,73,74,77,80,82,83,85,86,87,88,89,8A,8B,8C,8E,90,96,98,9B,9C,9E,9F,A1,A3,A4,A5,A6,A7,A8,A9,AB,AC,AD,AE,B0,B1,B2,B5,B6,CE,CF,D0,D1,D2,D4,D8,D9,DB,DF,E0,E1,E4,E5,E6,E7,E8,E9,EA,EB,F0,F1,F4,100,161,162,166,16A,16E,172,174,176,177,178,179,17A,17B,17C,17D,17F,180,182,183,185,188,189,18C,18D,18E,18F,190,191,192,193,195,197,198,199,19A,19C,1A0,1A1,1A2,1A3,1A4,1A5,1A6,1A7,1A8,1A9,1AA,1AB,1AC,1AD,1AE,1AF,1B0,1B1,1B7,1BA,240,241,242,243,244,245,246,247,249,24A,250,251,r6,C,a20,m4,lsfw
05-27 16:11:57.447 290 351 D MesonHwc: received Uevent: SEQNUM=3609
01-01 08:05:27.193 0 0 I [2 T61 d.] [hdmitx: ] TV not support DV, clr dv_vsif
01-01 08:05:27.194 0 0 I [2 T61 d.] [hdmitx: ] DV H14b VSIF, switching signal to SDR
01-01 08:05:27.195 0 0 I [2 T61 ..] [hdmitx: ] hdmitx_set_hdr10plus_pkt: null vsif
01-01 08:05:27.196 0 0 I [2 T61 ..] [hdmitx: ] hdmitx21_video_mute_op: VID_UNMUTE path=0x4000000
05-27 16:11:57.450 290 351 D MesonHwc: received Uevent: change@/devices/virtual/amhdmitx/amhdmitx0
05-27 16:11:57.450 290 351 D MesonHwc: received Uevent: ACTION=change
05-27 16:11:57.450 320 328 I SystemControl: [/UEventObserver.cpp, HDMITxUenventThreadLoop, 451] HDMI TX switch_name:hdmitx_current_status, switch_state: 138
05-27 16:11:57.450 290 351 D MesonHwc: received Uevent: DEVPATH=/devices/virtual/amhdmitx/amhdmitx0
05-27 16:11:57.450 290 351 D MesonHwc: received Uevent: SUBSYSTEM=amhdmitx
05-27 16:11:57.450 290 351 D MesonHwc: received Uevent: hdmitx_current_status=138
05-27 16:11:57.450 290 351 D MesonHwc: received Uevent: MAJOR=492
05-27 16:11:57.450 290 351 D MesonHwc: received Uevent: MINOR=0
05-27 16:11:57.450 290 351 D MesonHwc: received Uevent: DEVNAME=amhdmitx0
05-27 16:11:57.450 290 351 D MesonHwc: received Uevent: SEQNUM=5299
05-27 16:11:57.450 290 351 D MesonHwc: received Uevent: ic, aocec-s7d
05-27 16:11:57.450 290 351 D MesonHwc: received Uevent: OF_COMPATIBLE_N=1
05-27 16:11:57.450 290 351 D MesonHwc: received Uevent: MODALIAS=of:NaocecT(null)Camlogic,_aocec-s7d
05-27 16:11:57.450 290 351 D MesonHwc: received Uevent: SEQNUM=5297
05-27 16:11:57.450 290 351 D MesonHwc: received Uevent: 5Ap0000C081
05-27 16:11:57.450 290 351 D MesonHwc: received Uevent: SEQNUM=3612
05-27 16:11:57.450 290 351 D MesonHwc: received Uevent: bfd4444600000000 1 130ff38b17c000 677bfad9415fed 9ed68000004400 10000002
05-27 16:11:57.450 290 351 D MesonHwc: received Uevent: REL=1040
05-27 16:11:57.450 290 351 D MesonHwc: received Uevent: ABS=100000000
05-27 16:11:57.450 290 351 D MesonHwc: received Uevent: MSC=10
05-27 16:11:57.450 290 351 D MesonHwc: received Uevent: MODALIAS=input:b0005v1D5ApC081e0000-e0,1,2,3,4,k71,72,73,74,77,80,82,83,85,86,87,88,89,8A,8B,8C,8E,90,96,98,9B,9C,9E,9F,A1,A3,A4,A5,A6,A7,A8,A9,AB,AC,AD,AE,B0,B1,B2,B5,B6,CE,CF,D0,D1,D2,D4,D8,D9,DB,DF,E0,E1,E4,E5,E6,E7,E8,E9,EA,EB,F0,F1,F4,100,161,162,166,16A,16E,172,174,176,177,178,179,17A,17B,17C,17D,17F,180,182,183,185,188,189,18C,18D,18E,18F,190,191,192,193,195,197,198,199,19A,19C,1A0,1A1,1A2,1A3,1A4,1A5,1A6,1A7,1A8,1A9,1AA,1AB,1AC,1AD,1AE,1AF,1B0,1B1,1B7,1BA,240,241,242,243,244,245,246,247,249,24A,250,251,r6,C,a20,m4,lsfw
05-27 16:11:57.450 290 351 D MesonHwc: received Uevent: SEQNUM=3609
05-27 16:11:57.450 290 351 D MesonHwc: received Uevent: change@/devices/virtual/amhdmitx/amhdmitx0
05-27 16:11:57.451 290 351 D MesonHwc: received Uevent: ACTION=change
05-27 16:11:57.451 290 351 D MesonHwc: received Uevent: DEVPATH=/devices/virtual/amhdmitx/amhdmitx0
05-27 16:11:57.451 290 351 D MesonHwc: received Uevent: SUBSYSTEM=amhdmitx
05-27 16:11:57.451 290 351 D MesonHwc: received Uevent: hdmitx_current_status=138
05-27 16:11:57.451 290 351 D MesonHwc: received Uevent: MAJOR=492
05-27 16:11:57.451 290 351 D MesonHwc: received Uevent: MINOR=0
05-27 16:11:57.451 290 351 D MesonHwc: received Uevent: DEVNAME=amhdmitx0
05-27 16:11:57.451 290 351 D MesonHwc: received Uevent: SEQNUM=5299
05-27 16:11:57.451 290 351 D MesonHwc: received Uevent: ic, aocec-s7d
05-27 16:11:57.451 290 351 D MesonHwc: received Uevent: OF_COMPATIBLE_N=1
05-27 16:11:57.451 290 351 D MesonHwc: received Uevent: MODALIAS=of:NaocecT(null)Camlogic,_aocec-s7d
05-27 16:11:57.451 290 351 D MesonHwc: received Uevent: SEQNUM=5297
05-27 16:11:57.451 290 351 D MesonHwc: received Uevent: 5Ap0000C081
05-27 16:11:57.451 290 351 D MesonHwc: received Uevent: SEQNUM=3612
05-27 16:11:57.451 290 351 D MesonHwc: received Uevent: bfd4444600000000 1 130ff38b17c000 677bfad9415fed 9ed68000004400 10000002
05-27 16:11:57.451 290 351 D MesonHwc: received Uevent: REL=1040
05-27 16:11:57.451 290 351 D MesonHwc: received Uevent: ABS=100000000
05-27 16:11:57.451 290 351 D MesonHwc: received Uevent: MSC=10
05-27 16:11:57.451 290 351 D MesonHwc: received Uevent: MODALIAS=input:b0005v1D5ApC081e0000-e0,1,2,3,4,k71,72,73,74,77,80,82,83,85,86,87,88,89,8A,8B,8C,8E,90,96,98,9B,9C,9E,9F,A1,A3,A4,A5,A6,A7,A8,A9,AB,AC,AD,AE,B0,B1,B2,B5,B6,CE,CF,D0,D1,D2,D4,D8,D9,DB,DF,E0,E1,E4,E5,E6,E7,E8,E9,EA,EB,F0,F1,F4,100,161,162,166,16A,16E,172,174,176,177,178,179,17A,17B,17C,17D,17F,180,182,183,185,188,189,18C,18D,18E,18F,190,191,192,193,195,197,198,199,19A,19C,1A0,1A1,1A2,1A3,1A4,1A5,1A6,1A7,1A8,1A9,1AA,1AB,1AC,1AD,1AE,1AF,1B0,1B1,1B7,1BA,240,241,242,243,244,245,246,247,249,24A,250,251,r6,C,a20,m4,lsfw
05-27 16:11:57.451 290 351 D MesonHwc: received Uevent: SEQNUM=3609
05-27 16:11:57.451 290 351 D MesonHwc: received Uevent: change@/devices/virtual/amhdmitx/amhdmitx0
05-27 16:11:57.451 290 351 D MesonHwc: received Uevent: ACTION=change
05-27 16:11:57.451 290 351 D MesonHwc: received Uevent: DEVPATH=/devices/virtual/amhdmitx/amhdmitx0
05-27 16:11:57.451 290 351 D MesonHwc: received Uevent: SUBSYSTEM=amhdmitx
05-27 16:11:57.451 290 351 D MesonHwc: received Uevent: hdmitx_hpd=0
05-27 16:11:57.451 320 371 I SystemControl: [/Ubootenv.cpp, get, 345] [ubootenv] search end and not find env:connector_type
05-27 16:11:57.452 495 532 I hdmicecd: [HdmiCecControl]:Hotplug event port:0, now:0, prevStatus:1 power:1
01-01 08:05:27.197 0 0 I [2 T61 ..] [hdmitx: ] hdmitx21_audio_mute_op: AUD_UNMUTE path=0x2000000
01-01 08:05:27.198 0 0 I [2 T61 ..] [hdmitx: ] set_hdcp2_topo: 0
01-01 08:05:27.198 0 0 I : [2 T61 ..] [drm] drm hdmitx hpd notify
05-27 16:11:57.452 290 351 D MesonHwc: sc_read_bootenv val is empty
05-27 16:11:57.452 290 351 D MesonHwc: getConnectorType, get ubootenv.var.connector_type from uboot env, return (null)
05-27 16:11:57.452 290 351 D MesonHwc: getConnectorType-0 get connector type hdmi--65536
05-27 16:11:57.452 495 532 I hdmiconnection: hot plug port id 0, is connected 0
05-27 16:11:57.452 290 351 D MesonHwc: DrmProperty: EDID (1), value [0]
05-27 16:11:57.452 290 351 D MesonHwc: DrmProperty: content type (77), value [0]
05-27 16:11:57.453 290 351 D MesonHwc: DrmProperty: vrr_capable (78), value [0]
05-27 16:11:57.453 290 351 D MesonHwc: DrmProperty: UPDATE (79), value [0]
05-27 16:11:57.453 290 351 D MesonHwc: DrmProperty: color_depth (80), value [8]
05-27 16:11:57.453 290 351 D MesonHwc: DrmProperty: color_space (81), value [2]
05-27 16:11:57.453 290 351 D MesonHwc: DrmProperty: MESON_DRM_HDMITX_PROP_AVMUTE (82), value [0]
05-27 16:11:57.453 290 351 D MesonHwc: DrmProperty: hdmi_hdr_status (83), value [6]
05-27 16:11:57.453 290 351 D MesonHwc: DrmProperty: dv_cap (85), value [0]
05-27 16:11:57.453 290 351 D MesonHwc: DrmProperty: contenttype_cap (89), value [1]
05-27 16:11:57.453 290 351 D MesonHwc: DrmProperty: hdr_priority (91), value [268435472]
05-27 16:11:57.453 290 351 D MesonHwc: DrmProperty: ready (92), value [0]
05-27 16:11:57.453 290 351 D MesonHwc: DrmProperty: allm_cap (95), value [0]
05-27 16:11:57.453 290 351 D MesonHwc: DrmProperty: dc_cap (96), value [512]
05-27 16:11:57.453 290 351 E MesonHwc: DrmConnector[HDMI-A] still DISCONNECTED.
05-27 16:11:57.453 290 351 D MesonHwc: ERR: PLEASE FIX NON-IMPLEMENT FUN(update).
05-27 16:11:57.453 320 371 I SystemControl: [/Ubootenv.cpp, get, 345] [ubootenv] search end and not find env:connector_type
05-27 16:11:57.455 320 328 I SystemControl: [/UEventObserver.cpp, HDMITxUenventThreadLoop, 451] HDMI TX switch_name:hdmitx_hpd, switch_state: 0
05-27 16:11:57.455 320 328 I SystemControl: [/DisplayMode.cpp, onTxEvent, 3267] onTxEvent switchName:hdmitx_hpd hpdstate:0 state: 1
05-27 16:11:57.455 320 328 I SystemControl: [/SysWrite.cpp, getKernelReleaseVersion, 701] getKernelReleaseVersion: 5.15
05-27 16:11:57.455 320 328 I SystemControl: [/SystemControlHal.cpp, onEvent, 72] onEvent event:2, client size:5
05-27 16:11:57.455 290 351 D MesonHwc: sc_read_bootenv val is empty
05-27 16:11:57.455 290 351 D MesonHwc: getConnectorType, get ubootenv.var.connector_type from uboot env, return (null)
05-27 16:11:57.455 488 509 I SystemControlClient: notifyCallback event type:2
05-27 16:11:57.456 488 509 I SystemControlClient: notifyCallback: listener is NULL.
05-27 16:11:57.456 290 351 D MesonHwc: getConnectorType-0 get connector type hdmi--65536
05-27 16:11:57.456 290 351 D MesonHwc: getConnectorCfg: get display 0, connector 13
05-27 16:11:57.456 320 328 I SystemControl: [/Ubootenv.cpp, get, 336] [ubootenv] get key:hdmimode envValue: 576p50hz
05-27 16:11:57.456 320 328 I SystemControl: [/Ubootenv.cpp, get, 336] [ubootenv] get key:is.bestmode envValue: false
05-27 16:11:57.456 320 328 I SystemControl: [/Ubootenv.cpp, get, 345] [ubootenv] search end and not find env:user_colorattribute
05-27 16:11:57.456 320 328 I SystemControl: [/Ubootenv.cpp, get, 345] [ubootenv] search end and not find env:hdr_force_mode
05-27 16:11:57.456 320 328 I SystemControl: [/DisplayMode.cpp, gethdrforcemode, 2742] get hdr force mode is [2]
05-27 16:11:57.456 320 328 I SystemControl: [/Ubootenv.cpp, get, 336] [ubootenv] get key:hdr_policy envValue: 0
05-27 16:11:57.456 320 328 I SystemControl: [/DisplayMode.cpp, getHdrStrategy, 2758] getHdrStrategy is [0]
05-27 16:11:57.457 320 328 I SystemControl: [/Ubootenv.cpp, get, 336] [ubootenv] get key:hdr_priority envValue: 268435472
05-27 16:11:57.457 320 328 I SystemControl: [/DisplayMode.cpp, getHdrPriority, 2891] getHdrPriority is [0x10000010]
05-27 16:11:57.457 320 328 I SystemControl: [/DisplayMode.cpp, getCommonData, 1534] isbestcolorspace:1, isbestpolicy:0, hdr_policy:0, hdr_priority :268435472, hdr_force_mode:2
05-27 16:11:57.457 487 516 I SystemControlClient: notifyCallback event type:2
05-27 16:11:57.457 487 516 I SystemControlClient: notifyCallback: listener is NULL.
05-27 16:11:57.457 290 351 D MesonHwc: FixedDisplayPipe::isVMXCertification:0
05-27 16:11:57.457 240 800 I SystemControlClient: notifyCallback event type:2
05-27 16:11:57.457 240 800 I SystemControlClient: notifyCallback: listener is NULL.
05-27 16:11:57.457 290 351 E MesonHwc: FixedDisplayPipe::getConnectorCfg 15
05-27 16:11:57.457 290 351 D MesonHwc: handleEvent DRM_EVENT_HDMITX_HOTPLUG 11 VS 15
05-27 16:11:57.457 290 351 E MesonHwc: read screen size 0x0 from vinfo
05-27 16:11:57.457 290 351 E MesonHwc: dolby vision driver is not ready
05-27 16:11:57.457 290 351 D MesonHwc: Connector VIRTUAL loadDisplayModes get 1 modes
05-27 16:11:57.457 290 351 I MesonHwc: add display mode (dummy_l-dummy_l-127, 720x480, 56.000000) dpi(0,0), hskew(0)
05-27 16:11:57.457 290 351 I MesonHwc: loadDisplayModes (1) end
05-27 16:11:57.458 290 351 D MesonHwc: HwcDisplayPipe::updatePipe 0.
05-27 16:11:57.458 486 1121 I SystemControlClient: notifyCallback event type:2
05-27 16:11:57.458 486 1121 I SystemControlClient: notifyCallback: listener is NULL.
05-27 16:11:57.458 320 371 I SystemControl: [/Ubootenv.cpp, get, 345] [ubootenv] search end and not find env:connector_type
05-27 16:11:57.458 1053 1179 I SystemControlEvent: system control callback event: 2
05-27 16:11:57.459 290 351 D MesonHwc: sc_read_bootenv val is empty
05-27 16:11:57.459 290 351 D MesonHwc: getConnectorType, get ubootenv.var.connector_type from uboot env, return (null)
05-27 16:11:57.459 290 351 D MesonHwc: getConnectorType-0 get connector type hdmi--65536
05-27 16:11:57.459 290 351 D MesonHwc: getConnectorCfg: get display 0, connector 13
05-27 16:11:57.459 290 351 D MesonHwc: FixedDisplayPipe::isVMXCertification:0
05-27 16:11:57.459 290 351 E MesonHwc: FixedDisplayPipe::getConnectorCfg 15
05-27 16:11:57.459 290 351 D MesonHwc: HwcDisplayPipe::updatePipe (0) [CHANGED], crtc (0) connector (15)
05-27 16:11:57.459 290 351 D MesonHwc: HwcDisplayPipe::updatePipe 0 changed
05-27 16:11:57.459 290 351 D MesonHwc: ERR: PLEASE FIX NON-IMPLEMENT FUN(update).
05-27 16:11:57.460 290 351 E MesonHwc: read screen size 0x0 from vinfo
05-27 16:11:57.460 290 351 E MesonHwc: dolby vision driver is not ready
05-27 16:11:57.460 290 351 D MesonHwc: Connector VIRTUAL loadDisplayModes get 1 modes
05-27 16:11:57.460 290 351 I MesonHwc: add display mode (dummy_l-dummy_l-127, 720x480, 56.000000) dpi(0,0), hskew(0)
05-27 16:11:57.460 290 351 I MesonHwc: loadDisplayModes (1) end
05-27 16:11:57.460 290 351 D MesonHwc: unbind pipe (0)
05-27 16:11:57.460 290 351 D MesonHwc: bind pipe (0),crtc(63)connector(101)
05-27 16:11:57.460 290 351 D MesonHwc: RealModeMgr::update: nextModeId:555
05-27 16:11:57.460 290 351 D MesonHwc: RealModeMgr::update get current mode:576p50hz
05-27 16:11:57.460 290 351 D MesonHwc: RealModeMgr::update use previous mode (720x576-50.00)
05-27 16:11:57.460 290 351 D MesonHwc: updatePipe connector:VIRTUAL, connected:1
01-01 08:05:27.208 0 0 I [1 T351 ..] vc: [0]get capability: min 64 64; max 4096 2160
01-01 08:05:27.208 0 0 I [1 T351 ..] vc: [1]get capability: min 64 64; max 2048 1080
05-27 16:11:57.460 290 351 I MesonHwc: HwcConfig::default frame buffer size (1920 x 1080)
05-27 16:11:57.461 715 715 D HDMI : Hotplug event:[port:0, connected:false]
05-27 16:11:57.461 715 715 D HDMI : reset tv status for hotplug out
05-27 16:11:57.461 290 351 D MesonHwc: Update composition MultiplanesWithDiComposition -> MultiplanesWithDiComposition
05-27 16:11:57.461 290 351 E MesonHwc: Do Nothing in updateDisplayMode .
05-27 16:11:57.461 290 351 D MesonHwc: [setPendingMode] pending modes vector empty
05-27 16:11:57.461 290 351 D MesonHwc: displayID:0, On hot plug: [Plug out]
05-27 16:11:57.461 290 351 D MesonHwc: ModePolicy handle hotplug:0
05-27 16:11:57.461 715 715 D AudioService: onStatusChange cecEnabled:true available:false
05-27 16:11:57.461 290 351 V MesonDisplayServer: GetDisplayMode:576p50hz
05-27 16:11:57.461 290 351 I MesonHwc: getDisplayMode mode:576p50hz
05-27 16:11:57.461 715 715 D AudioService: TV, no CEC: setting HDMI as regular vol device
05-27 16:11:57.462 715 715 D AudioService: Removing DeviceType: 0x400 from mFullVolumeDevices
05-27 16:11:57.462 715 715 D AudioService: Removing DeviceType: 0x400 from mFixedVolumeDevices
05-27 16:11:57.462 715 715 D AudioService: Removing DeviceType: 0x400 from mAbsoluteVolumeDeviceInfoMap
05-27 16:11:57.462 715 821 V WindowManager: app ------------- force_land :0
05-27 16:11:57.463 1444 1444 E xxxxxxxxxxxxxxx: onReceive:mIsHDMIPlugged = false
05-27 16:11:57.463 489 519 D hdmicecd: [HdmiCecControl]:getPhysicalAddress, physical addr: ffff, last pa: 2000, ret = 0
05-27 16:11:57.467 478 542 D xm_audio: adev_get_parameters
05-27 16:11:57.468 290 346 V MesonDisplayServer: GetDisplayMode:576p50hz
05-27 16:11:57.468 320 328 I SystemControl: [/DisplayMode.cpp, getDisplayMode, 2331] getDisplayMode mode:576p50hz
05-27 16:11:57.468 320 328 I SystemControl: [/Ubootenv.cpp, get, 336] [ubootenv] get key:hdmimode envValue: 576p50hz
05-27 16:11:57.468 320 328 I SystemControl: [/Ubootenv.cpp, get, 336] [ubootenv] get key:cvbsmode envValue: 576cvbs
05-27 16:11:57.468 320 328 I SystemControl: [/DisplayMode.cpp, getCommonData, 1542] hdmi_current_mode:576p50hz, ubootenv hdmimode:576p50hz cvbsmode:576cvbs
05-27 16:11:57.469 290 346 D MesonDisplayServer: use connector getDisplayAttribute "HDMI Color ATTR": "444,8bit"
05-27 16:11:57.470 320 328 I SystemControl: [/Ubootenv.cpp, get, 345] [ubootenv] search end and not find env:user_colorattribute
05-27 16:11:57.470 320 328 I SystemControl: [/DisplayMode.cpp, getCommonData, 1554] hdmi_current_attr:444,8bit, ubootenv_colorattribute:none
05-27 16:11:57.470 320 328 I SystemControl: [/Ubootenv.cpp, get, 345] [ubootenv] search end and not find env:dv_enable
05-27 16:11:57.470 320 328 I SystemControl: [/DisplayMode.cpp, getCommonData, 1567] dv_enable:0
05-27 16:11:57.470 320 328 I SystemControl: [/Ubootenv.cpp, get, 345] [ubootenv] search end and not find env:user_prefer_dv_type
05-27 16:11:57.470 320 328 I SystemControl: [/DisplayMode.cpp, getCommonData, 1578] ubootenv_dv_type:0
05-27 16:11:57.470 320 328 I SystemControl: [/DisplayMode.cpp, getHdmiData, 1721] display sink type:0 [0:none, 1:sink, 2:repeater]
05-27 16:11:57.470 320 328 I SystemControl: [/DisplayMode.cpp, filterHdmiDispcap, 1398] before filtered HdmiDispcap:
05-27 16:11:57.470 320 328 I SystemControl: [/DisplayMode.cpp, filterHdmiDispcap, 1427] after filtered HdmiDispcap:
05-27 16:11:57.470 478 542 D xm_audio: adev_get_parameters
05-27 16:11:57.471 715 821 I WiredAccessoryManager: MSG_NEW_DEVICE_STATE
05-27 16:11:57.471 715 715 I AS.AudioDeviceInventory: NOISY: adding 0x400
05-27 16:11:57.471 1444 1444 E xxxxxxxxxxxxxxx: onReceive:mIsHDMIPlugged = false
05-27 16:11:57.475 290 351 I MesonHwc: setSysfsStr /sys/devices/virtual/amhdmitx/amhdmitx0/avmute= 1
05-27 16:11:57.476 478 1797 D xm_audio: adev_get_parameters
05-27 16:11:57.476 290 346 D MesonDisplayServer: getDisplayAttribute "Dolby Vision CAP2": "The Rx don't support DolbyVision"
01-01 08:05:27.222 0 0 I [0 T351 ..] [hdmitx: ] avmute_store 1
05-27 16:11:57.477 320 328 E SystemControl: [/DisplayMode.cpp, getHdmiDvCap, 1618] TV isn't support dolby vision: The Rx don't support DolbyVision
05-27 16:11:57.477 320 328 I SystemControl: [/DisplayMode.cpp, onTxEvent, 3294] onTxEvent boot config enable do nothing, just return
05-27 16:11:57.477 320 328 I SystemControl: [/UEventObserver.cpp, HDMITxUenventThreadLoop, 451] HDMI TX switch_name:hdmitx_audio, switch_state: 0
05-27 16:11:57.477 320 328 I SystemControl: [/DisplayMode.cpp, onTxEvent, 3267] onTxEvent switchName:hdmitx_audio hpdstate:0 state: 1
05-27 16:11:57.477 320 328 I SystemControl: [/SysWrite.cpp, getKernelReleaseVersion, 701] getKernelReleaseVersion: 5.15
05-27 16:11:57.478 320 328 I SystemControl: [/SystemControlHal.cpp, onEvent, 72] onEvent event:4, client size:5
05-27 16:11:57.478 478 542 D xm_audio: adev_get_parameters
05-27 16:11:57.478 488 509 I SystemControlClient: notifyCallback event type:4
05-27 16:11:57.478 488 509 I SystemControlClient: notifyCallback: listener is NULL.
05-27 16:11:57.479 487 516 I SystemControlClient: notifyCallback event type:4
05-27 16:11:57.479 487 516 I SystemControlClient: notifyCallback: listener is NULL.
05-27 16:11:57.479 240 800 I SystemControlClient: notifyCallback event type:4
05-27 16:11:57.479 240 800 I SystemControlClient: notifyCallback: listener is NULL.
05-27 16:11:57.479 486 1121 I SystemControlClient: notifyCallback event type:4
05-27 16:11:57.479 486 1121 I SystemControlClient: notifyCallback: listener is NULL.
05-27 16:11:57.479 1053 1179 I SystemControlEvent: system control callback event: 4
05-27 16:11:57.484 478 478 D xm_audio: adev_get_parameters
05-27 16:11:57.486 478 542 D xm_audio: adev_get_parameters
05-27 16:11:57.492 478 542 D xm_audio: adev_get_parameters
05-27 16:11:57.494 478 542 D xm_audio: adev_get_parameters
05-27 16:11:57.500 478 542 D xm_audio: adev_get_parameters
05-27 16:11:57.503 478 542 D xm_audio: adev_get_parameters
01-01 08:05:27.254 0 0 W : [3 T1054 ..] [SP FRAME RX] DHCP[0 1], vif_idx:0
05-27 16:11:57.509 478 542 D xm_audio: adev_get_parameters
05-27 16:11:57.510 478 542 D xm_audio: adev_get_parameters
05-27 16:11:57.515 478 542 D xm_audio: adev_get_parameters
05-27 16:11:57.516 478 542 D xm_audio: adev_get_parameters
05-27 16:11:57.521 478 542 D xm_audio: adev_get_parameters
05-27 16:11:57.522 478 542 D xm_audio: adev_get_parameters
05-27 16:11:57.527 478 542 D xm_audio: adev_get_parameters
05-27 16:11:57.528 478 542 D xm_audio: adev_get_parameters
05-27 16:11:57.533 478 478 D xm_audio: adev_get_parameters
05-27 16:11:57.535 478 542 D xm_audio: adev_get_parameters
05-27 16:11:57.538 715 715 I AS.AudioDeviceInventory: NOISY: musicDevice changing from NONE to 0x400
05-27 16:11:57.539 715 715 I AS.AudioDeviceInventory: dropping ACTION_AUDIO_BECOMING_NOISY
05-27 16:11:57.540 715 873 D AudioService: setWiredDeviceConnectionState( type:400 state:DEVICE_STATE_UNAVAILABLE addr: name:) from android
05-27 16:11:57.540 715 873 I AS.AudioDeviceInventory: handleDeviceConnection(false dev:400 address: name:)
05-27 16:11:57.540 715 873 I AS.AudioDeviceInventory: deviceKey:0x400:
05-27 16:11:57.540 715 873 I AS.AudioDeviceInventory: deviceInfo:[DeviceInfo: type:0x400 (hdmi) name: addr: codec: 0 sensorUuid: null disabled modes: {}] is(already)Connected:true
05-27 16:11:57.541 535 2034 I APM_AudioPolicyManager: [setDeviceConnectionState:256] curForceUse:NONE(0) disconnect_forceuse:HDMI(9)
05-27 16:11:57.541 478 478 D xm_audio: adev_get_parameters
05-27 16:11:57.542 478 478 I audio_hw_hal_primary: [adev_set_device_connected_state_v7:9037] disconnected address:, num_descriptors:0, num_profiles:7
05-27 16:11:57.542 478 478 I audio_hw_hal_primary: [set_device_connect_state:4044] state:0, dev:OUT_HDMI(0x400), pre_out:0x80002, pre_in:0x4
05-27 16:11:57.542 478 478 D audio_hw_hal_resourcemgr: [set_output_device_avail:353] device:0x400 avail_out_devices:400 routed_out_devices:0x400
05-27 16:11:57.544 478 478 D xm_audio: adev_get_parameters
05-27 16:11:57.547 535 2034 W APM::Devices: DeviceVector::remove device 00000400 not in
05-27 16:11:57.549 715 873 I AS.AudioDeviceInventory: sendDeviceConnectionIntent(dev:0x400 state:0x0 address: name:);
05-27 16:11:57.555 715 715 V MediaRouter: Audio routes updated: AudioRoutesInfo{ type=SPEAKER }, a2dp=false
05-27 16:11:57.555 931 931 V MediaRouter: Audio routes updated: AudioRoutesInfo{ type=SPEAKER }, a2dp=false
05-27 16:11:57.556 715 715 V MediaRouter: Selecting route: RouteInfo{ name=电视, description=null, status=null, category=RouteCategory{ name=系统 types=ROUTE_TYPE_LIVE_AUDIO ROUTE_TYPE_LIVE_VIDEO groupable=false }, supportedTypes=ROUTE_TYPE_LIVE_AUDIO ROUTE_TYPE_LIVE_VIDEO , presentationDisplay=null }
05-27 16:11:57.556 931 931 V MediaRouter: Selecting route: RouteInfo{ name=电视, description=null, status=null, category=RouteCategory{ name=系统 types=ROUTE_TYPE_LIVE_AUDIO ROUTE_TYPE_LIVE_VIDEO groupable=false }, supportedTypes=ROUTE_TYPE_LIVE_AUDIO ROUTE_TYPE_LIVE_VIDEO , presentationDisplay=null }
05-27 16:11:57.565 478 478 D xm_audio: adev_get_parameters
05-27 16:11:57.567 478 478 D xm_audio: adev_get_parameters
05-27 16:11:57.571 478 478 D xm_audio: adev_get_parameters
05-27 16:11:57.572 478 478 D xm_audio: adev_get_parameters
05-27 16:11:57.575 290 351 I MesonHwc: setDisplayMode mode:dummy_l
05-27 16:11:57.575 290 351 D MesonDisplayServer: SetDisplay[CVBS] Mode to "dummy_l"
05-27 16:11:57.575 290 351 D MesonHwc: blankDisplay connectorType:15
05-27 16:11:57.575 290 351 D MesonHwc: [setConnectorStatus]: power mode 2
05-27 16:11:57.575 290 351 D MesonHwc: displayId:0, blank all display planes
05-27 16:11:57.577 478 478 D xm_audio: adev_get_parameters
05-27 16:11:57.578 478 478 D xm_audio: adev_get_parameters
05-27 16:11:57.581 478 478 D xm_audio: adev_get_parameters
05-27 16:11:57.582 478 478 D xm_audio: adev_get_parameters
05-27 16:11:57.586 478 478 D xm_audio: adev_get_parameters
05-27 16:11:57.587 478 478 D xm_audio: adev_get_parameters
05-27 16:11:57.590 478 478 D xm_audio: adev_get_parameters
05-27 16:11:57.591 478 478 D xm_audio: adev_get_parameters
05-27 16:11:57.595 478 478 D xm_audio: adev_get_parameters
05-27 16:11:57.596 478 478 D xm_audio: adev_get_parameters
01-01 08:05:27.340 0 0 I : [2 T351 ..] [drm] [meson_hdmitx_encoder_atomic_disable]
01-01 08:05:27.341 0 0 I : [2 T351 ..] [drm] am_meson_crtc_atomic_disable-[0]:in
01-01 08:05:27.341 0 0 I [2 T351 d.] [hdmitx: ] hdmitx_set_drm_pkt: disable drm pkt
01-01 08:05:27.342 0 0 I [2 T351 d.] [hdmitx: ] TV not support DV, clr dv_vsif
01-01 08:05:27.343 0 0 I [2 T351 d.] [hdmitx: ] DV H14b VSIF, switching signal to SDR
01-01 08:05:27.344 0 0 I [2 T351 ..] [hdmitx: ] hdmitx_set_hdr10plus_pkt: null vsif
05-27 16:11:57.597 320 328 I SystemControl: [/UEventObserver.cpp, HDMITxUenventThreadLoop, 451] HDMI TX switch_name:hdmitx_current_status, switch_state: 139
01-01 08:05:27.346 0 0 I [2 T351 ..] [hdmitx: ] hdmitx_unregister_vrr ret = 0
01-01 08:05:27.346 0 0 I : [2 T351 ..] [drm] am_meson_crtc_atomic_enable-[0] in: new[dummy_l], old[576p50hz], vmode[4-4], uboot[0]
01-01 08:05:27.347 0 0 I : [2 T351 ..] [drm] am_meson_crtc_atomic_enable-[0]: enable mode dummy_l final vmode 7
01-01 08:05:27.348 0 0 I : [2 T351 ..] dummy_encl_set_current_vmode finished
01-01 08:05:27.349 0 0 I : [2 T351 ..] [drm] meson_vout_update_mode_name: dummy update vout 1 name dummy_l.
05-27 16:11:57.603 478 478 D xm_audio: adev_get_parameters
05-27 16:11:57.605 478 478 D xm_audio: adev_get_parameters
01-01 08:05:27.350 0 0 I : [2 T351 ..] [drm] meson_dummyl_encoder_atomic_enable: vmode:7 skip atomic enable!
05-27 16:11:57.610 478 478 D xm_audio: adev_get_parameters
05-27 16:11:57.612 478 478 D xm_audio: adev_get_parameters
05-27 16:11:57.615 478 478 D xm_audio: adev_get_parameters
05-27 16:11:57.616 478 478 D xm_audio: adev_get_parameters
05-27 16:11:57.618 290 351 D MesonHwc: setmode:crtc[63], name [dummy_l] -modeblob[127] [720x480-56.00] seamless:0 enableVrr:0
05-27 16:11:57.618 290 351 D MesonHwc: displayId:0, blank all display planes
05-27 16:11:57.619 478 478 D xm_audio: adev_get_parameters
05-27 16:11:57.620 478 478 D xm_audio: adev_get_parameters
05-27 16:11:57.635 290 351 D MesonHwc: RealModeMgr::update: nextModeId:556
05-27 16:11:57.635 290 351 D MesonHwc: RealModeMgr::update use previous mode (720x576-50.00)
05-27 16:11:57.635 290 351 D MesonHwc: drmplane clear drm bo caches
05-27 16:11:57.635 290 351 D MesonHwc: drmplane clear drm bo caches
05-27 16:11:57.635 290 351 D MesonHwc: cleanupBeforeDestroy displayId:0, clear layers
05-27 16:11:57.635 290 351 D MesonHwc: On hotplug, Fn: 0x989b931, Data: 0xe8cc35e0, display: 0, connection: 1
05-27 16:11:57.635 290 351 D MesonComposer3: halEventcallback onHotplug client3.0
05-27 16:11:57.636 290 382 D MesonHwc: No edid for (VIRTUAL),use default edid instead.
05-27 16:11:57.636 290 382 E MesonHwc: getPort 15
05-27 16:11:57.636 290 382 D MesonHwc: No edid for (VIRTUAL),use default edid instead.
05-27 16:11:57.636 290 351 D MesonHwc: received Uevent: change@/devices/virtual/amhdmitx/amhdmitx0
05-27 16:11:57.636 290 382 E MesonHwc: getPort 15
05-27 16:11:57.636 290 351 D MesonHwc: received Uevent: ACTION=change
05-27 16:11:57.636 290 351 D MesonHwc: received Uevent: DEVPATH=/devices/virtual/amhdmitx/amhdmitx0
05-27 16:11:57.636 290 351 D MesonHwc: received Uevent: SUBSYSTEM=amhdmitx
05-27 16:11:57.636 290 351 D MesonHwc: received Uevent: hdmitx_audio=0
05-27 16:11:57.636 290 351 D MesonHwc: received Uevent: MAJOR=492
05-27 16:11:57.636 290 351 D MesonHwc: received Uevent: MINOR=0
05-27 16:11:57.636 290 351 D MesonHwc: received Uevent: DEVNAME=amhdmitx0
05-27 16:11:57.636 290 351 D MesonHwc: received Uevent: SEQNUM=5302
05-27 16:11:57.636 290 351 D MesonHwc: received Uevent: change@/devices/virtual/amhdmitx/amhdmitx0
05-27 16:11:57.636 290 351 D MesonHwc: received Uevent: ACTION=change
05-27 16:11:57.636 290 351 D MesonHwc: received Uevent: DEVPATH=/devices/virtual/amhdmitx/amhdmitx0
05-27 16:11:57.636 290 351 D MesonHwc: received Uevent: SUBSYSTEM=amhdmitx
05-27 16:11:57.636 290 351 D MesonHwc: received Uevent: hdmitx_audio=0
05-27 16:11:57.636 290 351 D MesonHwc: received Uevent: MAJOR=492
05-27 16:11:57.636 290 351 D MesonHwc: received Uevent: MINOR=0
05-27 16:11:57.636 290 351 D MesonHwc: received Uevent: DEVNAME=amhdmitx0
05-27 16:11:57.636 290 351 D MesonHwc: received Uevent: SEQNUM=5302
05-27 16:11:57.636 290 351 D MesonHwc: received Uevent: change@/devices/virtual/amhdmitx/amhdmitx0
05-27 16:11:57.636 290 351 D MesonHwc: received Uevent: ACTION=change
05-27 16:11:57.636 290 351 D MesonHwc: received Uevent: DEVPATH=/devices/virtual/amhdmitx/amhdmitx0
05-27 16:11:57.636 290 351 D MesonHwc: received Uevent: SUBSYSTEM=amhdmitx
05-27 16:11:57.636 290 351 D MesonHwc: received Uevent: hdmitx_current_status=139
05-27 16:11:57.636 290 351 D MesonHwc: received Uevent: MAJOR=492
05-27 16:11:57.636 290 351 D MesonHwc: received Uevent: MINOR=0
05-27 16:11:57.636 290 351 D MesonHwc: received Uevent: DEVNAME=amhdmitx0
05-27 16:11:57.636 290 351 D MesonHwc: received Uevent: SEQNUM=5306
05-27 16:11:57.636 290 351 D MesonHwc: received Uevent: NUM=5305
05-27 16:11:57.636 290 351 D MesonHwc: received Uevent: s7d
05-27 16:11:57.636 290 351 D MesonHwc: received Uevent: OF_COMPATIBLE_N=1
05-27 16:11:57.636 290 351 D MesonHwc: received Uevent: MODALIAS=of:NaocecT(null)Camlogic,_aocec-s7d
05-27 16:11:57.636 290 351 D MesonHwc: received Uevent: SEQNUM=5304
05-27 16:11:57.636 290 351 D MesonHwc: received Uevent: change@/devices/virtual/amhdmitx/amhdmitx0
05-27 16:11:57.636 290 351 D MesonHwc: received Uevent: ACTION=change
05-27 16:11:57.636 290 351 D MesonHwc: received Uevent: DEVPATH=/devices/virtual/amhdmitx/amhdmitx0
05-27 16:11:57.636 290 351 D MesonHwc: received Uevent: SUBSYSTEM=amhdmitx
05-27 16:11:57.636 290 351 D MesonHwc: received Uevent: hdmitx_current_status=139
05-27 16:11:57.636 290 351 D MesonHwc: received Uevent: MAJOR=492
05-27 16:11:57.636 290 351 D MesonHwc: received Uevent: MINOR=0
05-27 16:11:57.636 290 351 D MesonHwc: received Uevent: DEVNAME=amhdmitx0
05-27 16:11:57.636 290 351 D MesonHwc: received Uevent: SEQNUM=5306
05-27 16:11:57.636 290 351 D MesonHwc: received Uevent: NUM=5305
05-27 16:11:57.636 290 351 D MesonHwc: received Uevent: s7d
05-27 16:11:57.636 290 351 D MesonHwc: received Uevent: OF_COMPATIBLE_N=1
05-27 16:11:57.636 290 351 D MesonHwc: received Uevent: MODALIAS=of:NaocecT(null)Camlogic,_aocec-s7d
05-27 16:11:57.636 290 351 D MesonHwc: received Uevent: SEQNUM=5304
05-27 16:11:57.636 264 264 I SurfaceFlinger: Reconnecting display 4620747849504298251 (HAL ID 0)
05-27 16:11:57.637 290 382 E MesonComposer3: destroyLayer: display:0 failed to destroy layer:327
05-27 16:11:57.637 264 264 E HwcComposer: destroyLayer failed Status(-8, EX_SERVICE_SPECIFIC): '3: '
05-27 16:11:57.637 264 264 E HWC2 : destroyLayer(0, 327) failed: BadLayer (3)
05-27 16:11:57.637 290 382 E MesonComposer3: destroyLayer: display:0 failed to destroy layer:70
05-27 16:11:57.637 264 264 E HwcComposer: destroyLayer failed Status(-8, EX_SERVICE_SPECIFIC): '3: '
05-27 16:11:57.637 264 264 E HWC2 : destroyLayer(0, 70) failed: BadLayer (3)
05-27 16:11:57.637 264 264 E HwcComposer: setClientTargetSlotCount failed Status(-8, EX_SERVICE_SPECIFIC): '4: '
05-27 16:11:57.643 264 264 I Scheduler: Display 4620747849504298251 is the pacesetter
05-27 16:11:57.643 264 4996 E SchedulerTimer: Terminated
05-27 16:11:57.643 264 264 D SurfaceFlinger: Setting power mode 2 on display 4620747849504298251
05-27 16:11:57.643 264 393 W EventThread: Failed dispatching Hotplug{displayId=4620747849504298251, connected} for Connection{0xf2542d10, VSyncRequest::None}
05-27 16:11:57.643 264 394 W EventThread: Failed dispatching Hotplug{displayId=4620747849504298251, connected} for Connection{0xf2543110, VSyncRequest::None}
05-27 16:11:57.643 290 382 D MesonHwc: setPowerMode 2
05-27 16:11:57.644 264 264 D SurfaceFlinger: Finished setting power mode 2 on display 4620747849504298251
05-27 16:11:57.646 715 741 I DisplayDeviceRepository: Display device changed: DisplayDeviceInfo{"内置屏幕": uniqueId="local:4620747849504298251", 720 x 576, modeId 297, renderFrameRate 50.0, defaultModeId 297, supportedModes [{id=297, width=720, height=576, fps=50.0, alternativeRefreshRates=[], supportedHdrTypes=[]}, {id=461, width=1920, height=1080, fps=119.88013, alternativeRefreshRates=[], supportedHdrTypes=[]}, {id=462, width=1920, height=1080, fps=120.00001, alternativeRefreshRates=[], supportedHdrTypes=[]}, {id=463, width=4096, height=2160, fps=23.976025, alternativeRefreshRates=[], supportedHdrTypes=[]}, {id=464, width=4096, height=2160, fps=24.000002, alternativeRefreshRates=[], supportedHdrTypes=[]}, {id=465, width=3840, height=2160, fps=29.97003, alternativeRefreshRates=[], supportedHdrTypes=[]}, {id=466, width=3840, height=2160, fps=30.000002, alternativeRefreshRates=[], supportedHdrTypes=[]}, {id=467, width=3840, height=2160, fps=25.0, alternativeRefreshRates=[], supportedHdrTypes=[]}, {id=468, width=3840, height=2160, fps=23.976025, alternativeRefreshRates=[], supportedHdrTypes=[]}, {id=469, width=3840, height=2160, fps=24.000002, alternativeRefreshRates=[], supportedHdrTypes=[]}, {id=470, width=1920, height=1080, fps=59.94006, alternativeRefreshRates=[], supportedHdrTypes=[]}, {id=471, width=1920, height=1080, fps=60.000004, alternativeRefreshRates=[], supportedHdrTypes=[]}, {id=472, width=1920, height=1080, fps=50.0, alternativeRefreshRates=[], supportedHdrTypes=[]}, {id=473, width=1920, height=1080, fps=29.97003, alternativeRefreshRates=[], supportedHdrTypes=[]}, {id=474, width=1920, height=1080, fps=30.000002, alternativeRefreshRates=[], supportedHdrTypes=[]}, {id=475, width=1920, height=1080, fps=23.976025, alternativeRefreshRates=[], supportedHdrTypes=[]}, {id=476, width=1920, height=1080, fps=24.000002, alternativeRefreshRates=[], supportedHdrTypes=[]}, {id=477, width=1280, height=720, fps=119.88013, alternativeRefreshRates=[], supportedHdrTypes=[]}, {id=478, width=1280, height=720, fps=120.00001, alternativeRefreshRates=[], supportedHdrTypes=[]}, {id=479, width=1280, height=720, fps=59.94006, alternativeRefreshRates=[], supportedHdrTypes=[]}, {id=480, width=1280, height=720, fps=60.000004, alternativeRefreshRates=[], supportedHdrTypes=[]}, {id=481, width=1280, height=720, fps=50.0, alternativeRefreshRates=[], supportedHdrTypes=[]}, {id=482, width=1280, height=720, fps=29.97003, alternativeRefreshRates=[], supportedHdrTypes=[]}, {id=483, width=1280, height=720, fps=30.000002, alternativeRefreshRates=[], supportedHdrTypes=[]}, {id=484, width=1280, height=720, fps=23.976025, alternativeRefreshRates=[], supportedHdrTypes=[]}, {id=485, width=1280, height=720, fps=24.000002, alternativeRefreshRates=[], supportedHdrTypes=[]}, {id=486, width=720, height=480, fps=59.94006, alternativeRefreshRates=[], supportedHdrTypes=[]}, {id=487, width=720, height=480, fps=60.000004, alternativeRefreshRates=[], supportedHdrTypes=[]}], colorMode 0, supportedColorModes [0], hdrCapabilities HdrCapabilities{mSupportedHdrTypes=[], mMaxLuminance=500.0, mMaxAverageLuminance=500.0, mMinLuminance=0.0}, allmSupported false, gameContentTypeSupported true, density 124, 15.902 x 22.508 dpi, appVsyncOff 2000000, presDeadline 17000000, touch INTERNAL, rotation 0, type INTERNAL, address {port=11, model=0x402031aff65a95}, deviceProductInfo DeviceProductInfo{name=Haqu, manufacturerPnpId=HAQ, productId=48, modelYear=null, manufactureDate=ManufactureDate{week=43, year=2017}, connectionToSinkType=2}, state ON, committedState ON, frameRateOverride , brightnessMinimum 0.0, brightnessMaximum 1.0, brightnessDefault 0.39763778, hdrSdrRatio NaN, FLAG_ALLOWED_TO_BE_DEFAULT_DISPLAY, FLAG_ROTATES_WITH_CONTENT, FLAG_SECURE, FLAG_SUPPORTS_PROTECTED_BUFFERS, FLAG_TRUSTED, installOrientation 0, displayShape DisplayShape{ spec=-1515622917 displayWidth=720 displayHeight=576 physicalPixelDisplaySizeRatio=1.0 rotation=0 offsetX=0 offsetY=0 scale=1.0}}
05-27 16:11:57.650 264 264 I RefreshRateSelector: Display 4620747849504298251 policy changed
05-27 16:11:57.650 264 264 I RefreshRateSelector: Previous: {defaultModeId=521, allowGroupSwitching=false, primaryRanges={physical=[0.00 Hz, 340282346638528859811704183484516925440.00 Hz], render=[0.00 Hz, 340282346638528859811704183484516925440.00 Hz]}, appRequestRanges={physical=[0.00 Hz, 340282346638528859811704183484516925440.00 Hz], render=[0.00 Hz, 340282346638528859811704183484516925440.00 Hz]}}
05-27 16:11:57.650 264 264 I RefreshRateSelector: Current: DisplayManagerPolicy{defaultModeId=521, allowGroupSwitching=false, primaryRanges={physical=[0.00 Hz, inf Hz], render=[0.00 Hz, 120.00 Hz]}, appRequestRanges={physical=[0.00 Hz, inf Hz], render=[0.00 Hz, inf Hz]}}
05-27 16:11:57.650 264 264 I RefreshRateSelector: 0 mode changes were performed under the previous policy
05-27 16:11:57.830 290 4988 D MesonDisplay: read /sys/class/amhdmitx/amhdmitx0/hdcp_lstore, result length:0, val:
05-27 16:11:57.851 489 525 D hdmicecd: [CEC]:printCecMsgBuf, msg: 04 47 48 51 4b 32 20 50 72 6f
05-27 16:11:57.852 715 715 D HDMI : [R]: 04:47
05-27 16:11:57.853 489 519 D hdmicecd: [HdmiCecControl]:getPhysicalAddress, physical addr: ffff, last pa: 2000, ret = 0
05-27 16:11:57.854 715 715 D HDMI : addCecDevice new:CEC: logical_address: 0x00 device_type: 0 cec_version: 5 vendor_id: 16777215 display_name: TV power_status: -1 physical_address: 0xFFFF port_id: -1 old:null
05-27 16:11:57.854 715 715 D HdmiControlService: Switching to full volume behavior
05-27 16:11:57.855 715 715 D HdmiCecNetwork: Updating device OSD name from TV to HQK2 Pro
05-27 16:11:57.855 489 519 D hdmicecd: [HdmiCecControl]:getPhysicalAddress, physical addr: ffff, last pa: 2000, ret = 0
05-27 16:11:57.855 715 715 D HDMI : TV is available now for receiving its message
05-27 16:11:57.855 715 715 D AudioService: onStatusChange cecEnabled:true available:true
05-27 16:11:57.856 715 715 D AudioService: TV, no CEC: setting HDMI as regular vol device
05-27 16:11:57.856 715 715 D AudioService: Removing DeviceType: 0x400 from mFullVolumeDevices
05-27 16:11:57.856 715 715 D AudioService: Removing DeviceType: 0x400 from mFixedVolumeDevices
05-27 16:11:57.856 715 715 D AudioService: Removing DeviceType: 0x400 from mAbsoluteVolumeDeviceInfoMap
05-27 16:11:57.857 715 894 D HDMI : [S]: 40:8C
05-27 16:11:57.931 489 525 D hdmicecd: [CEC]:printCecMsgBuf, msg: 04 83
05-27 16:11:57.932 489 525 I hdmicecd: [HdmiCecControl]:Delay query physical address message for hotplug out state
05-27 16:11:57.932 489 525 D hdmicecd: [CMsgQueue]:sendmsg now = 327666 msg[0] when = 328666
01-01 08:05:27.740 0 0 I [0 T4997 ..] [hdmitx: ] UTC+0 2025-05-27 08:11:57 HPD HIGH
05-27 16:11:58.075 489 489 D hdmicecd: [CEC]:printCecMessage, [4 -> 0] len: 1, body: 8c, result:success
05-27 16:11:58.075 489 489 E IPCThreadState: binder thread pool (1 threads) starved for 220 ms
05-27 16:11:58.233 489 525 D hdmicecd: [CEC]:printCecMsgBuf, msg: 0f 87 00 00 00
05-27 16:11:58.235 715 715 D HDMI : [R]: 0F:87:00:00:00
05-27 16:11:58.235 489 489 D hdmicecd: [HdmiCecControl]:getPhysicalAddress, physical addr: ffff, last pa: 2000, ret = 0
05-27 16:11:58.236 715 894 D HDMI : [S]: 40:8F
