05-27 16:12:17.461 478 705 I audio_hw_hal_mmap: [mmap_audio_register_client:927] OK ! stream 0xefc48170, client id 0
05-27 16:12:17.461 478 705 I audio_hw_hal_primary: [adev_open_output_stream:3540] vendor.media.llp 0
05-27 16:12:17.461 478 705 I audio_hw_hal_primary: [adev_open_output_stream:3610] result profile ch_mask:0x3 rate:48000 format:PCM_16_BIT(0x1) usecase:PCM_MMAP
05-27 16:12:17.461 478 705 I audio_hw_hal_utils: aml_get_stream_dump_file_name line 2929 file_name /data/vendor/audiohal/stream_pid478_tid705.pcm
05-27 16:12:17.461 478 705 I audio_hw_hal_primary: [adev_open_output_stream_new:8037] io 1853: out: 0xefc48170 card:0 alsa devices:0 exit ------
05-27 16:12:17.461 290 351 D MesonHwc: sc_read_bootenv val is empty
05-27 16:12:17.462 290 351 E MesonHwc: dolby vision driver is not ready
05-27 16:12:17.462 290 351 I MesonHwc: dv_enable:0
05-27 16:12:17.462 320 371 I SystemControl: [/Ubootenv.cpp, get, 345] [ubootenv] search end and not find env:user_prefer_dv_type
05-27 16:12:17.463 290 351 D MesonHwc: sc_read_bootenv val is empty
05-27 16:12:17.463 478 1158 I audio_hw_hal_primary: [out_get_buffer_size:552] out:0xefc48170 config.rate=48000, format:PCM_16_BIT(0x1), stream format:PCM_16_BIT(0x1)
05-27 16:12:17.463 290 351 E MesonHwc: dolby vision driver is not ready
05-27 16:12:17.463 290 351 I MesonHwc: ubootenv_dv_type:0
05-27 16:12:17.463 290 351 D MesonDisplayServer: getDisplayAttribute "Dolby Vision CAP2": "The Rx don't support DolbyVision"
05-27 16:12:17.463 290 351 E MesonHwc: TV isn't support dv: The Rx don't support DolbyVision
05-27 16:12:17.464 320 371 I SystemControl: [/Ubootenv.cpp, get, 345] [ubootenv] search end and not find env:hdr_force_mode
05-27 16:12:17.464 290 351 D MesonHwc: sc_read_bootenv val is empty
05-27 16:12:17.464 478 1230 I audio_hw_hal_profile: [out_get_parameters:2092] out:0xefc48170 query channels. Format:PCM_16_BIT(0x1) ++++++++++ hal_format:PCM_16_BIT
05-27 16:12:17.464 478 1230 D audio_hw_hal_profile: get_hdmi_sink_cap_new is running...
05-27 16:12:17.464 478 1230 D audio_hw_hal_profile: [get_hdmi_sink_cap_new:887] query hdmi channels... format: PCM_16_BIT(0x1)
05-27 16:12:17.464 478 1230 I audio_hw_hal_profile: [out_get_parameters:2165] sup_channels=AUDIO_CHANNEL_OUT_STEREO
05-27 16:12:17.464 290 351 I MesonHwc: get hdr force mode is [2]
05-27 16:12:17.465 535 594 D AudioFlinger: closing mmapThread 0xe75c24a0
05-27 16:12:17.465 535 594 D AudioFlinger: mmapThread exit()
05-27 16:12:17.466 320 371 I SystemControl: [/Ubootenv.cpp, get, 336] [ubootenv] get key:hdr_policy envValue: 0
05-27 16:12:17.466 290 351 D MesonHwc: get key:ubootenv.var.hdr_policy value:0
05-27 16:12:17.466 290 351 I MesonHwc: get uboot HdrStrategy is [0]
05-27 16:12:17.466 320 371 I SystemControl: [/Ubootenv.cpp, get, 336] [ubootenv] get key:hdr_priority envValue: 268435472
05-27 16:12:17.467 290 351 D MesonHwc: get key:ubootenv.var.hdr_priority value:268435472
05-27 16:12:17.467 290 351 I MesonHwc: getHdrPriority is [HDR10_HLG priority]
05-27 16:12:17.467 290 351 I MesonHwc: get uboot HdrPriority is [HDR10_HLG priority]
05-27 16:12:17.467 290 351 I MesonHwc: hdr_policy:follow sink, hdr_priority :HDR10_HLG priority, hdr_force_mode:2
05-27 16:12:17.467 290 351 E MesonHwc: dolby vision driver is not ready
05-27 16:12:17.468 290 351 D MesonDisplayServer: getDisplayAttribute "Dolby Vision CAP2": "The Rx don't support DolbyVision"
05-27 16:12:17.468 320 371 I SystemControl: [/Ubootenv.cpp, get, 345] [ubootenv] search end and not find env:hdr_resolution_priority
05-27 16:12:17.468 290 351 D MesonHwc: sc_read_bootenv val is empty
05-27 16:12:17.468 320 371 I SystemControl: [/Ubootenv.cpp, get, 345] [ubootenv] search end and not find env:user_prefer_dv_type
05-27 16:12:17.470 290 351 D MesonHwc: sc_read_bootenv val is empty
05-27 16:12:17.470 535 5162 I AudioFlinger: AudioFlinger's thread 0xe75c24a0 tid=5162 ready to run
05-27 16:12:17.470 478 705 I audio_hw_hal_primary: [adev_close_output_stream_new:8052] io handle 1853: out:0xefc48170
05-27 16:12:17.470 478 705 D audio_hw_hal_primary: adev_close_output_stream_new: enter usecase = PCM_MMAP
05-27 16:12:17.470 478 705 I audio_hw_hal_primary: [adev_close_output_stream:3695] io 1853: out:0xefc48170 dev:OUT_HDMI(0x400) flags:0x4001, usecase:PCM_MMAP
05-27 16:12:17.470 478 705 D audio_hw_hal_primary: [out_standby_new:5767] io 1853: out:0xefc48170 usecase:PCM_MMAP
05-27 16:12:17.470 290 351 E MesonHwc: dolby vision driver is not ready
05-27 16:12:17.470 478 705 I audio_hw_hal_primary: already standby, do nothing
05-27 16:12:17.470 478 705 I audio_hw_hal_mmap: [outMmapDeInit:743] stream:0xefc48170
05-27 16:12:17.470 290 351 I MesonHwc: ubootenv_dv_type:0
05-27 16:12:17.470 478 705 I audio_hw_hal_mmap: [mmap_audio_unregister_client:955] OK ! stream 0xefc48170, client id 0
05-27 16:12:17.470 478 705 I audio_hw_hal_primary: when close aaudio stream, send STANDBY msg to submix & ms12
05-27 16:12:17.470 290 351 I MesonHwc: display sink type:1 [0:none, 1:sink, 2:repeater]
05-27 16:12:17.470 478 705 I audio_hw_hal_ms12common: aml_set_ms12_scheduler_state ms12_scheduler_state:1, sch_state:1 SCHEDULER_STANDBY is sent to ms12
05-27 16:12:17.470 478 705 I audio_hw_hal_resourcemgr: [is_output_device_muted:710] device:0x2 port_mute:0, fade_mute:0
05-27 16:12:17.470 478 705 I audio_hw_hal_primary: [adev_close_output_stream:3863] io 1853: out:0xefc48170 exit ------
05-27 16:12:17.470 290 351 D MesonHwc: hdmi get mDcCap 444,12bit
05-27 16:12:17.470 290 351 D MesonHwc: 444,10bit
05-27 16:12:17.470 290 351 D MesonHwc: 444,8bit
05-27 16:12:17.470 290 351 D MesonHwc: 422,12bit
05-27 16:12:17.470 290 351 D MesonHwc: rgb,12bit
05-27 16:12:17.470 290 351 D MesonHwc: rgb,10bit
05-27 16:12:17.470 290 351 D MesonHwc: rgb,8bit
05-27 16:12:17.470 290 351 V MesonDisplayServer: GetDisplayMode:dummy_l
05-27 16:12:17.470 290 351 I MesonHwc: getDisplayMode mode:dummy_l
05-27 16:12:17.471 320 371 I SystemControl: [/Ubootenv.cpp, get, 345] [ubootenv] search end and not find env:framerate_priority
05-27 16:12:17.471 290 351 D MesonHwc: sc_read_bootenv val is empty
05-27 16:12:17.471 535 594 I AudioFlinger: openOutput() this 0xed5c2fe0, module 10 Device AUDIO_DEVICE_OUT_HDMI, @:, SamplingRate 48000, Format 0x000001, Channels 0x3, flags 0x4001
05-27 16:12:17.471 320 371 I SystemControl: [/Ubootenv.cpp, get, 336] [ubootenv] get key:hdmimode envValue: 576p50hz
05-27 16:12:17.471 478 705 D audio_hw_hal_primary: [adev_open_output_stream_new:7868] enter: dev=0xefd014a0 handle=745 devices=0x400/'HDMI,' flags=0x4001/'DIRECT,MMAP_NOIRQ,' config=(rt=48000 ch_mask=0x3 fmt=0x1) address=''
05-27 16:12:17.471 478 705 D audio_hw_hal_primary: adev_open_output_stream_new: enter
05-27 16:12:17.471 478 705 I audio_hw_hal_primary: [adev_open_output_stream:3285] io 1861: out:0xefc48170 dev:OUT_HDMI(0x400) addr:
05-27 16:12:17.471 478 705 I audio_hw_hal_primary: [adev_open_output_stream:3287] ch_mask:0x3 rate:48000 format:PCM_16_BIT(0x1) flags:0x4001
05-27 16:12:17.471 290 351 D MesonHwc: get key:ubootenv.var.hdmimode value:576p50hz
05-27 16:12:17.471 478 705 I audio_hw_hal_primary: when open aaudio stream, send RUNNING msg to submix & ms12
05-27 16:12:17.471 478 705 D audio_hw_hal_ms12v2: set_dolby_ms12_continuous_state audio_continuous_standby_set status 0
05-27 16:12:17.471 478 705 D audio_hw_hal_continuous_standby: audio_continuous_standby_set, type 0, params 0
05-27 16:12:17.471 478 705 I audio_hw_hal_ms12common: aml_set_ms12_scheduler_state ms12_scheduler_state:0, sch_state:0 SCHEDULER_RUNNING is sent to ms12
05-27 16:12:17.471 478 705 I audio_hw_hal_mmap: [outMmapInit:680] stream:0xefc48170
05-27 16:12:17.471 478 705 I audio_hw_hal_mmap: [dma_buffer_allocate:639] enter
05-27 16:12:17.471 320 371 I SystemControl: [/Ubootenv.cpp, get, 336] [ubootenv] get key:is.bestmode envValue: false
05-27 16:12:17.471 478 705 I DMABUFHEAPS: Using DMA-BUF heap named: system-uncached
05-27 16:12:17.472 478 705 I audio_hw_hal_mmap: [dma_buffer_allocate:673] s32DmaFd:25, pu8MmapAddr:0xf383f000
05-27 16:12:17.472 478 705 I audio_hw_hal_mmap: [mmap_audio_register_client:927] OK ! stream 0xefc48170, client id 0
05-27 16:12:17.472 478 705 I audio_hw_hal_primary: [adev_open_output_stream:3540] vendor.media.llp 0
05-27 16:12:17.472 478 705 I audio_hw_hal_primary: [adev_open_output_stream:3610] result profile ch_mask:0x3 rate:48000 format:PCM_16_BIT(0x1) usecase:PCM_MMAP
05-27 16:12:17.472 478 705 I audio_hw_hal_utils: aml_get_stream_dump_file_name line 2929 file_name /data/vendor/audiohal/stream_pid478_tid705.pcm
05-27 16:12:17.472 478 705 I audio_hw_hal_primary: [adev_open_output_stream_new:8037] io 1861: out: 0xefc48170 card:0 alsa devices:0 exit ------
05-27 16:12:17.472 290 351 D MesonHwc: get key:ubootenv.var.is.bestmode value:false
05-27 16:12:17.473 290 351 I MesonDisplay: [/mode_policy.c, meson_mode_set_policy, 1177] connector:0 to policy:8
05-27 16:12:17.473 290 351 I MesonDisplay: [/mode_policy.c, is_dv_prefer, 66] not prefer dv, hdr_priority:10000010
05-27 16:12:17.473 290 351 I MesonDisplay: [/mode_policy.c, is_dv_prefer, 66] not prefer dv, hdr_priority:10000010
05-27 16:12:17.473 290 351 I MesonDisplay: [/mode_policy_parser.c, is_support_hdmimode, 110] is_support_hdmimode mode: 576p50hz
05-27 16:12:17.473 290 351 I MesonDisplay: [/mode_policy.c, get_hdmi_outputmode, 1018] get_hdmi_outputmode mode:576p50hz
05-27 16:12:17.473 290 351 I MesonDisplay: [/mode_policy.c, sdr_scene_process, 1146] final_displaymode:576p50hz
05-27 16:12:17.473 290 351 I MesonDisplay: [/mode_policy.c, get_best_color_attr, 613] get_best_color_attr current mode:[576p50hz] brr_mode:[576p50hz]
05-27 16:12:17.473 290 351 D MesonDisplay: meson_write /sys/class/amhdmitx/amhdmitx0/valid_mode, outputmode:576p50hz444,8bit
05-27 16:12:17.473 478 542 I audio_hw_hal_primary: [out_get_buffer_size:552] out:0xefc48170 config.rate=48000, format:PCM_16_BIT(0x1), stream format:PCM_16_BIT(0x1)
05-27 16:12:17.474 535 5164 I AudioFlinger: AudioFlinger's thread 0xe75c24a0 tid=5164 ready to run
05-27 16:12:17.475 290 351 D MesonDisplay: valid mode is true!
05-27 16:12:17.475 290 351 I MesonDisplay: [/mode_policy.c, get_best_color_attr, 679] support current mode:[576p50hz], color format:[444,8bit]
05-27 16:12:17.475 290 351 I MesonDisplay: [/mode_policy.c, get_hdmi_color_attr, 1081] get hdmi color attribute : [444,8bit], outputmode is: [576p50hz]
05-27 16:12:17.476 290 351 I MesonDisplay: [/mode_policy.c, update_deepcolor, 1107] colorattribute = 444,8bit
05-27 16:12:17.476 290 351 I MesonDisplay: [/mode_policy.c, sdr_scene_process, 1163] final_deepcolor = 444,8bit
05-27 16:12:17.476 290 351 I MesonDisplay: [/mode_policy.c, meson_mode_get_policy_output, 1289] final_displaymode:576p50hz, final_deepcolor:444,8bit, amdv_type:0
05-27 16:12:17.476 320 371 I SystemControl: [/Ubootenv.cpp, get, 336] [ubootenv] get key:hdr_preferred_policy envValue: 0
05-27 16:12:17.476 290 351 D MesonHwc: get key:ubootenv.var.hdr_preferred_policy value:0
05-27 16:12:17.476 290 351 I MesonHwc: getPreferredHdrStrategy is 0
05-27 16:12:17.476 290 351 I MesonHwc: check_hdr_mode mode:576p50hz outHdrConversionType:SDR support:1
05-27 16:12:17.476 290 351 I MesonHwc: quiescent_mode is 0
05-27 16:12:17.476 320 371 I SystemControl: [/Ubootenv.cpp, get, 336] [ubootenv] get key:frac_rate_policy envValue: 0
05-27 16:12:17.478 290 351 D MesonHwc: get key:ubootenv.var.frac_rate_policy value:0
05-27 16:12:17.478 290 351 I MesonHwc: get uenv frc policy is 0 and current value is 0
05-27 16:12:17.478 290 351 I MesonHwc: cur frac_rate_policy is equals
05-27 16:12:17.478 290 351 D MesonDisplayServer: use connector getDisplayAttribute "HDMI Color ATTR": "444,8bit"
05-27 16:12:17.478 290 351 I MesonHwc: curDeepcolor[444,8bit] final_deepcolor[444,8bit]
05-27 16:12:17.478 290 351 I MesonHwc: cur deepcolor is equals
05-27 16:12:17.478 290 351 D MesonDisplayServer: getDisplayAttribute "HDR Policy": "0"
05-27 16:12:17.479 290 351 I MesonHwc: cur hdr policy:0
05-27 16:12:17.479 290 351 D MesonDisplayServer: getDisplayAttribute "FORCE HDR Mode": "0"
05-27 16:12:17.479 290 351 I MesonHwc: cur hdr force mode:0
05-27 16:12:17.479 290 351 D MesonDisplayServer: getDisplayAttribute "Dolby Vision Mode": "usage: echo mode > /sys/class/amdolby_vision/dv_mode AMDV_OUTPUT_MODE_BYPASS 0 AMDV_OUTPUT_MODE_IPT 1 AMDV_OUTPUT_MODE_IPT_TUNNEL 2 AMDV_OUTPUT_MODE_HDR10 3 AMDV_OUTPUT_MODE_SDR10 4 AMDV_OUTPUT_MODE_SDR8 5current dv_mode = off"
05-27 16:12:17.479 290 351 D MesonDisplayServer: getDisplayAttribute "Dolby Vision Policy": "0"
05-27 16:12:17.479 290 351 I MesonHwc: cur dv policy:0
05-27 16:12:17.479 320 371 I SystemControl: [/Ubootenv.cpp, get, 345] [ubootenv] search end and not find env:hdr_force_mode
05-27 16:12:17.480 290 351 D MesonHwc: sc_read_bootenv val is empty
05-27 16:12:17.480 290 351 I MesonHwc: get hdr force mode is [2]
05-27 16:12:17.480 478 542 I audio_hw_hal_primary: [out_set_volume:1406] out:0xefc48170 left:1.000000 continuous:1 internal_format:PCM_16_BIT dolby:0 direct pcm:1 mmap_pcm:1
05-27 16:12:17.480 320 371 I SystemControl: [/Ubootenv.cpp, get, 336] [ubootenv] get key:hdr_policy envValue: 0
05-27 16:12:17.480 290 351 D MesonHwc: get key:ubootenv.var.hdr_policy value:0
05-27 16:12:17.480 290 351 I MesonHwc: get uboot HdrStrategy is [0]
05-27 16:12:17.480 290 351 E MesonHwc: dolby vision driver is not ready
05-27 16:12:17.481 290 351 D MesonDisplayServer: use connector getDisplayAttribute "HDR Priority": "268435472"
05-27 16:12:17.481 290 351 I MesonHwc: getCurrentHdrPriority is [HDR10_HLG priority]
05-27 16:12:17.481 320 371 I SystemControl: [/Ubootenv.cpp, get, 336] [ubootenv] get key:hdr_priority envValue: 268435472
05-27 16:12:17.482 290 351 D MesonHwc: get key:ubootenv.var.hdr_priority value:268435472
05-27 16:12:17.482 290 351 I MesonHwc: getHdrPriority is [HDR10_HLG priority]
05-27 16:12:17.482 290 351 I MesonHwc: get uboot HdrPriority is [HDR10_HLG priority]
05-27 16:12:17.482 290 351 D MesonDisplayServer: getDisplayAttribute "Dolby Vision Enable": "N"
05-27 16:12:17.482 290 351 D MesonDisplayServer: getDisplayAttribute "Dolby Vision LL Policy": "0"
05-27 16:12:17.482 290 351 I MesonHwc: curDvMode 0, want DvMode 0
05-27 16:12:17.482 290 351 E MesonHwc: dolby vision driver is not ready
05-27 16:12:17.482 290 351 I MesonHwc: cur DvMode is equals
05-27 16:12:17.482 290 351 V MesonDisplayServer: GetDisplayMode:dummy_l
05-27 16:12:17.482 290 351 I MesonHwc: getDisplayMode mode:dummy_l
05-27 16:12:17.482 290 351 I MesonHwc: curMode:[dummy_l] ,final_displaymode[576p50hz]
05-27 16:12:17.482 290 351 I MesonHwc: curmode:dummy_l, tmpMode:dummy_l, outputmode:576p50hz
05-27 16:12:17.482 290 351 I MesonHwc: connector not ready
05-27 16:12:17.482 290 351 I MesonHwc: setSysfsStr /sys/devices/virtual/amhdmitx/amhdmitx0/avmute= 1
05-27 16:12:17.482 290 351 I MesonDisplay: [/HDCPTxAuth.cpp, stopVerAll, 344] hdcp_tx 2.2 & 1.4 stop hdcp pwr
01-01 08:05:47.230 0 0 I [2 T351 ..] [hdmitx: ] avmute_store 1
05-27 16:12:17.482 290 351 E MesonDisplay: open /sys/class/amhdmitx/amhdmitx0/hdcp_pwr fail. Error info [No such file or directory]
05-27 16:12:17.487 535 594 I AudioFlinger: openOutput() this 0xed5c2fe0, module 10 Device AUDIO_DEVICE_OUT_HDMI, @:, SamplingRate 0, Format 00000000, Channels 0, flags 0x41
05-27 16:12:17.488 478 542 D audio_hw_hal_primary: [adev_open_output_stream_new:7868] enter: dev=0xefd014a0 handle=74d devices=0x400/'HDMI,' flags=0x41/'DIRECT,HW_AV_SYNC,' config=(rt=0 ch_mask=0x0 fmt=0x0) address=''
05-27 16:12:17.488 478 542 D audio_hw_hal_primary: adev_open_output_stream_new: enter
05-27 16:12:17.488 478 542 I audio_hw_hal_primary: [adev_open_output_stream:3285] io 1869: out:0xefc4baf0 dev:OUT_HDMI(0x400) addr:
05-27 16:12:17.488 478 542 I audio_hw_hal_primary: [adev_open_output_stream:3287] ch_mask:0 rate:0 format:DEFAULT(0) flags:0x41
05-27 16:12:17.488 478 542 D audio_hw_hal_primary: [adev_open_output_stream:3573] format=PCM_16_BIT rate=48000
05-27 16:12:17.488 478 542 I audio_hw_hal_primary: [adev_open_output_stream:3610] result profile ch_mask:0x3 rate:48000 format:PCM_16_BIT(0x1) usecase:PCM_HWSYNC
05-27 16:12:17.488 478 542 D audio_hw_hal_timer: func:audio_timer_create create timer.1 success.
05-27 16:12:17.489 478 542 D audio_hw_hal_timer: func:audio_timer_create create timer.2 success.
05-27 16:12:17.489 478 542 D audio_hw_hal_primary: [adev_open_output_stream_new:7980] timer_id:1
05-27 16:12:17.489 478 542 I audio_hw_hal_utils: aml_get_stream_dump_file_name line 2929 file_name /data/vendor/audiohal/stream_pid478_tid542.pcm
05-27 16:12:17.489 478 542 I audio_hw_hal_primary: [adev_open_output_stream_new:8037] io 1869: out: 0xefc4baf0 card:0 alsa devices:0 exit ------
05-27 16:12:17.490 478 705 I audio_hw_hal_primary: [out_get_buffer_size:552] out:0xefc4baf0 config.rate=48000, format:PCM_16_BIT(0x1), stream format:PCM_16_BIT(0x1)
05-27 16:12:17.491 535 594 I AudioFlinger: HAL output buffer size 2058 frames, normal sink buffer size 2058 frames
05-27 16:12:17.491 478 705 I audio_hw_hal_primary: [audiohal_get_latency:1333] io 1869: out:0xefc4baf0 frames:1152 rate:48000 whole_latency:24 alsa_latency:24
05-27 16:12:17.491 478 705 I audio_hw_hal_primary: [out_set_event_callback:3158] io 1869: out:0xefc4baf0, callback:0xf1b4091d cookie:0xf22007f0
05-27 16:12:17.492 478 705 I audio_hw_hal_primary: [audiohal_get_latency:1333] io 1869: out:0xefc4baf0 frames:1152 rate:48000 whole_latency:24 alsa_latency:24
05-27 16:12:17.492 478 705 I audio_hw_hal_primary: [audiohal_get_latency:1333] io 1869: out:0xefc4baf0 frames:1152 rate:48000 whole_latency:24 alsa_latency:24
05-27 16:12:17.492 535 5167 I AudioFlinger: AudioFlinger's thread 0xe78d42e0 tid=5167 ready to run
05-27 16:12:17.493 535 5167 D AudioFlinger: ro.audio.silent is ignored since no output device is set
05-27 16:12:17.493 478 705 I audio_hw_hal_profile: [out_get_parameters:2085] out:0xefc4baf0 query audio format. ++++++++++ hal_format:PCM_16_BIT
05-27 16:12:17.493 478 705 D audio_hw_hal_profile: get_hdmi_sink_cap_new is running...
05-27 16:12:17.493 478 705 D audio_hw_hal_profile: query hdmi format...
05-27 16:12:17.493 478 705 D audio_hw_hal_profile: get_hdmi_sink_cap_new ddp is supported; ddp-joc(atmos) is supported;
05-27 16:12:17.493 478 705 I audio_hw_hal_profile: get_hdmi_sink_cap_new dts-hd vendor special byte3:0x1
05-27 16:12:17.493 478 705 I audio_hw_hal_profile: PCM cap Max channel =2
05-27 16:12:17.493 478 705 I audio_hw_hal_profile: [out_get_parameters:2165] sup_formats=AUDIO_FORMAT_PCM_16_BIT|AUDIO_FORMAT_IEC61937|AUDIO_FORMAT_E_AC3|AUDIO_FORMAT_E_AC3_JOC|AUDIO_FORMAT_AC3|AUDIO_FORMAT_DTS
05-27 16:12:17.494 535 594 D APM_AudioPolicyManager: modifySurroundFormats: forced use = 0
05-27 16:12:17.494 478 705 D audio_hw_hal_primary: [out_standby_new:5767] io 1869: out:0xefc4baf0 usecase:PCM_HWSYNC
05-27 16:12:17.494 478 705 I audio_hw_hal_primary: already standby, do nothing
05-27 16:12:17.494 478 705 I audio_hw_hal_profile: [out_get_parameters:2089] out:0xefc4baf0 query sample rate. Format:PCM_16_BIT(0x1) ++++++++++ hal_format:PCM_16_BIT
05-27 16:12:17.494 478 705 D audio_hw_hal_profile: get_hdmi_sink_cap_new is running...
05-27 16:12:17.495 478 705 D audio_hw_hal_profile: [get_hdmi_sink_cap_new:960] query hdmi sample_rate... format: PCM_16_BIT(0x1)
05-27 16:12:17.495 478 705 I audio_hw_hal_profile: get_hdmi_sink_cap_new format =0x1 support rate =sup_sampling_rates=32000|44100|48000|88200|96000|176400|192000
05-27 16:12:17.495 478 705 I audio_hw_hal_profile: [out_get_parameters:2165] sup_sampling_rates=32000|44100|48000|88200|96000|176400|192000
05-27 16:12:17.495 478 542 I audio_hw_hal_profile: [out_get_parameters:2092] out:0xefc4baf0 query channels. Format:PCM_16_BIT(0x1) ++++++++++ hal_format:PCM_16_BIT
05-27 16:12:17.495 478 542 D audio_hw_hal_profile: get_hdmi_sink_cap_new is running...
05-27 16:12:17.495 478 542 D audio_hw_hal_profile: [get_hdmi_sink_cap_new:887] query hdmi channels... format: PCM_16_BIT(0x1)
05-27 16:12:17.495 478 542 I audio_hw_hal_profile: [out_get_parameters:2165] sup_channels=AUDIO_CHANNEL_OUT_STEREO
05-27 16:12:17.496 478 542 I audio_hw_hal_profile: [out_get_parameters:2089] out:0xefc4baf0 query sample rate. Format:DTS(0xb000000) ++++++++++ hal_format:PCM_16_BIT
05-27 16:12:17.496 478 542 D audio_hw_hal_profile: get_hdmi_sink_cap_new is running...
05-27 16:12:17.497 478 542 D audio_hw_hal_profile: [get_hdmi_sink_cap_new:960] query hdmi sample_rate... format: DTS(0xb000000)
05-27 16:12:17.497 478 542 I audio_hw_hal_profile: get_hdmi_sink_cap_new format =0xb000000 support rate =sup_sampling_rates=32000|44100|48000
05-27 16:12:17.497 478 542 I audio_hw_hal_profile: [out_get_parameters:2165] sup_sampling_rates=32000|44100|48000
05-27 16:12:17.497 478 542 I audio_hw_hal_profile: [out_get_parameters:2092] out:0xefc4baf0 query channels. Format:DTS(0xb000000) ++++++++++ hal_format:PCM_16_BIT
05-27 16:12:17.497 478 542 D audio_hw_hal_profile: get_hdmi_sink_cap_new is running...
05-27 16:12:17.498 478 542 D audio_hw_hal_profile: [get_hdmi_sink_cap_new:887] query hdmi channels... format: DTS(0xb000000)
05-27 16:12:17.498 478 542 I audio_hw_hal_profile: [out_get_parameters:2165] sup_channels=AUDIO_CHANNEL_OUT_MONO|AUDIO_CHANNEL_OUT_STEREO|AUDIO_CHANNEL_OUT_TRI|AUDIO_CHANNEL_OUT_TRI_BACK|AUDIO_CHANNEL_OUT_3POINT1|AUDIO_CHANNEL_OUT_QUAD|AUDIO_CHANNEL_OUT_SURROUND|AUDIO_CHANNEL_OUT_PENTA|AUDIO_CHANNEL_OUT_5POINT1
05-27 16:12:17.498 478 542 I audio_hw_hal_profile: [out_get_parameters:2089] out:0xefc4baf0 query sample rate. Format:AC3(0x9000000) ++++++++++ hal_format:PCM_16_BIT
05-27 16:12:17.498 478 542 D audio_hw_hal_profile: get_hdmi_sink_cap_new is running...
05-27 16:12:17.498 478 542 D audio_hw_hal_profile: [get_hdmi_sink_cap_new:960] query hdmi sample_rate... format: AC3(0x9000000)
05-27 16:12:17.498 478 542 I audio_hw_hal_profile: get_hdmi_sink_cap_new format =0x9000000 support rate =sup_sampling_rates=32000|44100|48000
05-27 16:12:17.498 478 542 I audio_hw_hal_profile: [out_get_parameters:2165] sup_sampling_rates=32000|44100|48000
05-27 16:12:17.499 478 542 I audio_hw_hal_profile: [out_get_parameters:2092] out:0xefc4baf0 query channels. Format:AC3(0x9000000) ++++++++++ hal_format:PCM_16_BIT
05-27 16:12:17.499 478 542 D audio_hw_hal_profile: get_hdmi_sink_cap_new is running...
05-27 16:12:17.500 478 542 D audio_hw_hal_profile: [get_hdmi_sink_cap_new:887] query hdmi channels... format: AC3(0x9000000)
05-27 16:12:17.500 478 542 I audio_hw_hal_profile: [out_get_parameters:2165] sup_channels=AUDIO_CHANNEL_OUT_MONO|AUDIO_CHANNEL_OUT_STEREO|AUDIO_CHANNEL_OUT_TRI|AUDIO_CHANNEL_OUT_TRI_BACK|AUDIO_CHANNEL_OUT_3POINT1|AUDIO_CHANNEL_OUT_QUAD|AUDIO_CHANNEL_OUT_SURROUND|AUDIO_CHANNEL_OUT_PENTA|AUDIO_CHANNEL_OUT_5POINT1
05-27 16:12:17.500 478 542 I audio_hw_hal_profile: [out_get_parameters:2089] out:0xefc4baf0 query sample rate. Format:E_AC3(0xa000000) ++++++++++ hal_format:PCM_16_BIT
05-27 16:12:17.500 478 542 D audio_hw_hal_profile: get_hdmi_sink_cap_new is running...
05-27 16:12:17.501 478 542 D audio_hw_hal_profile: [get_hdmi_sink_cap_new:960] query hdmi sample_rate... format: E_AC3(0xa000000)
05-27 16:12:17.501 478 542 I audio_hw_hal_profile: get_hdmi_sink_cap_new format =0xa000000 support rate =sup_sampling_rates=32000|44100|48000
05-27 16:12:17.501 478 542 I audio_hw_hal_profile: [out_get_parameters:2165] sup_sampling_rates=32000|44100|48000
05-27 16:12:17.501 478 542 I audio_hw_hal_profile: [out_get_parameters:2092] out:0xefc4baf0 query channels. Format:E_AC3(0xa000000) ++++++++++ hal_format:PCM_16_BIT
05-27 16:12:17.501 478 542 D audio_hw_hal_profile: get_hdmi_sink_cap_new is running...
05-27 16:12:17.502 478 542 D audio_hw_hal_profile: [get_hdmi_sink_cap_new:887] query hdmi channels... format: E_AC3(0xa000000)
05-27 16:12:17.502 478 542 I audio_hw_hal_profile: [out_get_parameters:2165] sup_channels=AUDIO_CHANNEL_OUT_MONO|AUDIO_CHANNEL_OUT_STEREO|AUDIO_CHANNEL_OUT_TRI|AUDIO_CHANNEL_OUT_TRI_BACK|AUDIO_CHANNEL_OUT_3POINT1|AUDIO_CHANNEL_OUT_QUAD|AUDIO_CHANNEL_OUT_SURROUND|AUDIO_CHANNEL_OUT_PENTA|AUDIO_CHANNEL_OUT_5POINT1|AUDIO_CHANNEL_OUT_6POINT1|AUDIO_CHANNEL_OUT_7POINT1
05-27 16:12:17.502 478 542 I audio_hw_hal_profile: [out_get_parameters:2089] out:0xefc4baf0 query sample rate. Format:IEC61937(0xd000000) ++++++++++ hal_format:PCM_16_BIT
05-27 16:12:17.502 478 542 D audio_hw_hal_profile: get_hdmi_sink_cap_new is running...
05-27 16:12:17.502 478 542 D audio_hw_hal_profile: [get_hdmi_sink_cap_new:960] query hdmi sample_rate... format: IEC61937(0xd000000)
05-27 16:12:17.502 478 542 I audio_hw_hal_profile: [out_get_parameters:2165] sup_sampling_rates=8000|11025|16000|22050|24000|32000|44100|48000|128000|176400|192000
05-27 16:12:17.503 478 542 I audio_hw_hal_profile: [out_get_parameters:2092] out:0xefc4baf0 query channels. Format:IEC61937(0xd000000) ++++++++++ hal_format:PCM_16_BIT
05-27 16:12:17.503 478 542 D audio_hw_hal_profile: get_hdmi_sink_cap_new is running...
05-27 16:12:17.503 478 542 D audio_hw_hal_profile: [get_hdmi_sink_cap_new:887] query hdmi channels... format: IEC61937(0xd000000)
05-27 16:12:17.503 478 542 I audio_hw_hal_profile: [out_get_parameters:2165] sup_channels=AUDIO_CHANNEL_OUT_MONO|AUDIO_CHANNEL_OUT_STEREO|AUDIO_CHANNEL_OUT_TRI|AUDIO_CHANNEL_OUT_TRI_BACK|AUDIO_CHANNEL_OUT_3POINT1|AUDIO_CHANNEL_OUT_QUAD|AUDIO_CHANNEL_OUT_SURROUND|AUDIO_CHANNEL_OUT_PENTA|AUDIO_CHANNEL_OUT_5POINT1|AUDIO_CHANNEL_OUT_7POINT1
05-27 16:12:17.504 478 542 I audio_hw_hal_profile: [out_get_parameters:2089] out:0xefc4baf0 query sample rate. Format:E_AC3_JOC(0xa000001) ++++++++++ hal_format:PCM_16_BIT
05-27 16:12:17.504 478 542 D audio_hw_hal_profile: get_hdmi_sink_cap_new is running...
05-27 16:12:17.505 478 542 D audio_hw_hal_profile: [get_hdmi_sink_cap_new:960] query hdmi sample_rate... format: E_AC3(0xa000000)
05-27 16:12:17.505 478 542 I audio_hw_hal_profile: get_hdmi_sink_cap_new format =0xa000000 support rate =sup_sampling_rates=32000|44100|48000
05-27 16:12:17.505 478 542 I audio_hw_hal_profile: [out_get_parameters:2165] sup_sampling_rates=32000|44100|48000
05-27 16:12:17.506 478 542 I audio_hw_hal_profile: [out_get_parameters:2092] out:0xefc4baf0 query channels. Format:E_AC3_JOC(0xa000001) ++++++++++ hal_format:PCM_16_BIT
05-27 16:12:17.506 478 542 D audio_hw_hal_profile: get_hdmi_sink_cap_new is running...
05-27 16:12:17.506 478 542 D audio_hw_hal_profile: [get_hdmi_sink_cap_new:887] query hdmi channels... format: E_AC3(0xa000000)
05-27 16:12:17.506 478 542 I audio_hw_hal_profile: [out_get_parameters:2165] sup_channels=AUDIO_CHANNEL_OUT_MONO|AUDIO_CHANNEL_OUT_STEREO|AUDIO_CHANNEL_OUT_TRI|AUDIO_CHANNEL_OUT_TRI_BACK|AUDIO_CHANNEL_OUT_3POINT1|AUDIO_CHANNEL_OUT_QUAD|AUDIO_CHANNEL_OUT_SURROUND|AUDIO_CHANNEL_OUT_PENTA|AUDIO_CHANNEL_OUT_5POINT1|AUDIO_CHANNEL_OUT_6POINT1|AUDIO_CHANNEL_OUT_7POINT1
05-27 16:12:17.509 478 542 D audio_hw_hal_primary: [out_dump:848] io 1869: out:0xefc4baf0, fd:26
05-27 16:12:17.511 478 542 D audio_hw_hal_primary: [out_set_parameters:971] out:0xefc4baf0 kvpairs:closing=true;exiting=1 out->out_device:0x400, adev->out_device:0x80002
05-27 16:12:17.511 478 542 E audio_hw_hal_primary: out_set_parameters, ret:-2, hw_sync_mode:is false
05-27 16:12:17.512 535 5167 D AudioFlinger: ro.audio.silent is ignored since no output device is set
05-27 16:12:17.512 478 542 I audio_hw_hal_primary: [out_set_event_callback:3158] io 1869: out:0xefc4baf0, callback:0xf1b4091d cookie:0xf22007f0
05-27 16:12:17.512 478 542 I audio_hw_hal_primary: [adev_close_output_stream_new:8052] io handle 1869: out:0xefc4baf0
05-27 16:12:17.512 478 542 D audio_hw_hal_primary: adev_close_output_stream_new: enter usecase = PCM_HWSYNC
05-27 16:12:17.512 478 542 D audio_hw_hal_timer: func:audio_timer_delete delete timer.1 success.
05-27 16:12:17.512 478 542 D audio_hw_hal_timer: func:audio_timer_delete delete timer.2 success.
05-27 16:12:17.512 478 542 D audio_hw_hal_primary: [adev_close_output_stream_new:8076] timer_id:1 ret:2
05-27 16:12:17.512 478 542 I audio_hw_hal_primary: [adev_close_output_stream:3695] io 1869: out:0xefc4baf0 dev:OUT_HDMI(0x400) flags:0x41, usecase:PCM_HWSYNC
05-27 16:12:17.512 478 542 D audio_hw_hal_primary: [out_standby_new:5767] io 1869: out:0xefc4baf0 usecase:PCM_HWSYNC
05-27 16:12:17.512 478 542 I audio_hw_hal_primary: already standby, do nothing
05-27 16:12:17.512 478 542 I audio_hw_hal_resourcemgr: [is_output_device_muted:710] device:0x2 port_mute:0, fade_mute:0
05-27 16:12:17.512 478 542 I audio_hw_hal_primary: [adev_close_output_stream:3863] io 1869: out:0xefc4baf0 exit ------
05-27 16:12:17.513 535 594 I AudioFlinger: openOutput() this 0xed5c2fe0, module 10 Device AUDIO_DEVICE_OUT_HDMI, @:, SamplingRate 32000, Format 0xb000000, Channels 0x1, flags 0x41
05-27 16:12:17.513 478 542 D audio_hw_hal_primary: [adev_open_output_stream_new:7868] enter: dev=0xefd014a0 handle=755 devices=0x400/'HDMI,' flags=0x41/'DIRECT,HW_AV_SYNC,' config=(rt=32000 ch_mask=0x1 fmt=0xb000000) address=''
05-27 16:12:17.513 478 542 D audio_hw_hal_primary: adev_open_output_stream_new: enter
05-27 16:12:17.513 478 542 I audio_hw_hal_primary: [adev_open_output_stream:3285] io 1877: out:0xefc4baf0 dev:OUT_HDMI(0x400) addr:
05-27 16:12:17.513 478 542 I audio_hw_hal_primary: [adev_open_output_stream:3287] ch_mask:0x1 rate:32000 format:DTS(0xb000000) flags:0x41
05-27 16:12:17.513 478 542 I audio_hw_hal_primary: adev_open_output_stream: for raw audio output,force alsa stereo output
05-27 16:12:17.513 478 542 D audio_hw_hal_primary: [adev_open_output_stream:3573] format=DTS rate=32000
05-27 16:12:17.513 478 542 I audio_hw_hal_primary: [adev_open_output_stream:3610] result profile ch_mask:0x1 rate:32000 format:DTS(0xb000000) usecase:RAW_HWSYNC
05-27 16:12:17.513 478 542 I audio_hw_hal_utils: aml_get_stream_dump_file_name line 2929 file_name /data/vendor/audiohal/stream_pid478_tid542.dts
05-27 16:12:17.513 478 542 I audio_hw_hal_primary: [adev_open_output_stream_new:8037] io 1877: out: 0xefc4baf0 card:0 alsa devices:0 exit ------
05-27 16:12:17.514 489 489 D hdmicecd: [CEC]:printCecMessage, [4 -> 4] len: 0, body:, result:no ack
05-27 16:12:17.516 478 542 I audio_hw_hal_primary: [out_get_buffer_size:552] out:0xefc4baf0 config.rate=32000, format:DTS(0xb000000), stream format:DTS(0xb000000)
05-27 16:12:17.516 478 542 I audio_hw_hal_primary: out_get_buffer_size AUDIO_FORMAT_DTS buffer size = 32768 frames
05-27 16:12:17.516 535 594 I AudioFlinger: HAL output buffer size 32768 frames, normal sink buffer size 32768 frames
05-27 16:12:17.516 478 542 I audio_hw_hal_primary: [audiohal_get_latency:1333] io 1877: out:0xefc4baf0 frames:1152 rate:32000 whole_latency:36 alsa_latency:36
05-27 16:12:17.517 478 542 I audio_hw_hal_primary: [out_set_event_callback:3158] io 1877: out:0xefc4baf0, callback:0xf1b4091d cookie:0xf2201930
05-27 16:12:17.517 478 542 I audio_hw_hal_primary: [audiohal_get_latency:1333] io 1877: out:0xefc4baf0 frames:1152 rate:32000 whole_latency:36 alsa_latency:36
05-27 16:12:17.517 535 5169 I AudioFlinger: AudioFlinger's thread 0xe78d42e0 tid=5169 ready to run
05-27 16:12:17.517 478 542 I audio_hw_hal_primary: [audiohal_get_latency:1333] io 1877: out:0xefc4baf0 frames:1152 rate:32000 whole_latency:36 alsa_latency:36
05-27 16:12:17.519 535 5169 D AudioFlinger: ro.audio.silent is ignored since no output device is set
05-27 16:12:17.520 478 542 D audio_hw_hal_primary: [out_standby_new:5767] io 1877: out:0xefc4baf0 usecase:RAW_HWSYNC
05-27 16:12:17.520 478 542 I audio_hw_hal_primary: already standby, do nothing
05-27 16:12:17.521 535 5169 D AudioFlinger: ro.audio.silent is ignored since no output device is set
05-27 16:12:17.522 535 5169 D AudioFlinger: ro.audio.silent is ignored since no output device is set
05-27 16:12:17.524 535 5169 D AudioFlinger: ro.audio.silent is ignored since no output device is set
05-27 16:12:17.525 535 5169 D AudioFlinger: ro.audio.silent is ignored since no output device is set
05-27 16:12:17.526 535 5169 D AudioFlinger: ro.audio.silent is ignored since no output device is set
05-27 16:12:17.527 535 5169 D AudioFlinger: ro.audio.silent is ignored since no output device is set
05-27 16:12:17.528 535 5169 D AudioFlinger: ro.audio.silent is ignored since no output device is set
05-27 16:12:17.529 535 5169 D AudioFlinger: ro.audio.silent is ignored since no output device is set
05-27 16:12:17.529 535 5169 D AudioFlinger: ro.audio.silent is ignored since no output device is set
05-27 16:12:17.530 535 5169 D AudioFlinger: ro.audio.silent is ignored since no output device is set
05-27 16:12:17.530 290 351 E MesonDisplay: open /sys/class/amhdmitx/amhdmitx0/hdcp_pwr fail. Error info [No such file or directory]
05-27 16:12:17.530 290 351 E MesonDisplay: open /sys/class/amhdmitx/amhdmitx0/hdcp_ctrl fail. Error info [No such file or directory]
05-27 16:12:17.531 290 351 E MesonDisplay: open /sys/class/amhdmitx/amhdmitx0/hdcp_ctrl fail. Error info [No such file or directory]
05-27 16:12:17.531 535 5169 D AudioFlinger: ro.audio.silent is ignored since no output device is set
05-27 16:12:17.532 535 594 I AudioFlinger: openOutput() this 0xed5c2fe0, module 10 Device AUDIO_DEVICE_OUT_HDMI, @:, SamplingRate 32000, Format 0x000001, Channels 0x1, flags 0x41
05-27 16:12:17.532 478 542 D audio_hw_hal_primary: [adev_open_output_stream_new:7868] enter: dev=0xefd014a0 handle=75d devices=0x400/'HDMI,' flags=0x41/'DIRECT,HW_AV_SYNC,' config=(rt=32000 ch_mask=0x1 fmt=0x1) address=''
05-27 16:12:17.532 478 542 D audio_hw_hal_primary: adev_open_output_stream_new: enter
05-27 16:12:17.532 478 542 I audio_hw_hal_primary: [adev_open_output_stream:3285] io 1885: out:0xefc4c220 dev:OUT_HDMI(0x400) addr:
05-27 16:12:17.532 478 542 I audio_hw_hal_primary: [adev_open_output_stream:3287] ch_mask:0x1 rate:32000 format:PCM_16_BIT(0x1) flags:0x41
05-27 16:12:17.532 478 542 D audio_hw_hal_primary: [adev_open_output_stream:3573] format=PCM_16_BIT rate=32000
05-27 16:12:17.532 478 542 I audio_hw_hal_primary: init resampler from 32000 to 48000!
05-27 16:12:17.532 478 542 D audio_hw_utils_resampler: resampler_init, Init Resampler: input_sr = 32000, output_sr = 48000
05-27 16:12:17.532 478 542 I audio_hw_hal_primary: [adev_open_output_stream:3610] result profile ch_mask:0x1 rate:32000 format:PCM_16_BIT(0x1) usecase:PCM_HWSYNC
05-27 16:12:17.533 478 542 D audio_hw_hal_timer: func:audio_timer_create create timer.1 success.
05-27 16:12:17.533 290 351 I MesonDisplay: [/HDCPTxAuth.cpp, stop, 137] hdcp_tx pthread exit id = 3890725312, (null) done
05-27 16:12:17.533 290 351 I MesonHwc: setDisplayMode mode:576p50hz
05-27 16:12:17.533 290 351 D MesonDisplayServer: SetDisplay[HDMI] Mode to "576p50hz"
05-27 16:12:17.533 290 351 D MesonHwc: blankDisplay connectorType:11
05-27 16:12:17.533 290 351 D MesonHwc: [setConnectorStatus]: power mode 2
05-27 16:12:17.533 290 351 D MesonHwc: displayId:0, blank all display planes
05-27 16:12:17.533 478 542 D audio_hw_hal_timer: func:audio_timer_create create timer.2 success.
05-27 16:12:17.534 478 542 D audio_hw_hal_primary: [adev_open_output_stream_new:7980] timer_id:1
05-27 16:12:17.534 478 542 I audio_hw_hal_utils: aml_get_stream_dump_file_name line 2929 file_name /data/vendor/audiohal/stream_pid478_tid542.pcm
05-27 16:12:17.534 478 542 I audio_hw_hal_primary: [adev_open_output_stream_new:8037] io 1885: out: 0xefc4c220 card:0 alsa devices:0 exit ------
05-27 16:12:17.536 478 542 I audio_hw_hal_primary: [out_get_buffer_size:552] out:0xefc4c220 config.rate=32000, format:PCM_16_BIT(0x1), stream format:PCM_16_BIT(0x1)
05-27 16:12:17.541 535 594 I AudioFlinger: HAL output buffer size 2068 frames, normal sink buffer size 2068 frames
05-27 16:12:17.542 478 542 I audio_hw_hal_primary: [audiohal_get_latency:1333] io 1885: out:0xefc4c220 frames:1024 rate:32000 whole_latency:32 alsa_latency:32
05-27 16:12:17.542 478 542 I audio_hw_hal_primary: [out_set_event_callback:3158] io 1885: out:0xefc4c220, callback:0xf1b4091d cookie:0xf2201150
05-27 16:12:17.543 535 5172 I AudioFlinger: AudioFlinger's thread 0xe78ec640 tid=5172 ready to run
05-27 16:12:17.543 478 542 I audio_hw_hal_primary: [audiohal_get_latency:1333] io 1885: out:0xefc4c220 frames:1152 rate:32000 whole_latency:36 alsa_latency:36
05-27 16:12:17.543 478 542 I audio_hw_hal_primary: [audiohal_get_latency:1333] io 1885: out:0xefc4c220 frames:1152 rate:32000 whole_latency:36 alsa_latency:36
05-27 16:12:17.544 535 5172 D AudioFlinger: ro.audio.silent is ignored since no output device is set
05-27 16:12:17.544 478 705 D audio_hw_hal_primary: [out_standby_new:5767] io 1885: out:0xefc4c220 usecase:PCM_HWSYNC
05-27 16:12:17.545 478 705 I audio_hw_hal_primary: already standby, do nothing
05-27 16:12:17.545 535 5172 D AudioFlinger: ro.audio.silent is ignored since no output device is set
05-27 16:12:17.546 535 5172 D AudioFlinger: ro.audio.silent is ignored since no output device is set
05-27 16:12:17.548 535 5172 D AudioFlinger: ro.audio.silent is ignored since no output device is set
05-27 16:12:17.548 535 5172 D AudioFlinger: ro.audio.silent is ignored since no output device is set
05-27 16:12:17.550 535 5172 D AudioFlinger: ro.audio.silent is ignored since no output device is set
05-27 16:12:17.551 290 352 E MesonHwc: waitVBlank failed crtc[63]ret[-1]
05-27 16:12:17.551 264 278 W HWComposer: Ignoring duplicate VSYNC event from HWC for display 4620747849504298251 (t=347284553000)
05-27 16:12:17.551 290 352 E MesonHwc: wait for hw vsync error:-1
05-27 16:12:17.551 535 5172 D AudioFlinger: ro.audio.silent is ignored since no output device is set
05-27 16:12:17.552 535 5172 D AudioFlinger: ro.audio.silent is ignored since no output device is set
01-01 08:05:47.297 0 0 I : [2 T351 ..] [drm] build_hdmitx_attr_str:444,8bit = 2+8
01-01 08:05:47.298 0 0 I : [2 T351 ..] [drm] am_meson_crtc_atomic_disable-[0]:in
01-01 08:05:47.299 0 0 I : [1 T351 ..] dummy_encl_disable finished
01-01 08:05:47.299 0 0 I : [1 T351 ..] [drm] am_meson_crtc_atomic_enable-[0] in: new[576p50hz], old[dummy_l], vmode[4-4], uboot[0]
01-01 08:05:47.300 0 0 I : [1 T351 ..] [drm] am_meson_crtc_atomic_enable-[0]: enable mode 576p50hz final vmode 0
05-27 16:12:17.557 535 5172 D AudioFlinger: ro.audio.silent is ignored since no output device is set
01-01 08:05:47.302 0 0 I [1 T351 ..] [hdmitx: ] set21_s7d_htxpll_clk_out[96] htxpll vco 4320000 div 16
05-27 16:12:17.558 535 5172 D AudioFlinger: ro.audio.silent is ignored since no output device is set
05-27 16:12:17.559 535 5172 D AudioFlinger: ro.audio.silent is ignored since no output device is set
01-01 08:05:47.306 0 0 I [1 T351 ..] [hdmitx: ] pll_od0 = 11, pll_od2 = 1, pll_od1 = 0
01-01 08:05:47.306 0 0 I [1 T351 ..] [hdmitx: ] clocks_set_vid_clk_div_for_hdmi[402] div = 6
01-01 08:05:47.307 0 0 I [1 T351 ..] [hdmitx: ] configure venc
01-01 08:05:47.307 0 0 I [1 T351 ..] [hdmitx: ] config_tv_enc_calc[63] vic = 18
01-01 08:05:47.308 0 0 I [1 T351 ..] [hdmitx: ] hdmitx_soft_reset[1261]
01-01 08:05:47.309 0 0 I [1 T351 ..] [hdmitx: ] config hdmitx IP vic = 18 cd:4 cs: 2
05-27 16:12:17.562 478 542 D audio_hw_hal_primary: [adev_open_output_stream_new:7868] enter: dev=0xefd014a0 handle=765 devices=0x400/'HDMI,' flags=0x1/'DIRECT,' config=(rt=0 ch_mask=0x0 fmt=0x0) address=''
05-27 16:12:17.562 478 542 D audio_hw_hal_primary: adev_open_output_stream_new: enter
05-27 16:12:17.562 478 542 I audio_hw_hal_primary: [adev_open_output_stream:3285] io 1893: out:0xefc415a0 dev:OUT_HDMI(0x400) addr:
05-27 16:12:17.562 478 542 I audio_hw_hal_primary: [adev_open_output_stream:3287] ch_mask:0 rate:0 format:DEFAULT(0) flags:0x1
05-27 16:12:17.562 478 542 I audio_hw_hal_primary: [adev_open_output_stream:3610] result profile ch_mask:0x3 rate:48000 format:PCM_16_BIT(0x1) usecase:PCM_DIRECT
05-27 16:12:17.563 478 542 I audio_hw_hal_utils: aml_get_stream_dump_file_name line 2929 file_name /data/vendor/audiohal/stream_pid478_tid542.pcm
05-27 16:12:17.563 478 542 I audio_hw_hal_primary: [adev_open_output_stream_new:8037] io 1893: out: 0xefc415a0 card:0 alsa devices:0 exit ------
05-27 16:12:17.563 535 5172 D AudioFlinger: ro.audio.silent is ignored since no output device is set
05-27 16:12:17.564 478 542 I audio_hw_hal_primary: [out_get_buffer_size:552] out:0xefc415a0 config.rate=48000, format:PCM_16_BIT(0x1), stream format:PCM_16_BIT(0x1)
05-27 16:12:17.564 535 594 I AudioFlinger: HAL output buffer size 2048 frames, normal sink buffer size 2048 frames
05-27 16:12:17.565 478 542 I audio_hw_hal_primary: [audiohal_get_latency:1333] io 1893: out:0xefc415a0 frames:1152 rate:48000 whole_latency:24 alsa_latency:24
05-27 16:12:17.565 478 542 I audio_hw_hal_primary: [out_set_event_callback:3158] io 1893: out:0xefc415a0, callback:0xf1b4091d cookie:0xf22004f0
01-01 08:05:47.312 0 0 I [0 T351 ..] [hdmitx: ] configure hdmitx21
05-27 16:12:17.566 478 542 I audio_hw_hal_primary: [audiohal_get_latency:1333] io 1893: out:0xefc415a0 frames:1152 rate:48000 whole_latency:24 alsa_latency:24
01-01 08:05:47.312 0 0 I [0 T351 ..] [hdmitx: ] warn: SCDC not present, should not send 1:10
05-27 16:12:17.566 535 5173 I AudioFlinger: AudioFlinger's thread 0xe78f4760 tid=5173 ready to run
05-27 16:12:17.566 478 542 I audio_hw_hal_primary: [audiohal_get_latency:1333] io 1893: out:0xefc415a0 frames:1152 rate:48000 whole_latency:24 alsa_latency:24
05-27 16:12:17.567 535 5173 D AudioFlinger: ro.audio.silent is ignored since no output device is set
05-27 16:12:17.568 478 542 D audio_hw_hal_primary: [out_standby_new:5767] io 1893: out:0xefc415a0 usecase:PCM_DIRECT
01-01 08:05:47.314 0 0 I [0 T351 ..] [hdmitx: ] hdmitx_set_dispmode[1527] frl_rate 0 htotal 864 cs 2 cd 4 h_unstable 0
05-27 16:12:17.568 478 542 I audio_hw_hal_primary: already standby, do nothing
05-27 16:12:17.569 478 542 I audio_hw_hal_profile: [out_get_parameters:2085] out:0xefc415a0 query audio format. ++++++++++ hal_format:PCM_16_BIT
05-27 16:12:17.569 478 542 D audio_hw_hal_profile: get_hdmi_sink_cap_new is running...
05-27 16:12:17.569 478 542 D audio_hw_hal_profile: query hdmi format...
05-27 16:12:17.569 478 542 D audio_hw_hal_profile: get_hdmi_sink_cap_new ddp is supported; ddp-joc(atmos) is supported;
05-27 16:12:17.569 478 542 I audio_hw_hal_profile: get_hdmi_sink_cap_new dts-hd vendor special byte3:0x1
05-27 16:12:17.569 478 542 I audio_hw_hal_profile: PCM cap Max channel =2
05-27 16:12:17.569 478 542 I audio_hw_hal_profile: [out_get_parameters:2165] sup_formats=AUDIO_FORMAT_PCM_16_BIT|AUDIO_FORMAT_IEC61937|AUDIO_FORMAT_E_AC3|AUDIO_FORMAT_E_AC3_JOC|AUDIO_FORMAT_AC3|AUDIO_FORMAT_DTS
05-27 16:12:17.570 535 594 D APM_AudioPolicyManager: modifySurroundFormats: forced use = 0
05-27 16:12:17.570 478 542 I audio_hw_hal_profile: [out_get_parameters:2089] out:0xefc415a0 query sample rate. Format:PCM_16_BIT(0x1) ++++++++++ hal_format:PCM_16_BIT
05-27 16:12:17.570 478 542 D audio_hw_hal_profile: get_hdmi_sink_cap_new is running...
05-27 16:12:17.570 489 489 D hdmicecd: [CEC]:printCecMessage, [4 -> 4] len: 0, body:, result:no ack
05-27 16:12:17.570 478 542 D audio_hw_hal_profile: [get_hdmi_sink_cap_new:960] query hdmi sample_rate... format: PCM_16_BIT(0x1)
05-27 16:12:17.570 478 542 I audio_hw_hal_profile: get_hdmi_sink_cap_new format =0x1 support rate =sup_sampling_rates=32000|44100|48000|88200|96000|176400|192000
05-27 16:12:17.570 478 542 I audio_hw_hal_profile: [out_get_parameters:2165] sup_sampling_rates=32000|44100|48000|88200|96000|176400|192000
05-27 16:12:17.571 478 542 I audio_hw_hal_profile: [out_get_parameters:2092] out:0xefc415a0 query channels. Format:PCM_16_BIT(0x1) ++++++++++ hal_format:PCM_16_BIT
05-27 16:12:17.571 478 542 D audio_hw_hal_profile: get_hdmi_sink_cap_new is running...
05-27 16:12:17.571 478 542 D audio_hw_hal_profile: [get_hdmi_sink_cap_new:887] query hdmi channels... format: PCM_16_BIT(0x1)
05-27 16:12:17.571 478 542 I audio_hw_hal_profile: [out_get_parameters:2165] sup_channels=AUDIO_CHANNEL_OUT_STEREO
05-27 16:12:17.572 478 542 I audio_hw_hal_profile: [out_get_parameters:2089] out:0xefc415a0 query sample rate. Format:DTS(0xb000000) ++++++++++ hal_format:PCM_16_BIT
05-27 16:12:17.572 478 542 D audio_hw_hal_profile: get_hdmi_sink_cap_new is running...
05-27 16:12:17.572 478 542 D audio_hw_hal_profile: [get_hdmi_sink_cap_new:960] query hdmi sample_rate... format: DTS(0xb000000)
05-27 16:12:17.572 478 542 I audio_hw_hal_profile: get_hdmi_sink_cap_new format =0xb000000 support rate =sup_sampling_rates=32000|44100|48000
05-27 16:12:17.572 478 542 I audio_hw_hal_profile: [out_get_parameters:2165] sup_sampling_rates=32000|44100|48000
05-27 16:12:17.572 478 542 I audio_hw_hal_profile: [out_get_parameters:2092] out:0xefc415a0 query channels. Format:DTS(0xb000000) ++++++++++ hal_format:PCM_16_BIT
05-27 16:12:17.572 478 542 D audio_hw_hal_profile: get_hdmi_sink_cap_new is running...
05-27 16:12:17.573 478 542 D audio_hw_hal_profile: [get_hdmi_sink_cap_new:887] query hdmi channels... format: DTS(0xb000000)
05-27 16:12:17.573 478 542 I audio_hw_hal_profile: [out_get_parameters:2165] sup_channels=AUDIO_CHANNEL_OUT_MONO|AUDIO_CHANNEL_OUT_STEREO|AUDIO_CHANNEL_OUT_TRI|AUDIO_CHANNEL_OUT_TRI_BACK|AUDIO_CHANNEL_OUT_3POINT1|AUDIO_CHANNEL_OUT_QUAD|AUDIO_CHANNEL_OUT_SURROUND|AUDIO_CHANNEL_OUT_PENTA|AUDIO_CHANNEL_OUT_5POINT1
05-27 16:12:17.573 478 542 I audio_hw_hal_profile: [out_get_parameters:2089] out:0xefc415a0 query sample rate. Format:AC3(0x9000000) ++++++++++ hal_format:PCM_16_BIT
05-27 16:12:17.574 478 542 D audio_hw_hal_profile: get_hdmi_sink_cap_new is running...
05-27 16:12:17.574 478 542 D audio_hw_hal_profile: [get_hdmi_sink_cap_new:960] query hdmi sample_rate... format: AC3(0x9000000)
05-27 16:12:17.574 478 542 I audio_hw_hal_profile: get_hdmi_sink_cap_new format =0x9000000 support rate =sup_sampling_rates=32000|44100|48000
05-27 16:12:17.574 478 542 I audio_hw_hal_profile: [out_get_parameters:2165] sup_sampling_rates=32000|44100|48000
05-27 16:12:17.574 478 542 I audio_hw_hal_profile: [out_get_parameters:2092] out:0xefc415a0 query channels. Format:AC3(0x9000000) ++++++++++ hal_format:PCM_16_BIT
05-27 16:12:17.574 478 542 D audio_hw_hal_profile: get_hdmi_sink_cap_new is running...
05-27 16:12:17.575 478 542 D audio_hw_hal_profile: [get_hdmi_sink_cap_new:887] query hdmi channels... format: AC3(0x9000000)
05-27 16:12:17.575 478 542 I audio_hw_hal_profile: [out_get_parameters:2165] sup_channels=AUDIO_CHANNEL_OUT_MONO|AUDIO_CHANNEL_OUT_STEREO|AUDIO_CHANNEL_OUT_TRI|AUDIO_CHANNEL_OUT_TRI_BACK|AUDIO_CHANNEL_OUT_3POINT1|AUDIO_CHANNEL_OUT_QUAD|AUDIO_CHANNEL_OUT_SURROUND|AUDIO_CHANNEL_OUT_PENTA|AUDIO_CHANNEL_OUT_5POINT1
05-27 16:12:17.575 478 542 I audio_hw_hal_profile: [out_get_parameters:2089] out:0xefc415a0 query sample rate. Format:E_AC3(0xa000000) ++++++++++ hal_format:PCM_16_BIT
05-27 16:12:17.575 478 542 D audio_hw_hal_profile: get_hdmi_sink_cap_new is running...
05-27 16:12:17.576 478 542 D audio_hw_hal_profile: [get_hdmi_sink_cap_new:960] query hdmi sample_rate... format: E_AC3(0xa000000)
05-27 16:12:17.576 478 542 I audio_hw_hal_profile: get_hdmi_sink_cap_new format =0xa000000 support rate =sup_sampling_rates=32000|44100|48000
05-27 16:12:17.576 478 542 I audio_hw_hal_profile: [out_get_parameters:2165] sup_sampling_rates=32000|44100|48000
05-27 16:12:17.576 478 542 I audio_hw_hal_profile: [out_get_parameters:2092] out:0xefc415a0 query channels. Format:E_AC3(0xa000000) ++++++++++ hal_format:PCM_16_BIT
05-27 16:12:17.576 478 542 D audio_hw_hal_profile: get_hdmi_sink_cap_new is running...
05-27 16:12:17.576 478 542 D audio_hw_hal_profile: [get_hdmi_sink_cap_new:887] query hdmi channels... format: E_AC3(0xa000000)
05-27 16:12:17.576 478 542 I audio_hw_hal_profile: [out_get_parameters:2165] sup_channels=AUDIO_CHANNEL_OUT_MONO|AUDIO_CHANNEL_OUT_STEREO|AUDIO_CHANNEL_OUT_TRI|AUDIO_CHANNEL_OUT_TRI_BACK|AUDIO_CHANNEL_OUT_3POINT1|AUDIO_CHANNEL_OUT_QUAD|AUDIO_CHANNEL_OUT_SURROUND|AUDIO_CHANNEL_OUT_PENTA|AUDIO_CHANNEL_OUT_5POINT1|AUDIO_CHANNEL_OUT_6POINT1|AUDIO_CHANNEL_OUT_7POINT1
05-27 16:12:17.577 478 542 I audio_hw_hal_profile: [out_get_parameters:2089] out:0xefc415a0 query sample rate. Format:IEC61937(0xd000000) ++++++++++ hal_format:PCM_16_BIT
05-27 16:12:17.577 478 542 D audio_hw_hal_profile: get_hdmi_sink_cap_new is running...
05-27 16:12:17.577 478 542 D audio_hw_hal_profile: [get_hdmi_sink_cap_new:960] query hdmi sample_rate... format: IEC61937(0xd000000)
05-27 16:12:17.577 478 542 I audio_hw_hal_profile: [out_get_parameters:2165] sup_sampling_rates=8000|11025|16000|22050|24000|32000|44100|48000|128000|176400|192000
05-27 16:12:17.578 478 542 I audio_hw_hal_profile: [out_get_parameters:2092] out:0xefc415a0 query channels. Format:IEC61937(0xd000000) ++++++++++ hal_format:PCM_16_BIT
05-27 16:12:17.578 478 542 D audio_hw_hal_profile: get_hdmi_sink_cap_new is running...
05-27 16:12:17.578 478 542 D audio_hw_hal_profile: [get_hdmi_sink_cap_new:887] query hdmi channels... format: IEC61937(0xd000000)
05-27 16:12:17.578 478 542 I audio_hw_hal_profile: [out_get_parameters:2165] sup_channels=AUDIO_CHANNEL_OUT_MONO|AUDIO_CHANNEL_OUT_STEREO|AUDIO_CHANNEL_OUT_TRI|AUDIO_CHANNEL_OUT_TRI_BACK|AUDIO_CHANNEL_OUT_3POINT1|AUDIO_CHANNEL_OUT_QUAD|AUDIO_CHANNEL_OUT_SURROUND|AUDIO_CHANNEL_OUT_PENTA|AUDIO_CHANNEL_OUT_5POINT1|AUDIO_CHANNEL_OUT_7POINT1
05-27 16:12:17.578 478 542 I audio_hw_hal_profile: [out_get_parameters:2089] out:0xefc415a0 query sample rate. Format:E_AC3_JOC(0xa000001) ++++++++++ hal_format:PCM_16_BIT
05-27 16:12:17.578 478 542 D audio_hw_hal_profile: get_hdmi_sink_cap_new is running...
05-27 16:12:17.579 478 542 D audio_hw_hal_profile: [get_hdmi_sink_cap_new:960] query hdmi sample_rate... format: E_AC3(0xa000000)
05-27 16:12:17.579 478 542 I audio_hw_hal_profile: get_hdmi_sink_cap_new format =0xa000000 support rate =sup_sampling_rates=32000|44100|48000
05-27 16:12:17.579 478 542 I audio_hw_hal_profile: [out_get_parameters:2165] sup_sampling_rates=32000|44100|48000
05-27 16:12:17.579 478 542 I audio_hw_hal_profile: [out_get_parameters:2092] out:0xefc415a0 query channels. Format:E_AC3_JOC(0xa000001) ++++++++++ hal_format:PCM_16_BIT
05-27 16:12:17.579 478 542 D audio_hw_hal_profile: get_hdmi_sink_cap_new is running...
