05-27 16:12:06.632 715 821 I WiredAccessoryManager: MSG_NEW_DEVICE_STATE
05-27 16:12:06.632 320 328 I SystemControl: [/SysWrite.cpp, getKernelReleaseVersion, 701] getKernelReleaseVersion: 5.15
05-27 16:12:06.633 320 328 I SystemControl: [/SystemControlHal.cpp, onEvent, 72] onEvent event:4, client size:5
05-27 16:12:06.633 488 509 I SystemControlClient: notifyCallback event type:4
05-27 16:12:06.633 488 509 I SystemControlClient: notifyCallback: listener is NULL.
05-27 16:12:06.633 320 328 I SystemControl: [/UEventObserver.cpp, HDMITxUenventThreadLoop, 451] HDMI TX switch_name:hdmitx_current_status, switch_state: 150
05-27 16:12:06.633 487 516 I SystemControlClient: notifyCallback event type:4
05-27 16:12:06.633 487 516 I SystemControlClient: notifyCallback: listener is NULL.
05-27 16:12:06.633 240 800 I SystemControlClient: notifyCallback event type:4
05-27 16:12:06.633 240 800 I SystemControlClient: notifyCallback: listener is NULL.
05-27 16:12:06.633 486 1121 I SystemControlClient: notifyCallback event type:4
05-27 16:12:06.633 486 1121 I SystemControlClient: notifyCallback: listener is NULL.
05-27 16:12:06.633 1053 1179 I SystemControlEvent: system control callback event: 4
05-27 16:12:06.634 715 715 I AS.AudioDeviceInventory: NOISY: adding 0x400
05-27 16:12:06.637 478 478 D xm_audio: adev_get_parameters
05-27 16:12:06.639 478 478 D xm_audio: adev_get_parameters
05-27 16:12:06.644 478 478 D xm_audio: adev_get_parameters
05-27 16:12:06.646 478 478 D xm_audio: adev_get_parameters
05-27 16:12:06.652 478 478 D xm_audio: adev_get_parameters
05-27 16:12:06.654 478 478 D xm_audio: adev_get_parameters
05-27 16:12:06.661 478 478 D xm_audio: adev_get_parameters
05-27 16:12:06.664 478 478 D xm_audio: adev_get_parameters
05-27 16:12:06.671 478 478 D xm_audio: adev_get_parameters
05-27 16:12:06.673 478 478 D xm_audio: adev_get_parameters
05-27 16:12:06.678 478 478 D xm_audio: adev_get_parameters
05-27 16:12:06.681 478 478 D xm_audio: adev_get_parameters
05-27 16:12:06.686 478 478 D xm_audio: adev_get_parameters
05-27 16:12:06.688 478 478 D xm_audio: adev_get_parameters
05-27 16:12:06.693 478 478 D xm_audio: adev_get_parameters
05-27 16:12:06.694 478 478 D xm_audio: adev_get_parameters
05-27 16:12:06.700 478 478 D xm_audio: adev_get_parameters
05-27 16:12:06.701 478 478 D xm_audio: adev_get_parameters
05-27 16:12:06.705 715 715 I AS.AudioDeviceInventory: NOISY: musicDevice changing from NONE to 0x400
05-27 16:12:06.706 715 715 I AS.AudioDeviceInventory: dropping ACTION_AUDIO_BECOMING_NOISY
05-27 16:12:06.707 715 873 D AudioService: setWiredDeviceConnectionState( type:400 state:DEVICE_STATE_UNAVAILABLE addr: name:) from android
05-27 16:12:06.708 715 873 I AS.AudioDeviceInventory: handleDeviceConnection(false dev:400 address: name:)
05-27 16:12:06.708 715 873 I AS.AudioDeviceInventory: deviceKey:0x400:
05-27 16:12:06.708 715 873 I AS.AudioDeviceInventory: deviceInfo:[DeviceInfo: type:0x400 (hdmi) name: addr: codec: 0 sensorUuid: null disabled modes: {}] is(already)Connected:true
05-27 16:12:06.708 535 596 I APM_AudioPolicyManager: [setDeviceConnectionState:256] curForceUse:NONE(0) disconnect_forceuse:HDMI(9)
05-27 16:12:06.709 478 1797 D xm_audio: adev_get_parameters
05-27 16:12:06.710 478 1797 I audio_hw_hal_primary: [adev_set_device_connected_state_v7:9037] disconnected address:, num_descriptors:0, num_profiles:7
05-27 16:12:06.710 478 1797 I audio_hw_hal_primary: [set_device_connect_state:4044] state:0, dev:OUT_HDMI(0x400), pre_out:0x80002, pre_in:0x4
05-27 16:12:06.710 478 1797 D audio_hw_hal_resourcemgr: [set_output_device_avail:353] device:0x400 avail_out_devices:400 routed_out_devices:0x400
05-27 16:12:06.712 478 478 D xm_audio: adev_get_parameters
05-27 16:12:06.717 535 596 W APM::Devices: DeviceVector::remove device 00000400 not in
05-27 16:12:06.718 290 351 I MesonHwc: setDisplayMode mode:dummy_l
05-27 16:12:06.718 290 351 D MesonDisplayServer: SetDisplay[CVBS] Mode to "dummy_l"
05-27 16:12:06.718 290 351 D MesonHwc: blankDisplay connectorType:15
05-27 16:12:06.718 290 351 D MesonHwc: [setConnectorStatus]: power mode 2
05-27 16:12:06.718 290 351 D MesonHwc: displayId:0, blank all display planes
05-27 16:12:06.719 715 873 I AS.AudioDeviceInventory: sendDeviceConnectionIntent(dev:0x400 state:0x0 address: name:);
05-27 16:12:06.725 931 931 V MediaRouter: Audio routes updated: AudioRoutesInfo{ type=SPEAKER }, a2dp=false
05-27 16:12:06.725 931 931 V MediaRouter: Selecting route: RouteInfo{ name=电视, description=null, status=null, category=RouteCategory{ name=系统 types=ROUTE_TYPE_LIVE_AUDIO ROUTE_TYPE_LIVE_VIDEO groupable=false }, supportedTypes=ROUTE_TYPE_LIVE_AUDIO ROUTE_TYPE_LIVE_VIDEO , presentationDisplay=null }
05-27 16:12:06.725 715 715 V MediaRouter: Audio routes updated: AudioRoutesInfo{ type=SPEAKER }, a2dp=false
05-27 16:12:06.725 715 715 V MediaRouter: Selecting route: RouteInfo{ name=电视, description=null, status=null, category=RouteCategory{ name=系统 types=ROUTE_TYPE_LIVE_AUDIO ROUTE_TYPE_LIVE_VIDEO groupable=false }, supportedTypes=ROUTE_TYPE_LIVE_AUDIO ROUTE_TYPE_LIVE_VIDEO , presentationDisplay=null }
01-01 08:05:36.474 0 0 I : [3 T351 ..] [drm] [meson_hdmitx_encoder_atomic_disable]
01-01 08:05:36.475 0 0 I : [3 T351 ..] [drm] am_meson_crtc_atomic_disable-[0]:in
01-01 08:05:36.475 0 0 I [0 T351 d.] [hdmitx: ] hdmitx_set_drm_pkt: disable drm pkt
01-01 08:05:36.476 0 0 I [0 T351 d.] [hdmitx: ] TV not support DV, clr dv_vsif
01-01 08:05:36.477 0 0 I [0 T351 d.] [hdmitx: ] DV H14b VSIF, switching signal to SDR
01-01 08:05:36.478 0 0 I [0 T351 ..] [hdmitx: ] hdmitx_set_hdr10plus_pkt: null vsif
01-01 08:05:36.479 0 0 I [0 T351 ..] [hdmitx: ] hdmitx_unregister_vrr ret = 0
01-01 08:05:36.479 0 0 I : [0 T351 ..] [drm] am_meson_crtc_atomic_enable-[0] in: new[dummy_l], old[576p50hz], vmode[4-4], uboot[0]
01-01 08:05:36.481 0 0 I : [0 T351 ..] [drm] am_meson_crtc_atomic_enable-[0]: enable mode dummy_l final vmode 7
05-27 16:12:06.735 320 328 I SystemControl: [/UEventObserver.cpp, HDMITxUenventThreadLoop, 451] HDMI TX switch_name:hdmitx_current_status, switch_state: 151
05-27 16:12:06.735 478 478 D xm_audio: adev_get_parameters
05-27 16:12:06.738 478 478 D xm_audio: adev_get_parameters
01-01 08:05:36.485 0 0 I : [0 T351 ..] dummy_encl_set_current_vmode finished
01-01 08:05:36.485 0 0 I : [0 T351 ..] [drm] meson_vout_update_mode_name: dummy update vout 1 name dummy_l.
01-01 08:05:36.487 0 0 I : [0 T351 ..] [drm] meson_dummyl_encoder_atomic_enable: vmode:7 skip atomic enable!
05-27 16:12:06.742 478 478 D xm_audio: adev_get_parameters
05-27 16:12:06.743 478 478 D xm_audio: adev_get_parameters
05-27 16:12:06.747 478 478 D xm_audio: adev_get_parameters
05-27 16:12:06.748 478 478 D xm_audio: adev_get_parameters
05-27 16:12:06.751 478 478 D xm_audio: adev_get_parameters
05-27 16:12:06.753 478 478 D xm_audio: adev_get_parameters
05-27 16:12:06.753 290 351 D MesonHwc: setmode:crtc[63], name [dummy_l] -modeblob[127] [720x480-56.00] seamless:0 enableVrr:0
05-27 16:12:06.754 290 351 D MesonHwc: displayId:0, blank all display planes
05-27 16:12:06.756 478 478 D xm_audio: adev_get_parameters
05-27 16:12:06.757 478 478 D xm_audio: adev_get_parameters
05-27 16:12:06.760 478 478 D xm_audio: adev_get_parameters
05-27 16:12:06.761 478 478 D xm_audio: adev_get_parameters
05-27 16:12:06.765 478 478 D xm_audio: adev_get_parameters
05-27 16:12:06.766 478 478 D xm_audio: adev_get_parameters
05-27 16:12:06.769 478 478 D xm_audio: adev_get_parameters
05-27 16:12:06.770 290 351 D MesonHwc: RealModeMgr::update: nextModeId:618
05-27 16:12:06.770 290 351 D MesonHwc: RealModeMgr::update use previous mode (720x576-50.00)
05-27 16:12:06.770 290 351 D MesonHwc: drmplane clear drm bo caches
05-27 16:12:06.770 290 351 D MesonHwc: drmplane clear drm bo caches
05-27 16:12:06.771 290 351 D MesonHwc: cleanupBeforeDestroy displayId:0, clear layers
05-27 16:12:06.771 290 351 D MesonHwc: On hotplug, Fn: 0x989b931, Data: 0xe8cc35e0, display: 0, connection: 1
05-27 16:12:06.771 290 351 D MesonComposer3: halEventcallback onHotplug client3.0
05-27 16:12:06.771 478 478 D xm_audio: adev_get_parameters
05-27 16:12:06.771 290 382 D MesonHwc: No edid for (VIRTUAL),use default edid instead.
05-27 16:12:06.771 290 351 D MesonHwc: received Uevent: change@/devices/virtual/amhdmitx/amhdmitx0
05-27 16:12:06.771 290 351 D MesonHwc: received Uevent: ACTION=change
05-27 16:12:06.771 290 382 E MesonHwc: getPort 15
05-27 16:12:06.771 290 351 D MesonHwc: received Uevent: DEVPATH=/devices/virtual/amhdmitx/amhdmitx0
05-27 16:12:06.771 290 382 D MesonHwc: No edid for (VIRTUAL),use default edid instead.
05-27 16:12:06.771 290 351 D MesonHwc: received Uevent: SUBSYSTEM=amhdmitx
05-27 16:12:06.771 290 382 E MesonHwc: getPort 15
05-27 16:12:06.771 290 351 D MesonHwc: received Uevent: hdmitx_audio=0
05-27 16:12:06.771 290 351 D MesonHwc: received Uevent: MAJOR=492
05-27 16:12:06.771 290 351 D MesonHwc: received Uevent: MINOR=0
05-27 16:12:06.771 290 351 D MesonHwc: received Uevent: DEVNAME=amhdmitx0
05-27 16:12:06.771 290 351 D MesonHwc: received Uevent: SEQNUM=5379
05-27 16:12:06.771 290 351 D MesonHwc: received Uevent: change@/devices/virtual/amhdmitx/amhdmitx0
05-27 16:12:06.771 290 351 D MesonHwc: received Uevent: ACTION=change
05-27 16:12:06.771 290 351 D MesonHwc: received Uevent: DEVPATH=/devices/virtual/amhdmitx/amhdmitx0
05-27 16:12:06.771 290 351 D MesonHwc: received Uevent: SUBSYSTEM=amhdmitx
05-27 16:12:06.771 290 351 D MesonHwc: received Uevent: hdmitx_audio=0
05-27 16:12:06.771 290 351 D MesonHwc: received Uevent: MAJOR=492
05-27 16:12:06.771 290 351 D MesonHwc: received Uevent: MINOR=0
05-27 16:12:06.771 290 351 D MesonHwc: received Uevent: DEVNAME=amhdmitx0
05-27 16:12:06.771 290 351 D MesonHwc: received Uevent: SEQNUM=5379
05-27 16:12:06.771 290 351 D MesonHwc: received Uevent: change@/devices/virtual/amhdmitx/amhdmitx0
05-27 16:12:06.771 290 351 D MesonHwc: received Uevent: ACTION=change
05-27 16:12:06.771 290 351 D MesonHwc: received Uevent: DEVPATH=/devices/virtual/amhdmitx/amhdmitx0
05-27 16:12:06.771 290 351 D MesonHwc: received Uevent: SUBSYSTEM=amhdmitx
05-27 16:12:06.771 290 351 D MesonHwc: received Uevent: hdmitx_current_status=150
05-27 16:12:06.771 290 351 D MesonHwc: received Uevent: MAJOR=492
05-27 16:12:06.771 290 351 D MesonHwc: received Uevent: MINOR=0
05-27 16:12:06.771 290 351 D MesonHwc: received Uevent: DEVNAME=amhdmitx0
05-27 16:12:06.771 290 351 D MesonHwc: received Uevent: SEQNUM=5381
05-27 16:12:06.771 290 351 D MesonHwc: received Uevent: NUM=5380
05-27 16:12:06.771 290 351 D MesonHwc: received Uevent: NUM=5378
05-27 16:12:06.771 290 351 D MesonHwc: received Uevent: OMPATIBLE_N=1
05-27 16:12:06.771 290 351 D MesonHwc: received Uevent: MODALIAS=of:NaocecT(null)Camlogic,_aocec-s7d
05-27 16:12:06.771 290 351 D MesonHwc: received Uevent: SEQNUM=5376
05-27 16:12:06.772 290 351 D MesonHwc: received Uevent: 5Ap0000C081
05-27 16:12:06.772 290 351 D MesonHwc: received Uevent: SEQNUM=3612
05-27 16:12:06.772 290 351 D MesonHwc: received Uevent: bfd4444600000000 1 130ff38b17c000 677bfad9415fed 9ed68000004400 10000002
05-27 16:12:06.772 290 351 D MesonHwc: received Uevent: REL=1040
05-27 16:12:06.772 290 351 D MesonHwc: received Uevent: ABS=100000000
05-27 16:12:06.772 290 351 D MesonHwc: received Uevent: MSC=10
05-27 16:12:06.772 290 351 D MesonHwc: received Uevent: MODALIAS=input:b0005v1D5ApC081e0000-e0,1,2,3,4,k71,72,73,74,77,80,82,83,85,86,87,88,89,8A,8B,8C,8E,90,96,98,9B,9C,9E,9F,A1,A3,A4,A5,A6,A7,A8,A9,AB,AC,AD,AE,B0,B1,B2,B5,B6,CE,CF,D0,D1,D2,D4,D8,D9,DB,DF,E0,E1,E4,E5,E6,E7,E8,E9,EA,EB,F0,F1,F4,100,161,162,166,16A,16E,172,174,176,177,178,179,17A,17B,17C,17D,17F,180,182,183,185,188,189,18C,18D,18E,18F,190,191,192,193,195,197,198,199,19A,19C,1A0,1A1,1A2,1A3,1A4,1A5,1A6,1A7,1A8,1A9,1AA,1AB,1AC,1AD,1AE,1AF,1B0,1B1,1B7,1BA,240,241,242,243,244,245,246,247,249,24A,250,251,r6,C,a20,m4,lsfw
05-27 16:12:06.772 290 351 D MesonHwc: received Uevent: SEQNUM=3609
05-27 16:12:06.772 290 351 D MesonHwc: received Uevent: change@/devices/virtual/amhdmitx/amhdmitx0
05-27 16:12:06.772 290 351 D MesonHwc: received Uevent: ACTION=change
05-27 16:12:06.772 290 351 D MesonHwc: received Uevent: DEVPATH=/devices/virtual/amhdmitx/amhdmitx0
05-27 16:12:06.772 290 351 D MesonHwc: received Uevent: SUBSYSTEM=amhdmitx
05-27 16:12:06.772 290 351 D MesonHwc: received Uevent: hdmitx_current_status=150
05-27 16:12:06.772 290 351 D MesonHwc: received Uevent: MAJOR=492
05-27 16:12:06.772 290 351 D MesonHwc: received Uevent: MINOR=0
05-27 16:12:06.772 290 351 D MesonHwc: received Uevent: DEVNAME=amhdmitx0
05-27 16:12:06.772 290 351 D MesonHwc: received Uevent: SEQNUM=5381
05-27 16:12:06.772 290 351 D MesonHwc: received Uevent: NUM=5380
05-27 16:12:06.772 290 351 D MesonHwc: received Uevent: NUM=5378
05-27 16:12:06.772 290 351 D MesonHwc: received Uevent: OMPATIBLE_N=1
05-27 16:12:06.772 290 351 D MesonHwc: received Uevent: MODALIAS=of:NaocecT(null)Camlogic,_aocec-s7d
05-27 16:12:06.772 290 351 D MesonHwc: received Uevent: SEQNUM=5376
05-27 16:12:06.772 290 351 D MesonHwc: received Uevent: 5Ap0000C081
05-27 16:12:06.772 290 351 D MesonHwc: received Uevent: SEQNUM=3612
05-27 16:12:06.772 290 351 D MesonHwc: received Uevent: bfd4444600000000 1 130ff38b17c000 677bfad9415fed 9ed68000004400 10000002
05-27 16:12:06.772 290 351 D MesonHwc: received Uevent: REL=1040
05-27 16:12:06.772 290 351 D MesonHwc: received Uevent: ABS=100000000
05-27 16:12:06.772 290 351 D MesonHwc: received Uevent: MSC=10
05-27 16:12:06.772 290 351 D MesonHwc: received Uevent: MODALIAS=input:b0005v1D5ApC081e0000-e0,1,2,3,4,k71,72,73,74,77,80,82,83,85,86,87,88,89,8A,8B,8C,8E,90,96,98,9B,9C,9E,9F,A1,A3,A4,A5,A6,A7,A8,A9,AB,AC,AD,AE,B0,B1,B2,B5,B6,CE,CF,D0,D1,D2,D4,D8,D9,DB,DF,E0,E1,E4,E5,E6,E7,E8,E9,EA,EB,F0,F1,F4,100,161,162,166,16A,16E,172,174,176,177,178,179,17A,17B,17C,17D,17F,180,182,183,185,188,189,18C,18D,18E,18F,190,191,192,193,195,197,198,199,19A,19C,1A0,1A1,1A2,1A3,1A4,1A5,1A6,1A7,1A8,1A9,1AA,1AB,1AC,1AD,1AE,1AF,1B0,1B1,1B7,1BA,240,241,242,243,244,245,246,247,249,24A,250,251,r6,C,a20,m4,lsfw
05-27 16:12:06.772 290 351 D MesonHwc: received Uevent: SEQNUM=3609
05-27 16:12:06.772 290 351 D MesonHwc: received Uevent: change@/devices/virtual/amhdmitx/amhdmitx0
05-27 16:12:06.772 290 351 D MesonHwc: received Uevent: ACTION=change
05-27 16:12:06.772 290 351 D MesonHwc: received Uevent: DEVPATH=/devices/virtual/amhdmitx/amhdmitx0
05-27 16:12:06.772 290 351 D MesonHwc: received Uevent: SUBSYSTEM=amhdmitx
05-27 16:12:06.772 290 351 D MesonHwc: received Uevent: hdmitx_current_status=151
05-27 16:12:06.772 290 351 D MesonHwc: received Uevent: MAJOR=492
05-27 16:12:06.772 264 264 I SurfaceFlinger: Reconnecting display 4620747849504298251 (HAL ID 0)
05-27 16:12:06.772 290 351 D MesonHwc: received Uevent: MINOR=0
05-27 16:12:06.772 290 351 D MesonHwc: received Uevent: DEVNAME=amhdmitx0
05-27 16:12:06.772 290 351 D MesonHwc: received Uevent: SEQNUM=5384
05-27 16:12:06.772 290 351 D MesonHwc: received Uevent: NUM=5383
05-27 16:12:06.772 290 351 D MesonHwc: received Uevent: s7d
05-27 16:12:06.772 290 351 D MesonHwc: received Uevent: OF_COMPATIBLE_N=1
05-27 16:12:06.772 290 351 D MesonHwc: received Uevent: MODALIAS=of:NaocecT(null)Camlogic,_aocec-s7d
05-27 16:12:06.772 290 351 D MesonHwc: received Uevent: SEQNUM=5382
05-27 16:12:06.772 290 351 D MesonHwc: received Uevent: change@/devices/virtual/amhdmitx/amhdmitx0
05-27 16:12:06.772 290 351 D MesonHwc: received Uevent: ACTION=change
05-27 16:12:06.772 290 351 D MesonHwc: received Uevent: DEVPATH=/devices/virtual/amhdmitx/amhdmitx0
05-27 16:12:06.772 290 351 D MesonHwc: received Uevent: SUBSYSTEM=amhdmitx
05-27 16:12:06.772 290 351 D MesonHwc: received Uevent: hdmitx_current_status=151
05-27 16:12:06.772 290 351 D MesonHwc: received Uevent: MAJOR=492
05-27 16:12:06.772 290 351 D MesonHwc: received Uevent: MINOR=0
05-27 16:12:06.772 290 351 D MesonHwc: received Uevent: DEVNAME=amhdmitx0
05-27 16:12:06.772 290 351 D MesonHwc: received Uevent: SEQNUM=5384
05-27 16:12:06.772 290 351 D MesonHwc: received Uevent: NUM=5383
05-27 16:12:06.772 290 351 D MesonHwc: received Uevent: s7d
05-27 16:12:06.772 290 351 D MesonHwc: received Uevent: OF_COMPATIBLE_N=1
05-27 16:12:06.772 290 351 D MesonHwc: received Uevent: MODALIAS=of:NaocecT(null)Camlogic,_aocec-s7d
05-27 16:12:06.772 290 351 D MesonHwc: received Uevent: SEQNUM=5382
05-27 16:12:06.776 478 478 D xm_audio: adev_get_parameters
05-27 16:12:06.776 478 672 D audio_hw_hal_ms12common: func:ms12_timer_callback_handler sigv:0 ~~~~~~~~~~
05-27 16:12:06.776 478 672 D audio_hw_hal_ms12v2: set_dolby_ms12_continuous_state audio_continuous_standby_set status 1
05-27 16:12:06.776 478 672 D audio_hw_hal_continuous_standby: audio_continuous_standby_set, type 0, params 1
05-27 16:12:06.776 478 672 D audio_hw_hal_ms12common: aml_send_ms12_scheduler_state_2_ms12 adev:0xefd014a0, sch_state:1(SCHEDULER_STANDBY)
05-27 16:12:06.777 478 478 D xm_audio: adev_get_parameters
05-27 16:12:06.780 478 478 D xm_audio: adev_get_parameters
05-27 16:12:06.781 478 478 D xm_audio: adev_get_parameters
05-27 16:12:06.784 478 478 D xm_audio: adev_get_parameters
05-27 16:12:06.786 478 478 D xm_audio: adev_get_parameters
05-27 16:12:06.791 290 382 E MesonComposer3: destroyLayer: display:0 failed to destroy layer:335
05-27 16:12:06.791 264 264 E HwcComposer: destroyLayer failed Status(-8, EX_SERVICE_SPECIFIC): '3: '
05-27 16:12:06.791 264 264 E HWC2 : destroyLayer(0, 335) failed: BadLayer (3)
05-27 16:12:06.791 290 382 E MesonComposer3: destroyLayer: display:0 failed to destroy layer:78
05-27 16:12:06.791 264 264 E HwcComposer: destroyLayer failed Status(-8, EX_SERVICE_SPECIFIC): '3: '
05-27 16:12:06.791 264 264 E HWC2 : destroyLayer(0, 78) failed: BadLayer (3)
05-27 16:12:06.791 264 264 E HwcComposer: setClientTargetSlotCount failed Status(-8, EX_SERVICE_SPECIFIC): '4: '
05-27 16:12:06.800 264 264 I Scheduler: Display 4620747849504298251 is the pacesetter
05-27 16:12:06.800 264 5076 E SchedulerTimer: Terminated
05-27 16:12:06.800 264 264 D SurfaceFlinger: Setting power mode 2 on display 4620747849504298251
05-27 16:12:06.800 264 393 W EventThread: Failed dispatching Hotplug{displayId=4620747849504298251, connected} for Connection{0xf2542d10, VSyncRequest::None}
05-27 16:12:06.800 264 394 W EventThread: Failed dispatching Hotplug{displayId=4620747849504298251, connected} for Connection{0xf2543110, VSyncRequest::None}
05-27 16:12:06.801 290 382 D MesonHwc: setPowerMode 2
05-27 16:12:06.801 264 264 D SurfaceFlinger: Finished setting power mode 2 on display 4620747849504298251
05-27 16:12:06.804 715 741 I DisplayDeviceRepository: Display device changed: DisplayDeviceInfo{"内置屏幕": uniqueId="local:4620747849504298251", 720 x 576, modeId 297, renderFrameRate 50.0, defaultModeId 297, supportedModes [{id=297, width=720, height=576, fps=50.0, alternativeRefreshRates=[], supportedHdrTypes=[]}, {id=515, width=1920, height=1080, fps=119.88013, alternativeRefreshRates=[], supportedHdrTypes=[]}, {id=516, width=1920, height=1080, fps=120.00001, alternativeRefreshRates=[], supportedHdrTypes=[]}, {id=517, width=4096, height=2160, fps=23.976025, alternativeRefreshRates=[], supportedHdrTypes=[]}, {id=518, width=4096, height=2160, fps=24.000002, alternativeRefreshRates=[], supportedHdrTypes=[]}, {id=519, width=3840, height=2160, fps=29.97003, alternativeRefreshRates=[], supportedHdrTypes=[]}, {id=520, width=3840, height=2160, fps=30.000002, alternativeRefreshRates=[], supportedHdrTypes=[]}, {id=521, width=3840, height=2160, fps=25.0, alternativeRefreshRates=[], supportedHdrTypes=[]}, {id=522, width=3840, height=2160, fps=23.976025, alternativeRefreshRates=[], supportedHdrTypes=[]}, {id=523, width=3840, height=2160, fps=24.000002, alternativeRefreshRates=[], supportedHdrTypes=[]}, {id=524, width=1920, height=1080, fps=59.94006, alternativeRefreshRates=[], supportedHdrTypes=[]}, {id=525, width=1920, height=1080, fps=60.000004, alternativeRefreshRates=[], supportedHdrTypes=[]}, {id=526, width=1920, height=1080, fps=50.0, alternativeRefreshRates=[], supportedHdrTypes=[]}, {id=527, width=1920, height=1080, fps=29.97003, alternativeRefreshRates=[], supportedHdrTypes=[]}, {id=528, width=1920, height=1080, fps=30.000002, alternativeRefreshRates=[], supportedHdrTypes=[]}, {id=529, width=1920, height=1080, fps=23.976025, alternativeRefreshRates=[], supportedHdrTypes=[]}, {id=530, width=1920, height=1080, fps=24.000002, alternativeRefreshRates=[], supportedHdrTypes=[]}, {id=531, width=1280, height=720, fps=119.88013, alternativeRefreshRates=[], supportedHdrTypes=[]}, {id=532, width=1280, height=720, fps=120.00001, alternativeRefreshRates=[], supportedHdrTypes=[]}, {id=533, width=1280, height=720, fps=59.94006, alternativeRefreshRates=[], supportedHdrTypes=[]}, {id=534, width=1280, height=720, fps=60.000004, alternativeRefreshRates=[], supportedHdrTypes=[]}, {id=535, width=1280, height=720, fps=50.0, alternativeRefreshRates=[], supportedHdrTypes=[]}, {id=536, width=1280, height=720, fps=29.97003, alternativeRefreshRates=[], supportedHdrTypes=[]}, {id=537, width=1280, height=720, fps=30.000002, alternativeRefreshRates=[], supportedHdrTypes=[]}, {id=538, width=1280, height=720, fps=23.976025, alternativeRefreshRates=[], supportedHdrTypes=[]}, {id=539, width=1280, height=720, fps=24.000002, alternativeRefreshRates=[], supportedHdrTypes=[]}, {id=540, width=720, height=480, fps=59.94006, alternativeRefreshRates=[], supportedHdrTypes=[]}, {id=541, width=720, height=480, fps=60.000004, alternativeRefreshRates=[], supportedHdrTypes=[]}], colorMode 0, supportedColorModes [0], hdrCapabilities HdrCapabilities{mSupportedHdrTypes=[], mMaxLuminance=500.0, mMaxAverageLuminance=500.0, mMinLuminance=0.0}, allmSupported false, gameContentTypeSupported true, density 124, 15.902 x 22.508 dpi, appVsyncOff 2000000, presDeadline 17000000, touch INTERNAL, rotation 0, type INTERNAL, address {port=11, model=0x402031aff65a95}, deviceProductInfo DeviceProductInfo{name=Haqu, manufacturerPnpId=HAQ, productId=48, modelYear=null, manufactureDate=ManufactureDate{week=43, year=2017}, connectionToSinkType=2}, state ON, committedState ON, frameRateOverride , brightnessMinimum 0.0, brightnessMaximum 1.0, brightnessDefault 0.39763778, hdrSdrRatio NaN, FLAG_ALLOWED_TO_BE_DEFAULT_DISPLAY, FLAG_ROTATES_WITH_CONTENT, FLAG_SECURE, FLAG_SUPPORTS_PROTECTED_BUFFERS, FLAG_TRUSTED, installOrientation 0, displayShape DisplayShape{ spec=-1515622917 displayWidth=720 displayHeight=576 physicalPixelDisplaySizeRatio=1.0 rotation=0 offsetX=0 offsetY=0 scale=1.0}}
05-27 16:12:06.807 264 264 I RefreshRateSelector: Display 4620747849504298251 policy changed
05-27 16:12:06.807 264 264 I RefreshRateSelector: Previous: {defaultModeId=579, allowGroupSwitching=false, primaryRanges={physical=[0.00 Hz, 340282346638528859811704183484516925440.00 Hz], render=[0.00 Hz, 340282346638528859811704183484516925440.00 Hz]}, appRequestRanges={physical=[0.00 Hz, 340282346638528859811704183484516925440.00 Hz], render=[0.00 Hz, 340282346638528859811704183484516925440.00 Hz]}}
05-27 16:12:06.807 264 264 I RefreshRateSelector: Current: DisplayManagerPolicy{defaultModeId=579, allowGroupSwitching=false, primaryRanges={physical=[0.00 Hz, inf Hz], render=[0.00 Hz, 120.00 Hz]}, appRequestRanges={physical=[0.00 Hz, inf Hz], render=[0.00 Hz, inf Hz]}}
05-27 16:12:06.807 264 264 I RefreshRateSelector: 0 mode changes were performed under the previous policy
05-27 16:12:06.840 290 5074 D MesonDisplay: read /sys/class/amhdmitx/amhdmitx0/hdcp_lstore, result length:0, val:
05-27 16:12:07.134 2275 2331 D nStackXCoAP: IsInSameNetwork:[276] :IsInSameNetwork exec
05-27 16:12:07.134 2275 2331 I nStackXDFinder: GetLocalInterfaceDetail:[461] :GetLocalInterfaceDetail in
05-27 16:12:07.134 2275 2331 E nStackXCoAP: IsInSameNetwork:[281] :IsInSameNetwork: not priority process
05-27 16:12:07.134 2275 2331 D nStackXCoAP: ParseServiceDiscover:[330] :new device join
05-27 16:12:07.135 2275 2331 E nStackXDFinder: GetLocalIp:[401] :GetLocalIp exec
01-01 08:05:36.881 0 0 I [0 T1149 ..] [hdmitx: ] UTC+0 2025-05-27 08:12:07 HPD HIGH
05-27 16:12:07.162 2275 2331 D nStackXCoAP: CoapMessageHandler:[133] :2.01
05-27 16:12:07.193 715 731 I WifiService: startScan uid=1000
05-27 16:12:07.195 2749 2749 E ccc : cccccc i will start scan
05-27 16:12:07.205 715 859 D InstantWifi: Drop, size: 1
01-01 08:05:36.953 0 0 W : [0 T622 ..] [aml_cfg80211_scan 1812] n_channels:36,iftype:2
01-01 08:05:36.953 0 0 W : [0 T622 ..] [aml_send_scanu_req 2532] vif:0
01-01 08:05:36.953 0 0 W : [0 T622 ..] [aml_send_scanu_req 2563] len:4 ssid:DZNB
01-01 08:05:36.954 0 0 W : [0 T622 ..] >>> aml_send_msg()
01-01 08:05:36.956 0 0 W : [2 T1052 ..] ipc_sdio_host_msgack_handler 00000000b4a2c9f7
01-01 08:05:36.956 0 0 W : [2 T1052 ..] [aml_msgackind 2038] msg ack hostid=0xffffff8083009b80
01-01 08:05:36.957 0 0 W : [2 T1052 ..] [cmd_mgr_llind 329] cmd tkn[47] flags:0008 result: -4 cmd:4096-SCANU_START_REQ - reqcfm( 0-none)
01-01 08:05:36.959 0 0 W : [2 T1052 ..] [cmd_complete 65] cmd tkn[47] flags:0000 result: -4 cmd:4096-SCANU_START_REQ - reqcfm( 0-none)
05-27 16:12:07.442 2275 2331 D nStackXCoAP: IsInSameNetwork:[276] :IsInSameNetwork exec
05-27 16:12:07.442 2275 2331 I nStackXDFinder: GetLocalInterfaceDetail:[461] :GetLocalInterfaceDetail in
05-27 16:12:07.442 2275 2331 E nStackXCoAP: IsInSameNetwork:[281] :IsInSameNetwork: not priority process
05-27 16:12:07.442 2275 2331 D nStackXCoAP: ParseServiceDiscover:[330] :new device join
05-27 16:12:07.442 2275 2331 E nStackXDFinder: GetLocalIp:[401] :GetLocalIp exec
05-27 16:12:07.516 2275 2331 D nStackXCoAP: CoapMessageHandler:[133] :2.01
05-27 16:12:07.638 290 351 D MesonHwc: received Uevent: change@/devices/virtual/amhdmitx/amhdmitx0
05-27 16:12:07.638 320 328 I SystemControl: [/UEventObserver.cpp, HDMITxUenventThreadLoop, 451] HDMI TX switch_name:hdmitx_current_status, switch_state: 152
05-27 16:12:07.638 290 351 D MesonHwc: received Uevent: ACTION=change
05-27 16:12:07.638 290 351 D MesonHwc: received Uevent: DEVPATH=/devices/virtual/amhdmitx/amhdmitx0
05-27 16:12:07.638 290 351 D MesonHwc: received Uevent: SUBSYSTEM=amhdmitx
05-27 16:12:07.638 290 351 D MesonHwc: received Uevent: hdmitx_current_status=152
01-01 08:05:37.385 0 0 I [0 T729 ..] [hdmitx: ] system: plugin
05-27 16:12:07.639 290 351 D MesonHwc: received Uevent: MAJOR=492
05-27 16:12:07.639 290 351 D MesonHwc: received Uevent: MINOR=0
05-27 16:12:07.639 290 351 D MesonHwc: received Uevent: DEVNAME=amhdmitx0
05-27 16:12:07.639 290 351 D MesonHwc: received Uevent: SEQNUM=5385
01-01 08:05:37.385 0 0 I [0 T729 ..] [hdmitx: ] plugin sequence id: 4294976640
05-27 16:12:07.639 290 351 D MesonHwc: received Uevent: NUM=5383
05-27 16:12:07.639 290 351 D MesonHwc: received Uevent: s7d
05-27 16:12:07.639 290 351 D MesonHwc: received Uevent: OF_COMPATIBLE_N=1
05-27 16:12:07.639 290 351 D MesonHwc: received Uevent: MODALIAS=of:NaocecT(null)Camlogic,_aocec-s7d
05-27 16:12:07.639 290 351 D MesonHwc: received Uevent: SEQNUM=5382
05-27 16:12:07.639 290 351 D MesonHwc: received Uevent: change@/devices/virtual/amhdmitx/amhdmitx0
05-27 16:12:07.639 290 351 D MesonHwc: received Uevent: ACTION=change
05-27 16:12:07.639 290 351 D MesonHwc: received Uevent: DEVPATH=/devices/virtual/amhdmitx/amhdmitx0
05-27 16:12:07.639 290 351 D MesonHwc: received Uevent: SUBSYSTEM=amhdmitx
05-27 16:12:07.639 290 351 D MesonHwc: received Uevent: hdmitx_current_status=152
05-27 16:12:07.639 290 351 D MesonHwc: received Uevent: MAJOR=492
05-27 16:12:07.639 290 351 D MesonHwc: received Uevent: MINOR=0
05-27 16:12:07.639 290 351 D MesonHwc: received Uevent: DEVNAME=amhdmitx0
05-27 16:12:07.639 290 351 D MesonHwc: received Uevent: SEQNUM=5385
05-27 16:12:07.639 290 351 D MesonHwc: received Uevent: NUM=5383
05-27 16:12:07.639 290 351 D MesonHwc: received Uevent: s7d
05-27 16:12:07.639 290 351 D MesonHwc: received Uevent: OF_COMPATIBLE_N=1
05-27 16:12:07.639 290 351 D MesonHwc: received Uevent: MODALIAS=of:NaocecT(null)Camlogic,_aocec-s7d
05-27 16:12:07.639 290 351 D MesonHwc: received Uevent: SEQNUM=5382
01-01 08:05:37.423 0 0 I [3 T729 ..] cec: [hdmitx_notify_callback] unsupported notify:3
01-01 08:05:37.423 0 0 W : [3 T729 ..] [RX]-up_phy_addr = 2
01-01 08:05:37.424 0 0 I [3 T729 ..] [hdmitx: ] edid: blk0 raw data
01-01 08:05:37.424 0 0 I [3 T729 ..] [hdmitx: ] 00ffffffffffff0020313000010000002b1b0103807341780acf74a3574cb02309484c21080001010101010101010101010101010101023a801871382d40582c
01-01 08:05:37.424 0 0 I : [3 T729 ..] 450020c23100001e011d00bc52d01e20b828554020c23100001e000000fc00486171750a2020202020202020000000fd003b461f8c3c000a20202020202001c9
01-01 08:05:37.428 0 0 I [3 T729 ..] [hdmitx: ] edid: blk1 raw data
01-01 08:05:37.428 0 0 I [3 T729 ..] [hdmitx: ] 020345f057101f1405130420223c3e1216030711150206012f2e3f3132097f051507505707013d07c05f7e01670403830100006e030c002000b83c2f80800102
01-01 08:05:37.428 0 0 I : [3 T729 ..] 0304e200fb011d007251d01e206e28550020c23100001e8c0ad08a20e02d10103e9600138e21000018000000000000000000000000000000000000000000002b
05-27 16:12:07.685 290 351 D MesonHwc: received Uevent: change@/devices/virtual/amhdmitx/amhdmitx0
05-27 16:12:07.685 290 351 D MesonHwc: received Uevent: ACTION=change
05-27 16:12:07.685 290 351 D MesonHwc: received Uevent: DEVPATH=/devices/virtual/amhdmitx/amhdmitx0
05-27 16:12:07.685 290 351 D MesonHwc: received Uevent: SUBSYSTEM=amhdmitx
05-27 16:12:07.685 320 328 I SystemControl: [/UEventObserver.cpp, HDMITxUenventThreadLoop, 451] HDMI TX switch_name:hdmitx_hpd, switch_state: 1
05-27 16:12:07.685 290 351 D MesonHwc: received Uevent: hdmitx_hpd=1
05-27 16:12:07.685 320 328 I SystemControl: [/DisplayMode.cpp, onTxEvent, 3267] onTxEvent switchName:hdmitx_hpd hpdstate:1 state: 1
05-27 16:12:07.685 320 328 I SystemControl: [/SysWrite.cpp, getKernelReleaseVersion, 701] getKernelReleaseVersion: 5.15
05-27 16:12:07.686 320 371 I SystemControl: [/Ubootenv.cpp, get, 345] [ubootenv] search end and not find env:connector_type
05-27 16:12:07.686 320 328 I SystemControl: [/Ubootenv.cpp, get, 336] [ubootenv] get key:hdmimode envValue: 576p50hz
05-27 16:12:07.686 320 328 I SystemControl: [/Ubootenv.cpp, get, 336] [ubootenv] get key:is.bestmode envValue: false
05-27 16:12:07.686 320 328 I SystemControl: [/Ubootenv.cpp, get, 345] [ubootenv] search end and not find env:user_colorattribute
05-27 16:12:07.686 320 328 I SystemControl: [/Ubootenv.cpp, get, 345] [ubootenv] search end and not find env:hdr_force_mode
05-27 16:12:07.686 320 328 I SystemControl: [/DisplayMode.cpp, gethdrforcemode, 2742] get hdr force mode is [2]
05-27 16:12:07.686 320 328 I SystemControl: [/Ubootenv.cpp, get, 336] [ubootenv] get key:hdr_policy envValue: 0
05-27 16:12:07.686 320 328 I SystemControl: [/DisplayMode.cpp, getHdrStrategy, 2758] getHdrStrategy is [0]
05-27 16:12:07.686 320 328 I SystemControl: [/Ubootenv.cpp, get, 336] [ubootenv] get key:hdr_priority envValue: 268435472
05-27 16:12:07.686 320 328 I SystemControl: [/DisplayMode.cpp, getHdrPriority, 2891] getHdrPriority is [0x10000010]
05-27 16:12:07.686 320 328 I SystemControl: [/DisplayMode.cpp, getCommonData, 1534] isbestcolorspace:1, isbestpolicy:0, hdr_policy:0, hdr_priority :268435472, hdr_force_mode:2
05-27 16:12:07.687 290 351 D MesonHwc: sc_read_bootenv val is empty
05-27 16:12:07.687 290 351 D MesonHwc: getConnectorType, get ubootenv.var.connector_type from uboot env, return (null)
05-27 16:12:07.687 290 351 D MesonHwc: getConnectorType-0 get connector type hdmi--65536
05-27 16:12:07.687 290 351 E MesonHwc: read screen size 0x0 from vinfo
05-27 16:12:07.687 495 532 I hdmicecd: [HdmiCecControl]:Hotplug event port:0, now:1, prevStatus:0 power:1
05-27 16:12:07.687 290 351 E MesonHwc: dolby vision driver is not ready
05-27 16:12:07.687 290 351 D MesonHwc: Connector VIRTUAL loadDisplayModes get 1 modes
05-27 16:12:07.687 290 351 I MesonHwc: add display mode (dummy_l-dummy_l-128, 720x480, 56.000000) dpi(0,0), hskew(0)
05-27 16:12:07.687 290 351 I MesonHwc: loadDisplayModes (1) end
05-27 16:12:07.687 290 351 D MesonHwc: ERR: PLEASE FIX NON-IMPLEMENT FUN(update).
05-27 16:12:07.687 320 371 I SystemControl: [/Ubootenv.cpp, get, 345] [ubootenv] search end and not find env:connector_type
05-27 16:12:07.687 495 532 I hdmiconnection: hot plug port id 0, is connected 1
05-27 16:12:07.687 290 351 D MesonHwc: sc_read_bootenv val is empty
05-27 16:12:07.687 290 351 D MesonHwc: getConnectorType, get ubootenv.var.connector_type from uboot env, return (null)
05-27 16:12:07.687 290 351 D MesonHwc: getConnectorType-0 get connector type hdmi--65536
05-27 16:12:07.687 290 351 D MesonHwc: getConnectorCfg: get display 0, connector 13
05-27 16:12:07.687 290 351 E MesonHwc: FixedDisplayPipe::getConnectorCfg 11
05-27 16:12:07.687 290 351 D MesonHwc: handleEvent DRM_EVENT_HDMITX_HOTPLUG 15 VS 11
05-27 16:12:07.688 715 715 D HDMI : Hotplug event:[port:0, connected:true]
05-27 16:12:07.689 489 489 D hdmicecd: [HdmiCecControl]:getPhysicalAddress, physical addr: 2000, last pa: 2000, ret = 0
05-27 16:12:07.689 495 495 D hdmicecd: [HdmiCecControl]:total port:1
05-27 16:12:07.689 495 495 I hdmicecd: [HdmiCecControl]:portId: 0, type:output, cec support:1, arc support:1, physical address:2000
05-27 16:12:07.690 495 495 I hdmicecd: [HdmiCecControl]:arc port:0
05-27 16:12:07.690 715 821 V WindowManager: app ------------- force_land :0
01-01 08:05:37.432 0 0 I : [3 T729 ..] [drm] drm hdmitx hpd notify
05-27 16:12:07.692 290 346 E MesonHwc: getCrtc by id(0) failed.
05-27 16:12:07.692 290 346 V MesonDisplayServer: GetDisplayMode:
05-27 16:12:07.692 290 351 D MesonHwc: DrmProperty: EDID (1), value [129]
05-27 16:12:07.693 290 351 D MesonHwc: DrmProperty: content type (77), value [0]
05-27 16:12:07.693 320 328 I SystemControl: [/DisplayMode.cpp, getDisplayMode, 2331] getDisplayMode mode:
05-27 16:12:07.693 290 351 D MesonHwc: DrmProperty: vrr_capable (78), value [0]
05-27 16:12:07.693 320 328 I SystemControl: [/Ubootenv.cpp, get, 336] [ubootenv] get key:hdmimode envValue: 576p50hz
05-27 16:12:07.693 290 351 D MesonHwc: DrmProperty: UPDATE (79), value [0]
05-27 16:12:07.693 290 351 D MesonHwc: DrmProperty: color_depth (80), value [8]
05-27 16:12:07.693 320 328 I SystemControl: [/Ubootenv.cpp, get, 336] [ubootenv] get key:cvbsmode envValue: 576cvbs
05-27 16:12:07.693 320 328 I SystemControl: [/DisplayMode.cpp, getCommonData, 1542] hdmi_current_mode:, ubootenv hdmimode:576p50hz cvbsmode:576cvbs
05-27 16:12:07.693 290 351 D MesonHwc: DrmProperty: color_space (81), value [2]
05-27 16:12:07.693 290 351 D MesonHwc: DrmProperty: MESON_DRM_HDMITX_PROP_AVMUTE (82), value [0]
05-27 16:12:07.693 290 351 D MesonHwc: DrmProperty: hdmi_hdr_status (83), value [6]
05-27 16:12:07.693 290 351 D MesonHwc: DrmProperty: dv_cap (85), value [0]
05-27 16:12:07.693 290 351 D MesonHwc: DrmProperty: contenttype_cap (89), value [31]
05-27 16:12:07.693 290 351 D MesonHwc: DrmProperty: hdr_priority (91), value [268435472]
05-27 16:12:07.693 290 351 D MesonHwc: DrmProperty: ready (92), value [0]
05-27 16:12:07.693 290 351 D MesonHwc: DrmProperty: allm_cap (95), value [0]
05-27 16:12:07.693 290 351 D MesonHwc: DrmProperty: dc_cap (96), value [1016]
05-27 16:12:07.693 290 351 E MesonHwc: dolby vision driver is not ready
05-27 16:12:07.693 290 351 I MesonHwc: hdr_preference (dolby_vision)
05-27 16:12:07.694 290 351 E MesonHwc: dolby vision driver is not ready
05-27 16:12:07.694 290 351 D MesonHwc: dolby version:0, dv3:0, hlg:0, hdr10:0, hdr10+:0 max:0, avg:0, min:0
05-27 16:12:07.694 290 351 D MesonHwc: dolby version 4k30:0
05-27 16:12:07.694 290 351 D MesonHwc: Connector HDMI-A loadDisplayModes get 22 modes
05-27 16:12:07.694 290 351 D MesonHwc: add fraction display mode (1920x1080p120hz)
05-27 16:12:07.694 290 351 I MesonHwc: add display mode (1920x1080p120hz-1920x1080p120hz-110, 1920x1080, 120.000000) dpi(42406,42203), hskew(1)
05-27 16:12:07.694 290 351 D MesonHwc: add fraction display mode (smpte24hz)
05-27 16:12:07.694 290 351 I MesonHwc: add display mode (smpte24hz-smpte24hz-111, 4096x2160, 24.000000) dpi(90468,84406), hskew(1)
05-27 16:12:07.694 290 351 D MesonHwc: add fraction display mode (2160p30hz)
05-27 16:12:07.694 290 351 I MesonHwc: add display mode (2160p30hz-2160p30hz-112, 3840x2160, 30.000000) dpi(84813,84406), hskew(1)
05-27 16:12:07.694 290 351 I MesonHwc: add display mode (2160p25hz-2160p25hz-113, 3840x2160, 25.000000) dpi(84813,84406), hskew(1)
05-27 16:12:07.694 290 351 D MesonHwc: add fraction display mode (2160p24hz)
05-27 16:12:07.695 290 351 I MesonHwc: add display mode (2160p24hz-2160p24hz-114, 3840x2160, 24.000000) dpi(84813,84406), hskew(1)
05-27 16:12:07.695 290 351 D MesonHwc: add fraction display mode (1920x1080i120hz)
05-27 16:12:07.695 290 351 I MesonHwc: add display mode (1920x1080i120hz-1920x1080i120hz-115, 1920x1080, 120.000000) dpi(42406,42203), hskew(1)
05-27 16:12:07.695 290 351 D MesonHwc: add fraction display mode (1080p60hz)
05-27 16:12:07.695 290 351 I MesonHwc: add display mode (1080p60hz-1080p60hz-116, 1920x1080, 60.000000) dpi(42406,42203), hskew(1)
05-27 16:12:07.695 290 351 D MesonHwc: add fraction display mode (1080i60hz)
05-27 16:12:07.695 290 351 I MesonHwc: add display mode (1080i60hz-1080i60hz-117, 1920x1080, 60.000000) dpi(42406,42203), hskew(1)
05-27 16:12:07.695 290 351 I MesonHwc: add display mode (1080p50hz-1080p50hz-118, 1920x1080, 50.000000) dpi(42406,42203), hskew(1)
05-27 16:12:07.695 290 351 I MesonHwc: add display mode (1080i50hz-1080i50hz-119, 1920x1080, 50.000000) dpi(42406,42203), hskew(1)
05-27 16:12:07.695 290 351 D MesonHwc: add fraction display mode (1080p30hz)
05-27 16:12:07.695 290 351 I MesonHwc: add display mode (1080p30hz-1080p30hz-120, 1920x1080, 30.000000) dpi(42406,42203), hskew(1)
05-27 16:12:07.700 495 495 D hdmiconnection: port id:0 physical:2000
05-27 16:12:07.700 715 715 D HDMI : initPortInfo port info:port_id: 0, type: HDMI_OUT, address: 0x2000, cec: true, arc: true, mhl: false, earc: false
05-27 16:12:07.701 489 489 I hdmicecd: [HdmiCecControl]:clearLogicaladdress
05-27 16:12:07.707 715 821 I WiredAccessoryManager: MSG_NEW_DEVICE_STATE
05-27 16:12:07.708 715 715 I AS.AudioDeviceInventory: not sending NOISY: state=1
05-27 16:12:07.695 290 351 D MesonHwc: add fraction display mode (1080p24hz)
05-27 16:12:07.709 290 351 I MesonHwc: add display mode (1080p24hz-1080p24hz-121, 1920x1080, 24.000000) dpi(42406,42203), hskew(1)
05-27 16:12:07.709 290 351 D MesonHwc: add fraction display mode (1280x720p120hz)
05-27 16:12:07.709 290 351 I MesonHwc: add display mode (1280x720p120hz-1280x720p120hz-122, 1280x720, 120.000000) dpi(28271,28135), hskew(1)
05-27 16:12:07.709 290 351 D MesonHwc: add fraction display mode (720p60hz)
05-27 16:12:07.709 290 351 I MesonHwc: add display mode (720p60hz-720p60hz-123, 1280x720, 60.000000) dpi(28271,28135), hskew(1)
05-27 16:12:07.709 290 351 I MesonHwc: add display mode (720p50hz-720p50hz-124, 1280x720, 50.000000) dpi(28271,28135), hskew(1)
05-27 16:12:07.709 290 351 D MesonHwc: add fraction display mode (720p30hz)
05-27 16:12:07.709 290 351 I MesonHwc: add display mode (720p30hz-720p30hz-125, 1280x720, 30.000000) dpi(28271,28135), hskew(1)
05-27 16:12:07.709 290 351 D MesonHwc: add fraction display mode (720p24hz)
05-27 16:12:07.709 290 351 I MesonHwc: add display mode (720p24hz-720p24hz-126, 1280x720, 24.000000) dpi(28271,28135), hskew(1)
05-27 16:12:07.709 290 351 I MesonHwc: add display mode (576p50hz-576p50hz-130, 720x576, 50.000000) dpi(15902,22508), hskew(1)
05-27 16:12:07.709 290 351 I MesonHwc: add display mode (576i50hz-576i50hz-131, 720x576, 50.000000) dpi(15902,22508), hskew(1)
05-27 16:12:07.709 290 351 D MesonHwc: add fraction display mode (720x480p120hz)
05-27 16:12:07.709 290 351 I MesonHwc: add display mode (720x480p120hz-720x480p120hz-132, 720x480, 120.000000) dpi(15902,18756), hskew(1)
05-27 16:12:07.709 290 351 D MesonHwc: add fraction display mode (480p60hz)
05-27 16:12:07.709 290 351 I MesonHwc: add display mode (480p60hz-480p60hz-133, 720x480, 60.000000) dpi(15902,18756), hskew(1)
05-27 16:12:07.709 290 351 D MesonHwc: add fraction display mode (480i60hz)
05-27 16:12:07.709 290 351 I MesonHwc: add display mode (480i60hz-480i60hz-134, 720x480, 60.000000) dpi(15902,18756), hskew(1)
05-27 16:12:07.709 290 351 I MesonHwc: loadDisplayModes (38) end
05-27 16:12:07.709 290 351 D MesonHwc: HwcDisplayPipe::updatePipe 0.
05-27 16:12:07.709 715 873 D AudioService: setWiredDeviceConnectionState( type:400 state:DEVICE_STATE_AVAILABLE addr: name:) from android
05-27 16:12:07.710 290 346 E MesonHwc: getCrtc by id(0) failed.
05-27 16:12:07.710 290 346 D MesonDisplayServer: use connector getDisplayAttribute "HDMI Color ATTR": "444,8bit"
05-27 16:12:07.710 715 873 I AS.AudioDeviceInventory: handleDeviceConnection(true dev:400 address: name:)
05-27 16:12:07.710 715 873 I AS.AudioDeviceInventory: deviceKey:0x400:
05-27 16:12:07.710 715 873 I AS.AudioDeviceInventory: deviceInfo:null is(already)Connected:false
05-27 16:12:07.710 320 371 I SystemControl: [/Ubootenv.cpp, get, 345] [ubootenv] search end and not find env:connector_type
05-27 16:12:07.710 320 328 I SystemControl: [/Ubootenv.cpp, get, 345] [ubootenv] search end and not find env:user_colorattribute
05-27 16:12:07.710 320 328 I SystemControl: [/DisplayMode.cpp, getCommonData, 1554] hdmi_current_attr:444,8bit, ubootenv_colorattribute:none
05-27 16:12:07.710 320 328 I SystemControl: [/Ubootenv.cpp, get, 345] [ubootenv] search end and not find env:dv_enable
05-27 16:12:07.710 320 328 I SystemControl: [/DisplayMode.cpp, getCommonData, 1567] dv_enable:0
05-27 16:12:07.710 320 328 I SystemControl: [/Ubootenv.cpp, get, 345] [ubootenv] search end and not find env:user_prefer_dv_type
05-27 16:12:07.710 320 328 I SystemControl: [/DisplayMode.cpp, getCommonData, 1578] ubootenv_dv_type:0
05-27 16:12:07.710 320 328 I SystemControl: [/DisplayMode.cpp, getHdmiData, 1721] display sink type:1 [0:none, 1:sink, 2:repeater]
05-27 16:12:07.711 320 328 I SystemControl: [/DisplayMode.cpp, filterHdmiDispcap, 1398] before filtered HdmiDispcap: 1080p60hz
05-27 16:12:07.711 320 328 I SystemControl: 1080p50hz
05-27 16:12:07.711 320 328 I SystemControl: 1080i50hz
05-27 16:12:07.711 320 328 I SystemControl: 1080i60hz
05-27 16:12:07.711 320 328 I SystemControl: 720p50hz
05-27 16:12:07.711 320 328 I SystemControl: 720p60hz
05-27 16:12:07.711 320 328 I SystemControl: 1080p24hz
05-27 16:12:07.711 320 328 I SystemControl: 1080p30hz
05-27 16:12:07.711 320 328 I SystemControl: 720p24hz
05-27 16:12:07.711 320 328 I SystemControl: 720p30hz
05-27 16:12:07.711 320 328 I SystemControl: 576p50hz
05-27 16:12:07.711 320 328 I SystemControl: 576i50hz
05-27 16:12:07.711 320 328 I SystemControl: 480p60hz
05-27 16:12:07.711 320 328 I SystemControl: 480i60hz
05-27 16:12:07.711 320 328 I SystemControl: 1280x720p120hz
05-27 16:12:07.711 320 328 I SystemControl: 1920x1080i120hz
05-27 16:12:07.711 320 328 I SystemControl: 1920x1080p120hz
05-27 16:12:07.711 320 328 I SystemControl: 720x480p120hz
05-27 16:12:07.711 320 328 I SystemControl: 2160p30hz
05-27 16:12:07.711 320 328 I SystemControl: 2160p25hz
05-27 16:12:07.711 320 328 I SystemControl: 2160p24hz
05-27 16:12:07.711 320 328 I SystemControl: smpte24hz
05-27 16:12:07.711 320 328 I SystemControl:
05-27 16:12:07.711 320 328 I SystemControl: [/DisplayMode.cpp, filterHdmiDispcap, 1427] after filtered HdmiDispcap: 1080p60hz
05-27 16:12:07.711 320 328 I SystemControl: 1080p50hz
05-27 16:12:07.711 320 328 I SystemControl: 1080i50hz
05-27 16:12:07.711 320 328 I SystemControl: 1080i60hz
05-27 16:12:07.711 320 328 I SystemControl: 720p50hz
05-27 16:12:07.711 320 328 I SystemControl: 720p60hz
05-27 16:12:07.711 320 328 I SystemControl: 1080p24hz
05-27 16:12:07.711 320 328 I SystemControl: 1080p30hz
05-27 16:12:07.711 320 328 I SystemControl: 720p24hz
05-27 16:12:07.711 320 328 I SystemControl: 720p30hz
05-27 16:12:07.711 320 328 I SystemControl: 576p50hz
05-27 16:12:07.711 320 328 I SystemControl: 576i50hz
05-27 16:12:07.711 320 328 I SystemControl: 480p60hz
05-27 16:12:07.711 320 328 I SystemControl: 480i60hz
05-27 16:12:07.711 320 328 I SystemControl: 1280x720p120hz
05-27 16:12:07.711 320 328 I SystemControl: 1920x1080i120hz
05-27 16:12:07.711 320 328 I SystemControl: 1920x1080p120hz
05-27 16:12:07.711 320 328 I SystemControl: 2160p30hz
05-27 16:12:07.711 320 328 I SystemControl: 2160p25hz
05-27 16:12:07.711 320 328 I SystemControl: 2160p24hz
05-27 16:12:07.711 320 328 I SystemControl: smpte24hz
05-27 16:12:07.711 320 328 I SystemControl:
05-27 16:12:07.712 478 478 I audio_hw_hal_primary: [adev_set_parameters:4123] dev:0xefd014a0, kv: set_ARC_hdmi=updated_sad
05-27 16:12:07.712 478 478 D audio_hw_hal_hfp: [audio_extn_hfp_set_parameters:739] audio_extn_hfp_set_parameters
05-27 16:12:07.713 290 346 E MesonHwc: getCrtc by id(0) failed.
05-27 16:12:07.713 1444 1444 E xxxxxxxxxxxxxxx: onReceive:mIsHDMIPlugged = true
05-27 16:12:07.713 290 346 D MesonDisplayServer: getDisplayAttribute "Dolby Vision CAP2": "The Rx don't support DolbyVision"
05-27 16:12:07.713 478 478 I audio_hw_hal_primary: [adev_set_device_connected_state_v7:9037] connected address:, num_descriptors:0, num_profiles:0
05-27 16:12:07.713 478 478 I audio_hw_hal_primary: [set_device_connect_state:4044] state:1, dev:OUT_HDMI(0x400), pre_out:0x80002, pre_in:0x4
05-27 16:12:07.713 478 478 D audio_hw_hal_resourcemgr: [set_output_device_avail:353] device:0x400 avail_out_devices:400 routed_out_devices:0x400
05-27 16:12:07.713 478 478 D audio_hw_hal_stream: update_sink_format_after_hotplug() active stream 0xefc45d80
05-27 16:12:07.713 478 478 D audio_hw_hal_profile: get_hdmi_sink_cap_new is running...
05-27 16:12:07.714 478 478 D audio_hw_hal_profile: query hdmi format...
05-27 16:12:07.714 478 478 D audio_hw_hal_profile: get_hdmi_sink_cap_new ddp is supported; ddp-joc(atmos) is supported;
05-27 16:12:07.714 478 478 I audio_hw_hal_profile: get_hdmi_sink_cap_new dts-hd vendor special byte3:0x1
05-27 16:12:07.714 478 478 I audio_hw_hal_profile: PCM cap Max channel =2
05-27 16:12:07.714 478 478 I audio_hw_hal_stream: get_sink_capability mbox+dvb case sink_capability = 0x24000000
05-27 16:12:07.714 478 478 I audio_hw_hal_stream: force ddp out =0
05-27 16:12:07.714 478 478 D audio_hw_hal_profile: get_hdmi_sink_cap_new is running...
05-27 16:12:07.714 478 478 D audio_hw_hal_profile: query hdmi format...
05-27 16:12:07.714 290 351 D MesonHwc: sc_read_bootenv val is empty
05-27 16:12:07.714 478 478 D audio_hw_hal_profile: get_hdmi_sink_cap_new ddp is supported; ddp-joc(atmos) is supported;
05-27 16:12:07.714 478 478 I audio_hw_hal_profile: get_hdmi_sink_cap_new dts-hd vendor special byte3:0x1
05-27 16:12:07.714 290 351 D MesonHwc: getConnectorType, get ubootenv.var.connector_type from uboot env, return (null)
05-27 16:12:07.714 478 478 I audio_hw_hal_profile: PCM cap Max channel =2
05-27 16:12:07.714 290 351 D MesonHwc: getConnectorType-0 get connector type hdmi--65536
05-27 16:12:07.714 478 478 I audio_hw_hal_stream: [get_sink_dts_capability:212] mbox+dvb case sink_capability: DTS(0xb000000)
05-27 16:12:07.714 478 478 D audio_hw_hal_profile: get_hdmi_sink_cap_new is running...
05-27 16:12:07.715 478 478 D audio_hw_hal_profile: query hdmi format...
05-27 16:12:07.715 478 478 D audio_hw_hal_profile: get_hdmi_sink_cap_new ddp is supported; ddp-joc(atmos) is supported;
05-27 16:12:07.715 478 478 I audio_hw_hal_profile: get_hdmi_sink_cap_new dts-hd vendor special byte3:0x1
05-27 16:12:07.715 478 478 I audio_hw_hal_profile: PCM cap Max channel =2
05-27 16:12:07.715 478 478 I audio_hw_hal_stream: [get_sink_mpegh_capability:245] mbox+dvb case sink_capability: PCM_16_BIT(0x1)
05-27 16:12:07.715 478 478 D audio_hw_hal_profile: get_hdmi_sink_cap_new is running...
05-27 16:12:07.715 478 478 D audio_hw_hal_profile: [get_hdmi_sink_cap_new:960] query hdmi sample_rate... format: PCM_16_BIT(0x1)
05-27 16:12:07.715 478 478 I audio_hw_hal_profile: get_hdmi_sink_cap_new format =0x1 support rate =sup_sampling_rates=32000|44100|48000|88200|96000|176400|192000
05-27 16:12:07.715 478 478 I audio_hw_hal_stream: pcm_fmt support sample_rate_mask:0x7f
05-27 16:12:07.715 478 478 I audio_hw_hal_stream: get_sink_dv_capability : /sys/class/amhdmitx/amhdmitx0/hdmi_hdr_status = SDR
05-27 16:12:07.715 478 478 I audio_hw_hal_stream: get_sink_dv_capability : dv enable 0
05-27 16:12:07.715 478 478 I audio_hw_hal_stream: [get_sink_format:446] out:0xefc45d80 out devices:0x80002 cur_out_devices:0x400 format:PCM_16_BIT(0x1) digital_mode(AUTO) sink cap:MAT(0x24000000)
05-27 16:12:07.715 478 478 I audio_hw_hal_stream: get_sink_format() HDMI ARC or mbox + dvb case
05-27 16:12:07.715 478 478 I audio_hw_hal_stream: [get_sink_format:645] sink_format:MAT(0x24000000) max channel:2 optical_format:MAT(0x24000000) dual_output 0
05-27 16:12:07.715 478 478 I audio_hw_hal_ms12common: audiohal_send_msg_2_ms12 mesg_type:MS12_MESG_TYPE_RESET_MS12_ENCODER entry
05-27 16:12:07.715 478 478 I audio_hw_hal_ms12common: audiohal_send_msg_2_ms12 mesg_type:MS12_MESG_TYPE_RESET_MS12_ENCODER exit
05-27 16:12:07.715 478 671 D audio_hw_hal_ms12common: ms12_message_threadloop(), msg type: MS12_MESG_TYPE_RESET_MS12_ENCODER
05-27 16:12:07.715 478 671 I audio_hw_hal_ms12v2: +dolby_ms12_encoder_reconfig()
05-27 16:12:07.715 478 478 D audio_hw_hal_ms12v2: set_dolby_ms12_continuous_state audio_continuous_standby_set status 0
05-27 16:12:07.715 478 478 D audio_hw_hal_continuous_standby: audio_continuous_standby_set, type 0, params 0
05-27 16:12:07.715 478 478 I audio_hw_hal_ms12common: aml_set_ms12_scheduler_state ms12_scheduler_state:0, sch_state:0 SCHEDULER_RUNNING is sent to ms12
05-27 16:12:07.715 478 671 D libdolbyms12: mch_enable 0
05-27 16:12:07.715 478 671 D audio_hw_hal_continuous_standby: audio_continuous_standby_set, type 1, params 12
05-27 16:12:07.715 290 351 D MesonHwc: getConnectorCfg: get display 0, connector 11
05-27 16:12:07.715 478 671 D audio_hw_hal_ms12common: ms12_message_threadloop mesg_list is empty, loop waiting......
