05-27 16:12:11.256 2749 2858 E ccc : cccccc SCAN_RESULTS_AVAILABLE_ACTION hhhh
05-27 16:12:11.256 1444 1444 E hq : NetWorkStateReceiver:::NetWorkStateReceiver onReceive: 网络变化广播 >>>> intent.action=android.net.wifi.SCAN_RESULTS
05-27 16:12:11.261 515 541 I WifiHAL : call wifi_get_link_stats handler
05-27 16:12:11.261 515 541 I WifiHAL : Creating message to get link statistics; iface = 16
05-27 16:12:11.261 515 541 D WifiHAL : error code -95 mapped to -3
05-27 16:12:11.261 715 854 E WifiStaIfaceAidlImpl: getLinkLayerStats failed with service-specific exception: android.os.ServiceSpecificException: (code 4)
05-27 16:12:11.273 2749 2858 E ccc : cccccc result is not empty call back
05-27 16:12:11.273 2749 2858 E ccc : cccccc 666666666666666
05-27 16:12:11.277 1444 1444 W eventbuscore: post Event:com.dangbei.leard.base.entity.event.NetWifiRssiEvent
05-27 16:12:11.287 2749 2858 E ccc : cccccc sort 2 42
05-27 16:12:11.306 2275 2331 D nStackXCoAP: CoapMessageHandler:[133] :2.01
01-01 08:05:41.217 0 0 I [0 T4997 ..] [hdmitx: ] UTC+0 2025-05-27 08:12:11 HPD LOW
01-01 08:05:41.217 0 0 I [1 T729 ..] [hdmitx: ] system: plugout
01-01 08:05:41.218 0 0 I [1 T729 ..] resman: notify error info = {"subModule":11,"level":2,"logType":1,"errorType":6,"msg":"HDMITX_HPD_PLUGOUT"}
01-01 08:05:41.220 0 0 I [1 T729 ..] [hdmitx: ] plug out sequence id: 0
01-01 08:05:41.220 0 0 W : [1 T729 ..] [RX]-up_phy_addr = 0
05-27 16:12:11.474 290 351 D MesonHwc: received Uevent: change@/devices/virtual/amhdmitx/amhdmitx0
05-27 16:12:11.474 290 351 D MesonHwc: received Uevent: ACTION=change
05-27 16:12:11.474 290 351 D MesonHwc: received Uevent: DEVPATH=/devices/virtual/amhdmitx/amhdmitx0
05-27 16:12:11.474 320 328 I SystemControl: [/UEventObserver.cpp, HDMITxUenventThreadLoop, 451] HDMI TX switch_name:hdmitx_current_status, switch_state: 156
05-27 16:12:11.474 290 351 D MesonHwc: received Uevent: SUBSYSTEM=amhdmitx
05-27 16:12:11.474 290 351 D MesonHwc: received Uevent: hdmitx_current_status=156
05-27 16:12:11.474 290 351 D MesonHwc: received Uevent: MAJOR=492
05-27 16:12:11.474 290 351 D MesonHwc: received Uevent: MINOR=0
05-27 16:12:11.474 290 351 D MesonHwc: received Uevent: DEVNAME=amhdmitx0
05-27 16:12:11.474 290 351 D MesonHwc: received Uevent: SEQNUM=5412
05-27 16:12:11.474 290 351 D MesonHwc: received Uevent: ic, aocec-s7d
05-27 16:12:11.474 290 351 D MesonHwc: received Uevent: OF_COMPATIBLE_N=1
05-27 16:12:11.474 290 351 D MesonHwc: received Uevent: MODALIAS=of:NaocecT(null)Camlogic,_aocec-s7d
05-27 16:12:11.474 290 351 D MesonHwc: received Uevent: SEQNUM=5411
05-27 16:12:11.474 290 351 D MesonHwc: received Uevent: 5Ap0000C081
05-27 16:12:11.474 290 351 D MesonHwc: received Uevent: SEQNUM=3612
05-27 16:12:11.474 290 351 D MesonHwc: received Uevent: bfd4444600000000 1 130ff38b17c000 677bfad9415fed 9ed68000004400 10000002
05-27 16:12:11.474 290 351 D MesonHwc: received Uevent: REL=1040
05-27 16:12:11.474 290 351 D MesonHwc: received Uevent: ABS=100000000
05-27 16:12:11.474 290 351 D MesonHwc: received Uevent: MSC=10
05-27 16:12:11.475 290 351 D MesonHwc: received Uevent: MODALIAS=input:b0005v1D5ApC081e0000-e0,1,2,3,4,k71,72,73,74,77,80,82,83,85,86,87,88,89,8A,8B,8C,8E,90,96,98,9B,9C,9E,9F,A1,A3,A4,A5,A6,A7,A8,A9,AB,AC,AD,AE,B0,B1,B2,B5,B6,CE,CF,D0,D1,D2,D4,D8,D9,DB,DF,E0,E1,E4,E5,E6,E7,E8,E9,EA,EB,F0,F1,F4,100,161,162,166,16A,16E,172,174,176,177,178,179,17A,17B,17C,17D,17F,180,182,183,185,188,189,18C,18D,18E,18F,190,191,192,193,195,197,198,199,19A,19C,1A0,1A1,1A2,1A3,1A4,1A5,1A6,1A7,1A8,1A9,1AA,1AB,1AC,1AD,1AE,1AF,1B0,1B1,1B7,1BA,240,241,242,243,244,245,246,247,249,24A,250,251,r6,C,a20,m4,lsfw
05-27 16:12:11.475 290 351 D MesonHwc: received Uevent: SEQNUM=3609
05-27 16:12:11.475 290 351 D MesonHwc: received Uevent: change@/devices/virtual/amhdmitx/amhdmitx0
05-27 16:12:11.475 290 351 D MesonHwc: received Uevent: ACTION=change
05-27 16:12:11.475 290 351 D MesonHwc: received Uevent: DEVPATH=/devices/virtual/amhdmitx/amhdmitx0
05-27 16:12:11.475 290 351 D MesonHwc: received Uevent: SUBSYSTEM=amhdmitx
05-27 16:12:11.475 290 351 D MesonHwc: received Uevent: hdmitx_current_status=156
05-27 16:12:11.475 290 351 D MesonHwc: received Uevent: MAJOR=492
05-27 16:12:11.475 290 351 D MesonHwc: received Uevent: MINOR=0
05-27 16:12:11.475 290 351 D MesonHwc: received Uevent: DEVNAME=amhdmitx0
05-27 16:12:11.475 290 351 D MesonHwc: received Uevent: SEQNUM=5412
05-27 16:12:11.475 290 351 D MesonHwc: received Uevent: ic, aocec-s7d
05-27 16:12:11.475 290 351 D MesonHwc: received Uevent: OF_COMPATIBLE_N=1
05-27 16:12:11.475 290 351 D MesonHwc: received Uevent: MODALIAS=of:NaocecT(null)Camlogic,_aocec-s7d
05-27 16:12:11.475 290 351 D MesonHwc: received Uevent: SEQNUM=5411
05-27 16:12:11.475 290 351 D MesonHwc: received Uevent: 5Ap0000C081
05-27 16:12:11.475 290 351 D MesonHwc: received Uevent: SEQNUM=3612
05-27 16:12:11.475 290 351 D MesonHwc: received Uevent: bfd4444600000000 1 130ff38b17c000 677bfad9415fed 9ed68000004400 10000002
05-27 16:12:11.475 290 351 D MesonHwc: received Uevent: REL=1040
05-27 16:12:11.475 290 351 D MesonHwc: received Uevent: ABS=100000000
05-27 16:12:11.475 290 351 D MesonHwc: received Uevent: MSC=10
05-27 16:12:11.475 290 351 D MesonHwc: received Uevent: MODALIAS=input:b0005v1D5ApC081e0000-e0,1,2,3,4,k71,72,73,74,77,80,82,83,85,86,87,88,89,8A,8B,8C,8E,90,96,98,9B,9C,9E,9F,A1,A3,A4,A5,A6,A7,A8,A9,AB,AC,AD,AE,B0,B1,B2,B5,B6,CE,CF,D0,D1,D2,D4,D8,D9,DB,DF,E0,E1,E4,E5,E6,E7,E8,E9,EA,EB,F0,F1,F4,100,161,162,166,16A,16E,172,174,176,177,178,179,17A,17B,17C,17D,17F,180,182,183,185,188,189,18C,18D,18E,18F,190,191,192,193,195,197,198,199,19A,19C,1A0,1A1,1A2,1A3,1A4,1A5,1A6,1A7,1A8,1A9,1AA,1AB,1AC,1AD,1AE,1AF,1B0,1B1,1B7,1BA,240,241,242,243,244,245,246,247,249,24A,250,251,r6,C,a20,m4,lsfw
05-27 16:12:11.475 290 351 D MesonHwc: received Uevent: SEQNUM=3609
01-01 08:05:41.221 0 0 I [2 T729 d.] [hdmitx: ] hdmitx_set_drm_pkt: disable drm pkt
01-01 08:05:41.222 0 0 I [2 T729 d.] [hdmitx: ] TV not support DV, clr dv_vsif
01-01 08:05:41.222 0 0 I [2 T729 d.] [hdmitx: ] DV H14b VSIF, switching signal to SDR
01-01 08:05:41.223 0 0 I [2 T729 ..] [hdmitx: ] hdmitx_set_hdr10plus_pkt: null vsif
01-01 08:05:41.224 0 0 I [2 T729 ..] [hdmitx: ] hdmitx21_video_mute_op: VID_UNMUTE path=0x4000000
01-01 08:05:41.225 0 0 I [2 T729 ..] [hdmitx: ] hdmitx21_audio_mute_op: AUD_UNMUTE path=0x2000000
05-27 16:12:11.479 290 351 D MesonHwc: received Uevent: change@/devices/virtual/amhdmitx/amhdmitx0
05-27 16:12:11.479 715 821 V WindowManager: app ------------- force_land :0
05-27 16:12:11.479 290 351 D MesonHwc: received Uevent: ACTION=change
05-27 16:12:11.479 290 351 D MesonHwc: received Uevent: DEVPATH=/devices/virtual/amhdmitx/amhdmitx0
05-27 16:12:11.479 290 351 D MesonHwc: received Uevent: SUBSYSTEM=amhdmitx
05-27 16:12:11.479 290 351 D MesonHwc: received Uevent: hdmitx_hpd=0
05-27 16:12:11.480 320 371 I SystemControl: [/Ubootenv.cpp, get, 345] [ubootenv] search end and not find env:connector_type
05-27 16:12:11.480 320 328 I SystemControl: [/UEventObserver.cpp, HDMITxUenventThreadLoop, 451] HDMI TX switch_name:hdmitx_hpd, switch_state: 0
05-27 16:12:11.480 320 328 I SystemControl: [/DisplayMode.cpp, onTxEvent, 3267] onTxEvent switchName:hdmitx_hpd hpdstate:0 state: 1
05-27 16:12:11.480 320 328 I SystemControl: [/SysWrite.cpp, getKernelReleaseVersion, 701] getKernelReleaseVersion: 5.15
05-27 16:12:11.480 320 328 I SystemControl: [/SystemControlHal.cpp, onEvent, 72] onEvent event:2, client size:5
05-27 16:12:11.480 290 351 D MesonHwc: sc_read_bootenv val is empty
05-27 16:12:11.481 290 351 D MesonHwc: getConnectorType, get ubootenv.var.connector_type from uboot env, return (null)
05-27 16:12:11.481 290 351 D MesonHwc: getConnectorType-0 get connector type hdmi--65536
05-27 16:12:11.481 488 509 I SystemControlClient: notifyCallback event type:2
05-27 16:12:11.481 488 509 I SystemControlClient: notifyCallback: listener is NULL.
05-27 16:12:11.481 290 351 D MesonHwc: DrmProperty: EDID (1), value [0]
05-27 16:12:11.481 290 351 D MesonHwc: DrmProperty: content type (77), value [0]
05-27 16:12:11.481 290 351 D MesonHwc: DrmProperty: vrr_capable (78), value [0]
05-27 16:12:11.481 290 351 D MesonHwc: DrmProperty: UPDATE (79), value [0]
05-27 16:12:11.481 290 351 D MesonHwc: DrmProperty: color_depth (80), value [8]
05-27 16:12:11.481 290 351 D MesonHwc: DrmProperty: color_space (81), value [2]
05-27 16:12:11.481 290 351 D MesonHwc: DrmProperty: MESON_DRM_HDMITX_PROP_AVMUTE (82), value [0]
05-27 16:12:11.481 320 328 I SystemControl: [/Ubootenv.cpp, get, 336] [ubootenv] get key:hdmimode envValue: 576p50hz
05-27 16:12:11.481 290 351 D MesonHwc: DrmProperty: hdmi_hdr_status (83), value [6]
05-27 16:12:11.481 290 351 D MesonHwc: DrmProperty: dv_cap (85), value [0]
05-27 16:12:11.481 320 328 I SystemControl: [/Ubootenv.cpp, get, 336] [ubootenv] get key:is.bestmode envValue: false
05-27 16:12:11.481 290 351 D MesonHwc: DrmProperty: contenttype_cap (89), value [1]
05-27 16:12:11.481 320 328 I SystemControl: [/Ubootenv.cpp, get, 345] [ubootenv] search end and not find env:user_colorattribute
05-27 16:12:11.481 290 351 D MesonHwc: DrmProperty: hdr_priority (91), value [268435472]
05-27 16:12:11.482 290 351 D MesonHwc: DrmProperty: ready (92), value [0]
05-27 16:12:11.482 320 328 I SystemControl: [/Ubootenv.cpp, get, 345] [ubootenv] search end and not find env:hdr_force_mode
05-27 16:12:11.482 290 351 D MesonHwc: DrmProperty: allm_cap (95), value [0]
05-27 16:12:11.482 320 328 I SystemControl: [/DisplayMode.cpp, gethdrforcemode, 2742] get hdr force mode is [2]
05-27 16:12:11.482 290 351 D MesonHwc: DrmProperty: dc_cap (96), value [512]
05-27 16:12:11.482 320 328 I SystemControl: [/Ubootenv.cpp, get, 336] [ubootenv] get key:hdr_policy envValue: 0
05-27 16:12:11.482 290 351 E MesonHwc: DrmConnector[HDMI-A] still DISCONNECTED.
05-27 16:12:11.482 320 328 I SystemControl: [/DisplayMode.cpp, getHdrStrategy, 2758] getHdrStrategy is [0]
05-27 16:12:11.482 290 351 D MesonHwc: ERR: PLEASE FIX NON-IMPLEMENT FUN(update).
05-27 16:12:11.482 320 328 I SystemControl: [/Ubootenv.cpp, get, 336] [ubootenv] get key:hdr_priority envValue: 268435472
05-27 16:12:11.482 320 328 I SystemControl: [/DisplayMode.cpp, getHdrPriority, 2891] getHdrPriority is [0x10000010]
05-27 16:12:11.482 320 328 I SystemControl: [/DisplayMode.cpp, getCommonData, 1534] isbestcolorspace:1, isbestpolicy:0, hdr_policy:0, hdr_priority :268435472, hdr_force_mode:2
05-27 16:12:11.482 320 371 I SystemControl: [/Ubootenv.cpp, get, 345] [ubootenv] search end and not find env:connector_type
05-27 16:12:11.482 487 516 I SystemControlClient: notifyCallback event type:2
05-27 16:12:11.482 487 516 I SystemControlClient: notifyCallback: listener is NULL.
05-27 16:12:11.482 240 800 I SystemControlClient: notifyCallback event type:2
05-27 16:12:11.482 240 800 I SystemControlClient: notifyCallback: listener is NULL.
05-27 16:12:11.483 290 351 D MesonHwc: sc_read_bootenv val is empty
05-27 16:12:11.483 290 351 D MesonHwc: getConnectorType, get ubootenv.var.connector_type from uboot env, return (null)
05-27 16:12:11.483 290 351 D MesonHwc: getConnectorType-0 get connector type hdmi--65536
05-27 16:12:11.483 290 351 D MesonHwc: getConnectorCfg: get display 0, connector 13
05-27 16:12:11.483 495 532 I hdmicecd: [HdmiCecControl]:Hotplug event port:0, now:0, prevStatus:1 power:1
05-27 16:12:11.483 290 351 D MesonHwc: FixedDisplayPipe::isVMXCertification:0
05-27 16:12:11.483 290 351 E MesonHwc: FixedDisplayPipe::getConnectorCfg 15
05-27 16:12:11.483 290 351 D MesonHwc: handleEvent DRM_EVENT_HDMITX_HOTPLUG 11 VS 15
05-27 16:12:11.484 290 351 E MesonHwc: read screen size 0x0 from vinfo
05-27 16:12:11.484 290 351 E MesonHwc: dolby vision driver is not ready
05-27 16:12:11.484 290 351 D MesonHwc: Connector VIRTUAL loadDisplayModes get 1 modes
05-27 16:12:11.484 290 351 I MesonHwc: add display mode (dummy_l-dummy_l-127, 720x480, 56.000000) dpi(0,0), hskew(0)
05-27 16:12:11.484 290 351 I MesonHwc: loadDisplayModes (1) end
05-27 16:12:11.484 290 351 D MesonHwc: HwcDisplayPipe::updatePipe 0.
05-27 16:12:11.490 715 821 I WiredAccessoryManager: MSG_NEW_DEVICE_STATE
05-27 16:12:11.493 290 346 V MesonDisplayServer: GetDisplayMode:576p50hz
05-27 16:12:11.494 320 328 I SystemControl: [/DisplayMode.cpp, getDisplayMode, 2331] getDisplayMode mode:576p50hz
05-27 16:12:11.494 320 328 I SystemControl: [/Ubootenv.cpp, get, 336] [ubootenv] get key:hdmimode envValue: 576p50hz
05-27 16:12:11.494 320 328 I SystemControl: [/Ubootenv.cpp, get, 336] [ubootenv] get key:cvbsmode envValue: 576cvbs
05-27 16:12:11.494 320 328 I SystemControl: [/DisplayMode.cpp, getCommonData, 1542] hdmi_current_mode:576p50hz, ubootenv hdmimode:576p50hz cvbsmode:576cvbs
05-27 16:12:11.494 290 346 D MesonDisplayServer: use connector getDisplayAttribute "HDMI Color ATTR": "444,8bit"
05-27 16:12:11.495 495 532 I hdmiconnection: hot plug port id 0, is connected 0
05-27 16:12:11.495 320 328 I SystemControl: [/Ubootenv.cpp, get, 345] [ubootenv] search end and not find env:user_colorattribute
05-27 16:12:11.495 320 328 I SystemControl: [/DisplayMode.cpp, getCommonData, 1554] hdmi_current_attr:444,8bit, ubootenv_colorattribute:none
05-27 16:12:11.495 320 328 I SystemControl: [/Ubootenv.cpp, get, 345] [ubootenv] search end and not find env:dv_enable
05-27 16:12:11.495 320 328 I SystemControl: [/DisplayMode.cpp, getCommonData, 1567] dv_enable:0
05-27 16:12:11.495 320 328 I SystemControl: [/Ubootenv.cpp, get, 345] [ubootenv] search end and not find env:user_prefer_dv_type
05-27 16:12:11.495 320 328 I SystemControl: [/DisplayMode.cpp, getCommonData, 1578] ubootenv_dv_type:0
05-27 16:12:11.495 320 328 I SystemControl: [/DisplayMode.cpp, getHdmiData, 1721] display sink type:0 [0:none, 1:sink, 2:repeater]
05-27 16:12:11.496 320 328 I SystemControl: [/DisplayMode.cpp, filterHdmiDispcap, 1398] before filtered HdmiDispcap:
05-27 16:12:11.496 320 328 I SystemControl: [/DisplayMode.cpp, filterHdmiDispcap, 1427] after filtered HdmiDispcap:
05-27 16:12:11.496 290 346 D MesonDisplayServer: getDisplayAttribute "Dolby Vision CAP2": "The Rx don't support DolbyVision"
05-27 16:12:11.496 715 715 I AS.AudioDeviceInventory: NOISY: adding 0x400
05-27 16:12:11.496 320 328 E SystemControl: [/DisplayMode.cpp, getHdmiDvCap, 1618] TV isn't support dolby vision: The Rx don't support DolbyVision
05-27 16:12:11.496 320 328 I SystemControl: [/DisplayMode.cpp, onTxEvent, 3294] onTxEvent boot config enable do nothing, just return
05-27 16:12:11.496 320 328 I SystemControl: [/UEventObserver.cpp, HDMITxUenventThreadLoop, 451] HDMI TX switch_name:hdmitx_audio, switch_state: 0
05-27 16:12:11.496 320 328 I SystemControl: [/DisplayMode.cpp, onTxEvent, 3267] onTxEvent switchName:hdmitx_audio hpdstate:0 state: 1
05-27 16:12:11.496 715 715 I AS.AudioDeviceInventory: NOISY: musicDevice changing from NONE to 0x400
05-27 16:12:11.496 320 328 I SystemControl: [/SysWrite.cpp, getKernelReleaseVersion, 701] getKernelReleaseVersion: 5.15
05-27 16:12:11.496 320 328 I SystemControl: [/SystemControlHal.cpp, onEvent, 72] onEvent event:4, client size:5
05-27 16:12:11.497 488 509 I SystemControlClient: notifyCallback event type:4
05-27 16:12:11.497 488 509 I SystemControlClient: notifyCallback: listener is NULL.
05-27 16:12:11.497 487 516 I SystemControlClient: notifyCallback event type:4
05-27 16:12:11.497 487 516 I SystemControlClient: notifyCallback: listener is NULL.
05-27 16:12:11.497 715 715 I AS.AudioDeviceInventory: dropping ACTION_AUDIO_BECOMING_NOISY
05-27 16:12:11.499 715 873 D AudioService: setWiredDeviceConnectionState( type:400 state:DEVICE_STATE_UNAVAILABLE addr: name:) from android
05-27 16:12:11.499 715 873 I AS.AudioDeviceInventory: handleDeviceConnection(false dev:400 address: name:)
01-01 08:05:41.226 0 0 I [2 T729 ..] [hdmitx: ] set_hdcp2_topo: 0
01-01 08:05:41.226 0 0 I : [2 T729 ..] [drm] drm hdmitx hpd notify
05-27 16:12:11.499 715 873 I AS.AudioDeviceInventory: deviceKey:0x400:
05-27 16:12:11.499 715 873 I AS.AudioDeviceInventory: deviceInfo:[DeviceInfo: type:0x400 (hdmi) name: addr: codec: 0 sensorUuid: null disabled modes: {}] is(already)Connected:true
05-27 16:12:11.499 320 328 I SystemControl: [/UEventObserver.cpp, HDMITxUenventThreadLoop, 451] HDMI TX switch_name:hdmitx_current_status, switch_state: 157
05-27 16:12:11.500 535 3668 I APM_AudioPolicyManager: [setDeviceConnectionState:256] curForceUse:NONE(0) disconnect_forceuse:HDMI(9)
05-27 16:12:11.500 715 715 D HDMI : Hotplug event:[port:0, connected:false]
05-27 16:12:11.500 715 715 D HDMI : reset tv status for hotplug out
05-27 16:12:11.500 715 715 D AudioService: onStatusChange cecEnabled:true available:false
05-27 16:12:11.500 715 715 D AudioService: TV, no CEC: setting HDMI as regular vol device
05-27 16:12:11.500 715 715 D AudioService: Removing DeviceType: 0x400 from mFullVolumeDevices
05-27 16:12:11.501 715 715 D AudioService: Removing DeviceType: 0x400 from mFixedVolumeDevices
05-27 16:12:11.501 478 705 I audio_hw_hal_primary: [adev_set_device_connected_state_v7:9037] disconnected address:, num_descriptors:0, num_profiles:7
05-27 16:12:11.501 715 715 D AudioService: Removing DeviceType: 0x400 from mAbsoluteVolumeDeviceInfoMap
05-27 16:12:11.501 478 705 I audio_hw_hal_primary: [set_device_connect_state:4044] state:0, dev:OUT_HDMI(0x400), pre_out:0x80002, pre_in:0x4
05-27 16:12:11.501 478 705 D audio_hw_hal_resourcemgr: [set_output_device_avail:353] device:0x400 avail_out_devices:400 routed_out_devices:0x400
05-27 16:12:11.501 1444 1444 E xxxxxxxxxxxxxxx: onReceive:mIsHDMIPlugged = false
05-27 16:12:11.501 320 371 I SystemControl: [/Ubootenv.cpp, get, 345] [ubootenv] search end and not find env:connector_type
05-27 16:12:11.501 489 519 D hdmicecd: [HdmiCecControl]:getPhysicalAddress, physical addr: ffff, last pa: 2000, ret = 0
05-27 16:12:11.502 240 800 I SystemControlClient: notifyCallback event type:4
05-27 16:12:11.502 240 800 I SystemControlClient: notifyCallback: listener is NULL.
05-27 16:12:11.502 290 351 D MesonHwc: sc_read_bootenv val is empty
05-27 16:12:11.502 290 351 D MesonHwc: getConnectorType, get ubootenv.var.connector_type from uboot env, return (null)
05-27 16:12:11.502 290 351 D MesonHwc: getConnectorType-0 get connector type hdmi--65536
05-27 16:12:11.502 290 351 D MesonHwc: getConnectorCfg: get display 0, connector 13
05-27 16:12:11.505 486 1121 I SystemControlClient: notifyCallback event type:2
05-27 16:12:11.505 486 1121 I SystemControlClient: notifyCallback: listener is NULL.
05-27 16:12:11.505 486 1121 I SystemControlClient: notifyCallback event type:4
05-27 16:12:11.505 486 1121 I SystemControlClient: notifyCallback: listener is NULL.
01-01 08:05:41.256 0 0 I [1 T351 ..] vc: [0]get capability: min 64 64; max 4096 2160
01-01 08:05:41.256 0 0 I [1 T351 ..] vc: [1]get capability: min 64 64; max 2048 1080
01-01 08:05:41.257 0 0 I [1 T351 ..] [hdmitx: ] avmute_store 1
05-27 16:12:11.507 535 3668 W APM::Devices: DeviceVector::remove device 00000400 not in
05-27 16:12:11.507 489 519 D hdmicecd: [HdmiCecControl]:getPhysicalAddress, physical addr: ffff, last pa: 2000, ret = 0
05-27 16:12:11.507 290 351 D MesonHwc: FixedDisplayPipe::isVMXCertification:0
05-27 16:12:11.507 290 351 E MesonHwc: FixedDisplayPipe::getConnectorCfg 15
05-27 16:12:11.507 290 351 D MesonHwc: HwcDisplayPipe::updatePipe (0) [CHANGED], crtc (0) connector (15)
05-27 16:12:11.507 290 351 D MesonHwc: HwcDisplayPipe::updatePipe 0 changed
05-27 16:12:11.507 290 351 D MesonHwc: ERR: PLEASE FIX NON-IMPLEMENT FUN(update).
05-27 16:12:11.508 290 351 E MesonHwc: read screen size 0x0 from vinfo
05-27 16:12:11.508 290 351 E MesonHwc: dolby vision driver is not ready
05-27 16:12:11.508 290 351 D MesonHwc: Connector VIRTUAL loadDisplayModes get 1 modes
05-27 16:12:11.508 290 351 I MesonHwc: add display mode (dummy_l-dummy_l-127, 720x480, 56.000000) dpi(0,0), hskew(0)
05-27 16:12:11.508 290 351 I MesonHwc: loadDisplayModes (1) end
05-27 16:12:11.508 290 351 D MesonHwc: unbind pipe (0)
05-27 16:12:11.508 290 351 D MesonHwc: bind pipe (0),crtc(63)connector(101)
05-27 16:12:11.508 290 351 D MesonHwc: RealModeMgr::update: nextModeId:648
05-27 16:12:11.508 290 351 D MesonHwc: RealModeMgr::update get current mode:576p50hz
05-27 16:12:11.508 290 351 D MesonHwc: RealModeMgr::update use previous mode (720x576-50.00)
05-27 16:12:11.508 290 351 D MesonHwc: updatePipe connector:VIRTUAL, connected:1
05-27 16:12:11.508 290 351 I MesonHwc: HwcConfig::default frame buffer size (1920 x 1080)
05-27 16:12:11.509 1053 1179 I SystemControlEvent: system control callback event: 2
05-27 16:12:11.510 290 351 D MesonHwc: Update composition MultiplanesWithDiComposition -> MultiplanesWithDiComposition
05-27 16:12:11.510 290 351 E MesonHwc: Do Nothing in updateDisplayMode .
05-27 16:12:11.510 290 351 D MesonHwc: [setPendingMode] pending modes vector empty
05-27 16:12:11.510 290 351 D MesonHwc: displayID:0, On hot plug: [Plug out]
05-27 16:12:11.510 290 351 D MesonHwc: ModePolicy handle hotplug:0
05-27 16:12:11.510 290 351 V MesonDisplayServer: GetDisplayMode:576p50hz
05-27 16:12:11.510 290 351 I MesonHwc: getDisplayMode mode:576p50hz
05-27 16:12:11.510 290 351 I MesonHwc: setSysfsStr /sys/devices/virtual/amhdmitx/amhdmitx0/avmute= 1
05-27 16:12:11.512 1444 1444 E xxxxxxxxxxxxxxx: onReceive:mIsHDMIPlugged = false
05-27 16:12:11.513 1053 1179 I SystemControlEvent: system control callback event: 4
05-27 16:12:11.513 715 873 I AS.AudioDeviceInventory: sendDeviceConnectionIntent(dev:0x400 state:0x0 address: name:);
05-27 16:12:11.526 715 715 V MediaRouter: Audio routes updated: AudioRoutesInfo{ type=SPEAKER }, a2dp=false
05-27 16:12:11.527 715 715 V MediaRouter: Selecting route: RouteInfo{ name=电视, description=null, status=null, category=RouteCategory{ name=系统 types=ROUTE_TYPE_LIVE_AUDIO ROUTE_TYPE_LIVE_VIDEO groupable=false }, supportedTypes=ROUTE_TYPE_LIVE_AUDIO ROUTE_TYPE_LIVE_VIDEO , presentationDisplay=null }
05-27 16:12:11.527 931 931 V MediaRouter: Audio routes updated: AudioRoutesInfo{ type=SPEAKER }, a2dp=false
05-27 16:12:11.527 931 931 V MediaRouter: Selecting route: RouteInfo{ name=电视, description=null, status=null, category=RouteCategory{ name=系统 types=ROUTE_TYPE_LIVE_AUDIO ROUTE_TYPE_LIVE_VIDEO groupable=false }, supportedTypes=ROUTE_TYPE_LIVE_AUDIO ROUTE_TYPE_LIVE_VIDEO , presentationDisplay=null }
05-27 16:12:11.537 478 1797 D xm_audio: adev_get_parameters
05-27 16:12:11.538 478 1797 D xm_audio: adev_get_parameters
05-27 16:12:11.545 478 1797 D xm_audio: adev_get_parameters
05-27 16:12:11.547 478 705 D xm_audio: adev_get_parameters
05-27 16:12:11.552 478 705 D xm_audio: adev_get_parameters
05-27 16:12:11.553 478 705 D xm_audio: adev_get_parameters
05-27 16:12:11.557 478 705 D xm_audio: adev_get_parameters
05-27 16:12:11.559 478 1797 D xm_audio: adev_get_parameters
05-27 16:12:11.563 478 1797 D xm_audio: adev_get_parameters
05-27 16:12:11.565 478 705 D xm_audio: adev_get_parameters
05-27 16:12:11.569 478 1797 D xm_audio: adev_get_parameters
05-27 16:12:11.571 478 1797 D xm_audio: adev_get_parameters
05-27 16:12:11.576 478 1797 D xm_audio: adev_get_parameters
05-27 16:12:11.577 478 1797 D xm_audio: adev_get_parameters
05-27 16:12:11.581 478 705 D xm_audio: adev_get_parameters
05-27 16:12:11.583 478 705 D xm_audio: adev_get_parameters
05-27 16:12:11.587 478 705 D xm_audio: adev_get_parameters
05-27 16:12:11.588 478 1797 D xm_audio: adev_get_parameters
05-27 16:12:11.593 478 1797 D xm_audio: adev_get_parameters
05-27 16:12:11.594 478 1797 D xm_audio: adev_get_parameters
05-27 16:12:11.598 478 1797 D xm_audio: adev_get_parameters
05-27 16:12:11.599 478 1797 D xm_audio: adev_get_parameters
05-27 16:12:11.610 290 351 I MesonHwc: setDisplayMode mode:dummy_l
05-27 16:12:11.610 290 351 D MesonDisplayServer: SetDisplay[CVBS] Mode to "dummy_l"
05-27 16:12:11.610 290 351 D MesonHwc: blankDisplay connectorType:15
05-27 16:12:11.610 290 351 D MesonHwc: [setConnectorStatus]: power mode 2
05-27 16:12:11.610 290 351 D MesonHwc: displayId:0, blank all display planes
01-01 08:05:41.368 0 0 I : [3 T351 ..] [drm] [meson_hdmitx_encoder_atomic_disable]
01-01 08:05:41.369 0 0 I : [3 T351 ..] [drm] am_meson_crtc_atomic_disable-[0]:in
01-01 08:05:41.369 0 0 I [3 T351 d.] [hdmitx: ] hdmitx_set_drm_pkt: disable drm pkt
01-01 08:05:41.370 0 0 I [3 T351 d.] [hdmitx: ] TV not support DV, clr dv_vsif
01-01 08:05:41.371 0 0 I [3 T351 d.] [hdmitx: ] DV H14b VSIF, switching signal to SDR
01-01 08:05:41.372 0 0 I [3 T351 ..] [hdmitx: ] hdmitx_set_hdr10plus_pkt: null vsif
01-01 08:05:41.373 0 0 I [3 T351 ..] [hdmitx: ] hdmitx_unregister_vrr ret = 0
05-27 16:12:11.629 320 328 I SystemControl: [/UEventObserver.cpp, HDMITxUenventThreadLoop, 451] HDMI TX switch_name:hdmitx_current_status, switch_state: 158
01-01 08:05:41.373 0 0 I : [3 T351 ..] [drm] am_meson_crtc_atomic_enable-[0] in: new[dummy_l], old[576p50hz], vmode[4-4], uboot[0]
01-01 08:05:41.375 0 0 I : [3 T351 ..] [drm] am_meson_crtc_atomic_enable-[0]: enable mode dummy_l final vmode 7
01-01 08:05:41.377 0 0 I : [0 T351 ..] dummy_encl_set_current_vmode finished
01-01 08:05:41.377 0 0 I : [0 T351 ..] [drm] meson_vout_update_mode_name: dummy update vout 1 name dummy_l.
01-01 08:05:41.378 0 0 I : [0 T351 ..] [drm] meson_dummyl_encoder_atomic_enable: vmode:7 skip atomic enable!
05-27 16:12:11.646 290 351 D MesonHwc: setmode:crtc[63], name [dummy_l] -modeblob[127] [720x480-56.00] seamless:0 enableVrr:0
05-27 16:12:11.646 290 351 D MesonHwc: displayId:0, blank all display planes
05-27 16:12:11.663 290 351 D MesonHwc: RealModeMgr::update: nextModeId:649
05-27 16:12:11.663 290 351 D MesonHwc: RealModeMgr::update use previous mode (720x576-50.00)
05-27 16:12:11.663 290 351 D MesonHwc: drmplane clear drm bo caches
05-27 16:12:11.663 290 351 D MesonHwc: drmplane clear drm bo caches
05-27 16:12:11.663 290 351 D MesonHwc: cleanupBeforeDestroy displayId:0, clear layers
05-27 16:12:11.663 290 351 D MesonHwc: On hotplug, Fn: 0x989b931, Data: 0xe8cc35e0, display: 0, connection: 1
05-27 16:12:11.663 290 351 D MesonComposer3: halEventcallback onHotplug client3.0
05-27 16:12:11.664 290 351 D MesonHwc: received Uevent: change@/devices/virtual/amhdmitx/amhdmitx0
05-27 16:12:11.664 290 382 D MesonHwc: No edid for (VIRTUAL),use default edid instead.
05-27 16:12:11.664 290 351 D MesonHwc: received Uevent: ACTION=change
05-27 16:12:11.664 290 382 E MesonHwc: getPort 15
05-27 16:12:11.664 290 351 D MesonHwc: received Uevent: DEVPATH=/devices/virtual/amhdmitx/amhdmitx0
05-27 16:12:11.664 290 382 D MesonHwc: No edid for (VIRTUAL),use default edid instead.
05-27 16:12:11.664 290 351 D MesonHwc: received Uevent: SUBSYSTEM=amhdmitx
05-27 16:12:11.664 290 382 E MesonHwc: getPort 15
05-27 16:12:11.664 290 351 D MesonHwc: received Uevent: hdmitx_audio=0
05-27 16:12:11.664 290 351 D MesonHwc: received Uevent: MAJOR=492
05-27 16:12:11.664 290 351 D MesonHwc: received Uevent: MINOR=0
05-27 16:12:11.664 290 351 D MesonHwc: received Uevent: DEVNAME=amhdmitx0
05-27 16:12:11.664 290 351 D MesonHwc: received Uevent: SEQNUM=5415
05-27 16:12:11.664 290 351 D MesonHwc: received Uevent: change@/devices/virtual/amhdmitx/amhdmitx0
05-27 16:12:11.664 290 351 D MesonHwc: received Uevent: ACTION=change
05-27 16:12:11.664 290 351 D MesonHwc: received Uevent: DEVPATH=/devices/virtual/amhdmitx/amhdmitx0
05-27 16:12:11.664 290 351 D MesonHwc: received Uevent: SUBSYSTEM=amhdmitx
05-27 16:12:11.664 290 351 D MesonHwc: received Uevent: hdmitx_audio=0
05-27 16:12:11.664 290 351 D MesonHwc: received Uevent: MAJOR=492
05-27 16:12:11.664 290 351 D MesonHwc: received Uevent: MINOR=0
05-27 16:12:11.664 290 351 D MesonHwc: received Uevent: DEVNAME=amhdmitx0
05-27 16:12:11.664 290 351 D MesonHwc: received Uevent: SEQNUM=5415
05-27 16:12:11.664 290 351 D MesonHwc: received Uevent: change@/devices/virtual/amhdmitx/amhdmitx0
05-27 16:12:11.664 290 351 D MesonHwc: received Uevent: ACTION=change
05-27 16:12:11.664 290 351 D MesonHwc: received Uevent: DEVPATH=/devices/virtual/amhdmitx/amhdmitx0
05-27 16:12:11.664 290 351 D MesonHwc: received Uevent: SUBSYSTEM=amhdmitx
05-27 16:12:11.664 290 351 D MesonHwc: received Uevent: hdmitx_current_status=157
05-27 16:12:11.664 290 351 D MesonHwc: received Uevent: MAJOR=492
05-27 16:12:11.664 290 351 D MesonHwc: received Uevent: MINOR=0
05-27 16:12:11.664 290 351 D MesonHwc: received Uevent: DEVNAME=amhdmitx0
05-27 16:12:11.664 290 351 D MesonHwc: received Uevent: SEQNUM=5417
05-27 16:12:11.664 290 351 D MesonHwc: received Uevent: NUM=5416
05-27 16:12:11.664 290 351 D MesonHwc: received Uevent: NUM=5414
05-27 16:12:11.664 290 351 D MesonHwc: received Uevent: OMPATIBLE_N=1
05-27 16:12:11.664 290 351 D MesonHwc: received Uevent: MODALIAS=of:NaocecT(null)Camlogic,_aocec-s7d
05-27 16:12:11.664 290 351 D MesonHwc: received Uevent: SEQNUM=5411
05-27 16:12:11.664 290 351 D MesonHwc: received Uevent: 5Ap0000C081
05-27 16:12:11.664 290 351 D MesonHwc: received Uevent: SEQNUM=3612
05-27 16:12:11.664 290 351 D MesonHwc: received Uevent: bfd4444600000000 1 130ff38b17c000 677bfad9415fed 9ed68000004400 10000002
05-27 16:12:11.664 290 351 D MesonHwc: received Uevent: REL=1040
05-27 16:12:11.664 290 351 D MesonHwc: received Uevent: ABS=100000000
05-27 16:12:11.664 290 351 D MesonHwc: received Uevent: MSC=10
05-27 16:12:11.664 290 351 D MesonHwc: received Uevent: MODALIAS=input:b0005v1D5ApC081e0000-e0,1,2,3,4,k71,72,73,74,77,80,82,83,85,86,87,88,89,8A,8B,8C,8E,90,96,98,9B,9C,9E,9F,A1,A3,A4,A5,A6,A7,A8,A9,AB,AC,AD,AE,B0,B1,B2,B5,B6,CE,CF,D0,D1,D2,D4,D8,D9,DB,DF,E0,E1,E4,E5,E6,E7,E8,E9,EA,EB,F0,F1,F4,100,161,162,166,16A,16E,172,174,176,177,178,179,17A,17B,17C,17D,17F,180,182,183,185,188,189,18C,18D,18E,18F,190,191,192,193,195,197,198,199,19A,19C,1A0,1A1,1A2,1A3,1A4,1A5,1A6,1A7,1A8,1A9,1AA,1AB,1AC,1AD,1AE,1AF,1B0,1B1,1B7,1BA,240,241,242,243,244,245,246,247,249,24A,250,251,r6,C,a20,m4,lsfw
05-27 16:12:11.664 290 351 D MesonHwc: received Uevent: SEQNUM=3609
05-27 16:12:11.664 290 351 D MesonHwc: received Uevent: change@/devices/virtual/amhdmitx/amhdmitx0
05-27 16:12:11.664 290 351 D MesonHwc: received Uevent: ACTION=change
05-27 16:12:11.664 290 351 D MesonHwc: received Uevent: DEVPATH=/devices/virtual/amhdmitx/amhdmitx0
05-27 16:12:11.665 290 351 D MesonHwc: received Uevent: SUBSYSTEM=amhdmitx
05-27 16:12:11.665 290 351 D MesonHwc: received Uevent: hdmitx_current_status=157
05-27 16:12:11.665 290 351 D MesonHwc: received Uevent: MAJOR=492
05-27 16:12:11.665 290 351 D MesonHwc: received Uevent: MINOR=0
05-27 16:12:11.665 290 351 D MesonHwc: received Uevent: DEVNAME=amhdmitx0
05-27 16:12:11.665 290 351 D MesonHwc: received Uevent: SEQNUM=5417
05-27 16:12:11.665 290 351 D MesonHwc: received Uevent: NUM=5416
05-27 16:12:11.665 290 351 D MesonHwc: received Uevent: NUM=5414
05-27 16:12:11.665 290 351 D MesonHwc: received Uevent: OMPATIBLE_N=1
05-27 16:12:11.665 290 351 D MesonHwc: received Uevent: MODALIAS=of:NaocecT(null)Camlogic,_aocec-s7d
05-27 16:12:11.665 290 351 D MesonHwc: received Uevent: SEQNUM=5411
05-27 16:12:11.665 290 351 D MesonHwc: received Uevent: 5Ap0000C081
05-27 16:12:11.665 290 351 D MesonHwc: received Uevent: SEQNUM=3612
05-27 16:12:11.665 290 351 D MesonHwc: received Uevent: bfd4444600000000 1 130ff38b17c000 677bfad9415fed 9ed68000004400 10000002
05-27 16:12:11.665 290 351 D MesonHwc: received Uevent: REL=1040
05-27 16:12:11.665 290 351 D MesonHwc: received Uevent: ABS=100000000
05-27 16:12:11.665 290 351 D MesonHwc: received Uevent: MSC=10
05-27 16:12:11.665 290 351 D MesonHwc: received Uevent: MODALIAS=input:b0005v1D5ApC081e0000-e0,1,2,3,4,k71,72,73,74,77,80,82,83,85,86,87,88,89,8A,8B,8C,8E,90,96,98,9B,9C,9E,9F,A1,A3,A4,A5,A6,A7,A8,A9,AB,AC,AD,AE,B0,B1,B2,B5,B6,CE,CF,D0,D1,D2,D4,D8,D9,DB,DF,E0,E1,E4,E5,E6,E7,E8,E9,EA,EB,F0,F1,F4,100,161,162,166,16A,16E,172,174,176,177,178,179,17A,17B,17C,17D,17F,180,182,183,185,188,189,18C,18D,18E,18F,190,191,192,193,195,197,198,199,19A,19C,1A0,1A1,1A2,1A3,1A4,1A5,1A6,1A7,1A8,1A9,1AA,1AB,1AC,1AD,1AE,1AF,1B0,1B1,1B7,1BA,240,241,242,243,244,245,246,247,249,24A,250,251,r6,C,a20,m4,lsfw
05-27 16:12:11.665 290 351 D MesonHwc: received Uevent: SEQNUM=3609
05-27 16:12:11.665 290 351 D MesonHwc: received Uevent: change@/devices/virtual/amhdmitx/amhdmitx0
05-27 16:12:11.665 290 351 D MesonHwc: received Uevent: ACTION=change
05-27 16:12:11.665 290 351 D MesonHwc: received Uevent: DEVPATH=/devices/virtual/amhdmitx/amhdmitx0
05-27 16:12:11.665 290 351 D MesonHwc: received Uevent: SUBSYSTEM=amhdmitx
05-27 16:12:11.665 290 351 D MesonHwc: received Uevent: hdmitx_current_status=158
05-27 16:12:11.665 290 351 D MesonHwc: received Uevent: MAJOR=492
05-27 16:12:11.665 290 351 D MesonHwc: received Uevent: MINOR=0
05-27 16:12:11.665 290 351 D MesonHwc: received Uevent: DEVNAME=amhdmitx0
05-27 16:12:11.665 290 351 D MesonHwc: received Uevent: SEQNUM=5420
05-27 16:12:11.665 290 351 D MesonHwc: received Uevent: NUM=5419
05-27 16:12:11.665 290 351 D MesonHwc: received Uevent: s7d
05-27 16:12:11.665 264 264 I SurfaceFlinger: Reconnecting display 4620747849504298251 (HAL ID 0)
05-27 16:12:11.665 290 351 D MesonHwc: received Uevent: OF_COMPATIBLE_N=1
05-27 16:12:11.665 290 351 D MesonHwc: received Uevent: MODALIAS=of:NaocecT(null)Camlogic,_aocec-s7d
05-27 16:12:11.665 290 351 D MesonHwc: received Uevent: SEQNUM=5418
05-27 16:12:11.665 290 351 D MesonHwc: received Uevent: change@/devices/virtual/amhdmitx/amhdmitx0
05-27 16:12:11.665 290 351 D MesonHwc: received Uevent: ACTION=change
05-27 16:12:11.665 290 351 D MesonHwc: received Uevent: DEVPATH=/devices/virtual/amhdmitx/amhdmitx0
05-27 16:12:11.665 290 351 D MesonHwc: received Uevent: SUBSYSTEM=amhdmitx
05-27 16:12:11.665 290 351 D MesonHwc: received Uevent: hdmitx_current_status=158
05-27 16:12:11.665 290 351 D MesonHwc: received Uevent: MAJOR=492
05-27 16:12:11.665 290 351 D MesonHwc: received Uevent: MINOR=0
05-27 16:12:11.665 290 351 D MesonHwc: received Uevent: DEVNAME=amhdmitx0
05-27 16:12:11.665 290 351 D MesonHwc: received Uevent: SEQNUM=5420
05-27 16:12:11.665 290 351 D MesonHwc: received Uevent: NUM=5419
05-27 16:12:11.665 290 351 D MesonHwc: received Uevent: s7d
05-27 16:12:11.665 290 351 D MesonHwc: received Uevent: OF_COMPATIBLE_N=1
05-27 16:12:11.665 290 351 D MesonHwc: received Uevent: MODALIAS=of:NaocecT(null)Camlogic,_aocec-s7d
05-27 16:12:11.665 290 351 D MesonHwc: received Uevent: SEQNUM=5418
05-27 16:12:11.685 290 382 E MesonComposer3: destroyLayer: display:0 failed to destroy layer:339
05-27 16:12:11.685 264 264 E HwcComposer: destroyLayer failed Status(-8, EX_SERVICE_SPECIFIC): '3: '
05-27 16:12:11.685 264 264 E HWC2 : destroyLayer(0, 339) failed: BadLayer (3)
05-27 16:12:11.686 290 382 E MesonComposer3: destroyLayer: display:0 failed to destroy layer:82
05-27 16:12:11.686 264 264 E HwcComposer: destroyLayer failed Status(-8, EX_SERVICE_SPECIFIC): '3: '
05-27 16:12:11.686 264 264 E HWC2 : destroyLayer(0, 82) failed: BadLayer (3)
05-27 16:12:11.686 264 264 E HwcComposer: setClientTargetSlotCount failed Status(-8, EX_SERVICE_SPECIFIC): '4: '
05-27 16:12:11.695 264 264 I Scheduler: Display 4620747849504298251 is the pacesetter
05-27 16:12:11.695 264 5111 E SchedulerTimer: Terminated
05-27 16:12:11.696 264 264 D SurfaceFlinger: Setting power mode 2 on display 4620747849504298251
05-27 16:12:11.696 264 393 W EventThread: Failed dispatching Hotplug{displayId=4620747849504298251, connected} for Connection{0xf2542d10, VSyncRequest::None}
05-27 16:12:11.696 290 382 D MesonHwc: setPowerMode 2
05-27 16:12:11.696 264 394 W EventThread: Failed dispatching Hotplug{displayId=4620747849504298251, connected} for Connection{0xf2543110, VSyncRequest::None}
05-27 16:12:11.696 264 264 D SurfaceFlinger: Finished setting power mode 2 on display 4620747849504298251
05-27 16:12:11.700 715 741 I DisplayDeviceRepository: Display device changed: DisplayDeviceInfo{"内置屏幕": uniqueId="local:4620747849504298251", 720 x 576, modeId 297, renderFrameRate 50.0, defaultModeId 297, supportedModes [{id=297, width=720, height=576, fps=50.0, alternativeRefreshRates=[], supportedHdrTypes=[]}, {id=542, width=1920, height=1080, fps=119.88013, alternativeRefreshRates=[], supportedHdrTypes=[]}, {id=543, width=1920, height=1080, fps=120.00001, alternativeRefreshRates=[], supportedHdrTypes=[]}, {id=544, width=4096, height=2160, fps=23.976025, alternativeRefreshRates=[], supportedHdrTypes=[]}, {id=545, width=4096, height=2160, fps=24.000002, alternativeRefreshRates=[], supportedHdrTypes=[]}, {id=546, width=3840, height=2160, fps=29.97003, alternativeRefreshRates=[], supportedHdrTypes=[]}, {id=547, width=3840, height=2160, fps=30.000002, alternativeRefreshRates=[], supportedHdrTypes=[]}, {id=548, width=3840, height=2160, fps=25.0, alternativeRefreshRates=[], supportedHdrTypes=[]}, {id=549, width=3840, height=2160, fps=23.976025, alternativeRefreshRates=[], supportedHdrTypes=[]}, {id=550, width=3840, height=2160, fps=24.000002, alternativeRefreshRates=[], supportedHdrTypes=[]}, {id=551, width=1920, height=1080, fps=59.94006, alternativeRefreshRates=[], supportedHdrTypes=[]}, {id=552, width=1920, height=1080, fps=60.000004, alternativeRefreshRates=[], supportedHdrTypes=[]}, {id=553, width=1920, height=1080, fps=50.0, alternativeRefreshRates=[], supportedHdrTypes=[]}, {id=554, width=1920, height=1080, fps=29.97003, alternativeRefreshRates=[], supportedHdrTypes=[]}, {id=555, width=1920, height=1080, fps=30.000002, alternativeRefreshRates=[], supportedHdrTypes=[]}, {id=556, width=1920, height=1080, fps=23.976025, alternativeRefreshRates=[], supportedHdrTypes=[]}, {id=557, width=1920, height=1080, fps=24.000002, alternativeRefreshRates=[], supportedHdrTypes=[]}, {id=558, width=1280, height=720, fps=119.88013, alternativeRefreshRates=[], supportedHdrTypes=[]}, {id=559, width=1280, height=720, fps=120.00001, alternativeRefreshRates=[], supportedHdrTypes=[]}, {id=560, width=1280, height=720, fps=59.94006, alternativeRefreshRates=[], supportedHdrTypes=[]}, {id=561, width=1280, height=720, fps=60.000004, alternativeRefreshRates=[], supportedHdrTypes=[]}, {id=562, width=1280, height=720, fps=50.0, alternativeRefreshRates=[], supportedHdrTypes=[]}, {id=563, width=1280, height=720, fps=29.97003, alternativeRefreshRates=[], supportedHdrTypes=[]}, {id=564, width=1280, height=720, fps=30.000002, alternativeRefreshRates=[], supportedHdrTypes=[]}, {id=565, width=1280, height=720, fps=23.976025, alternativeRefreshRates=[], supportedHdrTypes=[]}, {id=566, width=1280, height=720, fps=24.000002, alternativeRefreshRates=[], supportedHdrTypes=[]}, {id=567, width=720, height=480, fps=59.94006, alternativeRefreshRates=[], supportedHdrTypes=[]}, {id=568, width=720, height=480, fps=60.000004, alternativeRefreshRates=[], supportedHdrTypes=[]}], colorMode 0, supportedColorModes [0], hdrCapabilities HdrCapabilities{mSupportedHdrTypes=[], mMaxLuminance=500.0, mMaxAverageLuminance=500.0, mMinLuminance=0.0}, allmSupported false, gameContentTypeSupported true, density 124, 15.902 x 22.508 dpi, appVsyncOff 2000000, presDeadline 17000000, touch INTERNAL, rotation 0, type INTERNAL, address {port=11, model=0x402031aff65a95}, deviceProductInfo DeviceProductInfo{name=Haqu, manufacturerPnpId=HAQ, productId=48, modelYear=null, manufactureDate=ManufactureDate{week=43, year=2017}, connectionToSinkType=2}, state ON, committedState ON, frameRateOverride , brightnessMinimum 0.0, brightnessMaximum 1.0, brightnessDefault 0.39763778, hdrSdrRatio NaN, FLAG_ALLOWED_TO_BE_DEFAULT_DISPLAY, FLAG_ROTATES_WITH_CONTENT, FLAG_SECURE, FLAG_SUPPORTS_PROTECTED_BUFFERS, FLAG_TRUSTED, installOrientation 0, displayShape DisplayShape{ spec=-1515622917 displayWidth=720 displayHeight=576 physicalPixelDisplaySizeRatio=1.0 rotation=0 offsetX=0 offsetY=0 scale=1.0}}
05-27 16:12:11.703 264 264 I RefreshRateSelector: Display 4620747849504298251 policy changed
05-27 16:12:11.703 264 264 I RefreshRateSelector: Previous: {defaultModeId=608, allowGroupSwitching=false, primaryRanges={physical=[0.00 Hz, 340282346638528859811704183484516925440.00 Hz], render=[0.00 Hz, 340282346638528859811704183484516925440.00 Hz]}, appRequestRanges={physical=[0.00 Hz, 340282346638528859811704183484516925440.00 Hz], render=[0.00 Hz, 340282346638528859811704183484516925440.00 Hz]}}
05-27 16:12:11.703 264 264 I RefreshRateSelector: Current: DisplayManagerPolicy{defaultModeId=608, allowGroupSwitching=false, primaryRanges={physical=[0.00 Hz, inf Hz], render=[0.00 Hz, 120.00 Hz]}, appRequestRanges={physical=[0.00 Hz, inf Hz], render=[0.00 Hz, inf Hz]}}
05-27 16:12:11.703 264 264 I RefreshRateSelector: 0 mode changes were performed under the previous policy
05-27 16:12:11.751 2275 2331 D nStackXCoAP: IsInSameNetwork:[276] :IsInSameNetwork exec
05-27 16:12:11.751 2275 2331 I nStackXDFinder: GetLocalInterfaceDetail:[461] :GetLocalInterfaceDetail in
05-27 16:12:11.751 2275 2331 E nStackXCoAP: IsInSameNetwork:[281] :IsInSameNetwork: not priority process
05-27 16:12:11.751 2275 2331 D nStackXCoAP: ParseServiceDiscover:[330] :new device join
05-27 16:12:11.752 2275 2331 E nStackXDFinder: GetLocalIp:[401] :GetLocalIp exec
05-27 16:12:11.771 2275 2331 D nStackXCoAP: CoapMessageHandler:[133] :2.01
05-27 16:12:11.973 290 5109 D MesonDisplay: read /sys/class/amhdmitx/amhdmitx0/hdcp_lstore, result length:0, val:
01-01 08:05:41.821 0 0 I [0 T4997 ..] [hdmitx: ] UTC+0 2025-05-27 08:12:12 HPD HIGH
01-01 08:05:41.993 0 0 W : [0 T1444 .s] [SP FRAME TX] arp req,vif_idx:0 sender:[1c:79:2d:20:62:83 192.168.3.86]receiver:[00:00:00:00:00:00 192.168.3.97]
05-27 16:12:12.257 515 541 I WifiHAL : call wifi_get_link_stats handler
05-27 16:12:12.257 515 541 I WifiHAL : Creating message to get link statistics; iface = 16
05-27 16:12:12.257 515 541 D WifiHAL : error code -95 mapped to -3
05-27 16:12:12.258 715 854 E WifiStaIfaceAidlImpl: getLinkLayerStats failed with service-specific exception: android.os.ServiceSpecificException: (code 4)
01-01 08:05:42.044 0 0 W : [3 T1054 ..] [SP FRAME RX] arp rsp,vif_idx:0 sender:[02:fe:15:17:79:f9 192.168.3.97]receiver:[1c:79:2d:20:62:83 192.168.3.86]
05-27 16:12:12.598 290 351 D MesonHwc: received Uevent: change@/devices/virtual/amhdmitx/amhdmitx0
05-27 16:12:12.598 320 328 I SystemControl: [/UEventObserver.cpp, HDMITxUenventThreadLoop, 451] HDMI TX switch_name:hdmitx_current_status, switch_state: 159
05-27 16:12:12.598 290 351 D MesonHwc: received Uevent: ACTION=change
05-27 16:12:12.598 290 351 D MesonHwc: received Uevent: DEVPATH=/devices/virtual/amhdmitx/amhdmitx0
05-27 16:12:12.598 290 351 D MesonHwc: received Uevent: SUBSYSTEM=amhdmitx
05-27 16:12:12.598 290 351 D MesonHwc: received Uevent: hdmitx_current_status=159
05-27 16:12:12.598 290 351 D MesonHwc: received Uevent: MAJOR=492
05-27 16:12:12.598 290 351 D MesonHwc: received Uevent: MINOR=0
05-27 16:12:12.598 290 351 D MesonHwc: received Uevent: DEVNAME=amhdmitx0
05-27 16:12:12.598 290 351 D MesonHwc: received Uevent: SEQNUM=5423
05-27 16:12:12.598 290 351 D MesonHwc: received Uevent: ic, aocec-s7d
05-27 16:12:12.598 290 351 D MesonHwc: received Uevent: OF_COMPATIBLE_N=1
05-27 16:12:12.598 290 351 D MesonHwc: received Uevent: MODALIAS=of:NaocecT(null)Camlogic,_aocec-s7d
05-27 16:12:12.598 290 351 D MesonHwc: received Uevent: SEQNUM=5422
05-27 16:12:12.598 290 351 D MesonHwc: received Uevent: 5Ap0000C081
05-27 16:12:12.598 290 351 D MesonHwc: received Uevent: SEQNUM=3612
05-27 16:12:12.598 290 351 D MesonHwc: received Uevent: bfd4444600000000 1 130ff38b17c000 677bfad9415fed 9ed68000004400 10000002
05-27 16:12:12.598 290 351 D MesonHwc: received Uevent: REL=1040
05-27 16:12:12.598 290 351 D MesonHwc: received Uevent: ABS=100000000
05-27 16:12:12.598 290 351 D MesonHwc: received Uevent: MSC=10
05-27 16:12:12.598 290 351 D MesonHwc: received Uevent: MODALIAS=input:b0005v1D5ApC081e0000-e0,1,2,3,4,k71,72,73,74,77,80,82,83,85,86,87,88,89,8A,8B,8C,8E,90,96,98,9B,9C,9E,9F,A1,A3,A4,A5,A6,A7,A8,A9,AB,AC,AD,AE,B0,B1,B2,B5,B6,CE,CF,D0,D1,D2,D4,D8,D9,DB,DF,E0,E1,E4,E5,E6,E7,E8,E9,EA,EB,F0,F1,F4,100,161,162,166,16A,16E,172,174,176,177,178,179,17A,17B,17C,17D,17F,180,182,183,185,188,189,18C,18D,18E,18F,190,191,192,193,195,197,198,199,19A,19C,1A0,1A1,1A2,1A3,1A4,1A5,1A6,1A7,1A8,1A9,1AA,1AB,1AC,1AD,1AE,1AF,1B0,1B1,1B7,1BA,240,241,242,243,244,245,246,247,249,24A,250,251,r6,C,a20,m4,lsfw
05-27 16:12:12.599 290 351 D MesonHwc: received Uevent: SEQNUM=3609
05-27 16:12:12.599 290 351 D MesonHwc: received Uevent: change@/devices/virtual/amhdmitx/amhdmitx0
05-27 16:12:12.599 290 351 D MesonHwc: received Uevent: ACTION=change
05-27 16:12:12.599 290 351 D MesonHwc: received Uevent: DEVPATH=/devices/virtual/amhdmitx/amhdmitx0
05-27 16:12:12.599 290 351 D MesonHwc: received Uevent: SUBSYSTEM=amhdmitx
05-27 16:12:12.599 290 351 D MesonHwc: received Uevent: hdmitx_current_status=159
05-27 16:12:12.599 290 351 D MesonHwc: received Uevent: MAJOR=492
05-27 16:12:12.599 290 351 D MesonHwc: received Uevent: MINOR=0
05-27 16:12:12.599 290 351 D MesonHwc: received Uevent: DEVNAME=amhdmitx0
05-27 16:12:12.599 290 351 D MesonHwc: received Uevent: SEQNUM=5423
05-27 16:12:12.599 290 351 D MesonHwc: received Uevent: ic, aocec-s7d
05-27 16:12:12.599 290 351 D MesonHwc: received Uevent: OF_COMPATIBLE_N=1
05-27 16:12:12.599 290 351 D MesonHwc: received Uevent: MODALIAS=of:NaocecT(null)Camlogic,_aocec-s7d
05-27 16:12:12.599 290 351 D MesonHwc: received Uevent: SEQNUM=5422
05-27 16:12:12.599 290 351 D MesonHwc: received Uevent: 5Ap0000C081
05-27 16:12:12.599 290 351 D MesonHwc: received Uevent: SEQNUM=3612
05-27 16:12:12.599 290 351 D MesonHwc: received Uevent: bfd4444600000000 1 130ff38b17c000 677bfad9415fed 9ed68000004400 10000002
05-27 16:12:12.599 290 351 D MesonHwc: received Uevent: REL=1040
05-27 16:12:12.599 290 351 D MesonHwc: received Uevent: ABS=100000000
05-27 16:12:12.599 290 351 D MesonHwc: received Uevent: MSC=10
05-27 16:12:12.599 290 351 D MesonHwc: received Uevent: MODALIAS=input:b0005v1D5ApC081e0000-e0,1,2,3,4,k71,72,73,74,77,80,82,83,85,86,87,88,89,8A,8B,8C,8E,90,96,98,9B,9C,9E,9F,A1,A3,A4,A5,A6,A7,A8,A9,AB,AC,AD,AE,B0,B1,B2,B5,B6,CE,CF,D0,D1,D2,D4,D8,D9,DB,DF,E0,E1,E4,E5,E6,E7,E8,E9,EA,EB,F0,F1,F4,100,161,162,166,16A,16E,172,174,176,177,178,179,17A,17B,17C,17D,17F,180,182,183,185,188,189,18C,18D,18E,18F,190,191,192,193,195,197,198,199,19A,19C,1A0,1A1,1A2,1A3,1A4,1A5,1A6,1A7,1A8,1A9,1AA,1AB,1AC,1AD,1AE,1AF,1B0,1B1,1B7,1BA,240,241,242,243,244,245,246,247,249,24A,250,251,r6,C,a20,m4,lsfw
05-27 16:12:12.599 290 351 D MesonHwc: received Uevent: SEQNUM=3609
01-01 08:05:42.345 0 0 I [0 T729 ..] [hdmitx: ] system: plugin
01-01 08:05:42.345 0 0 I [0 T729 ..] [hdmitx: ] plugin sequence id: 4294977880
01-01 08:05:42.382 0 0 I [0 T729 ..] cec: [hdmitx_notify_callback] unsupported notify:3
01-01 08:05:42.382 0 0 W : [0 T729 ..] [RX]-up_phy_addr = 2
01-01 08:05:42.383 0 0 I [0 T729 ..] [hdmitx: ] edid: blk0 raw data
01-01 08:05:42.383 0 0 I [0 T729 ..] [hdmitx: ] 00ffffffffffff0020313000010000002b1b0103807341780acf74a3574cb02309484c21080001010101010101010101010101010101023a801871382d40582c
01-01 08:05:42.383 0 0 I : [0 T729 ..] 450020c23100001e011d00bc52d01e20b828554020c23100001e000000fc00486171750a2020202020202020000000fd003b461f8c3c000a20202020202001c9
05-27 16:12:12.640 290 351 D MesonHwc: received Uevent: change@/devices/virtual/amhdmitx/amhdmitx0
05-27 16:12:12.640 320 328 I SystemControl: [/UEventObserver.cpp, HDMITxUenventThreadLoop, 451] HDMI TX switch_name:hdmitx_current_status, switch_state: 160
05-27 16:12:12.640 290 351 D MesonHwc: received Uevent: ACTION=change
05-27 16:12:12.640 290 351 D MesonHwc: received Uevent: DEVPATH=/devices/virtual/amhdmitx/amhdmitx0
05-27 16:12:12.641 290 351 D MesonHwc: received Uevent: SUBSYSTEM=amhdmitx
05-27 16:12:12.641 290 351 D MesonHwc: received Uevent: hdmitx_current_status=160
05-27 16:12:12.641 290 351 D MesonHwc: received Uevent: MAJOR=492
05-27 16:12:12.641 290 351 D MesonHwc: received Uevent: MINOR=0
05-27 16:12:12.641 290 351 D MesonHwc: received Uevent: DEVNAME=amhdmitx0
05-27 16:12:12.641 290 351 D MesonHwc: received Uevent: SEQNUM=5424
05-27 16:12:12.641 290 351 D MesonHwc: received Uevent: ic, aocec-s7d
05-27 16:12:12.641 290 351 D MesonHwc: received Uevent: OF_COMPATIBLE_N=1
05-27 16:12:12.641 290 351 D MesonHwc: received Uevent: MODALIAS=of:NaocecT(null)Camlogic,_aocec-s7d
05-27 16:12:12.641 290 351 D MesonHwc: received Uevent: SEQNUM=5422
05-27 16:12:12.641 290 351 D MesonHwc: received Uevent: 5Ap0000C081
05-27 16:12:12.641 290 351 D MesonHwc: received Uevent: SEQNUM=3612
05-27 16:12:12.641 290 351 D MesonHwc: received Uevent: bfd4444600000000 1 130ff38b17c000 677bfad9415fed 9ed68000004400 10000002
05-27 16:12:12.641 290 351 D MesonHwc: received Uevent: REL=1040
05-27 16:12:12.641 290 351 D MesonHwc: received Uevent: ABS=100000000
05-27 16:12:12.641 290 351 D MesonHwc: received Uevent: MSC=10
05-27 16:12:12.641 290 351 D MesonHwc: received Uevent: MODALIAS=input:b0005v1D5ApC081e0000-e0,1,2,3,4,k71,72,73,74,77,80,82,83,85,86,87,88,89,8A,8B,8C,8E,90,96,98,9B,9C,9E,9F,A1,A3,A4,A5,A6,A7,A8,A9,AB,AC,AD,AE,B0,B1,B2,B5,B6,CE,CF,D0,D1,D2,D4,D8,D9,DB,DF,E0,E1,E4,E5,E6,E7,E8,E9,EA,EB,F0,F1,F4,100,161,162,166,16A,16E,172,174,176,177,178,179,17A,17B,17C,17D,17F,180,182,183,185,188,189,18C,18D,18E,18F,190,191,192,193,195,197,198,199,19A,19C,1A0,1A1,1A2,1A3,1A4,1A5,1A6,1A7,1A8,1A9,1AA,1AB,1AC,1AD,1AE,1AF,1B0,1B1,1B7,1BA,240,241,242,243,244,245,246,247,249,24A,250,251,r6,C,a20,m4,lsfw
05-27 16:12:12.641 290 351 D MesonHwc: received Uevent: SEQNUM=3609
05-27 16:12:12.641 290 351 D MesonHwc: received Uevent: change@/devices/virtual/amhdmitx/amhdmitx0
05-27 16:12:12.641 290 351 D MesonHwc: received Uevent: ACTION=change
05-27 16:12:12.641 290 351 D MesonHwc: received Uevent: DEVPATH=/devices/virtual/amhdmitx/amhdmitx0
05-27 16:12:12.641 290 351 D MesonHwc: received Uevent: SUBSYSTEM=amhdmitx
05-27 16:12:12.641 290 351 D MesonHwc: received Uevent: hdmitx_current_status=160
05-27 16:12:12.641 290 351 D MesonHwc: received Uevent: MAJOR=492
05-27 16:12:12.641 290 351 D MesonHwc: received Uevent: MINOR=0
