05-27 16:12:07.974 320 371 I SystemControl: [/Ubootenv.cpp, get, 336] [ubootenv] get key:hdmi_colordepth envValue: 8
05-27 16:12:07.974 290 351 D MesonHwc: set key:ubootenv.var.hdmi_colorspace value:auto
05-27 16:12:07.974 320 371 I SystemControl: [/Ubootenv.cpp, updateValue, 68] [ubootenv] update value name [ubootenv.var.hdmi_colorspace]: value [auto]
05-27 16:12:07.974 320 371 I SystemControl: [/Ubootenv.cpp, get, 336] [ubootenv] get key:hdmi_colorspace envValue: auto
05-27 16:12:07.974 290 351 D MesonHwc: set key:ubootenv.var.outputmode value:576p50hz
05-27 16:12:07.974 320 371 I SystemControl: [/Ubootenv.cpp, updateValue, 68] [ubootenv] update value name [ubootenv.var.outputmode]: value [576p50hz]
05-27 16:12:07.974 320 371 I SystemControl: [/Ubootenv.cpp, get, 336] [ubootenv] get key:outputmode envValue: 576p50hz
05-27 16:12:07.975 290 351 E MesonHwc: dolby vision driver is not ready
05-27 16:12:07.975 290 351 I MesonHwc: MBOX is not support dv, dvstatus amdv_type 0 dv_enable 0
05-27 16:12:07.975 290 351 I MesonHwc: colorattr: 444,8bit, outputMode 576p50hz, cd 8, cs auto
05-27 16:12:07.975 290 351 D MesonHwc: received Uevent: change@/devices/virtual/amhdmitx/amhdmitx0
05-27 16:12:07.975 290 351 D MesonHwc: received Uevent: ACTION=change
05-27 16:12:07.975 290 351 D MesonHwc: received Uevent: DEVPATH=/devices/virtual/amhdmitx/amhdmitx0
05-27 16:12:07.975 290 351 D MesonHwc: received Uevent: SUBSYSTEM=amhdmitx
05-27 16:12:07.975 290 351 D MesonHwc: received Uevent: hdmitx_audio=1
05-27 16:12:07.975 290 351 D MesonHwc: received Uevent: MAJOR=492
05-27 16:12:07.975 290 351 D MesonHwc: received Uevent: MINOR=0
05-27 16:12:07.975 290 351 D MesonHwc: received Uevent: DEVNAME=amhdmitx0
05-27 16:12:07.975 290 351 D MesonHwc: received Uevent: SEQNUM=5388
05-27 16:12:07.975 290 351 D MesonHwc: received Uevent: change@/devices/virtual/amhdmitx/amhdmitx0
05-27 16:12:07.975 290 351 D MesonHwc: received Uevent: ACTION=change
05-27 16:12:07.975 290 351 D MesonHwc: received Uevent: DEVPATH=/devices/virtual/amhdmitx/amhdmitx0
05-27 16:12:07.975 290 351 D MesonHwc: received Uevent: SUBSYSTEM=amhdmitx
05-27 16:12:07.975 290 351 D MesonHwc: received Uevent: hdmitx_audio=1
05-27 16:12:07.975 290 351 D MesonHwc: received Uevent: MAJOR=492
05-27 16:12:07.975 290 351 D MesonHwc: received Uevent: MINOR=0
05-27 16:12:07.975 290 351 D MesonHwc: received Uevent: DEVNAME=amhdmitx0
05-27 16:12:07.975 290 351 D MesonHwc: received Uevent: SEQNUM=5388
05-27 16:12:07.975 290 351 D MesonHwc: received Uevent: change@/devices/virtual/amhdmitx/amhdmitx0
05-27 16:12:07.975 290 351 D MesonHwc: received Uevent: ACTION=change
05-27 16:12:07.975 290 351 D MesonHwc: received Uevent: DEVPATH=/devices/virtual/amhdmitx/amhdmitx0
05-27 16:12:07.975 290 351 D MesonHwc: received Uevent: SUBSYSTEM=amhdmitx
05-27 16:12:07.975 290 351 D MesonHwc: received Uevent: hdmitx_current_status=153
05-27 16:12:07.975 290 351 D MesonHwc: received Uevent: MAJOR=492
05-27 16:12:07.975 290 351 D MesonHwc: received Uevent: MINOR=0
05-27 16:12:07.975 290 351 D MesonHwc: received Uevent: DEVNAME=amhdmitx0
05-27 16:12:07.975 290 351 D MesonHwc: received Uevent: SEQNUM=5392
05-27 16:12:07.975 290 351 D MesonHwc: received Uevent: NUM=5391
05-27 16:12:07.975 290 351 D MesonHwc: received Uevent: -s7d
05-27 16:12:07.975 290 351 D MesonHwc: received Uevent: OF_COMPATIBLE_N=1
05-27 16:12:07.975 290 351 D MesonHwc: received Uevent: MODALIAS=of:NaocecT(null)Camlogic,_aocec-s7d
05-27 16:12:07.975 290 351 D MesonHwc: received Uevent: SEQNUM=5390
05-27 16:12:07.975 290 351 D MesonHwc: received Uevent: 5Ap0000C081
05-27 16:12:07.975 290 351 D MesonHwc: received Uevent: SEQNUM=3612
05-27 16:12:07.975 290 351 D MesonHwc: received Uevent: bfd4444600000000 1 130ff38b17c000 677bfad9415fed 9ed68000004400 10000002
05-27 16:12:07.975 290 351 D MesonHwc: received Uevent: REL=1040
05-27 16:12:07.975 290 351 D MesonHwc: received Uevent: ABS=100000000
05-27 16:12:07.975 290 351 D MesonHwc: received Uevent: MSC=10
05-27 16:12:07.975 290 351 D MesonHwc: received Uevent: MODALIAS=input:b0005v1D5ApC081e0000-e0,1,2,3,4,k71,72,73,74,77,80,82,83,85,86,87,88,89,8A,8B,8C,8E,90,96,98,9B,9C,9E,9F,A1,A3,A4,A5,A6,A7,A8,A9,AB,AC,AD,AE,B0,B1,B2,B5,B6,CE,CF,D0,D1,D2,D4,D8,D9,DB,DF,E0,E1,E4,E5,E6,E7,E8,E9,EA,EB,F0,F1,F4,100,161,162,166,16A,16E,172,174,176,177,178,179,17A,17B,17C,17D,17F,180,182,183,185,188,189,18C,18D,18E,18F,190,191,192,193,195,197,198,199,19A,19C,1A0,1A1,1A2,1A3,1A4,1A5,1A6,1A7,1A8,1A9,1AA,1AB,1AC,1AD,1AE,1AF,1B0,1B1,1B7,1BA,240,241,242,243,244,245,246,247,249,24A,250,251,r6,C,a20,m4,lsfw
05-27 16:12:07.975 290 351 D MesonHwc: received Uevent: SEQNUM=3609
05-27 16:12:07.975 290 351 D MesonHwc: received Uevent: change@/devices/virtual/amhdmitx/amhdmitx0
05-27 16:12:07.975 290 351 D MesonHwc: received Uevent: ACTION=change
05-27 16:12:07.976 290 351 D MesonHwc: received Uevent: DEVPATH=/devices/virtual/amhdmitx/amhdmitx0
05-27 16:12:07.976 290 351 D MesonHwc: received Uevent: SUBSYSTEM=amhdmitx
05-27 16:12:07.976 290 351 D MesonHwc: received Uevent: hdmitx_current_status=153
05-27 16:12:07.976 290 351 D MesonHwc: received Uevent: MAJOR=492
05-27 16:12:07.976 290 351 D MesonHwc: received Uevent: MINOR=0
05-27 16:12:07.976 290 351 D MesonHwc: received Uevent: DEVNAME=amhdmitx0
05-27 16:12:07.976 290 351 D MesonHwc: received Uevent: SEQNUM=5392
05-27 16:12:07.976 290 351 D MesonHwc: received Uevent: NUM=5391
05-27 16:12:07.976 290 351 D MesonHwc: received Uevent: -s7d
05-27 16:12:07.976 290 351 D MesonHwc: received Uevent: OF_COMPATIBLE_N=1
05-27 16:12:07.976 290 351 D MesonHwc: received Uevent: MODALIAS=of:NaocecT(null)Camlogic,_aocec-s7d
05-27 16:12:07.976 290 351 D MesonHwc: received Uevent: SEQNUM=5390
05-27 16:12:07.976 290 351 D MesonHwc: received Uevent: 5Ap0000C081
05-27 16:12:07.976 290 351 D MesonHwc: received Uevent: SEQNUM=3612
05-27 16:12:07.976 290 351 D MesonHwc: received Uevent: bfd4444600000000 1 130ff38b17c000 677bfad9415fed 9ed68000004400 10000002
05-27 16:12:07.976 290 351 D MesonHwc: received Uevent: REL=1040
05-27 16:12:07.976 290 351 D MesonHwc: received Uevent: ABS=100000000
05-27 16:12:07.976 290 351 D MesonHwc: received Uevent: MSC=10
05-27 16:12:07.976 290 351 D MesonHwc: received Uevent: MODALIAS=input:b0005v1D5ApC081e0000-e0,1,2,3,4,k71,72,73,74,77,80,82,83,85,86,87,88,89,8A,8B,8C,8E,90,96,98,9B,9C,9E,9F,A1,A3,A4,A5,A6,A7,A8,A9,AB,AC,AD,AE,B0,B1,B2,B5,B6,CE,CF,D0,D1,D2,D4,D8,D9,DB,DF,E0,E1,E4,E5,E6,E7,E8,E9,EA,EB,F0,F1,F4,100,161,162,166,16A,16E,172,174,176,177,178,179,17A,17B,17C,17D,17F,180,182,183,185,188,189,18C,18D,18E,18F,190,191,192,193,195,197,198,199,19A,19C,1A0,1A1,1A2,1A3,1A4,1A5,1A6,1A7,1A8,1A9,1AA,1AB,1AC,1AD,1AE,1AF,1B0,1B1,1B7,1BA,240,241,242,243,244,245,246,247,249,24A,250,251,r6,C,a20,m4,lsfw
05-27 16:12:07.976 290 351 D MesonHwc: received Uevent: SEQNUM=3609
05-27 16:12:07.976 290 351 D MesonHwc: received Uevent: change@/devices/platform/vout
05-27 16:12:07.976 290 351 D MesonHwc: received Uevent: ACTION=change
05-27 16:12:07.976 290 351 D MesonHwc: received Uevent: DEVPATH=/devices/platform/vout
05-27 16:12:07.976 290 351 D MesonHwc: received Uevent: SUBSYSTEM=platform
05-27 16:12:07.976 290 351 D MesonHwc: received Uevent: vout_setmode=1
05-27 16:12:07.976 290 351 D MesonHwc: ModeChange state: [Begin to change]
05-27 16:12:07.976 290 351 D MesonHwc: On mode change state: [Begin to change]
05-27 16:12:07.976 290 351 D MesonHwc: received Uevent: change@/devices/virtual/amhdmitx/amhdmitx0
05-27 16:12:07.976 290 351 D MesonHwc: received Uevent: ACTION=change
05-27 16:12:07.976 290 351 D MesonHwc: received Uevent: DEVPATH=/devices/virtual/amhdmitx/amhdmitx0
05-27 16:12:07.976 290 351 D MesonHwc: received Uevent: SUBSYSTEM=amhdmitx
05-27 16:12:07.976 290 351 D MesonHwc: received Uevent: hdmitx_vmode_audio=1
05-27 16:12:07.976 290 351 D MesonHwc: received Uevent: MAJOR=492
05-27 16:12:07.976 290 351 D MesonHwc: received Uevent: MINOR=0
05-27 16:12:07.976 290 351 D MesonHwc: received Uevent: DEVNAME=amhdmitx0
05-27 16:12:07.976 290 351 D MesonHwc: received Uevent: SEQNUM=5394
05-27 16:12:07.976 290 351 D MesonHwc: received Uevent: ATIBLE_N=1
05-27 16:12:07.976 290 351 D MesonHwc: received Uevent: MODALIAS=of:NvoutT(null)Camlogic,_vout
05-27 16:12:07.976 290 351 D MesonHwc: received Uevent: SEQNUM=5393
05-27 16:12:07.976 290 351 D MesonHwc: received Uevent: Camlogic,_aocec-s7d
05-27 16:12:07.976 290 351 D MesonHwc: received Uevent: SEQNUM=5390
05-27 16:12:07.976 290 351 D MesonHwc: received Uevent: 5Ap0000C081
05-27 16:12:07.976 290 351 D MesonHwc: received Uevent: SEQNUM=3612
05-27 16:12:07.976 290 351 D MesonHwc: received Uevent: bfd4444600000000 1 130ff38b17c000 677bfad9415fed 9ed68000004400 10000002
05-27 16:12:07.976 290 351 D MesonHwc: received Uevent: REL=1040
05-27 16:12:07.976 290 351 D MesonHwc: received Uevent: ABS=100000000
05-27 16:12:07.976 290 351 D MesonHwc: received Uevent: MSC=10
05-27 16:12:07.976 290 351 D MesonHwc: received Uevent: MODALIAS=input:b0005v1D5ApC081e0000-e0,1,2,3,4,k71,72,73,74,77,80,82,83,85,86,87,88,89,8A,8B,8C,8E,90,96,98,9B,9C,9E,9F,A1,A3,A4,A5,A6,A7,A8,A9,AB,AC,AD,AE,B0,B1,B2,B5,B6,CE,CF,D0,D1,D2,D4,D8,D9,DB,DF,E0,E1,E4,E5,E6,E7,E8,E9,EA,EB,F0,F1,F4,100,161,162,166,16A,16E,172,174,176,177,178,179,17A,17B,17C,17D,17F,180,182,183,185,188,189,18C,18D,18E,18F,190,191,192,193,195,197,198,199,19A,19C,1A0,1A1,1A2,1A3,1A4,1A5,1A6,1A7,1A8,1A9,1AA,1AB,1AC,1AD,1AE,1AF,1B0,1B1,1B7,1BA,240,241,242,243,244,245,246,247,249,24A,250,251,r6,C,a20,m4,lsfw
05-27 16:12:07.976 290 351 D MesonHwc: received Uevent: SEQNUM=3609
05-27 16:12:07.976 290 351 D MesonHwc: received Uevent: change@/devices/virtual/amhdmitx/amhdmitx0
05-27 16:12:07.976 290 351 D MesonHwc: received Uevent: ACTION=change
05-27 16:12:07.976 290 351 D MesonHwc: received Uevent: DEVPATH=/devices/virtual/amhdmitx/amhdmitx0
05-27 16:12:07.976 290 351 D MesonHwc: received Uevent: SUBSYSTEM=amhdmitx
05-27 16:12:07.976 290 351 D MesonHwc: received Uevent: hdmitx_vmode_audio=1
05-27 16:12:07.976 290 351 D MesonHwc: received Uevent: MAJOR=492
05-27 16:12:07.976 290 351 D MesonHwc: received Uevent: MINOR=0
05-27 16:12:07.976 290 351 D MesonHwc: received Uevent: DEVNAME=amhdmitx0
05-27 16:12:07.976 290 351 D MesonHwc: received Uevent: SEQNUM=5394
05-27 16:12:07.976 290 351 D MesonHwc: received Uevent: ATIBLE_N=1
05-27 16:12:07.976 290 351 D MesonHwc: received Uevent: MODALIAS=of:NvoutT(null)Camlogic,_vout
05-27 16:12:07.976 290 351 D MesonHwc: received Uevent: SEQNUM=5393
05-27 16:12:07.976 290 351 D MesonHwc: received Uevent: Camlogic,_aocec-s7d
05-27 16:12:07.976 290 351 D MesonHwc: received Uevent: SEQNUM=5390
05-27 16:12:07.976 290 351 D MesonHwc: received Uevent: 5Ap0000C081
05-27 16:12:07.976 290 351 D MesonHwc: received Uevent: SEQNUM=3612
05-27 16:12:07.976 290 351 D MesonHwc: received Uevent: bfd4444600000000 1 130ff38b17c000 677bfad9415fed 9ed68000004400 10000002
05-27 16:12:07.976 290 351 D MesonHwc: received Uevent: REL=1040
05-27 16:12:07.976 290 351 D MesonHwc: received Uevent: ABS=100000000
05-27 16:12:07.976 290 351 D MesonHwc: received Uevent: MSC=10
05-27 16:12:07.976 290 351 D MesonHwc: received Uevent: MODALIAS=input:b0005v1D5ApC081e0000-e0,1,2,3,4,k71,72,73,74,77,80,82,83,85,86,87,88,89,8A,8B,8C,8E,90,96,98,9B,9C,9E,9F,A1,A3,A4,A5,A6,A7,A8,A9,AB,AC,AD,AE,B0,B1,B2,B5,B6,CE,CF,D0,D1,D2,D4,D8,D9,DB,DF,E0,E1,E4,E5,E6,E7,E8,E9,EA,EB,F0,F1,F4,100,161,162,166,16A,16E,172,174,176,177,178,179,17A,17B,17C,17D,17F,180,182,183,185,188,189,18C,18D,18E,18F,190,191,192,193,195,197,198,199,19A,19C,1A0,1A1,1A2,1A3,1A4,1A5,1A6,1A7,1A8,1A9,1AA,1AB,1AC,1AD,1AE,1AF,1B0,1B1,1B7,1BA,240,241,242,243,244,245,246,247,249,24A,250,251,r6,C,a20,m4,lsfw
05-27 16:12:07.976 290 351 D MesonHwc: received Uevent: SEQNUM=3609
05-27 16:12:07.977 290 351 D MesonHwc: received Uevent: change@/devices/virtual/amhdmitx/amhdmitx0
05-27 16:12:07.977 290 351 D MesonHwc: received Uevent: ACTION=change
05-27 16:12:07.977 290 351 D MesonHwc: received Uevent: DEVPATH=/devices/virtual/amhdmitx/amhdmitx0
05-27 16:12:07.977 290 351 D MesonHwc: received Uevent: SUBSYSTEM=amhdmitx
05-27 16:12:07.977 290 351 D MesonHwc: received Uevent: hdmitx_current_status=154
05-27 16:12:07.977 290 351 D MesonHwc: received Uevent: MAJOR=492
05-27 16:12:07.977 290 351 D MesonHwc: received Uevent: MINOR=0
05-27 16:12:07.977 290 351 D MesonHwc: received Uevent: DEVNAME=amhdmitx0
05-27 16:12:07.977 290 351 D MesonHwc: received Uevent: SEQNUM=5395
05-27 16:12:07.977 290 351 D MesonHwc: received Uevent: E_N=1
05-27 16:12:07.977 290 351 D MesonHwc: received Uevent: MODALIAS=of:NvoutT(null)Camlogic,_vout
05-27 16:12:07.977 290 351 D MesonHwc: received Uevent: SEQNUM=5393
05-27 16:12:07.977 290 351 D MesonHwc: received Uevent: Camlogic,_aocec-s7d
05-27 16:12:07.977 290 351 D MesonHwc: received Uevent: SEQNUM=5390
05-27 16:12:07.977 290 351 D MesonHwc: received Uevent: 5Ap0000C081
05-27 16:12:07.977 290 351 D MesonHwc: received Uevent: SEQNUM=3612
05-27 16:12:07.977 290 351 D MesonHwc: received Uevent: bfd4444600000000 1 130ff38b17c000 677bfad9415fed 9ed68000004400 10000002
05-27 16:12:07.977 290 351 D MesonHwc: received Uevent: REL=1040
05-27 16:12:07.977 290 351 D MesonHwc: received Uevent: ABS=100000000
05-27 16:12:07.977 290 351 D MesonHwc: received Uevent: MSC=10
05-27 16:12:07.977 290 351 D MesonHwc: received Uevent: MODALIAS=input:b0005v1D5ApC081e0000-e0,1,2,3,4,k71,72,73,74,77,80,82,83,85,86,87,88,89,8A,8B,8C,8E,90,96,98,9B,9C,9E,9F,A1,A3,A4,A5,A6,A7,A8,A9,AB,AC,AD,AE,B0,B1,B2,B5,B6,CE,CF,D0,D1,D2,D4,D8,D9,DB,DF,E0,E1,E4,E5,E6,E7,E8,E9,EA,EB,F0,F1,F4,100,161,162,166,16A,16E,172,174,176,177,178,179,17A,17B,17C,17D,17F,180,182,183,185,188,189,18C,18D,18E,18F,190,191,192,193,195,197,198,199,19A,19C,1A0,1A1,1A2,1A3,1A4,1A5,1A6,1A7,1A8,1A9,1AA,1AB,1AC,1AD,1AE,1AF,1B0,1B1,1B7,1BA,240,241,242,243,244,245,246,247,249,24A,250,251,r6,C,a20,m4,lsfw
05-27 16:12:07.977 290 351 D MesonHwc: received Uevent: SEQNUM=3609
05-27 16:12:07.977 290 351 D MesonHwc: received Uevent: change@/devices/virtual/amhdmitx/amhdmitx0
05-27 16:12:07.977 290 351 D MesonHwc: received Uevent: ACTION=change
05-27 16:12:07.977 290 351 D MesonHwc: received Uevent: DEVPATH=/devices/virtual/amhdmitx/amhdmitx0
05-27 16:12:07.977 290 351 D MesonHwc: received Uevent: SUBSYSTEM=amhdmitx
05-27 16:12:07.977 290 351 D MesonHwc: received Uevent: hdmitx_current_status=154
05-27 16:12:07.977 290 351 D MesonHwc: received Uevent: MAJOR=492
05-27 16:12:07.977 290 351 D MesonHwc: received Uevent: MINOR=0
05-27 16:12:07.977 290 351 D MesonHwc: received Uevent: DEVNAME=amhdmitx0
05-27 16:12:07.977 290 351 D MesonHwc: received Uevent: SEQNUM=5395
05-27 16:12:07.977 290 351 D MesonHwc: received Uevent: E_N=1
05-27 16:12:07.977 290 351 D MesonHwc: received Uevent: MODALIAS=of:NvoutT(null)Camlogic,_vout
05-27 16:12:07.977 290 351 D MesonHwc: received Uevent: SEQNUM=5393
05-27 16:12:07.977 290 351 D MesonHwc: received Uevent: Camlogic,_aocec-s7d
05-27 16:12:07.977 290 351 D MesonHwc: received Uevent: SEQNUM=5390
05-27 16:12:07.977 290 351 D MesonHwc: received Uevent: 5Ap0000C081
05-27 16:12:07.977 290 351 D MesonHwc: received Uevent: SEQNUM=3612
05-27 16:12:07.977 290 351 D MesonHwc: received Uevent: bfd4444600000000 1 130ff38b17c000 677bfad9415fed 9ed68000004400 10000002
05-27 16:12:07.977 290 351 D MesonHwc: received Uevent: REL=1040
05-27 16:12:07.977 290 351 D MesonHwc: received Uevent: ABS=100000000
05-27 16:12:07.977 290 351 D MesonHwc: received Uevent: MSC=10
05-27 16:12:07.977 290 351 D MesonHwc: received Uevent: MODALIAS=input:b0005v1D5ApC081e0000-e0,1,2,3,4,k71,72,73,74,77,80,82,83,85,86,87,88,89,8A,8B,8C,8E,90,96,98,9B,9C,9E,9F,A1,A3,A4,A5,A6,A7,A8,A9,AB,AC,AD,AE,B0,B1,B2,B5,B6,CE,CF,D0,D1,D2,D4,D8,D9,DB,DF,E0,E1,E4,E5,E6,E7,E8,E9,EA,EB,F0,F1,F4,100,161,162,166,16A,16E,172,174,176,177,178,179,17A,17B,17C,17D,17F,180,182,183,185,188,189,18C,18D,18E,18F,190,191,192,193,195,197,198,199,19A,19C,1A0,1A1,1A2,1A3,1A4,1A5,1A6,1A7,1A8,1A9,1AA,1AB,1AC,1AD,1AE,1AF,1B0,1B1,1B7,1BA,240,241,242,243,244,245,246,247,249,24A,250,251,r6,C,a20,m4,lsfw
05-27 16:12:07.977 290 351 D MesonHwc: received Uevent: SEQNUM=3609
05-27 16:12:07.977 290 351 D MesonHwc: received Uevent: change@/devices/virtual/amhdmitx/amhdmitx0
05-27 16:12:07.977 290 351 D MesonHwc: received Uevent: ACTION=change
05-27 16:12:07.977 290 351 D MesonHwc: received Uevent: DEVPATH=/devices/virtual/amhdmitx/amhdmitx0
05-27 16:12:07.977 290 351 D MesonHwc: received Uevent: SUBSYSTEM=amhdmitx
05-27 16:12:07.977 290 351 D MesonHwc: received Uevent: hdmitx_current_status=155
05-27 16:12:07.977 290 351 D MesonHwc: received Uevent: MAJOR=492
05-27 16:12:07.977 290 351 D MesonHwc: received Uevent: MINOR=0
05-27 16:12:07.977 290 351 D MesonHwc: received Uevent: DEVNAME=amhdmitx0
05-27 16:12:07.977 290 351 D MesonHwc: received Uevent: SEQNUM=5396
05-27 16:12:07.977 290 351 D MesonHwc: received Uevent: E_N=1
05-27 16:12:07.977 290 351 D MesonHwc: received Uevent: MODALIAS=of:NvoutT(null)Camlogic,_vout
05-27 16:12:07.977 290 351 D MesonHwc: received Uevent: SEQNUM=5393
05-27 16:12:07.977 290 351 D MesonHwc: received Uevent: Camlogic,_aocec-s7d
05-27 16:12:07.977 290 351 D MesonHwc: received Uevent: SEQNUM=5390
05-27 16:12:07.977 290 351 D MesonHwc: received Uevent: 5Ap0000C081
05-27 16:12:07.977 290 351 D MesonHwc: received Uevent: SEQNUM=3612
05-27 16:12:07.977 290 351 D MesonHwc: received Uevent: bfd4444600000000 1 130ff38b17c000 677bfad9415fed 9ed68000004400 10000002
05-27 16:12:07.977 290 351 D MesonHwc: received Uevent: REL=1040
05-27 16:12:07.977 290 351 D MesonHwc: received Uevent: ABS=100000000
05-27 16:12:07.977 290 351 D MesonHwc: received Uevent: MSC=10
05-27 16:12:07.977 290 351 D MesonHwc: received Uevent: MODALIAS=input:b0005v1D5ApC081e0000-e0,1,2,3,4,k71,72,73,74,77,80,82,83,85,86,87,88,89,8A,8B,8C,8E,90,96,98,9B,9C,9E,9F,A1,A3,A4,A5,A6,A7,A8,A9,AB,AC,AD,AE,B0,B1,B2,B5,B6,CE,CF,D0,D1,D2,D4,D8,D9,DB,DF,E0,E1,E4,E5,E6,E7,E8,E9,EA,EB,F0,F1,F4,100,161,162,166,16A,16E,172,174,176,177,178,179,17A,17B,17C,17D,17F,180,182,183,185,188,189,18C,18D,18E,18F,190,191,192,193,195,197,198,199,19A,19C,1A0,1A1,1A2,1A3,1A4,1A5,1A6,1A7,1A8,1A9,1AA,1AB,1AC,1AD,1AE,1AF,1B0,1B1,1B7,1BA,240,241,242,243,244,245,246,247,249,24A,250,251,r6,C,a20,m4,lsfw
05-27 16:12:07.977 290 351 D MesonHwc: received Uevent: SEQNUM=3609
05-27 16:12:07.977 290 351 D MesonHwc: received Uevent: change@/devices/virtual/amhdmitx/amhdmitx0
05-27 16:12:07.977 290 351 D MesonHwc: received Uevent: ACTION=change
05-27 16:12:07.978 290 351 D MesonHwc: received Uevent: DEVPATH=/devices/virtual/amhdmitx/amhdmitx0
05-27 16:12:07.978 290 351 D MesonHwc: received Uevent: SUBSYSTEM=amhdmitx
05-27 16:12:07.978 290 351 D MesonHwc: received Uevent: hdmitx_current_status=155
05-27 16:12:07.978 290 351 D MesonHwc: received Uevent: MAJOR=492
05-27 16:12:07.978 290 351 D MesonHwc: received Uevent: MINOR=0
05-27 16:12:07.978 290 351 D MesonHwc: received Uevent: DEVNAME=amhdmitx0
05-27 16:12:07.978 290 351 D MesonHwc: received Uevent: SEQNUM=5396
05-27 16:12:07.978 290 351 D MesonHwc: received Uevent: E_N=1
05-27 16:12:07.978 290 351 D MesonHwc: received Uevent: MODALIAS=of:NvoutT(null)Camlogic,_vout
05-27 16:12:07.978 290 351 D MesonHwc: received Uevent: SEQNUM=5393
05-27 16:12:07.978 290 351 D MesonHwc: received Uevent: Camlogic,_aocec-s7d
05-27 16:12:07.978 290 351 D MesonHwc: received Uevent: SEQNUM=5390
05-27 16:12:07.978 290 351 D MesonHwc: received Uevent: 5Ap0000C081
05-27 16:12:07.978 290 351 D MesonHwc: received Uevent: SEQNUM=3612
05-27 16:12:07.978 290 351 D MesonHwc: received Uevent: bfd4444600000000 1 130ff38b17c000 677bfad9415fed 9ed68000004400 10000002
05-27 16:12:07.978 290 351 D MesonHwc: received Uevent: REL=1040
05-27 16:12:07.978 290 351 D MesonHwc: received Uevent: ABS=100000000
05-27 16:12:07.978 290 351 D MesonHwc: received Uevent: MSC=10
05-27 16:12:07.978 290 351 D MesonHwc: received Uevent: MODALIAS=input:b0005v1D5ApC081e0000-e0,1,2,3,4,k71,72,73,74,77,80,82,83,85,86,87,88,89,8A,8B,8C,8E,90,96,98,9B,9C,9E,9F,A1,A3,A4,A5,A6,A7,A8,A9,AB,AC,AD,AE,B0,B1,B2,B5,B6,CE,CF,D0,D1,D2,D4,D8,D9,DB,DF,E0,E1,E4,E5,E6,E7,E8,E9,EA,EB,F0,F1,F4,100,161,162,166,16A,16E,172,174,176,177,178,179,17A,17B,17C,17D,17F,180,182,183,185,188,189,18C,18D,18E,18F,190,191,192,193,195,197,198,199,19A,19C,1A0,1A1,1A2,1A3,1A4,1A5,1A6,1A7,1A8,1A9,1AA,1AB,1AC,1AD,1AE,1AF,1B0,1B1,1B7,1BA,240,241,242,243,244,245,246,247,249,24A,250,251,r6,C,a20,m4,lsfw
05-27 16:12:07.978 290 351 D MesonHwc: received Uevent: SEQNUM=3609
05-27 16:12:07.978 290 351 D MesonHwc: received Uevent: change@/devices/platform/vout
05-27 16:12:07.978 290 351 D MesonHwc: received Uevent: ACTION=change
05-27 16:12:07.978 290 351 D MesonHwc: received Uevent: DEVPATH=/devices/platform/vout
05-27 16:12:07.978 290 351 D MesonHwc: received Uevent: SUBSYSTEM=platform
05-27 16:12:07.978 290 351 D MesonHwc: received Uevent: vout_setmode=0
05-27 16:12:07.978 290 351 D MesonHwc: ModeChange state: [Complete]
05-27 16:12:07.978 290 351 D MesonHwc: DrmProperty: EDID (1), value [127]
05-27 16:12:07.978 290 351 D MesonHwc: DrmProperty: content type (77), value [0]
05-27 16:12:07.978 290 351 D MesonHwc: DrmProperty: vrr_capable (78), value [0]
05-27 16:12:07.978 290 351 D MesonHwc: DrmProperty: UPDATE (79), value [0]
05-27 16:12:07.978 290 351 D MesonHwc: DrmProperty: color_depth (80), value [8]
05-27 16:12:07.978 290 351 D MesonHwc: DrmProperty: color_space (81), value [2]
05-27 16:12:07.978 290 351 D MesonHwc: DrmProperty: MESON_DRM_HDMITX_PROP_AVMUTE (82), value [0]
05-27 16:12:07.978 290 351 D MesonHwc: DrmProperty: hdmi_hdr_status (83), value [6]
05-27 16:12:07.978 290 351 D MesonHwc: DrmProperty: dv_cap (85), value [0]
05-27 16:12:07.979 290 351 D MesonHwc: DrmProperty: contenttype_cap (89), value [31]
05-27 16:12:07.979 290 351 D MesonHwc: DrmProperty: hdr_priority (91), value [268435472]
05-27 16:12:07.979 290 351 D MesonHwc: DrmProperty: ready (92), value [1]
05-27 16:12:07.979 290 351 D MesonHwc: DrmProperty: allm_cap (95), value [0]
05-27 16:12:07.979 290 351 D MesonHwc: DrmProperty: dc_cap (96), value [1016]
05-27 16:12:07.979 290 351 E MesonHwc: dolby vision driver is not ready
05-27 16:12:07.979 478 2364 D xm_audio: adev_get_parameters
05-27 16:12:07.979 290 351 I MesonHwc: hdr_preference (dolby_vision)
05-27 16:12:07.980 290 351 E MesonHwc: dolby vision driver is not ready
05-27 16:12:07.980 290 351 D MesonHwc: dolby version:0, dv3:0, hlg:0, hdr10:0, hdr10+:0 max:0, avg:0, min:0
05-27 16:12:07.980 290 351 D MesonHwc: dolby version 4k30:0
05-27 16:12:07.980 290 351 D MesonHwc: Connector HDMI-A loadDisplayModes get 22 modes
05-27 16:12:07.980 290 351 D MesonHwc: add fraction display mode (1920x1080p120hz)
05-27 16:12:07.980 290 351 I MesonHwc: add display mode (1920x1080p120hz-1920x1080p120hz-110, 1920x1080, 120.000000) dpi(42406,42203), hskew(1)
05-27 16:12:07.980 478 1797 D xm_audio: adev_get_parameters
05-27 16:12:07.980 290 351 D MesonHwc: add fraction display mode (smpte24hz)
05-27 16:12:07.980 290 351 I MesonHwc: add display mode (smpte24hz-smpte24hz-111, 4096x2160, 24.000000) dpi(90468,84406), hskew(1)
05-27 16:12:07.980 290 351 D MesonHwc: add fraction display mode (2160p30hz)
05-27 16:12:07.980 290 351 I MesonHwc: add display mode (2160p30hz-2160p30hz-112, 3840x2160, 30.000000) dpi(84813,84406), hskew(1)
05-27 16:12:07.980 290 351 I MesonHwc: add display mode (2160p25hz-2160p25hz-113, 3840x2160, 25.000000) dpi(84813,84406), hskew(1)
05-27 16:12:07.980 290 351 D MesonHwc: add fraction display mode (2160p24hz)
05-27 16:12:07.980 290 351 I MesonHwc: add display mode (2160p24hz-2160p24hz-114, 3840x2160, 24.000000) dpi(84813,84406), hskew(1)
05-27 16:12:07.981 290 351 D MesonHwc: add fraction display mode (1920x1080i120hz)
05-27 16:12:07.981 290 351 I MesonHwc: add display mode (1920x1080i120hz-1920x1080i120hz-115, 1920x1080, 120.000000) dpi(42406,42203), hskew(1)
05-27 16:12:07.981 290 351 D MesonHwc: add fraction display mode (1080p60hz)
05-27 16:12:07.981 290 351 I MesonHwc: add display mode (1080p60hz-1080p60hz-116, 1920x1080, 60.000000) dpi(42406,42203), hskew(1)
05-27 16:12:07.981 290 351 D MesonHwc: add fraction display mode (1080i60hz)
05-27 16:12:07.981 290 351 I MesonHwc: add display mode (1080i60hz-1080i60hz-117, 1920x1080, 60.000000) dpi(42406,42203), hskew(1)
05-27 16:12:07.981 290 351 I MesonHwc: add display mode (1080p50hz-1080p50hz-118, 1920x1080, 50.000000) dpi(42406,42203), hskew(1)
05-27 16:12:07.981 290 351 I MesonHwc: add display mode (1080i50hz-1080i50hz-119, 1920x1080, 50.000000) dpi(42406,42203), hskew(1)
05-27 16:12:07.981 290 351 D MesonHwc: add fraction display mode (1080p30hz)
05-27 16:12:07.981 290 351 I MesonHwc: add display mode (1080p30hz-1080p30hz-120, 1920x1080, 30.000000) dpi(42406,42203), hskew(1)
05-27 16:12:07.981 290 351 D MesonHwc: add fraction display mode (1080p24hz)
05-27 16:12:07.981 290 351 I MesonHwc: add display mode (1080p24hz-1080p24hz-121, 1920x1080, 24.000000) dpi(42406,42203), hskew(1)
05-27 16:12:07.981 290 351 D MesonHwc: add fraction display mode (1280x720p120hz)
05-27 16:12:07.981 290 351 I MesonHwc: add display mode (1280x720p120hz-1280x720p120hz-122, 1280x720, 120.000000) dpi(28271,28135), hskew(1)
05-27 16:12:07.981 290 351 D MesonHwc: add fraction display mode (720p60hz)
05-27 16:12:07.981 290 351 I MesonHwc: add display mode (720p60hz-720p60hz-123, 1280x720, 60.000000) dpi(28271,28135), hskew(1)
05-27 16:12:07.981 290 351 I MesonHwc: add display mode (720p50hz-720p50hz-124, 1280x720, 50.000000) dpi(28271,28135), hskew(1)
05-27 16:12:07.981 290 351 D MesonHwc: add fraction display mode (720p30hz)
05-27 16:12:07.981 290 351 I MesonHwc: add display mode (720p30hz-720p30hz-125, 1280x720, 30.000000) dpi(28271,28135), hskew(1)
05-27 16:12:07.981 290 351 D MesonHwc: add fraction display mode (720p24hz)
05-27 16:12:07.981 290 351 I MesonHwc: add display mode (720p24hz-720p24hz-126, 1280x720, 24.000000) dpi(28271,28135), hskew(1)
05-27 16:12:07.981 290 351 I MesonHwc: add display mode (576p50hz-576p50hz-130, 720x576, 50.000000) dpi(15902,22508), hskew(1)
05-27 16:12:07.981 290 351 I MesonHwc: add display mode (576i50hz-576i50hz-131, 720x576, 50.000000) dpi(15902,22508), hskew(1)
05-27 16:12:07.981 290 351 D MesonHwc: add fraction display mode (720x480p120hz)
05-27 16:12:07.981 290 351 I MesonHwc: add display mode (720x480p120hz-720x480p120hz-132, 720x480, 120.000000) dpi(15902,18756), hskew(1)
05-27 16:12:07.981 290 351 D MesonHwc: add fraction display mode (480p60hz)
05-27 16:12:07.981 290 351 I MesonHwc: add display mode (480p60hz-480p60hz-133, 720x480, 60.000000) dpi(15902,18756), hskew(1)
05-27 16:12:07.981 290 351 D MesonHwc: add fraction display mode (480i60hz)
05-27 16:12:07.981 290 351 I MesonHwc: add display mode (480i60hz-480i60hz-134, 720x480, 60.000000) dpi(15902,18756), hskew(1)
05-27 16:12:07.981 290 351 I MesonHwc: loadDisplayModes (38) end
05-27 16:12:07.981 290 351 D MesonHwc: ERR: PLEASE FIX NON-IMPLEMENT FUN(update).
05-27 16:12:07.981 290 351 D MesonHwc: RealModeMgr::update: nextModeId:620
05-27 16:12:07.981 290 351 D MesonHwc: RealModeMgr::update get current mode:576p50hz
05-27 16:12:07.981 290 351 D MesonHwc: RealModeMgr::update use current mode (720x576-50.00)
05-27 16:12:07.981 290 351 D MesonHwc: On mode change state: [Complete]
05-27 16:12:07.981 290 351 D MesonHwc: getSupportedContentTypes: DrmConnector HDMI-A get supported content type 1
05-27 16:12:07.982 290 351 D MesonHwc: getSupportedContentTypes: DrmConnector HDMI-A get supported content type 2
05-27 16:12:07.982 290 351 D MesonHwc: getSupportedContentTypes: DrmConnector HDMI-A get supported content type 3
05-27 16:12:07.982 290 351 D MesonHwc: getSupportedContentTypes: DrmConnector HDMI-A get supported content type 4
05-27 16:12:07.982 290 351 D MesonHwc: Hwc2Display::onModeChanged getDisplayMode [576p50hz]
05-27 16:12:07.982 290 351 D MesonHwc: [setConnectorStatus]: power mode 1
05-27 16:12:07.982 290 351 I MesonHwc: HwcConfig::default frame buffer size (1920 x 1080)
05-27 16:12:07.982 290 351 D MesonHwc: onModeChanged mObserver->onHotplug(true) hdrCapsChanged:0
05-27 16:12:07.982 290 351 D MesonHwc: drmplane clear drm bo caches
05-27 16:12:07.982 290 351 D MesonHwc: drmplane clear drm bo caches
05-27 16:12:07.982 290 351 D MesonHwc: cleanupBeforeDestroy displayId:0, clear layers
05-27 16:12:07.982 290 351 D MesonHwc: On hotplug, Fn: 0x989b931, Data: 0xe8cc35e0, display: 0, connection: 1
05-27 16:12:07.982 290 351 D MesonComposer3: halEventcallback onHotplug client3.0
05-27 16:12:07.982 290 382 E MesonHwc: getPort 11
05-27 16:12:07.982 320 371 I SystemControl: notify plugin
05-27 16:12:07.982 290 382 E MesonHwc: getPort 11
05-27 16:12:07.982 320 371 I SystemControl: [/SystemControlHal.cpp, onEvent, 72] onEvent event:3, client size:5
05-27 16:12:07.982 488 509 I SystemControlClient: notifyCallback event type:3
05-27 16:12:07.982 488 509 I SystemControlClient: notifyCallback: listener is NULL.
05-27 16:12:07.983 487 516 I SystemControlClient: notifyCallback event type:3
05-27 16:12:07.983 487 516 I SystemControlClient: notifyCallback: listener is NULL.
05-27 16:12:07.983 486 1121 I SystemControlClient: notifyCallback event type:3
05-27 16:12:07.983 240 800 I SystemControlClient: notifyCallback event type:3
05-27 16:12:07.983 486 1121 I SystemControlClient: notifyCallback: listener is NULL.
05-27 16:12:07.983 240 800 I SystemControlClient: notifyCallback: listener is NULL.
05-27 16:12:07.983 1053 1179 I SystemControlEvent: system control callback event: 3
05-27 16:12:07.983 290 351 D MesonHwc: Display (0) ask for refresh.
05-27 16:12:07.983 290 351 D MesonHwc: Update period 1312d00->1107a76
05-27 16:12:07.983 290 351 D MesonHwc: Update period 1312d00->1107a76
05-27 16:12:07.983 290 351 D MesonHwc: Update period 1312d00->1107a76
05-27 16:12:07.984 1444 1444 E xxxxxxxxxxxxxxx: onReceive:mIsHDMIPlugged = true
05-27 16:12:07.990 478 2364 D xm_audio: adev_get_parameters
05-27 16:12:07.991 478 2364 D xm_audio: adev_get_parameters
05-27 16:12:07.993 264 264 I SurfaceFlinger: Reconnecting display 4620747849504298251 (HAL ID 0)
05-27 16:12:07.996 478 2364 D xm_audio: adev_get_parameters
05-27 16:12:07.997 478 2364 D xm_audio: adev_get_parameters
05-27 16:12:08.001 290 382 E MesonComposer3: destroyLayer: display:0 failed to destroy layer:337
05-27 16:12:08.001 264 264 E HwcComposer: destroyLayer failed Status(-8, EX_SERVICE_SPECIFIC): '3: '
05-27 16:12:08.001 264 264 E HWC2 : destroyLayer(0, 337) failed: BadLayer (3)
05-27 16:12:08.001 290 382 E MesonComposer3: destroyLayer: display:0 failed to destroy layer:80
05-27 16:12:08.001 264 264 E HwcComposer: destroyLayer failed Status(-8, EX_SERVICE_SPECIFIC): '3: '
05-27 16:12:08.001 264 264 E HWC2 : destroyLayer(0, 80) failed: BadLayer (3)
05-27 16:12:08.001 264 264 E HwcComposer: setClientTargetSlotCount failed Status(-8, EX_SERVICE_SPECIFIC): '4: '
05-27 16:12:08.005 478 2364 D xm_audio: adev_get_parameters
05-27 16:12:08.007 264 264 I Scheduler: Display 4620747849504298251 is the pacesetter
05-27 16:12:08.007 264 5082 E SchedulerTimer: Terminated
05-27 16:12:08.007 264 264 D SurfaceFlinger: Setting power mode 2 on display 4620747849504298251
05-27 16:12:08.007 264 394 W EventThread: Failed dispatching Hotplug{displayId=4620747849504298251, connected} for Connection{0xf2543110, VSyncRequest::None}
05-27 16:12:08.007 264 393 W EventThread: Failed dispatching Hotplug{displayId=4620747849504298251, connected} for Connection{0xf2542d10, VSyncRequest::None}
05-27 16:12:08.007 290 382 D MesonHwc: setPowerMode 2
05-27 16:12:08.008 264 264 D SurfaceFlinger: Finished setting power mode 2 on display 4620747849504298251
05-27 16:12:08.009 290 382 I MesonDisplay: [/mode_policy.c, meson_mode_set_policy, 1177] connector:0 to policy:0
05-27 16:12:08.009 290 382 I MesonDisplay: [/mode_policy.c, is_dv_prefer, 66] not prefer dv, hdr_priority:10000010
05-27 16:12:08.009 290 382 I MesonDisplay: [/mode_policy.c, is_dv_prefer, 66] not prefer dv, hdr_priority:10000010
05-27 16:12:08.009 290 382 I MesonDisplay: [/mode_policy_parser.c, is_support_hdmimode, 115] is_support_hdmimode mode: 2160p60hz not support
05-27 16:12:08.009 290 382 I MesonDisplay: [/mode_policy_parser.c, is_support_hdmimode, 115] is_support_hdmimode mode: 2160p50hz not support
05-27 16:12:08.009 290 382 I MesonDisplay: [/mode_policy_parser.c, is_support_hdmimode, 110] is_support_hdmimode mode: 1080p60hz
05-27 16:12:08.009 290 382 I MesonDisplay: [/mode_policy.c, get_highest_mode_by_policy, 978] get_highest_mode_by_policy preferred mode:[1080p60hz]
05-27 16:12:08.009 290 382 I MesonDisplay: [/mode_policy.c, get_hdmi_outputmode, 1018] get_hdmi_outputmode mode:1080p60hz
05-27 16:12:08.009 290 382 I MesonDisplay: [/mode_policy.c, sdr_scene_process, 1146] final_displaymode:1080p60hz
05-27 16:12:08.009 290 382 I MesonDisplay: [/mode_policy.c, get_best_color_attr, 613] get_best_color_attr current mode:[1080p60hz] brr_mode:[1080p60hz]
05-27 16:12:08.009 290 382 D MesonDisplay: meson_write /sys/class/amhdmitx/amhdmitx0/valid_mode, outputmode:1080p60hz444,8bit
05-27 16:12:08.009 290 382 D MesonDisplay: valid mode is true!
05-27 16:12:08.009 290 382 I MesonDisplay: [/mode_policy.c, get_best_color_attr, 679] support current mode:[1080p60hz], color format:[444,8bit]
05-27 16:12:08.009 290 382 I MesonDisplay: [/mode_policy.c, get_hdmi_color_attr, 1081] get hdmi color attribute : [444,8bit], outputmode is: [1080p60hz]
05-27 16:12:08.009 290 382 I MesonDisplay: [/mode_policy.c, update_deepcolor, 1107] colorattribute = 444,8bit
05-27 16:12:08.009 290 382 I MesonDisplay: [/mode_policy.c, sdr_scene_process, 1163] final_deepcolor = 444,8bit
05-27 16:12:08.009 290 382 I MesonDisplay: [/mode_policy.c, meson_mode_get_policy_output, 1289] final_displaymode:1080p60hz, final_deepcolor:444,8bit, amdv_type:0
05-27 16:12:08.009 290 382 I MesonHwc: getPreferredDisplayConfig [1080p60hz]
05-27 16:12:08.009 290 382 I MesonDisplay: [/mode_policy.c, meson_mode_set_policy, 1177] connector:0 to policy:8
05-27 16:12:08.009 290 382 D MesonHwc: getPreferredBootConfig outConfig = 629 (1920x1080@59.940060)
05-27 16:12:08.011 715 741 I DisplayDeviceRepository: Display device changed: DisplayDeviceInfo{"内置屏幕": uniqueId="local:4620747849504298251", 720 x 576, modeId 297, renderFrameRate 50.0, defaultModeId 297, supportedModes [{id=297, width=720, height=576, fps=50.0, alternativeRefreshRates=[], supportedHdrTypes=[]}], colorMode 0, supportedColorModes [0], hdrCapabilities HdrCapabilities{mSupportedHdrTypes=[], mMaxLuminance=500.0, mMaxAverageLuminance=500.0, mMinLuminance=0.0}, allmSupported false, gameContentTypeSupported true, density 124, 15.902 x 22.508 dpi, appVsyncOff 2000000, presDeadline 17000000, touch INTERNAL, rotation 0, type INTERNAL, address {port=11, model=0x402031aff65a95}, deviceProductInfo DeviceProductInfo{name=Linux FHD, manufacturerPnpId=LNX, productId=0, modelYear=null, manufactureDate=ManufactureDate{week=5, year=2012}, connectionToSinkType=0}, state ON, committedState ON, frameRateOverride , brightnessMinimum 0.0, brightnessMaximum 1.0, brightnessDefault 0.39763778, hdrSdrRatio NaN, FLAG_ALLOWED_TO_BE_DEFAULT_DISPLAY, FLAG_ROTATES_WITH_CONTENT, FLAG_SECURE, FLAG_SUPPORTS_PROTECTED_BUFFERS, FLAG_TRUSTED, installOrientation 0, displayShape DisplayShape{ spec=-1515622917 displayWidth=720 displayHeight=576 physicalPixelDisplaySizeRatio=1.0 rotation=0 offsetX=0 offsetY=0 scale=1.0}}
05-27 16:12:08.012 264 264 E Scheduler: trackPendingFrame: Invalid present fence
05-27 16:12:08.013 478 1797 D xm_audio: adev_get_parameters
05-27 16:12:08.015 264 264 I RefreshRateSelector: Display 4620747849504298251 policy changed
05-27 16:12:08.015 264 264 I RefreshRateSelector: Previous: {defaultModeId=605, allowGroupSwitching=false, primaryRanges={physical=[0.00 Hz, 340282346638528859811704183484516925440.00 Hz], render=[0.00 Hz, 340282346638528859811704183484516925440.00 Hz]}, appRequestRanges={physical=[0.00 Hz, 340282346638528859811704183484516925440.00 Hz], render=[0.00 Hz, 340282346638528859811704183484516925440.00 Hz]}}
05-27 16:12:08.015 264 264 I RefreshRateSelector: Current: DisplayManagerPolicy{defaultModeId=605, allowGroupSwitching=false, primaryRanges={physical=[0.00 Hz, inf Hz], render=[0.00 Hz, 120.00 Hz]}, appRequestRanges={physical=[0.00 Hz, inf Hz], render=[0.00 Hz, inf Hz]}}
05-27 16:12:08.015 264 264 I RefreshRateSelector: 0 mode changes were performed under the previous policy
05-27 16:12:08.021 478 705 D xm_audio: adev_get_parameters
05-27 16:12:08.022 478 705 D xm_audio: adev_get_parameters
05-27 16:12:08.088 489 519 D hdmicecd: [CEC]:printCecMessage, [4 -> f] len: 4, body: 84 20 00 04, result:success
05-27 16:12:08.088 489 519 E IPCThreadState: binder thread pool (1 threads) starved for 153 ms
05-27 16:12:08.089 715 894 D HDMI : [S]: 4F:87:1C:A4:10
05-27 16:12:08.150 2275 2331 D nStackXCoAP: IsInSameNetwork:[276] :IsInSameNetwork exec
05-27 16:12:08.150 2275 2331 I nStackXDFinder: GetLocalInterfaceDetail:[461] :GetLocalInterfaceDetail in
05-27 16:12:08.150 2275 2331 E nStackXCoAP: IsInSameNetwork:[281] :IsInSameNetwork: not priority process
05-27 16:12:08.150 2275 2331 D nStackXCoAP: ParseServiceDiscover:[330] :new device join
05-27 16:12:08.150 2275 2331 E nStackXDFinder: GetLocalIp:[401] :GetLocalIp exec
05-27 16:12:08.159 2275 2331 D nStackXCoAP: CoapMessageHandler:[133] :2.01
05-27 16:12:08.218 1420 1647 E ccc : cccccc settingHelper resetManager
05-27 16:12:08.219 1420 1647 V HdmiDisplayManager: Amlogic Y5
05-27 16:12:08.240 489 519 D hdmicecd: [CEC]:printCecMessage, [4 -> f] len: 4, body: 87 1c a4 10, result:success
05-27 16:12:08.240 489 519 E IPCThreadState: binder thread pool (1 threads) starved for 152 ms
05-27 16:12:08.241 715 894 D HDMI : [S]: 40:8C
05-27 16:12:08.327 489 519 D hdmicecd: [CEC]:printCecMessage, [4 -> 0] len: 1, body: 8c, result:success
05-27 16:12:08.327 715 894 D HDMI : [S]: 40:47
05-27 16:12:08.486 1420 1647 E ccc : cccccc settingHelper resetManager
05-27 16:12:08.487 1420 1647 V HdmiDisplayManager: Amlogic Y5
05-27 16:12:08.602 489 519 D hdmicecd: [CEC]:printCecMessage, [4 -> 0] len: 9, body: 47 44 42 42 4f 58 2d 41 33, result:success
05-27 16:12:08.603 715 894 D HDMI : [S]: 45:7D
05-27 16:12:08.603 489 519 E IPCThreadState: binder thread pool (1 threads) starved for 275 ms
05-27 16:12:08.658 489 527 D hdmicecd: [CEC]:printCecMessage, [4 -> 5] len: 1, body: 7d, result:no ack
05-27 16:12:08.680 2275 2331 D nStackXCoAP: IsInSameNetwork:[276] :IsInSameNetwork exec
05-27 16:12:08.681 2275 2331 I nStackXDFinder: GetLocalInterfaceDetail:[461] :GetLocalInterfaceDetail in
05-27 16:12:08.681 2275 2331 E nStackXCoAP: IsInSameNetwork:[281] :IsInSameNetwork: not priority process
05-27 16:12:08.681 2275 2331 D nStackXCoAP: ParseServiceDiscover:[330] :new device join
05-27 16:12:08.681 2275 2331 E nStackXDFinder: GetLocalIp:[401] :GetLocalIp exec
05-27 16:12:08.714 489 527 D hdmicecd: [CEC]:printCecMessage, [4 -> 5] len: 1, body: 7d, result:no ack
05-27 16:12:08.715 715 715 D HDMI : AVR did not respond to
05-27 16:12:08.716 715 715 D HdmiControlService: Switching to full volume behavior
05-27 16:12:08.798 2275 2331 D nStackXCoAP: CoapMessageHandler:[133] :2.01
05-27 16:12:08.926 489 525 D hdmicecd: [CEC]:printCecMsgBuf, msg: 0f 87 00 00 00
05-27 16:12:08.930 715 715 D HDMI : [R]: 0F:87:00:00:00
05-27 16:12:08.931 489 519 D hdmicecd: [HdmiCecControl]:getPhysicalAddress, physical addr: 2000, last pa: 2000, ret = 0
05-27 16:12:08.931 715 715 D HDMI : addCecDevice new:CEC: logical_address: 0x00 device_type: 0 cec_version: 5 vendor_id: 16777215 display_name: TV power_status: -1 physical_address: 0xFFFF port_id: -1 old:null
05-27 16:12:08.933 715 715 D HdmiControlService: Switching to full volume behavior
05-27 16:12:08.934 489 489 D hdmicecd: [HdmiCecControl]:getPhysicalAddress, physical addr: 2000, last pa: 2000, ret = 0
05-27 16:12:08.934 715 715 D HDMI : TV is available now for receiving its message
05-27 16:12:08.934 715 715 D AudioService: onStatusChange cecEnabled:true available:true
05-27 16:12:08.935 715 715 D AudioService: TV, no CEC: setting HDMI as regular vol device
05-27 16:12:08.935 715 715 D AudioService: Removing DeviceType: 0x400 from mFullVolumeDevices
05-27 16:12:08.935 715 715 D AudioService: Removing DeviceType: 0x400 from mFixedVolumeDevices
05-27 16:12:08.935 715 715 D AudioService: Removing DeviceType: 0x400 from mAbsoluteVolumeDeviceInfoMap
05-27 16:12:08.939 478 705 D xm_audio: adev_get_parameters
05-27 16:12:08.941 478 1797 D xm_audio: adev_get_parameters
05-27 16:12:08.952 478 705 D xm_audio: adev_get_parameters
05-27 16:12:08.955 478 705 D xm_audio: adev_get_parameters
05-27 16:12:08.964 478 705 D xm_audio: adev_get_parameters
05-27 16:12:08.970 478 705 D xm_audio: adev_get_parameters
05-27 16:12:08.972 290 5109 D MesonDisplay: read /sys/class/amhdmitx/amhdmitx0/hdcp_lstore, result length:0, val:
05-27 16:12:08.978 478 705 D xm_audio: adev_get_parameters
05-27 16:12:08.980 478 705 D xm_audio: adev_get_parameters
05-27 16:12:08.987 478 705 D xm_audio: adev_get_parameters
05-27 16:12:08.989 478 705 D xm_audio: adev_get_parameters
05-27 16:12:08.995 478 705 D xm_audio: adev_get_parameters
05-27 16:12:08.996 478 705 D xm_audio: adev_get_parameters
05-27 16:12:09.002 478 705 D xm_audio: adev_get_parameters
05-27 16:12:09.004 478 705 D xm_audio: adev_get_parameters
05-27 16:12:09.013 478 705 D xm_audio: adev_get_parameters
05-27 16:12:09.014 478 705 D xm_audio: adev_get_parameters
05-27 16:12:09.021 478 705 D xm_audio: adev_get_parameters
05-27 16:12:09.023 478 1797 D xm_audio: adev_get_parameters
05-27 16:12:09.032 478 1797 D xm_audio: adev_get_parameters
05-27 16:12:09.034 478 1797 D xm_audio: adev_get_parameters
05-27 16:12:09.040 478 1797 D xm_audio: adev_get_parameters
05-27 16:12:09.042 478 1797 D xm_audio: adev_get_parameters
05-27 16:12:09.050 478 1797 D xm_audio: adev_get_parameters
05-27 16:12:09.051 478 1797 D xm_audio: adev_get_parameters
05-27 16:12:09.058 478 1797 D xm_audio: adev_get_parameters
05-27 16:12:09.059 478 1797 D xm_audio: adev_get_parameters
05-27 16:12:09.065 478 1797 D xm_audio: adev_get_parameters
05-27 16:12:09.067 478 705 D xm_audio: adev_get_parameters
05-27 16:12:09.075 478 1797 D xm_audio: adev_get_parameters
05-27 16:12:09.076 478 705 D xm_audio: adev_get_parameters
05-27 16:12:09.083 478 705 D xm_audio: adev_get_parameters
05-27 16:12:09.085 478 705 D xm_audio: adev_get_parameters
05-27 16:12:09.086 489 527 D hdmicecd: [CEC]:printCecMessage, [4 -> e] len: 0, body:, result:no ack
05-27 16:12:09.086 489 527 E IPCThreadState: binder thread pool (1 threads) starved for 371 ms
05-27 16:12:09.093 478 705 D xm_audio: adev_get_parameters
05-27 16:12:09.095 478 705 D xm_audio: adev_get_parameters
05-27 16:12:09.100 478 705 D xm_audio: adev_get_parameters
05-27 16:12:09.103 478 705 D xm_audio: adev_get_parameters
05-27 16:12:09.110 478 705 D xm_audio: adev_get_parameters
05-27 16:12:09.112 478 705 D xm_audio: adev_get_parameters
05-27 16:12:09.117 478 705 D xm_audio: adev_get_parameters
05-27 16:12:09.119 478 705 D xm_audio: adev_get_parameters
05-27 16:12:09.142 489 527 D hdmicecd: [CEC]:printCecMessage, [4 -> b] len: 0, body:, result:no ack
05-27 16:12:09.198 489 527 D hdmicecd: [CEC]:printCecMessage, [4 -> 8] len: 0, body:, result:no ack
05-27 16:12:09.250 515 541 I WifiHAL : call wifi_get_link_stats handler
05-27 16:12:09.251 515 541 I WifiHAL : Creating message to get link statistics; iface = 16
05-27 16:12:09.251 515 541 D WifiHAL : error code -95 mapped to -3
05-27 16:12:09.251 715 854 E WifiStaIfaceAidlImpl: getLinkLayerStats failed with service-specific exception: android.os.ServiceSpecificException: (code 4)
05-27 16:12:09.254 489 527 D hdmicecd: [CEC]:printCecMessage, [4 -> 5] len: 0, body:, result:no ack
05-27 16:12:09.310 489 527 D hdmicecd: [CEC]:printCecMessage, [4 -> 3] len: 0, body:, result:no ack
05-27 16:12:09.366 489 527 D hdmicecd: [CEC]:printCecMessage, [4 -> 1] len: 0, body:, result:no ack
05-27 16:12:09.422 489 527 D hdmicecd: [CEC]:printCecMessage, [4 -> 0] len: 0, body:, result:success
05-27 16:12:09.423 715 715 D HdmiCecController: [P]:AllocatedAddress=[0]
05-27 16:12:09.423 715 894 D HDMI : [S]: 40:83
05-27 16:12:09.659 489 527 D hdmicecd: [CEC]:printCecMessage, [4 -> 0] len: 1, body: 83, result:success
05-27 16:12:09.659 489 527 E IPCThreadState: binder thread pool (1 threads) starved for 235 ms
05-27 16:12:09.713 1444 1444 E xxxxxxxxxxxxxxx: onReceive: true , configuration = {1.0 ?mcc0mnc [zh_CN] ldltr sw720dp w1280dp h720dp 240dpi xlrg long land television -touch -keyb/v/h dpad/v winConfig={ mBounds=Rect(0, 0 - 1920, 1080) mAppBounds=Rect(0, 0 - 1920, 1080) mMaxBounds=Rect(0, 0 - 1920, 1080) mDisplayRotation=ROTATION_0 mWindowingMode=fullscreen mDisplayWindowingMode=fullscreen mActivityType=undefined mAlwaysOnTop=undefined mRotation=ROTATION_0} s.6 fontWeightAdjustment=0}
05-27 16:12:09.713 1444 1444 E xxxxxxxxxxxxxxx: isScreenSizeChange=false app onConfigurationChanged={1.0 ?mcc0mnc [zh_CN] ldltr sw720dp w1280dp h720dp 240dpi xlrg long land television -touch -keyb/v/h dpad/v winConfig={ mBounds=Rect(0, 0 - 1920, 1080) mAppBounds=Rect(0, 0 - 1920, 1080) mMaxBounds=Rect(0, 0 - 1920, 1080) mDisplayRotation=ROTATION_0 mWindowingMode=fullscreen mDisplayWindowingMode=fullscreen mActivityType=undefined mAlwaysOnTop=undefined mRotation=ROTATION_0} s.6 fontWeightAdjustment=0}
05-27 16:12:09.972 290 5109 D MesonDisplay: read /sys/class/amhdmitx/amhdmitx0/hdcp_lstore, result length:0, val:
05-27 16:12:10.097 489 525 D hdmicecd: [CEC]:printCecMsgBuf, msg: 0f 84 00 00 00
05-27 16:12:10.099 715 715 D HDMI : [R]: 0F:84:00:00:00
05-27 16:12:10.099 489 527 D hdmicecd: [HdmiCecControl]:getPhysicalAddress, physical addr: 2000, last pa: 2000, ret = 0
05-27 16:12:10.100 489 489 D hdmicecd: [HdmiCecControl]:getPhysicalAddress, physical addr: 2000, last pa: 2000, ret = 0
05-27 16:12:10.100 715 715 D HDMI : addCecDevice new:CEC: logical_address: 0x00 device_type: 0 cec_version: 5 vendor_id: 0 display_name: TV power_status: -1 physical_address: 0x0000 port_id: -1 old:CEC: logical_address: 0x00 device_type: 0 cec_version: 5 vendor_id: 0 display_name: TV power_status: -1 physical_address: 0xFFFF port_id: -1
05-27 16:12:10.101 715 715 D HdmiControlService: Switching to full volume behavior
05-27 16:12:10.101 489 489 D hdmicecd: [HdmiCecControl]:getPhysicalAddress, physical addr: 2000, last pa: 2000, ret = 0
05-27 16:12:10.102 715 894 D HDMI : [S]: 40:46
05-27 16:12:10.387 489 489 D hdmicecd: [CEC]:printCecMessage, [4 -> 0] len: 1, body: 46, result:success
05-27 16:12:10.387 489 489 E IPCThreadState: binder thread pool (1 threads) starved for 284 ms
05-27 16:12:10.892 478 672 D audio_hw_hal_ms12common: func:ms12_timer_callback_handler sigv:0 ~~~~~~~~~~
05-27 16:12:10.892 478 672 D audio_hw_hal_ms12v2: set_dolby_ms12_continuous_state audio_continuous_standby_set status 1
05-27 16:12:10.892 478 672 D audio_hw_hal_continuous_standby: audio_continuous_standby_set, type 0, params 1
05-27 16:12:10.892 478 672 D audio_hw_hal_ms12common: aml_send_ms12_scheduler_state_2_ms12 adev:0xefd014a0, sch_state:1(SCHEDULER_STANDBY)
05-27 16:12:10.972 290 5109 D MesonDisplay: read /sys/class/amhdmitx/amhdmitx0/hdcp_lstore, result length:0, val:
05-27 16:12:11.011 489 525 D hdmicecd: [CEC]:printCecMsgBuf, msg: 04 47 48 51 4b 32 20 50 72 6f
05-27 16:12:11.013 715 715 D HDMI : [R]: 04:47
05-27 16:12:11.013 715 715 D HdmiCecNetwork: Updating device OSD name from TV to HQK2 Pro
05-27 16:12:11.014 489 489 D hdmicecd: [HdmiCecControl]:getPhysicalAddress, physical addr: 2000, last pa: 2000, ret = 0
05-27 16:12:11.015 715 894 D HDMI : [S]: 40:8F
05-27 16:12:11.095 489 489 D hdmicecd: [CEC]:printCecMessage, [4 -> 0] len: 1, body: 8f, result:success
05-27 16:12:11.174 715 1097 D WifiNl80211Manager: Scan result ready event
05-27 16:12:11.174 715 1097 D WifiNative: Scan result ready event
01-01 08:05:38.023 0 0 W : [3 T1054 ..] [aml_scan_rx 1505] scanres_payload_buf overflow, flush
01-01 08:05:40.920 0 0 W : [2 T1052 ..] >>> aml_rx_scanu_start_cfm()
05-27 16:12:11.186 715 859 W IE_Capabilities: Unknown RSN cipher suite: 6ac0f00
05-27 16:12:11.204 489 525 D hdmicecd: [CEC]:printCecMsgBuf, msg: 04 90 00
05-27 16:12:11.205 489 525 D hdmicecd: [HdmiCecControl]:updateActiveState received tv power status 0
05-27 16:12:11.214 715 715 D HDMI : [R]: 04:90:00
05-27 16:12:11.215 489 489 D hdmicecd: [HdmiCecControl]:getPhysicalAddress, physical addr: 2000, last pa: 2000, ret = 0
05-27 16:12:11.216 489 527 D hdmicecd: [HdmiCecControl]:getPhysicalAddress, physical addr: 2000, last pa: 2000, ret = 0
05-27 16:12:11.217 715 715 D HDMI : addCecDevice new:CEC: logical_address: 0x00 device_type: 0 cec_version: 5 vendor_id: 0 display_name: HQK2 Pro power_status: 0 physical_address: 0x0000 port_id: -1 old:CEC: logical_address: 0x00 device_type: 0 cec_version: 5 vendor_id: 0 display_name: HQK2 Pro power_status: 0 physical_address: 0x0000 port_id: -1
05-27 16:12:11.217 715 715 D HdmiControlService: Switching to full volume behavior
05-27 16:12:11.218 489 519 D hdmicecd: [HdmiCecControl]:getPhysicalAddress, physical addr: 2000, last pa: 2000, ret = 0
05-27 16:12:11.218 715 715 D HDMI : addCecDevice new:CEC: logical_address: 0x04 device_type: 4 cec_version: 5 vendor_id: 1877008 display_name: DBBOX-A3 power_status: 0 physical_address: 0x2000 port_id: 0 old:null
05-27 16:12:11.225 2275 2331 D nStackXCoAP: IsInSameNetwork:[276] :IsInSameNetwork exec
05-27 16:12:11.225 2275 2331 I nStackXDFinder: GetLocalInterfaceDetail:[461] :GetLocalInterfaceDetail in
05-27 16:12:11.225 2275 2331 E nStackXCoAP: IsInSameNetwork:[281] :IsInSameNetwork: not priority process
05-27 16:12:11.225 2275 2331 D nStackXCoAP: ParseServiceDiscover:[330] :new device join
05-27 16:12:11.225 2275 2331 E nStackXDFinder: GetLocalIp:[401] :GetLocalIp exec
05-27 16:12:11.255 715 854 D PasspointManager: ANQP entry not found for: 50:33:f0:5b:7e:a2:
