05-27 16:12:12.702 320 371 I SystemControl: [/Ubootenv.cpp, get, 336] [ubootenv] get key:hdr_preferred_policy envValue: 0
05-27 16:12:12.703 478 1797 I audio_hw_hal_primary: [out_get_buffer_size:552] out:0xefc49700 config.rate=48000, format:PCM_16_BIT(0x1), stream format:PCM_16_BIT(0x1)
05-27 16:12:12.703 535 5127 I AudioFlinger: AudioFlinger's thread 0xe75c24a0 tid=5127 ready to run
05-27 16:12:12.704 290 351 D MesonHwc: get key:ubootenv.var.hdr_preferred_policy value:0
05-27 16:12:12.704 290 351 I MesonHwc: getPreferredHdrStrategy is 0
05-27 16:12:12.704 290 351 I MesonHwc: check_hdr_mode mode:576p50hz outHdrConversionType:SDR support:1
05-27 16:12:12.704 290 351 I MesonHwc: quiescent_mode is 0
05-27 16:12:12.705 320 371 I SystemControl: [/Ubootenv.cpp, get, 336] [ubootenv] get key:frac_rate_policy envValue: 0
05-27 16:12:12.705 290 351 D MesonHwc: get key:ubootenv.var.frac_rate_policy value:0
05-27 16:12:12.705 290 351 I MesonHwc: get uenv frc policy is 0 and current value is 0
05-27 16:12:12.705 290 351 I MesonHwc: cur frac_rate_policy is equals
05-27 16:12:12.706 290 351 D MesonDisplayServer: use connector getDisplayAttribute "HDMI Color ATTR": "444,8bit"
05-27 16:12:12.706 290 351 I MesonHwc: curDeepcolor[444,8bit] final_deepcolor[444,8bit]
05-27 16:12:12.706 290 351 I MesonHwc: cur deepcolor is equals
05-27 16:12:12.706 290 351 D MesonDisplayServer: getDisplayAttribute "HDR Policy": "0"
05-27 16:12:12.706 290 351 I MesonHwc: cur hdr policy:0
05-27 16:12:12.706 290 351 D MesonDisplayServer: getDisplayAttribute "FORCE HDR Mode": "0"
05-27 16:12:12.706 290 351 I MesonHwc: cur hdr force mode:0
05-27 16:12:12.706 290 351 D MesonDisplayServer: getDisplayAttribute "Dolby Vision Mode": "usage: echo mode > /sys/class/amdolby_vision/dv_mode AMDV_OUTPUT_MODE_BYPASS 0 AMDV_OUTPUT_MODE_IPT 1 AMDV_OUTPUT_MODE_IPT_TUNNEL 2 AMDV_OUTPUT_MODE_HDR10 3 AMDV_OUTPUT_MODE_SDR10 4 AMDV_OUTPUT_MODE_SDR8 5current dv_mode = off"
05-27 16:12:12.706 290 351 D MesonDisplayServer: getDisplayAttribute "Dolby Vision Policy": "0"
05-27 16:12:12.706 290 351 I MesonHwc: cur dv policy:0
05-27 16:12:12.707 478 1797 I audio_hw_hal_primary: [out_set_volume:1406] out:0xefc49700 left:1.000000 continuous:1 internal_format:PCM_16_BIT dolby:0 direct pcm:1 mmap_pcm:1
05-27 16:12:12.709 320 371 I SystemControl: [/Ubootenv.cpp, get, 345] [ubootenv] search end and not find env:hdr_force_mode
05-27 16:12:12.711 290 351 D MesonHwc: sc_read_bootenv val is empty
05-27 16:12:12.711 290 351 I MesonHwc: get hdr force mode is [2]
05-27 16:12:12.712 320 371 I SystemControl: [/Ubootenv.cpp, get, 336] [ubootenv] get key:hdr_policy envValue: 0
05-27 16:12:12.712 290 351 D MesonHwc: get key:ubootenv.var.hdr_policy value:0
05-27 16:12:12.712 290 351 I MesonHwc: get uboot HdrStrategy is [0]
05-27 16:12:12.712 290 351 E MesonHwc: dolby vision driver is not ready
05-27 16:12:12.712 290 351 D MesonDisplayServer: use connector getDisplayAttribute "HDR Priority": "268435472"
05-27 16:12:12.712 290 351 I MesonHwc: getCurrentHdrPriority is [HDR10_HLG priority]
05-27 16:12:12.712 320 371 I SystemControl: [/Ubootenv.cpp, get, 336] [ubootenv] get key:hdr_priority envValue: 268435472
05-27 16:12:12.712 535 1214 I AudioFlinger: openOutput() this 0xed5c2fe0, module 10 Device AUDIO_DEVICE_OUT_HDMI, @:, SamplingRate 0, Format 00000000, Channels 0, flags 0x41
05-27 16:12:12.713 478 1797 D audio_hw_hal_primary: [adev_open_output_stream_new:7868] enter: dev=0xefd014a0 handle=6fd devices=0x400/'HDMI,' flags=0x41/'DIRECT,HW_AV_SYNC,' config=(rt=0 ch_mask=0x0 fmt=0x0) address=''
05-27 16:12:12.713 478 1797 D audio_hw_hal_primary: adev_open_output_stream_new: enter
05-27 16:12:12.713 478 1797 I audio_hw_hal_primary: [adev_open_output_stream:3285] io 1789: out:0xefc47a40 dev:OUT_HDMI(0x400) addr:
05-27 16:12:12.713 478 1797 I audio_hw_hal_primary: [adev_open_output_stream:3287] ch_mask:0 rate:0 format:DEFAULT(0) flags:0x41
05-27 16:12:12.713 478 1797 D audio_hw_hal_primary: [adev_open_output_stream:3573] format=PCM_16_BIT rate=48000
05-27 16:12:12.713 478 1797 I audio_hw_hal_primary: [adev_open_output_stream:3610] result profile ch_mask:0x3 rate:48000 format:PCM_16_BIT(0x1) usecase:PCM_HWSYNC
05-27 16:12:12.713 478 1797 D audio_hw_hal_timer: func:audio_timer_create create timer.1 success.
05-27 16:12:12.714 478 1797 D audio_hw_hal_timer: func:audio_timer_create create timer.2 success.
05-27 16:12:12.714 478 1797 D audio_hw_hal_primary: [adev_open_output_stream_new:7980] timer_id:1
05-27 16:12:12.714 478 1797 I audio_hw_hal_utils: aml_get_stream_dump_file_name line 2929 file_name /data/vendor/audiohal/stream_pid478_tid1797.pcm
05-27 16:12:12.714 290 351 D MesonHwc: get key:ubootenv.var.hdr_priority value:268435472
05-27 16:12:12.714 478 1797 I audio_hw_hal_primary: [adev_open_output_stream_new:8037] io 1789: out: 0xefc47a40 card:0 alsa devices:0 exit ------
05-27 16:12:12.714 290 351 I MesonHwc: getHdrPriority is [HDR10_HLG priority]
05-27 16:12:12.714 290 351 I MesonHwc: get uboot HdrPriority is [HDR10_HLG priority]
05-27 16:12:12.714 290 351 D MesonDisplayServer: getDisplayAttribute "Dolby Vision Enable": "N"
05-27 16:12:12.714 290 351 D MesonDisplayServer: getDisplayAttribute "Dolby Vision LL Policy": "0"
05-27 16:12:12.714 290 351 I MesonHwc: curDvMode 0, want DvMode 0
05-27 16:12:12.714 290 351 E MesonHwc: dolby vision driver is not ready
05-27 16:12:12.714 290 351 I MesonHwc: cur DvMode is equals
05-27 16:12:12.714 290 351 V MesonDisplayServer: GetDisplayMode:dummy_l
05-27 16:12:12.714 290 351 I MesonHwc: getDisplayMode mode:dummy_l
05-27 16:12:12.714 290 351 I MesonHwc: curMode:[dummy_l] ,final_displaymode[576p50hz]
05-27 16:12:12.714 290 351 I MesonHwc: curmode:dummy_l, tmpMode:dummy_l, outputmode:576p50hz
05-27 16:12:12.714 290 351 I MesonHwc: connector not ready
05-27 16:12:12.714 290 351 I MesonHwc: setSysfsStr /sys/devices/virtual/amhdmitx/amhdmitx0/avmute= 1
05-27 16:12:12.714 290 351 I MesonDisplay: [/HDCPTxAuth.cpp, stopVerAll, 344] hdcp_tx 2.2 & 1.4 stop hdcp pwr
05-27 16:12:12.714 290 351 E MesonDisplay: open /sys/class/amhdmitx/amhdmitx0/hdcp_pwr fail. Error info [No such file or directory]
05-27 16:12:12.715 478 1797 I audio_hw_hal_primary: [out_get_buffer_size:552] out:0xefc47a40 config.rate=48000, format:PCM_16_BIT(0x1), stream format:PCM_16_BIT(0x1)
05-27 16:12:12.715 535 1214 I AudioFlinger: HAL output buffer size 2058 frames, normal sink buffer size 2058 frames
05-27 16:12:12.715 478 1797 I audio_hw_hal_primary: [audiohal_get_latency:1333] io 1789: out:0xefc47a40 frames:1024 rate:48000 whole_latency:21 alsa_latency:21
05-27 16:12:12.716 478 1797 I audio_hw_hal_primary: [out_set_event_callback:3158] io 1789: out:0xefc47a40, callback:0xf1b4091d cookie:0xf22004f0
05-27 16:12:12.716 478 1797 I audio_hw_hal_primary: [audiohal_get_latency:1333] io 1789: out:0xefc47a40 frames:1280 rate:48000 whole_latency:26 alsa_latency:26
05-27 16:12:12.716 478 1797 I audio_hw_hal_primary: [audiohal_get_latency:1333] io 1789: out:0xefc47a40 frames:1280 rate:48000 whole_latency:26 alsa_latency:26
05-27 16:12:12.717 478 1797 I audio_hw_hal_profile: [out_get_parameters:2085] out:0xefc47a40 query audio format. ++++++++++ hal_format:PCM_16_BIT
05-27 16:12:12.717 478 1797 D audio_hw_hal_profile: get_hdmi_sink_cap_new is running...
05-27 16:12:12.717 535 5130 I AudioFlinger: AudioFlinger's thread 0xe78e4520 tid=5130 ready to run
05-27 16:12:12.717 478 1797 D audio_hw_hal_profile: query hdmi format...
05-27 16:12:12.717 478 1797 D audio_hw_hal_profile: get_hdmi_sink_cap_new ddp is supported; ddp-joc(atmos) is supported;
05-27 16:12:12.717 478 1797 I audio_hw_hal_profile: get_hdmi_sink_cap_new dts-hd vendor special byte3:0x1
05-27 16:12:12.717 478 1797 I audio_hw_hal_profile: PCM cap Max channel =2
05-27 16:12:12.717 478 1797 I audio_hw_hal_profile: [out_get_parameters:2165] sup_formats=AUDIO_FORMAT_PCM_16_BIT|AUDIO_FORMAT_IEC61937|AUDIO_FORMAT_E_AC3|AUDIO_FORMAT_E_AC3_JOC|AUDIO_FORMAT_AC3|AUDIO_FORMAT_DTS
05-27 16:12:12.718 535 1214 D APM_AudioPolicyManager: modifySurroundFormats: forced use = 0
05-27 16:12:12.718 478 1797 I audio_hw_hal_profile: [out_get_parameters:2089] out:0xefc47a40 query sample rate. Format:PCM_16_BIT(0x1) ++++++++++ hal_format:PCM_16_BIT
05-27 16:12:12.718 478 1797 D audio_hw_hal_profile: get_hdmi_sink_cap_new is running...
05-27 16:12:12.718 478 1797 D audio_hw_hal_profile: [get_hdmi_sink_cap_new:960] query hdmi sample_rate... format: PCM_16_BIT(0x1)
05-27 16:12:12.718 478 1797 I audio_hw_hal_profile: get_hdmi_sink_cap_new format =0x1 support rate =sup_sampling_rates=32000|44100|48000|88200|96000|176400|192000
05-27 16:12:12.718 478 1797 I audio_hw_hal_profile: [out_get_parameters:2165] sup_sampling_rates=32000|44100|48000|88200|96000|176400|192000
05-27 16:12:12.719 478 478 I audio_hw_hal_profile: [out_get_parameters:2092] out:0xefc47a40 query channels. Format:PCM_16_BIT(0x1) ++++++++++ hal_format:PCM_16_BIT
05-27 16:12:12.719 478 478 D audio_hw_hal_profile: get_hdmi_sink_cap_new is running...
05-27 16:12:12.719 478 478 D audio_hw_hal_profile: [get_hdmi_sink_cap_new:887] query hdmi channels... format: PCM_16_BIT(0x1)
05-27 16:12:12.719 478 478 I audio_hw_hal_profile: [out_get_parameters:2165] sup_channels=AUDIO_CHANNEL_OUT_STEREO
05-27 16:12:12.719 478 2364 I audio_hw_hal_profile: [out_get_parameters:2089] out:0xefc47a40 query sample rate. Format:DTS(0xb000000) ++++++++++ hal_format:PCM_16_BIT
05-27 16:12:12.719 478 2364 D audio_hw_hal_profile: get_hdmi_sink_cap_new is running...
05-27 16:12:12.719 478 2364 D audio_hw_hal_profile: [get_hdmi_sink_cap_new:960] query hdmi sample_rate... format: DTS(0xb000000)
05-27 16:12:12.719 478 2364 I audio_hw_hal_profile: get_hdmi_sink_cap_new format =0xb000000 support rate =sup_sampling_rates=32000|44100|48000
05-27 16:12:12.719 478 2364 I audio_hw_hal_profile: [out_get_parameters:2165] sup_sampling_rates=32000|44100|48000
05-27 16:12:12.720 478 705 I audio_hw_hal_profile: [out_get_parameters:2092] out:0xefc47a40 query channels. Format:DTS(0xb000000) ++++++++++ hal_format:PCM_16_BIT
05-27 16:12:12.720 478 705 D audio_hw_hal_profile: get_hdmi_sink_cap_new is running...
01-01 08:05:42.462 0 0 I [3 T351 ..] [hdmitx: ] avmute_store 1
05-27 16:12:12.720 478 705 D audio_hw_hal_profile: [get_hdmi_sink_cap_new:887] query hdmi channels... format: DTS(0xb000000)
05-27 16:12:12.720 478 705 I audio_hw_hal_profile: [out_get_parameters:2165] sup_channels=AUDIO_CHANNEL_OUT_MONO|AUDIO_CHANNEL_OUT_STEREO|AUDIO_CHANNEL_OUT_TRI|AUDIO_CHANNEL_OUT_TRI_BACK|AUDIO_CHANNEL_OUT_3POINT1|AUDIO_CHANNEL_OUT_QUAD|AUDIO_CHANNEL_OUT_SURROUND|AUDIO_CHANNEL_OUT_PENTA|AUDIO_CHANNEL_OUT_5POINT1
05-27 16:12:12.721 478 2364 I audio_hw_hal_profile: [out_get_parameters:2089] out:0xefc47a40 query sample rate. Format:AC3(0x9000000) ++++++++++ hal_format:PCM_16_BIT
05-27 16:12:12.721 478 2364 D audio_hw_hal_profile: get_hdmi_sink_cap_new is running...
05-27 16:12:12.721 478 2364 D audio_hw_hal_profile: [get_hdmi_sink_cap_new:960] query hdmi sample_rate... format: AC3(0x9000000)
05-27 16:12:12.721 478 2364 I audio_hw_hal_profile: get_hdmi_sink_cap_new format =0x9000000 support rate =sup_sampling_rates=32000|44100|48000
05-27 16:12:12.721 478 2364 I audio_hw_hal_profile: [out_get_parameters:2165] sup_sampling_rates=32000|44100|48000
05-27 16:12:12.722 535 5130 D AudioFlinger: ro.audio.silent is ignored since no output device is set
05-27 16:12:12.722 478 2364 I audio_hw_hal_profile: [out_get_parameters:2092] out:0xefc47a40 query channels. Format:AC3(0x9000000) ++++++++++ hal_format:PCM_16_BIT
05-27 16:12:12.722 478 2364 D audio_hw_hal_profile: get_hdmi_sink_cap_new is running...
05-27 16:12:12.722 478 2364 D audio_hw_hal_profile: [get_hdmi_sink_cap_new:887] query hdmi channels... format: AC3(0x9000000)
05-27 16:12:12.722 478 2364 I audio_hw_hal_profile: [out_get_parameters:2165] sup_channels=AUDIO_CHANNEL_OUT_MONO|AUDIO_CHANNEL_OUT_STEREO|AUDIO_CHANNEL_OUT_TRI|AUDIO_CHANNEL_OUT_TRI_BACK|AUDIO_CHANNEL_OUT_3POINT1|AUDIO_CHANNEL_OUT_QUAD|AUDIO_CHANNEL_OUT_SURROUND|AUDIO_CHANNEL_OUT_PENTA|AUDIO_CHANNEL_OUT_5POINT1
05-27 16:12:12.723 478 1797 D audio_hw_hal_primary: [out_standby_new:5767] io 1789: out:0xefc47a40 usecase:PCM_HWSYNC
05-27 16:12:12.723 478 1797 I audio_hw_hal_primary: already standby, do nothing
05-27 16:12:12.723 478 1797 I audio_hw_hal_profile: [out_get_parameters:2089] out:0xefc47a40 query sample rate. Format:E_AC3(0xa000000) ++++++++++ hal_format:PCM_16_BIT
05-27 16:12:12.723 478 1797 D audio_hw_hal_profile: get_hdmi_sink_cap_new is running...
05-27 16:12:12.724 478 1797 D audio_hw_hal_profile: [get_hdmi_sink_cap_new:960] query hdmi sample_rate... format: E_AC3(0xa000000)
05-27 16:12:12.724 478 1797 I audio_hw_hal_profile: get_hdmi_sink_cap_new format =0xa000000 support rate =sup_sampling_rates=32000|44100|48000
05-27 16:12:12.724 478 1797 I audio_hw_hal_profile: [out_get_parameters:2165] sup_sampling_rates=32000|44100|48000
05-27 16:12:12.724 478 1797 I audio_hw_hal_profile: [out_get_parameters:2092] out:0xefc47a40 query channels. Format:E_AC3(0xa000000) ++++++++++ hal_format:PCM_16_BIT
05-27 16:12:12.724 478 1797 D audio_hw_hal_profile: get_hdmi_sink_cap_new is running...
05-27 16:12:12.724 478 1797 D audio_hw_hal_profile: [get_hdmi_sink_cap_new:887] query hdmi channels... format: E_AC3(0xa000000)
05-27 16:12:12.724 478 1797 I audio_hw_hal_profile: [out_get_parameters:2165] sup_channels=AUDIO_CHANNEL_OUT_MONO|AUDIO_CHANNEL_OUT_STEREO|AUDIO_CHANNEL_OUT_TRI|AUDIO_CHANNEL_OUT_TRI_BACK|AUDIO_CHANNEL_OUT_3POINT1|AUDIO_CHANNEL_OUT_QUAD|AUDIO_CHANNEL_OUT_SURROUND|AUDIO_CHANNEL_OUT_PENTA|AUDIO_CHANNEL_OUT_5POINT1|AUDIO_CHANNEL_OUT_6POINT1|AUDIO_CHANNEL_OUT_7POINT1
05-27 16:12:12.725 478 1797 I audio_hw_hal_profile: [out_get_parameters:2089] out:0xefc47a40 query sample rate. Format:IEC61937(0xd000000) ++++++++++ hal_format:PCM_16_BIT
05-27 16:12:12.725 478 1797 D audio_hw_hal_profile: get_hdmi_sink_cap_new is running...
05-27 16:12:12.725 478 1797 D audio_hw_hal_profile: [get_hdmi_sink_cap_new:960] query hdmi sample_rate... format: IEC61937(0xd000000)
05-27 16:12:12.725 478 1797 I audio_hw_hal_profile: [out_get_parameters:2165] sup_sampling_rates=8000|11025|16000|22050|24000|32000|44100|48000|128000|176400|192000
05-27 16:12:12.726 478 1797 I audio_hw_hal_profile: [out_get_parameters:2092] out:0xefc47a40 query channels. Format:IEC61937(0xd000000) ++++++++++ hal_format:PCM_16_BIT
05-27 16:12:12.726 478 1797 D audio_hw_hal_profile: get_hdmi_sink_cap_new is running...
05-27 16:12:12.726 478 1797 D audio_hw_hal_profile: [get_hdmi_sink_cap_new:887] query hdmi channels... format: IEC61937(0xd000000)
05-27 16:12:12.726 478 1797 I audio_hw_hal_profile: [out_get_parameters:2165] sup_channels=AUDIO_CHANNEL_OUT_MONO|AUDIO_CHANNEL_OUT_STEREO|AUDIO_CHANNEL_OUT_TRI|AUDIO_CHANNEL_OUT_TRI_BACK|AUDIO_CHANNEL_OUT_3POINT1|AUDIO_CHANNEL_OUT_QUAD|AUDIO_CHANNEL_OUT_SURROUND|AUDIO_CHANNEL_OUT_PENTA|AUDIO_CHANNEL_OUT_5POINT1|AUDIO_CHANNEL_OUT_7POINT1
05-27 16:12:12.726 489 489 D hdmicecd: [CEC]:printCecMessage, [4 -> 4] len: 0, body:, result:no ack
05-27 16:12:12.726 478 1797 I audio_hw_hal_profile: [out_get_parameters:2089] out:0xefc47a40 query sample rate. Format:E_AC3_JOC(0xa000001) ++++++++++ hal_format:PCM_16_BIT
05-27 16:12:12.726 478 1797 D audio_hw_hal_profile: get_hdmi_sink_cap_new is running...
05-27 16:12:12.726 478 1797 D audio_hw_hal_profile: [get_hdmi_sink_cap_new:960] query hdmi sample_rate... format: E_AC3(0xa000000)
05-27 16:12:12.727 478 1797 I audio_hw_hal_profile: get_hdmi_sink_cap_new format =0xa000000 support rate =sup_sampling_rates=32000|44100|48000
05-27 16:12:12.727 478 1797 I audio_hw_hal_profile: [out_get_parameters:2165] sup_sampling_rates=32000|44100|48000
05-27 16:12:12.727 478 1797 I audio_hw_hal_profile: [out_get_parameters:2092] out:0xefc47a40 query channels. Format:E_AC3_JOC(0xa000001) ++++++++++ hal_format:PCM_16_BIT
05-27 16:12:12.727 478 1797 D audio_hw_hal_profile: get_hdmi_sink_cap_new is running...
05-27 16:12:12.727 478 1797 D audio_hw_hal_profile: [get_hdmi_sink_cap_new:887] query hdmi channels... format: E_AC3(0xa000000)
05-27 16:12:12.727 478 1797 I audio_hw_hal_profile: [out_get_parameters:2165] sup_channels=AUDIO_CHANNEL_OUT_MONO|AUDIO_CHANNEL_OUT_STEREO|AUDIO_CHANNEL_OUT_TRI|AUDIO_CHANNEL_OUT_TRI_BACK|AUDIO_CHANNEL_OUT_3POINT1|AUDIO_CHANNEL_OUT_QUAD|AUDIO_CHANNEL_OUT_SURROUND|AUDIO_CHANNEL_OUT_PENTA|AUDIO_CHANNEL_OUT_5POINT1|AUDIO_CHANNEL_OUT_6POINT1|AUDIO_CHANNEL_OUT_7POINT1
05-27 16:12:12.728 478 2364 D audio_hw_hal_primary: [out_dump:848] io 1789: out:0xefc47a40, fd:26
05-27 16:12:12.729 478 2364 D audio_hw_hal_primary: [out_set_parameters:971] out:0xefc47a40 kvpairs:closing=true;exiting=1 out->out_device:0x400, adev->out_device:0x80002
05-27 16:12:12.729 478 2364 E audio_hw_hal_primary: out_set_parameters, ret:-2, hw_sync_mode:is false
05-27 16:12:12.730 535 5130 D AudioFlinger: ro.audio.silent is ignored since no output device is set
05-27 16:12:12.730 478 2364 I audio_hw_hal_primary: [out_set_event_callback:3158] io 1789: out:0xefc47a40, callback:0xf1b4091d cookie:0xf22004f0
05-27 16:12:12.730 478 2364 I audio_hw_hal_primary: [adev_close_output_stream_new:8052] io handle 1789: out:0xefc47a40
05-27 16:12:12.730 478 2364 D audio_hw_hal_primary: adev_close_output_stream_new: enter usecase = PCM_HWSYNC
05-27 16:12:12.730 478 2364 D audio_hw_hal_timer: func:audio_timer_delete delete timer.1 success.
05-27 16:12:12.730 478 2364 D audio_hw_hal_timer: func:audio_timer_delete delete timer.2 success.
05-27 16:12:12.730 478 2364 D audio_hw_hal_primary: [adev_close_output_stream_new:8076] timer_id:1 ret:2
05-27 16:12:12.730 478 2364 I audio_hw_hal_primary: [adev_close_output_stream:3695] io 1789: out:0xefc47a40 dev:OUT_HDMI(0x400) flags:0x41, usecase:PCM_HWSYNC
05-27 16:12:12.730 478 2364 D audio_hw_hal_primary: [out_standby_new:5767] io 1789: out:0xefc47a40 usecase:PCM_HWSYNC
05-27 16:12:12.730 478 2364 I audio_hw_hal_primary: already standby, do nothing
05-27 16:12:12.730 478 2364 I audio_hw_hal_resourcemgr: [is_output_device_muted:710] device:0x2 port_mute:0, fade_mute:0
05-27 16:12:12.730 478 2364 I audio_hw_hal_primary: [adev_close_output_stream:3863] io 1789: out:0xefc47a40 exit ------
05-27 16:12:12.731 535 1214 I AudioFlinger: openOutput() this 0xed5c2fe0, module 10 Device AUDIO_DEVICE_OUT_HDMI, @:, SamplingRate 32000, Format 0xb000000, Channels 0x1, flags 0x41
05-27 16:12:12.732 478 1797 D audio_hw_hal_primary: [adev_open_output_stream_new:7868] enter: dev=0xefd014a0 handle=705 devices=0x400/'HDMI,' flags=0x41/'DIRECT,HW_AV_SYNC,' config=(rt=32000 ch_mask=0x1 fmt=0xb000000) address=''
05-27 16:12:12.732 478 1797 D audio_hw_hal_primary: adev_open_output_stream_new: enter
05-27 16:12:12.733 478 1797 I audio_hw_hal_primary: [adev_open_output_stream:3285] io 1797: out:0xefc47a40 dev:OUT_HDMI(0x400) addr:
05-27 16:12:12.733 478 1797 I audio_hw_hal_primary: [adev_open_output_stream:3287] ch_mask:0x1 rate:32000 format:DTS(0xb000000) flags:0x41
05-27 16:12:12.733 478 1797 I audio_hw_hal_primary: adev_open_output_stream: for raw audio output,force alsa stereo output
05-27 16:12:12.733 478 1797 D audio_hw_hal_primary: [adev_open_output_stream:3573] format=DTS rate=32000
05-27 16:12:12.733 478 1797 I audio_hw_hal_primary: [adev_open_output_stream:3610] result profile ch_mask:0x1 rate:32000 format:DTS(0xb000000) usecase:RAW_HWSYNC
05-27 16:12:12.733 478 1797 I audio_hw_hal_utils: aml_get_stream_dump_file_name line 2929 file_name /data/vendor/audiohal/stream_pid478_tid1797.dts
05-27 16:12:12.733 478 1797 I audio_hw_hal_primary: [adev_open_output_stream_new:8037] io 1797: out: 0xefc47a40 card:0 alsa devices:0 exit ------
05-27 16:12:12.734 478 705 I audio_hw_hal_primary: [out_get_buffer_size:552] out:0xefc47a40 config.rate=32000, format:DTS(0xb000000), stream format:DTS(0xb000000)
05-27 16:12:12.735 478 705 I audio_hw_hal_primary: out_get_buffer_size AUDIO_FORMAT_DTS buffer size = 32768 frames
05-27 16:12:12.735 535 1214 I AudioFlinger: HAL output buffer size 32768 frames, normal sink buffer size 32768 frames
05-27 16:12:12.735 478 705 I audio_hw_hal_primary: [audiohal_get_latency:1333] io 1797: out:0xefc47a40 frames:1152 rate:32000 whole_latency:36 alsa_latency:36
05-27 16:12:12.736 478 705 I audio_hw_hal_primary: [out_set_event_callback:3158] io 1797: out:0xefc47a40, callback:0xf1b4091d cookie:0xf2202650
05-27 16:12:12.737 535 5132 I AudioFlinger: AudioFlinger's thread 0xe78e4520 tid=5132 ready to run
05-27 16:12:12.737 478 705 I audio_hw_hal_primary: [audiohal_get_latency:1333] io 1797: out:0xefc47a40 frames:1024 rate:32000 whole_latency:32 alsa_latency:32
05-27 16:12:12.737 478 705 I audio_hw_hal_primary: [audiohal_get_latency:1333] io 1797: out:0xefc47a40 frames:1024 rate:32000 whole_latency:32 alsa_latency:32
05-27 16:12:12.738 535 5132 D AudioFlinger: ro.audio.silent is ignored since no output device is set
05-27 16:12:12.739 478 705 D audio_hw_hal_primary: [out_standby_new:5767] io 1797: out:0xefc47a40 usecase:RAW_HWSYNC
05-27 16:12:12.739 478 705 I audio_hw_hal_primary: already standby, do nothing
05-27 16:12:12.740 535 5132 D AudioFlinger: ro.audio.silent is ignored since no output device is set
05-27 16:12:12.740 535 5132 D AudioFlinger: ro.audio.silent is ignored since no output device is set
05-27 16:12:12.741 535 5132 D AudioFlinger: ro.audio.silent is ignored since no output device is set
05-27 16:12:12.742 535 5132 D AudioFlinger: ro.audio.silent is ignored since no output device is set
05-27 16:12:12.742 535 5132 D AudioFlinger: ro.audio.silent is ignored since no output device is set
05-27 16:12:12.744 535 5132 D AudioFlinger: ro.audio.silent is ignored since no output device is set
05-27 16:12:12.744 535 5132 D AudioFlinger: ro.audio.silent is ignored since no output device is set
05-27 16:12:12.745 535 5132 D AudioFlinger: ro.audio.silent is ignored since no output device is set
05-27 16:12:12.747 535 5132 D AudioFlinger: ro.audio.silent is ignored since no output device is set
05-27 16:12:12.748 535 5132 D AudioFlinger: ro.audio.silent is ignored since no output device is set
05-27 16:12:12.749 535 5132 D AudioFlinger: ro.audio.silent is ignored since no output device is set
05-27 16:12:12.750 535 1214 I AudioFlinger: openOutput() this 0xed5c2fe0, module 10 Device AUDIO_DEVICE_OUT_HDMI, @:, SamplingRate 32000, Format 0x000001, Channels 0x1, flags 0x41
05-27 16:12:12.751 478 705 D audio_hw_hal_primary: [adev_open_output_stream_new:7868] enter: dev=0xefd014a0 handle=70d devices=0x400/'HDMI,' flags=0x41/'DIRECT,HW_AV_SYNC,' config=(rt=32000 ch_mask=0x1 fmt=0x1) address=''
05-27 16:12:12.751 478 705 D audio_hw_hal_primary: adev_open_output_stream_new: enter
05-27 16:12:12.751 478 705 I audio_hw_hal_primary: [adev_open_output_stream:3285] io 1805: out:0xefc40010 dev:OUT_HDMI(0x400) addr:
05-27 16:12:12.751 478 705 I audio_hw_hal_primary: [adev_open_output_stream:3287] ch_mask:0x1 rate:32000 format:PCM_16_BIT(0x1) flags:0x41
05-27 16:12:12.751 478 705 D audio_hw_hal_primary: [adev_open_output_stream:3573] format=PCM_16_BIT rate=32000
05-27 16:12:12.751 478 705 I audio_hw_hal_primary: init resampler from 32000 to 48000!
05-27 16:12:12.751 478 705 D audio_hw_utils_resampler: resampler_init, Init Resampler: input_sr = 32000, output_sr = 48000
05-27 16:12:12.751 478 705 I audio_hw_hal_primary: [adev_open_output_stream:3610] result profile ch_mask:0x1 rate:32000 format:PCM_16_BIT(0x1) usecase:PCM_HWSYNC
05-27 16:12:12.751 478 705 D audio_hw_hal_timer: func:audio_timer_create create timer.1 success.
05-27 16:12:12.752 478 705 D audio_hw_hal_timer: func:audio_timer_create create timer.2 success.
05-27 16:12:12.752 478 705 D audio_hw_hal_primary: [adev_open_output_stream_new:7980] timer_id:1
05-27 16:12:12.752 478 705 I audio_hw_hal_utils: aml_get_stream_dump_file_name line 2929 file_name /data/vendor/audiohal/stream_pid478_tid705.pcm
05-27 16:12:12.752 478 705 I audio_hw_hal_primary: [adev_open_output_stream_new:8037] io 1805: out: 0xefc40010 card:0 alsa devices:0 exit ------
05-27 16:12:12.753 478 2364 I audio_hw_hal_primary: [out_get_buffer_size:552] out:0xefc40010 config.rate=32000, format:PCM_16_BIT(0x1), stream format:PCM_16_BIT(0x1)
05-27 16:12:12.754 535 1214 I AudioFlinger: HAL output buffer size 2068 frames, normal sink buffer size 2068 frames
05-27 16:12:12.754 478 2364 I audio_hw_hal_primary: [audiohal_get_latency:1333] io 1805: out:0xefc40010 frames:1024 rate:32000 whole_latency:32 alsa_latency:32
05-27 16:12:12.754 478 1797 I audio_hw_hal_primary: [out_set_event_callback:3158] io 1805: out:0xefc40010, callback:0xf1b4091d cookie:0xf2202770
05-27 16:12:12.755 535 5135 I AudioFlinger: AudioFlinger's thread 0xe78e0490 tid=5135 ready to run
05-27 16:12:12.755 478 1797 I audio_hw_hal_primary: [audiohal_get_latency:1333] io 1805: out:0xefc40010 frames:1152 rate:32000 whole_latency:36 alsa_latency:36
05-27 16:12:12.755 478 705 I audio_hw_hal_primary: [audiohal_get_latency:1333] io 1805: out:0xefc40010 frames:1152 rate:32000 whole_latency:36 alsa_latency:36
05-27 16:12:12.756 535 5135 D AudioFlinger: ro.audio.silent is ignored since no output device is set
05-27 16:12:12.757 478 1797 D audio_hw_hal_primary: [out_standby_new:5767] io 1805: out:0xefc40010 usecase:PCM_HWSYNC
05-27 16:12:12.757 478 1797 I audio_hw_hal_primary: already standby, do nothing
05-27 16:12:12.757 290 351 E MesonDisplay: open /sys/class/amhdmitx/amhdmitx0/hdcp_pwr fail. Error info [No such file or directory]
05-27 16:12:12.757 290 351 E MesonDisplay: open /sys/class/amhdmitx/amhdmitx0/hdcp_ctrl fail. Error info [No such file or directory]
05-27 16:12:12.757 290 351 E MesonDisplay: open /sys/class/amhdmitx/amhdmitx0/hdcp_ctrl fail. Error info [No such file or directory]
05-27 16:12:12.758 535 5135 D AudioFlinger: ro.audio.silent is ignored since no output device is set
05-27 16:12:12.759 535 5135 D AudioFlinger: ro.audio.silent is ignored since no output device is set
05-27 16:12:12.760 290 351 I MesonDisplay: [/HDCPTxAuth.cpp, stop, 137] hdcp_tx pthread exit id = 3890725312, (null) done
05-27 16:12:12.760 290 351 I MesonHwc: setDisplayMode mode:576p50hz
05-27 16:12:12.760 290 351 D MesonDisplayServer: SetDisplay[HDMI] Mode to "576p50hz"
05-27 16:12:12.760 290 351 D MesonHwc: blankDisplay connectorType:11
05-27 16:12:12.760 290 351 D MesonHwc: [setConnectorStatus]: power mode 2
05-27 16:12:12.760 290 351 D MesonHwc: displayId:0, blank all display planes
05-27 16:12:12.760 535 5135 D AudioFlinger: ro.audio.silent is ignored since no output device is set
05-27 16:12:12.761 535 5135 D AudioFlinger: ro.audio.silent is ignored since no output device is set
05-27 16:12:12.762 535 5135 D AudioFlinger: ro.audio.silent is ignored since no output device is set
05-27 16:12:12.766 535 5135 D AudioFlinger: ro.audio.silent is ignored since no output device is set
05-27 16:12:12.768 535 5135 D AudioFlinger: ro.audio.silent is ignored since no output device is set
05-27 16:12:12.769 535 5135 D AudioFlinger: ro.audio.silent is ignored since no output device is set
05-27 16:12:12.770 535 5135 D AudioFlinger: ro.audio.silent is ignored since no output device is set
01-01 08:05:42.519 0 0 I : [1 T351 ..] [drm] build_hdmitx_attr_str:444,8bit = 2+8
01-01 08:05:42.519 0 0 I : [1 T351 ..] [drm] am_meson_crtc_atomic_disable-[0]:in
05-27 16:12:12.771 535 5135 D AudioFlinger: ro.audio.silent is ignored since no output device is set
05-27 16:12:12.772 535 5135 D AudioFlinger: ro.audio.silent is ignored since no output device is set
05-27 16:12:12.774 535 5135 D AudioFlinger: ro.audio.silent is ignored since no output device is set
01-01 08:05:42.521 0 0 I : [1 T351 ..] dummy_encl_disable finished
01-01 08:05:42.522 0 0 I : [1 T351 ..] [drm] am_meson_crtc_atomic_enable-[0] in: new[576p50hz], old[dummy_l], vmode[4-4], uboot[0]
01-01 08:05:42.523 0 0 I : [1 T351 ..] [drm] am_meson_crtc_atomic_enable-[0]: enable mode 576p50hz final vmode 0
05-27 16:12:12.776 535 1214 I AudioFlinger: openOutput() this 0xed5c2fe0, module 10 Device AUDIO_DEVICE_OUT_HDMI, @:, SamplingRate 0, Format 00000000, Channels 0, flags 0x1
05-27 16:12:12.776 478 1797 D audio_hw_hal_primary: [adev_open_output_stream_new:7868] enter: dev=0xefd014a0 handle=715 devices=0x400/'HDMI,' flags=0x1/'DIRECT,' config=(rt=0 ch_mask=0x0 fmt=0x0) address=''
05-27 16:12:12.776 478 1797 D audio_hw_hal_primary: adev_open_output_stream_new: enter
05-27 16:12:12.776 478 1797 I audio_hw_hal_primary: [adev_open_output_stream:3285] io 1813: out:0xefc4c950 dev:OUT_HDMI(0x400) addr:
05-27 16:12:12.776 478 1797 I audio_hw_hal_primary: [adev_open_output_stream:3287] ch_mask:0 rate:0 format:DEFAULT(0) flags:0x1
05-27 16:12:12.776 478 1797 I audio_hw_hal_primary: [adev_open_output_stream:3610] result profile ch_mask:0x3 rate:48000 format:PCM_16_BIT(0x1) usecase:PCM_DIRECT
05-27 16:12:12.776 478 1797 I audio_hw_hal_utils: aml_get_stream_dump_file_name line 2929 file_name /data/vendor/audiohal/stream_pid478_tid1797.pcm
05-27 16:12:12.776 478 1797 I audio_hw_hal_primary: [adev_open_output_stream_new:8037] io 1813: out: 0xefc4c950 card:0 alsa devices:0 exit ------
05-27 16:12:12.778 478 705 I audio_hw_hal_primary: [out_get_buffer_size:552] out:0xefc4c950 config.rate=48000, format:PCM_16_BIT(0x1), stream format:PCM_16_BIT(0x1)
05-27 16:12:12.778 535 1214 I AudioFlinger: HAL output buffer size 2048 frames, normal sink buffer size 2048 frames
05-27 16:12:12.778 478 705 I audio_hw_hal_primary: [audiohal_get_latency:1333] io 1813: out:0xefc4c950 frames:1152 rate:48000 whole_latency:24 alsa_latency:24
05-27 16:12:12.779 478 705 I audio_hw_hal_primary: [out_set_event_callback:3158] io 1813: out:0xefc4c950, callback:0xf1b4091d cookie:0xf2200550
05-27 16:12:12.780 535 5136 I AudioFlinger: AudioFlinger's thread 0xe78ec640 tid=5136 ready to run
05-27 16:12:12.780 478 705 I audio_hw_hal_primary: [audiohal_get_latency:1333] io 1813: out:0xefc4c950 frames:1280 rate:48000 whole_latency:26 alsa_latency:26
05-27 16:12:12.780 478 705 I audio_hw_hal_primary: [audiohal_get_latency:1333] io 1813: out:0xefc4c950 frames:1280 rate:48000 whole_latency:26 alsa_latency:26
01-01 08:05:42.525 0 0 I [1 T351 ..] [hdmitx: ] set21_s7d_htxpll_clk_out[96] htxpll vco 4320000 div 16
01-01 08:05:42.528 0 0 I [1 T351 ..] [hdmitx: ] pll_od0 = 11, pll_od2 = 1, pll_od1 = 0
05-27 16:12:12.781 535 5136 D AudioFlinger: ro.audio.silent is ignored since no output device is set
05-27 16:12:12.781 478 1797 I audio_hw_hal_profile: [out_get_parameters:2085] out:0xefc4c950 query audio format. ++++++++++ hal_format:PCM_16_BIT
05-27 16:12:12.781 478 1797 D audio_hw_hal_profile: get_hdmi_sink_cap_new is running...
05-27 16:12:12.781 478 1797 D audio_hw_hal_profile: query hdmi format...
05-27 16:12:12.781 478 1797 D audio_hw_hal_profile: get_hdmi_sink_cap_new ddp is supported; ddp-joc(atmos) is supported;
05-27 16:12:12.781 478 1797 I audio_hw_hal_profile: get_hdmi_sink_cap_new dts-hd vendor special byte3:0x1
05-27 16:12:12.781 478 1797 I audio_hw_hal_profile: PCM cap Max channel =2
05-27 16:12:12.782 478 1797 I audio_hw_hal_profile: [out_get_parameters:2165] sup_formats=AUDIO_FORMAT_PCM_16_BIT|AUDIO_FORMAT_IEC61937|AUDIO_FORMAT_E_AC3|AUDIO_FORMAT_E_AC3_JOC|AUDIO_FORMAT_AC3|AUDIO_FORMAT_DTS
05-27 16:12:12.782 535 1214 D APM_AudioPolicyManager: modifySurroundFormats: forced use = 0
05-27 16:12:12.783 489 489 D hdmicecd: [CEC]:printCecMessage, [4 -> 4] len: 0, body:, result:no ack
05-27 16:12:12.783 478 705 D audio_hw_hal_primary: [out_standby_new:5767] io 1813: out:0xefc4c950 usecase:PCM_DIRECT
05-27 16:12:12.783 478 705 I audio_hw_hal_primary: already standby, do nothing
01-01 08:05:42.529 0 0 I [1 T351 ..] [hdmitx: ] clocks_set_vid_clk_div_for_hdmi[402] div = 6
01-01 08:05:42.529 0 0 I [1 T351 ..] [hdmitx: ] configure venc
01-01 08:05:42.530 0 0 I [1 T351 ..] [hdmitx: ] config_tv_enc_calc[63] vic = 18
01-01 08:05:42.531 0 0 I [1 T351 ..] [hdmitx: ] hdmitx_soft_reset[1261]
01-01 08:05:42.532 0 0 I [1 T351 ..] [hdmitx: ] config hdmitx IP vic = 18 cd:4 cs: 2
01-01 08:05:42.532 0 0 I [1 T351 ..] [hdmitx: ] configure hdmitx21
05-27 16:12:12.783 478 705 I audio_hw_hal_profile: [out_get_parameters:2089] out:0xefc4c950 query sample rate. Format:PCM_16_BIT(0x1) ++++++++++ hal_format:PCM_16_BIT
05-27 16:12:12.783 478 705 D audio_hw_hal_profile: get_hdmi_sink_cap_new is running...
05-27 16:12:12.784 478 705 D audio_hw_hal_profile: [get_hdmi_sink_cap_new:960] query hdmi sample_rate... format: PCM_16_BIT(0x1)
05-27 16:12:12.784 478 705 I audio_hw_hal_profile: get_hdmi_sink_cap_new format =0x1 support rate =sup_sampling_rates=32000|44100|48000|88200|96000|176400|192000
05-27 16:12:12.784 478 705 I audio_hw_hal_profile: [out_get_parameters:2165] sup_sampling_rates=32000|44100|48000|88200|96000|176400|192000
05-27 16:12:12.784 478 705 I audio_hw_hal_profile: [out_get_parameters:2092] out:0xefc4c950 query channels. Format:PCM_16_BIT(0x1) ++++++++++ hal_format:PCM_16_BIT
05-27 16:12:12.784 478 705 D audio_hw_hal_profile: get_hdmi_sink_cap_new is running...
05-27 16:12:12.784 478 705 D audio_hw_hal_profile: [get_hdmi_sink_cap_new:887] query hdmi channels... format: PCM_16_BIT(0x1)
05-27 16:12:12.784 478 705 I audio_hw_hal_profile: [out_get_parameters:2165] sup_channels=AUDIO_CHANNEL_OUT_STEREO
05-27 16:12:12.785 478 705 I audio_hw_hal_profile: [out_get_parameters:2089] out:0xefc4c950 query sample rate. Format:DTS(0xb000000) ++++++++++ hal_format:PCM_16_BIT
05-27 16:12:12.785 478 705 D audio_hw_hal_profile: get_hdmi_sink_cap_new is running...
05-27 16:12:12.785 478 705 D audio_hw_hal_profile: [get_hdmi_sink_cap_new:960] query hdmi sample_rate... format: DTS(0xb000000)
05-27 16:12:12.785 478 705 I audio_hw_hal_profile: get_hdmi_sink_cap_new format =0xb000000 support rate =sup_sampling_rates=32000|44100|48000
05-27 16:12:12.785 478 705 I audio_hw_hal_profile: [out_get_parameters:2165] sup_sampling_rates=32000|44100|48000
05-27 16:12:12.785 478 705 I audio_hw_hal_profile: [out_get_parameters:2092] out:0xefc4c950 query channels. Format:DTS(0xb000000) ++++++++++ hal_format:PCM_16_BIT
05-27 16:12:12.785 478 705 D audio_hw_hal_profile: get_hdmi_sink_cap_new is running...
05-27 16:12:12.785 478 705 D audio_hw_hal_profile: [get_hdmi_sink_cap_new:887] query hdmi channels... format: DTS(0xb000000)
05-27 16:12:12.785 478 705 I audio_hw_hal_profile: [out_get_parameters:2165] sup_channels=AUDIO_CHANNEL_OUT_MONO|AUDIO_CHANNEL_OUT_STEREO|AUDIO_CHANNEL_OUT_TRI|AUDIO_CHANNEL_OUT_TRI_BACK|AUDIO_CHANNEL_OUT_3POINT1|AUDIO_CHANNEL_OUT_QUAD|AUDIO_CHANNEL_OUT_SURROUND|AUDIO_CHANNEL_OUT_PENTA|AUDIO_CHANNEL_OUT_5POINT1
05-27 16:12:12.786 478 705 I audio_hw_hal_profile: [out_get_parameters:2089] out:0xefc4c950 query sample rate. Format:AC3(0x9000000) ++++++++++ hal_format:PCM_16_BIT
05-27 16:12:12.786 478 705 D audio_hw_hal_profile: get_hdmi_sink_cap_new is running...
05-27 16:12:12.787 478 705 D audio_hw_hal_profile: [get_hdmi_sink_cap_new:960] query hdmi sample_rate... format: AC3(0x9000000)
05-27 16:12:12.787 478 705 I audio_hw_hal_profile: get_hdmi_sink_cap_new format =0x9000000 support rate =sup_sampling_rates=32000|44100|48000
05-27 16:12:12.787 478 705 I audio_hw_hal_profile: [out_get_parameters:2165] sup_sampling_rates=32000|44100|48000
05-27 16:12:12.787 478 705 I audio_hw_hal_profile: [out_get_parameters:2092] out:0xefc4c950 query channels. Format:AC3(0x9000000) ++++++++++ hal_format:PCM_16_BIT
05-27 16:12:12.787 478 705 D audio_hw_hal_profile: get_hdmi_sink_cap_new is running...
05-27 16:12:12.788 478 705 D audio_hw_hal_profile: [get_hdmi_sink_cap_new:887] query hdmi channels... format: AC3(0x9000000)
05-27 16:12:12.788 478 705 I audio_hw_hal_profile: [out_get_parameters:2165] sup_channels=AUDIO_CHANNEL_OUT_MONO|AUDIO_CHANNEL_OUT_STEREO|AUDIO_CHANNEL_OUT_TRI|AUDIO_CHANNEL_OUT_TRI_BACK|AUDIO_CHANNEL_OUT_3POINT1|AUDIO_CHANNEL_OUT_QUAD|AUDIO_CHANNEL_OUT_SURROUND|AUDIO_CHANNEL_OUT_PENTA|AUDIO_CHANNEL_OUT_5POINT1
05-27 16:12:12.788 478 705 I audio_hw_hal_profile: [out_get_parameters:2089] out:0xefc4c950 query sample rate. Format:E_AC3(0xa000000) ++++++++++ hal_format:PCM_16_BIT
05-27 16:12:12.788 478 705 D audio_hw_hal_profile: get_hdmi_sink_cap_new is running...
05-27 16:12:12.789 478 705 D audio_hw_hal_profile: [get_hdmi_sink_cap_new:960] query hdmi sample_rate... format: E_AC3(0xa000000)
05-27 16:12:12.789 478 705 I audio_hw_hal_profile: get_hdmi_sink_cap_new format =0xa000000 support rate =sup_sampling_rates=32000|44100|48000
05-27 16:12:12.789 478 705 I audio_hw_hal_profile: [out_get_parameters:2165] sup_sampling_rates=32000|44100|48000
05-27 16:12:12.789 478 705 I audio_hw_hal_profile: [out_get_parameters:2092] out:0xefc4c950 query channels. Format:E_AC3(0xa000000) ++++++++++ hal_format:PCM_16_BIT
05-27 16:12:12.789 478 705 D audio_hw_hal_profile: get_hdmi_sink_cap_new is running...
05-27 16:12:12.789 478 705 D audio_hw_hal_profile: [get_hdmi_sink_cap_new:887] query hdmi channels... format: E_AC3(0xa000000)
05-27 16:12:12.790 478 705 I audio_hw_hal_profile: [out_get_parameters:2165] sup_channels=AUDIO_CHANNEL_OUT_MONO|AUDIO_CHANNEL_OUT_STEREO|AUDIO_CHANNEL_OUT_TRI|AUDIO_CHANNEL_OUT_TRI_BACK|AUDIO_CHANNEL_OUT_3POINT1|AUDIO_CHANNEL_OUT_QUAD|AUDIO_CHANNEL_OUT_SURROUND|AUDIO_CHANNEL_OUT_PENTA|AUDIO_CHANNEL_OUT_5POINT1|AUDIO_CHANNEL_OUT_6POINT1|AUDIO_CHANNEL_OUT_7POINT1
01-01 08:05:42.537 0 0 I [1 T351 ..] [hdmitx: ] warn: SCDC not present, should not send 1:10
01-01 08:05:42.540 0 0 I [2 T351 ..] [hdmitx: ] hdmitx_set_dispmode[1527] frl_rate 0 htotal 864 cs 2 cd 4 h_unstable 0
05-27 16:12:12.790 478 705 I audio_hw_hal_profile: [out_get_parameters:2089] out:0xefc4c950 query sample rate. Format:IEC61937(0xd000000) ++++++++++ hal_format:PCM_16_BIT
05-27 16:12:12.790 478 705 D audio_hw_hal_profile: get_hdmi_sink_cap_new is running...
05-27 16:12:12.790 478 705 D audio_hw_hal_profile: [get_hdmi_sink_cap_new:960] query hdmi sample_rate... format: IEC61937(0xd000000)
05-27 16:12:12.791 478 705 I audio_hw_hal_profile: [out_get_parameters:2165] sup_sampling_rates=8000|11025|16000|22050|24000|32000|44100|48000|128000|176400|192000
05-27 16:12:12.791 478 705 I audio_hw_hal_profile: [out_get_parameters:2092] out:0xefc4c950 query channels. Format:IEC61937(0xd000000) ++++++++++ hal_format:PCM_16_BIT
05-27 16:12:12.791 478 705 D audio_hw_hal_profile: get_hdmi_sink_cap_new is running...
05-27 16:12:12.792 478 705 D audio_hw_hal_profile: [get_hdmi_sink_cap_new:887] query hdmi channels... format: IEC61937(0xd000000)
05-27 16:12:12.792 478 705 I audio_hw_hal_profile: [out_get_parameters:2165] sup_channels=AUDIO_CHANNEL_OUT_MONO|AUDIO_CHANNEL_OUT_STEREO|AUDIO_CHANNEL_OUT_TRI|AUDIO_CHANNEL_OUT_TRI_BACK|AUDIO_CHANNEL_OUT_3POINT1|AUDIO_CHANNEL_OUT_QUAD|AUDIO_CHANNEL_OUT_SURROUND|AUDIO_CHANNEL_OUT_PENTA|AUDIO_CHANNEL_OUT_5POINT1|AUDIO_CHANNEL_OUT_7POINT1
05-27 16:12:12.792 478 1797 I audio_hw_hal_profile: [out_get_parameters:2089] out:0xefc4c950 query sample rate. Format:E_AC3_JOC(0xa000001) ++++++++++ hal_format:PCM_16_BIT
05-27 16:12:12.793 478 1797 D audio_hw_hal_profile: get_hdmi_sink_cap_new is running...
05-27 16:12:12.793 478 1797 D audio_hw_hal_profile: [get_hdmi_sink_cap_new:960] query hdmi sample_rate... format: E_AC3(0xa000000)
05-27 16:12:12.793 478 1797 I audio_hw_hal_profile: get_hdmi_sink_cap_new format =0xa000000 support rate =sup_sampling_rates=32000|44100|48000
05-27 16:12:12.793 478 1797 I audio_hw_hal_profile: [out_get_parameters:2165] sup_sampling_rates=32000|44100|48000
05-27 16:12:12.794 478 705 I audio_hw_hal_profile: [out_get_parameters:2092] out:0xefc4c950 query channels. Format:E_AC3_JOC(0xa000001) ++++++++++ hal_format:PCM_16_BIT
05-27 16:12:12.794 478 705 D audio_hw_hal_profile: get_hdmi_sink_cap_new is running...
05-27 16:12:12.794 478 705 D audio_hw_hal_profile: [get_hdmi_sink_cap_new:887] query hdmi channels... format: E_AC3(0xa000000)
05-27 16:12:12.794 478 705 I audio_hw_hal_profile: [out_get_parameters:2165] sup_channels=AUDIO_CHANNEL_OUT_MONO|AUDIO_CHANNEL_OUT_STEREO|AUDIO_CHANNEL_OUT_TRI|AUDIO_CHANNEL_OUT_TRI_BACK|AUDIO_CHANNEL_OUT_3POINT1|AUDIO_CHANNEL_OUT_QUAD|AUDIO_CHANNEL_OUT_SURROUND|AUDIO_CHANNEL_OUT_PENTA|AUDIO_CHANNEL_OUT_5POINT1|AUDIO_CHANNEL_OUT_6POINT1|AUDIO_CHANNEL_OUT_7POINT1
05-27 16:12:12.796 478 705 D audio_hw_hal_primary: [out_dump:848] io 1813: out:0xefc4c950, fd:26
05-27 16:12:12.797 478 705 D audio_hw_hal_primary: [out_set_parameters:971] out:0xefc4c950 kvpairs:closing=true;exiting=1 out->out_device:0x400, adev->out_device:0x80002
05-27 16:12:12.797 478 705 E audio_hw_hal_primary: out_set_parameters, ret:-2, hw_sync_mode:is false
05-27 16:12:12.797 535 5136 D AudioFlinger: ro.audio.silent is ignored since no output device is set
05-27 16:12:12.798 478 705 I audio_hw_hal_primary: [out_set_event_callback:3158] io 1813: out:0xefc4c950, callback:0xf1b4091d cookie:0xf2200550
05-27 16:12:12.798 478 705 I audio_hw_hal_primary: [adev_close_output_stream_new:8052] io handle 1813: out:0xefc4c950
05-27 16:12:12.798 478 705 D audio_hw_hal_primary: adev_close_output_stream_new: enter usecase = PCM_DIRECT
05-27 16:12:12.798 478 705 I audio_hw_hal_primary: [adev_close_output_stream:3695] io 1813: out:0xefc4c950 dev:OUT_HDMI(0x400) flags:0x1, usecase:PCM_DIRECT
05-27 16:12:12.798 478 705 D audio_hw_hal_primary: [out_standby_new:5767] io 1813: out:0xefc4c950 usecase:PCM_DIRECT
05-27 16:12:12.798 478 705 I audio_hw_hal_primary: already standby, do nothing
05-27 16:12:12.798 478 705 I audio_hw_hal_resourcemgr: [is_output_device_muted:710] device:0x2 port_mute:0, fade_mute:0
05-27 16:12:12.798 478 705 I audio_hw_hal_primary: [adev_close_output_stream:3863] io 1813: out:0xefc4c950 exit ------
05-27 16:12:12.799 535 1214 I AudioFlinger: openOutput() this 0xed5c2fe0, module 10 Device AUDIO_DEVICE_OUT_HDMI, @:, SamplingRate 32000, Format 0xb000000, Channels 0x1, flags 0x1
05-27 16:12:12.799 478 1797 D audio_hw_hal_primary: [adev_open_output_stream_new:7868] enter: dev=0xefd014a0 handle=71d devices=0x400/'HDMI,' flags=0x1/'DIRECT,' config=(rt=32000 ch_mask=0x1 fmt=0xb000000) address=''
05-27 16:12:12.799 478 1797 D audio_hw_hal_primary: adev_open_output_stream_new: enter
05-27 16:12:12.799 478 1797 I audio_hw_hal_primary: [adev_open_output_stream:3285] io 1821: out:0xefc40e70 dev:OUT_HDMI(0x400) addr:
05-27 16:12:12.799 478 1797 I audio_hw_hal_primary: [adev_open_output_stream:3287] ch_mask:0x1 rate:32000 format:DTS(0xb000000) flags:0x1
05-27 16:12:12.799 478 1797 I audio_hw_hal_primary: adev_open_output_stream: for raw audio output,force alsa stereo output
05-27 16:12:12.799 478 1797 I audio_hw_hal_primary: [adev_open_output_stream:3610] result profile ch_mask:0x1 rate:32000 format:DTS(0xb000000) usecase:RAW_DIRECT
05-27 16:12:12.799 478 1797 I audio_hw_hal_utils: aml_get_stream_dump_file_name line 2929 file_name /data/vendor/audiohal/stream_pid478_tid1797.dts
05-27 16:12:12.799 478 1797 I audio_hw_hal_primary: [adev_open_output_stream_new:8037] io 1821: out: 0xefc40e70 card:0 alsa devices:0 exit ------
05-27 16:12:12.800 478 705 I audio_hw_hal_primary: [out_get_buffer_size:552] out:0xefc40e70 config.rate=32000, format:DTS(0xb000000), stream format:DTS(0xb000000)
05-27 16:12:12.800 478 705 I audio_hw_hal_primary: out_get_buffer_size AUDIO_FORMAT_DTS buffer size = 32768 frames
05-27 16:12:12.801 535 1214 I AudioFlinger: HAL output buffer size 32768 frames, normal sink buffer size 32768 frames
05-27 16:12:12.801 478 705 I audio_hw_hal_primary: [audiohal_get_latency:1333] io 1821: out:0xefc40e70 frames:1024 rate:32000 whole_latency:32 alsa_latency:32
05-27 16:12:12.801 478 705 I audio_hw_hal_primary: [out_set_event_callback:3158] io 1821: out:0xefc40e70, callback:0xf1b4091d cookie:0xf2201930
05-27 16:12:12.802 478 705 I audio_hw_hal_primary: [audiohal_get_latency:1333] io 1821: out:0xefc40e70 frames:1024 rate:32000 whole_latency:32 alsa_latency:32
05-27 16:12:12.802 535 5138 I AudioFlinger: AudioFlinger's thread 0xe78ec640 tid=5138 ready to run
05-27 16:12:12.802 478 705 I audio_hw_hal_primary: [audiohal_get_latency:1333] io 1821: out:0xefc40e70 frames:1024 rate:32000 whole_latency:32 alsa_latency:32
05-27 16:12:12.802 535 5138 D AudioFlinger: ro.audio.silent is ignored since no output device is set
05-27 16:12:12.803 478 705 D audio_hw_hal_primary: [out_standby_new:5767] io 1821: out:0xefc40e70 usecase:RAW_DIRECT
05-27 16:12:12.803 478 705 I audio_hw_hal_primary: already standby, do nothing
05-27 16:12:12.804 535 5138 D AudioFlinger: ro.audio.silent is ignored since no output device is set
05-27 16:12:12.812 535 1214 I AudioFlinger: openOutput() this 0xed5c2fe0, module 10 Device AUDIO_DEVICE_OUT_HDMI, @:, SamplingRate 44100, Format 0xe000000, Channels 0x1, flags 0x11
05-27 16:12:12.813 478 705 D audio_hw_hal_primary: [adev_open_output_stream_new:7868] enter: dev=0xefd014a0 handle=725 devices=0x400/'HDMI,' flags=0x11/'DIRECT,COMPRESS_OFFLOAD,' config=(rt=44100 ch_mask=0x1 fmt=0xe000000) address=''
05-27 16:12:12.813 478 705 D audio_hw_hal_primary: adev_open_output_stream_new: enter
05-27 16:12:12.813 478 705 I audio_hw_hal_primary: [adev_open_output_stream:3285] io 1829: out:0xefc4c950 dev:OUT_HDMI(0x400) addr:
05-27 16:12:12.813 478 705 I audio_hw_hal_primary: [adev_open_output_stream:3287] ch_mask:0x1 rate:44100 format:DOLBY_TRUEHD(0xe000000) flags:0x11
05-27 16:12:12.813 478 705 I audio_hw_hal_primary: adev_open_output_stream: for raw audio output,force alsa stereo output
05-27 16:12:12.813 478 705 I audio_hw_hal_primary: [adev_open_output_stream:3610] result profile ch_mask:0x1 rate:44100 format:DOLBY_TRUEHD(0xe000000) usecase:RAW_DIRECT
05-27 16:12:12.813 478 705 I audio_hw_hal_utils: aml_get_stream_dump_file_name line 2929 file_name /data/vendor/audiohal/stream_pid478_tid705.mlp
05-27 16:12:12.813 478 705 I audio_hw_hal_primary: [adev_open_output_stream_new:8037] io 1829: out: 0xefc4c950 card:0 alsa devices:0 exit ------
05-27 16:12:12.814 478 705 I audio_hw_hal_primary: [out_get_buffer_size:552] out:0xefc4c950 config.rate=44100, format:DOLBY_TRUEHD(0xe000000), stream format:DOLBY_TRUEHD(0xe000000)
05-27 16:12:12.814 535 1214 I AudioFlinger: HAL output buffer size 16384 frames, normal sink buffer size 16384 frames
05-27 16:12:12.814 478 705 I audio_hw_hal_primary: [audiohal_get_latency:1333] io 1829: out:0xefc4c950 frames:1152 rate:44100 whole_latency:26 alsa_latency:26
05-27 16:12:12.815 478 705 I audio_hw_hal_primary: [out_set_event_callback:3158] io 1829: out:0xefc4c950, callback:0xf1b4091d cookie:0xf2201a50
05-27 16:12:12.815 535 5139 I AudioFlinger: AudioFlinger's thread 0xe78d42e0 tid=5139 ready to run
05-27 16:12:12.815 478 705 I audio_hw_hal_primary: [audiohal_get_latency:1333] io 1829: out:0xefc4c950 frames:1152 rate:44100 whole_latency:26 alsa_latency:26
05-27 16:12:12.815 478 705 I audio_hw_hal_primary: [audiohal_get_latency:1333] io 1829: out:0xefc4c950 frames:1152 rate:44100 whole_latency:26 alsa_latency:26
05-27 16:12:12.816 535 5139 D AudioFlinger: ro.audio.silent is ignored since no output device is set
05-27 16:12:12.817 535 5139 D AudioFlinger: ro.audio.silent is ignored since no output device is set
05-27 16:12:12.824 535 1214 I AudioFlinger: openOutput() this 0xed5c2fe0, module 10 Device AUDIO_DEVICE_OUT_HDMI, @:, SamplingRate 32000, Format 0x9000000, Channels 0x1, flags 0x1
05-27 16:12:12.824 478 705 D audio_hw_hal_primary: [adev_open_output_stream_new:7868] enter: dev=0xefd014a0 handle=72d devices=0x400/'HDMI,' flags=0x1/'DIRECT,' config=(rt=32000 ch_mask=0x1 fmt=0x9000000) address=''
05-27 16:12:12.824 478 705 D audio_hw_hal_primary: adev_open_output_stream_new: enter
05-27 16:12:12.824 478 705 I audio_hw_hal_primary: [adev_open_output_stream:3285] io 1837: out:0xefc48170 dev:OUT_HDMI(0x400) addr:
05-27 16:12:12.824 478 705 I audio_hw_hal_primary: [adev_open_output_stream:3287] ch_mask:0x1 rate:32000 format:AC3(0x9000000) flags:0x1
05-27 16:12:12.824 478 705 I audio_hw_hal_primary: adev_open_output_stream: for raw audio output,force alsa stereo output
05-27 16:12:12.824 478 705 I audio_hw_hal_primary: [adev_open_output_stream:3610] result profile ch_mask:0x1 rate:32000 format:AC3(0x9000000) usecase:RAW_DIRECT
05-27 16:12:12.824 478 705 I audio_hw_hal_utils: aml_get_stream_dump_file_name line 2929 file_name /data/vendor/audiohal/stream_pid478_tid705.dd
05-27 16:12:12.824 478 705 I audio_hw_hal_primary: [adev_open_output_stream_new:8037] io 1837: out: 0xefc48170 card:0 alsa devices:0 exit ------
05-27 16:12:12.825 478 705 I audio_hw_hal_primary: [out_get_buffer_size:552] out:0xefc48170 config.rate=32000, format:AC3(0x9000000), stream format:AC3(0x9000000)
05-27 16:12:12.825 535 1214 I AudioFlinger: HAL output buffer size 2048 frames, normal sink buffer size 2048 frames
05-27 16:12:12.825 478 705 I audio_hw_hal_primary: [audiohal_get_latency:1333] io 1837: out:0xefc48170 frames:1152 rate:32000 whole_latency:36 alsa_latency:36
05-27 16:12:12.826 478 705 I audio_hw_hal_primary: [out_set_event_callback:3158] io 1837: out:0xefc48170, callback:0xf1b4091d cookie:0xf2200910
05-27 16:12:12.826 478 705 I audio_hw_hal_primary: [audiohal_get_latency:1333] io 1837: out:0xefc48170 frames:1152 rate:32000 whole_latency:36 alsa_latency:36
05-27 16:12:12.826 535 5140 I AudioFlinger: AudioFlinger's thread 0xe78e85b0 tid=5140 ready to run
05-27 16:12:12.826 478 1797 I audio_hw_hal_primary: [audiohal_get_latency:1333] io 1837: out:0xefc48170 frames:1152 rate:32000 whole_latency:36 alsa_latency:36
05-27 16:12:12.827 535 5140 D AudioFlinger: ro.audio.silent is ignored since no output device is set
05-27 16:12:12.828 478 1797 D audio_hw_hal_primary: [out_standby_new:5767] io 1837: out:0xefc48170 usecase:RAW_DIRECT
05-27 16:12:12.828 478 1797 I audio_hw_hal_primary: already standby, do nothing
05-27 16:12:12.829 535 5140 D AudioFlinger: ro.audio.silent is ignored since no output device is set
05-27 16:12:12.837 478 1797 D xm_audio: adev_get_parameters
01-01 08:05:42.581 0 0 I [2 T351 ..] [hdmitx: ] set21_phy_by_mode_s7d[188] rterm = 7
01-01 08:05:42.582 0 0 I [2 T351 ..] [hdmitx: ] Sink is HDMI device
