05-27 16:11:53.837 290 351 D MesonHwc: received Uevent: ACTION=change
05-27 16:11:53.837 290 351 D MesonHwc: received Uevent: DEVPATH=/devices/virtual/amhdmitx/amhdmitx0
05-27 16:11:53.837 290 351 D MesonHwc: received Uevent: SUBSYSTEM=amhdmitx
05-27 16:11:53.837 290 351 D MesonHwc: received Uevent: hdmitx_vmode_audio=1
05-27 16:11:53.837 290 351 D MesonHwc: received Uevent: MAJOR=492
05-27 16:11:53.837 290 351 D MesonHwc: received Uevent: MINOR=0
05-27 16:11:53.837 535 4977 D AudioFlinger: ro.audio.silent is ignored since no output device is set
05-27 16:11:53.837 290 351 D MesonHwc: received Uevent: DEVNAME=amhdmitx0
05-27 16:11:53.837 290 351 D MesonHwc: received Uevent: SEQNUM=5282
05-27 16:11:53.837 290 351 D MesonHwc: received Uevent: ATIBLE_N=1
05-27 16:11:53.837 290 351 D MesonHwc: received Uevent: MODALIAS=of:NvoutT(null)Camlogic,_vout
05-27 16:11:53.837 290 351 D MesonHwc: received Uevent: SEQNUM=5281
05-27 16:11:53.837 290 351 D MesonHwc: received Uevent: Camlogic,_aocec-s7d
05-27 16:11:53.837 290 351 D MesonHwc: received Uevent: SEQNUM=5278
05-27 16:11:53.837 290 351 D MesonHwc: received Uevent: 5Ap0000C081
05-27 16:11:53.837 290 351 D MesonHwc: received Uevent: SEQNUM=3612
05-27 16:11:53.837 290 351 D MesonHwc: received Uevent: bfd4444600000000 1 130ff38b17c000 677bfad9415fed 9ed68000004400 10000002
05-27 16:11:53.837 290 351 D MesonHwc: received Uevent: REL=1040
05-27 16:11:53.837 290 351 D MesonHwc: received Uevent: ABS=100000000
05-27 16:11:53.837 290 351 D MesonHwc: received Uevent: MSC=10
05-27 16:11:53.837 290 351 D MesonHwc: received Uevent: MODALIAS=input:b0005v1D5ApC081e0000-e0,1,2,3,4,k71,72,73,74,77,80,82,83,85,86,87,88,89,8A,8B,8C,8E,90,96,98,9B,9C,9E,9F,A1,A3,A4,A5,A6,A7,A8,A9,AB,AC,AD,AE,B0,B1,B2,B5,B6,CE,CF,D0,D1,D2,D4,D8,D9,DB,DF,E0,E1,E4,E5,E6,E7,E8,E9,EA,EB,F0,F1,F4,100,161,162,166,16A,16E,172,174,176,177,178,179,17A,17B,17C,17D,17F,180,182,183,185,188,189,18C,18D,18E,18F,190,191,192,193,195,197,198,199,19A,19C,1A0,1A1,1A2,1A3,1A4,1A5,1A6,1A7,1A8,1A9,1AA,1AB,1AC,1AD,1AE,1AF,1B0,1B1,1B7,1BA,240,241,242,243,244,245,246,247,249,24A,250,251,r6,C,a20,m4,lsfw
05-27 16:11:53.837 290 351 D MesonHwc: received Uevent: SEQNUM=3609
05-27 16:11:53.837 290 351 D MesonHwc: received Uevent: change@/devices/virtual/amhdmitx/amhdmitx0
05-27 16:11:53.837 290 351 D MesonHwc: received Uevent: ACTION=change
05-27 16:11:53.837 290 351 D MesonHwc: received Uevent: DEVPATH=/devices/virtual/amhdmitx/amhdmitx0
05-27 16:11:53.837 290 351 D MesonHwc: received Uevent: SUBSYSTEM=amhdmitx
05-27 16:11:53.837 290 351 D MesonHwc: received Uevent: hdmitx_current_status=135
05-27 16:11:53.837 290 351 D MesonHwc: received Uevent: MAJOR=492
05-27 16:11:53.837 290 351 D MesonHwc: received Uevent: MINOR=0
05-27 16:11:53.837 290 351 D MesonHwc: received Uevent: DEVNAME=amhdmitx0
05-27 16:11:53.837 290 351 D MesonHwc: received Uevent: SEQNUM=5283
05-27 16:11:53.837 290 351 D MesonHwc: received Uevent: E_N=1
05-27 16:11:53.837 290 351 D MesonHwc: received Uevent: MODALIAS=of:NvoutT(null)Camlogic,_vout
05-27 16:11:53.837 290 351 D MesonHwc: received Uevent: SEQNUM=5281
05-27 16:11:53.837 478 542 I audio_hw_hal_primary: [out_set_event_callback:3158] io 1477: out:0xefc40010, callback:0xf1b4091d cookie:0xf2200790
05-27 16:11:53.838 478 705 I audio_hw_hal_primary: [adev_close_output_stream_new:8052] io handle 1477: out:0xefc40010
05-27 16:11:53.838 478 705 D audio_hw_hal_primary: adev_close_output_stream_new: enter usecase = RAW_HWSYNC
05-27 16:11:53.838 478 705 I audio_hw_hal_primary: [adev_close_output_stream:3695] io 1477: out:0xefc40010 dev:OUT_HDMI(0x400) flags:0x41, usecase:RAW_HWSYNC
05-27 16:11:53.838 478 705 D audio_hw_hal_primary: [out_standby_new:5767] io 1477: out:0xefc40010 usecase:RAW_HWSYNC
05-27 16:11:53.838 478 705 I audio_hw_hal_primary: already standby, do nothing
05-27 16:11:53.838 478 705 I audio_hw_hal_resourcemgr: [is_output_device_muted:710] device:0x2 port_mute:0, fade_mute:0
05-27 16:11:53.838 478 705 I audio_hw_hal_primary: [adev_close_output_stream:3863] io 1477: out:0xefc40010 exit ------
05-27 16:11:53.839 478 705 D audio_hw_hal_primary: [out_dump:848] io 1485: out:0xefc48170, fd:23
05-27 16:11:53.839 290 351 D MesonHwc: received Uevent: Camlogic,_aocec-s7d
05-27 16:11:53.839 290 351 D MesonHwc: received Uevent: SEQNUM=5278
05-27 16:11:53.839 290 351 D MesonHwc: received Uevent: 5Ap0000C081
05-27 16:11:53.839 290 351 D MesonHwc: received Uevent: SEQNUM=3612
05-27 16:11:53.839 290 351 D MesonHwc: received Uevent: bfd4444600000000 1 130ff38b17c000 677bfad9415fed 9ed68000004400 10000002
05-27 16:11:53.839 290 351 D MesonHwc: received Uevent: REL=1040
05-27 16:11:53.839 290 351 D MesonHwc: received Uevent: ABS=100000000
05-27 16:11:53.839 290 351 D MesonHwc: received Uevent: MSC=10
05-27 16:11:53.839 290 351 D MesonHwc: received Uevent: MODALIAS=input:b0005v1D5ApC081e0000-e0,1,2,3,4,k71,72,73,74,77,80,82,83,85,86,87,88,89,8A,8B,8C,8E,90,96,98,9B,9C,9E,9F,A1,A3,A4,A5,A6,A7,A8,A9,AB,AC,AD,AE,B0,B1,B2,B5,B6,CE,CF,D0,D1,D2,D4,D8,D9,DB,DF,E0,E1,E4,E5,E6,E7,E8,E9,EA,EB,F0,F1,F4,100,161,162,166,16A,16E,172,174,176,177,178,179,17A,17B,17C,17D,17F,180,182,183,185,188,189,18C,18D,18E,18F,190,191,192,193,195,197,198,199,19A,19C,1A0,1A1,1A2,1A3,1A4,1A5,1A6,1A7,1A8,1A9,1AA,1AB,1AC,1AD,1AE,1AF,1B0,1B1,1B7,1BA,240,241,242,243,244,245,246,247,249,24A,250,251,r6,C,a20,m4,lsfw
05-27 16:11:53.839 290 351 D MesonHwc: received Uevent: SEQNUM=3609
05-27 16:11:53.839 290 351 D MesonHwc: received Uevent: change@/devices/virtual/amhdmitx/amhdmitx0
05-27 16:11:53.840 290 351 D MesonHwc: received Uevent: ACTION=change
05-27 16:11:53.840 290 351 D MesonHwc: received Uevent: DEVPATH=/devices/virtual/amhdmitx/amhdmitx0
05-27 16:11:53.840 290 351 D MesonHwc: received Uevent: SUBSYSTEM=amhdmitx
05-27 16:11:53.840 290 351 D MesonHwc: received Uevent: hdmitx_current_status=135
05-27 16:11:53.840 290 351 D MesonHwc: received Uevent: MAJOR=492
05-27 16:11:53.840 290 351 D MesonHwc: received Uevent: MINOR=0
05-27 16:11:53.840 290 351 D MesonHwc: received Uevent: DEVNAME=amhdmitx0
05-27 16:11:53.840 290 351 D MesonHwc: received Uevent: SEQNUM=5283
05-27 16:11:53.840 290 351 D MesonHwc: received Uevent: E_N=1
05-27 16:11:53.840 290 351 D MesonHwc: received Uevent: MODALIAS=of:NvoutT(null)Camlogic,_vout
05-27 16:11:53.840 290 351 D MesonHwc: received Uevent: SEQNUM=5281
05-27 16:11:53.840 290 351 D MesonHwc: received Uevent: Camlogic,_aocec-s7d
05-27 16:11:53.840 290 351 D MesonHwc: received Uevent: SEQNUM=5278
05-27 16:11:53.840 290 351 D MesonHwc: received Uevent: 5Ap0000C081
05-27 16:11:53.840 290 351 D MesonHwc: received Uevent: SEQNUM=3612
05-27 16:11:53.840 290 351 D MesonHwc: received Uevent: bfd4444600000000 1 130ff38b17c000 677bfad9415fed 9ed68000004400 10000002
05-27 16:11:53.840 290 351 D MesonHwc: received Uevent: REL=1040
05-27 16:11:53.840 290 351 D MesonHwc: received Uevent: ABS=100000000
05-27 16:11:53.840 290 351 D MesonHwc: received Uevent: MSC=10
05-27 16:11:53.840 290 351 D MesonHwc: received Uevent: MODALIAS=input:b0005v1D5ApC081e0000-e0,1,2,3,4,k71,72,73,74,77,80,82,83,85,86,87,88,89,8A,8B,8C,8E,90,96,98,9B,9C,9E,9F,A1,A3,A4,A5,A6,A7,A8,A9,AB,AC,AD,AE,B0,B1,B2,B5,B6,CE,CF,D0,D1,D2,D4,D8,D9,DB,DF,E0,E1,E4,E5,E6,E7,E8,E9,EA,EB,F0,F1,F4,100,161,162,166,16A,16E,172,174,176,177,178,179,17A,17B,17C,17D,17F,180,182,183,185,188,189,18C,18D,18E,18F,190,191,192,193,195,197,198,199,19A,19C,1A0,1A1,1A2,1A3,1A4,1A5,1A6,1A7,1A8,1A9,1AA,1AB,1AC,1AD,1AE,1AF,1B0,1B1,1B7,1BA,240,241,242,243,244,245,246,247,249,24A,250,251,r6,C,a20,m4,lsfw
05-27 16:11:53.840 290 351 D MesonHwc: received Uevent: SEQNUM=3609
05-27 16:11:53.840 290 351 D MesonHwc: received Uevent: change@/devices/platform/vout
05-27 16:11:53.840 290 351 D MesonHwc: received Uevent: ACTION=change
05-27 16:11:53.840 290 351 D MesonHwc: received Uevent: DEVPATH=/devices/platform/vout
05-27 16:11:53.840 290 351 D MesonHwc: received Uevent: SUBSYSTEM=platform
05-27 16:11:53.840 290 351 D MesonHwc: received Uevent: vout_setmode=0
05-27 16:11:53.840 290 351 D MesonHwc: ModeChange state: [Complete]
05-27 16:11:53.840 290 351 D MesonHwc: DrmProperty: EDID (1), value [127]
05-27 16:11:53.843 290 351 D MesonHwc: DrmProperty: content type (77), value [0]
05-27 16:11:53.843 290 351 D MesonHwc: DrmProperty: vrr_capable (78), value [0]
05-27 16:11:53.843 290 351 D MesonHwc: DrmProperty: UPDATE (79), value [0]
05-27 16:11:53.843 478 705 D audio_hw_hal_primary: [out_set_parameters:971] out:0xefc48170 kvpairs:closing=true;exiting=1 out->out_device:0x400, adev->out_device:0x80002
05-27 16:11:53.843 478 705 E audio_hw_hal_primary: out_set_parameters, ret:-2, hw_sync_mode:is false
05-27 16:11:53.843 290 351 D MesonHwc: DrmProperty: color_depth (80), value [8]
05-27 16:11:53.843 290 351 D MesonHwc: DrmProperty: color_space (81), value [2]
05-27 16:11:53.843 290 351 D MesonHwc: DrmProperty: MESON_DRM_HDMITX_PROP_AVMUTE (82), value [0]
05-27 16:11:53.843 290 351 D MesonHwc: DrmProperty: hdmi_hdr_status (83), value [6]
05-27 16:11:53.843 290 351 D MesonHwc: DrmProperty: dv_cap (85), value [0]
05-27 16:11:53.843 290 351 D MesonHwc: DrmProperty: contenttype_cap (89), value [31]
05-27 16:11:53.843 290 351 D MesonHwc: DrmProperty: hdr_priority (91), value [268435472]
05-27 16:11:53.843 290 351 D MesonHwc: DrmProperty: ready (92), value [1]
05-27 16:11:53.843 290 351 D MesonHwc: DrmProperty: allm_cap (95), value [0]
05-27 16:11:53.843 290 351 D MesonHwc: DrmProperty: dc_cap (96), value [1016]
05-27 16:11:53.844 535 4980 D AudioFlinger: ro.audio.silent is ignored since no output device is set
05-27 16:11:53.844 290 351 E MesonHwc: dolby vision driver is not ready
05-27 16:11:53.844 478 705 I audio_hw_hal_primary: [out_set_event_callback:3158] io 1485: out:0xefc48170, callback:0xf1b4091d cookie:0xf2202650
05-27 16:11:53.844 478 542 I audio_hw_hal_primary: [adev_close_output_stream_new:8052] io handle 1485: out:0xefc48170
05-27 16:11:53.844 478 542 D audio_hw_hal_primary: adev_close_output_stream_new: enter usecase = PCM_HWSYNC
05-27 16:11:53.844 478 542 D audio_hw_hal_timer: func:audio_timer_delete delete timer.1 success.
05-27 16:11:53.844 478 542 D audio_hw_hal_timer: func:audio_timer_delete delete timer.2 success.
05-27 16:11:53.844 478 542 D audio_hw_hal_primary: [adev_close_output_stream_new:8076] timer_id:1 ret:2
05-27 16:11:53.844 478 542 I audio_hw_hal_primary: [adev_close_output_stream:3695] io 1485: out:0xefc48170 dev:OUT_HDMI(0x400) flags:0x41, usecase:PCM_HWSYNC
05-27 16:11:53.844 478 542 D audio_hw_hal_primary: [out_standby_new:5767] io 1485: out:0xefc48170 usecase:PCM_HWSYNC
05-27 16:11:53.844 478 542 I audio_hw_hal_primary: already standby, do nothing
05-27 16:11:53.844 478 542 I audio_hw_hal_resourcemgr: [is_output_device_muted:710] device:0x2 port_mute:0, fade_mute:0
05-27 16:11:53.844 478 542 I audio_hw_hal_primary: [adev_close_output_stream:3863] io 1485: out:0xefc48170 exit ------
05-27 16:11:53.846 478 478 D audio_hw_hal_primary: [out_dump:848] io 1501: out:0xefc4c950, fd:23
05-27 16:11:53.846 264 264 E Scheduler: trackPendingFrame: Invalid present fence
05-27 16:11:53.848 478 542 D audio_hw_hal_primary: [out_set_parameters:971] out:0xefc4c950 kvpairs:closing=true;exiting=1 out->out_device:0x400, adev->out_device:0x80002
05-27 16:11:53.848 478 542 E audio_hw_hal_primary: out_set_parameters, ret:-2, hw_sync_mode:is false
05-27 16:11:53.848 290 351 I MesonHwc: hdr_preference (dolby_vision)
05-27 16:11:53.849 535 4983 D AudioFlinger: ro.audio.silent is ignored since no output device is set
05-27 16:11:53.849 478 542 I audio_hw_hal_primary: [out_set_event_callback:3158] io 1501: out:0xefc4c950, callback:0xf1b4091d cookie:0xf22011b0
05-27 16:11:53.849 478 542 I audio_hw_hal_primary: [adev_close_output_stream_new:8052] io handle 1501: out:0xefc4c950
05-27 16:11:53.849 478 542 D audio_hw_hal_primary: adev_close_output_stream_new: enter usecase = RAW_DIRECT
05-27 16:11:53.849 478 542 I audio_hw_hal_primary: [adev_close_output_stream:3695] io 1501: out:0xefc4c950 dev:OUT_HDMI(0x400) flags:0x1, usecase:RAW_DIRECT
05-27 16:11:53.849 478 542 D audio_hw_hal_primary: [out_standby_new:5767] io 1501: out:0xefc4c950 usecase:RAW_DIRECT
05-27 16:11:53.849 478 542 I audio_hw_hal_primary: already standby, do nothing
05-27 16:11:53.849 478 542 I audio_hw_hal_resourcemgr: [is_output_device_muted:710] device:0x2 port_mute:0, fade_mute:0
05-27 16:11:53.849 478 542 I audio_hw_hal_primary: [adev_close_output_stream:3863] io 1501: out:0xefc4c950 exit ------
05-27 16:11:53.851 478 1797 D audio_hw_hal_primary: [out_dump:848] io 1509: out:0xefc40e70, fd:23
05-27 16:11:53.852 478 705 D audio_hw_hal_primary: [out_set_parameters:971] out:0xefc40e70 kvpairs:closing=true;exiting=1 out->out_device:0x400, adev->out_device:0x80002
05-27 16:11:53.852 478 705 E audio_hw_hal_primary: out_set_parameters, ret:-2, hw_sync_mode:is false
05-27 16:11:53.853 478 705 I audio_hw_hal_primary: [out_set_event_callback:3158] io 1509: out:0xefc40e70, callback:0xf1b4091d cookie:0xf2202770
05-27 16:11:53.853 290 351 E MesonHwc: dolby vision driver is not ready
05-27 16:11:53.853 478 705 I audio_hw_hal_primary: [adev_close_output_stream_new:8052] io handle 1509: out:0xefc40e70
05-27 16:11:53.853 478 705 D audio_hw_hal_primary: adev_close_output_stream_new: enter usecase = RAW_DIRECT
05-27 16:11:53.853 478 705 I audio_hw_hal_primary: [adev_close_output_stream:3695] io 1509: out:0xefc40e70 dev:OUT_HDMI(0x400) flags:0x11, usecase:RAW_DIRECT
05-27 16:11:53.853 478 705 D audio_hw_hal_primary: [out_standby_new:5767] io 1509: out:0xefc40e70 usecase:RAW_DIRECT
05-27 16:11:53.853 478 705 I audio_hw_hal_primary: already standby, do nothing
05-27 16:11:53.853 478 705 I audio_hw_hal_resourcemgr: [is_output_device_muted:710] device:0x2 port_mute:0, fade_mute:0
05-27 16:11:53.853 478 705 I audio_hw_hal_primary: [adev_close_output_stream:3863] io 1509: out:0xefc40e70 exit ------
05-27 16:11:53.853 290 351 D MesonHwc: dolby version:0, dv3:0, hlg:0, hdr10:0, hdr10+:0 max:0, avg:0, min:0
05-27 16:11:53.853 290 351 D MesonHwc: dolby version 4k30:0
05-27 16:11:53.853 290 351 D MesonHwc: Connector HDMI-A loadDisplayModes get 22 modes
05-27 16:11:53.853 290 351 D MesonHwc: add fraction display mode (1920x1080p120hz)
05-27 16:11:53.853 290 351 I MesonHwc: add display mode (1920x1080p120hz-1920x1080p120hz-110, 1920x1080, 120.000000) dpi(42406,42203), hskew(1)
05-27 16:11:53.853 290 351 D MesonHwc: add fraction display mode (smpte24hz)
05-27 16:11:53.853 290 351 I MesonHwc: add display mode (smpte24hz-smpte24hz-111, 4096x2160, 24.000000) dpi(90468,84406), hskew(1)
05-27 16:11:53.853 290 351 D MesonHwc: add fraction display mode (2160p30hz)
05-27 16:11:53.854 290 351 I MesonHwc: add display mode (2160p30hz-2160p30hz-112, 3840x2160, 30.000000) dpi(84813,84406), hskew(1)
05-27 16:11:53.854 290 351 I MesonHwc: add display mode (2160p25hz-2160p25hz-113, 3840x2160, 25.000000) dpi(84813,84406), hskew(1)
05-27 16:11:53.854 290 351 D MesonHwc: add fraction display mode (2160p24hz)
05-27 16:11:53.854 290 351 I MesonHwc: add display mode (2160p24hz-2160p24hz-114, 3840x2160, 24.000000) dpi(84813,84406), hskew(1)
05-27 16:11:53.854 290 351 D MesonHwc: add fraction display mode (1920x1080i120hz)
05-27 16:11:53.854 290 351 I MesonHwc: add display mode (1920x1080i120hz-1920x1080i120hz-115, 1920x1080, 120.000000) dpi(42406,42203), hskew(1)
05-27 16:11:53.854 290 351 D MesonHwc: add fraction display mode (1080p60hz)
05-27 16:11:53.854 290 351 I MesonHwc: add display mode (1080p60hz-1080p60hz-116, 1920x1080, 60.000000) dpi(42406,42203), hskew(1)
05-27 16:11:53.854 290 351 D MesonHwc: add fraction display mode (1080i60hz)
05-27 16:11:53.854 290 351 I MesonHwc: add display mode (1080i60hz-1080i60hz-117, 1920x1080, 60.000000) dpi(42406,42203), hskew(1)
05-27 16:11:53.854 290 351 I MesonHwc: add display mode (1080p50hz-1080p50hz-118, 1920x1080, 50.000000) dpi(42406,42203), hskew(1)
05-27 16:11:53.854 290 351 I MesonHwc: add display mode (1080i50hz-1080i50hz-119, 1920x1080, 50.000000) dpi(42406,42203), hskew(1)
05-27 16:11:53.854 290 351 D MesonHwc: add fraction display mode (1080p30hz)
05-27 16:11:53.854 290 351 I MesonHwc: add display mode (1080p30hz-1080p30hz-120, 1920x1080, 30.000000) dpi(42406,42203), hskew(1)
05-27 16:11:53.854 290 351 D MesonHwc: add fraction display mode (1080p24hz)
05-27 16:11:53.854 290 351 I MesonHwc: add display mode (1080p24hz-1080p24hz-121, 1920x1080, 24.000000) dpi(42406,42203), hskew(1)
05-27 16:11:53.854 290 351 D MesonHwc: add fraction display mode (1280x720p120hz)
05-27 16:11:53.854 290 351 I MesonHwc: add display mode (1280x720p120hz-1280x720p120hz-122, 1280x720, 120.000000) dpi(28271,28135), hskew(1)
05-27 16:11:53.854 290 351 D MesonHwc: add fraction display mode (720p60hz)
05-27 16:11:53.854 290 351 I MesonHwc: add display mode (720p60hz-720p60hz-123, 1280x720, 60.000000) dpi(28271,28135), hskew(1)
05-27 16:11:53.854 290 351 I MesonHwc: add display mode (720p50hz-720p50hz-124, 1280x720, 50.000000) dpi(28271,28135), hskew(1)
05-27 16:11:53.854 290 351 D MesonHwc: add fraction display mode (720p30hz)
05-27 16:11:53.854 290 351 I MesonHwc: add display mode (720p30hz-720p30hz-125, 1280x720, 30.000000) dpi(28271,28135), hskew(1)
05-27 16:11:53.854 290 351 D MesonHwc: add fraction display mode (720p24hz)
05-27 16:11:53.854 290 351 I MesonHwc: add display mode (720p24hz-720p24hz-126, 1280x720, 24.000000) dpi(28271,28135), hskew(1)
05-27 16:11:53.854 290 351 I MesonHwc: add display mode (576p50hz-576p50hz-130, 720x576, 50.000000) dpi(15902,22508), hskew(1)
05-27 16:11:53.854 290 351 I MesonHwc: add display mode (576i50hz-576i50hz-131, 720x576, 50.000000) dpi(15902,22508), hskew(1)
05-27 16:11:53.854 290 351 D MesonHwc: add fraction display mode (720x480p120hz)
05-27 16:11:53.854 290 351 I MesonHwc: add display mode (720x480p120hz-720x480p120hz-132, 720x480, 120.000000) dpi(15902,18756), hskew(1)
05-27 16:11:53.854 290 351 D MesonHwc: add fraction display mode (480p60hz)
05-27 16:11:53.854 290 351 I MesonHwc: add display mode (480p60hz-480p60hz-133, 720x480, 60.000000) dpi(15902,18756), hskew(1)
05-27 16:11:53.854 290 351 D MesonHwc: add fraction display mode (480i60hz)
05-27 16:11:53.854 290 351 I MesonHwc: add display mode (480i60hz-480i60hz-134, 720x480, 60.000000) dpi(15902,18756), hskew(1)
05-27 16:11:53.854 290 351 I MesonHwc: loadDisplayModes (38) end
05-27 16:11:53.854 290 351 D MesonHwc: ERR: PLEASE FIX NON-IMPLEMENT FUN(update).
05-27 16:11:53.854 290 351 D MesonHwc: RealModeMgr::update: nextModeId:527
05-27 16:11:53.854 290 351 D MesonHwc: RealModeMgr::update get current mode:576p50hz
05-27 16:11:53.854 290 351 D MesonHwc: RealModeMgr::update use current mode (720x576-50.00)
05-27 16:11:53.854 290 351 D MesonHwc: On mode change state: [Complete]
05-27 16:11:53.854 290 351 D MesonHwc: getSupportedContentTypes: DrmConnector HDMI-A get supported content type 1
05-27 16:11:53.854 290 351 D MesonHwc: getSupportedContentTypes: DrmConnector HDMI-A get supported content type 2
05-27 16:11:53.854 290 351 D MesonHwc: getSupportedContentTypes: DrmConnector HDMI-A get supported content type 3
05-27 16:11:53.854 290 351 D MesonHwc: getSupportedContentTypes: DrmConnector HDMI-A get supported content type 4
05-27 16:11:53.854 290 351 D MesonHwc: Hwc2Display::onModeChanged getDisplayMode [576p50hz]
05-27 16:11:53.854 290 351 D MesonHwc: [setConnectorStatus]: power mode 1
05-27 16:11:53.854 290 351 I MesonHwc: HwcConfig::default frame buffer size (1920 x 1080)
05-27 16:11:53.854 290 351 D MesonHwc: onModeChanged mObserver->onHotplug(true) hdrCapsChanged:0
05-27 16:11:53.854 290 351 D MesonHwc: drmplane clear drm bo caches
05-27 16:11:53.854 290 351 D MesonHwc: drmplane clear drm bo caches
05-27 16:11:53.854 290 351 D MesonHwc: cleanupBeforeDestroy displayId:0, clear layers
05-27 16:11:53.855 290 351 D MesonHwc: On hotplug, Fn: 0x989b931, Data: 0xe8cc35e0, display: 0, connection: 1
05-27 16:11:53.855 290 351 D MesonComposer3: halEventcallback onHotplug client3.0
05-27 16:11:53.855 478 705 D audio_hw_hal_primary: [out_dump:848] io 1517: out:0xefc4b3c0, fd:23
05-27 16:11:53.855 290 382 E MesonHwc: getPort 11
05-27 16:11:53.855 290 382 E MesonHwc: getPort 11
05-27 16:11:53.856 320 371 I SystemControl: notify plugin
05-27 16:11:53.856 320 371 I SystemControl: [/SystemControlHal.cpp, onEvent, 72] onEvent event:3, client size:5
05-27 16:11:53.856 488 509 I SystemControlClient: notifyCallback event type:3
05-27 16:11:53.856 488 509 I SystemControlClient: notifyCallback: listener is NULL.
05-27 16:11:53.856 487 516 I SystemControlClient: notifyCallback event type:3
05-27 16:11:53.857 487 516 I SystemControlClient: notifyCallback: listener is NULL.
05-27 16:11:53.857 240 800 I SystemControlClient: notifyCallback event type:3
05-27 16:11:53.857 240 800 I SystemControlClient: notifyCallback: listener is NULL.
05-27 16:11:53.857 486 1121 I SystemControlClient: notifyCallback event type:3
05-27 16:11:53.857 486 1121 I SystemControlClient: notifyCallback: listener is NULL.
05-27 16:11:53.857 1053 1179 I SystemControlEvent: system control callback event: 3
05-27 16:11:53.858 478 1797 D audio_hw_hal_primary: [out_set_parameters:971] out:0xefc4b3c0 kvpairs:closing=true;exiting=1 out->out_device:0x400, adev->out_device:0x80002
05-27 16:11:53.858 478 1797 E audio_hw_hal_primary: out_set_parameters, ret:-2, hw_sync_mode:is false
05-27 16:11:53.859 1444 1444 E xxxxxxxxxxxxxxx: onReceive:mIsHDMIPlugged = true
05-27 16:11:53.859 535 4986 D AudioFlinger: ro.audio.silent is ignored since no output device is set
05-27 16:11:53.859 478 1797 I audio_hw_hal_primary: [out_set_event_callback:3158] io 1517: out:0xefc4b3c0, callback:0xf1b4091d cookie:0xf2201a50
05-27 16:11:53.859 478 705 I audio_hw_hal_primary: [adev_close_output_stream_new:8052] io handle 1517: out:0xefc4b3c0
05-27 16:11:53.859 478 705 D audio_hw_hal_primary: adev_close_output_stream_new: enter usecase = RAW_DIRECT
05-27 16:11:53.859 478 705 I audio_hw_hal_primary: [adev_close_output_stream:3695] io 1517: out:0xefc4b3c0 dev:OUT_HDMI(0x400) flags:0x1, usecase:RAW_DIRECT
05-27 16:11:53.859 478 705 D audio_hw_hal_primary: [out_standby_new:5767] io 1517: out:0xefc4b3c0 usecase:RAW_DIRECT
05-27 16:11:53.859 478 705 I audio_hw_hal_primary: already standby, do nothing
05-27 16:11:53.859 478 705 I audio_hw_hal_resourcemgr: [is_output_device_muted:710] device:0x2 port_mute:0, fade_mute:0
05-27 16:11:53.859 478 705 I audio_hw_hal_primary: [adev_close_output_stream:3863] io 1517: out:0xefc4b3c0 exit ------
05-27 16:11:53.862 489 489 D hdmicecd: [CEC]:printCecMessage, [4 -> 4] len: 0, body:, result:no ack
05-27 16:11:53.862 489 489 E IPCThreadState: binder thread pool (1 threads) starved for 264 ms
05-27 16:11:53.862 715 873 I AS.AudioDeviceInventory: sendDeviceConnectionIntent(dev:0x400 state:0x1 address: name:);
05-27 16:11:53.863 715 876 I AudioService: onAccessoryPlugMediaUnmute newDevice=1024 [hdmi]
05-27 16:11:53.864 290 351 D MesonHwc: Display (0) ask for refresh.
05-27 16:11:53.865 290 351 D MesonHwc: Update period 1312d00->1107a76
05-27 16:11:53.865 290 351 D MesonHwc: Update period 1312d00->1107a76
05-27 16:11:53.866 264 264 I SurfaceFlinger: Reconnecting display 4620747849504298251 (HAL ID 0)
05-27 16:11:53.866 290 382 E MesonComposer3: destroyLayer: display:0 failed to destroy layer:325
05-27 16:11:53.867 264 264 E HwcComposer: destroyLayer failed Status(-8, EX_SERVICE_SPECIFIC): '3: '
05-27 16:11:53.867 264 264 E HWC2 : destroyLayer(0, 325) failed: BadLayer (3)
05-27 16:11:53.867 290 382 E MesonComposer3: destroyLayer: display:0 failed to destroy layer:68
05-27 16:11:53.867 264 264 E HwcComposer: destroyLayer failed Status(-8, EX_SERVICE_SPECIFIC): '3: '
05-27 16:11:53.867 264 264 E HWC2 : destroyLayer(0, 68) failed: BadLayer (3)
05-27 16:11:53.867 264 264 E HwcComposer: setClientTargetSlotCount failed Status(-8, EX_SERVICE_SPECIFIC): '4: '
05-27 16:11:53.868 290 351 D MesonHwc: Update period 1312d00->1107a76
05-27 16:11:53.868 290 351 D MesonHwc: received Uevent: change@/devices/virtual/amhdmitx/amhdmitx0
05-27 16:11:53.869 290 351 D MesonHwc: received Uevent: ACTION=change
05-27 16:11:53.869 290 351 D MesonHwc: received Uevent: DEVPATH=/devices/virtual/amhdmitx/amhdmitx0
05-27 16:11:53.869 290 351 D MesonHwc: received Uevent: SUBSYSTEM=amhdmitx
05-27 16:11:53.869 290 351 D MesonHwc: received Uevent: hdmitx_current_status=136
05-27 16:11:53.869 290 351 D MesonHwc: received Uevent: MAJOR=492
05-27 16:11:53.869 290 351 D MesonHwc: received Uevent: MINOR=0
05-27 16:11:53.869 290 351 D MesonHwc: received Uevent: DEVNAME=amhdmitx0
05-27 16:11:53.869 290 351 D MesonHwc: received Uevent: SEQNUM=5285
05-27 16:11:53.869 290 351 D MesonHwc: received Uevent: E_N=1
05-27 16:11:53.869 290 351 D MesonHwc: received Uevent: MODALIAS=of:NvoutT(null)Camlogic,_vout
05-27 16:11:53.869 290 351 D MesonHwc: received Uevent: SEQNUM=5284
05-27 16:11:53.869 290 351 D MesonHwc: received Uevent: Camlogic,_aocec-s7d
05-27 16:11:53.869 290 351 D MesonHwc: received Uevent: SEQNUM=5278
05-27 16:11:53.869 290 351 D MesonHwc: received Uevent: 5Ap0000C081
05-27 16:11:53.869 290 351 D MesonHwc: received Uevent: SEQNUM=3612
05-27 16:11:53.869 290 351 D MesonHwc: received Uevent: bfd4444600000000 1 130ff38b17c000 677bfad9415fed 9ed68000004400 10000002
05-27 16:11:53.869 290 351 D MesonHwc: received Uevent: REL=1040
05-27 16:11:53.869 290 351 D MesonHwc: received Uevent: ABS=100000000
05-27 16:11:53.869 290 351 D MesonHwc: received Uevent: MSC=10
05-27 16:11:53.869 290 351 D MesonHwc: received Uevent: MODALIAS=input:b0005v1D5ApC081e0000-e0,1,2,3,4,k71,72,73,74,77,80,82,83,85,86,87,88,89,8A,8B,8C,8E,90,96,98,9B,9C,9E,9F,A1,A3,A4,A5,A6,A7,A8,A9,AB,AC,AD,AE,B0,B1,B2,B5,B6,CE,CF,D0,D1,D2,D4,D8,D9,DB,DF,E0,E1,E4,E5,E6,E7,E8,E9,EA,EB,F0,F1,F4,100,161,162,166,16A,16E,172,174,176,177,178,179,17A,17B,17C,17D,17F,180,182,183,185,188,189,18C,18D,18E,18F,190,191,192,193,195,197,198,199,19A,19C,1A0,1A1,1A2,1A3,1A4,1A5,1A6,1A7,1A8,1A9,1AA,1AB,1AC,1AD,1AE,1AF,1B0,1B1,1B7,1BA,240,241,242,243,244,245,246,247,249,24A,250,251,r6,C,a20,m4,lsfw
05-27 16:11:53.869 290 351 D MesonHwc: received Uevent: SEQNUM=3609
05-27 16:11:53.869 290 351 D MesonHwc: received Uevent: change@/devices/virtual/amhdmitx/amhdmitx0
05-27 16:11:53.869 290 351 D MesonHwc: received Uevent: ACTION=change
05-27 16:11:53.869 290 351 D MesonHwc: received Uevent: DEVPATH=/devices/virtual/amhdmitx/amhdmitx0
05-27 16:11:53.869 290 351 D MesonHwc: received Uevent: SUBSYSTEM=amhdmitx
05-27 16:11:53.869 290 351 D MesonHwc: received Uevent: hdmitx_current_status=136
05-27 16:11:53.869 290 351 D MesonHwc: received Uevent: MAJOR=492
05-27 16:11:53.869 290 351 D MesonHwc: received Uevent: MINOR=0
05-27 16:11:53.869 290 351 D MesonHwc: received Uevent: DEVNAME=amhdmitx0
05-27 16:11:53.869 290 351 D MesonHwc: received Uevent: SEQNUM=5285
05-27 16:11:53.869 290 351 D MesonHwc: received Uevent: E_N=1
05-27 16:11:53.869 290 351 D MesonHwc: received Uevent: MODALIAS=of:NvoutT(null)Camlogic,_vout
05-27 16:11:53.869 290 351 D MesonHwc: received Uevent: SEQNUM=5284
05-27 16:11:53.869 290 351 D MesonHwc: received Uevent: Camlogic,_aocec-s7d
05-27 16:11:53.869 290 351 D MesonHwc: received Uevent: SEQNUM=5278
05-27 16:11:53.869 290 351 D MesonHwc: received Uevent: 5Ap0000C081
05-27 16:11:53.869 290 351 D MesonHwc: received Uevent: SEQNUM=3612
05-27 16:11:53.869 290 351 D MesonHwc: received Uevent: bfd4444600000000 1 130ff38b17c000 677bfad9415fed 9ed68000004400 10000002
05-27 16:11:53.869 290 351 D MesonHwc: received Uevent: REL=1040
05-27 16:11:53.869 290 351 D MesonHwc: received Uevent: ABS=100000000
05-27 16:11:53.869 290 351 D MesonHwc: received Uevent: MSC=10
05-27 16:11:53.869 290 351 D MesonHwc: received Uevent: MODALIAS=input:b0005v1D5ApC081e0000-e0,1,2,3,4,k71,72,73,74,77,80,82,83,85,86,87,88,89,8A,8B,8C,8E,90,96,98,9B,9C,9E,9F,A1,A3,A4,A5,A6,A7,A8,A9,AB,AC,AD,AE,B0,B1,B2,B5,B6,CE,CF,D0,D1,D2,D4,D8,D9,DB,DF,E0,E1,E4,E5,E6,E7,E8,E9,EA,EB,F0,F1,F4,100,161,162,166,16A,16E,172,174,176,177,178,179,17A,17B,17C,17D,17F,180,182,183,185,188,189,18C,18D,18E,18F,190,191,192,193,195,197,198,199,19A,19C,1A0,1A1,1A2,1A3,1A4,1A5,1A6,1A7,1A8,1A9,1AA,1AB,1AC,1AD,1AE,1AF,1B0,1B1,1B7,1BA,240,241,242,243,244,245,246,247,249,24A,250,251,r6,C,a20,m4,lsfw
05-27 16:11:53.869 290 351 D MesonHwc: received Uevent: SEQNUM=3609
05-27 16:11:53.874 264 264 I Scheduler: Display 4620747849504298251 is the pacesetter
05-27 16:11:53.875 715 715 V MediaRouter: Audio routes updated: AudioRoutesInfo{ type=HDMI }, a2dp=false
05-27 16:11:53.875 264 4965 E SchedulerTimer: Terminated
05-27 16:11:53.875 715 715 V MediaRouter: Selecting route: RouteInfo{ name=外部设备, description=null, status=null, category=RouteCategory{ name=系统 types=ROUTE_TYPE_LIVE_AUDIO ROUTE_TYPE_LIVE_VIDEO groupable=false }, supportedTypes=ROUTE_TYPE_LIVE_AUDIO ROUTE_TYPE_LIVE_VIDEO , presentationDisplay=null }
05-27 16:11:53.875 264 264 D SurfaceFlinger: Setting power mode 2 on display 4620747849504298251
05-27 16:11:53.875 264 394 W EventThread: Failed dispatching Hotplug{displayId=4620747849504298251, connected} for Connection{0xf2543110, VSyncRequest::None}
05-27 16:11:53.875 264 393 W EventThread: Failed dispatching Hotplug{displayId=4620747849504298251, connected} for Connection{0xf2542d10, VSyncRequest::None}
05-27 16:11:53.875 290 382 D MesonHwc: setPowerMode 2
05-27 16:11:53.875 264 264 D SurfaceFlinger: Finished setting power mode 2 on display 4620747849504298251
05-27 16:11:53.877 290 382 I MesonDisplay: [/mode_policy.c, meson_mode_set_policy, 1177] connector:0 to policy:0
05-27 16:11:53.877 290 382 I MesonDisplay: [/mode_policy.c, is_dv_prefer, 66] not prefer dv, hdr_priority:10000010
05-27 16:11:53.877 290 382 I MesonDisplay: [/mode_policy.c, is_dv_prefer, 66] not prefer dv, hdr_priority:10000010
05-27 16:11:53.877 290 382 I MesonDisplay: [/mode_policy_parser.c, is_support_hdmimode, 115] is_support_hdmimode mode: 2160p60hz not support
05-27 16:11:53.877 290 382 I MesonDisplay: [/mode_policy_parser.c, is_support_hdmimode, 115] is_support_hdmimode mode: 2160p50hz not support
05-27 16:11:53.877 290 382 I MesonDisplay: [/mode_policy_parser.c, is_support_hdmimode, 110] is_support_hdmimode mode: 1080p60hz
05-27 16:11:53.877 290 382 I MesonDisplay: [/mode_policy.c, get_highest_mode_by_policy, 978] get_highest_mode_by_policy preferred mode:[1080p60hz]
05-27 16:11:53.877 290 382 I MesonDisplay: [/mode_policy.c, get_hdmi_outputmode, 1018] get_hdmi_outputmode mode:1080p60hz
05-27 16:11:53.877 290 382 I MesonDisplay: [/mode_policy.c, sdr_scene_process, 1146] final_displaymode:1080p60hz
05-27 16:11:53.877 290 382 I MesonDisplay: [/mode_policy.c, get_best_color_attr, 613] get_best_color_attr current mode:[1080p60hz] brr_mode:[1080p60hz]
05-27 16:11:53.877 290 382 D MesonDisplay: meson_write /sys/class/amhdmitx/amhdmitx0/valid_mode, outputmode:1080p60hz444,8bit
05-27 16:11:53.877 290 382 D MesonDisplay: valid mode is true!
05-27 16:11:53.877 290 382 I MesonDisplay: [/mode_policy.c, get_best_color_attr, 679] support current mode:[1080p60hz], color format:[444,8bit]
05-27 16:11:53.877 290 382 I MesonDisplay: [/mode_policy.c, get_hdmi_color_attr, 1081] get hdmi color attribute : [444,8bit], outputmode is: [1080p60hz]
05-27 16:11:53.877 290 382 I MesonDisplay: [/mode_policy.c, update_deepcolor, 1107] colorattribute = 444,8bit
05-27 16:11:53.877 290 382 I MesonDisplay: [/mode_policy.c, sdr_scene_process, 1163] final_deepcolor = 444,8bit
05-27 16:11:53.877 290 382 I MesonDisplay: [/mode_policy.c, meson_mode_get_policy_output, 1289] final_displaymode:1080p60hz, final_deepcolor:444,8bit, amdv_type:0
05-27 16:11:53.877 290 382 I MesonHwc: getPreferredDisplayConfig [1080p60hz]
05-27 16:11:53.877 290 382 I MesonDisplay: [/mode_policy.c, meson_mode_set_policy, 1177] connector:0 to policy:8
05-27 16:11:53.878 290 382 D MesonHwc: getPreferredBootConfig outConfig = 536 (1920x1080@59.940060)
05-27 16:11:53.879 715 741 I DisplayDeviceRepository: Display device changed: DisplayDeviceInfo{"内置屏幕": uniqueId="local:4620747849504298251", 720 x 576, modeId 297, renderFrameRate 50.0, defaultModeId 297, supportedModes [{id=297, width=720, height=576, fps=50.0, alternativeRefreshRates=[], supportedHdrTypes=[]}], colorMode 0, supportedColorModes [0], hdrCapabilities HdrCapabilities{mSupportedHdrTypes=[], mMaxLuminance=500.0, mMaxAverageLuminance=500.0, mMinLuminance=0.0}, allmSupported false, gameContentTypeSupported true, density 124, 15.902 x 22.508 dpi, appVsyncOff 2000000, presDeadline 17000000, touch INTERNAL, rotation 0, type INTERNAL, address {port=11, model=0x402031aff65a95}, deviceProductInfo DeviceProductInfo{name=Linux FHD, manufacturerPnpId=LNX, productId=0, modelYear=null, manufactureDate=ManufactureDate{week=5, year=2012}, connectionToSinkType=0}, state ON, committedState ON, frameRateOverride , brightnessMinimum 0.0, brightnessMaximum 1.0, brightnessDefault 0.39763778, hdrSdrRatio NaN, FLAG_ALLOWED_TO_BE_DEFAULT_DISPLAY, FLAG_ROTATES_WITH_CONTENT, FLAG_SECURE, FLAG_SUPPORTS_PROTECTED_BUFFERS, FLAG_TRUSTED, installOrientation 0, displayShape DisplayShape{ spec=-1515622917 displayWidth=720 displayHeight=576 physicalPixelDisplaySizeRatio=1.0 rotation=0 offsetX=0 offsetY=0 scale=1.0}}
05-27 16:11:53.880 264 264 E Scheduler: trackPendingFrame: Invalid present fence
05-27 16:11:53.883 478 1797 D xm_audio: adev_get_parameters
05-27 16:11:53.884 264 264 I RefreshRateSelector: Display 4620747849504298251 policy changed
05-27 16:11:53.884 264 264 I RefreshRateSelector: Previous: {defaultModeId=518, allowGroupSwitching=false, primaryRanges={physical=[0.00 Hz, 340282346638528859811704183484516925440.00 Hz], render=[0.00 Hz, 340282346638528859811704183484516925440.00 Hz]}, appRequestRanges={physical=[0.00 Hz, 340282346638528859811704183484516925440.00 Hz], render=[0.00 Hz, 340282346638528859811704183484516925440.00 Hz]}}
05-27 16:11:53.884 264 264 I RefreshRateSelector: Current: DisplayManagerPolicy{defaultModeId=518, allowGroupSwitching=false, primaryRanges={physical=[0.00 Hz, inf Hz], render=[0.00 Hz, 120.00 Hz]}, appRequestRanges={physical=[0.00 Hz, inf Hz], render=[0.00 Hz, inf Hz]}}
05-27 16:11:53.884 264 264 I RefreshRateSelector: 0 mode changes were performed under the previous policy
05-27 16:11:53.890 931 931 V MediaRouter: Audio routes updated: AudioRoutesInfo{ type=HDMI }, a2dp=false
05-27 16:11:53.890 478 705 D xm_audio: adev_get_parameters
05-27 16:11:53.890 1034 1302 D ActiveDeviceManager: onAudioDevicesAdded
05-27 16:11:53.890 1034 1034 D AvrcpVolumeManager: onAudioDevicesAdded: Not expecting device changed
05-27 16:11:53.890 1034 1302 D ActiveDeviceManager: Audio device added: DBBOX-A3 type: 9
05-27 16:11:53.890 931 931 V MediaRouter: Selecting route: RouteInfo{ name=外部设备, description=null, status=null, category=RouteCategory{ name=系统 types=ROUTE_TYPE_LIVE_AUDIO ROUTE_TYPE_LIVE_VIDEO groupable=false }, supportedTypes=ROUTE_TYPE_LIVE_AUDIO ROUTE_TYPE_LIVE_VIDEO , presentationDisplay=null }
05-27 16:11:53.896 478 705 D xm_audio: adev_get_parameters
05-27 16:11:53.897 478 705 D xm_audio: adev_get_parameters
05-27 16:11:53.903 478 705 D xm_audio: adev_get_parameters
05-27 16:11:53.904 478 705 D xm_audio: adev_get_parameters
05-27 16:11:53.910 478 705 D xm_audio: adev_get_parameters
05-27 16:11:53.911 478 705 D xm_audio: adev_get_parameters
05-27 16:11:53.918 489 489 D hdmicecd: [CEC]:printCecMessage, [4 -> 4] len: 0, body:, result:no ack
05-27 16:11:53.922 478 705 D xm_audio: adev_get_parameters
05-27 16:11:53.923 478 705 D xm_audio: adev_get_parameters
05-27 16:11:53.928 478 705 D xm_audio: adev_get_parameters
05-27 16:11:53.930 478 1797 D xm_audio: adev_get_parameters
05-27 16:11:53.936 478 1797 D xm_audio: adev_get_parameters
05-27 16:11:53.936 478 1797 D xm_audio: adev_get_parameters
05-27 16:11:53.941 478 1797 D xm_audio: adev_get_parameters
05-27 16:11:53.942 478 1797 D xm_audio: adev_get_parameters
05-27 16:11:53.947 478 1797 D xm_audio: adev_get_parameters
05-27 16:11:53.948 478 1797 D xm_audio: adev_get_parameters
05-27 16:11:53.953 478 1797 D xm_audio: adev_get_parameters
05-27 16:11:53.954 478 1797 D xm_audio: adev_get_parameters
05-27 16:11:53.962 478 1797 D xm_audio: adev_get_parameters
05-27 16:11:53.963 478 1797 D xm_audio: adev_get_parameters
05-27 16:11:53.968 478 673 I audio_hw_hal_alsamgr: alsa format =0x1 delay frames =1024 total frames=15046976
05-27 16:11:53.974 489 489 D hdmicecd: [CEC]:printCecMessage, [4 -> 4] len: 0, body:, result:no ack
05-27 16:11:53.974 715 894 D HDMI : New logical address for device [4]: [preferred:4, assigned:4]
05-27 16:11:53.975 489 489 D hdmicecd: [HdmiCecControl]:getPhysicalAddress, physical addr: 2000, last pa: 2000, ret = 0
05-27 16:11:53.975 489 489 D hdmicecd: [HdmiCecControl]:getPhysicalAddress, physical addr: 2000, last pa: 2000, ret = 0
05-27 16:11:53.975 489 489 D hdmicecd: [HdmiCecControl]:getPhysicalAddress, physical addr: 2000, last pa: 2000, ret = 0
05-27 16:11:53.976 489 519 D hdmicecd: [HdmiCecControl]:getVendorId, vendorId: 0x1CA410
05-27 16:11:53.976 489 519 D hdmicecd: [HdmiCecControl]:getPhysicalAddress, physical addr: 2000, last pa: 2000, ret = 0
05-27 16:11:53.976 715 715 D HDMI : addCecDevice new:CEC: logical_address: 0x04 device_type: 4 cec_version: 5 vendor_id: 1877008 display_name: DBBOX-A3 power_status: 0 physical_address: 0x2000 port_id: 0 old:null
05-27 16:11:53.976 489 519 I hdmicecd: [HdmiCecControl]:addr:4, allocate result:0
05-27 16:11:53.986 489 519 D hdmicecd: [HdmiCecControl]:onAddressAllocated:4
05-27 16:11:53.986 715 715 D HDMI : onAddressAllocated address:4 reason:4
05-27 16:11:53.986 489 519 D hdmicecd: [HdmiCecControl]:getPhysicalAddress, physical addr: 2000, last pa: 2000, ret = 0
05-27 16:11:53.987 715 894 D HDMI : [S]: 4F:84:20:00:04
05-27 16:11:53.987 489 519 D hdmicecd: [HdmiCecControl]:getVendorId, vendorId: 0x1CA410
05-27 16:11:53.987 489 519 D hdmicecd: [HdmiCecControl]:getPhysicalAddress, physical addr: 2000, last pa: 2000, ret = 0
05-27 16:11:53.988 715 715 D HDMI : DeviceDiscoveryAction start com.android.server.hdmi.DeviceDiscoveryAction@58506cd
05-27 16:11:54.008 931 942 W System : A resource failed to call release.
05-27 16:11:54.086 1420 1647 E ccc : cccccc settingHelper resetManager
05-27 16:11:54.087 1420 1647 V HdmiDisplayManager: Amlogic Y5
05-27 16:11:54.140 489 489 D hdmicecd: [CEC]:printCecMessage, [4 -> f] len: 4, body: 84 20 00 04, result:success
05-27 16:11:54.140 489 489 E IPCThreadState: binder thread pool (1 threads) starved for 154 ms
05-27 16:11:54.141 715 894 D HDMI : [S]: 4F:87:1C:A4:10
05-27 16:11:54.218 515 541 I WifiHAL : call wifi_get_link_stats handler
05-27 16:11:54.219 515 541 I WifiHAL : Creating message to get link statistics; iface = 16
05-27 16:11:54.219 515 541 D WifiHAL : error code -95 mapped to -3
05-27 16:11:54.220 715 854 E WifiStaIfaceAidlImpl: getLinkLayerStats failed with service-specific exception: android.os.ServiceSpecificException: (code 4)
05-27 16:11:54.292 489 489 D hdmicecd: [CEC]:printCecMessage, [4 -> f] len: 4, body: 87 1c a4 10, result:success
05-27 16:11:54.292 489 489 E IPCThreadState: binder thread pool (1 threads) starved for 152 ms
05-27 16:11:54.293 715 894 D HDMI : [S]: 40:8C
05-27 16:11:54.364 1420 1647 E ccc : cccccc settingHelper resetManager
05-27 16:11:54.365 1420 1647 V HdmiDisplayManager: Amlogic Y5
05-27 16:11:54.371 489 489 D hdmicecd: [CEC]:printCecMessage, [4 -> 0] len: 1, body: 8c, result:success
05-27 16:11:54.371 715 894 D HDMI : [S]: 40:47
05-27 16:11:54.646 489 489 D hdmicecd: [CEC]:printCecMessage, [4 -> 0] len: 9, body: 47 44 42 42 4f 58 2d 41 33, result:success
05-27 16:11:54.646 489 489 E IPCThreadState: binder thread pool (1 threads) starved for 275 ms
05-27 16:11:54.647 715 894 D HDMI : [S]: 45:7D
05-27 16:11:54.702 489 489 D hdmicecd: [CEC]:printCecMessage, [4 -> 5] len: 1, body: 7d, result:no ack
05-27 16:11:54.762 489 489 D hdmicecd: [CEC]:printCecMessage, [4 -> 5] len: 1, body: 7d, result:no ack
05-27 16:11:54.763 715 715 D HDMI : AVR did not respond to
05-27 16:11:54.764 715 715 D HdmiControlService: Switching to full volume behavior
05-27 16:11:54.818 489 489 D hdmicecd: [CEC]:printCecMessage, [4 -> e] len: 0, body:, result:no ack
05-27 16:11:54.829 290 4988 D MesonDisplay: read /sys/class/amhdmitx/amhdmitx0/hdcp_lstore, result length:0, val:
05-27 16:11:54.904 1439 1439 I SendAliveManager: getSendAliveUrl--->http://ping.android.shouji.sogou.com/alive.gif
05-27 16:11:54.940 489 525 D hdmicecd: [CEC]:printCecMsgBuf, msg: 04 46
05-27 16:11:54.940 489 525 D hdmicecd: [CMsgQueue]:sendmsg now = 324674 msg[0] when = 325674
05-27 16:11:54.941 715 715 D HDMI : [R]: 04:46
05-27 16:11:54.942 489 519 D hdmicecd: [HdmiCecControl]:getPhysicalAddress, physical addr: 2000, last pa: 2000, ret = 0
05-27 16:11:54.943 715 715 D HDMI : addCecDevice new:CEC: logical_address: 0x00 device_type: 0 cec_version: 5 vendor_id: 16777215 display_name: TV power_status: -1 physical_address: 0xFFFF port_id: -1 old:null
05-27 16:11:54.943 715 715 D HdmiControlService: Switching to full volume behavior
05-27 16:11:54.943 715 715 D HDMI : TV is available now for receiving its message
05-27 16:11:54.944 715 715 D AudioService: onStatusChange cecEnabled:true available:true
05-27 16:11:54.945 715 715 D AudioService: TV, no CEC: setting HDMI as regular vol device
05-27 16:11:54.946 715 715 D AudioService: Removing DeviceType: 0x400 from mFullVolumeDevices
05-27 16:11:54.946 715 715 D AudioService: Removing DeviceType: 0x400 from mFixedVolumeDevices
05-27 16:11:54.948 1439 1439 I method.sogou.tv: type=1400 audit(0.0:995): avc: denied { read } for name="u:object_r:serialno_prop:s0" dev="tmpfs" ino=324 scontext=u:r:untrusted_app_27:s0:c39,c256,c512,c768 tcontext=u:object_r:serialno_prop:s0 tclass=file permissive=1 app=com.sohu.inputmethod.sogou.tv
05-27 16:11:54.949 478 478 D xm_audio: adev_get_parameters
05-27 16:11:54.951 478 478 D xm_audio: adev_get_parameters
05-27 16:11:54.955 1439 1439 I RequestCookie: current compose cookie: a=2&b=SogouInputTV&c=1.1.97.2012221415&d=20201222&e=TV&f=34&g=zh_CN&h=1080x1920&i=DBBOX-A3&j=android_tv_dangbei&k=02:00:00:00:00:00&l=310260000000000&m=460&n=00&o=android_tv_dangbei&p=1&q=wifi&r=276ba03b613efd56&s=02:00:00:00:00:00&t=Amlogic&u=1.5&v=&w=&x=sogou.tv&y=&sn=DZOH5P8251918060&mn=Amlogic&mi=&bd=Build_d5523c4_20201222&cd=&pn=com.sohu.inputmethod.sogou.tv&cb=&rv=&vc=508&ic=&sc=&bv=1.1.97.2012221415&uuid=
05-27 16:11:54.957 478 2364 D xm_audio: adev_get_parameters
05-27 16:11:54.960 478 478 D xm_audio: adev_get_parameters
05-27 16:11:54.965 478 542 D xm_audio: adev_get_parameters
05-27 16:11:54.948 1439 1439 I method.sogou.tv: type=1400 audit(0.0:996): avc: denied { open } for path="/dev/__properties__/u:object_r:serialno_prop:s0" dev="tmpfs" ino=324 scontext=u:r:untrusted_app_27:s0:c39,c256,c512,c768 tcontext=u:object_r:serialno_prop:s0 tclass=file permissive=1 app=com.sohu.inputmethod.sogou.tv
05-27 16:11:54.966 1439 1439 I RequestCookie: current compose cookie: a=2&b=SogouInputTV&c=1.1.97.2012221415&d=20201222&e=TV&f=34&g=zh_CN&h=1080x1920&i=DBBOX-A3&j=android_tv_dangbei&k=02:00:00:00:00:00&l=310260000000000&m=460&n=00&o=android_tv_dangbei&p=1&q=wifi&r=276ba03b613efd56&s=02:00:00:00:00:00&t=Amlogic&u=1.5&v=&w=&x=sogou.tv&y=&sn=DZOH5P8251918060&mn=Amlogic&mi=&bd=Build_d5523c4_20201222&cd=&pn=com.sohu.inputmethod.sogou.tv&cb=&rv=&vc=508&ic=&sc=&bv=1.1.97.2012221415&uuid=
05-27 16:11:54.948 1439 1439 I method.sogou.tv: type=1400 audit(0.0:997): avc: denied { getattr } for path="/dev/__properties__/u:object_r:serialno_prop:s0" dev="tmpfs" ino=324 scontext=u:r:untrusted_app_27:s0:c39,c256,c512,c768 tcontext=u:object_r:serialno_prop:s0 tclass=file permissive=1 app=com.sohu.inputmethod.sogou.tv
05-27 16:11:54.972 478 478 D xm_audio: adev_get_parameters
05-27 16:11:54.948 1439 1439 I method.sogou.tv: type=1400 audit(0.0:998): avc: denied { map } for path="/dev/__properties__/u:object_r:serialno_prop:s0" dev="tmpfs" ino=324 scontext=u:r:untrusted_app_27:s0:c39,c256,c512,c768 tcontext=u:object_r:serialno_prop:s0 tclass=file permissive=1 app=com.sohu.inputmethod.sogou.tv
05-27 16:11:54.977 478 478 D xm_audio: adev_get_parameters
05-27 16:11:54.978 478 478 D xm_audio: adev_get_parameters
05-27 16:11:54.979 467 5002 I resolv : GetAddrInfoHandler::run: {100 100 100 983140 10039 0}
05-27 16:11:54.981 467 5003 I resolv : res_nmkquery: (QUERY, IN, A)
05-27 16:11:54.982 478 478 D xm_audio: adev_get_parameters
05-27 16:11:54.983 478 478 D xm_audio: adev_get_parameters
05-27 16:11:54.985 467 5003 I resolv : res_nsend: used send_dg 510 terrno: 0
05-27 16:11:54.985 467 5003 I resolv : doQuery: rcode=0, ancount=8, return value=510
05-27 16:11:54.988 1439 5001 D TrafficStats: tagSocket(97) with statsTag=0xffffffff, statsUid=-1
05-27 16:11:54.989 478 478 D xm_audio: adev_get_parameters
05-27 16:11:54.990 478 542 D xm_audio: adev_get_parameters
05-27 16:11:54.994 478 542 D xm_audio: adev_get_parameters
05-27 16:11:54.995 478 542 D xm_audio: adev_get_parameters
05-27 16:11:54.999 478 542 D xm_audio: adev_get_parameters
05-27 16:11:55.001 478 542 D xm_audio: adev_get_parameters
05-27 16:11:55.005 478 542 D xm_audio: adev_get_parameters
05-27 16:11:55.006 478 542 D xm_audio: adev_get_parameters
05-27 16:11:55.004 2065 2065 I cling--ap-3: type=1400 audit(0.0:999): avc: denied { search } for name="net" dev="sysfs" ino=12344 scontext=u:r:untrusted_app_27:s0:c44,c256,c512,c768 tcontext=u:object_r:sysfs_net:s0 tclass=dir permissive=1 app=com.dangbei.screencast
05-27 16:11:55.004 2065 2065 I cling--ap-3: type=1400 audit(0.0:1000): avc: denied { read } for name="address" dev="sysfs" ino=22126 scontext=u:r:untrusted_app_27:s0:c44,c256,c512,c768 tcontext=u:object_r:sysfs_net:s0 tclass=file permissive=1 app=com.dangbei.screencast
05-27 16:11:55.004 2065 2065 I cling--ap-3: type=1400 audit(0.0:1001): avc: denied { open } for path="/sys/devices/virtual/net/dummy0/address" dev="sysfs" ino=22126 scontext=u:r:untrusted_app_27:s0:c44,c256,c512,c768 tcontext=u:object_r:sysfs_net:s0 tclass=file permissive=1 app=com.dangbei.screencast
05-27 16:11:55.018 478 478 D xm_audio: adev_get_parameters
05-27 16:11:55.019 478 478 D xm_audio: adev_get_parameters
05-27 16:11:55.004 2065 2065 I cling--ap-3: type=1400 audit(0.0:1002): avc: denied { getattr } for path="/sys/devices/virtual/net/dummy0/address" dev="sysfs" ino=22126 scontext=u:r:untrusted_app_27:s0:c44,c256,c512,c768 tcontext=u:object_r:sysfs_net:s0 tclass=file permissive=1 app=com.dangbei.screencast
05-27 16:11:55.023 1439 5001 I SendAliveManager: saveSendAliveStatus--->aliveType: 1000
05-27 16:11:55.024 478 478 D xm_audio: adev_get_parameters
05-27 16:11:55.025 478 478 D xm_audio: adev_get_parameters
05-27 16:11:55.028 478 478 D xm_audio: adev_get_parameters
05-27 16:11:55.029 478 478 D xm_audio: adev_get_parameters
05-27 16:11:55.033 478 478 D xm_audio: adev_get_parameters
05-27 16:11:55.034 478 478 D xm_audio: adev_get_parameters
05-27 16:11:55.038 478 478 D xm_audio: adev_get_parameters
05-27 16:11:55.039 478 478 D xm_audio: adev_get_parameters
05-27 16:11:55.043 478 478 D xm_audio: adev_get_parameters
05-27 16:11:55.044 478 478 D xm_audio: adev_get_parameters
05-27 16:11:55.050 478 478 D xm_audio: adev_get_parameters
05-27 16:11:55.051 478 478 D xm_audio: adev_get_parameters
05-27 16:11:55.054 478 478 D xm_audio: adev_get_parameters
05-27 16:11:55.055 478 478 D xm_audio: adev_get_parameters
05-27 16:11:55.059 478 478 D xm_audio: adev_get_parameters
05-27 16:11:55.060 478 478 D xm_audio: adev_get_parameters
05-27 16:11:55.064 478 478 D xm_audio: adev_get_parameters
05-27 16:11:55.065 478 478 D xm_audio: adev_get_parameters
05-27 16:11:55.069 478 478 D xm_audio: adev_get_parameters
05-27 16:11:55.070 478 478 D xm_audio: adev_get_parameters
05-27 16:11:55.149 489 525 D hdmicecd: [CEC]:printCecMsgBuf, msg: 0f 87 00 00 00
05-27 16:11:55.151 715 715 D HDMI : [R]: 0F:87:00:00:00
05-27 16:11:55.152 489 519 D hdmicecd: [HdmiCecControl]:getPhysicalAddress, physical addr: 2000, last pa: 2000, ret = 0
05-27 16:11:55.161 1444 1444 E CrashHandler: clear CrashInfo
05-27 16:11:55.161 1444 1444 I FrameWorkHelper: setLastCrashInfo:
05-27 16:11:55.190 489 489 D hdmicecd: [CEC]:printCecMessage, [4 -> b] len: 0, body:, result:no ack
05-27 16:11:55.190 489 489 E IPCThreadState: binder thread pool (1 threads) starved for 372 ms
05-27 16:11:55.191 715 894 D HDMI : [S]: 40:47
05-27 16:11:55.191 489 526 D hdmicecd: [CMsgQueue]:msg size is 0, break
05-27 16:11:55.466 489 489 D hdmicecd: [CEC]:printCecMessage, [4 -> 0] len: 9, body: 47 44 42 42 4f 58 2d 41 33, result:success
05-27 16:11:55.466 489 489 E IPCThreadState: binder thread pool (1 threads) starved for 275 ms
05-27 16:11:55.540 489 525 D hdmicecd: [CEC]:printCecMsgBuf, msg: 04 8c
05-27 16:11:55.536 1851 1851 I xm_hidread: type=1400 audit(0.0:1003): avc: denied { read } for scontext=u:r:init:s0 tcontext=u:r:init:s0 tclass=netlink_kobject_uevent_socket permissive=1
05-27 16:11:55.542 715 715 D HDMI : [R]: 04:8C
05-27 16:11:55.543 489 519 D hdmicecd: [HdmiCecControl]:getVendorId, vendorId: 0x1CA410
05-27 16:11:55.585 1444 1444 E xxxxxxxxxxxxxxx: onReceive: true , configuration = {1.0 ?mcc0mnc [zh_CN] ldltr sw720dp w1280dp h720dp 240dpi xlrg long land television -touch -keyb/v/h dpad/v winConfig={ mBounds=Rect(0, 0 - 1920, 1080) mAppBounds=Rect(0, 0 - 1920, 1080) mMaxBounds=Rect(0, 0 - 1920, 1080) mDisplayRotation=ROTATION_0 mWindowingMode=fullscreen mDisplayWindowingMode=fullscreen mActivityType=undefined mAlwaysOnTop=undefined mRotation=ROTATION_0} s.6 fontWeightAdjustment=0}
