05-27 16:11:48.756 478 1797 I audio_hw_hal_profile: [out_get_parameters:2165] sup_sampling_rates=8000|11025|16000|22050|24000|32000|44100|48000|128000|176400|192000
05-27 16:11:48.756 478 1797 I audio_hw_hal_profile: [out_get_parameters:2092] out:0xefc4c950 query channels. Format:IEC61937(0xd000000) ++++++++++ hal_format:PCM_16_BIT
05-27 16:11:48.756 478 1797 D audio_hw_hal_profile: get_hdmi_sink_cap_new is running...
05-27 16:11:48.757 478 1797 D audio_hw_hal_profile: [get_hdmi_sink_cap_new:887] query hdmi channels... format: IEC61937(0xd000000)
05-27 16:11:48.757 478 1797 I audio_hw_hal_profile: [out_get_parameters:2165] sup_channels=AUDIO_CHANNEL_OUT_MONO|AUDIO_CHANNEL_OUT_STEREO|AUDIO_CHANNEL_OUT_TRI|AUDIO_CHANNEL_OUT_TRI_BACK|AUDIO_CHANNEL_OUT_3POINT1|AUDIO_CHANNEL_OUT_QUAD|AUDIO_CHANNEL_OUT_SURROUND|AUDIO_CHANNEL_OUT_PENTA|AUDIO_CHANNEL_OUT_5POINT1|AUDIO_CHANNEL_OUT_7POINT1
05-27 16:11:48.757 478 1797 I audio_hw_hal_profile: [out_get_parameters:2089] out:0xefc4c950 query sample rate. Format:E_AC3_JOC(0xa000001) ++++++++++ hal_format:PCM_16_BIT
05-27 16:11:48.757 478 1797 D audio_hw_hal_profile: get_hdmi_sink_cap_new is running...
05-27 16:11:48.757 478 1797 D audio_hw_hal_profile: [get_hdmi_sink_cap_new:960] query hdmi sample_rate... format: E_AC3(0xa000000)
05-27 16:11:48.757 478 1797 I audio_hw_hal_profile: get_hdmi_sink_cap_new format =0xa000000 support rate =sup_sampling_rates=32000|44100|48000
05-27 16:11:48.757 478 1797 I audio_hw_hal_profile: [out_get_parameters:2165] sup_sampling_rates=32000|44100|48000
05-27 16:11:48.758 478 1797 I audio_hw_hal_profile: [out_get_parameters:2092] out:0xefc4c950 query channels. Format:E_AC3_JOC(0xa000001) ++++++++++ hal_format:PCM_16_BIT
05-27 16:11:48.758 478 1797 D audio_hw_hal_profile: get_hdmi_sink_cap_new is running...
05-27 16:11:48.758 478 1797 D audio_hw_hal_profile: [get_hdmi_sink_cap_new:887] query hdmi channels... format: E_AC3(0xa000000)
05-27 16:11:48.758 478 1797 I audio_hw_hal_profile: [out_get_parameters:2165] sup_channels=AUDIO_CHANNEL_OUT_MONO|AUDIO_CHANNEL_OUT_STEREO|AUDIO_CHANNEL_OUT_TRI|AUDIO_CHANNEL_OUT_TRI_BACK|AUDIO_CHANNEL_OUT_3POINT1|AUDIO_CHANNEL_OUT_QUAD|AUDIO_CHANNEL_OUT_SURROUND|AUDIO_CHANNEL_OUT_PENTA|AUDIO_CHANNEL_OUT_5POINT1|AUDIO_CHANNEL_OUT_6POINT1|AUDIO_CHANNEL_OUT_7POINT1
05-27 16:11:48.759 478 478 D audio_hw_hal_primary: [out_dump:848] io 1413: out:0xefc4c950, fd:26
01-01 08:05:18.505 0 0 I [1 T351 ..] [hdmitx: ] set21_s7d_htxpll_clk_out[96] htxpll vco 4320000 div 16
01-01 08:05:18.507 0 0 I [3 T351 ..] [hdmitx: ] pll_od0 = 11, pll_od2 = 1, pll_od1 = 0
01-01 08:05:18.507 0 0 I [3 T351 ..] [hdmitx: ] clocks_set_vid_clk_div_for_hdmi[402] div = 6
01-01 08:05:18.509 0 0 I [3 T351 ..] [hdmitx: ] configure venc
05-27 16:11:48.762 478 478 D audio_hw_hal_primary: [out_set_parameters:971] out:0xefc4c950 kvpairs:closing=true;exiting=1 out->out_device:0x400, adev->out_device:0x80002
05-27 16:11:48.762 478 478 E audio_hw_hal_primary: out_set_parameters, ret:-2, hw_sync_mode:is false
05-27 16:11:48.762 535 4945 D AudioFlinger: ro.audio.silent is ignored since no output device is set
05-27 16:11:48.763 478 478 I audio_hw_hal_primary: [out_set_event_callback:3158] io 1413: out:0xefc4c950, callback:0xf1b4091d cookie:0xf2202770
05-27 16:11:48.763 478 478 I audio_hw_hal_primary: [adev_close_output_stream_new:8052] io handle 1413: out:0xefc4c950
05-27 16:11:48.763 478 478 D audio_hw_hal_primary: adev_close_output_stream_new: enter usecase = PCM_DIRECT
05-27 16:11:48.763 478 478 I audio_hw_hal_primary: [adev_close_output_stream:3695] io 1413: out:0xefc4c950 dev:OUT_HDMI(0x400) flags:0x1, usecase:PCM_DIRECT
05-27 16:11:48.763 478 478 D audio_hw_hal_primary: [out_standby_new:5767] io 1413: out:0xefc4c950 usecase:PCM_DIRECT
05-27 16:11:48.763 478 478 I audio_hw_hal_primary: already standby, do nothing
05-27 16:11:48.763 478 478 I audio_hw_hal_resourcemgr: [is_output_device_muted:710] device:0x2 port_mute:0, fade_mute:0
05-27 16:11:48.763 478 478 I audio_hw_hal_primary: [adev_close_output_stream:3863] io 1413: out:0xefc4c950 exit ------
05-27 16:11:48.763 535 2034 I AudioFlinger: openOutput() this 0xed5c2fe0, module 10 Device AUDIO_DEVICE_OUT_HDMI, @:, SamplingRate 32000, Format 0xb000000, Channels 0x1, flags 0x1
05-27 16:11:48.764 478 542 D audio_hw_hal_primary: [adev_open_output_stream_new:7868] enter: dev=0xefd014a0 handle=58d devices=0x400/'HDMI,' flags=0x1/'DIRECT,' config=(rt=32000 ch_mask=0x1 fmt=0xb000000) address=''
05-27 16:11:48.764 478 542 D audio_hw_hal_primary: adev_open_output_stream_new: enter
05-27 16:11:48.764 478 542 I audio_hw_hal_primary: [adev_open_output_stream:3285] io 1421: out:0xefc40e70 dev:OUT_HDMI(0x400) addr:
05-27 16:11:48.764 478 542 I audio_hw_hal_primary: [adev_open_output_stream:3287] ch_mask:0x1 rate:32000 format:DTS(0xb000000) flags:0x1
05-27 16:11:48.764 478 542 I audio_hw_hal_primary: adev_open_output_stream: for raw audio output,force alsa stereo output
05-27 16:11:48.764 478 542 I audio_hw_hal_primary: [adev_open_output_stream:3610] result profile ch_mask:0x1 rate:32000 format:DTS(0xb000000) usecase:RAW_DIRECT
05-27 16:11:48.764 478 542 I audio_hw_hal_utils: aml_get_stream_dump_file_name line 2929 file_name /data/vendor/audiohal/stream_pid478_tid542.dts
05-27 16:11:48.764 478 542 I audio_hw_hal_primary: [adev_open_output_stream_new:8037] io 1421: out: 0xefc40e70 card:0 alsa devices:0 exit ------
01-01 08:05:18.509 0 0 I [3 T351 ..] [hdmitx: ] config_tv_enc_calc[63] vic = 18
05-27 16:11:48.765 478 478 I audio_hw_hal_primary: [out_get_buffer_size:552] out:0xefc40e70 config.rate=32000, format:DTS(0xb000000), stream format:DTS(0xb000000)
01-01 08:05:18.510 0 0 I [3 T351 ..] [hdmitx: ] hdmitx_soft_reset[1261]
05-27 16:11:48.765 478 478 I audio_hw_hal_primary: out_get_buffer_size AUDIO_FORMAT_DTS buffer size = 32768 frames
01-01 08:05:18.511 0 0 I [3 T351 ..] [hdmitx: ] config hdmitx IP vic = 18 cd:4 cs: 2
01-01 08:05:18.512 0 0 I [3 T351 ..] [hdmitx: ] configure hdmitx21
01-01 08:05:18.512 0 0 I [3 T351 ..] [hdmitx: ] warn: SCDC not present, should not send 1:10
05-27 16:11:48.766 535 2034 I AudioFlinger: HAL output buffer size 32768 frames, normal sink buffer size 32768 frames
05-27 16:11:48.766 478 478 I audio_hw_hal_primary: [audiohal_get_latency:1333] io 1421: out:0xefc40e70 frames:1152 rate:32000 whole_latency:36 alsa_latency:36
05-27 16:11:48.766 478 478 I audio_hw_hal_primary: [out_set_event_callback:3158] io 1421: out:0xefc40e70, callback:0xf1b4091d cookie:0xf2200cd0
05-27 16:11:48.767 478 478 I audio_hw_hal_primary: [audiohal_get_latency:1333] io 1421: out:0xefc40e70 frames:1152 rate:32000 whole_latency:36 alsa_latency:36
05-27 16:11:48.767 535 4947 I AudioFlinger: AudioFlinger's thread 0xe78ec640 tid=4947 ready to run
05-27 16:11:48.767 478 478 I audio_hw_hal_primary: [audiohal_get_latency:1333] io 1421: out:0xefc40e70 frames:1152 rate:32000 whole_latency:36 alsa_latency:36
05-27 16:11:48.768 535 4947 D AudioFlinger: ro.audio.silent is ignored since no output device is set
05-27 16:11:48.768 478 478 D audio_hw_hal_primary: [out_standby_new:5767] io 1421: out:0xefc40e70 usecase:RAW_DIRECT
05-27 16:11:48.768 478 478 I audio_hw_hal_primary: already standby, do nothing
05-27 16:11:48.769 535 4947 D AudioFlinger: ro.audio.silent is ignored since no output device is set
01-01 08:05:18.514 0 0 I [3 T351 ..] [hdmitx: ] hdmitx_set_dispmode[1527] frl_rate 0 htotal 864 cs 2 cd 4 h_unstable 0
05-27 16:11:48.777 535 2034 I AudioFlinger: openOutput() this 0xed5c2fe0, module 10 Device AUDIO_DEVICE_OUT_HDMI, @:, SamplingRate 44100, Format 0xe000000, Channels 0x1, flags 0x11
05-27 16:11:48.777 478 478 D audio_hw_hal_primary: [adev_open_output_stream_new:7868] enter: dev=0xefd014a0 handle=595 devices=0x400/'HDMI,' flags=0x11/'DIRECT,COMPRESS_OFFLOAD,' config=(rt=44100 ch_mask=0x1 fmt=0xe000000) address=''
05-27 16:11:48.777 478 478 D audio_hw_hal_primary: adev_open_output_stream_new: enter
05-27 16:11:48.777 478 478 I audio_hw_hal_primary: [adev_open_output_stream:3285] io 1429: out:0xefc4c950 dev:OUT_HDMI(0x400) addr:
05-27 16:11:48.777 478 478 I audio_hw_hal_primary: [adev_open_output_stream:3287] ch_mask:0x1 rate:44100 format:DOLBY_TRUEHD(0xe000000) flags:0x11
05-27 16:11:48.777 478 478 I audio_hw_hal_primary: adev_open_output_stream: for raw audio output,force alsa stereo output
05-27 16:11:48.777 478 478 I audio_hw_hal_primary: [adev_open_output_stream:3610] result profile ch_mask:0x1 rate:44100 format:DOLBY_TRUEHD(0xe000000) usecase:RAW_DIRECT
05-27 16:11:48.777 478 478 I audio_hw_hal_utils: aml_get_stream_dump_file_name line 2929 file_name /data/vendor/audiohal/stream_pid478_tid478.mlp
05-27 16:11:48.777 478 478 I audio_hw_hal_primary: [adev_open_output_stream_new:8037] io 1429: out: 0xefc4c950 card:0 alsa devices:0 exit ------
05-27 16:11:48.778 478 478 I audio_hw_hal_primary: [out_get_buffer_size:552] out:0xefc4c950 config.rate=44100, format:DOLBY_TRUEHD(0xe000000), stream format:DOLBY_TRUEHD(0xe000000)
05-27 16:11:48.778 535 2034 I AudioFlinger: HAL output buffer size 16384 frames, normal sink buffer size 16384 frames
05-27 16:11:48.779 478 478 I audio_hw_hal_primary: [audiohal_get_latency:1333] io 1429: out:0xefc4c950 frames:1024 rate:44100 whole_latency:23 alsa_latency:23
05-27 16:11:48.779 478 478 I audio_hw_hal_primary: [out_set_event_callback:3158] io 1429: out:0xefc4c950, callback:0xf1b4091d cookie:0xf2201ab0
05-27 16:11:48.779 535 4948 I AudioFlinger: AudioFlinger's thread 0xe78dc400 tid=4948 ready to run
05-27 16:11:48.779 478 478 I audio_hw_hal_primary: [audiohal_get_latency:1333] io 1429: out:0xefc4c950 frames:1024 rate:44100 whole_latency:23 alsa_latency:23
05-27 16:11:48.780 478 478 I audio_hw_hal_primary: [audiohal_get_latency:1333] io 1429: out:0xefc4c950 frames:1024 rate:44100 whole_latency:23 alsa_latency:23
05-27 16:11:48.780 535 4948 D AudioFlinger: ro.audio.silent is ignored since no output device is set
05-27 16:11:48.781 535 4948 D AudioFlinger: ro.audio.silent is ignored since no output device is set
05-27 16:11:48.789 535 2034 I AudioFlinger: openOutput() this 0xed5c2fe0, module 10 Device AUDIO_DEVICE_OUT_HDMI, @:, SamplingRate 32000, Format 0x9000000, Channels 0x1, flags 0x1
05-27 16:11:48.789 478 478 D audio_hw_hal_primary: [adev_open_output_stream_new:7868] enter: dev=0xefd014a0 handle=59d devices=0x400/'HDMI,' flags=0x1/'DIRECT,' config=(rt=32000 ch_mask=0x1 fmt=0x9000000) address=''
05-27 16:11:48.789 478 478 D audio_hw_hal_primary: adev_open_output_stream_new: enter
05-27 16:11:48.789 478 478 I audio_hw_hal_primary: [adev_open_output_stream:3285] io 1437: out:0xefc415a0 dev:OUT_HDMI(0x400) addr:
05-27 16:11:48.789 478 478 I audio_hw_hal_primary: [adev_open_output_stream:3287] ch_mask:0x1 rate:32000 format:AC3(0x9000000) flags:0x1
05-27 16:11:48.789 478 478 I audio_hw_hal_primary: adev_open_output_stream: for raw audio output,force alsa stereo output
05-27 16:11:48.789 478 478 I audio_hw_hal_primary: [adev_open_output_stream:3610] result profile ch_mask:0x1 rate:32000 format:AC3(0x9000000) usecase:RAW_DIRECT
05-27 16:11:48.789 478 478 I audio_hw_hal_utils: aml_get_stream_dump_file_name line 2929 file_name /data/vendor/audiohal/stream_pid478_tid478.dd
05-27 16:11:48.789 478 478 I audio_hw_hal_primary: [adev_open_output_stream_new:8037] io 1437: out: 0xefc415a0 card:0 alsa devices:0 exit ------
05-27 16:11:48.790 478 478 I audio_hw_hal_primary: [out_get_buffer_size:552] out:0xefc415a0 config.rate=32000, format:AC3(0x9000000), stream format:AC3(0x9000000)
05-27 16:11:48.791 535 2034 I AudioFlinger: HAL output buffer size 2048 frames, normal sink buffer size 2048 frames
05-27 16:11:48.791 478 478 I audio_hw_hal_primary: [audiohal_get_latency:1333] io 1437: out:0xefc415a0 frames:1024 rate:32000 whole_latency:32 alsa_latency:32
05-27 16:11:48.791 478 478 I audio_hw_hal_primary: [out_set_event_callback:3158] io 1437: out:0xefc415a0, callback:0xf1b4091d cookie:0xf2201db0
05-27 16:11:48.791 478 478 I audio_hw_hal_primary: [audiohal_get_latency:1333] io 1437: out:0xefc415a0 frames:1280 rate:32000 whole_latency:40 alsa_latency:40
05-27 16:11:48.791 535 4949 I AudioFlinger: AudioFlinger's thread 0xe78d0250 tid=4949 ready to run
05-27 16:11:48.792 478 478 I audio_hw_hal_primary: [audiohal_get_latency:1333] io 1437: out:0xefc415a0 frames:1280 rate:32000 whole_latency:40 alsa_latency:40
05-27 16:11:48.792 535 4949 D AudioFlinger: ro.audio.silent is ignored since no output device is set
05-27 16:11:48.793 478 478 D audio_hw_hal_primary: [out_standby_new:5767] io 1437: out:0xefc415a0 usecase:RAW_DIRECT
05-27 16:11:48.793 478 478 I audio_hw_hal_primary: already standby, do nothing
05-27 16:11:48.793 535 4949 D AudioFlinger: ro.audio.silent is ignored since no output device is set
05-27 16:11:48.794 2275 2331 D nStackXCoAP: IsInSameNetwork:[276] :IsInSameNetwork exec
05-27 16:11:48.795 2275 2331 I nStackXDFinder: GetLocalInterfaceDetail:[461] :GetLocalInterfaceDetail in
05-27 16:11:48.795 2275 2331 E nStackXCoAP: IsInSameNetwork:[281] :IsInSameNetwork: not priority process
05-27 16:11:48.795 2275 2331 D nStackXCoAP: ParseServiceDiscover:[330] :new device join
05-27 16:11:48.795 2275 2331 E nStackXDFinder: GetLocalIp:[401] :GetLocalIp exec
05-27 16:11:48.802 478 478 D xm_audio: adev_get_parameters
05-27 16:11:48.809 478 478 D audio_hw_hal_primary: [out_dump:848] io 1365: out:0xefc4baf0, fd:26
05-27 16:11:48.810 478 478 D audio_hw_hal_primary: [out_set_parameters:971] out:0xefc4baf0 kvpairs:closing=true;exiting=1 out->out_device:0x400, adev->out_device:0x80002
05-27 16:11:48.810 478 478 E audio_hw_hal_primary: out_set_parameters, ret:-2, hw_sync_mode:is false
01-01 08:05:18.557 0 0 I [3 T351 ..] [hdmitx: ] set21_phy_by_mode_s7d[188] rterm = 7
01-01 08:05:18.558 0 0 I [1 T351 ..] [hdmitx: ] Sink is HDMI device
01-01 08:05:18.558 0 0 I [1 T351 ..] [hdmitx: ] clear vsif for non-4k mode.
01-01 08:05:18.559 0 0 I [1 T351 ..] [hdmitx: ] set audio
01-01 08:05:18.559 0 0 I [1 T351 ..] [hdmitx: ] audio_param->chs = 7
01-01 08:05:18.560 0 0 I [1 T351 ..] [hdmitx: ] aud_src_if = 1
01-01 08:05:18.560 0 0 I [1 T351 ..] [hdmitx: ] aud_n_para = 24576
05-27 16:11:48.814 478 478 I audio_hw_hal_primary: [out_set_event_callback:3158] io 1365: out:0xefc4baf0, callback:0xf1b4091d cookie:0xf22007f0
05-27 16:11:48.815 478 478 I audio_hw_hal_primary: [adev_close_output_stream_new:8052] io handle 1365: out:0xefc4baf0
05-27 16:11:48.815 478 478 D audio_hw_hal_primary: adev_close_output_stream_new: enter usecase = RAW_HWSYNC
05-27 16:11:48.815 478 478 I audio_hw_hal_primary: [adev_close_output_stream:3695] io 1365: out:0xefc4baf0 dev:OUT_HDMI(0x400) flags:0x51, usecase:RAW_HWSYNC
05-27 16:11:48.815 478 478 D audio_hw_hal_primary: [out_standby_new:5767] io 1365: out:0xefc4baf0 usecase:RAW_HWSYNC
05-27 16:11:48.815 478 478 I audio_hw_hal_primary: already standby, do nothing
05-27 16:11:48.815 478 478 I audio_hw_hal_resourcemgr: [is_output_device_muted:710] device:0x2 port_mute:0, fade_mute:0
05-27 16:11:48.815 478 478 I audio_hw_hal_primary: [adev_close_output_stream:3863] io 1365: out:0xefc4baf0 exit ------
05-27 16:11:48.815 478 676 I audio_hw_hal_primary: [adev_uevent_callback:9131] uevent type=0
05-27 16:11:48.815 320 328 I SystemControl: [/UEventObserver.cpp, HDMITxUenventThreadLoop, 451] HDMI TX switch_name:hdmitx_vmode_audio, switch_state: 1
01-01 08:05:18.561 0 0 I [1 T351 ..] [hdmitx: ] vinfo: set cur_enc_ppc as 1, vpp color: 0
01-01 08:05:18.563 0 0 I [1 T351 ..] DOLBY: vout_notify_callback: VOUT_EVENT_MODE_CHANGE
01-01 08:05:18.563 0 0 I : [1 T351 ..] vsync_pts_inc 1800 1/50
01-01 08:05:18.564 0 0 I : [1 T351 ..] [drm] meson_vout_update_mode_name: hdmitx update vout 1 name 576p50hz.
05-27 16:11:48.818 535 2034 D AudioFlinger: closing mmapThread 0xe75c24a0
05-27 16:11:48.818 535 2034 D AudioFlinger: mmapThread exit()
05-27 16:11:48.818 478 673 I audio_hw_hal_alsamgr: raw to lpcm switch aml_alsa_output_write
05-27 16:11:48.818 478 478 I audio_hw_hal_primary: [adev_close_output_stream_new:8052] io handle 1381: out:0xefc49700
05-27 16:11:48.818 478 478 D audio_hw_hal_primary: adev_close_output_stream_new: enter usecase = PCM_MMAP
05-27 16:11:48.818 478 478 I audio_hw_hal_primary: [adev_close_output_stream:3695] io 1381: out:0xefc49700 dev:OUT_HDMI(0x400) flags:0x4001, usecase:PCM_MMAP
05-27 16:11:48.818 478 478 D audio_hw_hal_primary: [out_standby_new:5767] io 1381: out:0xefc49700 usecase:PCM_MMAP
05-27 16:11:48.818 478 478 I audio_hw_hal_primary: already standby, do nothing
05-27 16:11:48.818 478 478 I audio_hw_hal_mmap: [outMmapDeInit:743] stream:0xefc49700
05-27 16:11:48.818 478 478 I audio_hw_hal_mmap: [mmap_audio_unregister_client:955] OK ! stream 0xefc49700, client id 0
05-27 16:11:48.818 478 478 I audio_hw_hal_primary: when close aaudio stream, send STANDBY msg to submix & ms12
05-27 16:11:48.818 478 478 I audio_hw_hal_ms12common: aml_set_ms12_scheduler_state ms12_scheduler_state:1, sch_state:1 SCHEDULER_STANDBY is sent to ms12
05-27 16:11:48.818 478 478 I audio_hw_hal_resourcemgr: [is_output_device_muted:710] device:0x2 port_mute:0, fade_mute:0
05-27 16:11:48.818 478 478 I audio_hw_hal_primary: [adev_close_output_stream:3863] io 1381: out:0xefc49700 exit ------
05-27 16:11:48.820 478 542 D audio_hw_hal_primary: [out_dump:848] io 1397: out:0xefc47a40, fd:23
01-01 08:05:18.565 0 0 D [2 T673 ..] [snd-soc]: spdif_a is set to disable
01-01 08:05:18.566 0 0 I [2 T673 ..] [snd-soc]: aml_audio_reset, reg 0xa, shift 9, use_vadtop 0
01-01 08:05:18.566 0 0 I [2 T673 ..] [snd-soc]: aml_audio_reset, reg 0xa, shift 14, use_vadtop 0
01-01 08:05:18.567 0 0 I [2 T673 ..] [snd-soc]: sharebuffer_spdifout_prepare get_hdmitx_audio_src(rtd->card):3 spdif_id:0
01-01 08:05:18.568 0 0 D [2 T673 ..] [snd-soc]: spdif_a fifo ctrl, frddr:0 type:1, 16 bits, chmask 0x3, swap 0x10
01-01 08:05:18.569 0 0 I [2 T673 ..] [snd-soc]: aml_audio_reset, reg 0xa, shift 10, use_vadtop 0
01-01 08:05:18.569 0 0 I [2 T673 ..] [snd-soc]: aml_audio_reset, reg 0xa, shift 13, use_vadtop 0
01-01 08:05:18.570 0 0 I [2 T673 ..] [hdmitx: ] hdmitx_audio_notify_callback[804] type:12 rate:7 size:1 chs:8 i2s_ch_mask:15 aud_src_if:1
01-01 08:05:18.571 0 0 I [2 T673 ..] [hdmitx: ] aout notify format CT_MAT
01-01 08:05:18.572 0 0 I [2 T673 ..] [hdmitx: ] set audio
01-01 08:05:18.573 0 0 I [2 T673 ..] [hdmitx: ] audio_param->chs = 7
05-27 16:11:48.821 478 673 I audio_hw_hal_alsamgr: aml_alsa_output_write_new reset hdmitx alsa
05-27 16:11:48.827 478 542 D audio_hw_hal_primary: [out_set_parameters:971] out:0xefc47a40 kvpairs:closing=true;exiting=1 out->out_device:0x400, adev->out_device:0x80002
05-27 16:11:48.827 478 542 E audio_hw_hal_primary: out_set_parameters, ret:-2, hw_sync_mode:is false
05-27 16:11:48.828 535 4941 D AudioFlinger: ro.audio.silent is ignored since no output device is set
05-27 16:11:48.828 478 542 I audio_hw_hal_primary: [out_set_event_callback:3158] io 1397: out:0xefc47a40, callback:0xf1b4091d cookie:0xf22025f0
05-27 16:11:48.828 478 2364 I audio_hw_hal_primary: [adev_close_output_stream_new:8052] io handle 1397: out:0xefc47a40
05-27 16:11:48.828 478 2364 D audio_hw_hal_primary: adev_close_output_stream_new: enter usecase = RAW_HWSYNC
05-27 16:11:48.828 478 2364 I audio_hw_hal_primary: [adev_close_output_stream:3695] io 1397: out:0xefc47a40 dev:OUT_HDMI(0x400) flags:0x41, usecase:RAW_HWSYNC
05-27 16:11:48.828 478 2364 D audio_hw_hal_primary: [out_standby_new:5767] io 1397: out:0xefc47a40 usecase:RAW_HWSYNC
05-27 16:11:48.828 478 2364 I audio_hw_hal_primary: already standby, do nothing
05-27 16:11:48.828 478 2364 I audio_hw_hal_resourcemgr: [is_output_device_muted:710] device:0x2 port_mute:0, fade_mute:0
05-27 16:11:48.829 478 2364 I audio_hw_hal_primary: [adev_close_output_stream:3863] io 1397: out:0xefc47a40 exit ------
01-01 08:05:18.573 0 0 I [2 T673 ..] [hdmitx: ] aud_src_if = 1
01-01 08:05:18.574 0 0 I [2 T673 ..] [hdmitx: ] aud_n_para = 24576
01-01 08:05:18.575 0 0 I [2 T673 ..] [hdmitx: ] set audio param
01-01 08:05:18.578 0 0 D [2 T673 ..] [snd-soc]: spdif_a is set to enable
05-27 16:11:48.829 290 351 D MesonHwc: setmode:crtc[63], name [576p50hz] -modeblob[129] [720x576-50.00] seamless:0 enableVrr:0
05-27 16:11:48.829 290 351 V MesonDisplayServer: GetDisplayMode:576p50hz
05-27 16:11:48.829 290 351 I MesonHwc: getDisplayMode mode:576p50hz
05-27 16:11:48.829 320 328 I SystemControl: [/UEventObserver.cpp, HDMITxUenventThreadLoop, 451] HDMI TX switch_name:hdmitx_current_status, switch_state: 128
05-27 16:11:48.829 320 328 I SystemControl: [/UEventObserver.cpp, HDMITxUenventThreadLoop, 451] HDMI TX switch_name:hdmitx_current_status, switch_state: 129
05-27 16:11:48.830 478 673 I audio_hw_hal_ms12v2: dolby_ms12_threadloop alsa is not running
05-27 16:11:48.830 478 1797 D audio_hw_hal_primary: [out_dump:848] io 1405: out:0xefc4b3c0, fd:23
05-27 16:11:48.830 478 673 I audio_hw_hal_ms12v2: dolby_ms12_threadloop alsa is not running
05-27 16:11:48.831 478 673 I audio_hw_hal_ms12v2: dolby_ms12_threadloop alsa is not running
05-27 16:11:48.831 478 673 I audio_hw_hal_ms12v2: dolby_ms12_threadloop alsa is not running
05-27 16:11:48.831 478 673 I audio_hw_hal_alsamgr: aml_alsa_output_write alsa_running_status[0xefc447f0] change from 0 to 1
05-27 16:11:48.831 478 478 D audio_hw_hal_primary: [out_set_parameters:971] out:0xefc4b3c0 kvpairs:closing=true;exiting=1 out->out_device:0x400, adev->out_device:0x80002
05-27 16:11:48.831 478 478 E audio_hw_hal_primary: out_set_parameters, ret:-2, hw_sync_mode:is false
05-27 16:11:48.832 535 4944 D AudioFlinger: ro.audio.silent is ignored since no output device is set
05-27 16:11:48.832 478 478 I audio_hw_hal_primary: [out_set_event_callback:3158] io 1405: out:0xefc4b3c0, callback:0xf1b4091d cookie:0xf2201930
05-27 16:11:48.832 478 1797 I audio_hw_hal_primary: [adev_close_output_stream_new:8052] io handle 1405: out:0xefc4b3c0
05-27 16:11:48.832 478 1797 D audio_hw_hal_primary: adev_close_output_stream_new: enter usecase = PCM_HWSYNC
05-27 16:11:48.833 478 1797 D audio_hw_hal_timer: func:audio_timer_delete delete timer.1 success.
05-27 16:11:48.833 478 1797 D audio_hw_hal_timer: func:audio_timer_delete delete timer.2 success.
05-27 16:11:48.833 478 1797 D audio_hw_hal_primary: [adev_close_output_stream_new:8076] timer_id:1 ret:2
05-27 16:11:48.833 478 1797 I audio_hw_hal_primary: [adev_close_output_stream:3695] io 1405: out:0xefc4b3c0 dev:OUT_HDMI(0x400) flags:0x41, usecase:PCM_HWSYNC
05-27 16:11:48.833 478 1797 D audio_hw_hal_primary: [out_standby_new:5767] io 1405: out:0xefc4b3c0 usecase:PCM_HWSYNC
05-27 16:11:48.833 478 1797 I audio_hw_hal_primary: already standby, do nothing
05-27 16:11:48.833 478 1797 I audio_hw_hal_resourcemgr: [is_output_device_muted:710] device:0x2 port_mute:0, fade_mute:0
05-27 16:11:48.833 478 1797 I audio_hw_hal_primary: [adev_close_output_stream:3863] io 1405: out:0xefc4b3c0 exit ------
05-27 16:11:48.834 478 1797 D audio_hw_hal_primary: [out_dump:848] io 1421: out:0xefc40e70, fd:23
05-27 16:11:48.836 478 478 D audio_hw_hal_primary: [out_set_parameters:971] out:0xefc40e70 kvpairs:closing=true;exiting=1 out->out_device:0x400, adev->out_device:0x80002
05-27 16:11:48.836 478 478 E audio_hw_hal_primary: out_set_parameters, ret:-2, hw_sync_mode:is false
05-27 16:11:48.836 535 4947 D AudioFlinger: ro.audio.silent is ignored since no output device is set
05-27 16:11:48.837 478 478 I audio_hw_hal_primary: [out_set_event_callback:3158] io 1421: out:0xefc40e70, callback:0xf1b4091d cookie:0xf2200cd0
05-27 16:11:48.837 290 351 I MesonHwc: getContentTypeSupport: game is true
05-27 16:11:48.837 478 478 I audio_hw_hal_primary: [adev_close_output_stream_new:8052] io handle 1421: out:0xefc40e70
05-27 16:11:48.837 478 478 D audio_hw_hal_primary: adev_close_output_stream_new: enter usecase = RAW_DIRECT
05-27 16:11:48.837 478 478 I audio_hw_hal_primary: [adev_close_output_stream:3695] io 1421: out:0xefc40e70 dev:OUT_HDMI(0x400) flags:0x1, usecase:RAW_DIRECT
05-27 16:11:48.837 478 478 D audio_hw_hal_primary: [out_standby_new:5767] io 1421: out:0xefc40e70 usecase:RAW_DIRECT
05-27 16:11:48.837 478 478 I audio_hw_hal_primary: already standby, do nothing
05-27 16:11:48.837 478 478 I audio_hw_hal_resourcemgr: [is_output_device_muted:710] device:0x2 port_mute:0, fade_mute:0
05-27 16:11:48.837 478 478 I audio_hw_hal_primary: [adev_close_output_stream:3863] io 1421: out:0xefc40e70 exit ------
05-27 16:11:48.839 478 1797 D audio_hw_hal_primary: [out_dump:848] io 1429: out:0xefc4c950, fd:23
05-27 16:11:48.840 290 351 I MesonHwc: set display-size:720x576
05-27 16:11:48.840 478 1797 D audio_hw_hal_primary: [out_set_parameters:971] out:0xefc4c950 kvpairs:closing=true;exiting=1 out->out_device:0x400, adev->out_device:0x80002
05-27 16:11:48.840 478 1797 E audio_hw_hal_primary: out_set_parameters, ret:-2, hw_sync_mode:is false
05-27 16:11:48.841 478 1797 I audio_hw_hal_primary: [out_set_event_callback:3158] io 1429: out:0xefc4c950, callback:0xf1b4091d cookie:0xf2201ab0
05-27 16:11:48.841 478 1797 I audio_hw_hal_primary: [adev_close_output_stream_new:8052] io handle 1429: out:0xefc4c950
05-27 16:11:48.841 478 1797 D audio_hw_hal_primary: adev_close_output_stream_new: enter usecase = RAW_DIRECT
05-27 16:11:48.841 478 1797 I audio_hw_hal_primary: [adev_close_output_stream:3695] io 1429: out:0xefc4c950 dev:OUT_HDMI(0x400) flags:0x11, usecase:RAW_DIRECT
05-27 16:11:48.841 478 1797 D audio_hw_hal_primary: [out_standby_new:5767] io 1429: out:0xefc4c950 usecase:RAW_DIRECT
05-27 16:11:48.841 478 1797 I audio_hw_hal_primary: already standby, do nothing
05-27 16:11:48.841 478 1797 I audio_hw_hal_resourcemgr: [is_output_device_muted:710] device:0x2 port_mute:0, fade_mute:0
05-27 16:11:48.841 478 1797 I audio_hw_hal_primary: [adev_close_output_stream:3863] io 1429: out:0xefc4c950 exit ------
05-27 16:11:48.841 320 371 I SystemControl: [/Ubootenv.cpp, get, 336] [ubootenv] get key:576p_x envValue: 0
05-27 16:11:48.843 478 478 D audio_hw_hal_primary: [out_dump:848] io 1437: out:0xefc415a0, fd:23
05-27 16:11:48.843 320 371 I SystemControl: [/Ubootenv.cpp, get, 336] [ubootenv] get key:576p_y envValue: 0
05-27 16:11:48.844 478 478 D audio_hw_hal_primary: [out_set_parameters:971] out:0xefc415a0 kvpairs:closing=true;exiting=1 out->out_device:0x400, adev->out_device:0x80002
05-27 16:11:48.844 478 478 E audio_hw_hal_primary: out_set_parameters, ret:-2, hw_sync_mode:is false
05-27 16:11:48.844 320 371 I SystemControl: [/Ubootenv.cpp, get, 336] [ubootenv] get key:576p_w envValue: 720
05-27 16:11:48.844 535 4949 D AudioFlinger: ro.audio.silent is ignored since no output device is set
05-27 16:11:48.844 478 478 I audio_hw_hal_primary: [out_set_event_callback:3158] io 1437: out:0xefc415a0, callback:0xf1b4091d cookie:0xf2201db0
05-27 16:11:48.845 478 478 I audio_hw_hal_primary: [adev_close_output_stream_new:8052] io handle 1437: out:0xefc415a0
05-27 16:11:48.845 478 478 D audio_hw_hal_primary: adev_close_output_stream_new: enter usecase = RAW_DIRECT
05-27 16:11:48.845 478 478 I audio_hw_hal_primary: [adev_close_output_stream:3695] io 1437: out:0xefc415a0 dev:OUT_HDMI(0x400) flags:0x1, usecase:RAW_DIRECT
05-27 16:11:48.845 478 478 D audio_hw_hal_primary: [out_standby_new:5767] io 1437: out:0xefc415a0 usecase:RAW_DIRECT
05-27 16:11:48.845 478 478 I audio_hw_hal_primary: already standby, do nothing
05-27 16:11:48.845 478 478 I audio_hw_hal_resourcemgr: [is_output_device_muted:710] device:0x2 port_mute:0, fade_mute:0
05-27 16:11:48.845 478 478 I audio_hw_hal_primary: [adev_close_output_stream:3863] io 1437: out:0xefc415a0 exit ------
05-27 16:11:48.845 320 371 I SystemControl: [/Ubootenv.cpp, get, 336] [ubootenv] get key:576p_h envValue: 576
05-27 16:11:48.845 290 351 I MesonHwc: getPosition curMode:576p50hz position[0]:0 position[1]:0 position[2]:720 position[3]:576
05-27 16:11:48.845 290 351 I MesonHwc: setPosition curMode:576p50hz left:0 top:0 width:720 height:576
05-27 16:11:48.845 290 351 D MesonHwc: set key:ubootenv.var.576p_x value:0
05-27 16:11:48.845 320 371 I SystemControl: [/Ubootenv.cpp, updateValue, 68] [ubootenv] update value name [ubootenv.var.576p_x]: value [0]
05-27 16:11:48.845 320 371 I SystemControl: [/Ubootenv.cpp, get, 336] [ubootenv] get key:576p_x envValue: 0
05-27 16:11:48.846 489 519 D hdmicecd: [CEC]:printCecMessage, [4 -> 4] len: 0, body:, result:no ack
05-27 16:11:48.846 489 519 E IPCThreadState: binder thread pool (1 threads) starved for 208 ms
05-27 16:11:48.846 290 351 D MesonHwc: set key:ubootenv.var.576p_y value:0
05-27 16:11:48.846 320 371 I SystemControl: [/Ubootenv.cpp, updateValue, 68] [ubootenv] update value name [ubootenv.var.576p_y]: value [0]
05-27 16:11:48.846 320 371 I SystemControl: [/Ubootenv.cpp, get, 336] [ubootenv] get key:576p_y envValue: 0
05-27 16:11:48.846 290 351 D MesonHwc: set key:ubootenv.var.576p_w value:720
05-27 16:11:48.846 320 371 I SystemControl: [/Ubootenv.cpp, updateValue, 68] [ubootenv] update value name [ubootenv.var.576p_w]: value [720]
05-27 16:11:48.846 320 371 I SystemControl: [/Ubootenv.cpp, get, 336] [ubootenv] get key:576p_w envValue: 720
05-27 16:11:48.846 290 351 D MesonHwc: set key:ubootenv.var.576p_h value:576
05-27 16:11:48.846 320 371 I SystemControl: [/Ubootenv.cpp, updateValue, 68] [ubootenv] update value name [ubootenv.var.576p_h]: value [576]
05-27 16:11:48.846 320 371 I SystemControl: [/Ubootenv.cpp, get, 336] [ubootenv] get key:576p_h envValue: 576
05-27 16:11:48.846 290 351 V MesonDisplayServer: SetDisplay[HDMI] DisplayRect to "(0,0,720,576)"
05-27 16:11:48.846 290 351 D MesonHwc: Display (0) ask for refresh.
05-27 16:11:48.847 290 351 V MesonDisplayServer: SetDisplayViewPort done
05-27 16:11:48.848 715 873 I AS.AudioDeviceInventory: sendDeviceConnectionIntent(dev:0x400 state:0x1 address: name:);
05-27 16:11:48.849 715 876 I AudioService: onAccessoryPlugMediaUnmute newDevice=1024 [hdmi]
05-27 16:11:48.855 715 715 V MediaRouter: Audio routes updated: AudioRoutesInfo{ type=HDMI }, a2dp=false
05-27 16:11:48.855 715 715 V MediaRouter: Selecting route: RouteInfo{ name=外部设备, description=null, status=null, category=RouteCategory{ name=系统 types=ROUTE_TYPE_LIVE_AUDIO ROUTE_TYPE_LIVE_VIDEO groupable=false }, supportedTypes=ROUTE_TYPE_LIVE_AUDIO ROUTE_TYPE_LIVE_VIDEO , presentationDisplay=null }
05-27 16:11:48.857 931 931 V MediaRouter: Audio routes updated: AudioRoutesInfo{ type=HDMI }, a2dp=false
05-27 16:11:48.857 931 931 V MediaRouter: Selecting route: RouteInfo{ name=外部设备, description=null, status=null, category=RouteCategory{ name=系统 types=ROUTE_TYPE_LIVE_AUDIO ROUTE_TYPE_LIVE_VIDEO groupable=false }, supportedTypes=ROUTE_TYPE_LIVE_AUDIO ROUTE_TYPE_LIVE_VIDEO , presentationDisplay=null }
05-27 16:11:48.859 1034 1302 D ActiveDeviceManager: onAudioDevicesAdded
05-27 16:11:48.860 1034 1302 D ActiveDeviceManager: Audio device added: DBBOX-A3 type: 9
05-27 16:11:48.860 1034 1034 D AvrcpVolumeManager: onAudioDevicesAdded: Not expecting device changed
05-27 16:11:48.862 478 1797 D xm_audio: adev_get_parameters
05-27 16:11:48.863 478 1797 D xm_audio: adev_get_parameters
05-27 16:11:48.867 290 351 E MesonHwc: open file [/sys/class/amhdmitx/amhdmitx0/aud_mute] error:Permission denied
05-27 16:11:48.867 290 351 E MesonHwc: open file [/sys/class/amhdmitx/amhdmitx0/aud_mute] error:Permission denied
05-27 16:11:48.867 290 351 E MesonHwc: dolby vision driver is not ready
05-27 16:11:48.867 290 351 I MesonHwc: setSysfsStr /sys/devices/virtual/amhdmitx/amhdmitx0/avmute= -1
05-27 16:11:48.867 290 4957 I MesonDisplay: [/HDCPTxAuth.cpp, authThread, 173] hdcp_tx thread loop entry
05-27 16:11:48.867 290 351 I MesonDisplay: [/HDCPTxAuth.cpp, start, 109] hdcp_tx, create hdcp thread id = 3890725312 done
05-27 16:11:48.868 320 371 I SystemControl: [/Ubootenv.cpp, get, 345] [ubootenv] search end and not find env:digitaudiooutput
05-27 16:11:48.868 290 351 D MesonHwc: sc_read_bootenv val is empty
05-27 16:11:48.868 290 4957 D MesonDisplay: read /sys/class/amhdmitx/amhdmitx0/hdcp_lstore, result length:0, val:
05-27 16:11:48.868 290 351 V MesonDisplayServer: GetDisplayMode:576p50hz
05-27 16:11:48.868 290 351 I MesonHwc: getDisplayMode mode:576p50hz
05-27 16:11:48.869 478 1797 D xm_audio: adev_get_parameters
05-27 16:11:48.869 320 371 I SystemControl: [/Ubootenv.cpp, get, 336] [ubootenv] get key:hdmichecksum envValue: 0xc92b0000
01-01 08:05:18.614 0 0 I [2 T351 ..] [hdmitx: ] avmute_store -1
05-27 16:11:48.869 290 351 D MesonHwc: get key:ubootenv.var.hdmichecksum value:0xc92b0000
05-27 16:11:48.869 290 351 D MesonDisplayServer: use connector getDisplayAttribute "HDMI Color ATTR": "444,8bit"
05-27 16:11:48.869 290 351 D MesonHwc: set key:ubootenv.var.576p50hz_deepcolor value:444,8bit
05-27 16:11:48.869 320 371 I SystemControl: [/Ubootenv.cpp, updateValue, 68] [ubootenv] update value name [ubootenv.var.576p50hz_deepcolor]: value [444,8bit]
05-27 16:11:48.869 320 371 I SystemControl: [/Ubootenv.cpp, get, 336] [ubootenv] get key:576p50hz_deepcolor envValue: 444,8bit
05-27 16:11:48.870 290 351 D MesonHwc: set key:ubootenv.var.colorattribute value:444,8bit
05-27 16:11:48.870 320 371 I SystemControl: [/Ubootenv.cpp, updateValue, 68] [ubootenv] update value name [ubootenv.var.colorattribute]: value [444,8bit]
05-27 16:11:48.870 320 371 I SystemControl: [/Ubootenv.cpp, get, 336] [ubootenv] get key:colorattribute envValue: 444,8bit
05-27 16:11:48.870 290 351 D MesonHwc: set key:ubootenv.var.hdmi_colordepth value:8
05-27 16:11:48.870 320 371 I SystemControl: [/Ubootenv.cpp, updateValue, 68] [ubootenv] update value name [ubootenv.var.hdmi_colordepth]: value [8]
05-27 16:11:48.870 320 371 I SystemControl: [/Ubootenv.cpp, get, 336] [ubootenv] get key:hdmi_colordepth envValue: 8
05-27 16:11:48.870 290 351 D MesonHwc: set key:ubootenv.var.hdmi_colorspace value:auto
05-27 16:11:48.870 320 371 I SystemControl: [/Ubootenv.cpp, updateValue, 68] [ubootenv] update value name [ubootenv.var.hdmi_colorspace]: value [auto]
05-27 16:11:48.870 478 1797 D xm_audio: adev_get_parameters
05-27 16:11:48.870 320 371 I SystemControl: [/Ubootenv.cpp, get, 336] [ubootenv] get key:hdmi_colorspace envValue: auto
05-27 16:11:48.870 290 351 D MesonHwc: set key:ubootenv.var.outputmode value:576p50hz
05-27 16:11:48.870 320 371 I SystemControl: [/Ubootenv.cpp, updateValue, 68] [ubootenv] update value name [ubootenv.var.outputmode]: value [576p50hz]
05-27 16:11:48.870 320 371 I SystemControl: [/Ubootenv.cpp, get, 336] [ubootenv] get key:outputmode envValue: 576p50hz
05-27 16:11:48.870 290 351 E MesonHwc: dolby vision driver is not ready
05-27 16:11:48.870 290 351 I MesonHwc: MBOX is not support dv, dvstatus amdv_type 0 dv_enable 0
05-27 16:11:48.871 290 351 I MesonHwc: colorattr: 444,8bit, outputMode 576p50hz, cd 8, cs auto
05-27 16:11:48.871 290 351 D MesonHwc: received Uevent: change@/devices/virtual/amhdmitx/amhdmitx0
05-27 16:11:48.871 290 351 D MesonHwc: received Uevent: ACTION=change
05-27 16:11:48.871 290 351 D MesonHwc: received Uevent: DEVPATH=/devices/virtual/amhdmitx/amhdmitx0
05-27 16:11:48.871 290 351 D MesonHwc: received Uevent: SUBSYSTEM=amhdmitx
05-27 16:11:48.871 290 351 D MesonHwc: received Uevent: hdmitx_audio=1
05-27 16:11:48.871 290 351 D MesonHwc: received Uevent: MAJOR=492
05-27 16:11:48.871 290 351 D MesonHwc: received Uevent: MINOR=0
05-27 16:11:48.871 290 351 D MesonHwc: received Uevent: DEVNAME=amhdmitx0
05-27 16:11:48.871 290 351 D MesonHwc: received Uevent: SEQNUM=5240
05-27 16:11:48.871 290 351 D MesonHwc: received Uevent: change@/devices/virtual/amhdmitx/amhdmitx0
05-27 16:11:48.871 290 351 D MesonHwc: received Uevent: ACTION=change
05-27 16:11:48.871 290 351 D MesonHwc: received Uevent: DEVPATH=/devices/virtual/amhdmitx/amhdmitx0
05-27 16:11:48.871 290 351 D MesonHwc: received Uevent: SUBSYSTEM=amhdmitx
05-27 16:11:48.871 290 351 D MesonHwc: received Uevent: hdmitx_audio=1
05-27 16:11:48.871 290 351 D MesonHwc: received Uevent: MAJOR=492
05-27 16:11:48.871 290 351 D MesonHwc: received Uevent: MINOR=0
05-27 16:11:48.871 290 351 D MesonHwc: received Uevent: DEVNAME=amhdmitx0
05-27 16:11:48.871 290 351 D MesonHwc: received Uevent: SEQNUM=5240
05-27 16:11:48.871 290 351 D MesonHwc: received Uevent: change@/devices/virtual/amhdmitx/amhdmitx0
05-27 16:11:48.871 290 351 D MesonHwc: received Uevent: ACTION=change
05-27 16:11:48.871 290 351 D MesonHwc: received Uevent: DEVPATH=/devices/virtual/amhdmitx/amhdmitx0
05-27 16:11:48.871 290 351 D MesonHwc: received Uevent: SUBSYSTEM=amhdmitx
05-27 16:11:48.871 290 351 D MesonHwc: received Uevent: hdmitx_current_status=127
05-27 16:11:48.871 290 351 D MesonHwc: received Uevent: MAJOR=492
05-27 16:11:48.871 290 351 D MesonHwc: received Uevent: MINOR=0
05-27 16:11:48.871 290 351 D MesonHwc: received Uevent: DEVNAME=amhdmitx0
05-27 16:11:48.871 290 351 D MesonHwc: received Uevent: SEQNUM=5242
05-27 16:11:48.871 290 351 D MesonHwc: received Uevent: NUM=5241
05-27 16:11:48.871 290 351 D MesonHwc: received Uevent: NUM=5239
05-27 16:11:48.871 290 351 D MesonHwc: received Uevent: OMPATIBLE_N=1
05-27 16:11:48.871 290 351 D MesonHwc: received Uevent: MODALIAS=of:NaocecT(null)Camlogic,_aocec-s7d
05-27 16:11:48.871 290 351 D MesonHwc: received Uevent: SEQNUM=5236
05-27 16:11:48.871 290 351 D MesonHwc: received Uevent: 5Ap0000C081
05-27 16:11:48.871 290 351 D MesonHwc: received Uevent: SEQNUM=3612
05-27 16:11:48.871 290 351 D MesonHwc: received Uevent: bfd4444600000000 1 130ff38b17c000 677bfad9415fed 9ed68000004400 10000002
05-27 16:11:48.871 290 351 D MesonHwc: received Uevent: REL=1040
05-27 16:11:48.871 290 351 D MesonHwc: received Uevent: ABS=100000000
05-27 16:11:48.871 290 351 D MesonHwc: received Uevent: MSC=10
05-27 16:11:48.871 290 351 D MesonHwc: received Uevent: MODALIAS=input:b0005v1D5ApC081e0000-e0,1,2,3,4,k71,72,73,74,77,80,82,83,85,86,87,88,89,8A,8B,8C,8E,90,96,98,9B,9C,9E,9F,A1,A3,A4,A5,A6,A7,A8,A9,AB,AC,AD,AE,B0,B1,B2,B5,B6,CE,CF,D0,D1,D2,D4,D8,D9,DB,DF,E0,E1,E4,E5,E6,E7,E8,E9,EA,EB,F0,F1,F4,100,161,162,166,16A,16E,172,174,176,177,178,179,17A,17B,17C,17D,17F,180,182,183,185,188,189,18C,18D,18E,18F,190,191,192,193,195,197,198,199,19A,19C,1A0,1A1,1A2,1A3,1A4,1A5,1A6,1A7,1A8,1A9,1AA,1AB,1AC,1AD,1AE,1AF,1B0,1B1,1B7,1BA,240,241,242,243,244,245,246,247,249,24A,250,251,r6,C,a20,m4,lsfw
05-27 16:11:48.871 290 351 D MesonHwc: received Uevent: SEQNUM=3609
05-27 16:11:48.871 290 351 D MesonHwc: received Uevent: change@/devices/virtual/amhdmitx/amhdmitx0
05-27 16:11:48.871 290 351 D MesonHwc: received Uevent: ACTION=change
05-27 16:11:48.871 290 351 D MesonHwc: received Uevent: DEVPATH=/devices/virtual/amhdmitx/amhdmitx0
05-27 16:11:48.871 290 351 D MesonHwc: received Uevent: SUBSYSTEM=amhdmitx
05-27 16:11:48.871 290 351 D MesonHwc: received Uevent: hdmitx_current_status=127
05-27 16:11:48.871 290 351 D MesonHwc: received Uevent: MAJOR=492
05-27 16:11:48.871 290 351 D MesonHwc: received Uevent: MINOR=0
05-27 16:11:48.871 290 351 D MesonHwc: received Uevent: DEVNAME=amhdmitx0
05-27 16:11:48.871 290 351 D MesonHwc: received Uevent: SEQNUM=5242
05-27 16:11:48.871 290 351 D MesonHwc: received Uevent: NUM=5241
05-27 16:11:48.871 290 351 D MesonHwc: received Uevent: NUM=5239
05-27 16:11:48.871 290 351 D MesonHwc: received Uevent: OMPATIBLE_N=1
05-27 16:11:48.871 290 351 D MesonHwc: received Uevent: MODALIAS=of:NaocecT(null)Camlogic,_aocec-s7d
05-27 16:11:48.871 290 351 D MesonHwc: received Uevent: SEQNUM=5236
05-27 16:11:48.871 290 351 D MesonHwc: received Uevent: 5Ap0000C081
05-27 16:11:48.871 290 351 D MesonHwc: received Uevent: SEQNUM=3612
05-27 16:11:48.871 290 351 D MesonHwc: received Uevent: bfd4444600000000 1 130ff38b17c000 677bfad9415fed 9ed68000004400 10000002
05-27 16:11:48.871 290 351 D MesonHwc: received Uevent: REL=1040
05-27 16:11:48.871 290 351 D MesonHwc: received Uevent: ABS=100000000
05-27 16:11:48.871 290 351 D MesonHwc: received Uevent: MSC=10
05-27 16:11:48.871 290 351 D MesonHwc: received Uevent: MODALIAS=input:b0005v1D5ApC081e0000-e0,1,2,3,4,k71,72,73,74,77,80,82,83,85,86,87,88,89,8A,8B,8C,8E,90,96,98,9B,9C,9E,9F,A1,A3,A4,A5,A6,A7,A8,A9,AB,AC,AD,AE,B0,B1,B2,B5,B6,CE,CF,D0,D1,D2,D4,D8,D9,DB,DF,E0,E1,E4,E5,E6,E7,E8,E9,EA,EB,F0,F1,F4,100,161,162,166,16A,16E,172,174,176,177,178,179,17A,17B,17C,17D,17F,180,182,183,185,188,189,18C,18D,18E,18F,190,191,192,193,195,197,198,199,19A,19C,1A0,1A1,1A2,1A3,1A4,1A5,1A6,1A7,1A8,1A9,1AA,1AB,1AC,1AD,1AE,1AF,1B0,1B1,1B7,1BA,240,241,242,243,244,245,246,247,249,24A,250,251,r6,C,a20,m4,lsfw
05-27 16:11:48.871 290 351 D MesonHwc: received Uevent: SEQNUM=3609
05-27 16:11:48.872 290 351 D MesonHwc: received Uevent: change@/devices/platform/vout
05-27 16:11:48.872 290 351 D MesonHwc: received Uevent: ACTION=change
05-27 16:11:48.872 290 351 D MesonHwc: received Uevent: DEVPATH=/devices/platform/vout
05-27 16:11:48.872 290 351 D MesonHwc: received Uevent: SUBSYSTEM=platform
05-27 16:11:48.872 290 351 D MesonHwc: received Uevent: vout_setmode=1
05-27 16:11:48.872 290 351 D MesonHwc: ModeChange state: [Begin to change]
05-27 16:11:48.872 290 351 D MesonHwc: On mode change state: [Begin to change]
05-27 16:11:48.872 290 351 D MesonHwc: received Uevent: change@/devices/virtual/amhdmitx/amhdmitx0
05-27 16:11:48.872 290 351 D MesonHwc: received Uevent: ACTION=change
05-27 16:11:48.872 290 351 D MesonHwc: received Uevent: DEVPATH=/devices/virtual/amhdmitx/amhdmitx0
05-27 16:11:48.872 290 351 D MesonHwc: received Uevent: SUBSYSTEM=amhdmitx
05-27 16:11:48.872 290 351 D MesonHwc: received Uevent: hdmitx_vmode_audio=1
05-27 16:11:48.872 290 351 D MesonHwc: received Uevent: MAJOR=492
05-27 16:11:48.872 290 351 D MesonHwc: received Uevent: MINOR=0
05-27 16:11:48.872 290 351 D MesonHwc: received Uevent: DEVNAME=amhdmitx0
05-27 16:11:48.872 290 351 D MesonHwc: received Uevent: SEQNUM=5246
05-27 16:11:48.872 290 351 D MesonHwc: received Uevent: ATIBLE_N=1
05-27 16:11:48.872 290 351 D MesonHwc: received Uevent: MODALIAS=of:NvoutT(null)Camlogic,_vout
05-27 16:11:48.872 290 351 D MesonHwc: received Uevent: SEQNUM=5245
05-27 16:11:48.872 290 351 D MesonHwc: received Uevent: Camlogic,_aocec-s7d
05-27 16:11:48.872 290 351 D MesonHwc: received Uevent: SEQNUM=5243
05-27 16:11:48.872 290 351 D MesonHwc: received Uevent: 5Ap0000C081
05-27 16:11:48.872 290 351 D MesonHwc: received Uevent: SEQNUM=3612
05-27 16:11:48.872 290 351 D MesonHwc: received Uevent: bfd4444600000000 1 130ff38b17c000 677bfad9415fed 9ed68000004400 10000002
05-27 16:11:48.872 290 351 D MesonHwc: received Uevent: REL=1040
05-27 16:11:48.872 290 351 D MesonHwc: received Uevent: ABS=100000000
05-27 16:11:48.872 290 351 D MesonHwc: received Uevent: MSC=10
05-27 16:11:48.872 290 351 D MesonHwc: received Uevent: MODALIAS=input:b0005v1D5ApC081e0000-e0,1,2,3,4,k71,72,73,74,77,80,82,83,85,86,87,88,89,8A,8B,8C,8E,90,96,98,9B,9C,9E,9F,A1,A3,A4,A5,A6,A7,A8,A9,AB,AC,AD,AE,B0,B1,B2,B5,B6,CE,CF,D0,D1,D2,D4,D8,D9,DB,DF,E0,E1,E4,E5,E6,E7,E8,E9,EA,EB,F0,F1,F4,100,161,162,166,16A,16E,172,174,176,177,178,179,17A,17B,17C,17D,17F,180,182,183,185,188,189,18C,18D,18E,18F,190,191,192,193,195,197,198,199,19A,19C,1A0,1A1,1A2,1A3,1A4,1A5,1A6,1A7,1A8,1A9,1AA,1AB,1AC,1AD,1AE,1AF,1B0,1B1,1B7,1BA,240,241,242,243,244,245,246,247,249,24A,250,251,r6,C,a20,m4,lsfw
05-27 16:11:48.872 290 351 D MesonHwc: received Uevent: SEQNUM=3609
05-27 16:11:48.872 290 351 D MesonHwc: received Uevent: change@/devices/virtual/amhdmitx/amhdmitx0
05-27 16:11:48.872 290 351 D MesonHwc: received Uevent: ACTION=change
05-27 16:11:48.872 290 351 D MesonHwc: received Uevent: DEVPATH=/devices/virtual/amhdmitx/amhdmitx0
05-27 16:11:48.872 290 351 D MesonHwc: received Uevent: SUBSYSTEM=amhdmitx
05-27 16:11:48.872 290 351 D MesonHwc: received Uevent: hdmitx_vmode_audio=1
05-27 16:11:48.872 290 351 D MesonHwc: received Uevent: MAJOR=492
05-27 16:11:48.872 290 351 D MesonHwc: received Uevent: MINOR=0
05-27 16:11:48.872 290 351 D MesonHwc: received Uevent: DEVNAME=amhdmitx0
05-27 16:11:48.872 290 351 D MesonHwc: received Uevent: SEQNUM=5246
05-27 16:11:48.872 290 351 D MesonHwc: received Uevent: ATIBLE_N=1
05-27 16:11:48.872 290 351 D MesonHwc: received Uevent: MODALIAS=of:NvoutT(null)Camlogic,_vout
05-27 16:11:48.872 290 351 D MesonHwc: received Uevent: SEQNUM=5245
05-27 16:11:48.872 290 351 D MesonHwc: received Uevent: Camlogic,_aocec-s7d
05-27 16:11:48.872 290 351 D MesonHwc: received Uevent: SEQNUM=5243
05-27 16:11:48.872 290 351 D MesonHwc: received Uevent: 5Ap0000C081
05-27 16:11:48.872 290 351 D MesonHwc: received Uevent: SEQNUM=3612
05-27 16:11:48.872 290 351 D MesonHwc: received Uevent: bfd4444600000000 1 130ff38b17c000 677bfad9415fed 9ed68000004400 10000002
05-27 16:11:48.872 290 351 D MesonHwc: received Uevent: REL=1040
05-27 16:11:48.872 290 351 D MesonHwc: received Uevent: ABS=100000000
05-27 16:11:48.872 290 351 D MesonHwc: received Uevent: MSC=10
05-27 16:11:48.872 290 351 D MesonHwc: received Uevent: MODALIAS=input:b0005v1D5ApC081e0000-e0,1,2,3,4,k71,72,73,74,77,80,82,83,85,86,87,88,89,8A,8B,8C,8E,90,96,98,9B,9C,9E,9F,A1,A3,A4,A5,A6,A7,A8,A9,AB,AC,AD,AE,B0,B1,B2,B5,B6,CE,CF,D0,D1,D2,D4,D8,D9,DB,DF,E0,E1,E4,E5,E6,E7,E8,E9,EA,EB,F0,F1,F4,100,161,162,166,16A,16E,172,174,176,177,178,179,17A,17B,17C,17D,17F,180,182,183,185,188,189,18C,18D,18E,18F,190,191,192,193,195,197,198,199,19A,19C,1A0,1A1,1A2,1A3,1A4,1A5,1A6,1A7,1A8,1A9,1AA,1AB,1AC,1AD,1AE,1AF,1B0,1B1,1B7,1BA,240,241,242,243,244,245,246,247,249,24A,250,251,r6,C,a20,m4,lsfw
05-27 16:11:48.872 290 351 D MesonHwc: received Uevent: SEQNUM=3609
05-27 16:11:48.872 290 351 D MesonHwc: received Uevent: change@/devices/virtual/amhdmitx/amhdmitx0
05-27 16:11:48.872 290 351 D MesonHwc: received Uevent: ACTION=change
05-27 16:11:48.872 290 351 D MesonHwc: received Uevent: DEVPATH=/devices/virtual/amhdmitx/amhdmitx0
05-27 16:11:48.872 290 351 D MesonHwc: received Uevent: SUBSYSTEM=amhdmitx
05-27 16:11:48.872 290 351 D MesonHwc: received Uevent: hdmitx_current_status=128
05-27 16:11:48.872 290 351 D MesonHwc: received Uevent: MAJOR=492
05-27 16:11:48.872 290 351 D MesonHwc: received Uevent: MINOR=0
05-27 16:11:48.872 290 351 D MesonHwc: received Uevent: DEVNAME=amhdmitx0
05-27 16:11:48.872 290 351 D MesonHwc: received Uevent: SEQNUM=5247
05-27 16:11:48.872 290 351 D MesonHwc: received Uevent: E_N=1
05-27 16:11:48.872 290 351 D MesonHwc: received Uevent: MODALIAS=of:NvoutT(null)Camlogic,_vout
05-27 16:11:48.872 290 351 D MesonHwc: received Uevent: SEQNUM=5245
05-27 16:11:48.872 290 351 D MesonHwc: received Uevent: Camlogic,_aocec-s7d
05-27 16:11:48.872 290 351 D MesonHwc: received Uevent: SEQNUM=5243
05-27 16:11:48.872 290 351 D MesonHwc: received Uevent: 5Ap0000C081
05-27 16:11:48.872 290 351 D MesonHwc: received Uevent: SEQNUM=3612
05-27 16:11:48.872 290 351 D MesonHwc: received Uevent: bfd4444600000000 1 130ff38b17c000 677bfad9415fed 9ed68000004400 10000002
05-27 16:11:48.872 290 351 D MesonHwc: received Uevent: REL=1040
05-27 16:11:48.872 290 351 D MesonHwc: received Uevent: ABS=100000000
05-27 16:11:48.872 290 351 D MesonHwc: received Uevent: MSC=10
05-27 16:11:48.872 290 351 D MesonHwc: received Uevent: MODALIAS=input:b0005v1D5ApC081e0000-e0,1,2,3,4,k71,72,73,74,77,80,82,83,85,86,87,88,89,8A,8B,8C,8E,90,96,98,9B,9C,9E,9F,A1,A3,A4,A5,A6,A7,A8,A9,AB,AC,AD,AE,B0,B1,B2,B5,B6,CE,CF,D0,D1,D2,D4,D8,D9,DB,DF,E0,E1,E4,E5,E6,E7,E8,E9,EA,EB,F0,F1,F4,100,161,162,166,16A,16E,172,174,176,177,178,179,17A,17B,17C,17D,17F,180,182,183,185,188,189,18C,18D,18E,18F,190,191,192,193,195,197,198,199,19A,19C,1A0,1A1,1A2,1A3,1A4,1A5,1A6,1A7,1A8,1A9,1AA,1AB,1AC,1AD,1AE,1AF,1B0,1B1,1B7,1BA,240,241,242,243,244,245,246,247,249,24A,250,251,r6,C,a20,m4,lsfw
05-27 16:11:48.872 290 351 D MesonHwc: received Uevent: SEQNUM=3609
05-27 16:11:48.872 290 351 D MesonHwc: received Uevent: change@/devices/virtual/amhdmitx/amhdmitx0
05-27 16:11:48.872 290 351 D MesonHwc: received Uevent: ACTION=change
05-27 16:11:48.872 290 351 D MesonHwc: received Uevent: DEVPATH=/devices/virtual/amhdmitx/amhdmitx0
05-27 16:11:48.872 290 351 D MesonHwc: received Uevent: SUBSYSTEM=amhdmitx
05-27 16:11:48.872 290 351 D MesonHwc: received Uevent: hdmitx_current_status=128
05-27 16:11:48.872 290 351 D MesonHwc: received Uevent: MAJOR=492
05-27 16:11:48.872 290 351 D MesonHwc: received Uevent: MINOR=0
05-27 16:11:48.873 290 351 D MesonHwc: received Uevent: DEVNAME=amhdmitx0
05-27 16:11:48.873 290 351 D MesonHwc: received Uevent: SEQNUM=5247
05-27 16:11:48.873 290 351 D MesonHwc: received Uevent: E_N=1
05-27 16:11:48.873 290 351 D MesonHwc: received Uevent: MODALIAS=of:NvoutT(null)Camlogic,_vout
05-27 16:11:48.873 290 351 D MesonHwc: received Uevent: SEQNUM=5245
05-27 16:11:48.873 290 351 D MesonHwc: received Uevent: Camlogic,_aocec-s7d
05-27 16:11:48.873 290 351 D MesonHwc: received Uevent: SEQNUM=5243
05-27 16:11:48.873 290 351 D MesonHwc: received Uevent: 5Ap0000C081
05-27 16:11:48.873 290 351 D MesonHwc: received Uevent: SEQNUM=3612
05-27 16:11:48.873 290 351 D MesonHwc: received Uevent: bfd4444600000000 1 130ff38b17c000 677bfad9415fed 9ed68000004400 10000002
05-27 16:11:48.873 290 351 D MesonHwc: received Uevent: REL=1040
05-27 16:11:48.873 290 351 D MesonHwc: received Uevent: ABS=100000000
05-27 16:11:48.873 290 351 D MesonHwc: received Uevent: MSC=10
05-27 16:11:48.873 290 351 D MesonHwc: received Uevent: MODALIAS=input:b0005v1D5ApC081e0000-e0,1,2,3,4,k71,72,73,74,77,80,82,83,85,86,87,88,89,8A,8B,8C,8E,90,96,98,9B,9C,9E,9F,A1,A3,A4,A5,A6,A7,A8,A9,AB,AC,AD,AE,B0,B1,B2,B5,B6,CE,CF,D0,D1,D2,D4,D8,D9,DB,DF,E0,E1,E4,E5,E6,E7,E8,E9,EA,EB,F0,F1,F4,100,161,162,166,16A,16E,172,174,176,177,178,179,17A,17B,17C,17D,17F,180,182,183,185,188,189,18C,18D,18E,18F,190,191,192,193,195,197,198,199,19A,19C,1A0,1A1,1A2,1A3,1A4,1A5,1A6,1A7,1A8,1A9,1AA,1AB,1AC,1AD,1AE,1AF,1B0,1B1,1B7,1BA,240,241,242,243,244,245,246,247,249,24A,250,251,r6,C,a20,m4,lsfw
05-27 16:11:48.873 290 351 D MesonHwc: received Uevent: SEQNUM=3609
05-27 16:11:48.873 290 351 D MesonHwc: received Uevent: change@/devices/platform/vout
05-27 16:11:48.873 290 351 D MesonHwc: received Uevent: ACTION=change
05-27 16:11:48.873 290 351 D MesonHwc: received Uevent: DEVPATH=/devices/platform/vout
05-27 16:11:48.873 290 351 D MesonHwc: received Uevent: SUBSYSTEM=platform
