05-27 16:11:58.825 478 2364 I audio_hw_hal_primary: already standby, do nothing
05-27 16:11:58.825 478 2364 I audio_hw_hal_resourcemgr: [is_output_device_muted:710] device:0x2 port_mute:0, fade_mute:0
05-27 16:11:58.825 478 2364 I audio_hw_hal_primary: [adev_close_output_stream:3863] io 1597: out:0xefc40010 exit ------
05-27 16:11:58.825 290 351 D MesonHwc: Update period 1312d00->1107a76
05-27 16:11:58.825 290 351 D MesonHwc: Update period 1312d00->1107a76
05-27 16:11:58.825 290 351 D MesonHwc: Update period 1312d00->1107a76
05-27 16:11:58.825 290 351 D MesonHwc: received Uevent: change@/devices/virtual/amhdmitx/amhdmitx0
05-27 16:11:58.825 290 351 D MesonHwc: received Uevent: ACTION=change
05-27 16:11:58.825 240 800 I SystemControlClient: notifyCallback event type:3
05-27 16:11:58.825 290 351 D MesonHwc: received Uevent: DEVPATH=/devices/virtual/amhdmitx/amhdmitx0
05-27 16:11:58.825 240 800 I SystemControlClient: notifyCallback: listener is NULL.
05-27 16:11:58.825 290 351 D MesonHwc: received Uevent: SUBSYSTEM=amhdmitx
05-27 16:11:58.825 290 351 D MesonHwc: received Uevent: hdmitx_current_status=143
05-27 16:11:58.825 290 351 D MesonHwc: received Uevent: MAJOR=492
05-27 16:11:58.825 290 351 D MesonHwc: received Uevent: MINOR=0
05-27 16:11:58.825 290 351 D MesonHwc: received Uevent: DEVNAME=amhdmitx0
05-27 16:11:58.825 290 351 D MesonHwc: received Uevent: SEQNUM=5327
05-27 16:11:58.825 487 516 I SystemControlClient: notifyCallback event type:3
05-27 16:11:58.825 487 516 I SystemControlClient: notifyCallback: listener is NULL.
05-27 16:11:58.825 290 351 D MesonHwc: received Uevent: E_N=1
05-27 16:11:58.825 290 351 D MesonHwc: received Uevent: MODALIAS=of:NvoutT(null)Camlogic,_vout
05-27 16:11:58.825 290 351 D MesonHwc: received Uevent: SEQNUM=5326
05-27 16:11:58.826 486 1121 I SystemControlClient: notifyCallback event type:3
05-27 16:11:58.826 486 1121 I SystemControlClient: notifyCallback: listener is NULL.
05-27 16:11:58.826 1053 1179 I SystemControlEvent: system control callback event: 3
05-27 16:11:58.826 290 351 D MesonHwc: received Uevent: Camlogic,_aocec-s7d
05-27 16:11:58.826 290 351 D MesonHwc: received Uevent: SEQNUM=5321
05-27 16:11:58.827 290 351 D MesonHwc: received Uevent: 5Ap0000C081
05-27 16:11:58.827 290 351 D MesonHwc: received Uevent: SEQNUM=3612
05-27 16:11:58.827 290 351 D MesonHwc: received Uevent: bfd4444600000000 1 130ff38b17c000 677bfad9415fed 9ed68000004400 10000002
05-27 16:11:58.827 290 351 D MesonHwc: received Uevent: REL=1040
05-27 16:11:58.827 290 351 D MesonHwc: received Uevent: ABS=100000000
05-27 16:11:58.827 290 351 D MesonHwc: received Uevent: MSC=10
05-27 16:11:58.827 290 351 D MesonHwc: received Uevent: MODALIAS=input:b0005v1D5ApC081e0000-e0,1,2,3,4,k71,72,73,74,77,80,82,83,85,86,87,88,89,8A,8B,8C,8E,90,96,98,9B,9C,9E,9F,A1,A3,A4,A5,A6,A7,A8,A9,AB,AC,AD,AE,B0,B1,B2,B5,B6,CE,CF,D0,D1,D2,D4,D8,D9,DB,DF,E0,E1,E4,E5,E6,E7,E8,E9,EA,EB,F0,F1,F4,100,161,162,166,16A,16E,172,174,176,177,178,179,17A,17B,17C,17D,17F,180,182,183,185,188,189,18C,18D,18E,18F,190,191,192,193,195,197,198,199,19A,19C,1A0,1A1,1A2,1A3,1A4,1A5,1A6,1A7,1A8,1A9,1AA,1AB,1AC,1AD,1AE,1AF,1B0,1B1,1B7,1BA,240,241,242,243,244,245,246,247,249,24A,250,251,r6,C,a20,m4,lsfw
05-27 16:11:58.827 290 351 D MesonHwc: received Uevent: SEQNUM=3609
05-27 16:11:58.827 290 351 D MesonHwc: received Uevent: change@/devices/virtual/amhdmitx/amhdmitx0
05-27 16:11:58.827 290 351 D MesonHwc: received Uevent: ACTION=change
05-27 16:11:58.827 290 351 D MesonHwc: received Uevent: DEVPATH=/devices/virtual/amhdmitx/amhdmitx0
05-27 16:11:58.827 290 351 D MesonHwc: received Uevent: SUBSYSTEM=amhdmitx
05-27 16:11:58.827 290 351 D MesonHwc: received Uevent: hdmitx_current_status=143
05-27 16:11:58.827 290 351 D MesonHwc: received Uevent: MAJOR=492
05-27 16:11:58.827 290 351 D MesonHwc: received Uevent: MINOR=0
05-27 16:11:58.827 290 351 D MesonHwc: received Uevent: DEVNAME=amhdmitx0
05-27 16:11:58.827 290 351 D MesonHwc: received Uevent: SEQNUM=5327
05-27 16:11:58.827 290 351 D MesonHwc: received Uevent: E_N=1
05-27 16:11:58.827 290 351 D MesonHwc: received Uevent: MODALIAS=of:NvoutT(null)Camlogic,_vout
05-27 16:11:58.827 290 351 D MesonHwc: received Uevent: SEQNUM=5326
05-27 16:11:58.827 290 351 D MesonHwc: received Uevent: Camlogic,_aocec-s7d
05-27 16:11:58.827 290 351 D MesonHwc: received Uevent: SEQNUM=5321
05-27 16:11:58.827 290 351 D MesonHwc: received Uevent: 5Ap0000C081
05-27 16:11:58.827 290 351 D MesonHwc: received Uevent: SEQNUM=3612
05-27 16:11:58.827 290 351 D MesonHwc: received Uevent: bfd4444600000000 1 130ff38b17c000 677bfad9415fed 9ed68000004400 10000002
05-27 16:11:58.827 290 351 D MesonHwc: received Uevent: REL=1040
05-27 16:11:58.827 290 351 D MesonHwc: received Uevent: ABS=100000000
05-27 16:11:58.827 290 351 D MesonHwc: received Uevent: MSC=10
05-27 16:11:58.827 290 351 D MesonHwc: received Uevent: MODALIAS=input:b0005v1D5ApC081e0000-e0,1,2,3,4,k71,72,73,74,77,80,82,83,85,86,87,88,89,8A,8B,8C,8E,90,96,98,9B,9C,9E,9F,A1,A3,A4,A5,A6,A7,A8,A9,AB,AC,AD,AE,B0,B1,B2,B5,B6,CE,CF,D0,D1,D2,D4,D8,D9,DB,DF,E0,E1,E4,E5,E6,E7,E8,E9,EA,EB,F0,F1,F4,100,161,162,166,16A,16E,172,174,176,177,178,179,17A,17B,17C,17D,17F,180,182,183,185,188,189,18C,18D,18E,18F,190,191,192,193,195,197,198,199,19A,19C,1A0,1A1,1A2,1A3,1A4,1A5,1A6,1A7,1A8,1A9,1AA,1AB,1AC,1AD,1AE,1AF,1B0,1B1,1B7,1BA,240,241,242,243,244,245,246,247,249,24A,250,251,r6,C,a20,m4,lsfw
05-27 16:11:58.827 290 351 D MesonHwc: received Uevent: SEQNUM=3609
05-27 16:11:58.830 715 873 I AS.AudioDeviceInventory: sendDeviceConnectionIntent(dev:0x400 state:0x1 address: name:);
05-27 16:11:58.835 264 264 I SurfaceFlinger: Reconnecting display 4620747849504298251 (HAL ID 0)
05-27 16:11:58.836 715 876 I AudioService: onAccessoryPlugMediaUnmute newDevice=1024 [hdmi]
05-27 16:11:58.837 1444 1444 E xxxxxxxxxxxxxxx: onReceive:mIsHDMIPlugged = true
05-27 16:11:58.837 290 382 E MesonComposer3: destroyLayer: display:0 failed to destroy layer:329
05-27 16:11:58.837 264 264 E HwcComposer: destroyLayer failed Status(-8, EX_SERVICE_SPECIFIC): '3: '
05-27 16:11:58.837 264 264 E HWC2 : destroyLayer(0, 329) failed: BadLayer (3)
05-27 16:11:58.837 290 382 E MesonComposer3: destroyLayer: display:0 failed to destroy layer:72
05-27 16:11:58.838 264 264 E HwcComposer: destroyLayer failed Status(-8, EX_SERVICE_SPECIFIC): '3: '
05-27 16:11:58.838 264 264 E HWC2 : destroyLayer(0, 72) failed: BadLayer (3)
05-27 16:11:58.838 264 264 E HwcComposer: setClientTargetSlotCount failed Status(-8, EX_SERVICE_SPECIFIC): '4: '
05-27 16:11:58.839 1034 1302 D ActiveDeviceManager: onAudioDevicesAdded
05-27 16:11:58.839 1034 1302 D ActiveDeviceManager: Audio device added: DBBOX-A3 type: 9
05-27 16:11:58.839 1034 1034 D AvrcpVolumeManager: onAudioDevicesAdded: Not expecting device changed
05-27 16:11:58.841 715 715 V MediaRouter: Audio routes updated: AudioRoutesInfo{ type=HDMI }, a2dp=false
05-27 16:11:58.841 931 931 V MediaRouter: Audio routes updated: AudioRoutesInfo{ type=HDMI }, a2dp=false
05-27 16:11:58.841 715 715 V MediaRouter: Selecting route: RouteInfo{ name=外部设备, description=null, status=null, category=RouteCategory{ name=系统 types=ROUTE_TYPE_LIVE_AUDIO ROUTE_TYPE_LIVE_VIDEO groupable=false }, supportedTypes=ROUTE_TYPE_LIVE_AUDIO ROUTE_TYPE_LIVE_VIDEO , presentationDisplay=null }
05-27 16:11:58.842 931 931 V MediaRouter: Selecting route: RouteInfo{ name=外部设备, description=null, status=null, category=RouteCategory{ name=系统 types=ROUTE_TYPE_LIVE_AUDIO ROUTE_TYPE_LIVE_VIDEO groupable=false }, supportedTypes=ROUTE_TYPE_LIVE_AUDIO ROUTE_TYPE_LIVE_VIDEO , presentationDisplay=null }
05-27 16:11:58.845 264 264 I Scheduler: Display 4620747849504298251 is the pacesetter
05-27 16:11:58.845 478 705 D xm_audio: adev_get_parameters
05-27 16:11:58.845 264 5010 E SchedulerTimer: Terminated
05-27 16:11:58.845 264 264 D SurfaceFlinger: Setting power mode 2 on display 4620747849504298251
05-27 16:11:58.845 264 393 W EventThread: Failed dispatching Hotplug{displayId=4620747849504298251, connected} for Connection{0xf2542d10, VSyncRequest::None}
05-27 16:11:58.845 264 394 W EventThread: Failed dispatching Hotplug{displayId=4620747849504298251, connected} for Connection{0xf2543110, VSyncRequest::None}
05-27 16:11:58.845 290 382 D MesonHwc: setPowerMode 2
05-27 16:11:58.846 264 264 D SurfaceFlinger: Finished setting power mode 2 on display 4620747849504298251
05-27 16:11:58.847 290 382 I MesonDisplay: [/mode_policy.c, meson_mode_set_policy, 1177] connector:0 to policy:0
05-27 16:11:58.847 290 382 I MesonDisplay: [/mode_policy.c, is_dv_prefer, 66] not prefer dv, hdr_priority:10000010
05-27 16:11:58.847 290 382 I MesonDisplay: [/mode_policy.c, is_dv_prefer, 66] not prefer dv, hdr_priority:10000010
05-27 16:11:58.847 290 382 I MesonDisplay: [/mode_policy_parser.c, is_support_hdmimode, 115] is_support_hdmimode mode: 2160p60hz not support
05-27 16:11:58.847 290 382 I MesonDisplay: [/mode_policy_parser.c, is_support_hdmimode, 115] is_support_hdmimode mode: 2160p50hz not support
05-27 16:11:58.847 290 382 I MesonDisplay: [/mode_policy_parser.c, is_support_hdmimode, 110] is_support_hdmimode mode: 1080p60hz
05-27 16:11:58.847 290 382 I MesonDisplay: [/mode_policy.c, get_highest_mode_by_policy, 978] get_highest_mode_by_policy preferred mode:[1080p60hz]
05-27 16:11:58.847 290 382 I MesonDisplay: [/mode_policy.c, get_hdmi_outputmode, 1018] get_hdmi_outputmode mode:1080p60hz
05-27 16:11:58.847 290 382 I MesonDisplay: [/mode_policy.c, sdr_scene_process, 1146] final_displaymode:1080p60hz
05-27 16:11:58.847 290 382 I MesonDisplay: [/mode_policy.c, get_best_color_attr, 613] get_best_color_attr current mode:[1080p60hz] brr_mode:[1080p60hz]
05-27 16:11:58.847 290 382 D MesonDisplay: meson_write /sys/class/amhdmitx/amhdmitx0/valid_mode, outputmode:1080p60hz444,8bit
05-27 16:11:58.848 290 382 D MesonDisplay: valid mode is true!
05-27 16:11:58.848 290 382 I MesonDisplay: [/mode_policy.c, get_best_color_attr, 679] support current mode:[1080p60hz], color format:[444,8bit]
05-27 16:11:58.848 290 382 I MesonDisplay: [/mode_policy.c, get_hdmi_color_attr, 1081] get hdmi color attribute : [444,8bit], outputmode is: [1080p60hz]
05-27 16:11:58.848 290 382 I MesonDisplay: [/mode_policy.c, update_deepcolor, 1107] colorattribute = 444,8bit
05-27 16:11:58.848 290 382 I MesonDisplay: [/mode_policy.c, sdr_scene_process, 1163] final_deepcolor = 444,8bit
05-27 16:11:58.848 290 382 I MesonDisplay: [/mode_policy.c, meson_mode_get_policy_output, 1289] final_displaymode:1080p60hz, final_deepcolor:444,8bit, amdv_type:0
05-27 16:11:58.848 290 382 I MesonHwc: getPreferredDisplayConfig [1080p60hz]
05-27 16:11:58.848 290 382 I MesonDisplay: [/mode_policy.c, meson_mode_set_policy, 1177] connector:0 to policy:8
05-27 16:11:58.848 290 382 D MesonHwc: getPreferredBootConfig outConfig = 567 (1920x1080@59.940060)
05-27 16:11:58.849 478 705 D xm_audio: adev_get_parameters
05-27 16:11:58.849 715 741 I DisplayDeviceRepository: Display device changed: DisplayDeviceInfo{"内置屏幕": uniqueId="local:4620747849504298251", 720 x 576, modeId 297, renderFrameRate 50.0, defaultModeId 297, supportedModes [{id=297, width=720, height=576, fps=50.0, alternativeRefreshRates=[], supportedHdrTypes=[]}], colorMode 0, supportedColorModes [0], hdrCapabilities HdrCapabilities{mSupportedHdrTypes=[], mMaxLuminance=500.0, mMaxAverageLuminance=500.0, mMinLuminance=0.0}, allmSupported false, gameContentTypeSupported true, density 124, 15.902 x 22.508 dpi, appVsyncOff 2000000, presDeadline 17000000, touch INTERNAL, rotation 0, type INTERNAL, address {port=11, model=0x402031aff65a95}, deviceProductInfo DeviceProductInfo{name=Linux FHD, manufacturerPnpId=LNX, productId=0, modelYear=null, manufactureDate=ManufactureDate{week=5, year=2012}, connectionToSinkType=0}, state ON, committedState ON, frameRateOverride , brightnessMinimum 0.0, brightnessMaximum 1.0, brightnessDefault 0.39763778, hdrSdrRatio NaN, FLAG_ALLOWED_TO_BE_DEFAULT_DISPLAY, FLAG_ROTATES_WITH_CONTENT, FLAG_SECURE, FLAG_SUPPORTS_PROTECTED_BUFFERS, FLAG_TRUSTED, installOrientation 0, displayShape DisplayShape{ spec=-1515622917 displayWidth=720 displayHeight=576 physicalPixelDisplaySizeRatio=1.0 rotation=0 offsetX=0 offsetY=0 scale=1.0}}
05-27 16:11:58.851 264 264 E Scheduler: trackPendingFrame: Invalid present fence
05-27 16:11:58.854 264 264 I RefreshRateSelector: Display 4620747849504298251 policy changed
05-27 16:11:58.854 264 264 I RefreshRateSelector: Previous: {defaultModeId=547, allowGroupSwitching=false, primaryRanges={physical=[0.00 Hz, 340282346638528859811704183484516925440.00 Hz], render=[0.00 Hz, 340282346638528859811704183484516925440.00 Hz]}, appRequestRanges={physical=[0.00 Hz, 340282346638528859811704183484516925440.00 Hz], render=[0.00 Hz, 340282346638528859811704183484516925440.00 Hz]}}
05-27 16:11:58.854 264 264 I RefreshRateSelector: Current: DisplayManagerPolicy{defaultModeId=547, allowGroupSwitching=false, primaryRanges={physical=[0.00 Hz, inf Hz], render=[0.00 Hz, 120.00 Hz]}, appRequestRanges={physical=[0.00 Hz, inf Hz], render=[0.00 Hz, inf Hz]}}
05-27 16:11:58.854 264 264 I RefreshRateSelector: 0 mode changes were performed under the previous policy
05-27 16:11:58.858 478 705 D xm_audio: adev_get_parameters
05-27 16:11:58.859 478 705 D xm_audio: adev_get_parameters
05-27 16:11:58.864 478 705 D xm_audio: adev_get_parameters
05-27 16:11:58.865 478 705 D xm_audio: adev_get_parameters
05-27 16:11:58.870 478 705 D xm_audio: adev_get_parameters
05-27 16:11:58.870 478 705 D xm_audio: adev_get_parameters
05-27 16:11:58.875 478 705 D xm_audio: adev_get_parameters
05-27 16:11:58.876 478 705 D xm_audio: adev_get_parameters
05-27 16:11:58.881 478 705 D xm_audio: adev_get_parameters
05-27 16:11:58.882 478 705 D xm_audio: adev_get_parameters
05-27 16:11:58.887 478 705 D xm_audio: adev_get_parameters
05-27 16:11:58.888 478 705 D xm_audio: adev_get_parameters
05-27 16:11:58.893 478 705 D xm_audio: adev_get_parameters
05-27 16:11:58.894 478 705 D xm_audio: adev_get_parameters
05-27 16:11:58.898 478 705 D xm_audio: adev_get_parameters
05-27 16:11:58.899 478 705 D xm_audio: adev_get_parameters
05-27 16:11:58.904 478 705 D xm_audio: adev_get_parameters
05-27 16:11:58.905 478 705 D xm_audio: adev_get_parameters
05-27 16:11:58.910 478 705 D xm_audio: adev_get_parameters
05-27 16:11:58.911 478 705 D xm_audio: adev_get_parameters
05-27 16:11:58.932 489 526 D hdmicecd: [HdmiCecControl]:msg handler handle message type = c
05-27 16:11:58.932 489 526 I hdmicecd: [HdmiCecControl]:upload delayed give physical address
05-27 16:11:58.933 715 715 D HDMI : [R]: 04:83
05-27 16:11:58.933 489 489 D hdmicecd: [HdmiCecControl]:getPhysicalAddress, physical addr: 2000, last pa: 2000, ret = 0
05-27 16:11:58.934 715 715 D HDMI : addCecDevice new:CEC: logical_address: 0x00 device_type: 0 cec_version: 5 vendor_id: 16777215 display_name: TV power_status: -1 physical_address: 0xFFFF port_id: -1 old:null
05-27 16:11:58.934 715 715 D HdmiControlService: Switching to full volume behavior
05-27 16:11:58.935 489 527 D hdmicecd: [HdmiCecControl]:getPhysicalAddress, physical addr: 2000, last pa: 2000, ret = 0
05-27 16:11:58.936 489 519 D hdmicecd: [CEC]:printCecMessage, [4 -> f] len: 4, body: 84 20 00 04, result:success
05-27 16:11:58.936 489 519 E IPCThreadState: binder thread pool (1 threads) starved for 167 ms
05-27 16:11:58.936 715 894 D HDMI : [S]: 4F:87:1C:A4:10
05-27 16:11:59.048 467 561 I netd : tetherGetStats() -> {[]} <1.48ms>
05-27 16:11:59.063 467 561 I netd : bandwidthSetGlobalAlert(2097152) <0.42ms>
05-27 16:11:59.082 1420 1648 E ccc : cccccc settingHelper resetManager
05-27 16:11:59.084 1420 1648 V HdmiDisplayManager: Amlogic Y5
05-27 16:11:59.088 489 519 D hdmicecd: [CEC]:printCecMessage, [4 -> f] len: 4, body: 87 1c a4 10, result:success
05-27 16:11:59.088 489 519 E IPCThreadState: binder thread pool (1 threads) starved for 151 ms
05-27 16:11:59.088 715 894 D HDMI : [S]: 40:8C
05-27 16:11:59.171 489 519 D hdmicecd: [CEC]:printCecMessage, [4 -> 0] len: 1, body: 8c, result:success
05-27 16:11:59.171 715 894 D HDMI : [S]: 40:47
05-27 16:11:59.340 1420 1648 E ccc : cccccc settingHelper resetManager
05-27 16:11:59.341 1420 1648 V HdmiDisplayManager: Amlogic Y5
05-27 16:11:59.446 489 519 D hdmicecd: [CEC]:printCecMessage, [4 -> 0] len: 9, body: 47 44 42 42 4f 58 2d 41 33, result:success
05-27 16:11:59.447 715 894 D HDMI : [S]: 45:7D
05-27 16:11:59.447 489 519 E IPCThreadState: binder thread pool (1 threads) starved for 275 ms
05-27 16:11:59.502 489 527 D hdmicecd: [CEC]:printCecMessage, [4 -> 5] len: 1, body: 7d, result:no ack
05-27 16:11:59.558 489 527 D hdmicecd: [CEC]:printCecMessage, [4 -> 5] len: 1, body: 7d, result:no ack
05-27 16:11:59.559 715 715 D HDMI : AVR did not respond to
05-27 16:11:59.560 715 715 D HdmiControlService: Switching to full volume behavior
05-27 16:11:59.614 489 527 D hdmicecd: [CEC]:printCecMessage, [4 -> e] len: 0, body:, result:no ack
05-27 16:11:59.615 715 894 D HDMI : [S]: 4F:84:20:00:04
05-27 16:11:59.772 489 527 D hdmicecd: [CEC]:printCecMessage, [4 -> f] len: 4, body: 84 20 00 04, result:success
05-27 16:11:59.813 290 5034 D MesonDisplay: read /sys/class/amhdmitx/amhdmitx0/hdcp_lstore, result length:0, val:
05-27 16:11:59.830 489 519 D hdmicecd: [CEC]:printCecMessage, [4 -> b] len: 0, body:, result:no ack
05-27 16:11:59.830 489 519 E IPCThreadState: binder thread pool (1 threads) starved for 215 ms
05-27 16:11:59.968 489 525 D hdmicecd: [CEC]:printCecMsgBuf, msg: 0f 87 00 00 00
05-27 16:11:59.969 715 715 D HDMI : [R]: 0F:87:00:00:00
05-27 16:11:59.971 489 527 D hdmicecd: [HdmiCecControl]:getPhysicalAddress, physical addr: 2000, last pa: 2000, ret = 0
05-27 16:12:00.048 489 525 D hdmicecd: [CEC]:printCecMsgBuf, msg: 04 8c
05-27 16:12:00.049 715 715 D HDMI : [R]: 04:8C
05-27 16:12:00.050 489 527 D hdmicecd: [HdmiCecControl]:getVendorId, vendorId: 0x1CA410
05-27 16:12:00.087 489 519 D hdmicecd: [CEC]:printCecMessage, [4 -> 8] len: 0, body:, result:no ack
05-27 16:12:00.087 489 519 E IPCThreadState: binder thread pool (1 threads) starved for 257 ms
05-27 16:12:00.088 715 894 D HDMI : [S]: 4F:87:1C:A4:10
01-01 08:05:29.961 0 0 W : [1 T0 .s] [SP FRAME TX] arp req,vif_idx:0 sender:[1c:79:2d:20:62:83 192.168.3.86]receiver:[00:00:00:00:00:00 192.168.3.1]
01-01 08:05:29.965 0 0 W : [3 T1054 ..] [SP FRAME RX] arp rsp,vif_idx:0 sender:[70:3a:a6:36:a8:d7 192.168.3.1]receiver:[1c:79:2d:20:62:83 192.168.3.86]
05-27 16:12:00.220 467 561 I netd : setProcSysNet(4, 2, wlan0, retrans_time_ms, 1000) <0.36ms>
05-27 16:12:00.221 467 561 I netd : setProcSysNet(4, 2, wlan0, ucast_solicit, 15) <0.12ms>
05-27 16:12:00.221 467 561 I netd : setProcSysNet(6, 2, wlan0, retrans_time_ms, 1000) <0.15ms>
05-27 16:12:00.222 467 561 I netd : setProcSysNet(6, 2, wlan0, ucast_solicit, 15) <0.09ms>
05-27 16:12:00.233 515 541 I WifiHAL : call wifi_get_link_stats handler
05-27 16:12:00.233 515 541 I WifiHAL : Creating message to get link statistics; iface = 16
05-27 16:12:00.233 515 541 D WifiHAL : error code -95 mapped to -3
05-27 16:12:00.234 715 854 E WifiStaIfaceAidlImpl: getLinkLayerStats failed with service-specific exception: android.os.ServiceSpecificException: (code 4)
05-27 16:12:00.244 489 519 D hdmicecd: [CEC]:printCecMessage, [4 -> f] len: 4, body: 87 1c a4 10, result:success
05-27 16:12:00.244 489 519 E IPCThreadState: binder thread pool (1 threads) starved for 157 ms
05-27 16:12:00.245 478 673 I audio_hw_hal_alsamgr: alsa format =0x1 delay frames =1024 total frames=15348736
05-27 16:12:00.298 489 519 D hdmicecd: [CEC]:printCecMessage, [4 -> 5] len: 0, body:, result:no ack
05-27 16:12:00.354 489 519 D hdmicecd: [CEC]:printCecMessage, [4 -> 3] len: 0, body:, result:no ack
05-27 16:12:00.414 489 519 D hdmicecd: [CEC]:printCecMessage, [4 -> 1] len: 0, body:, result:no ack
05-27 16:12:00.474 489 519 D hdmicecd: [CEC]:printCecMessage, [4 -> 0] len: 0, body:, result:success
05-27 16:12:00.475 715 715 D HdmiCecController: [P]:AllocatedAddress=[0]
05-27 16:12:00.476 715 894 D HDMI : [S]: 40:83
05-27 16:12:00.555 489 519 D hdmicecd: [CEC]:printCecMessage, [4 -> 0] len: 1, body: 83, result:success
05-27 16:12:00.582 1444 1444 E xxxxxxxxxxxxxxx: onReceive: true , configuration = {1.0 ?mcc0mnc [zh_CN] ldltr sw720dp w1280dp h720dp 240dpi xlrg long land television -touch -keyb/v/h dpad/v winConfig={ mBounds=Rect(0, 0 - 1920, 1080) mAppBounds=Rect(0, 0 - 1920, 1080) mMaxBounds=Rect(0, 0 - 1920, 1080) mDisplayRotation=ROTATION_0 mWindowingMode=fullscreen mDisplayWindowingMode=fullscreen mActivityType=undefined mAlwaysOnTop=undefined mRotation=ROTATION_0} s.6 fontWeightAdjustment=0}
05-27 16:12:00.582 1444 1444 E xxxxxxxxxxxxxxx: isScreenSizeChange=false app onConfigurationChanged={1.0 ?mcc0mnc [zh_CN] ldltr sw720dp w1280dp h720dp 240dpi xlrg long land television -touch -keyb/v/h dpad/v winConfig={ mBounds=Rect(0, 0 - 1920, 1080) mAppBounds=Rect(0, 0 - 1920, 1080) mMaxBounds=Rect(0, 0 - 1920, 1080) mDisplayRotation=ROTATION_0 mWindowingMode=fullscreen mDisplayWindowingMode=fullscreen mActivityType=undefined mAlwaysOnTop=undefined mRotation=ROTATION_0} s.6 fontWeightAdjustment=0}
05-27 16:12:00.713 489 525 D hdmicecd: [CEC]:printCecMsgBuf, msg: 0f 84 00 00 00
05-27 16:12:00.714 715 715 D HDMI : [R]: 0F:84:00:00:00
05-27 16:12:00.715 489 519 D hdmicecd: [HdmiCecControl]:getPhysicalAddress, physical addr: 2000, last pa: 2000, ret = 0
05-27 16:12:00.715 489 527 D hdmicecd: [HdmiCecControl]:getPhysicalAddress, physical addr: 2000, last pa: 2000, ret = 0
05-27 16:12:00.716 715 715 D HDMI : addCecDevice new:CEC: logical_address: 0x00 device_type: 0 cec_version: 5 vendor_id: 0 display_name: TV power_status: -1 physical_address: 0x0000 port_id: -1 old:CEC: logical_address: 0x00 device_type: 0 cec_version: 5 vendor_id: 0 display_name: TV power_status: -1 physical_address: 0xFFFF port_id: -1
05-27 16:12:00.716 715 715 D HdmiControlService: Switching to full volume behavior
05-27 16:12:00.717 489 527 D hdmicecd: [HdmiCecControl]:getPhysicalAddress, physical addr: 2000, last pa: 2000, ret = 0
05-27 16:12:00.718 715 894 D HDMI : [S]: 40:46
05-27 16:12:00.799 489 527 D hdmicecd: [CEC]:printCecMessage, [4 -> 0] len: 1, body: 46, result:success
05-27 16:12:00.813 290 5034 D MesonDisplay: read /sys/class/amhdmitx/amhdmitx0/hdcp_lstore, result length:0, val:
01-01 08:05:30.729 0 0 W : [3 T0 .s] [SP FRAME TX] arp req,vif_idx:0 sender:[1c:79:2d:20:62:83 192.168.3.86]receiver:[00:00:00:00:00:00 192.168.3.207]
01-01 08:05:30.742 0 0 W : [3 T1054 ..] [SP FRAME RX] arp rsp,vif_idx:0 sender:[c8:09:a8:f5:19:ff 192.168.3.207]receiver:[1c:79:2d:20:62:83 192.168.3.86]
05-27 16:12:01.079 489 525 D hdmicecd: [CEC]:printCecMsgBuf, msg: 04 47 48 51 4b 32 20 50 72 6f
05-27 16:12:01.081 715 715 D HDMI : [R]: 04:47
05-27 16:12:01.082 715 715 D HdmiCecNetwork: Updating device OSD name from TV to HQK2 Pro
05-27 16:12:01.084 489 527 D hdmicecd: [HdmiCecControl]:getPhysicalAddress, physical addr: 2000, last pa: 2000, ret = 0
05-27 16:12:01.085 715 894 D HDMI : [S]: 40:8F
05-27 16:12:01.171 489 519 D hdmicecd: [CEC]:printCecMessage, [4 -> 0] len: 1, body: 8f, result:success
05-27 16:12:01.412 489 525 D hdmicecd: [CEC]:printCecMsgBuf, msg: 04 8f
05-27 16:12:01.413 715 715 D HDMI : [R]: 04:8F
05-27 16:12:01.414 715 894 D HDMI : [S]: 40:90:00
05-27 16:12:01.516 489 525 D hdmicecd: [CEC]:printCecMsgBuf, msg: 04 90 00
05-27 16:12:01.516 489 525 D hdmicecd: [HdmiCecControl]:updateActiveState received tv power status 0
05-27 16:12:01.517 715 715 D HDMI : [R]: 04:90:00
05-27 16:12:01.518 489 527 D hdmicecd: [HdmiCecControl]:getPhysicalAddress, physical addr: 2000, last pa: 2000, ret = 0
05-27 16:12:01.519 489 489 D hdmicecd: [HdmiCecControl]:getPhysicalAddress, physical addr: 2000, last pa: 2000, ret = 0
05-27 16:12:01.520 715 715 D HDMI : addCecDevice new:CEC: logical_address: 0x00 device_type: 0 cec_version: 5 vendor_id: 0 display_name: HQK2 Pro power_status: 0 physical_address: 0x0000 port_id: -1 old:CEC: logical_address: 0x00 device_type: 0 cec_version: 5 vendor_id: 0 display_name: HQK2 Pro power_status: 0 physical_address: 0x0000 port_id: -1
05-27 16:12:01.520 715 715 D HdmiControlService: Switching to full volume behavior
05-27 16:12:01.521 489 489 D hdmicecd: [HdmiCecControl]:getPhysicalAddress, physical addr: 2000, last pa: 2000, ret = 0
05-27 16:12:01.521 715 715 D HDMI : addCecDevice new:CEC: logical_address: 0x04 device_type: 4 cec_version: 5 vendor_id: 1877008 display_name: DBBOX-A3 power_status: 0 physical_address: 0x2000 port_id: 0 old:null
05-27 16:12:01.699 489 519 D hdmicecd: [CEC]:printCecMessage, [4 -> 0] len: 2, body: 90 00, result:success
05-27 16:12:01.699 489 519 E IPCThreadState: binder thread pool (1 threads) starved for 285 ms
05-27 16:12:01.807 478 672 D audio_hw_hal_ms12common: func:ms12_timer_callback_handler sigv:0 ~~~~~~~~~~
05-27 16:12:01.807 478 672 D audio_hw_hal_ms12v2: set_dolby_ms12_continuous_state audio_continuous_standby_set status 1
05-27 16:12:01.807 478 672 D audio_hw_hal_continuous_standby: audio_continuous_standby_set, type 0, params 1
05-27 16:12:01.807 478 672 D audio_hw_hal_ms12common: aml_send_ms12_scheduler_state_2_ms12 adev:0xefd014a0, sch_state:1(SCHEDULER_STANDBY)
05-27 16:12:01.814 290 5034 D MesonDisplay: read /sys/class/amhdmitx/amhdmitx0/hdcp_lstore, result length:0, val:
05-27 16:12:01.888 489 525 D hdmicecd: [CEC]:printCecMsgBuf, msg: 04 8f
05-27 16:12:01.889 715 715 D HDMI : [R]: 04:8F
05-27 16:12:01.890 715 894 D HDMI : [S]: 40:90:00
05-27 16:12:01.999 489 519 D hdmicecd: [CEC]:printCecMessage, [4 -> 0] len: 2, body: 90 00, result:success
05-27 16:12:01.999 489 519 E IPCThreadState: binder thread pool (1 threads) starved for 109 ms
05-27 16:12:02.014 467 4479 W resolv : SSL_connect write error 0, mark 0xf0064: Try again
05-27 16:12:02.014 467 4479 W resolv : TLS Handshake failed
05-27 16:12:02.014 467 4479 W resolv : query failed
05-27 16:12:02.014 467 4479 W resolv : validateDnsTlsServer returned 0 for 202.96.128.166
05-27 16:12:02.015 467 4479 W resolv : Validation failed
05-27 16:12:02.016 467 4480 W resolv : SSL_connect write error 0, mark 0xf0064: Try again
05-27 16:12:02.016 467 4480 W resolv : TLS Handshake failed
05-27 16:12:02.016 467 4480 W resolv : query failed
05-27 16:12:02.016 467 4480 W resolv : validateDnsTlsServer returned 0 for 202.96.134.133
05-27 16:12:02.017 467 4480 W resolv : Validation failed
01-01 08:05:32.177 0 0 I [0 T4997 ..] [hdmitx: ] UTC+0 2025-05-27 08:12:02 HPD LOW
01-01 08:05:32.177 0 0 I [3 T61 ..] [hdmitx: ] system: plugout
01-01 08:05:32.178 0 0 I [3 T61 ..] resman: notify error info = {"subModule":11,"level":2,"logType":1,"errorType":6,"msg":"HDMITX_HPD_PLUGOUT"}
01-01 08:05:32.179 0 0 I [3 T61 ..] [hdmitx: ] plug out sequence id: 0
01-01 08:05:32.180 0 0 W : [3 T61 ..] [RX]-up_phy_addr = 0
05-27 16:12:02.436 290 351 D MesonHwc: received Uevent: change@/devices/virtual/amhdmitx/amhdmitx0
05-27 16:12:02.436 320 328 I SystemControl: [/UEventObserver.cpp, HDMITxUenventThreadLoop, 451] HDMI TX switch_name:hdmitx_current_status, switch_state: 144
05-27 16:12:02.436 290 351 D MesonHwc: received Uevent: ACTION=change
05-27 16:12:02.436 290 351 D MesonHwc: received Uevent: DEVPATH=/devices/virtual/amhdmitx/amhdmitx0
05-27 16:12:02.436 290 351 D MesonHwc: received Uevent: SUBSYSTEM=amhdmitx
05-27 16:12:02.436 290 351 D MesonHwc: received Uevent: hdmitx_current_status=144
05-27 16:12:02.436 290 351 D MesonHwc: received Uevent: MAJOR=492
05-27 16:12:02.436 290 351 D MesonHwc: received Uevent: MINOR=0
05-27 16:12:02.436 290 351 D MesonHwc: received Uevent: DEVNAME=amhdmitx0
05-27 16:12:02.436 290 351 D MesonHwc: received Uevent: SEQNUM=5342
05-27 16:12:02.436 290 351 D MesonHwc: received Uevent: ic, aocec-s7d
05-27 16:12:02.436 290 351 D MesonHwc: received Uevent: OF_COMPATIBLE_N=1
05-27 16:12:02.436 290 351 D MesonHwc: received Uevent: MODALIAS=of:NaocecT(null)Camlogic,_aocec-s7d
05-27 16:12:02.436 290 351 D MesonHwc: received Uevent: SEQNUM=5341
05-27 16:12:02.436 290 351 D MesonHwc: received Uevent: 5Ap0000C081
05-27 16:12:02.436 290 351 D MesonHwc: received Uevent: SEQNUM=3612
05-27 16:12:02.436 290 351 D MesonHwc: received Uevent: bfd4444600000000 1 130ff38b17c000 677bfad9415fed 9ed68000004400 10000002
05-27 16:12:02.436 290 351 D MesonHwc: received Uevent: REL=1040
05-27 16:12:02.436 290 351 D MesonHwc: received Uevent: ABS=100000000
05-27 16:12:02.436 290 351 D MesonHwc: received Uevent: MSC=10
05-27 16:12:02.436 290 351 D MesonHwc: received Uevent: MODALIAS=input:b0005v1D5ApC081e0000-e0,1,2,3,4,k71,72,73,74,77,80,82,83,85,86,87,88,89,8A,8B,8C,8E,90,96,98,9B,9C,9E,9F,A1,A3,A4,A5,A6,A7,A8,A9,AB,AC,AD,AE,B0,B1,B2,B5,B6,CE,CF,D0,D1,D2,D4,D8,D9,DB,DF,E0,E1,E4,E5,E6,E7,E8,E9,EA,EB,F0,F1,F4,100,161,162,166,16A,16E,172,174,176,177,178,179,17A,17B,17C,17D,17F,180,182,183,185,188,189,18C,18D,18E,18F,190,191,192,193,195,197,198,199,19A,19C,1A0,1A1,1A2,1A3,1A4,1A5,1A6,1A7,1A8,1A9,1AA,1AB,1AC,1AD,1AE,1AF,1B0,1B1,1B7,1BA,240,241,242,243,244,245,246,247,249,24A,250,251,r6,C,a20,m4,lsfw
05-27 16:12:02.436 290 351 D MesonHwc: received Uevent: SEQNUM=3609
05-27 16:12:02.436 290 351 D MesonHwc: received Uevent: change@/devices/virtual/amhdmitx/amhdmitx0
05-27 16:12:02.437 290 351 D MesonHwc: received Uevent: ACTION=change
05-27 16:12:02.437 290 351 D MesonHwc: received Uevent: DEVPATH=/devices/virtual/amhdmitx/amhdmitx0
05-27 16:12:02.437 290 351 D MesonHwc: received Uevent: SUBSYSTEM=amhdmitx
05-27 16:12:02.437 290 351 D MesonHwc: received Uevent: hdmitx_current_status=144
05-27 16:12:02.437 290 351 D MesonHwc: received Uevent: MAJOR=492
05-27 16:12:02.437 290 351 D MesonHwc: received Uevent: MINOR=0
05-27 16:12:02.437 290 351 D MesonHwc: received Uevent: DEVNAME=amhdmitx0
05-27 16:12:02.437 290 351 D MesonHwc: received Uevent: SEQNUM=5342
05-27 16:12:02.437 290 351 D MesonHwc: received Uevent: ic, aocec-s7d
05-27 16:12:02.437 290 351 D MesonHwc: received Uevent: OF_COMPATIBLE_N=1
05-27 16:12:02.437 290 351 D MesonHwc: received Uevent: MODALIAS=of:NaocecT(null)Camlogic,_aocec-s7d
05-27 16:12:02.437 290 351 D MesonHwc: received Uevent: SEQNUM=5341
05-27 16:12:02.437 290 351 D MesonHwc: received Uevent: 5Ap0000C081
05-27 16:12:02.437 290 351 D MesonHwc: received Uevent: SEQNUM=3612
05-27 16:12:02.437 290 351 D MesonHwc: received Uevent: bfd4444600000000 1 130ff38b17c000 677bfad9415fed 9ed68000004400 10000002
05-27 16:12:02.437 290 351 D MesonHwc: received Uevent: REL=1040
05-27 16:12:02.437 290 351 D MesonHwc: received Uevent: ABS=100000000
05-27 16:12:02.437 290 351 D MesonHwc: received Uevent: MSC=10
05-27 16:12:02.437 290 351 D MesonHwc: received Uevent: MODALIAS=input:b0005v1D5ApC081e0000-e0,1,2,3,4,k71,72,73,74,77,80,82,83,85,86,87,88,89,8A,8B,8C,8E,90,96,98,9B,9C,9E,9F,A1,A3,A4,A5,A6,A7,A8,A9,AB,AC,AD,AE,B0,B1,B2,B5,B6,CE,CF,D0,D1,D2,D4,D8,D9,DB,DF,E0,E1,E4,E5,E6,E7,E8,E9,EA,EB,F0,F1,F4,100,161,162,166,16A,16E,172,174,176,177,178,179,17A,17B,17C,17D,17F,180,182,183,185,188,189,18C,18D,18E,18F,190,191,192,193,195,197,198,199,19A,19C,1A0,1A1,1A2,1A3,1A4,1A5,1A6,1A7,1A8,1A9,1AA,1AB,1AC,1AD,1AE,1AF,1B0,1B1,1B7,1BA,240,241,242,243,244,245,246,247,249,24A,250,251,r6,C,a20,m4,lsfw
05-27 16:12:02.437 290 351 D MesonHwc: received Uevent: SEQNUM=3609
01-01 08:05:32.181 0 0 I [3 T61 d.] [hdmitx: ] hdmitx_set_drm_pkt: disable drm pkt
01-01 08:05:32.181 0 0 I [3 T61 d.] [hdmitx: ] TV not support DV, clr dv_vsif
01-01 08:05:32.182 0 0 I [3 T61 d.] [hdmitx: ] DV H14b VSIF, switching signal to SDR
01-01 08:05:32.184 0 0 I [3 T61 ..] [hdmitx: ] hdmitx_set_hdr10plus_pkt: null vsif
01-01 08:05:32.184 0 0 I [3 T61 ..] [hdmitx: ] hdmitx21_video_mute_op: VID_UNMUTE path=0x4000000
01-01 08:05:32.185 0 0 I [3 T61 ..] [hdmitx: ] hdmitx21_audio_mute_op: AUD_UNMUTE path=0x2000000
05-27 16:12:02.439 715 821 V WindowManager: app ------------- force_land :0
05-27 16:12:02.439 290 351 D MesonHwc: received Uevent: change@/devices/virtual/amhdmitx/amhdmitx0
05-27 16:12:02.439 290 351 D MesonHwc: received Uevent: ACTION=change
05-27 16:12:02.439 290 351 D MesonHwc: received Uevent: DEVPATH=/devices/virtual/amhdmitx/amhdmitx0
05-27 16:12:02.439 290 351 D MesonHwc: received Uevent: SUBSYSTEM=amhdmitx
05-27 16:12:02.439 290 351 D MesonHwc: received Uevent: hdmitx_hpd=0
01-01 08:05:32.186 0 0 I [3 T61 ..] [hdmitx: ] set_hdcp2_topo: 0
01-01 08:05:32.186 0 0 I : [3 T61 ..] [drm] drm hdmitx hpd notify
05-27 16:12:02.440 320 371 I SystemControl: [/Ubootenv.cpp, get, 345] [ubootenv] search end and not find env:connector_type
05-27 16:12:02.440 290 351 D MesonHwc: sc_read_bootenv val is empty
05-27 16:12:02.440 290 351 D MesonHwc: getConnectorType, get ubootenv.var.connector_type from uboot env, return (null)
05-27 16:12:02.440 290 351 D MesonHwc: getConnectorType-0 get connector type hdmi--65536
05-27 16:12:02.440 495 532 I hdmicecd: [HdmiCecControl]:Hotplug event port:0, now:0, prevStatus:1 power:1
05-27 16:12:02.440 290 351 D MesonHwc: DrmProperty: EDID (1), value [0]
05-27 16:12:02.440 290 351 D MesonHwc: DrmProperty: content type (77), value [0]
05-27 16:12:02.441 290 351 D MesonHwc: DrmProperty: vrr_capable (78), value [0]
05-27 16:12:02.441 290 351 D MesonHwc: DrmProperty: UPDATE (79), value [0]
05-27 16:12:02.441 290 351 D MesonHwc: DrmProperty: color_depth (80), value [8]
05-27 16:12:02.441 290 351 D MesonHwc: DrmProperty: color_space (81), value [2]
05-27 16:12:02.441 290 351 D MesonHwc: DrmProperty: MESON_DRM_HDMITX_PROP_AVMUTE (82), value [0]
05-27 16:12:02.441 290 351 D MesonHwc: DrmProperty: hdmi_hdr_status (83), value [6]
05-27 16:12:02.441 290 351 D MesonHwc: DrmProperty: dv_cap (85), value [0]
05-27 16:12:02.441 290 351 D MesonHwc: DrmProperty: contenttype_cap (89), value [1]
05-27 16:12:02.441 290 351 D MesonHwc: DrmProperty: hdr_priority (91), value [268435472]
05-27 16:12:02.441 290 351 D MesonHwc: DrmProperty: ready (92), value [0]
05-27 16:12:02.441 290 351 D MesonHwc: DrmProperty: allm_cap (95), value [0]
05-27 16:12:02.441 290 351 D MesonHwc: DrmProperty: dc_cap (96), value [512]
05-27 16:12:02.441 290 351 E MesonHwc: DrmConnector[HDMI-A] still DISCONNECTED.
05-27 16:12:02.441 290 351 D MesonHwc: ERR: PLEASE FIX NON-IMPLEMENT FUN(update).
05-27 16:12:02.441 320 328 I SystemControl: [/UEventObserver.cpp, HDMITxUenventThreadLoop, 451] HDMI TX switch_name:hdmitx_hpd, switch_state: 0
05-27 16:12:02.442 320 328 I SystemControl: [/DisplayMode.cpp, onTxEvent, 3267] onTxEvent switchName:hdmitx_hpd hpdstate:0 state: 1
05-27 16:12:02.442 320 371 I SystemControl: [/Ubootenv.cpp, get, 345] [ubootenv] search end and not find env:connector_type
05-27 16:12:02.442 320 328 I SystemControl: [/SysWrite.cpp, getKernelReleaseVersion, 701] getKernelReleaseVersion: 5.15
05-27 16:12:02.442 290 351 D MesonHwc: sc_read_bootenv val is empty
05-27 16:12:02.442 320 328 I SystemControl: [/SystemControlHal.cpp, onEvent, 72] onEvent event:2, client size:5
05-27 16:12:02.442 290 351 D MesonHwc: getConnectorType, get ubootenv.var.connector_type from uboot env, return (null)
05-27 16:12:02.442 290 351 D MesonHwc: getConnectorType-0 get connector type hdmi--65536
05-27 16:12:02.442 290 351 D MesonHwc: getConnectorCfg: get display 0, connector 13
05-27 16:12:02.442 488 509 I SystemControlClient: notifyCallback event type:2
05-27 16:12:02.442 488 509 I SystemControlClient: notifyCallback: listener is NULL.
05-27 16:12:02.442 290 351 D MesonHwc: FixedDisplayPipe::isVMXCertification:0
05-27 16:12:02.442 290 351 E MesonHwc: FixedDisplayPipe::getConnectorCfg 15
05-27 16:12:02.442 290 351 D MesonHwc: handleEvent DRM_EVENT_HDMITX_HOTPLUG 11 VS 15
05-27 16:12:02.443 290 351 E MesonHwc: read screen size 0x0 from vinfo
05-27 16:12:02.443 290 351 E MesonHwc: dolby vision driver is not ready
05-27 16:12:02.443 290 351 D MesonHwc: Connector VIRTUAL loadDisplayModes get 1 modes
05-27 16:12:02.443 290 351 I MesonHwc: add display mode (dummy_l-dummy_l-127, 720x480, 56.000000) dpi(0,0), hskew(0)
05-27 16:12:02.443 290 351 I MesonHwc: loadDisplayModes (1) end
05-27 16:12:02.443 290 351 D MesonHwc: HwcDisplayPipe::updatePipe 0.
05-27 16:12:02.443 320 371 I SystemControl: [/Ubootenv.cpp, get, 345] [ubootenv] search end and not find env:connector_type
05-27 16:12:02.443 290 351 D MesonHwc: sc_read_bootenv val is empty
05-27 16:12:02.443 290 351 D MesonHwc: getConnectorType, get ubootenv.var.connector_type from uboot env, return (null)
05-27 16:12:02.443 290 351 D MesonHwc: getConnectorType-0 get connector type hdmi--65536
05-27 16:12:02.444 290 351 D MesonHwc: getConnectorCfg: get display 0, connector 13
05-27 16:12:02.444 290 351 D MesonHwc: FixedDisplayPipe::isVMXCertification:0
05-27 16:12:02.444 290 351 E MesonHwc: FixedDisplayPipe::getConnectorCfg 15
05-27 16:12:02.444 290 351 D MesonHwc: HwcDisplayPipe::updatePipe (0) [CHANGED], crtc (0) connector (15)
05-27 16:12:02.444 290 351 D MesonHwc: HwcDisplayPipe::updatePipe 0 changed
05-27 16:12:02.444 290 351 D MesonHwc: ERR: PLEASE FIX NON-IMPLEMENT FUN(update).
05-27 16:12:02.444 290 351 E MesonHwc: read screen size 0x0 from vinfo
05-27 16:12:02.444 290 351 E MesonHwc: dolby vision driver is not ready
05-27 16:12:02.444 290 351 D MesonHwc: Connector VIRTUAL loadDisplayModes get 1 modes
05-27 16:12:02.444 290 351 I MesonHwc: add display mode (dummy_l-dummy_l-127, 720x480, 56.000000) dpi(0,0), hskew(0)
05-27 16:12:02.444 290 351 I MesonHwc: loadDisplayModes (1) end
05-27 16:12:02.444 290 351 D MesonHwc: unbind pipe (0)
05-27 16:12:02.445 290 351 D MesonHwc: bind pipe (0),crtc(63)connector(101)
05-27 16:12:02.445 290 351 D MesonHwc: RealModeMgr::update: nextModeId:586
05-27 16:12:02.445 290 351 D MesonHwc: RealModeMgr::update get current mode:576p50hz
05-27 16:12:02.445 290 351 D MesonHwc: RealModeMgr::update use previous mode (720x576-50.00)
05-27 16:12:02.445 290 351 D MesonHwc: updatePipe connector:VIRTUAL, connected:1
05-27 16:12:02.445 290 351 I MesonHwc: HwcConfig::default frame buffer size (1920 x 1080)
05-27 16:12:02.446 290 351 D MesonHwc: Update composition MultiplanesWithDiComposition -> MultiplanesWithDiComposition
05-27 16:12:02.446 290 351 E MesonHwc: Do Nothing in updateDisplayMode .
05-27 16:12:02.446 290 351 D MesonHwc: [setPendingMode] pending modes vector empty
05-27 16:12:02.446 290 351 D MesonHwc: displayID:0, On hot plug: [Plug out]
05-27 16:12:02.446 290 351 D MesonHwc: ModePolicy handle hotplug:0
05-27 16:12:02.446 290 351 V MesonDisplayServer: GetDisplayMode:576p50hz
05-27 16:12:02.446 290 351 I MesonHwc: getDisplayMode mode:576p50hz
05-27 16:12:02.446 495 532 I hdmiconnection: hot plug port id 0, is connected 0
05-27 16:12:02.447 290 351 I MesonHwc: setSysfsStr /sys/devices/virtual/amhdmitx/amhdmitx0/avmute= 1
01-01 08:05:32.192 0 0 I [1 T351 ..] vc: [0]get capability: min 64 64; max 4096 2160
01-01 08:05:32.193 0 0 I [1 T351 ..] vc: [1]get capability: min 64 64; max 2048 1080
01-01 08:05:32.194 0 0 I [1 T351 ..] [hdmitx: ] avmute_store 1
05-27 16:12:02.451 1444 1444 E xxxxxxxxxxxxxxx: onReceive:mIsHDMIPlugged = false
05-27 16:12:02.451 715 715 D HDMI : Hotplug event:[port:0, connected:false]
05-27 16:12:02.452 715 715 D HDMI : reset tv status for hotplug out
05-27 16:12:02.452 715 715 D AudioService: onStatusChange cecEnabled:true available:false
05-27 16:12:02.452 715 715 D AudioService: TV, no CEC: setting HDMI as regular vol device
05-27 16:12:02.452 715 715 D AudioService: Removing DeviceType: 0x400 from mFullVolumeDevices
05-27 16:12:02.452 715 715 D AudioService: Removing DeviceType: 0x400 from mFixedVolumeDevices
05-27 16:12:02.452 715 715 D AudioService: Removing DeviceType: 0x400 from mAbsoluteVolumeDeviceInfoMap
05-27 16:12:02.453 489 519 D hdmicecd: [HdmiCecControl]:getPhysicalAddress, physical addr: ffff, last pa: 2000, ret = 0
05-27 16:12:02.453 489 489 D hdmicecd: [HdmiCecControl]:getPhysicalAddress, physical addr: ffff, last pa: 2000, ret = 0
05-27 16:12:02.454 715 821 I WiredAccessoryManager: MSG_NEW_DEVICE_STATE
05-27 16:12:02.454 487 516 I SystemControlClient: notifyCallback event type:2
05-27 16:12:02.455 487 516 I SystemControlClient: notifyCallback: listener is NULL.
05-27 16:12:02.455 320 328 I SystemControl: [/Ubootenv.cpp, get, 336] [ubootenv] get key:hdmimode envValue: 576p50hz
05-27 16:12:02.455 320 328 I SystemControl: [/Ubootenv.cpp, get, 336] [ubootenv] get key:is.bestmode envValue: false
05-27 16:12:02.455 320 328 I SystemControl: [/Ubootenv.cpp, get, 345] [ubootenv] search end and not find env:user_colorattribute
05-27 16:12:02.455 240 800 I SystemControlClient: notifyCallback event type:2
05-27 16:12:02.455 240 800 I SystemControlClient: notifyCallback: listener is NULL.
05-27 16:12:02.455 320 328 I SystemControl: [/Ubootenv.cpp, get, 345] [ubootenv] search end and not find env:hdr_force_mode
05-27 16:12:02.455 320 328 I SystemControl: [/DisplayMode.cpp, gethdrforcemode, 2742] get hdr force mode is [2]
05-27 16:12:02.455 320 328 I SystemControl: [/Ubootenv.cpp, get, 336] [ubootenv] get key:hdr_policy envValue: 0
05-27 16:12:02.455 320 328 I SystemControl: [/DisplayMode.cpp, getHdrStrategy, 2758] getHdrStrategy is [0]
05-27 16:12:02.455 486 1121 I SystemControlClient: notifyCallback event type:2
05-27 16:12:02.455 320 328 I SystemControl: [/Ubootenv.cpp, get, 336] [ubootenv] get key:hdr_priority envValue: 268435472
05-27 16:12:02.455 320 328 I SystemControl: [/DisplayMode.cpp, getHdrPriority, 2891] getHdrPriority is [0x10000010]
05-27 16:12:02.455 486 1121 I SystemControlClient: notifyCallback: listener is NULL.
05-27 16:12:02.455 320 328 I SystemControl: [/DisplayMode.cpp, getCommonData, 1534] isbestcolorspace:1, isbestpolicy:0, hdr_policy:0, hdr_priority :268435472, hdr_force_mode:2
05-27 16:12:02.455 1053 1179 I SystemControlEvent: system control callback event: 2
05-27 16:12:02.458 478 705 D xm_audio: adev_get_parameters
05-27 16:12:02.458 1444 1444 E xxxxxxxxxxxxxxx: onReceive:mIsHDMIPlugged = false
05-27 16:12:02.458 290 346 V MesonDisplayServer: GetDisplayMode:576p50hz
05-27 16:12:02.458 320 328 I SystemControl: [/DisplayMode.cpp, getDisplayMode, 2331] getDisplayMode mode:576p50hz
05-27 16:12:02.459 320 328 I SystemControl: [/Ubootenv.cpp, get, 336] [ubootenv] get key:hdmimode envValue: 576p50hz
05-27 16:12:02.459 320 328 I SystemControl: [/Ubootenv.cpp, get, 336] [ubootenv] get key:cvbsmode envValue: 576cvbs
05-27 16:12:02.459 320 328 I SystemControl: [/DisplayMode.cpp, getCommonData, 1542] hdmi_current_mode:576p50hz, ubootenv hdmimode:576p50hz cvbsmode:576cvbs
05-27 16:12:02.459 290 346 D MesonDisplayServer: use connector getDisplayAttribute "HDMI Color ATTR": "444,8bit"
05-27 16:12:02.459 320 328 I SystemControl: [/Ubootenv.cpp, get, 345] [ubootenv] search end and not find env:user_colorattribute
05-27 16:12:02.459 320 328 I SystemControl: [/DisplayMode.cpp, getCommonData, 1554] hdmi_current_attr:444,8bit, ubootenv_colorattribute:none
05-27 16:12:02.459 320 328 I SystemControl: [/Ubootenv.cpp, get, 345] [ubootenv] search end and not find env:dv_enable
05-27 16:12:02.459 320 328 I SystemControl: [/DisplayMode.cpp, getCommonData, 1567] dv_enable:0
05-27 16:12:02.459 320 328 I SystemControl: [/Ubootenv.cpp, get, 345] [ubootenv] search end and not find env:user_prefer_dv_type
05-27 16:12:02.459 320 328 I SystemControl: [/DisplayMode.cpp, getCommonData, 1578] ubootenv_dv_type:0
05-27 16:12:02.459 715 715 I AS.AudioDeviceInventory: NOISY: adding 0x400
05-27 16:12:02.459 478 705 D xm_audio: adev_get_parameters
05-27 16:12:02.460 320 328 I SystemControl: [/DisplayMode.cpp, getHdmiData, 1721] display sink type:0 [0:none, 1:sink, 2:repeater]
05-27 16:12:02.460 320 328 I SystemControl: [/DisplayMode.cpp, filterHdmiDispcap, 1398] before filtered HdmiDispcap:
05-27 16:12:02.460 320 328 I SystemControl: [/DisplayMode.cpp, filterHdmiDispcap, 1427] after filtered HdmiDispcap:
05-27 16:12:02.460 290 346 D MesonDisplayServer: getDisplayAttribute "Dolby Vision CAP2": "The Rx don't support DolbyVision"
05-27 16:12:02.462 320 328 E SystemControl: [/DisplayMode.cpp, getHdmiDvCap, 1618] TV isn't support dolby vision: The Rx don't support DolbyVision
05-27 16:12:02.462 320 328 I SystemControl: [/DisplayMode.cpp, onTxEvent, 3294] onTxEvent boot config enable do nothing, just return
05-27 16:12:02.462 320 328 I SystemControl: [/UEventObserver.cpp, HDMITxUenventThreadLoop, 451] HDMI TX switch_name:hdmitx_audio, switch_state: 0
05-27 16:12:02.462 320 328 I SystemControl: [/DisplayMode.cpp, onTxEvent, 3267] onTxEvent switchName:hdmitx_audio hpdstate:0 state: 1
05-27 16:12:02.462 320 328 I SystemControl: [/SysWrite.cpp, getKernelReleaseVersion, 701] getKernelReleaseVersion: 5.15
05-27 16:12:02.462 320 328 I SystemControl: [/SystemControlHal.cpp, onEvent, 72] onEvent event:4, client size:5
05-27 16:12:02.463 486 1121 I SystemControlClient: notifyCallback event type:4
05-27 16:12:02.463 486 1121 I SystemControlClient: notifyCallback: listener is NULL.
05-27 16:12:02.463 1053 1179 I SystemControlEvent: system control callback event: 4
05-27 16:12:02.463 487 516 I SystemControlClient: notifyCallback event type:4
05-27 16:12:02.463 487 516 I SystemControlClient: notifyCallback: listener is NULL.
05-27 16:12:02.463 240 800 I SystemControlClient: notifyCallback event type:4
05-27 16:12:02.463 240 800 I SystemControlClient: notifyCallback: listener is NULL.
05-27 16:12:02.466 488 509 I SystemControlClient: notifyCallback event type:4
05-27 16:12:02.466 488 509 I SystemControlClient: notifyCallback: listener is NULL.
05-27 16:12:02.467 478 2364 D xm_audio: adev_get_parameters
05-27 16:12:02.469 478 2364 D xm_audio: adev_get_parameters
05-27 16:12:02.474 478 2364 D xm_audio: adev_get_parameters
05-27 16:12:02.475 478 2364 D xm_audio: adev_get_parameters
05-27 16:12:02.481 478 2364 D xm_audio: adev_get_parameters
05-27 16:12:02.482 478 2364 D xm_audio: adev_get_parameters
05-27 16:12:02.488 478 2364 D xm_audio: adev_get_parameters
05-27 16:12:02.489 478 2364 D xm_audio: adev_get_parameters
05-27 16:12:02.494 478 2364 D xm_audio: adev_get_parameters
05-27 16:12:02.496 478 2364 D xm_audio: adev_get_parameters
05-27 16:12:02.501 478 2364 D xm_audio: adev_get_parameters
05-27 16:12:02.502 478 705 D xm_audio: adev_get_parameters
05-27 16:12:02.507 478 2364 D xm_audio: adev_get_parameters
05-27 16:12:02.509 478 2364 D xm_audio: adev_get_parameters
05-27 16:12:02.513 478 2364 D xm_audio: adev_get_parameters
05-27 16:12:02.514 478 2364 D xm_audio: adev_get_parameters
05-27 16:12:02.520 478 2364 D xm_audio: adev_get_parameters
05-27 16:12:02.521 478 2364 D xm_audio: adev_get_parameters
05-27 16:12:02.525 715 715 I AS.AudioDeviceInventory: NOISY: musicDevice changing from NONE to 0x400
05-27 16:12:02.526 715 715 I AS.AudioDeviceInventory: dropping ACTION_AUDIO_BECOMING_NOISY
05-27 16:12:02.527 715 873 D AudioService: setWiredDeviceConnectionState( type:400 state:DEVICE_STATE_UNAVAILABLE addr: name:) from android
05-27 16:12:02.527 715 873 I AS.AudioDeviceInventory: handleDeviceConnection(false dev:400 address: name:)
05-27 16:12:02.527 715 873 I AS.AudioDeviceInventory: deviceKey:0x400:
05-27 16:12:02.527 715 873 I AS.AudioDeviceInventory: deviceInfo:[DeviceInfo: type:0x400 (hdmi) name: addr: codec: 0 sensorUuid: null disabled modes: {}] is(already)Connected:true
05-27 16:12:02.528 535 2034 I APM_AudioPolicyManager: [setDeviceConnectionState:256] curForceUse:NONE(0) disconnect_forceuse:HDMI(9)
05-27 16:12:02.528 478 2364 D xm_audio: adev_get_parameters
05-27 16:12:02.529 478 2364 I audio_hw_hal_primary: [adev_set_device_connected_state_v7:9037] disconnected address:, num_descriptors:0, num_profiles:7
05-27 16:12:02.529 478 2364 I audio_hw_hal_primary: [set_device_connect_state:4044] state:0, dev:OUT_HDMI(0x400), pre_out:0x80002, pre_in:0x4
05-27 16:12:02.530 478 2364 D audio_hw_hal_resourcemgr: [set_output_device_avail:353] device:0x400 avail_out_devices:400 routed_out_devices:0x400
05-27 16:12:02.532 478 2364 D xm_audio: adev_get_parameters
05-27 16:12:02.535 535 2034 W APM::Devices: DeviceVector::remove device 00000400 not in
05-27 16:12:02.537 715 873 I AS.AudioDeviceInventory: sendDeviceConnectionIntent(dev:0x400 state:0x0 address: name:);
05-27 16:12:02.542 715 715 V MediaRouter: Audio routes updated: AudioRoutesInfo{ type=SPEAKER }, a2dp=false
05-27 16:12:02.542 715 715 V MediaRouter: Selecting route: RouteInfo{ name=电视, description=null, status=null, category=RouteCategory{ name=系统 types=ROUTE_TYPE_LIVE_AUDIO ROUTE_TYPE_LIVE_VIDEO groupable=false }, supportedTypes=ROUTE_TYPE_LIVE_AUDIO ROUTE_TYPE_LIVE_VIDEO , presentationDisplay=null }
05-27 16:12:02.544 931 931 V MediaRouter: Audio routes updated: AudioRoutesInfo{ type=SPEAKER }, a2dp=false
05-27 16:12:02.544 931 931 V MediaRouter: Selecting route: RouteInfo{ name=电视, description=null, status=null, category=RouteCategory{ name=系统 types=ROUTE_TYPE_LIVE_AUDIO ROUTE_TYPE_LIVE_VIDEO groupable=false }, supportedTypes=ROUTE_TYPE_LIVE_AUDIO ROUTE_TYPE_LIVE_VIDEO , presentationDisplay=null }
05-27 16:12:02.547 290 351 I MesonHwc: setDisplayMode mode:dummy_l
05-27 16:12:02.547 290 351 D MesonDisplayServer: SetDisplay[CVBS] Mode to "dummy_l"
05-27 16:12:02.547 290 351 D MesonHwc: blankDisplay connectorType:15
05-27 16:12:02.547 290 351 D MesonHwc: [setConnectorStatus]: power mode 2
05-27 16:12:02.547 290 351 D MesonHwc: displayId:0, blank all display planes
05-27 16:12:02.554 478 2364 D xm_audio: adev_get_parameters
05-27 16:12:02.555 478 2364 D xm_audio: adev_get_parameters
05-27 16:12:02.560 478 2364 D xm_audio: adev_get_parameters
01-01 08:05:32.308 0 0 I : [2 T351 ..] [drm] [meson_hdmitx_encoder_atomic_disable]
01-01 08:05:32.308 0 0 I : [2 T351 ..] [drm] am_meson_crtc_atomic_disable-[0]:in
01-01 08:05:32.309 0 0 I [3 T351 d.] [hdmitx: ] hdmitx_set_drm_pkt: disable drm pkt
05-27 16:12:02.563 478 2364 D xm_audio: adev_get_parameters
01-01 08:05:32.309 0 0 I [3 T351 d.] [hdmitx: ] TV not support DV, clr dv_vsif
01-01 08:05:32.310 0 0 I [3 T351 d.] [hdmitx: ] DV H14b VSIF, switching signal to SDR
01-01 08:05:32.311 0 0 I [3 T351 ..] [hdmitx: ] hdmitx_set_hdr10plus_pkt: null vsif
