05-27 16:11:58.744 478 705 D audio_hw_hal_primary: [adev_open_output_stream_new:7868] enter: dev=0xefd014a0 handle=635 devices=0x400/'HDMI,' flags=0x11/'DIRECT,COMPRESS_OFFLOAD,' config=(rt=44100 ch_mask=0x1 fmt=0xe000000) address=''
05-27 16:11:58.744 478 705 D audio_hw_hal_primary: adev_open_output_stream_new: enter
05-27 16:11:58.744 478 705 I audio_hw_hal_primary: [adev_open_output_stream:3285] io 1589: out:0xefc48170 dev:OUT_HDMI(0x400) addr:
05-27 16:11:58.744 478 705 I audio_hw_hal_primary: [adev_open_output_stream:3287] ch_mask:0x1 rate:44100 format:DOLBY_TRUEHD(0xe000000) flags:0x11
05-27 16:11:58.744 478 705 I audio_hw_hal_primary: adev_open_output_stream: for raw audio output,force alsa stereo output
05-27 16:11:58.744 478 705 I audio_hw_hal_primary: [adev_open_output_stream:3610] result profile ch_mask:0x1 rate:44100 format:DOLBY_TRUEHD(0xe000000) usecase:RAW_DIRECT
05-27 16:11:58.744 478 705 I audio_hw_hal_utils: aml_get_stream_dump_file_name line 2929 file_name /data/vendor/audiohal/stream_pid478_tid705.mlp
05-27 16:11:58.744 478 705 I audio_hw_hal_primary: [adev_open_output_stream_new:8037] io 1589: out: 0xefc48170 card:0 alsa devices:0 exit ------
01-01 08:05:28.489 0 0 I [3 T351 ..] [hdmitx: ] set21_phy_by_mode_s7d[188] rterm = 7
01-01 08:05:28.490 0 0 I [2 T351 ..] [hdmitx: ] Sink is HDMI device
01-01 08:05:28.490 0 0 I [2 T351 ..] [hdmitx: ] clear vsif for non-4k mode.
01-01 08:05:28.491 0 0 I [2 T351 ..] [hdmitx: ] set audio
01-01 08:05:28.491 0 0 I [2 T351 ..] [hdmitx: ] audio_param->chs = 7
01-01 08:05:28.492 0 0 I [2 T351 ..] [hdmitx: ] aud_src_if = 1
01-01 08:05:28.493 0 0 I [2 T351 ..] [hdmitx: ] aud_n_para = 24576
05-27 16:11:58.746 478 705 I audio_hw_hal_primary: [out_get_buffer_size:552] out:0xefc48170 config.rate=44100, format:DOLBY_TRUEHD(0xe000000), stream format:DOLBY_TRUEHD(0xe000000)
05-27 16:11:58.746 535 3667 I AudioFlinger: HAL output buffer size 16384 frames, normal sink buffer size 16384 frames
05-27 16:11:58.746 478 705 I audio_hw_hal_primary: [audiohal_get_latency:1333] io 1589: out:0xefc48170 frames:960 rate:44100 whole_latency:21 alsa_latency:21
05-27 16:11:58.746 478 705 I audio_hw_hal_primary: [out_set_event_callback:3158] io 1589: out:0xefc48170, callback:0xf1b4091d cookie:0xf2200790
05-27 16:11:58.747 478 705 I audio_hw_hal_primary: [audiohal_get_latency:1333] io 1589: out:0xefc48170 frames:960 rate:44100 whole_latency:21 alsa_latency:21
05-27 16:11:58.747 478 705 I audio_hw_hal_primary: [audiohal_get_latency:1333] io 1589: out:0xefc48170 frames:960 rate:44100 whole_latency:21 alsa_latency:21
05-27 16:11:58.747 478 676 I audio_hw_hal_primary: [adev_uevent_callback:9131] uevent type=0
05-27 16:11:58.747 535 5028 I AudioFlinger: AudioFlinger's thread 0xe78dc400 tid=5028 ready to run
05-27 16:11:58.747 320 328 I SystemControl: [/UEventObserver.cpp, HDMITxUenventThreadLoop, 451] HDMI TX switch_name:hdmitx_vmode_audio, switch_state: 1
05-27 16:11:58.748 478 673 I audio_hw_hal_alsamgr: raw to lpcm switch aml_alsa_output_write
01-01 08:05:28.493 0 0 I [2 T351 ..] [hdmitx: ] vinfo: set cur_enc_ppc as 1, vpp color: 0
01-01 08:05:28.495 0 0 D [3 T673 ..] [snd-soc]: spdif_a is set to disable
01-01 08:05:28.495 0 0 I [3 T673 ..] [snd-soc]: aml_audio_reset, reg 0xa, shift 9, use_vadtop 0
01-01 08:05:28.495 0 0 I [3 T673 ..] [snd-soc]: aml_audio_reset, reg 0xa, shift 14, use_vadtop 0
01-01 08:05:28.496 0 0 I [3 T673 ..] [snd-soc]: sharebuffer_spdifout_prepare get_hdmitx_audio_src(rtd->card):3 spdif_id:0
05-27 16:11:58.751 535 5028 D AudioFlinger: ro.audio.silent is ignored since no output device is set
05-27 16:11:58.752 535 5028 D AudioFlinger: ro.audio.silent is ignored since no output device is set
01-01 08:05:28.498 0 0 D [3 T673 ..] [snd-soc]: spdif_a fifo ctrl, frddr:0 type:1, 16 bits, chmask 0x3, swap 0x10
05-27 16:11:58.752 478 673 I audio_hw_hal_ms12v2: dolby_ms12_threadloop alsa is not running
05-27 16:11:58.753 478 673 I audio_hw_hal_ms12v2: dolby_ms12_threadloop alsa is not running
05-27 16:11:58.754 478 673 I audio_hw_hal_alsamgr: aml_alsa_output_write_new reset hdmitx alsa
01-01 08:05:28.501 0 0 I [3 T673 ..] [snd-soc]: aml_audio_reset, reg 0xa, shift 10, use_vadtop 0
01-01 08:05:28.501 0 0 I [3 T673 ..] [snd-soc]: aml_audio_reset, reg 0xa, shift 13, use_vadtop 0
01-01 08:05:28.502 0 0 I [3 T673 ..] [hdmitx: ] hdmitx_audio_notify_callback[804] type:12 rate:7 size:1 chs:8 i2s_ch_mask:15 aud_src_if:1
01-01 08:05:28.504 0 0 I [3 T673 ..] [hdmitx: ] aout notify format CT_MAT
01-01 08:05:28.504 0 0 I [3 T673 ..] [hdmitx: ] set audio
05-27 16:11:58.760 320 328 I SystemControl: [/UEventObserver.cpp, HDMITxUenventThreadLoop, 451] HDMI TX switch_name:hdmitx_current_status, switch_state: 142
05-27 16:11:58.761 478 673 I audio_hw_hal_ms12v2: dolby_ms12_threadloop alsa is not running
05-27 16:11:58.762 478 673 I audio_hw_hal_ms12v2: dolby_ms12_threadloop alsa is not running
05-27 16:11:58.762 478 673 I audio_hw_hal_alsamgr: aml_alsa_output_write alsa_running_status[0xefc447f0] change from 0 to 1
01-01 08:05:28.505 0 0 I [3 T673 ..] [hdmitx: ] audio_param->chs = 7
01-01 08:05:28.506 0 0 I [3 T673 ..] [hdmitx: ] aud_src_if = 1
01-01 08:05:28.506 0 0 I [3 T673 ..] [hdmitx: ] aud_n_para = 24576
01-01 08:05:28.507 0 0 I [0 T351 ..] DOLBY: vout_notify_callback: VOUT_EVENT_MODE_CHANGE
01-01 08:05:28.507 0 0 I [3 T673 ..] [hdmitx: ] set audio param
01-01 08:05:28.508 0 0 I : [0 T351 ..] vsync_pts_inc 1800 1/50
01-01 08:05:28.509 0 0 D [3 T673 ..] [snd-soc]: spdif_a is set to enable
01-01 08:05:28.509 0 0 I : [0 T351 ..] [drm] meson_vout_update_mode_name: hdmitx update vout 1 name 576p50hz.
05-27 16:11:58.763 320 328 I SystemControl: [/UEventObserver.cpp, HDMITxUenventThreadLoop, 451] HDMI TX switch_name:hdmitx_current_status, switch_state: 143
05-27 16:11:58.766 489 489 D hdmicecd: [CEC]:printCecMessage, [4 -> 4] len: 0, body:, result:no ack
05-27 16:11:58.767 715 894 D HDMI : New logical address for device [4]: [preferred:4, assigned:4]
05-27 16:11:58.768 489 489 D hdmicecd: [HdmiCecControl]:getPhysicalAddress, physical addr: 2000, last pa: 2000, ret = 0
05-27 16:11:58.769 489 489 D hdmicecd: [HdmiCecControl]:getPhysicalAddress, physical addr: 2000, last pa: 2000, ret = 0
05-27 16:11:58.769 489 519 D hdmicecd: [HdmiCecControl]:getPhysicalAddress, physical addr: 2000, last pa: 2000, ret = 0
05-27 16:11:58.769 489 519 D hdmicecd: [HdmiCecControl]:getVendorId, vendorId: 0x1CA410
05-27 16:11:58.769 489 519 D hdmicecd: [HdmiCecControl]:getPhysicalAddress, physical addr: 2000, last pa: 2000, ret = 0
05-27 16:11:58.770 715 715 D HDMI : addCecDevice new:CEC: logical_address: 0x04 device_type: 4 cec_version: 5 vendor_id: 1877008 display_name: DBBOX-A3 power_status: 0 physical_address: 0x2000 port_id: 0 old:CEC: logical_address: 0x04 device_type: 4 cec_version: 5 vendor_id: 1877008 display_name: DBBOX-A3 power_status: 0 physical_address: 0x2000 port_id: 0
05-27 16:11:58.770 489 489 I hdmicecd: [HdmiCecControl]:addr:4, allocate result:0
05-27 16:11:58.773 535 3667 I AudioFlinger: openOutput() this 0xed5c2fe0, module 10 Device AUDIO_DEVICE_OUT_HDMI, @:, SamplingRate 32000, Format 0x9000000, Channels 0x1, flags 0x1
05-27 16:11:58.773 478 705 D audio_hw_hal_primary: [adev_open_output_stream_new:7868] enter: dev=0xefd014a0 handle=63d devices=0x400/'HDMI,' flags=0x1/'DIRECT,' config=(rt=32000 ch_mask=0x1 fmt=0x9000000) address=''
05-27 16:11:58.773 478 705 D audio_hw_hal_primary: adev_open_output_stream_new: enter
05-27 16:11:58.773 478 705 I audio_hw_hal_primary: [adev_open_output_stream:3285] io 1597: out:0xefc40010 dev:OUT_HDMI(0x400) addr:
05-27 16:11:58.773 478 705 I audio_hw_hal_primary: [adev_open_output_stream:3287] ch_mask:0x1 rate:32000 format:AC3(0x9000000) flags:0x1
05-27 16:11:58.773 478 705 I audio_hw_hal_primary: adev_open_output_stream: for raw audio output,force alsa stereo output
05-27 16:11:58.773 478 705 I audio_hw_hal_primary: [adev_open_output_stream:3610] result profile ch_mask:0x1 rate:32000 format:AC3(0x9000000) usecase:RAW_DIRECT
05-27 16:11:58.773 478 705 I audio_hw_hal_utils: aml_get_stream_dump_file_name line 2929 file_name /data/vendor/audiohal/stream_pid478_tid705.dd
05-27 16:11:58.773 478 705 I audio_hw_hal_primary: [adev_open_output_stream_new:8037] io 1597: out: 0xefc40010 card:0 alsa devices:0 exit ------
05-27 16:11:58.775 478 2364 I audio_hw_hal_primary: [out_get_buffer_size:552] out:0xefc40010 config.rate=32000, format:AC3(0x9000000), stream format:AC3(0x9000000)
05-27 16:11:58.775 535 3667 I AudioFlinger: HAL output buffer size 2048 frames, normal sink buffer size 2048 frames
05-27 16:11:58.776 478 2364 I audio_hw_hal_primary: [audiohal_get_latency:1333] io 1597: out:0xefc40010 frames:1152 rate:32000 whole_latency:36 alsa_latency:36
05-27 16:11:58.776 478 705 I audio_hw_hal_primary: [out_set_event_callback:3158] io 1597: out:0xefc40010, callback:0xf1b4091d cookie:0xf22025f0
05-27 16:11:58.776 478 2364 I audio_hw_hal_primary: [audiohal_get_latency:1333] io 1597: out:0xefc40010 frames:1152 rate:32000 whole_latency:36 alsa_latency:36
05-27 16:11:58.776 535 5029 I AudioFlinger: AudioFlinger's thread 0xe78d8370 tid=5029 ready to run
05-27 16:11:58.777 478 2364 I audio_hw_hal_primary: [audiohal_get_latency:1333] io 1597: out:0xefc40010 frames:1024 rate:32000 whole_latency:32 alsa_latency:32
05-27 16:11:58.779 535 5029 D AudioFlinger: ro.audio.silent is ignored since no output device is set
05-27 16:11:58.780 478 2364 D audio_hw_hal_primary: [out_standby_new:5767] io 1597: out:0xefc40010 usecase:RAW_DIRECT
05-27 16:11:58.780 478 2364 I audio_hw_hal_primary: already standby, do nothing
05-27 16:11:58.780 489 489 D hdmicecd: [HdmiCecControl]:onAddressAllocated:4
05-27 16:11:58.780 535 5029 D AudioFlinger: ro.audio.silent is ignored since no output device is set
05-27 16:11:58.780 715 715 D HDMI : onAddressAllocated address:4 reason:4
05-27 16:11:58.780 290 351 D MesonHwc: setmode:crtc[63], name [576p50hz] -modeblob[129] [720x576-50.00] seamless:0 enableVrr:0
05-27 16:11:58.780 489 519 D hdmicecd: [HdmiCecControl]:getPhysicalAddress, physical addr: 2000, last pa: 2000, ret = 0
05-27 16:11:58.780 290 351 V MesonDisplayServer: GetDisplayMode:576p50hz
05-27 16:11:58.781 489 519 D hdmicecd: [HdmiCecControl]:getVendorId, vendorId: 0x1CA410
05-27 16:11:58.781 715 894 D HDMI : [S]: 4F:84:20:00:04
05-27 16:11:58.781 290 351 I MesonHwc: getDisplayMode mode:576p50hz
05-27 16:11:58.782 489 527 D hdmicecd: [HdmiCecControl]:getPhysicalAddress, physical addr: 2000, last pa: 2000, ret = 0
05-27 16:11:58.782 489 527 D hdmicecd: [HdmiCecControl]:getPhysicalAddress, physical addr: 2000, last pa: 2000, ret = 0
05-27 16:11:58.782 715 715 D HDMI : DeviceDiscoveryAction start com.android.server.hdmi.DeviceDiscoveryAction@4e7e683
05-27 16:11:58.783 290 351 I MesonHwc: getContentTypeSupport: game is true
05-27 16:11:58.787 290 351 I MesonHwc: set display-size:720x576
05-27 16:11:58.787 320 371 I SystemControl: [/Ubootenv.cpp, get, 336] [ubootenv] get key:576p_x envValue: 0
05-27 16:11:58.787 320 371 I SystemControl: [/Ubootenv.cpp, get, 336] [ubootenv] get key:576p_y envValue: 0
05-27 16:11:58.788 320 371 I SystemControl: [/Ubootenv.cpp, get, 336] [ubootenv] get key:576p_w envValue: 720
05-27 16:11:58.788 320 371 I SystemControl: [/Ubootenv.cpp, get, 336] [ubootenv] get key:576p_h envValue: 576
05-27 16:11:58.788 290 351 I MesonHwc: getPosition curMode:576p50hz position[0]:0 position[1]:0 position[2]:720 position[3]:576
05-27 16:11:58.788 290 351 I MesonHwc: setPosition curMode:576p50hz left:0 top:0 width:720 height:576
05-27 16:11:58.788 290 351 D MesonHwc: set key:ubootenv.var.576p_x value:0
05-27 16:11:58.789 320 371 I SystemControl: [/Ubootenv.cpp, updateValue, 68] [ubootenv] update value name [ubootenv.var.576p_x]: value [0]
05-27 16:11:58.789 320 371 I SystemControl: [/Ubootenv.cpp, get, 336] [ubootenv] get key:576p_x envValue: 0
05-27 16:11:58.789 290 351 D MesonHwc: set key:ubootenv.var.576p_y value:0
05-27 16:11:58.790 320 371 I SystemControl: [/Ubootenv.cpp, updateValue, 68] [ubootenv] update value name [ubootenv.var.576p_y]: value [0]
05-27 16:11:58.790 320 371 I SystemControl: [/Ubootenv.cpp, get, 336] [ubootenv] get key:576p_y envValue: 0
05-27 16:11:58.790 290 351 D MesonHwc: set key:ubootenv.var.576p_w value:720
05-27 16:11:58.790 320 371 I SystemControl: [/Ubootenv.cpp, updateValue, 68] [ubootenv] update value name [ubootenv.var.576p_w]: value [720]
05-27 16:11:58.790 320 371 I SystemControl: [/Ubootenv.cpp, get, 336] [ubootenv] get key:576p_w envValue: 720
05-27 16:11:58.790 290 351 D MesonHwc: set key:ubootenv.var.576p_h value:576
05-27 16:11:58.790 320 371 I SystemControl: [/Ubootenv.cpp, updateValue, 68] [ubootenv] update value name [ubootenv.var.576p_h]: value [576]
05-27 16:11:58.790 320 371 I SystemControl: [/Ubootenv.cpp, get, 336] [ubootenv] get key:576p_h envValue: 576
05-27 16:11:58.790 290 351 V MesonDisplayServer: SetDisplay[HDMI] DisplayRect to "(0,0,720,576)"
05-27 16:11:58.790 290 351 D MesonHwc: Display (0) ask for refresh.
05-27 16:11:58.791 290 351 V MesonDisplayServer: SetDisplayViewPort done
05-27 16:11:58.794 478 2364 D xm_audio: adev_get_parameters
05-27 16:11:58.802 478 2364 D audio_hw_hal_primary: [out_dump:848] io 1525: out:0xefc4b3c0, fd:26
05-27 16:11:58.803 478 2364 D audio_hw_hal_primary: [out_set_parameters:971] out:0xefc4b3c0 kvpairs:closing=true;exiting=1 out->out_device:0x400, adev->out_device:0x80002
05-27 16:11:58.803 478 2364 E audio_hw_hal_primary: out_set_parameters, ret:-2, hw_sync_mode:is false
05-27 16:11:58.804 478 2364 I audio_hw_hal_primary: [out_set_event_callback:3158] io 1525: out:0xefc4b3c0, callback:0xf1b4091d cookie:0xf2201930
05-27 16:11:58.804 478 2364 I audio_hw_hal_primary: [adev_close_output_stream_new:8052] io handle 1525: out:0xefc4b3c0
05-27 16:11:58.804 478 2364 D audio_hw_hal_primary: adev_close_output_stream_new: enter usecase = RAW_HWSYNC
05-27 16:11:58.804 478 2364 I audio_hw_hal_primary: [adev_close_output_stream:3695] io 1525: out:0xefc4b3c0 dev:OUT_HDMI(0x400) flags:0x51, usecase:RAW_HWSYNC
05-27 16:11:58.804 478 2364 D audio_hw_hal_primary: [out_standby_new:5767] io 1525: out:0xefc4b3c0 usecase:RAW_HWSYNC
05-27 16:11:58.804 478 2364 I audio_hw_hal_primary: already standby, do nothing
05-27 16:11:58.804 478 2364 I audio_hw_hal_resourcemgr: [is_output_device_muted:710] device:0x2 port_mute:0, fade_mute:0
05-27 16:11:58.804 478 2364 I audio_hw_hal_primary: [adev_close_output_stream:3863] io 1525: out:0xefc4b3c0 exit ------
05-27 16:11:58.806 535 3667 D AudioFlinger: closing mmapThread 0xe75c24a0
05-27 16:11:58.806 535 3667 D AudioFlinger: mmapThread exit()
05-27 16:11:58.806 478 2364 I audio_hw_hal_primary: [adev_close_output_stream_new:8052] io handle 1541: out:0xefc40e70
05-27 16:11:58.806 478 2364 D audio_hw_hal_primary: adev_close_output_stream_new: enter usecase = PCM_MMAP
05-27 16:11:58.807 478 2364 I audio_hw_hal_primary: [adev_close_output_stream:3695] io 1541: out:0xefc40e70 dev:OUT_HDMI(0x400) flags:0x4001, usecase:PCM_MMAP
05-27 16:11:58.807 478 2364 D audio_hw_hal_primary: [out_standby_new:5767] io 1541: out:0xefc40e70 usecase:PCM_MMAP
05-27 16:11:58.807 478 2364 I audio_hw_hal_primary: already standby, do nothing
05-27 16:11:58.807 478 2364 I audio_hw_hal_mmap: [outMmapDeInit:743] stream:0xefc40e70
05-27 16:11:58.807 478 2364 I audio_hw_hal_mmap: [mmap_audio_unregister_client:955] OK ! stream 0xefc40e70, client id 0
05-27 16:11:58.807 478 2364 I audio_hw_hal_primary: when close aaudio stream, send STANDBY msg to submix & ms12
05-27 16:11:58.807 478 2364 I audio_hw_hal_ms12common: aml_set_ms12_scheduler_state ms12_scheduler_state:1, sch_state:1 SCHEDULER_STANDBY is sent to ms12
05-27 16:11:58.807 478 2364 I audio_hw_hal_resourcemgr: [is_output_device_muted:710] device:0x2 port_mute:0, fade_mute:0
05-27 16:11:58.807 478 2364 I audio_hw_hal_primary: [adev_close_output_stream:3863] io 1541: out:0xefc40e70 exit ------
05-27 16:11:58.808 478 705 D audio_hw_hal_primary: [out_dump:848] io 1557: out:0xefc47a40, fd:23
05-27 16:11:58.809 478 705 D audio_hw_hal_primary: [out_set_parameters:971] out:0xefc47a40 kvpairs:closing=true;exiting=1 out->out_device:0x400, adev->out_device:0x80002
05-27 16:11:58.809 478 705 E audio_hw_hal_primary: out_set_parameters, ret:-2, hw_sync_mode:is false
05-27 16:11:58.809 535 5021 D AudioFlinger: ro.audio.silent is ignored since no output device is set
05-27 16:11:58.809 478 705 I audio_hw_hal_primary: [out_set_event_callback:3158] io 1557: out:0xefc47a40, callback:0xf1b4091d cookie:0xf22011b0
05-27 16:11:58.810 478 705 I audio_hw_hal_primary: [adev_close_output_stream_new:8052] io handle 1557: out:0xefc47a40
05-27 16:11:58.810 478 705 D audio_hw_hal_primary: adev_close_output_stream_new: enter usecase = RAW_HWSYNC
05-27 16:11:58.810 478 705 I audio_hw_hal_primary: [adev_close_output_stream:3695] io 1557: out:0xefc47a40 dev:OUT_HDMI(0x400) flags:0x41, usecase:RAW_HWSYNC
05-27 16:11:58.810 478 705 D audio_hw_hal_primary: [out_standby_new:5767] io 1557: out:0xefc47a40 usecase:RAW_HWSYNC
05-27 16:11:58.810 478 705 I audio_hw_hal_primary: already standby, do nothing
05-27 16:11:58.810 478 705 I audio_hw_hal_resourcemgr: [is_output_device_muted:710] device:0x2 port_mute:0, fade_mute:0
05-27 16:11:58.810 478 705 I audio_hw_hal_primary: [adev_close_output_stream:3863] io 1557: out:0xefc47a40 exit ------
05-27 16:11:58.811 290 351 E MesonHwc: open file [/sys/class/amhdmitx/amhdmitx0/aud_mute] error:Permission denied
05-27 16:11:58.811 290 351 E MesonHwc: open file [/sys/class/amhdmitx/amhdmitx0/aud_mute] error:Permission denied
05-27 16:11:58.811 290 351 E MesonHwc: dolby vision driver is not ready
05-27 16:11:58.811 290 351 I MesonHwc: setSysfsStr /sys/devices/virtual/amhdmitx/amhdmitx0/avmute= -1
05-27 16:11:58.811 290 5034 I MesonDisplay: [/HDCPTxAuth.cpp, authThread, 173] hdcp_tx thread loop entry
05-27 16:11:58.811 478 705 D audio_hw_hal_primary: [out_dump:848] io 1565: out:0xefc49700, fd:23
05-27 16:11:58.811 290 351 I MesonDisplay: [/HDCPTxAuth.cpp, start, 109] hdcp_tx, create hdcp thread id = 3890725312 done
05-27 16:11:58.812 320 371 I SystemControl: [/Ubootenv.cpp, get, 345] [ubootenv] search end and not find env:digitaudiooutput
05-27 16:11:58.812 290 351 D MesonHwc: sc_read_bootenv val is empty
05-27 16:11:58.812 290 351 V MesonDisplayServer: GetDisplayMode:576p50hz
05-27 16:11:58.812 290 351 I MesonHwc: getDisplayMode mode:576p50hz
05-27 16:11:58.812 320 371 I SystemControl: [/Ubootenv.cpp, get, 336] [ubootenv] get key:hdmichecksum envValue: 0xc92b0000
05-27 16:11:58.812 290 351 D MesonHwc: get key:ubootenv.var.hdmichecksum value:0xc92b0000
05-27 16:11:58.812 290 5034 D MesonDisplay: read /sys/class/amhdmitx/amhdmitx0/hdcp_lstore, result length:0, val:
05-27 16:11:58.813 290 351 D MesonDisplayServer: use connector getDisplayAttribute "HDMI Color ATTR": "444,8bit"
05-27 16:11:58.813 290 351 D MesonHwc: set key:ubootenv.var.576p50hz_deepcolor value:444,8bit
05-27 16:11:58.813 478 705 D audio_hw_hal_primary: [out_set_parameters:971] out:0xefc49700 kvpairs:closing=true;exiting=1 out->out_device:0x400, adev->out_device:0x80002
05-27 16:11:58.813 478 705 E audio_hw_hal_primary: out_set_parameters, ret:-2, hw_sync_mode:is false
05-27 16:11:58.813 320 371 I SystemControl: [/Ubootenv.cpp, updateValue, 68] [ubootenv] update value name [ubootenv.var.576p50hz_deepcolor]: value [444,8bit]
01-01 08:05:28.559 0 0 I [2 T351 ..] [hdmitx: ] avmute_store -1
05-27 16:11:58.813 320 371 I SystemControl: [/Ubootenv.cpp, get, 336] [ubootenv] get key:576p50hz_deepcolor envValue: 444,8bit
05-27 16:11:58.813 290 351 D MesonHwc: set key:ubootenv.var.colorattribute value:444,8bit
05-27 16:11:58.813 320 371 I SystemControl: [/Ubootenv.cpp, updateValue, 68] [ubootenv] update value name [ubootenv.var.colorattribute]: value [444,8bit]
05-27 16:11:58.813 535 5024 D AudioFlinger: ro.audio.silent is ignored since no output device is set
05-27 16:11:58.813 320 371 I SystemControl: [/Ubootenv.cpp, get, 336] [ubootenv] get key:colorattribute envValue: 444,8bit
05-27 16:11:58.813 290 351 D MesonHwc: set key:ubootenv.var.hdmi_colordepth value:8
05-27 16:11:58.813 478 705 I audio_hw_hal_primary: [out_set_event_callback:3158] io 1565: out:0xefc49700, callback:0xf1b4091d cookie:0xf2201d50
05-27 16:11:58.814 320 371 I SystemControl: [/Ubootenv.cpp, updateValue, 68] [ubootenv] update value name [ubootenv.var.hdmi_colordepth]: value [8]
05-27 16:11:58.814 478 705 I audio_hw_hal_primary: [adev_close_output_stream_new:8052] io handle 1565: out:0xefc49700
05-27 16:11:58.814 478 705 D audio_hw_hal_primary: adev_close_output_stream_new: enter usecase = PCM_HWSYNC
05-27 16:11:58.814 478 705 D audio_hw_hal_timer: func:audio_timer_delete delete timer.1 success.
05-27 16:11:58.814 478 705 D audio_hw_hal_timer: func:audio_timer_delete delete timer.2 success.
05-27 16:11:58.814 478 705 D audio_hw_hal_primary: [adev_close_output_stream_new:8076] timer_id:1 ret:2
05-27 16:11:58.814 478 705 I audio_hw_hal_primary: [adev_close_output_stream:3695] io 1565: out:0xefc49700 dev:OUT_HDMI(0x400) flags:0x41, usecase:PCM_HWSYNC
05-27 16:11:58.814 478 705 D audio_hw_hal_primary: [out_standby_new:5767] io 1565: out:0xefc49700 usecase:PCM_HWSYNC
05-27 16:11:58.814 478 705 I audio_hw_hal_primary: already standby, do nothing
05-27 16:11:58.814 478 705 I audio_hw_hal_resourcemgr: [is_output_device_muted:710] device:0x2 port_mute:0, fade_mute:0
05-27 16:11:58.814 478 705 I audio_hw_hal_primary: [adev_close_output_stream:3863] io 1565: out:0xefc49700 exit ------
05-27 16:11:58.814 320 371 I SystemControl: [/Ubootenv.cpp, get, 336] [ubootenv] get key:hdmi_colordepth envValue: 8
05-27 16:11:58.814 290 351 D MesonHwc: set key:ubootenv.var.hdmi_colorspace value:auto
05-27 16:11:58.815 320 371 I SystemControl: [/Ubootenv.cpp, updateValue, 68] [ubootenv] update value name [ubootenv.var.hdmi_colorspace]: value [auto]
05-27 16:11:58.815 320 371 I SystemControl: [/Ubootenv.cpp, get, 336] [ubootenv] get key:hdmi_colorspace envValue: auto
05-27 16:11:58.815 290 351 D MesonHwc: set key:ubootenv.var.outputmode value:576p50hz
05-27 16:11:58.815 320 371 I SystemControl: [/Ubootenv.cpp, updateValue, 68] [ubootenv] update value name [ubootenv.var.outputmode]: value [576p50hz]
05-27 16:11:58.815 320 371 I SystemControl: [/Ubootenv.cpp, get, 336] [ubootenv] get key:outputmode envValue: 576p50hz
05-27 16:11:58.815 478 705 D audio_hw_hal_primary: [out_dump:848] io 1581: out:0xefc4c950, fd:23
05-27 16:11:58.815 290 351 E MesonHwc: dolby vision driver is not ready
05-27 16:11:58.815 290 351 I MesonHwc: MBOX is not support dv, dvstatus amdv_type 0 dv_enable 0
05-27 16:11:58.816 290 351 I MesonHwc: colorattr: 444,8bit, outputMode 576p50hz, cd 8, cs auto
05-27 16:11:58.816 290 351 D MesonHwc: received Uevent: change@/devices/virtual/amhdmitx/amhdmitx0
05-27 16:11:58.816 290 351 D MesonHwc: received Uevent: ACTION=change
05-27 16:11:58.816 290 351 D MesonHwc: received Uevent: DEVPATH=/devices/virtual/amhdmitx/amhdmitx0
05-27 16:11:58.816 290 351 D MesonHwc: received Uevent: SUBSYSTEM=amhdmitx
05-27 16:11:58.816 290 351 D MesonHwc: received Uevent: hdmitx_audio=1
05-27 16:11:58.816 290 351 D MesonHwc: received Uevent: MAJOR=492
05-27 16:11:58.816 290 351 D MesonHwc: received Uevent: MINOR=0
05-27 16:11:58.816 290 351 D MesonHwc: received Uevent: DEVNAME=amhdmitx0
05-27 16:11:58.816 290 351 D MesonHwc: received Uevent: SEQNUM=5318
05-27 16:11:58.816 290 351 D MesonHwc: received Uevent: change@/devices/virtual/amhdmitx/amhdmitx0
05-27 16:11:58.816 290 351 D MesonHwc: received Uevent: ACTION=change
05-27 16:11:58.816 290 351 D MesonHwc: received Uevent: DEVPATH=/devices/virtual/amhdmitx/amhdmitx0
05-27 16:11:58.816 290 351 D MesonHwc: received Uevent: SUBSYSTEM=amhdmitx
05-27 16:11:58.816 290 351 D MesonHwc: received Uevent: hdmitx_audio=1
05-27 16:11:58.816 290 351 D MesonHwc: received Uevent: MAJOR=492
05-27 16:11:58.816 290 351 D MesonHwc: received Uevent: MINOR=0
05-27 16:11:58.816 290 351 D MesonHwc: received Uevent: DEVNAME=amhdmitx0
05-27 16:11:58.816 290 351 D MesonHwc: received Uevent: SEQNUM=5318
05-27 16:11:58.816 290 351 D MesonHwc: received Uevent: change@/devices/virtual/amhdmitx/amhdmitx0
05-27 16:11:58.816 290 351 D MesonHwc: received Uevent: ACTION=change
05-27 16:11:58.816 290 351 D MesonHwc: received Uevent: DEVPATH=/devices/virtual/amhdmitx/amhdmitx0
05-27 16:11:58.816 290 351 D MesonHwc: received Uevent: SUBSYSTEM=amhdmitx
05-27 16:11:58.816 290 351 D MesonHwc: received Uevent: hdmitx_current_status=141
05-27 16:11:58.816 290 351 D MesonHwc: received Uevent: MAJOR=492
05-27 16:11:58.816 290 351 D MesonHwc: received Uevent: MINOR=0
05-27 16:11:58.816 290 351 D MesonHwc: received Uevent: DEVNAME=amhdmitx0
05-27 16:11:58.816 290 351 D MesonHwc: received Uevent: SEQNUM=5320
05-27 16:11:58.816 290 351 D MesonHwc: received Uevent: NUM=5319
05-27 16:11:58.816 290 351 D MesonHwc: received Uevent: NUM=5317
05-27 16:11:58.816 290 351 D MesonHwc: received Uevent: OMPATIBLE_N=1
05-27 16:11:58.816 290 351 D MesonHwc: received Uevent: MODALIAS=of:NaocecT(null)Camlogic,_aocec-s7d
05-27 16:11:58.816 290 351 D MesonHwc: received Uevent: SEQNUM=5314
05-27 16:11:58.816 290 351 D MesonHwc: received Uevent: 5Ap0000C081
05-27 16:11:58.816 290 351 D MesonHwc: received Uevent: SEQNUM=3612
05-27 16:11:58.816 290 351 D MesonHwc: received Uevent: bfd4444600000000 1 130ff38b17c000 677bfad9415fed 9ed68000004400 10000002
05-27 16:11:58.816 290 351 D MesonHwc: received Uevent: REL=1040
05-27 16:11:58.816 290 351 D MesonHwc: received Uevent: ABS=100000000
05-27 16:11:58.816 290 351 D MesonHwc: received Uevent: MSC=10
05-27 16:11:58.816 290 351 D MesonHwc: received Uevent: MODALIAS=input:b0005v1D5ApC081e0000-e0,1,2,3,4,k71,72,73,74,77,80,82,83,85,86,87,88,89,8A,8B,8C,8E,90,96,98,9B,9C,9E,9F,A1,A3,A4,A5,A6,A7,A8,A9,AB,AC,AD,AE,B0,B1,B2,B5,B6,CE,CF,D0,D1,D2,D4,D8,D9,DB,DF,E0,E1,E4,E5,E6,E7,E8,E9,EA,EB,F0,F1,F4,100,161,162,166,16A,16E,172,174,176,177,178,179,17A,17B,17C,17D,17F,180,182,183,185,188,189,18C,18D,18E,18F,190,191,192,193,195,197,198,199,19A,19C,1A0,1A1,1A2,1A3,1A4,1A5,1A6,1A7,1A8,1A9,1AA,1AB,1AC,1AD,1AE,1AF,1B0,1B1,1B7,1BA,240,241,242,243,244,245,246,247,249,24A,250,251,r6,C,a20,m4,lsfw
05-27 16:11:58.816 290 351 D MesonHwc: received Uevent: SEQNUM=3609
05-27 16:11:58.816 290 351 D MesonHwc: received Uevent: change@/devices/virtual/amhdmitx/amhdmitx0
05-27 16:11:58.816 290 351 D MesonHwc: received Uevent: ACTION=change
05-27 16:11:58.816 290 351 D MesonHwc: received Uevent: DEVPATH=/devices/virtual/amhdmitx/amhdmitx0
05-27 16:11:58.816 290 351 D MesonHwc: received Uevent: SUBSYSTEM=amhdmitx
05-27 16:11:58.816 290 351 D MesonHwc: received Uevent: hdmitx_current_status=141
05-27 16:11:58.816 290 351 D MesonHwc: received Uevent: MAJOR=492
05-27 16:11:58.816 290 351 D MesonHwc: received Uevent: MINOR=0
05-27 16:11:58.816 290 351 D MesonHwc: received Uevent: DEVNAME=amhdmitx0
05-27 16:11:58.816 290 351 D MesonHwc: received Uevent: SEQNUM=5320
05-27 16:11:58.816 290 351 D MesonHwc: received Uevent: NUM=5319
05-27 16:11:58.816 290 351 D MesonHwc: received Uevent: NUM=5317
05-27 16:11:58.816 290 351 D MesonHwc: received Uevent: OMPATIBLE_N=1
05-27 16:11:58.816 290 351 D MesonHwc: received Uevent: MODALIAS=of:NaocecT(null)Camlogic,_aocec-s7d
05-27 16:11:58.816 290 351 D MesonHwc: received Uevent: SEQNUM=5314
05-27 16:11:58.816 290 351 D MesonHwc: received Uevent: 5Ap0000C081
05-27 16:11:58.816 478 705 D audio_hw_hal_primary: [out_set_parameters:971] out:0xefc4c950 kvpairs:closing=true;exiting=1 out->out_device:0x400, adev->out_device:0x80002
05-27 16:11:58.816 290 351 D MesonHwc: received Uevent: SEQNUM=3612
05-27 16:11:58.816 290 351 D MesonHwc: received Uevent: bfd4444600000000 1 130ff38b17c000 677bfad9415fed 9ed68000004400 10000002
05-27 16:11:58.816 290 351 D MesonHwc: received Uevent: REL=1040
05-27 16:11:58.816 290 351 D MesonHwc: received Uevent: ABS=100000000
05-27 16:11:58.816 478 705 E audio_hw_hal_primary: out_set_parameters, ret:-2, hw_sync_mode:is false
05-27 16:11:58.816 290 351 D MesonHwc: received Uevent: MSC=10
05-27 16:11:58.816 290 351 D MesonHwc: received Uevent: MODALIAS=input:b0005v1D5ApC081e0000-e0,1,2,3,4,k71,72,73,74,77,80,82,83,85,86,87,88,89,8A,8B,8C,8E,90,96,98,9B,9C,9E,9F,A1,A3,A4,A5,A6,A7,A8,A9,AB,AC,AD,AE,B0,B1,B2,B5,B6,CE,CF,D0,D1,D2,D4,D8,D9,DB,DF,E0,E1,E4,E5,E6,E7,E8,E9,EA,EB,F0,F1,F4,100,161,162,166,16A,16E,172,174,176,177,178,179,17A,17B,17C,17D,17F,180,182,183,185,188,189,18C,18D,18E,18F,190,191,192,193,195,197,198,199,19A,19C,1A0,1A1,1A2,1A3,1A4,1A5,1A6,1A7,1A8,1A9,1AA,1AB,1AC,1AD,1AE,1AF,1B0,1B1,1B7,1BA,240,241,242,243,244,245,246,247,249,24A,250,251,r6,C,a20,m4,lsfw
05-27 16:11:58.816 290 351 D MesonHwc: received Uevent: SEQNUM=3609
05-27 16:11:58.817 290 351 D MesonHwc: received Uevent: change@/devices/platform/vout
05-27 16:11:58.817 290 351 D MesonHwc: received Uevent: ACTION=change
05-27 16:11:58.817 290 351 D MesonHwc: received Uevent: DEVPATH=/devices/platform/vout
05-27 16:11:58.817 290 351 D MesonHwc: received Uevent: SUBSYSTEM=platform
05-27 16:11:58.817 290 351 D MesonHwc: received Uevent: vout_setmode=1
05-27 16:11:58.817 290 351 D MesonHwc: ModeChange state: [Begin to change]
05-27 16:11:58.817 290 351 D MesonHwc: On mode change state: [Begin to change]
05-27 16:11:58.817 290 351 D MesonHwc: received Uevent: change@/devices/virtual/amhdmitx/amhdmitx0
05-27 16:11:58.817 290 351 D MesonHwc: received Uevent: ACTION=change
05-27 16:11:58.817 290 351 D MesonHwc: received Uevent: DEVPATH=/devices/virtual/amhdmitx/amhdmitx0
05-27 16:11:58.817 535 5027 D AudioFlinger: ro.audio.silent is ignored since no output device is set
05-27 16:11:58.817 290 351 D MesonHwc: received Uevent: SUBSYSTEM=amhdmitx
05-27 16:11:58.817 290 351 D MesonHwc: received Uevent: hdmitx_vmode_audio=1
05-27 16:11:58.817 290 351 D MesonHwc: received Uevent: MAJOR=492
05-27 16:11:58.817 290 351 D MesonHwc: received Uevent: MINOR=0
05-27 16:11:58.817 290 351 D MesonHwc: received Uevent: DEVNAME=amhdmitx0
05-27 16:11:58.817 290 351 D MesonHwc: received Uevent: SEQNUM=5324
05-27 16:11:58.817 290 351 D MesonHwc: received Uevent: ATIBLE_N=1
05-27 16:11:58.817 290 351 D MesonHwc: received Uevent: MODALIAS=of:NvoutT(null)Camlogic,_vout
05-27 16:11:58.817 290 351 D MesonHwc: received Uevent: SEQNUM=5323
05-27 16:11:58.817 478 705 I audio_hw_hal_primary: [out_set_event_callback:3158] io 1581: out:0xefc4c950, callback:0xf1b4091d cookie:0xf2200550
05-27 16:11:58.817 290 351 D MesonHwc: received Uevent: Camlogic,_aocec-s7d
05-27 16:11:58.817 290 351 D MesonHwc: received Uevent: SEQNUM=5321
05-27 16:11:58.817 290 351 D MesonHwc: received Uevent: 5Ap0000C081
05-27 16:11:58.817 290 351 D MesonHwc: received Uevent: SEQNUM=3612
05-27 16:11:58.817 290 351 D MesonHwc: received Uevent: bfd4444600000000 1 130ff38b17c000 677bfad9415fed 9ed68000004400 10000002
05-27 16:11:58.817 290 351 D MesonHwc: received Uevent: REL=1040
05-27 16:11:58.817 290 351 D MesonHwc: received Uevent: ABS=100000000
05-27 16:11:58.817 478 2364 I audio_hw_hal_primary: [adev_close_output_stream_new:8052] io handle 1581: out:0xefc4c950
05-27 16:11:58.818 478 2364 D audio_hw_hal_primary: adev_close_output_stream_new: enter usecase = RAW_DIRECT
05-27 16:11:58.818 478 2364 I audio_hw_hal_primary: [adev_close_output_stream:3695] io 1581: out:0xefc4c950 dev:OUT_HDMI(0x400) flags:0x1, usecase:RAW_DIRECT
05-27 16:11:58.818 478 2364 D audio_hw_hal_primary: [out_standby_new:5767] io 1581: out:0xefc4c950 usecase:RAW_DIRECT
05-27 16:11:58.818 478 2364 I audio_hw_hal_primary: already standby, do nothing
05-27 16:11:58.818 478 2364 I audio_hw_hal_resourcemgr: [is_output_device_muted:710] device:0x2 port_mute:0, fade_mute:0
05-27 16:11:58.818 478 2364 I audio_hw_hal_primary: [adev_close_output_stream:3863] io 1581: out:0xefc4c950 exit ------
05-27 16:11:58.818 290 351 D MesonHwc: received Uevent: MSC=10
05-27 16:11:58.818 290 351 D MesonHwc: received Uevent: MODALIAS=input:b0005v1D5ApC081e0000-e0,1,2,3,4,k71,72,73,74,77,80,82,83,85,86,87,88,89,8A,8B,8C,8E,90,96,98,9B,9C,9E,9F,A1,A3,A4,A5,A6,A7,A8,A9,AB,AC,AD,AE,B0,B1,B2,B5,B6,CE,CF,D0,D1,D2,D4,D8,D9,DB,DF,E0,E1,E4,E5,E6,E7,E8,E9,EA,EB,F0,F1,F4,100,161,162,166,16A,16E,172,174,176,177,178,179,17A,17B,17C,17D,17F,180,182,183,185,188,189,18C,18D,18E,18F,190,191,192,193,195,197,198,199,19A,19C,1A0,1A1,1A2,1A3,1A4,1A5,1A6,1A7,1A8,1A9,1AA,1AB,1AC,1AD,1AE,1AF,1B0,1B1,1B7,1BA,240,241,242,243,244,245,246,247,249,24A,250,251,r6,C,a20,m4,lsfw
05-27 16:11:58.818 290 351 D MesonHwc: received Uevent: SEQNUM=3609
05-27 16:11:58.818 290 351 D MesonHwc: received Uevent: change@/devices/virtual/amhdmitx/amhdmitx0
05-27 16:11:58.818 290 351 D MesonHwc: received Uevent: ACTION=change
05-27 16:11:58.818 290 351 D MesonHwc: received Uevent: DEVPATH=/devices/virtual/amhdmitx/amhdmitx0
05-27 16:11:58.818 290 351 D MesonHwc: received Uevent: SUBSYSTEM=amhdmitx
05-27 16:11:58.818 290 351 D MesonHwc: received Uevent: hdmitx_vmode_audio=1
05-27 16:11:58.818 290 351 D MesonHwc: received Uevent: MAJOR=492
05-27 16:11:58.818 290 351 D MesonHwc: received Uevent: MINOR=0
05-27 16:11:58.818 290 351 D MesonHwc: received Uevent: DEVNAME=amhdmitx0
05-27 16:11:58.818 290 351 D MesonHwc: received Uevent: SEQNUM=5324
05-27 16:11:58.818 290 351 D MesonHwc: received Uevent: ATIBLE_N=1
05-27 16:11:58.818 290 351 D MesonHwc: received Uevent: MODALIAS=of:NvoutT(null)Camlogic,_vout
05-27 16:11:58.818 290 351 D MesonHwc: received Uevent: SEQNUM=5323
05-27 16:11:58.818 290 351 D MesonHwc: received Uevent: Camlogic,_aocec-s7d
05-27 16:11:58.818 290 351 D MesonHwc: received Uevent: SEQNUM=5321
05-27 16:11:58.818 290 351 D MesonHwc: received Uevent: 5Ap0000C081
05-27 16:11:58.818 290 351 D MesonHwc: received Uevent: SEQNUM=3612
05-27 16:11:58.818 290 351 D MesonHwc: received Uevent: bfd4444600000000 1 130ff38b17c000 677bfad9415fed 9ed68000004400 10000002
05-27 16:11:58.818 290 351 D MesonHwc: received Uevent: REL=1040
05-27 16:11:58.818 290 351 D MesonHwc: received Uevent: ABS=100000000
05-27 16:11:58.818 290 351 D MesonHwc: received Uevent: MSC=10
05-27 16:11:58.818 290 351 D MesonHwc: received Uevent: MODALIAS=input:b0005v1D5ApC081e0000-e0,1,2,3,4,k71,72,73,74,77,80,82,83,85,86,87,88,89,8A,8B,8C,8E,90,96,98,9B,9C,9E,9F,A1,A3,A4,A5,A6,A7,A8,A9,AB,AC,AD,AE,B0,B1,B2,B5,B6,CE,CF,D0,D1,D2,D4,D8,D9,DB,DF,E0,E1,E4,E5,E6,E7,E8,E9,EA,EB,F0,F1,F4,100,161,162,166,16A,16E,172,174,176,177,178,179,17A,17B,17C,17D,17F,180,182,183,185,188,189,18C,18D,18E,18F,190,191,192,193,195,197,198,199,19A,19C,1A0,1A1,1A2,1A3,1A4,1A5,1A6,1A7,1A8,1A9,1AA,1AB,1AC,1AD,1AE,1AF,1B0,1B1,1B7,1BA,240,241,242,243,244,245,246,247,249,24A,250,251,r6,C,a20,m4,lsfw
05-27 16:11:58.818 290 351 D MesonHwc: received Uevent: SEQNUM=3609
05-27 16:11:58.818 290 351 D MesonHwc: received Uevent: change@/devices/virtual/amhdmitx/amhdmitx0
05-27 16:11:58.818 290 351 D MesonHwc: received Uevent: ACTION=change
05-27 16:11:58.818 290 351 D MesonHwc: received Uevent: DEVPATH=/devices/virtual/amhdmitx/amhdmitx0
05-27 16:11:58.818 290 351 D MesonHwc: received Uevent: SUBSYSTEM=amhdmitx
05-27 16:11:58.818 290 351 D MesonHwc: received Uevent: hdmitx_current_status=142
05-27 16:11:58.818 290 351 D MesonHwc: received Uevent: MAJOR=492
05-27 16:11:58.818 290 351 D MesonHwc: received Uevent: MINOR=0
05-27 16:11:58.818 290 351 D MesonHwc: received Uevent: DEVNAME=amhdmitx0
05-27 16:11:58.818 290 351 D MesonHwc: received Uevent: SEQNUM=5325
05-27 16:11:58.818 290 351 D MesonHwc: received Uevent: E_N=1
05-27 16:11:58.818 290 351 D MesonHwc: received Uevent: MODALIAS=of:NvoutT(null)Camlogic,_vout
05-27 16:11:58.818 290 351 D MesonHwc: received Uevent: SEQNUM=5323
05-27 16:11:58.818 290 351 D MesonHwc: received Uevent: Camlogic,_aocec-s7d
05-27 16:11:58.818 290 351 D MesonHwc: received Uevent: SEQNUM=5321
05-27 16:11:58.818 290 351 D MesonHwc: received Uevent: 5Ap0000C081
05-27 16:11:58.818 290 351 D MesonHwc: received Uevent: SEQNUM=3612
05-27 16:11:58.818 290 351 D MesonHwc: received Uevent: bfd4444600000000 1 130ff38b17c000 677bfad9415fed 9ed68000004400 10000002
05-27 16:11:58.818 290 351 D MesonHwc: received Uevent: REL=1040
05-27 16:11:58.818 290 351 D MesonHwc: received Uevent: ABS=100000000
05-27 16:11:58.818 290 351 D MesonHwc: received Uevent: MSC=10
05-27 16:11:58.818 290 351 D MesonHwc: received Uevent: MODALIAS=input:b0005v1D5ApC081e0000-e0,1,2,3,4,k71,72,73,74,77,80,82,83,85,86,87,88,89,8A,8B,8C,8E,90,96,98,9B,9C,9E,9F,A1,A3,A4,A5,A6,A7,A8,A9,AB,AC,AD,AE,B0,B1,B2,B5,B6,CE,CF,D0,D1,D2,D4,D8,D9,DB,DF,E0,E1,E4,E5,E6,E7,E8,E9,EA,EB,F0,F1,F4,100,161,162,166,16A,16E,172,174,176,177,178,179,17A,17B,17C,17D,17F,180,182,183,185,188,189,18C,18D,18E,18F,190,191,192,193,195,197,198,199,19A,19C,1A0,1A1,1A2,1A3,1A4,1A5,1A6,1A7,1A8,1A9,1AA,1AB,1AC,1AD,1AE,1AF,1B0,1B1,1B7,1BA,240,241,242,243,244,245,246,247,249,24A,250,251,r6,C,a20,m4,lsfw
05-27 16:11:58.818 290 351 D MesonHwc: received Uevent: SEQNUM=3609
05-27 16:11:58.819 290 351 D MesonHwc: received Uevent: change@/devices/virtual/amhdmitx/amhdmitx0
05-27 16:11:58.819 290 351 D MesonHwc: received Uevent: ACTION=change
05-27 16:11:58.819 290 351 D MesonHwc: received Uevent: DEVPATH=/devices/virtual/amhdmitx/amhdmitx0
05-27 16:11:58.819 290 351 D MesonHwc: received Uevent: SUBSYSTEM=amhdmitx
05-27 16:11:58.819 290 351 D MesonHwc: received Uevent: hdmitx_current_status=142
05-27 16:11:58.819 290 351 D MesonHwc: received Uevent: MAJOR=492
05-27 16:11:58.819 290 351 D MesonHwc: received Uevent: MINOR=0
05-27 16:11:58.819 290 351 D MesonHwc: received Uevent: DEVNAME=amhdmitx0
05-27 16:11:58.819 290 351 D MesonHwc: received Uevent: SEQNUM=5325
05-27 16:11:58.819 290 351 D MesonHwc: received Uevent: E_N=1
05-27 16:11:58.819 290 351 D MesonHwc: received Uevent: MODALIAS=of:NvoutT(null)Camlogic,_vout
05-27 16:11:58.819 290 351 D MesonHwc: received Uevent: SEQNUM=5323
05-27 16:11:58.819 290 351 D MesonHwc: received Uevent: Camlogic,_aocec-s7d
05-27 16:11:58.819 290 351 D MesonHwc: received Uevent: SEQNUM=5321
05-27 16:11:58.819 290 351 D MesonHwc: received Uevent: 5Ap0000C081
05-27 16:11:58.819 290 351 D MesonHwc: received Uevent: SEQNUM=3612
05-27 16:11:58.819 290 351 D MesonHwc: received Uevent: bfd4444600000000 1 130ff38b17c000 677bfad9415fed 9ed68000004400 10000002
05-27 16:11:58.819 290 351 D MesonHwc: received Uevent: REL=1040
05-27 16:11:58.819 290 351 D MesonHwc: received Uevent: ABS=100000000
05-27 16:11:58.819 290 351 D MesonHwc: received Uevent: MSC=10
05-27 16:11:58.819 290 351 D MesonHwc: received Uevent: MODALIAS=input:b0005v1D5ApC081e0000-e0,1,2,3,4,k71,72,73,74,77,80,82,83,85,86,87,88,89,8A,8B,8C,8E,90,96,98,9B,9C,9E,9F,A1,A3,A4,A5,A6,A7,A8,A9,AB,AC,AD,AE,B0,B1,B2,B5,B6,CE,CF,D0,D1,D2,D4,D8,D9,DB,DF,E0,E1,E4,E5,E6,E7,E8,E9,EA,EB,F0,F1,F4,100,161,162,166,16A,16E,172,174,176,177,178,179,17A,17B,17C,17D,17F,180,182,183,185,188,189,18C,18D,18E,18F,190,191,192,193,195,197,198,199,19A,19C,1A0,1A1,1A2,1A3,1A4,1A5,1A6,1A7,1A8,1A9,1AA,1AB,1AC,1AD,1AE,1AF,1B0,1B1,1B7,1BA,240,241,242,243,244,245,246,247,249,24A,250,251,r6,C,a20,m4,lsfw
05-27 16:11:58.819 290 351 D MesonHwc: received Uevent: SEQNUM=3609
05-27 16:11:58.819 290 351 D MesonHwc: received Uevent: change@/devices/platform/vout
05-27 16:11:58.819 290 351 D MesonHwc: received Uevent: ACTION=change
05-27 16:11:58.819 290 351 D MesonHwc: received Uevent: DEVPATH=/devices/platform/vout
05-27 16:11:58.819 290 351 D MesonHwc: received Uevent: SUBSYSTEM=platform
05-27 16:11:58.819 290 351 D MesonHwc: received Uevent: vout_setmode=0
05-27 16:11:58.819 290 351 D MesonHwc: ModeChange state: [Complete]
05-27 16:11:58.819 478 705 D audio_hw_hal_primary: [out_dump:848] io 1589: out:0xefc48170, fd:23
05-27 16:11:58.819 290 351 D MesonHwc: DrmProperty: EDID (1), value [127]
05-27 16:11:58.820 290 351 D MesonHwc: DrmProperty: content type (77), value [0]
05-27 16:11:58.820 290 351 D MesonHwc: DrmProperty: vrr_capable (78), value [0]
05-27 16:11:58.820 290 351 D MesonHwc: DrmProperty: UPDATE (79), value [0]
05-27 16:11:58.820 290 351 D MesonHwc: DrmProperty: color_depth (80), value [8]
05-27 16:11:58.820 290 351 D MesonHwc: DrmProperty: color_space (81), value [2]
05-27 16:11:58.820 290 351 D MesonHwc: DrmProperty: MESON_DRM_HDMITX_PROP_AVMUTE (82), value [0]
05-27 16:11:58.820 290 351 D MesonHwc: DrmProperty: hdmi_hdr_status (83), value [6]
05-27 16:11:58.820 290 351 D MesonHwc: DrmProperty: dv_cap (85), value [0]
05-27 16:11:58.820 290 351 D MesonHwc: DrmProperty: contenttype_cap (89), value [31]
05-27 16:11:58.820 290 351 D MesonHwc: DrmProperty: hdr_priority (91), value [268435472]
05-27 16:11:58.820 290 351 D MesonHwc: DrmProperty: ready (92), value [1]
05-27 16:11:58.820 290 351 D MesonHwc: DrmProperty: allm_cap (95), value [0]
05-27 16:11:58.820 478 705 D audio_hw_hal_primary: [out_set_parameters:971] out:0xefc48170 kvpairs:closing=true;exiting=1 out->out_device:0x400, adev->out_device:0x80002
05-27 16:11:58.820 478 705 E audio_hw_hal_primary: out_set_parameters, ret:-2, hw_sync_mode:is false
05-27 16:11:58.820 290 351 D MesonHwc: DrmProperty: dc_cap (96), value [1016]
05-27 16:11:58.820 290 351 E MesonHwc: dolby vision driver is not ready
05-27 16:11:58.821 478 705 I audio_hw_hal_primary: [out_set_event_callback:3158] io 1589: out:0xefc48170, callback:0xf1b4091d cookie:0xf2200790
05-27 16:11:58.821 478 705 I audio_hw_hal_primary: [adev_close_output_stream_new:8052] io handle 1589: out:0xefc48170
05-27 16:11:58.821 478 705 D audio_hw_hal_primary: adev_close_output_stream_new: enter usecase = RAW_DIRECT
05-27 16:11:58.821 478 705 I audio_hw_hal_primary: [adev_close_output_stream:3695] io 1589: out:0xefc48170 dev:OUT_HDMI(0x400) flags:0x11, usecase:RAW_DIRECT
05-27 16:11:58.821 478 705 D audio_hw_hal_primary: [out_standby_new:5767] io 1589: out:0xefc48170 usecase:RAW_DIRECT
05-27 16:11:58.821 478 705 I audio_hw_hal_primary: already standby, do nothing
05-27 16:11:58.821 478 705 I audio_hw_hal_resourcemgr: [is_output_device_muted:710] device:0x2 port_mute:0, fade_mute:0
05-27 16:11:58.821 478 705 I audio_hw_hal_primary: [adev_close_output_stream:3863] io 1589: out:0xefc48170 exit ------
05-27 16:11:58.821 290 351 I MesonHwc: hdr_preference (dolby_vision)
05-27 16:11:58.822 290 351 E MesonHwc: dolby vision driver is not ready
05-27 16:11:58.822 290 351 D MesonHwc: dolby version:0, dv3:0, hlg:0, hdr10:0, hdr10+:0 max:0, avg:0, min:0
05-27 16:11:58.822 290 351 D MesonHwc: dolby version 4k30:0
05-27 16:11:58.822 290 351 D MesonHwc: Connector HDMI-A loadDisplayModes get 22 modes
05-27 16:11:58.822 290 351 D MesonHwc: add fraction display mode (1920x1080p120hz)
05-27 16:11:58.822 290 351 I MesonHwc: add display mode (1920x1080p120hz-1920x1080p120hz-110, 1920x1080, 120.000000) dpi(42406,42203), hskew(1)
05-27 16:11:58.822 290 351 D MesonHwc: add fraction display mode (smpte24hz)
05-27 16:11:58.822 290 351 I MesonHwc: add display mode (smpte24hz-smpte24hz-111, 4096x2160, 24.000000) dpi(90468,84406), hskew(1)
05-27 16:11:58.822 290 351 D MesonHwc: add fraction display mode (2160p30hz)
05-27 16:11:58.822 290 351 I MesonHwc: add display mode (2160p30hz-2160p30hz-112, 3840x2160, 30.000000) dpi(84813,84406), hskew(1)
05-27 16:11:58.822 290 351 I MesonHwc: add display mode (2160p25hz-2160p25hz-113, 3840x2160, 25.000000) dpi(84813,84406), hskew(1)
05-27 16:11:58.822 290 351 D MesonHwc: add fraction display mode (2160p24hz)
05-27 16:11:58.822 290 351 I MesonHwc: add display mode (2160p24hz-2160p24hz-114, 3840x2160, 24.000000) dpi(84813,84406), hskew(1)
05-27 16:11:58.822 290 351 D MesonHwc: add fraction display mode (1920x1080i120hz)
05-27 16:11:58.822 290 351 I MesonHwc: add display mode (1920x1080i120hz-1920x1080i120hz-115, 1920x1080, 120.000000) dpi(42406,42203), hskew(1)
05-27 16:11:58.822 290 351 D MesonHwc: add fraction display mode (1080p60hz)
05-27 16:11:58.822 290 351 I MesonHwc: add display mode (1080p60hz-1080p60hz-116, 1920x1080, 60.000000) dpi(42406,42203), hskew(1)
05-27 16:11:58.822 478 705 D audio_hw_hal_primary: [out_dump:848] io 1597: out:0xefc40010, fd:23
05-27 16:11:58.822 290 351 D MesonHwc: add fraction display mode (1080i60hz)
05-27 16:11:58.822 290 351 I MesonHwc: add display mode (1080i60hz-1080i60hz-117, 1920x1080, 60.000000) dpi(42406,42203), hskew(1)
05-27 16:11:58.822 290 351 I MesonHwc: add display mode (1080p50hz-1080p50hz-118, 1920x1080, 50.000000) dpi(42406,42203), hskew(1)
05-27 16:11:58.822 290 351 I MesonHwc: add display mode (1080i50hz-1080i50hz-119, 1920x1080, 50.000000) dpi(42406,42203), hskew(1)
05-27 16:11:58.822 290 351 D MesonHwc: add fraction display mode (1080p30hz)
05-27 16:11:58.822 290 351 I MesonHwc: add display mode (1080p30hz-1080p30hz-120, 1920x1080, 30.000000) dpi(42406,42203), hskew(1)
05-27 16:11:58.822 290 351 D MesonHwc: add fraction display mode (1080p24hz)
05-27 16:11:58.822 290 351 I MesonHwc: add display mode (1080p24hz-1080p24hz-121, 1920x1080, 24.000000) dpi(42406,42203), hskew(1)
05-27 16:11:58.822 290 351 D MesonHwc: add fraction display mode (1280x720p120hz)
05-27 16:11:58.823 290 351 I MesonHwc: add display mode (1280x720p120hz-1280x720p120hz-122, 1280x720, 120.000000) dpi(28271,28135), hskew(1)
05-27 16:11:58.823 290 351 D MesonHwc: add fraction display mode (720p60hz)
05-27 16:11:58.823 290 351 I MesonHwc: add display mode (720p60hz-720p60hz-123, 1280x720, 60.000000) dpi(28271,28135), hskew(1)
05-27 16:11:58.823 290 351 I MesonHwc: add display mode (720p50hz-720p50hz-124, 1280x720, 50.000000) dpi(28271,28135), hskew(1)
05-27 16:11:58.823 290 351 D MesonHwc: add fraction display mode (720p30hz)
05-27 16:11:58.823 290 351 I MesonHwc: add display mode (720p30hz-720p30hz-125, 1280x720, 30.000000) dpi(28271,28135), hskew(1)
05-27 16:11:58.823 290 351 D MesonHwc: add fraction display mode (720p24hz)
05-27 16:11:58.823 290 351 I MesonHwc: add display mode (720p24hz-720p24hz-126, 1280x720, 24.000000) dpi(28271,28135), hskew(1)
05-27 16:11:58.823 290 351 I MesonHwc: add display mode (576p50hz-576p50hz-130, 720x576, 50.000000) dpi(15902,22508), hskew(1)
05-27 16:11:58.823 290 351 I MesonHwc: add display mode (576i50hz-576i50hz-131, 720x576, 50.000000) dpi(15902,22508), hskew(1)
05-27 16:11:58.823 290 351 D MesonHwc: add fraction display mode (720x480p120hz)
05-27 16:11:58.823 290 351 I MesonHwc: add display mode (720x480p120hz-720x480p120hz-132, 720x480, 120.000000) dpi(15902,18756), hskew(1)
05-27 16:11:58.823 290 351 D MesonHwc: add fraction display mode (480p60hz)
05-27 16:11:58.823 290 351 I MesonHwc: add display mode (480p60hz-480p60hz-133, 720x480, 60.000000) dpi(15902,18756), hskew(1)
05-27 16:11:58.823 290 351 D MesonHwc: add fraction display mode (480i60hz)
05-27 16:11:58.823 290 351 I MesonHwc: add display mode (480i60hz-480i60hz-134, 720x480, 60.000000) dpi(15902,18756), hskew(1)
05-27 16:11:58.823 290 351 I MesonHwc: loadDisplayModes (38) end
05-27 16:11:58.823 290 351 D MesonHwc: ERR: PLEASE FIX NON-IMPLEMENT FUN(update).
05-27 16:11:58.823 290 351 D MesonHwc: RealModeMgr::update: nextModeId:558
05-27 16:11:58.823 290 351 D MesonHwc: RealModeMgr::update get current mode:576p50hz
05-27 16:11:58.823 290 351 D MesonHwc: RealModeMgr::update use current mode (720x576-50.00)
05-27 16:11:58.823 290 351 D MesonHwc: On mode change state: [Complete]
05-27 16:11:58.823 290 351 D MesonHwc: getSupportedContentTypes: DrmConnector HDMI-A get supported content type 1
05-27 16:11:58.823 290 351 D MesonHwc: getSupportedContentTypes: DrmConnector HDMI-A get supported content type 2
05-27 16:11:58.823 290 351 D MesonHwc: getSupportedContentTypes: DrmConnector HDMI-A get supported content type 3
05-27 16:11:58.823 290 351 D MesonHwc: getSupportedContentTypes: DrmConnector HDMI-A get supported content type 4
05-27 16:11:58.823 290 351 D MesonHwc: Hwc2Display::onModeChanged getDisplayMode [576p50hz]
05-27 16:11:58.823 290 351 D MesonHwc: [setConnectorStatus]: power mode 1
05-27 16:11:58.823 290 351 I MesonHwc: HwcConfig::default frame buffer size (1920 x 1080)
05-27 16:11:58.823 290 351 D MesonHwc: onModeChanged mObserver->onHotplug(true) hdrCapsChanged:0
05-27 16:11:58.823 478 705 D audio_hw_hal_primary: [out_set_parameters:971] out:0xefc40010 kvpairs:closing=true;exiting=1 out->out_device:0x400, adev->out_device:0x80002
05-27 16:11:58.823 290 351 D MesonHwc: drmplane clear drm bo caches
05-27 16:11:58.823 290 351 D MesonHwc: drmplane clear drm bo caches
05-27 16:11:58.823 478 705 E audio_hw_hal_primary: out_set_parameters, ret:-2, hw_sync_mode:is false
05-27 16:11:58.823 290 351 D MesonHwc: cleanupBeforeDestroy displayId:0, clear layers
05-27 16:11:58.823 290 351 D MesonHwc: On hotplug, Fn: 0x989b931, Data: 0xe8cc35e0, display: 0, connection: 1
05-27 16:11:58.823 290 351 D MesonComposer3: halEventcallback onHotplug client3.0
05-27 16:11:58.824 535 5029 D AudioFlinger: ro.audio.silent is ignored since no output device is set
05-27 16:11:58.824 290 382 E MesonHwc: getPort 11
05-27 16:11:58.824 478 705 I audio_hw_hal_primary: [out_set_event_callback:3158] io 1597: out:0xefc40010, callback:0xf1b4091d cookie:0xf22025f0
05-27 16:11:58.824 320 371 I SystemControl: notify plugin
05-27 16:11:58.824 320 371 I SystemControl: [/SystemControlHal.cpp, onEvent, 72] onEvent event:3, client size:5
05-27 16:11:58.824 290 382 E MesonHwc: getPort 11
05-27 16:11:58.824 488 509 I SystemControlClient: notifyCallback event type:3
05-27 16:11:58.824 488 509 I SystemControlClient: notifyCallback: listener is NULL.
05-27 16:11:58.824 290 351 D MesonHwc: Display (0) ask for refresh.
05-27 16:11:58.824 478 2364 I audio_hw_hal_primary: [adev_close_output_stream_new:8052] io handle 1597: out:0xefc40010
05-27 16:11:58.824 478 2364 D audio_hw_hal_primary: adev_close_output_stream_new: enter usecase = RAW_DIRECT
05-27 16:11:58.825 478 2364 I audio_hw_hal_primary: [adev_close_output_stream:3695] io 1597: out:0xefc40010 dev:OUT_HDMI(0x400) flags:0x1, usecase:RAW_DIRECT
05-27 16:11:58.825 478 2364 D audio_hw_hal_primary: [out_standby_new:5767] io 1597: out:0xefc40010 usecase:RAW_DIRECT
