05-27 16:11:58.614 478 478 I audio_hw_hal_primary: [adev_close_output_stream:3695] io 1533: out:0xefc40e70 dev:OUT_HDMI(0x400) flags:0x4001, usecase:PCM_MMAP
05-27 16:11:58.614 478 478 D audio_hw_hal_primary: [out_standby_new:5767] io 1533: out:0xefc40e70 usecase:PCM_MMAP
05-27 16:11:58.614 478 478 I audio_hw_hal_primary: already standby, do nothing
05-27 16:11:58.614 478 478 I audio_hw_hal_mmap: [outMmapDeInit:743] stream:0xefc40e70
05-27 16:11:58.614 478 478 I audio_hw_hal_mmap: [mmap_audio_unregister_client:955] OK ! stream 0xefc40e70, client id 0
05-27 16:11:58.615 478 478 I audio_hw_hal_primary: when close aaudio stream, send STANDBY msg to submix & ms12
05-27 16:11:58.615 478 478 I audio_hw_hal_ms12common: aml_set_ms12_scheduler_state ms12_scheduler_state:1, sch_state:1 SCHEDULER_STANDBY is sent to ms12
05-27 16:11:58.615 478 478 I audio_hw_hal_resourcemgr: [is_output_device_muted:710] device:0x2 port_mute:0, fade_mute:0
05-27 16:11:58.615 478 478 I audio_hw_hal_primary: [adev_close_output_stream:3863] io 1533: out:0xefc40e70 exit ------
05-27 16:11:58.615 320 328 E SystemControl: [/DisplayMode.cpp, getHdmiDvCap, 1618] TV isn't support dolby vision: The Rx don't support DolbyVision
05-27 16:11:58.615 320 328 I SystemControl: [/DisplayMode.cpp, onTxEvent, 3294] onTxEvent boot config enable do nothing, just return
05-27 16:11:58.615 320 328 I SystemControl: [/UEventObserver.cpp, HDMITxUenventThreadLoop, 451] HDMI TX switch_name:hdmitx_audio, switch_state: 1
05-27 16:11:58.615 320 328 I SystemControl: [/DisplayMode.cpp, onTxEvent, 3267] onTxEvent switchName:hdmitx_audio hpdstate:1 state: 1
05-27 16:11:58.615 320 328 I SystemControl: [/SysWrite.cpp, getKernelReleaseVersion, 701] getKernelReleaseVersion: 5.15
05-27 16:11:58.615 320 328 I SystemControl: [/SystemControlHal.cpp, onEvent, 72] onEvent event:5, client size:5
05-27 16:11:58.615 535 3667 I AudioFlinger: openOutput() this 0xed5c2fe0, module 10 Device AUDIO_DEVICE_OUT_HDMI, @:, SamplingRate 48000, Format 0x000001, Channels 0x3, flags 0x4001
05-27 16:11:58.615 487 516 I SystemControlClient: notifyCallback event type:5
05-27 16:11:58.615 487 516 I SystemControlClient: notifyCallback: listener is NULL.
05-27 16:11:58.615 320 328 I SystemControl: [/UEventObserver.cpp, HDMITxUenventThreadLoop, 451] HDMI TX switch_name:hdmitx_current_status, switch_state: 141
05-27 16:11:58.615 488 509 I SystemControlClient: notifyCallback event type:5
05-27 16:11:58.615 488 509 I SystemControlClient: notifyCallback: listener is NULL.
05-27 16:11:58.615 290 351 D MesonHwc: get key:ubootenv.var.hdr_preferred_policy value:0
05-27 16:11:58.616 478 478 D audio_hw_hal_primary: [adev_open_output_stream_new:7868] enter: dev=0xefd014a0 handle=605 devices=0x400/'HDMI,' flags=0x4001/'DIRECT,MMAP_NOIRQ,' config=(rt=48000 ch_mask=0x3 fmt=0x1) address=''
05-27 16:11:58.616 290 351 I MesonHwc: getPreferredHdrStrategy is 0
05-27 16:11:58.616 478 478 D audio_hw_hal_primary: adev_open_output_stream_new: enter
05-27 16:11:58.616 290 351 I MesonHwc: check_hdr_mode mode:576p50hz outHdrConversionType:SDR support:1
05-27 16:11:58.616 478 478 I audio_hw_hal_primary: [adev_open_output_stream:3285] io 1541: out:0xefc40e70 dev:OUT_HDMI(0x400) addr:
05-27 16:11:58.616 290 351 I MesonHwc: quiescent_mode is 0
05-27 16:11:58.616 478 478 I audio_hw_hal_primary: [adev_open_output_stream:3287] ch_mask:0x3 rate:48000 format:PCM_16_BIT(0x1) flags:0x4001
05-27 16:11:58.616 478 478 I audio_hw_hal_primary: when open aaudio stream, send RUNNING msg to submix & ms12
05-27 16:11:58.616 478 478 D audio_hw_hal_ms12v2: set_dolby_ms12_continuous_state audio_continuous_standby_set status 0
05-27 16:11:58.616 478 478 D audio_hw_hal_continuous_standby: audio_continuous_standby_set, type 0, params 0
05-27 16:11:58.616 478 478 I audio_hw_hal_ms12common: aml_set_ms12_scheduler_state ms12_scheduler_state:0, sch_state:0 SCHEDULER_RUNNING is sent to ms12
05-27 16:11:58.616 478 478 I audio_hw_hal_mmap: [outMmapInit:680] stream:0xefc40e70
05-27 16:11:58.616 478 478 I audio_hw_hal_mmap: [dma_buffer_allocate:639] enter
05-27 16:11:58.616 486 1121 I SystemControlClient: notifyCallback event type:5
05-27 16:11:58.616 486 1121 I SystemControlClient: notifyCallback: listener is NULL.
05-27 16:11:58.616 478 478 I DMABUFHEAPS: Using DMA-BUF heap named: system-uncached
05-27 16:11:58.616 478 478 I audio_hw_hal_mmap: [dma_buffer_allocate:673] s32DmaFd:25, pu8MmapAddr:0xf383f000
05-27 16:11:58.616 478 478 I audio_hw_hal_mmap: [mmap_audio_register_client:927] OK ! stream 0xefc40e70, client id 0
05-27 16:11:58.616 1053 1179 I SystemControlEvent: system control callback event: 5
05-27 16:11:58.616 478 478 I audio_hw_hal_primary: [adev_open_output_stream:3540] vendor.media.llp 0
05-27 16:11:58.616 478 478 I audio_hw_hal_primary: [adev_open_output_stream:3610] result profile ch_mask:0x3 rate:48000 format:PCM_16_BIT(0x1) usecase:PCM_MMAP
05-27 16:11:58.616 478 478 I audio_hw_hal_utils: aml_get_stream_dump_file_name line 2929 file_name /data/vendor/audiohal/stream_pid478_tid478.pcm
05-27 16:11:58.616 478 478 I audio_hw_hal_primary: [adev_open_output_stream_new:8037] io 1541: out: 0xefc40e70 card:0 alsa devices:0 exit ------
05-27 16:11:58.616 240 800 I SystemControlClient: notifyCallback event type:5
05-27 16:11:58.616 240 800 I SystemControlClient: notifyCallback: listener is NULL.
05-27 16:11:58.616 320 371 I SystemControl: [/Ubootenv.cpp, get, 336] [ubootenv] get key:frac_rate_policy envValue: 0
05-27 16:11:58.616 290 351 D MesonHwc: get key:ubootenv.var.frac_rate_policy value:0
05-27 16:11:58.616 290 351 I MesonHwc: get uenv frc policy is 0 and current value is 0
05-27 16:11:58.617 290 351 I MesonHwc: cur frac_rate_policy is equals
05-27 16:11:58.617 290 351 D MesonDisplayServer: use connector getDisplayAttribute "HDMI Color ATTR": "444,8bit"
05-27 16:11:58.617 290 351 I MesonHwc: curDeepcolor[444,8bit] final_deepcolor[444,8bit]
05-27 16:11:58.617 290 351 I MesonHwc: cur deepcolor is equals
05-27 16:11:58.617 290 351 D MesonDisplayServer: getDisplayAttribute "HDR Policy": "0"
05-27 16:11:58.617 290 351 I MesonHwc: cur hdr policy:0
05-27 16:11:58.617 290 351 D MesonDisplayServer: getDisplayAttribute "FORCE HDR Mode": "0"
05-27 16:11:58.617 290 351 I MesonHwc: cur hdr force mode:0
05-27 16:11:58.617 290 351 D MesonDisplayServer: getDisplayAttribute "Dolby Vision Mode": "usage: echo mode > /sys/class/amdolby_vision/dv_mode AMDV_OUTPUT_MODE_BYPASS 0 AMDV_OUTPUT_MODE_IPT 1 AMDV_OUTPUT_MODE_IPT_TUNNEL 2 AMDV_OUTPUT_MODE_HDR10 3 AMDV_OUTPUT_MODE_SDR10 4 AMDV_OUTPUT_MODE_SDR8 5current dv_mode = off"
05-27 16:11:58.617 290 351 D MesonDisplayServer: getDisplayAttribute "Dolby Vision Policy": "0"
05-27 16:11:58.617 290 351 I MesonHwc: cur dv policy:0
05-27 16:11:58.617 478 478 I audio_hw_hal_primary: [out_get_buffer_size:552] out:0xefc40e70 config.rate=48000, format:PCM_16_BIT(0x1), stream format:PCM_16_BIT(0x1)
05-27 16:11:58.618 535 5016 I AudioFlinger: AudioFlinger's thread 0xe75c24a0 tid=5016 ready to run
05-27 16:11:58.619 320 371 I SystemControl: [/Ubootenv.cpp, get, 345] [ubootenv] search end and not find env:hdr_force_mode
05-27 16:11:58.621 290 351 D MesonHwc: sc_read_bootenv val is empty
05-27 16:11:58.622 478 478 I audio_hw_hal_primary: [out_set_volume:1406] out:0xefc40e70 left:1.000000 continuous:1 internal_format:PCM_16_BIT dolby:0 direct pcm:1 mmap_pcm:1
05-27 16:11:58.622 290 351 I MesonHwc: get hdr force mode is [2]
01-01 08:05:28.371 0 0 I [1 T351 ..] [hdmitx: ] avmute_store 1
05-27 16:11:58.623 320 371 I SystemControl: [/Ubootenv.cpp, get, 336] [ubootenv] get key:hdr_policy envValue: 0
05-27 16:11:58.623 290 351 D MesonHwc: get key:ubootenv.var.hdr_policy value:0
05-27 16:11:58.623 290 351 I MesonHwc: get uboot HdrStrategy is [0]
05-27 16:11:58.623 290 351 E MesonHwc: dolby vision driver is not ready
05-27 16:11:58.623 290 351 D MesonDisplayServer: use connector getDisplayAttribute "HDR Priority": "268435472"
05-27 16:11:58.623 290 351 I MesonHwc: getCurrentHdrPriority is [HDR10_HLG priority]
05-27 16:11:58.623 320 371 I SystemControl: [/Ubootenv.cpp, get, 336] [ubootenv] get key:hdr_priority envValue: 268435472
05-27 16:11:58.623 290 351 D MesonHwc: get key:ubootenv.var.hdr_priority value:268435472
05-27 16:11:58.623 290 351 I MesonHwc: getHdrPriority is [HDR10_HLG priority]
05-27 16:11:58.623 290 351 I MesonHwc: get uboot HdrPriority is [HDR10_HLG priority]
05-27 16:11:58.623 290 351 D MesonDisplayServer: getDisplayAttribute "Dolby Vision Enable": "N"
05-27 16:11:58.623 290 351 D MesonDisplayServer: getDisplayAttribute "Dolby Vision LL Policy": "0"
05-27 16:11:58.624 290 351 I MesonHwc: curDvMode 0, want DvMode 0
05-27 16:11:58.624 290 351 E MesonHwc: dolby vision driver is not ready
05-27 16:11:58.624 290 351 I MesonHwc: cur DvMode is equals
05-27 16:11:58.624 290 351 V MesonDisplayServer: GetDisplayMode:dummy_l
05-27 16:11:58.624 290 351 I MesonHwc: getDisplayMode mode:dummy_l
05-27 16:11:58.624 290 351 I MesonHwc: curMode:[dummy_l] ,final_displaymode[576p50hz]
05-27 16:11:58.624 290 351 I MesonHwc: curmode:dummy_l, tmpMode:dummy_l, outputmode:576p50hz
05-27 16:11:58.624 290 351 I MesonHwc: connector not ready
05-27 16:11:58.624 290 351 I MesonHwc: setSysfsStr /sys/devices/virtual/amhdmitx/amhdmitx0/avmute= 1
05-27 16:11:58.624 290 351 I MesonDisplay: [/HDCPTxAuth.cpp, stopVerAll, 344] hdcp_tx 2.2 & 1.4 stop hdcp pwr
05-27 16:11:58.624 290 351 E MesonDisplay: open /sys/class/amhdmitx/amhdmitx0/hdcp_pwr fail. Error info [No such file or directory]
05-27 16:11:58.631 535 3667 I AudioFlinger: openOutput() this 0xed5c2fe0, module 10 Device AUDIO_DEVICE_OUT_HDMI, @:, SamplingRate 0, Format 00000000, Channels 0, flags 0x41
05-27 16:11:58.632 478 478 D audio_hw_hal_primary: [adev_open_output_stream_new:7868] enter: dev=0xefd014a0 handle=60d devices=0x400/'HDMI,' flags=0x41/'DIRECT,HW_AV_SYNC,' config=(rt=0 ch_mask=0x0 fmt=0x0) address=''
05-27 16:11:58.632 478 478 D audio_hw_hal_primary: adev_open_output_stream_new: enter
05-27 16:11:58.632 478 478 I audio_hw_hal_primary: [adev_open_output_stream:3285] io 1549: out:0xefc47a40 dev:OUT_HDMI(0x400) addr:
05-27 16:11:58.632 478 478 I audio_hw_hal_primary: [adev_open_output_stream:3287] ch_mask:0 rate:0 format:DEFAULT(0) flags:0x41
05-27 16:11:58.632 478 478 D audio_hw_hal_primary: [adev_open_output_stream:3573] format=PCM_16_BIT rate=48000
05-27 16:11:58.632 478 478 I audio_hw_hal_primary: [adev_open_output_stream:3610] result profile ch_mask:0x3 rate:48000 format:PCM_16_BIT(0x1) usecase:PCM_HWSYNC
05-27 16:11:58.632 478 478 D audio_hw_hal_timer: func:audio_timer_create create timer.1 success.
05-27 16:11:58.633 478 478 D audio_hw_hal_timer: func:audio_timer_create create timer.2 success.
05-27 16:11:58.633 478 478 D audio_hw_hal_primary: [adev_open_output_stream_new:7980] timer_id:1
05-27 16:11:58.633 478 478 I audio_hw_hal_utils: aml_get_stream_dump_file_name line 2929 file_name /data/vendor/audiohal/stream_pid478_tid478.pcm
05-27 16:11:58.633 478 478 I audio_hw_hal_primary: [adev_open_output_stream_new:8037] io 1549: out: 0xefc47a40 card:0 alsa devices:0 exit ------
05-27 16:11:58.634 478 478 I audio_hw_hal_primary: [out_get_buffer_size:552] out:0xefc47a40 config.rate=48000, format:PCM_16_BIT(0x1), stream format:PCM_16_BIT(0x1)
05-27 16:11:58.635 535 3667 I AudioFlinger: HAL output buffer size 2058 frames, normal sink buffer size 2058 frames
05-27 16:11:58.635 478 478 I audio_hw_hal_primary: [audiohal_get_latency:1333] io 1549: out:0xefc47a40 frames:960 rate:48000 whole_latency:20 alsa_latency:20
05-27 16:11:58.636 478 478 I audio_hw_hal_primary: [out_set_event_callback:3158] io 1549: out:0xefc47a40, callback:0xf1b4091d cookie:0xf2201690
05-27 16:11:58.636 535 5019 I AudioFlinger: AudioFlinger's thread 0xe78d42e0 tid=5019 ready to run
05-27 16:11:58.636 478 705 I audio_hw_hal_primary: [audiohal_get_latency:1333] io 1549: out:0xefc47a40 frames:1088 rate:48000 whole_latency:22 alsa_latency:22
05-27 16:11:58.636 478 705 I audio_hw_hal_primary: [audiohal_get_latency:1333] io 1549: out:0xefc47a40 frames:1088 rate:48000 whole_latency:22 alsa_latency:22
05-27 16:11:58.639 535 5019 D AudioFlinger: ro.audio.silent is ignored since no output device is set
05-27 16:11:58.639 478 705 I audio_hw_hal_profile: [out_get_parameters:2085] out:0xefc47a40 query audio format. ++++++++++ hal_format:PCM_16_BIT
05-27 16:11:58.639 478 705 D audio_hw_hal_profile: get_hdmi_sink_cap_new is running...
05-27 16:11:58.639 478 705 D audio_hw_hal_profile: query hdmi format...
05-27 16:11:58.639 478 705 D audio_hw_hal_profile: get_hdmi_sink_cap_new ddp is supported; ddp-joc(atmos) is supported;
05-27 16:11:58.639 478 705 I audio_hw_hal_profile: get_hdmi_sink_cap_new dts-hd vendor special byte3:0x1
05-27 16:11:58.639 478 705 I audio_hw_hal_profile: PCM cap Max channel =2
05-27 16:11:58.639 478 705 I audio_hw_hal_profile: [out_get_parameters:2165] sup_formats=AUDIO_FORMAT_PCM_16_BIT|AUDIO_FORMAT_IEC61937|AUDIO_FORMAT_E_AC3|AUDIO_FORMAT_E_AC3_JOC|AUDIO_FORMAT_AC3|AUDIO_FORMAT_DTS
05-27 16:11:58.640 535 3667 D APM_AudioPolicyManager: modifySurroundFormats: forced use = 0
05-27 16:11:58.640 478 705 I audio_hw_hal_profile: [out_get_parameters:2089] out:0xefc47a40 query sample rate. Format:PCM_16_BIT(0x1) ++++++++++ hal_format:PCM_16_BIT
05-27 16:11:58.640 478 705 D audio_hw_hal_profile: get_hdmi_sink_cap_new is running...
05-27 16:11:58.640 478 705 D audio_hw_hal_profile: [get_hdmi_sink_cap_new:960] query hdmi sample_rate... format: PCM_16_BIT(0x1)
05-27 16:11:58.640 478 705 I audio_hw_hal_profile: get_hdmi_sink_cap_new format =0x1 support rate =sup_sampling_rates=32000|44100|48000|88200|96000|176400|192000
05-27 16:11:58.640 478 705 I audio_hw_hal_profile: [out_get_parameters:2165] sup_sampling_rates=32000|44100|48000|88200|96000|176400|192000
05-27 16:11:58.641 478 478 D audio_hw_hal_primary: [out_standby_new:5767] io 1549: out:0xefc47a40 usecase:PCM_HWSYNC
05-27 16:11:58.641 478 478 I audio_hw_hal_primary: already standby, do nothing
05-27 16:11:58.641 478 478 I audio_hw_hal_profile: [out_get_parameters:2092] out:0xefc47a40 query channels. Format:PCM_16_BIT(0x1) ++++++++++ hal_format:PCM_16_BIT
05-27 16:11:58.641 478 478 D audio_hw_hal_profile: get_hdmi_sink_cap_new is running...
05-27 16:11:58.641 478 478 D audio_hw_hal_profile: [get_hdmi_sink_cap_new:887] query hdmi channels... format: PCM_16_BIT(0x1)
05-27 16:11:58.641 478 478 I audio_hw_hal_profile: [out_get_parameters:2165] sup_channels=AUDIO_CHANNEL_OUT_STEREO
05-27 16:11:58.642 478 705 I audio_hw_hal_profile: [out_get_parameters:2089] out:0xefc47a40 query sample rate. Format:DTS(0xb000000) ++++++++++ hal_format:PCM_16_BIT
05-27 16:11:58.642 478 705 D audio_hw_hal_profile: get_hdmi_sink_cap_new is running...
05-27 16:11:58.642 478 705 D audio_hw_hal_profile: [get_hdmi_sink_cap_new:960] query hdmi sample_rate... format: DTS(0xb000000)
05-27 16:11:58.642 478 705 I audio_hw_hal_profile: get_hdmi_sink_cap_new format =0xb000000 support rate =sup_sampling_rates=32000|44100|48000
05-27 16:11:58.642 478 705 I audio_hw_hal_profile: [out_get_parameters:2165] sup_sampling_rates=32000|44100|48000
05-27 16:11:58.643 478 705 I audio_hw_hal_profile: [out_get_parameters:2092] out:0xefc47a40 query channels. Format:DTS(0xb000000) ++++++++++ hal_format:PCM_16_BIT
05-27 16:11:58.643 478 705 D audio_hw_hal_profile: get_hdmi_sink_cap_new is running...
05-27 16:11:58.643 478 705 D audio_hw_hal_profile: [get_hdmi_sink_cap_new:887] query hdmi channels... format: DTS(0xb000000)
05-27 16:11:58.643 478 705 I audio_hw_hal_profile: [out_get_parameters:2165] sup_channels=AUDIO_CHANNEL_OUT_MONO|AUDIO_CHANNEL_OUT_STEREO|AUDIO_CHANNEL_OUT_TRI|AUDIO_CHANNEL_OUT_TRI_BACK|AUDIO_CHANNEL_OUT_3POINT1|AUDIO_CHANNEL_OUT_QUAD|AUDIO_CHANNEL_OUT_SURROUND|AUDIO_CHANNEL_OUT_PENTA|AUDIO_CHANNEL_OUT_5POINT1
05-27 16:11:58.644 478 705 I audio_hw_hal_profile: [out_get_parameters:2089] out:0xefc47a40 query sample rate. Format:AC3(0x9000000) ++++++++++ hal_format:PCM_16_BIT
05-27 16:11:58.644 478 705 D audio_hw_hal_profile: get_hdmi_sink_cap_new is running...
05-27 16:11:58.644 478 705 D audio_hw_hal_profile: [get_hdmi_sink_cap_new:960] query hdmi sample_rate... format: AC3(0x9000000)
05-27 16:11:58.644 478 705 I audio_hw_hal_profile: get_hdmi_sink_cap_new format =0x9000000 support rate =sup_sampling_rates=32000|44100|48000
05-27 16:11:58.644 478 705 I audio_hw_hal_profile: [out_get_parameters:2165] sup_sampling_rates=32000|44100|48000
05-27 16:11:58.644 478 705 I audio_hw_hal_profile: [out_get_parameters:2092] out:0xefc47a40 query channels. Format:AC3(0x9000000) ++++++++++ hal_format:PCM_16_BIT
05-27 16:11:58.644 478 705 D audio_hw_hal_profile: get_hdmi_sink_cap_new is running...
05-27 16:11:58.645 478 705 D audio_hw_hal_profile: [get_hdmi_sink_cap_new:887] query hdmi channels... format: AC3(0x9000000)
05-27 16:11:58.645 478 705 I audio_hw_hal_profile: [out_get_parameters:2165] sup_channels=AUDIO_CHANNEL_OUT_MONO|AUDIO_CHANNEL_OUT_STEREO|AUDIO_CHANNEL_OUT_TRI|AUDIO_CHANNEL_OUT_TRI_BACK|AUDIO_CHANNEL_OUT_3POINT1|AUDIO_CHANNEL_OUT_QUAD|AUDIO_CHANNEL_OUT_SURROUND|AUDIO_CHANNEL_OUT_PENTA|AUDIO_CHANNEL_OUT_5POINT1
05-27 16:11:58.645 478 705 I audio_hw_hal_profile: [out_get_parameters:2089] out:0xefc47a40 query sample rate. Format:E_AC3(0xa000000) ++++++++++ hal_format:PCM_16_BIT
05-27 16:11:58.645 478 705 D audio_hw_hal_profile: get_hdmi_sink_cap_new is running...
05-27 16:11:58.645 478 705 D audio_hw_hal_profile: [get_hdmi_sink_cap_new:960] query hdmi sample_rate... format: E_AC3(0xa000000)
05-27 16:11:58.645 478 705 I audio_hw_hal_profile: get_hdmi_sink_cap_new format =0xa000000 support rate =sup_sampling_rates=32000|44100|48000
05-27 16:11:58.645 478 705 I audio_hw_hal_profile: [out_get_parameters:2165] sup_sampling_rates=32000|44100|48000
05-27 16:11:58.646 478 705 I audio_hw_hal_profile: [out_get_parameters:2092] out:0xefc47a40 query channels. Format:E_AC3(0xa000000) ++++++++++ hal_format:PCM_16_BIT
05-27 16:11:58.646 478 705 D audio_hw_hal_profile: get_hdmi_sink_cap_new is running...
05-27 16:11:58.646 478 705 D audio_hw_hal_profile: [get_hdmi_sink_cap_new:887] query hdmi channels... format: E_AC3(0xa000000)
05-27 16:11:58.646 478 705 I audio_hw_hal_profile: [out_get_parameters:2165] sup_channels=AUDIO_CHANNEL_OUT_MONO|AUDIO_CHANNEL_OUT_STEREO|AUDIO_CHANNEL_OUT_TRI|AUDIO_CHANNEL_OUT_TRI_BACK|AUDIO_CHANNEL_OUT_3POINT1|AUDIO_CHANNEL_OUT_QUAD|AUDIO_CHANNEL_OUT_SURROUND|AUDIO_CHANNEL_OUT_PENTA|AUDIO_CHANNEL_OUT_5POINT1|AUDIO_CHANNEL_OUT_6POINT1|AUDIO_CHANNEL_OUT_7POINT1
05-27 16:11:58.647 478 478 I audio_hw_hal_profile: [out_get_parameters:2089] out:0xefc47a40 query sample rate. Format:IEC61937(0xd000000) ++++++++++ hal_format:PCM_16_BIT
05-27 16:11:58.647 478 478 D audio_hw_hal_profile: get_hdmi_sink_cap_new is running...
05-27 16:11:58.647 478 478 D audio_hw_hal_profile: [get_hdmi_sink_cap_new:960] query hdmi sample_rate... format: IEC61937(0xd000000)
05-27 16:11:58.647 478 478 I audio_hw_hal_profile: [out_get_parameters:2165] sup_sampling_rates=8000|11025|16000|22050|24000|32000|44100|48000|128000|176400|192000
05-27 16:11:58.648 478 2364 I audio_hw_hal_profile: [out_get_parameters:2092] out:0xefc47a40 query channels. Format:IEC61937(0xd000000) ++++++++++ hal_format:PCM_16_BIT
05-27 16:11:58.648 478 2364 D audio_hw_hal_profile: get_hdmi_sink_cap_new is running...
05-27 16:11:58.648 478 2364 D audio_hw_hal_profile: [get_hdmi_sink_cap_new:887] query hdmi channels... format: IEC61937(0xd000000)
05-27 16:11:58.648 478 2364 I audio_hw_hal_profile: [out_get_parameters:2165] sup_channels=AUDIO_CHANNEL_OUT_MONO|AUDIO_CHANNEL_OUT_STEREO|AUDIO_CHANNEL_OUT_TRI|AUDIO_CHANNEL_OUT_TRI_BACK|AUDIO_CHANNEL_OUT_3POINT1|AUDIO_CHANNEL_OUT_QUAD|AUDIO_CHANNEL_OUT_SURROUND|AUDIO_CHANNEL_OUT_PENTA|AUDIO_CHANNEL_OUT_5POINT1|AUDIO_CHANNEL_OUT_7POINT1
05-27 16:11:58.648 478 2364 I audio_hw_hal_profile: [out_get_parameters:2089] out:0xefc47a40 query sample rate. Format:E_AC3_JOC(0xa000001) ++++++++++ hal_format:PCM_16_BIT
05-27 16:11:58.648 478 2364 D audio_hw_hal_profile: get_hdmi_sink_cap_new is running...
05-27 16:11:58.649 478 2364 D audio_hw_hal_profile: [get_hdmi_sink_cap_new:960] query hdmi sample_rate... format: E_AC3(0xa000000)
05-27 16:11:58.649 478 2364 I audio_hw_hal_profile: get_hdmi_sink_cap_new format =0xa000000 support rate =sup_sampling_rates=32000|44100|48000
05-27 16:11:58.649 478 2364 I audio_hw_hal_profile: [out_get_parameters:2165] sup_sampling_rates=32000|44100|48000
05-27 16:11:58.649 478 2364 I audio_hw_hal_profile: [out_get_parameters:2092] out:0xefc47a40 query channels. Format:E_AC3_JOC(0xa000001) ++++++++++ hal_format:PCM_16_BIT
05-27 16:11:58.649 478 2364 D audio_hw_hal_profile: get_hdmi_sink_cap_new is running...
05-27 16:11:58.649 478 2364 D audio_hw_hal_profile: [get_hdmi_sink_cap_new:887] query hdmi channels... format: E_AC3(0xa000000)
05-27 16:11:58.649 478 2364 I audio_hw_hal_profile: [out_get_parameters:2165] sup_channels=AUDIO_CHANNEL_OUT_MONO|AUDIO_CHANNEL_OUT_STEREO|AUDIO_CHANNEL_OUT_TRI|AUDIO_CHANNEL_OUT_TRI_BACK|AUDIO_CHANNEL_OUT_3POINT1|AUDIO_CHANNEL_OUT_QUAD|AUDIO_CHANNEL_OUT_SURROUND|AUDIO_CHANNEL_OUT_PENTA|AUDIO_CHANNEL_OUT_5POINT1|AUDIO_CHANNEL_OUT_6POINT1|AUDIO_CHANNEL_OUT_7POINT1
05-27 16:11:58.650 478 2364 D audio_hw_hal_primary: [out_dump:848] io 1549: out:0xefc47a40, fd:26
05-27 16:11:58.654 478 2364 D audio_hw_hal_primary: [out_set_parameters:971] out:0xefc47a40 kvpairs:closing=true;exiting=1 out->out_device:0x400, adev->out_device:0x80002
05-27 16:11:58.654 478 2364 E audio_hw_hal_primary: out_set_parameters, ret:-2, hw_sync_mode:is false
05-27 16:11:58.654 489 489 D hdmicecd: [CEC]:printCecMessage, [4 -> 4] len: 0, body:, result:no ack
05-27 16:11:58.654 535 5019 D AudioFlinger: ro.audio.silent is ignored since no output device is set
05-27 16:11:58.655 478 2364 I audio_hw_hal_primary: [out_set_event_callback:3158] io 1549: out:0xefc47a40, callback:0xf1b4091d cookie:0xf2201690
05-27 16:11:58.655 478 705 I audio_hw_hal_primary: [adev_close_output_stream_new:8052] io handle 1549: out:0xefc47a40
05-27 16:11:58.655 478 705 D audio_hw_hal_primary: adev_close_output_stream_new: enter usecase = PCM_HWSYNC
05-27 16:11:58.655 478 705 D audio_hw_hal_timer: func:audio_timer_delete delete timer.1 success.
05-27 16:11:58.655 478 705 D audio_hw_hal_timer: func:audio_timer_delete delete timer.2 success.
05-27 16:11:58.655 478 705 D audio_hw_hal_primary: [adev_close_output_stream_new:8076] timer_id:1 ret:2
05-27 16:11:58.655 478 705 I audio_hw_hal_primary: [adev_close_output_stream:3695] io 1549: out:0xefc47a40 dev:OUT_HDMI(0x400) flags:0x41, usecase:PCM_HWSYNC
05-27 16:11:58.655 478 705 D audio_hw_hal_primary: [out_standby_new:5767] io 1549: out:0xefc47a40 usecase:PCM_HWSYNC
05-27 16:11:58.655 478 705 I audio_hw_hal_primary: already standby, do nothing
05-27 16:11:58.655 478 705 I audio_hw_hal_resourcemgr: [is_output_device_muted:710] device:0x2 port_mute:0, fade_mute:0
05-27 16:11:58.655 478 705 I audio_hw_hal_primary: [adev_close_output_stream:3863] io 1549: out:0xefc47a40 exit ------
05-27 16:11:58.656 535 3667 I AudioFlinger: openOutput() this 0xed5c2fe0, module 10 Device AUDIO_DEVICE_OUT_HDMI, @:, SamplingRate 32000, Format 0xb000000, Channels 0x1, flags 0x41
05-27 16:11:58.656 478 705 D audio_hw_hal_primary: [adev_open_output_stream_new:7868] enter: dev=0xefd014a0 handle=615 devices=0x400/'HDMI,' flags=0x41/'DIRECT,HW_AV_SYNC,' config=(rt=32000 ch_mask=0x1 fmt=0xb000000) address=''
05-27 16:11:58.656 478 705 D audio_hw_hal_primary: adev_open_output_stream_new: enter
05-27 16:11:58.656 478 705 I audio_hw_hal_primary: [adev_open_output_stream:3285] io 1557: out:0xefc47a40 dev:OUT_HDMI(0x400) addr:
05-27 16:11:58.656 478 705 I audio_hw_hal_primary: [adev_open_output_stream:3287] ch_mask:0x1 rate:32000 format:DTS(0xb000000) flags:0x41
05-27 16:11:58.656 478 705 I audio_hw_hal_primary: adev_open_output_stream: for raw audio output,force alsa stereo output
05-27 16:11:58.656 478 705 D audio_hw_hal_primary: [adev_open_output_stream:3573] format=DTS rate=32000
05-27 16:11:58.656 478 705 I audio_hw_hal_primary: [adev_open_output_stream:3610] result profile ch_mask:0x1 rate:32000 format:DTS(0xb000000) usecase:RAW_HWSYNC
05-27 16:11:58.656 478 705 I audio_hw_hal_utils: aml_get_stream_dump_file_name line 2929 file_name /data/vendor/audiohal/stream_pid478_tid705.dts
05-27 16:11:58.656 478 705 I audio_hw_hal_primary: [adev_open_output_stream_new:8037] io 1557: out: 0xefc47a40 card:0 alsa devices:0 exit ------
05-27 16:11:58.657 478 705 I audio_hw_hal_primary: [out_get_buffer_size:552] out:0xefc47a40 config.rate=32000, format:DTS(0xb000000), stream format:DTS(0xb000000)
05-27 16:11:58.657 478 705 I audio_hw_hal_primary: out_get_buffer_size AUDIO_FORMAT_DTS buffer size = 32768 frames
05-27 16:11:58.658 535 3667 I AudioFlinger: HAL output buffer size 32768 frames, normal sink buffer size 32768 frames
05-27 16:11:58.658 478 2364 I audio_hw_hal_primary: [audiohal_get_latency:1333] io 1557: out:0xefc47a40 frames:1088 rate:32000 whole_latency:34 alsa_latency:34
05-27 16:11:58.658 478 2364 I audio_hw_hal_primary: [out_set_event_callback:3158] io 1557: out:0xefc47a40, callback:0xf1b4091d cookie:0xf22011b0
05-27 16:11:58.658 535 5021 I AudioFlinger: AudioFlinger's thread 0xe78d42e0 tid=5021 ready to run
05-27 16:11:58.658 478 2364 I audio_hw_hal_primary: [audiohal_get_latency:1333] io 1557: out:0xefc47a40 frames:1088 rate:32000 whole_latency:34 alsa_latency:34
05-27 16:11:58.659 478 705 I audio_hw_hal_primary: [audiohal_get_latency:1333] io 1557: out:0xefc47a40 frames:1088 rate:32000 whole_latency:34 alsa_latency:34
05-27 16:11:58.659 535 5021 D AudioFlinger: ro.audio.silent is ignored since no output device is set
05-27 16:11:58.660 478 542 D audio_hw_hal_primary: [out_standby_new:5767] io 1557: out:0xefc47a40 usecase:RAW_HWSYNC
05-27 16:11:58.660 478 542 I audio_hw_hal_primary: already standby, do nothing
05-27 16:11:58.661 535 5021 D AudioFlinger: ro.audio.silent is ignored since no output device is set
05-27 16:11:58.661 535 5021 D AudioFlinger: ro.audio.silent is ignored since no output device is set
05-27 16:11:58.663 535 5021 D AudioFlinger: ro.audio.silent is ignored since no output device is set
05-27 16:11:58.663 535 5021 D AudioFlinger: ro.audio.silent is ignored since no output device is set
05-27 16:11:58.666 535 5021 D AudioFlinger: ro.audio.silent is ignored since no output device is set
05-27 16:11:58.667 535 5021 D AudioFlinger: ro.audio.silent is ignored since no output device is set
05-27 16:11:58.667 290 351 E MesonDisplay: open /sys/class/amhdmitx/amhdmitx0/hdcp_pwr fail. Error info [No such file or directory]
05-27 16:11:58.667 290 351 E MesonDisplay: open /sys/class/amhdmitx/amhdmitx0/hdcp_ctrl fail. Error info [No such file or directory]
05-27 16:11:58.667 290 351 E MesonDisplay: open /sys/class/amhdmitx/amhdmitx0/hdcp_ctrl fail. Error info [No such file or directory]
05-27 16:11:58.668 535 5021 D AudioFlinger: ro.audio.silent is ignored since no output device is set
05-27 16:11:58.669 290 351 I MesonDisplay: [/HDCPTxAuth.cpp, stop, 137] hdcp_tx pthread exit id = 3890725312, (null) done
05-27 16:11:58.669 290 351 I MesonHwc: setDisplayMode mode:576p50hz
05-27 16:11:58.669 290 351 D MesonDisplayServer: SetDisplay[HDMI] Mode to "576p50hz"
05-27 16:11:58.670 290 351 D MesonHwc: blankDisplay connectorType:11
05-27 16:11:58.670 290 351 D MesonHwc: [setConnectorStatus]: power mode 2
05-27 16:11:58.670 290 351 D MesonHwc: displayId:0, blank all display planes
05-27 16:11:58.670 535 5021 D AudioFlinger: ro.audio.silent is ignored since no output device is set
05-27 16:11:58.670 535 5021 D AudioFlinger: ro.audio.silent is ignored since no output device is set
05-27 16:11:58.671 535 5021 D AudioFlinger: ro.audio.silent is ignored since no output device is set
05-27 16:11:58.673 535 5021 D AudioFlinger: ro.audio.silent is ignored since no output device is set
05-27 16:11:58.674 535 3667 I AudioFlinger: openOutput() this 0xed5c2fe0, module 10 Device AUDIO_DEVICE_OUT_HDMI, @:, SamplingRate 32000, Format 0x000001, Channels 0x1, flags 0x41
05-27 16:11:58.675 478 2364 D audio_hw_hal_primary: [adev_open_output_stream_new:7868] enter: dev=0xefd014a0 handle=61d devices=0x400/'HDMI,' flags=0x41/'DIRECT,HW_AV_SYNC,' config=(rt=32000 ch_mask=0x1 fmt=0x1) address=''
05-27 16:11:58.675 478 2364 D audio_hw_hal_primary: adev_open_output_stream_new: enter
05-27 16:11:58.675 478 2364 I audio_hw_hal_primary: [adev_open_output_stream:3285] io 1565: out:0xefc49700 dev:OUT_HDMI(0x400) addr:
05-27 16:11:58.675 478 2364 I audio_hw_hal_primary: [adev_open_output_stream:3287] ch_mask:0x1 rate:32000 format:PCM_16_BIT(0x1) flags:0x41
05-27 16:11:58.675 478 2364 D audio_hw_hal_primary: [adev_open_output_stream:3573] format=PCM_16_BIT rate=32000
05-27 16:11:58.675 478 2364 I audio_hw_hal_primary: init resampler from 32000 to 48000!
05-27 16:11:58.675 478 2364 D audio_hw_utils_resampler: resampler_init, Init Resampler: input_sr = 32000, output_sr = 48000
05-27 16:11:58.675 478 2364 I audio_hw_hal_primary: [adev_open_output_stream:3610] result profile ch_mask:0x1 rate:32000 format:PCM_16_BIT(0x1) usecase:PCM_HWSYNC
05-27 16:11:58.675 478 2364 D audio_hw_hal_timer: func:audio_timer_create create timer.1 success.
05-27 16:11:58.676 478 2364 D audio_hw_hal_timer: func:audio_timer_create create timer.2 success.
05-27 16:11:58.676 478 2364 D audio_hw_hal_primary: [adev_open_output_stream_new:7980] timer_id:1
05-27 16:11:58.676 478 2364 I audio_hw_hal_utils: aml_get_stream_dump_file_name line 2929 file_name /data/vendor/audiohal/stream_pid478_tid2364.pcm
05-27 16:11:58.676 478 2364 I audio_hw_hal_primary: [adev_open_output_stream_new:8037] io 1565: out: 0xefc49700 card:0 alsa devices:0 exit ------
05-27 16:11:58.677 478 2364 I audio_hw_hal_primary: [out_get_buffer_size:552] out:0xefc49700 config.rate=32000, format:PCM_16_BIT(0x1), stream format:PCM_16_BIT(0x1)
01-01 08:05:28.424 0 0 I : [2 T351 ..] [drm] build_hdmitx_attr_str:444,8bit = 2+8
01-01 08:05:28.424 0 0 I : [2 T351 ..] [drm] am_meson_crtc_atomic_disable-[0]:in
05-27 16:11:58.678 290 352 E MesonHwc: waitVBlank failed crtc[63]ret[-1]
05-27 16:11:58.678 264 1051 W HWComposer: Ignoring duplicate VSYNC event from HWC for display 4620747849504298251 (t=328410958000)
05-27 16:11:58.678 290 352 E MesonHwc: wait for hw vsync error:-1
01-01 08:05:28.425 0 0 I : [1 T351 ..] dummy_encl_disable finished
01-01 08:05:28.425 0 0 I : [1 T351 ..] [drm] am_meson_crtc_atomic_enable-[0] in: new[576p50hz], old[dummy_l], vmode[4-4], uboot[0]
01-01 08:05:28.427 0 0 I : [1 T351 ..] [drm] am_meson_crtc_atomic_enable-[0]: enable mode 576p50hz final vmode 0
01-01 08:05:28.428 0 0 I [1 T351 ..] [hdmitx: ] set21_s7d_htxpll_clk_out[96] htxpll vco 4320000 div 16
05-27 16:11:58.682 535 3667 I AudioFlinger: HAL output buffer size 2068 frames, normal sink buffer size 2068 frames
05-27 16:11:58.682 478 2364 I audio_hw_hal_primary: [audiohal_get_latency:1333] io 1565: out:0xefc49700 frames:1216 rate:32000 whole_latency:38 alsa_latency:38
05-27 16:11:58.683 478 705 I audio_hw_hal_primary: [out_set_event_callback:3158] io 1565: out:0xefc49700, callback:0xf1b4091d cookie:0xf2201d50
05-27 16:11:58.683 478 705 I audio_hw_hal_primary: [audiohal_get_latency:1333] io 1565: out:0xefc49700 frames:1216 rate:32000 whole_latency:38 alsa_latency:38
05-27 16:11:58.683 535 5024 I AudioFlinger: AudioFlinger's thread 0xe78e4520 tid=5024 ready to run
05-27 16:11:58.683 478 705 I audio_hw_hal_primary: [audiohal_get_latency:1333] io 1565: out:0xefc49700 frames:1216 rate:32000 whole_latency:38 alsa_latency:38
05-27 16:11:58.684 535 5024 D AudioFlinger: ro.audio.silent is ignored since no output device is set
05-27 16:11:58.685 478 705 D audio_hw_hal_primary: [out_standby_new:5767] io 1565: out:0xefc49700 usecase:PCM_HWSYNC
01-01 08:05:28.431 0 0 I [1 T351 ..] [hdmitx: ] pll_od0 = 11, pll_od2 = 1, pll_od1 = 0
05-27 16:11:58.685 478 705 I audio_hw_hal_primary: already standby, do nothing
01-01 08:05:28.431 0 0 I [1 T351 ..] [hdmitx: ] clocks_set_vid_clk_div_for_hdmi[402] div = 6
01-01 08:05:28.432 0 0 I [1 T351 ..] [hdmitx: ] configure venc
01-01 08:05:28.433 0 0 I [1 T351 ..] [hdmitx: ] config_tv_enc_calc[63] vic = 18
01-01 08:05:28.433 0 0 I [1 T351 ..] [hdmitx: ] hdmitx_soft_reset[1261]
05-27 16:11:58.686 535 5024 D AudioFlinger: ro.audio.silent is ignored since no output device is set
05-27 16:11:58.688 535 5024 D AudioFlinger: ro.audio.silent is ignored since no output device is set
01-01 08:05:28.434 0 0 I [1 T351 ..] [hdmitx: ] config hdmitx IP vic = 18 cd:4 cs: 2
05-27 16:11:58.689 535 5024 D AudioFlinger: ro.audio.silent is ignored since no output device is set
05-27 16:11:58.689 535 5024 D AudioFlinger: ro.audio.silent is ignored since no output device is set
05-27 16:11:58.691 535 5024 D AudioFlinger: ro.audio.silent is ignored since no output device is set
05-27 16:11:58.692 535 5024 D AudioFlinger: ro.audio.silent is ignored since no output device is set
05-27 16:11:58.694 535 5024 D AudioFlinger: ro.audio.silent is ignored since no output device is set
05-27 16:11:58.695 535 5024 D AudioFlinger: ro.audio.silent is ignored since no output device is set
05-27 16:11:58.696 535 5024 D AudioFlinger: ro.audio.silent is ignored since no output device is set
05-27 16:11:58.698 535 5024 D AudioFlinger: ro.audio.silent is ignored since no output device is set
05-27 16:11:58.699 535 5024 D AudioFlinger: ro.audio.silent is ignored since no output device is set
05-27 16:11:58.700 535 5024 D AudioFlinger: ro.audio.silent is ignored since no output device is set
05-27 16:11:58.702 535 5024 D AudioFlinger: ro.audio.silent is ignored since no output device is set
01-01 08:05:28.445 0 0 I [1 T351 ..] [hdmitx: ] configure hdmitx21
01-01 08:05:28.445 0 0 I [1 T351 ..] [hdmitx: ] warn: SCDC not present, should not send 1:10
01-01 08:05:28.447 0 0 I [2 T351 ..] [hdmitx: ] hdmitx_set_dispmode[1527] frl_rate 0 htotal 864 cs 2 cd 4 h_unstable 0
05-27 16:11:58.703 535 3667 I AudioFlinger: openOutput() this 0xed5c2fe0, module 10 Device AUDIO_DEVICE_OUT_HDMI, @:, SamplingRate 0, Format 00000000, Channels 0, flags 0x1
05-27 16:11:58.703 478 705 D audio_hw_hal_primary: [adev_open_output_stream_new:7868] enter: dev=0xefd014a0 handle=625 devices=0x400/'HDMI,' flags=0x1/'DIRECT,' config=(rt=0 ch_mask=0x0 fmt=0x0) address=''
05-27 16:11:58.703 478 705 D audio_hw_hal_primary: adev_open_output_stream_new: enter
05-27 16:11:58.703 478 705 I audio_hw_hal_primary: [adev_open_output_stream:3285] io 1573: out:0xefc4c950 dev:OUT_HDMI(0x400) addr:
05-27 16:11:58.703 478 705 I audio_hw_hal_primary: [adev_open_output_stream:3287] ch_mask:0 rate:0 format:DEFAULT(0) flags:0x1
05-27 16:11:58.703 478 705 I audio_hw_hal_primary: [adev_open_output_stream:3610] result profile ch_mask:0x3 rate:48000 format:PCM_16_BIT(0x1) usecase:PCM_DIRECT
05-27 16:11:58.703 478 705 I audio_hw_hal_utils: aml_get_stream_dump_file_name line 2929 file_name /data/vendor/audiohal/stream_pid478_tid705.pcm
05-27 16:11:58.703 478 705 I audio_hw_hal_primary: [adev_open_output_stream_new:8037] io 1573: out: 0xefc4c950 card:0 alsa devices:0 exit ------
05-27 16:11:58.705 478 705 I audio_hw_hal_primary: [out_get_buffer_size:552] out:0xefc4c950 config.rate=48000, format:PCM_16_BIT(0x1), stream format:PCM_16_BIT(0x1)
05-27 16:11:58.705 535 3667 I AudioFlinger: HAL output buffer size 2048 frames, normal sink buffer size 2048 frames
05-27 16:11:58.706 478 705 I audio_hw_hal_primary: [audiohal_get_latency:1333] io 1573: out:0xefc4c950 frames:1088 rate:48000 whole_latency:22 alsa_latency:22
05-27 16:11:58.706 478 705 I audio_hw_hal_primary: [out_set_event_callback:3158] io 1573: out:0xefc4c950, callback:0xf1b4091d cookie:0xf2202650
05-27 16:11:58.706 535 5025 I AudioFlinger: AudioFlinger's thread 0xe78f4760 tid=5025 ready to run
05-27 16:11:58.706 478 705 I audio_hw_hal_primary: [audiohal_get_latency:1333] io 1573: out:0xefc4c950 frames:1088 rate:48000 whole_latency:22 alsa_latency:22
05-27 16:11:58.707 478 705 I audio_hw_hal_primary: [audiohal_get_latency:1333] io 1573: out:0xefc4c950 frames:1088 rate:48000 whole_latency:22 alsa_latency:22
05-27 16:11:58.707 535 5025 D AudioFlinger: ro.audio.silent is ignored since no output device is set
05-27 16:11:58.708 478 705 I audio_hw_hal_profile: [out_get_parameters:2085] out:0xefc4c950 query audio format. ++++++++++ hal_format:PCM_16_BIT
05-27 16:11:58.708 478 705 D audio_hw_hal_profile: get_hdmi_sink_cap_new is running...
05-27 16:11:58.708 478 705 D audio_hw_hal_profile: query hdmi format...
05-27 16:11:58.708 478 705 D audio_hw_hal_profile: get_hdmi_sink_cap_new ddp is supported; ddp-joc(atmos) is supported;
05-27 16:11:58.708 478 705 I audio_hw_hal_profile: get_hdmi_sink_cap_new dts-hd vendor special byte3:0x1
05-27 16:11:58.708 478 705 I audio_hw_hal_profile: PCM cap Max channel =2
05-27 16:11:58.708 478 705 I audio_hw_hal_profile: [out_get_parameters:2165] sup_formats=AUDIO_FORMAT_PCM_16_BIT|AUDIO_FORMAT_IEC61937|AUDIO_FORMAT_E_AC3|AUDIO_FORMAT_E_AC3_JOC|AUDIO_FORMAT_AC3|AUDIO_FORMAT_DTS
05-27 16:11:58.708 535 3667 D APM_AudioPolicyManager: modifySurroundFormats: forced use = 0
05-27 16:11:58.709 478 705 D audio_hw_hal_primary: [out_standby_new:5767] io 1573: out:0xefc4c950 usecase:PCM_DIRECT
05-27 16:11:58.709 478 705 I audio_hw_hal_primary: already standby, do nothing
05-27 16:11:58.709 478 2364 I audio_hw_hal_profile: [out_get_parameters:2089] out:0xefc4c950 query sample rate. Format:PCM_16_BIT(0x1) ++++++++++ hal_format:PCM_16_BIT
05-27 16:11:58.709 478 2364 D audio_hw_hal_profile: get_hdmi_sink_cap_new is running...
05-27 16:11:58.709 478 2364 D audio_hw_hal_profile: [get_hdmi_sink_cap_new:960] query hdmi sample_rate... format: PCM_16_BIT(0x1)
05-27 16:11:58.709 478 2364 I audio_hw_hal_profile: get_hdmi_sink_cap_new format =0x1 support rate =sup_sampling_rates=32000|44100|48000|88200|96000|176400|192000
05-27 16:11:58.709 478 2364 I audio_hw_hal_profile: [out_get_parameters:2165] sup_sampling_rates=32000|44100|48000|88200|96000|176400|192000
05-27 16:11:58.710 478 2364 I audio_hw_hal_profile: [out_get_parameters:2092] out:0xefc4c950 query channels. Format:PCM_16_BIT(0x1) ++++++++++ hal_format:PCM_16_BIT
05-27 16:11:58.710 478 2364 D audio_hw_hal_profile: get_hdmi_sink_cap_new is running...
05-27 16:11:58.710 478 2364 D audio_hw_hal_profile: [get_hdmi_sink_cap_new:887] query hdmi channels... format: PCM_16_BIT(0x1)
05-27 16:11:58.710 478 2364 I audio_hw_hal_profile: [out_get_parameters:2165] sup_channels=AUDIO_CHANNEL_OUT_STEREO
05-27 16:11:58.710 489 489 D hdmicecd: [CEC]:printCecMessage, [4 -> 4] len: 0, body:, result:no ack
05-27 16:11:58.711 478 2364 I audio_hw_hal_profile: [out_get_parameters:2089] out:0xefc4c950 query sample rate. Format:DTS(0xb000000) ++++++++++ hal_format:PCM_16_BIT
05-27 16:11:58.711 478 2364 D audio_hw_hal_profile: get_hdmi_sink_cap_new is running...
05-27 16:11:58.711 478 2364 D audio_hw_hal_profile: [get_hdmi_sink_cap_new:960] query hdmi sample_rate... format: DTS(0xb000000)
05-27 16:11:58.711 478 2364 I audio_hw_hal_profile: get_hdmi_sink_cap_new format =0xb000000 support rate =sup_sampling_rates=32000|44100|48000
05-27 16:11:58.711 478 2364 I audio_hw_hal_profile: [out_get_parameters:2165] sup_sampling_rates=32000|44100|48000
05-27 16:11:58.711 478 2364 I audio_hw_hal_profile: [out_get_parameters:2092] out:0xefc4c950 query channels. Format:DTS(0xb000000) ++++++++++ hal_format:PCM_16_BIT
05-27 16:11:58.711 478 2364 D audio_hw_hal_profile: get_hdmi_sink_cap_new is running...
05-27 16:11:58.712 478 2364 D audio_hw_hal_profile: [get_hdmi_sink_cap_new:887] query hdmi channels... format: DTS(0xb000000)
05-27 16:11:58.712 478 2364 I audio_hw_hal_profile: [out_get_parameters:2165] sup_channels=AUDIO_CHANNEL_OUT_MONO|AUDIO_CHANNEL_OUT_STEREO|AUDIO_CHANNEL_OUT_TRI|AUDIO_CHANNEL_OUT_TRI_BACK|AUDIO_CHANNEL_OUT_3POINT1|AUDIO_CHANNEL_OUT_QUAD|AUDIO_CHANNEL_OUT_SURROUND|AUDIO_CHANNEL_OUT_PENTA|AUDIO_CHANNEL_OUT_5POINT1
05-27 16:11:58.712 478 2364 I audio_hw_hal_profile: [out_get_parameters:2089] out:0xefc4c950 query sample rate. Format:AC3(0x9000000) ++++++++++ hal_format:PCM_16_BIT
05-27 16:11:58.712 478 2364 D audio_hw_hal_profile: get_hdmi_sink_cap_new is running...
05-27 16:11:58.712 478 2364 D audio_hw_hal_profile: [get_hdmi_sink_cap_new:960] query hdmi sample_rate... format: AC3(0x9000000)
05-27 16:11:58.712 478 2364 I audio_hw_hal_profile: get_hdmi_sink_cap_new format =0x9000000 support rate =sup_sampling_rates=32000|44100|48000
05-27 16:11:58.712 478 2364 I audio_hw_hal_profile: [out_get_parameters:2165] sup_sampling_rates=32000|44100|48000
05-27 16:11:58.713 478 2364 I audio_hw_hal_profile: [out_get_parameters:2092] out:0xefc4c950 query channels. Format:AC3(0x9000000) ++++++++++ hal_format:PCM_16_BIT
05-27 16:11:58.713 478 2364 D audio_hw_hal_profile: get_hdmi_sink_cap_new is running...
05-27 16:11:58.713 478 2364 D audio_hw_hal_profile: [get_hdmi_sink_cap_new:887] query hdmi channels... format: AC3(0x9000000)
05-27 16:11:58.713 478 2364 I audio_hw_hal_profile: [out_get_parameters:2165] sup_channels=AUDIO_CHANNEL_OUT_MONO|AUDIO_CHANNEL_OUT_STEREO|AUDIO_CHANNEL_OUT_TRI|AUDIO_CHANNEL_OUT_TRI_BACK|AUDIO_CHANNEL_OUT_3POINT1|AUDIO_CHANNEL_OUT_QUAD|AUDIO_CHANNEL_OUT_SURROUND|AUDIO_CHANNEL_OUT_PENTA|AUDIO_CHANNEL_OUT_5POINT1
05-27 16:11:58.714 478 2364 I audio_hw_hal_profile: [out_get_parameters:2089] out:0xefc4c950 query sample rate. Format:E_AC3(0xa000000) ++++++++++ hal_format:PCM_16_BIT
05-27 16:11:58.714 478 2364 D audio_hw_hal_profile: get_hdmi_sink_cap_new is running...
05-27 16:11:58.714 478 2364 D audio_hw_hal_profile: [get_hdmi_sink_cap_new:960] query hdmi sample_rate... format: E_AC3(0xa000000)
05-27 16:11:58.715 478 2364 I audio_hw_hal_profile: get_hdmi_sink_cap_new format =0xa000000 support rate =sup_sampling_rates=32000|44100|48000
05-27 16:11:58.715 478 2364 I audio_hw_hal_profile: [out_get_parameters:2165] sup_sampling_rates=32000|44100|48000
05-27 16:11:58.715 478 2364 I audio_hw_hal_profile: [out_get_parameters:2092] out:0xefc4c950 query channels. Format:E_AC3(0xa000000) ++++++++++ hal_format:PCM_16_BIT
05-27 16:11:58.715 478 2364 D audio_hw_hal_profile: get_hdmi_sink_cap_new is running...
05-27 16:11:58.715 478 2364 D audio_hw_hal_profile: [get_hdmi_sink_cap_new:887] query hdmi channels... format: E_AC3(0xa000000)
05-27 16:11:58.715 478 2364 I audio_hw_hal_profile: [out_get_parameters:2165] sup_channels=AUDIO_CHANNEL_OUT_MONO|AUDIO_CHANNEL_OUT_STEREO|AUDIO_CHANNEL_OUT_TRI|AUDIO_CHANNEL_OUT_TRI_BACK|AUDIO_CHANNEL_OUT_3POINT1|AUDIO_CHANNEL_OUT_QUAD|AUDIO_CHANNEL_OUT_SURROUND|AUDIO_CHANNEL_OUT_PENTA|AUDIO_CHANNEL_OUT_5POINT1|AUDIO_CHANNEL_OUT_6POINT1|AUDIO_CHANNEL_OUT_7POINT1
05-27 16:11:58.716 478 2364 I audio_hw_hal_profile: [out_get_parameters:2089] out:0xefc4c950 query sample rate. Format:IEC61937(0xd000000) ++++++++++ hal_format:PCM_16_BIT
05-27 16:11:58.716 478 2364 D audio_hw_hal_profile: get_hdmi_sink_cap_new is running...
05-27 16:11:58.716 478 2364 D audio_hw_hal_profile: [get_hdmi_sink_cap_new:960] query hdmi sample_rate... format: IEC61937(0xd000000)
05-27 16:11:58.716 478 2364 I audio_hw_hal_profile: [out_get_parameters:2165] sup_sampling_rates=8000|11025|16000|22050|24000|32000|44100|48000|128000|176400|192000
05-27 16:11:58.716 478 2364 I audio_hw_hal_profile: [out_get_parameters:2092] out:0xefc4c950 query channels. Format:IEC61937(0xd000000) ++++++++++ hal_format:PCM_16_BIT
05-27 16:11:58.716 478 2364 D audio_hw_hal_profile: get_hdmi_sink_cap_new is running...
05-27 16:11:58.717 478 2364 D audio_hw_hal_profile: [get_hdmi_sink_cap_new:887] query hdmi channels... format: IEC61937(0xd000000)
05-27 16:11:58.717 478 2364 I audio_hw_hal_profile: [out_get_parameters:2165] sup_channels=AUDIO_CHANNEL_OUT_MONO|AUDIO_CHANNEL_OUT_STEREO|AUDIO_CHANNEL_OUT_TRI|AUDIO_CHANNEL_OUT_TRI_BACK|AUDIO_CHANNEL_OUT_3POINT1|AUDIO_CHANNEL_OUT_QUAD|AUDIO_CHANNEL_OUT_SURROUND|AUDIO_CHANNEL_OUT_PENTA|AUDIO_CHANNEL_OUT_5POINT1|AUDIO_CHANNEL_OUT_7POINT1
05-27 16:11:58.717 478 2364 I audio_hw_hal_profile: [out_get_parameters:2089] out:0xefc4c950 query sample rate. Format:E_AC3_JOC(0xa000001) ++++++++++ hal_format:PCM_16_BIT
05-27 16:11:58.717 478 2364 D audio_hw_hal_profile: get_hdmi_sink_cap_new is running...
05-27 16:11:58.717 478 2364 D audio_hw_hal_profile: [get_hdmi_sink_cap_new:960] query hdmi sample_rate... format: E_AC3(0xa000000)
05-27 16:11:58.717 478 2364 I audio_hw_hal_profile: get_hdmi_sink_cap_new format =0xa000000 support rate =sup_sampling_rates=32000|44100|48000
05-27 16:11:58.717 478 2364 I audio_hw_hal_profile: [out_get_parameters:2165] sup_sampling_rates=32000|44100|48000
05-27 16:11:58.718 478 2364 I audio_hw_hal_profile: [out_get_parameters:2092] out:0xefc4c950 query channels. Format:E_AC3_JOC(0xa000001) ++++++++++ hal_format:PCM_16_BIT
05-27 16:11:58.718 478 2364 D audio_hw_hal_profile: get_hdmi_sink_cap_new is running...
05-27 16:11:58.718 478 2364 D audio_hw_hal_profile: [get_hdmi_sink_cap_new:887] query hdmi channels... format: E_AC3(0xa000000)
05-27 16:11:58.718 478 2364 I audio_hw_hal_profile: [out_get_parameters:2165] sup_channels=AUDIO_CHANNEL_OUT_MONO|AUDIO_CHANNEL_OUT_STEREO|AUDIO_CHANNEL_OUT_TRI|AUDIO_CHANNEL_OUT_TRI_BACK|AUDIO_CHANNEL_OUT_3POINT1|AUDIO_CHANNEL_OUT_QUAD|AUDIO_CHANNEL_OUT_SURROUND|AUDIO_CHANNEL_OUT_PENTA|AUDIO_CHANNEL_OUT_5POINT1|AUDIO_CHANNEL_OUT_6POINT1|AUDIO_CHANNEL_OUT_7POINT1
05-27 16:11:58.719 478 2364 D audio_hw_hal_primary: [out_dump:848] io 1573: out:0xefc4c950, fd:26
05-27 16:11:58.720 478 2364 D audio_hw_hal_primary: [out_set_parameters:971] out:0xefc4c950 kvpairs:closing=true;exiting=1 out->out_device:0x400, adev->out_device:0x80002
05-27 16:11:58.720 478 2364 E audio_hw_hal_primary: out_set_parameters, ret:-2, hw_sync_mode:is false
05-27 16:11:58.721 535 5025 D AudioFlinger: ro.audio.silent is ignored since no output device is set
05-27 16:11:58.721 478 2364 I audio_hw_hal_primary: [out_set_event_callback:3158] io 1573: out:0xefc4c950, callback:0xf1b4091d cookie:0xf2202650
05-27 16:11:58.722 478 2364 I audio_hw_hal_primary: [adev_close_output_stream_new:8052] io handle 1573: out:0xefc4c950
05-27 16:11:58.722 478 2364 D audio_hw_hal_primary: adev_close_output_stream_new: enter usecase = PCM_DIRECT
05-27 16:11:58.722 478 2364 I audio_hw_hal_primary: [adev_close_output_stream:3695] io 1573: out:0xefc4c950 dev:OUT_HDMI(0x400) flags:0x1, usecase:PCM_DIRECT
05-27 16:11:58.722 478 2364 D audio_hw_hal_primary: [out_standby_new:5767] io 1573: out:0xefc4c950 usecase:PCM_DIRECT
05-27 16:11:58.722 478 2364 I audio_hw_hal_primary: already standby, do nothing
05-27 16:11:58.722 478 2364 I audio_hw_hal_resourcemgr: [is_output_device_muted:710] device:0x2 port_mute:0, fade_mute:0
05-27 16:11:58.722 478 2364 I audio_hw_hal_primary: [adev_close_output_stream:3863] io 1573: out:0xefc4c950 exit ------
05-27 16:11:58.723 535 3667 I AudioFlinger: openOutput() this 0xed5c2fe0, module 10 Device AUDIO_DEVICE_OUT_HDMI, @:, SamplingRate 32000, Format 0xb000000, Channels 0x1, flags 0x1
05-27 16:11:58.723 478 2364 D audio_hw_hal_primary: [adev_open_output_stream_new:7868] enter: dev=0xefd014a0 handle=62d devices=0x400/'HDMI,' flags=0x1/'DIRECT,' config=(rt=32000 ch_mask=0x1 fmt=0xb000000) address=''
05-27 16:11:58.723 478 2364 D audio_hw_hal_primary: adev_open_output_stream_new: enter
05-27 16:11:58.723 478 2364 I audio_hw_hal_primary: [adev_open_output_stream:3285] io 1581: out:0xefc4c950 dev:OUT_HDMI(0x400) addr:
05-27 16:11:58.723 478 2364 I audio_hw_hal_primary: [adev_open_output_stream:3287] ch_mask:0x1 rate:32000 format:DTS(0xb000000) flags:0x1
05-27 16:11:58.723 478 2364 I audio_hw_hal_primary: adev_open_output_stream: for raw audio output,force alsa stereo output
05-27 16:11:58.723 478 2364 I audio_hw_hal_primary: [adev_open_output_stream:3610] result profile ch_mask:0x1 rate:32000 format:DTS(0xb000000) usecase:RAW_DIRECT
05-27 16:11:58.723 478 2364 I audio_hw_hal_utils: aml_get_stream_dump_file_name line 2929 file_name /data/vendor/audiohal/stream_pid478_tid2364.dts
05-27 16:11:58.723 478 2364 I audio_hw_hal_primary: [adev_open_output_stream_new:8037] io 1581: out: 0xefc4c950 card:0 alsa devices:0 exit ------
05-27 16:11:58.724 478 705 I audio_hw_hal_primary: [out_get_buffer_size:552] out:0xefc4c950 config.rate=32000, format:DTS(0xb000000), stream format:DTS(0xb000000)
05-27 16:11:58.724 478 705 I audio_hw_hal_primary: out_get_buffer_size AUDIO_FORMAT_DTS buffer size = 32768 frames
05-27 16:11:58.724 535 3667 I AudioFlinger: HAL output buffer size 32768 frames, normal sink buffer size 32768 frames
05-27 16:11:58.725 478 705 I audio_hw_hal_primary: [audiohal_get_latency:1333] io 1581: out:0xefc4c950 frames:1216 rate:32000 whole_latency:38 alsa_latency:38
05-27 16:11:58.726 478 705 I audio_hw_hal_primary: [out_set_event_callback:3158] io 1581: out:0xefc4c950, callback:0xf1b4091d cookie:0xf2200550
05-27 16:11:58.726 535 5027 I AudioFlinger: AudioFlinger's thread 0xe78f4760 tid=5027 ready to run
05-27 16:11:58.726 478 705 I audio_hw_hal_primary: [audiohal_get_latency:1333] io 1581: out:0xefc4c950 frames:1216 rate:32000 whole_latency:38 alsa_latency:38
05-27 16:11:58.726 478 705 I audio_hw_hal_primary: [audiohal_get_latency:1333] io 1581: out:0xefc4c950 frames:1216 rate:32000 whole_latency:38 alsa_latency:38
05-27 16:11:58.727 535 5027 D AudioFlinger: ro.audio.silent is ignored since no output device is set
05-27 16:11:58.729 478 705 D audio_hw_hal_primary: [out_standby_new:5767] io 1581: out:0xefc4c950 usecase:RAW_DIRECT
05-27 16:11:58.729 478 705 I audio_hw_hal_primary: already standby, do nothing
05-27 16:11:58.731 535 5027 D AudioFlinger: ro.audio.silent is ignored since no output device is set
05-27 16:11:58.744 535 3667 I AudioFlinger: openOutput() this 0xed5c2fe0, module 10 Device AUDIO_DEVICE_OUT_HDMI, @:, SamplingRate 44100, Format 0xe000000, Channels 0x1, flags 0x11
