05-27 16:11:53.679 535 4977 D AudioFlinger: ro.audio.silent is ignored since no output device is set
05-27 16:11:53.680 535 4977 D AudioFlinger: ro.audio.silent is ignored since no output device is set
05-27 16:11:53.680 535 4977 D AudioFlinger: ro.audio.silent is ignored since no output device is set
05-27 16:11:53.681 535 4977 D AudioFlinger: ro.audio.silent is ignored since no output device is set
05-27 16:11:53.681 290 351 E MesonDisplay: open /sys/class/amhdmitx/amhdmitx0/hdcp_pwr fail. Error info [No such file or directory]
05-27 16:11:53.681 290 351 E MesonDisplay: open /sys/class/amhdmitx/amhdmitx0/hdcp_ctrl fail. Error info [No such file or directory]
05-27 16:11:53.681 290 351 E MesonDisplay: open /sys/class/amhdmitx/amhdmitx0/hdcp_ctrl fail. Error info [No such file or directory]
05-27 16:11:53.681 535 4977 D AudioFlinger: ro.audio.silent is ignored since no output device is set
05-27 16:11:53.684 290 351 I MesonDisplay: [/HDCPTxAuth.cpp, stop, 137] hdcp_tx pthread exit id = 3890725312, (null) done
05-27 16:11:53.684 290 351 I MesonHwc: setDisplayMode mode:576p50hz
05-27 16:11:53.684 290 351 D MesonDisplayServer: SetDisplay[HDMI] Mode to "576p50hz"
05-27 16:11:53.684 290 351 D MesonHwc: blankDisplay connectorType:11
05-27 16:11:53.684 290 351 D MesonHwc: [setConnectorStatus]: power mode 2
05-27 16:11:53.684 290 351 D MesonHwc: displayId:0, blank all display planes
05-27 16:11:53.685 535 4977 D AudioFlinger: ro.audio.silent is ignored since no output device is set
05-27 16:11:53.686 535 3667 I AudioFlinger: openOutput() this 0xed5c2fe0, module 10 Device AUDIO_DEVICE_OUT_HDMI, @:, SamplingRate 32000, Format 0x000001, Channels 0x1, flags 0x41
05-27 16:11:53.687 478 542 D audio_hw_hal_primary: [adev_open_output_stream_new:7868] enter: dev=0xefd014a0 handle=5cd devices=0x400/'HDMI,' flags=0x41/'DIRECT,HW_AV_SYNC,' config=(rt=32000 ch_mask=0x1 fmt=0x1) address=''
05-27 16:11:53.687 478 542 D audio_hw_hal_primary: adev_open_output_stream_new: enter
05-27 16:11:53.687 478 542 I audio_hw_hal_primary: [adev_open_output_stream:3285] io 1485: out:0xefc48170 dev:OUT_HDMI(0x400) addr:
05-27 16:11:53.687 478 542 I audio_hw_hal_primary: [adev_open_output_stream:3287] ch_mask:0x1 rate:32000 format:PCM_16_BIT(0x1) flags:0x41
05-27 16:11:53.687 478 542 D audio_hw_hal_primary: [adev_open_output_stream:3573] format=PCM_16_BIT rate=32000
05-27 16:11:53.687 478 542 I audio_hw_hal_primary: init resampler from 32000 to 48000!
05-27 16:11:53.687 478 542 D audio_hw_utils_resampler: resampler_init, Init Resampler: input_sr = 32000, output_sr = 48000
05-27 16:11:53.687 478 542 I audio_hw_hal_primary: [adev_open_output_stream:3610] result profile ch_mask:0x1 rate:32000 format:PCM_16_BIT(0x1) usecase:PCM_HWSYNC
05-27 16:11:53.688 478 542 D audio_hw_hal_timer: func:audio_timer_create create timer.1 success.
05-27 16:11:53.688 478 542 D audio_hw_hal_timer: func:audio_timer_create create timer.2 success.
05-27 16:11:53.688 478 542 D audio_hw_hal_primary: [adev_open_output_stream_new:7980] timer_id:1
05-27 16:11:53.688 478 542 I audio_hw_hal_utils: aml_get_stream_dump_file_name line 2929 file_name /data/vendor/audiohal/stream_pid478_tid542.pcm
05-27 16:11:53.688 478 542 I audio_hw_hal_primary: [adev_open_output_stream_new:8037] io 1485: out: 0xefc48170 card:0 alsa devices:0 exit ------
05-27 16:11:53.692 478 542 I audio_hw_hal_primary: [out_get_buffer_size:552] out:0xefc48170 config.rate=32000, format:PCM_16_BIT(0x1), stream format:PCM_16_BIT(0x1)
05-27 16:11:53.692 290 352 E MesonHwc: waitVBlank failed crtc[63]ret[-1]
05-27 16:11:53.692 290 352 E MesonHwc: wait for hw vsync error:-1
05-27 16:11:53.692 264 408 W HWComposer: Ignoring duplicate VSYNC event from HWC for display 4620747849504298251 (t=323424796000)
05-27 16:11:53.692 535 3667 I AudioFlinger: HAL output buffer size 2068 frames, normal sink buffer size 2068 frames
05-27 16:11:53.693 478 705 I audio_hw_hal_primary: [audiohal_get_latency:1333] io 1485: out:0xefc48170 frames:1024 rate:32000 whole_latency:32 alsa_latency:32
05-27 16:11:53.693 478 1797 I audio_hw_hal_primary: [out_set_event_callback:3158] io 1485: out:0xefc48170, callback:0xf1b4091d cookie:0xf2202650
01-01 08:05:23.438 0 0 I : [1 T351 ..] [drm] build_hdmitx_attr_str:444,8bit = 2+8
01-01 08:05:23.439 0 0 I : [1 T351 ..] [drm] am_meson_crtc_atomic_disable-[0]:in
01-01 08:05:23.440 0 0 I : [1 T351 ..] dummy_encl_disable finished
01-01 08:05:23.440 0 0 I : [1 T351 ..] [drm] am_meson_crtc_atomic_enable-[0] in: new[576p50hz], old[dummy_l], vmode[4-4], uboot[0]
01-01 08:05:23.441 0 0 I : [1 T351 ..] [drm] am_meson_crtc_atomic_enable-[0]: enable mode 576p50hz final vmode 0
05-27 16:11:53.694 478 478 I audio_hw_hal_primary: [audiohal_get_latency:1333] io 1485: out:0xefc48170 frames:1280 rate:32000 whole_latency:40 alsa_latency:40
05-27 16:11:53.695 478 705 I audio_hw_hal_primary: [audiohal_get_latency:1333] io 1485: out:0xefc48170 frames:1152 rate:32000 whole_latency:36 alsa_latency:36
05-27 16:11:53.695 535 4980 I AudioFlinger: AudioFlinger's thread 0xe78d8370 tid=4980 ready to run
01-01 08:05:23.444 0 0 I [1 T351 ..] [hdmitx: ] set21_s7d_htxpll_clk_out[96] htxpll vco 4320000 div 16
05-27 16:11:53.696 535 4980 D AudioFlinger: ro.audio.silent is ignored since no output device is set
05-27 16:11:53.697 478 478 D audio_hw_hal_primary: [out_standby_new:5767] io 1485: out:0xefc48170 usecase:PCM_HWSYNC
05-27 16:11:53.697 478 478 I audio_hw_hal_primary: already standby, do nothing
05-27 16:11:53.699 535 4980 D AudioFlinger: ro.audio.silent is ignored since no output device is set
01-01 08:05:23.447 0 0 I [2 T351 ..] [hdmitx: ] pll_od0 = 11, pll_od2 = 1, pll_od1 = 0
01-01 08:05:23.447 0 0 I [2 T351 ..] [hdmitx: ] clocks_set_vid_clk_div_for_hdmi[402] div = 6
01-01 08:05:23.448 0 0 I [2 T351 ..] [hdmitx: ] configure venc
01-01 08:05:23.449 0 0 I [2 T351 ..] [hdmitx: ] config_tv_enc_calc[63] vic = 18
01-01 08:05:23.449 0 0 I [2 T351 ..] [hdmitx: ] hdmitx_soft_reset[1261]
01-01 08:05:23.450 0 0 I [2 T351 ..] [hdmitx: ] config hdmitx IP vic = 18 cd:4 cs: 2
01-01 08:05:23.452 0 0 I [2 T351 ..] [hdmitx: ] configure hdmitx21
01-01 08:05:23.452 0 0 I [2 T351 ..] [hdmitx: ] warn: SCDC not present, should not send 1:10
05-27 16:11:53.704 535 4980 D AudioFlinger: ro.audio.silent is ignored since no output device is set
05-27 16:11:53.706 535 4980 D AudioFlinger: ro.audio.silent is ignored since no output device is set
05-27 16:11:53.708 264 264 E Scheduler: trackPendingFrame: Invalid present fence
05-27 16:11:53.709 535 4980 D AudioFlinger: ro.audio.silent is ignored since no output device is set
05-27 16:11:53.711 535 4980 D AudioFlinger: ro.audio.silent is ignored since no output device is set
05-27 16:11:53.712 535 4980 D AudioFlinger: ro.audio.silent is ignored since no output device is set
01-01 08:05:23.460 0 0 I [2 T351 ..] [hdmitx: ] hdmitx_set_dispmode[1527] frl_rate 0 htotal 864 cs 2 cd 4 h_unstable 0
05-27 16:11:53.713 535 4980 D AudioFlinger: ro.audio.silent is ignored since no output device is set
05-27 16:11:53.715 535 4980 D AudioFlinger: ro.audio.silent is ignored since no output device is set
05-27 16:11:53.723 535 3667 I AudioFlinger: openOutput() this 0xed5c2fe0, module 10 Device AUDIO_DEVICE_OUT_HDMI, @:, SamplingRate 0, Format 00000000, Channels 0, flags 0x1
05-27 16:11:53.723 478 1797 D audio_hw_hal_primary: [adev_open_output_stream_new:7868] enter: dev=0xefd014a0 handle=5d5 devices=0x400/'HDMI,' flags=0x1/'DIRECT,' config=(rt=0 ch_mask=0x0 fmt=0x0) address=''
05-27 16:11:53.723 478 1797 D audio_hw_hal_primary: adev_open_output_stream_new: enter
05-27 16:11:53.723 478 1797 I audio_hw_hal_primary: [adev_open_output_stream:3285] io 1493: out:0xefc43260 dev:OUT_HDMI(0x400) addr:
05-27 16:11:53.723 478 1797 I audio_hw_hal_primary: [adev_open_output_stream:3287] ch_mask:0 rate:0 format:DEFAULT(0) flags:0x1
05-27 16:11:53.723 478 1797 I audio_hw_hal_primary: [adev_open_output_stream:3610] result profile ch_mask:0x3 rate:48000 format:PCM_16_BIT(0x1) usecase:PCM_DIRECT
05-27 16:11:53.723 478 1797 I audio_hw_hal_utils: aml_get_stream_dump_file_name line 2929 file_name /data/vendor/audiohal/stream_pid478_tid1797.pcm
05-27 16:11:53.723 478 1797 I audio_hw_hal_primary: [adev_open_output_stream_new:8037] io 1493: out: 0xefc43260 card:0 alsa devices:0 exit ------
05-27 16:11:53.724 535 4980 D AudioFlinger: ro.audio.silent is ignored since no output device is set
05-27 16:11:53.725 478 1797 I audio_hw_hal_primary: [out_get_buffer_size:552] out:0xefc43260 config.rate=48000, format:PCM_16_BIT(0x1), stream format:PCM_16_BIT(0x1)
05-27 16:11:53.726 535 3667 I AudioFlinger: HAL output buffer size 2048 frames, normal sink buffer size 2048 frames
05-27 16:11:53.726 478 1797 I audio_hw_hal_primary: [audiohal_get_latency:1333] io 1493: out:0xefc43260 frames:1280 rate:48000 whole_latency:26 alsa_latency:26
05-27 16:11:53.727 478 1797 I audio_hw_hal_primary: [out_set_event_callback:3158] io 1493: out:0xefc43260, callback:0xf1b4091d cookie:0xf2202830
05-27 16:11:53.728 264 264 E Scheduler: trackPendingFrame: Invalid present fence
05-27 16:11:53.729 478 1797 I audio_hw_hal_primary: [audiohal_get_latency:1333] io 1493: out:0xefc43260 frames:1152 rate:48000 whole_latency:24 alsa_latency:24
05-27 16:11:53.729 478 1797 I audio_hw_hal_primary: [audiohal_get_latency:1333] io 1493: out:0xefc43260 frames:1024 rate:48000 whole_latency:21 alsa_latency:21
05-27 16:11:53.730 478 1797 I audio_hw_hal_profile: [out_get_parameters:2085] out:0xefc43260 query audio format. ++++++++++ hal_format:PCM_16_BIT
05-27 16:11:53.730 478 1797 D audio_hw_hal_profile: get_hdmi_sink_cap_new is running...
05-27 16:11:53.730 478 1797 D audio_hw_hal_profile: query hdmi format...
05-27 16:11:53.730 478 1797 D audio_hw_hal_profile: get_hdmi_sink_cap_new ddp is supported; ddp-joc(atmos) is supported;
05-27 16:11:53.730 478 1797 I audio_hw_hal_profile: get_hdmi_sink_cap_new dts-hd vendor special byte3:0x1
05-27 16:11:53.730 478 1797 I audio_hw_hal_profile: PCM cap Max channel =2
05-27 16:11:53.730 478 1797 I audio_hw_hal_profile: [out_get_parameters:2165] sup_formats=AUDIO_FORMAT_PCM_16_BIT|AUDIO_FORMAT_IEC61937|AUDIO_FORMAT_E_AC3|AUDIO_FORMAT_E_AC3_JOC|AUDIO_FORMAT_AC3|AUDIO_FORMAT_DTS
05-27 16:11:53.731 535 3667 D APM_AudioPolicyManager: modifySurroundFormats: forced use = 0
05-27 16:11:53.731 478 1797 I audio_hw_hal_profile: [out_get_parameters:2089] out:0xefc43260 query sample rate. Format:PCM_16_BIT(0x1) ++++++++++ hal_format:PCM_16_BIT
05-27 16:11:53.731 478 1797 D audio_hw_hal_profile: get_hdmi_sink_cap_new is running...
05-27 16:11:53.731 478 1797 D audio_hw_hal_profile: [get_hdmi_sink_cap_new:960] query hdmi sample_rate... format: PCM_16_BIT(0x1)
05-27 16:11:53.731 478 1797 I audio_hw_hal_profile: get_hdmi_sink_cap_new format =0x1 support rate =sup_sampling_rates=32000|44100|48000|88200|96000|176400|192000
05-27 16:11:53.731 478 1797 I audio_hw_hal_profile: [out_get_parameters:2165] sup_sampling_rates=32000|44100|48000|88200|96000|176400|192000
05-27 16:11:53.734 478 1797 I audio_hw_hal_profile: [out_get_parameters:2092] out:0xefc43260 query channels. Format:PCM_16_BIT(0x1) ++++++++++ hal_format:PCM_16_BIT
05-27 16:11:53.734 478 1797 D audio_hw_hal_profile: get_hdmi_sink_cap_new is running...
05-27 16:11:53.734 478 1797 D audio_hw_hal_profile: [get_hdmi_sink_cap_new:887] query hdmi channels... format: PCM_16_BIT(0x1)
05-27 16:11:53.734 478 1797 I audio_hw_hal_profile: [out_get_parameters:2165] sup_channels=AUDIO_CHANNEL_OUT_STEREO
05-27 16:11:53.735 478 1797 I audio_hw_hal_profile: [out_get_parameters:2089] out:0xefc43260 query sample rate. Format:DTS(0xb000000) ++++++++++ hal_format:PCM_16_BIT
05-27 16:11:53.735 478 1797 D audio_hw_hal_profile: get_hdmi_sink_cap_new is running...
05-27 16:11:53.735 478 1797 D audio_hw_hal_profile: [get_hdmi_sink_cap_new:960] query hdmi sample_rate... format: DTS(0xb000000)
05-27 16:11:53.735 478 1797 I audio_hw_hal_profile: get_hdmi_sink_cap_new format =0xb000000 support rate =sup_sampling_rates=32000|44100|48000
05-27 16:11:53.735 478 1797 I audio_hw_hal_profile: [out_get_parameters:2165] sup_sampling_rates=32000|44100|48000
05-27 16:11:53.735 478 1797 I audio_hw_hal_profile: [out_get_parameters:2092] out:0xefc43260 query channels. Format:DTS(0xb000000) ++++++++++ hal_format:PCM_16_BIT
05-27 16:11:53.735 478 1797 D audio_hw_hal_profile: get_hdmi_sink_cap_new is running...
05-27 16:11:53.736 478 1797 D audio_hw_hal_profile: [get_hdmi_sink_cap_new:887] query hdmi channels... format: DTS(0xb000000)
05-27 16:11:53.736 478 1797 I audio_hw_hal_profile: [out_get_parameters:2165] sup_channels=AUDIO_CHANNEL_OUT_MONO|AUDIO_CHANNEL_OUT_STEREO|AUDIO_CHANNEL_OUT_TRI|AUDIO_CHANNEL_OUT_TRI_BACK|AUDIO_CHANNEL_OUT_3POINT1|AUDIO_CHANNEL_OUT_QUAD|AUDIO_CHANNEL_OUT_SURROUND|AUDIO_CHANNEL_OUT_PENTA|AUDIO_CHANNEL_OUT_5POINT1
05-27 16:11:53.736 478 705 I audio_hw_hal_profile: [out_get_parameters:2089] out:0xefc43260 query sample rate. Format:AC3(0x9000000) ++++++++++ hal_format:PCM_16_BIT
05-27 16:11:53.736 478 705 D audio_hw_hal_profile: get_hdmi_sink_cap_new is running...
05-27 16:11:53.736 478 705 D audio_hw_hal_profile: [get_hdmi_sink_cap_new:960] query hdmi sample_rate... format: AC3(0x9000000)
05-27 16:11:53.736 478 705 I audio_hw_hal_profile: get_hdmi_sink_cap_new format =0x9000000 support rate =sup_sampling_rates=32000|44100|48000
05-27 16:11:53.737 478 705 I audio_hw_hal_profile: [out_get_parameters:2165] sup_sampling_rates=32000|44100|48000
05-27 16:11:53.737 478 1797 I audio_hw_hal_profile: [out_get_parameters:2092] out:0xefc43260 query channels. Format:AC3(0x9000000) ++++++++++ hal_format:PCM_16_BIT
05-27 16:11:53.737 478 1797 D audio_hw_hal_profile: get_hdmi_sink_cap_new is running...
05-27 16:11:53.737 478 1797 D audio_hw_hal_profile: [get_hdmi_sink_cap_new:887] query hdmi channels... format: AC3(0x9000000)
05-27 16:11:53.737 478 1797 I audio_hw_hal_profile: [out_get_parameters:2165] sup_channels=AUDIO_CHANNEL_OUT_MONO|AUDIO_CHANNEL_OUT_STEREO|AUDIO_CHANNEL_OUT_TRI|AUDIO_CHANNEL_OUT_TRI_BACK|AUDIO_CHANNEL_OUT_3POINT1|AUDIO_CHANNEL_OUT_QUAD|AUDIO_CHANNEL_OUT_SURROUND|AUDIO_CHANNEL_OUT_PENTA|AUDIO_CHANNEL_OUT_5POINT1
05-27 16:11:53.738 478 1797 I audio_hw_hal_profile: [out_get_parameters:2089] out:0xefc43260 query sample rate. Format:E_AC3(0xa000000) ++++++++++ hal_format:PCM_16_BIT
05-27 16:11:53.738 478 1797 D audio_hw_hal_profile: get_hdmi_sink_cap_new is running...
05-27 16:11:53.739 478 1797 D audio_hw_hal_profile: [get_hdmi_sink_cap_new:960] query hdmi sample_rate... format: E_AC3(0xa000000)
05-27 16:11:53.739 478 1797 I audio_hw_hal_profile: get_hdmi_sink_cap_new format =0xa000000 support rate =sup_sampling_rates=32000|44100|48000
05-27 16:11:53.739 478 1797 I audio_hw_hal_profile: [out_get_parameters:2165] sup_sampling_rates=32000|44100|48000
05-27 16:11:53.739 478 705 I audio_hw_hal_profile: [out_get_parameters:2092] out:0xefc43260 query channels. Format:E_AC3(0xa000000) ++++++++++ hal_format:PCM_16_BIT
05-27 16:11:53.739 478 705 D audio_hw_hal_profile: get_hdmi_sink_cap_new is running...
05-27 16:11:53.739 478 705 D audio_hw_hal_profile: [get_hdmi_sink_cap_new:887] query hdmi channels... format: E_AC3(0xa000000)
05-27 16:11:53.740 478 705 I audio_hw_hal_profile: [out_get_parameters:2165] sup_channels=AUDIO_CHANNEL_OUT_MONO|AUDIO_CHANNEL_OUT_STEREO|AUDIO_CHANNEL_OUT_TRI|AUDIO_CHANNEL_OUT_TRI_BACK|AUDIO_CHANNEL_OUT_3POINT1|AUDIO_CHANNEL_OUT_QUAD|AUDIO_CHANNEL_OUT_SURROUND|AUDIO_CHANNEL_OUT_PENTA|AUDIO_CHANNEL_OUT_5POINT1|AUDIO_CHANNEL_OUT_6POINT1|AUDIO_CHANNEL_OUT_7POINT1
05-27 16:11:53.740 478 705 I audio_hw_hal_profile: [out_get_parameters:2089] out:0xefc43260 query sample rate. Format:IEC61937(0xd000000) ++++++++++ hal_format:PCM_16_BIT
05-27 16:11:53.740 478 705 D audio_hw_hal_profile: get_hdmi_sink_cap_new is running...
05-27 16:11:53.740 478 705 D audio_hw_hal_profile: [get_hdmi_sink_cap_new:960] query hdmi sample_rate... format: IEC61937(0xd000000)
05-27 16:11:53.741 478 705 I audio_hw_hal_profile: [out_get_parameters:2165] sup_sampling_rates=8000|11025|16000|22050|24000|32000|44100|48000|128000|176400|192000
05-27 16:11:53.741 478 705 I audio_hw_hal_profile: [out_get_parameters:2092] out:0xefc43260 query channels. Format:IEC61937(0xd000000) ++++++++++ hal_format:PCM_16_BIT
05-27 16:11:53.741 478 705 D audio_hw_hal_profile: get_hdmi_sink_cap_new is running...
05-27 16:11:53.742 478 705 D audio_hw_hal_profile: [get_hdmi_sink_cap_new:887] query hdmi channels... format: IEC61937(0xd000000)
05-27 16:11:53.742 478 705 I audio_hw_hal_profile: [out_get_parameters:2165] sup_channels=AUDIO_CHANNEL_OUT_MONO|AUDIO_CHANNEL_OUT_STEREO|AUDIO_CHANNEL_OUT_TRI|AUDIO_CHANNEL_OUT_TRI_BACK|AUDIO_CHANNEL_OUT_3POINT1|AUDIO_CHANNEL_OUT_QUAD|AUDIO_CHANNEL_OUT_SURROUND|AUDIO_CHANNEL_OUT_PENTA|AUDIO_CHANNEL_OUT_5POINT1|AUDIO_CHANNEL_OUT_7POINT1
05-27 16:11:53.742 535 4981 I AudioFlinger: AudioFlinger's thread 0xe78e4520 tid=4981 ready to run
05-27 16:11:53.742 535 4981 D AudioFlinger: ro.audio.silent is ignored since no output device is set
05-27 16:11:53.743 478 705 I audio_hw_hal_profile: [out_get_parameters:2089] out:0xefc43260 query sample rate. Format:E_AC3_JOC(0xa000001) ++++++++++ hal_format:PCM_16_BIT
05-27 16:11:53.743 478 705 D audio_hw_hal_profile: get_hdmi_sink_cap_new is running...
05-27 16:11:53.743 478 705 D audio_hw_hal_profile: [get_hdmi_sink_cap_new:960] query hdmi sample_rate... format: E_AC3(0xa000000)
05-27 16:11:53.743 478 705 I audio_hw_hal_profile: get_hdmi_sink_cap_new format =0xa000000 support rate =sup_sampling_rates=32000|44100|48000
05-27 16:11:53.743 478 705 I audio_hw_hal_profile: [out_get_parameters:2165] sup_sampling_rates=32000|44100|48000
05-27 16:11:53.744 478 705 D audio_hw_hal_primary: [out_standby_new:5767] io 1493: out:0xefc43260 usecase:PCM_DIRECT
05-27 16:11:53.744 478 705 I audio_hw_hal_primary: already standby, do nothing
05-27 16:11:53.744 478 705 I audio_hw_hal_profile: [out_get_parameters:2092] out:0xefc43260 query channels. Format:E_AC3_JOC(0xa000001) ++++++++++ hal_format:PCM_16_BIT
05-27 16:11:53.744 478 705 D audio_hw_hal_profile: get_hdmi_sink_cap_new is running...
05-27 16:11:53.744 478 705 D audio_hw_hal_profile: [get_hdmi_sink_cap_new:887] query hdmi channels... format: E_AC3(0xa000000)
05-27 16:11:53.744 478 705 I audio_hw_hal_profile: [out_get_parameters:2165] sup_channels=AUDIO_CHANNEL_OUT_MONO|AUDIO_CHANNEL_OUT_STEREO|AUDIO_CHANNEL_OUT_TRI|AUDIO_CHANNEL_OUT_TRI_BACK|AUDIO_CHANNEL_OUT_3POINT1|AUDIO_CHANNEL_OUT_QUAD|AUDIO_CHANNEL_OUT_SURROUND|AUDIO_CHANNEL_OUT_PENTA|AUDIO_CHANNEL_OUT_5POINT1|AUDIO_CHANNEL_OUT_6POINT1|AUDIO_CHANNEL_OUT_7POINT1
05-27 16:11:53.746 478 705 D audio_hw_hal_primary: [out_dump:848] io 1493: out:0xefc43260, fd:26
05-27 16:11:53.747 478 705 D audio_hw_hal_primary: [out_set_parameters:971] out:0xefc43260 kvpairs:closing=true;exiting=1 out->out_device:0x400, adev->out_device:0x80002
05-27 16:11:53.747 478 705 E audio_hw_hal_primary: out_set_parameters, ret:-2, hw_sync_mode:is false
05-27 16:11:53.747 535 4981 D AudioFlinger: ro.audio.silent is ignored since no output device is set
05-27 16:11:53.748 478 705 I audio_hw_hal_primary: [out_set_event_callback:3158] io 1493: out:0xefc43260, callback:0xf1b4091d cookie:0xf2202830
05-27 16:11:53.748 478 705 I audio_hw_hal_primary: [adev_close_output_stream_new:8052] io handle 1493: out:0xefc43260
05-27 16:11:53.748 478 705 D audio_hw_hal_primary: adev_close_output_stream_new: enter usecase = PCM_DIRECT
05-27 16:11:53.748 478 705 I audio_hw_hal_primary: [adev_close_output_stream:3695] io 1493: out:0xefc43260 dev:OUT_HDMI(0x400) flags:0x1, usecase:PCM_DIRECT
05-27 16:11:53.748 478 705 D audio_hw_hal_primary: [out_standby_new:5767] io 1493: out:0xefc43260 usecase:PCM_DIRECT
05-27 16:11:53.748 478 705 I audio_hw_hal_primary: already standby, do nothing
05-27 16:11:53.748 478 705 I audio_hw_hal_resourcemgr: [is_output_device_muted:710] device:0x2 port_mute:0, fade_mute:0
05-27 16:11:53.748 478 705 I audio_hw_hal_primary: [adev_close_output_stream:3863] io 1493: out:0xefc43260 exit ------
05-27 16:11:53.749 535 3667 I AudioFlinger: openOutput() this 0xed5c2fe0, module 10 Device AUDIO_DEVICE_OUT_HDMI, @:, SamplingRate 32000, Format 0xb000000, Channels 0x1, flags 0x1
05-27 16:11:53.749 478 1797 D audio_hw_hal_primary: [adev_open_output_stream_new:7868] enter: dev=0xefd014a0 handle=5dd devices=0x400/'HDMI,' flags=0x1/'DIRECT,' config=(rt=32000 ch_mask=0x1 fmt=0xb000000) address=''
05-27 16:11:53.749 478 1797 D audio_hw_hal_primary: adev_open_output_stream_new: enter
05-27 16:11:53.749 478 1797 I audio_hw_hal_primary: [adev_open_output_stream:3285] io 1501: out:0xefc4c950 dev:OUT_HDMI(0x400) addr:
05-27 16:11:53.749 478 1797 I audio_hw_hal_primary: [adev_open_output_stream:3287] ch_mask:0x1 rate:32000 format:DTS(0xb000000) flags:0x1
05-27 16:11:53.749 478 1797 I audio_hw_hal_primary: adev_open_output_stream: for raw audio output,force alsa stereo output
05-27 16:11:53.749 478 1797 I audio_hw_hal_primary: [adev_open_output_stream:3610] result profile ch_mask:0x1 rate:32000 format:DTS(0xb000000) usecase:RAW_DIRECT
05-27 16:11:53.749 478 1797 I audio_hw_hal_utils: aml_get_stream_dump_file_name line 2929 file_name /data/vendor/audiohal/stream_pid478_tid1797.dts
05-27 16:11:53.749 478 1797 I audio_hw_hal_primary: [adev_open_output_stream_new:8037] io 1501: out: 0xefc4c950 card:0 alsa devices:0 exit ------
05-27 16:11:53.751 264 264 E Scheduler: trackPendingFrame: Invalid present fence
05-27 16:11:53.752 478 1797 I audio_hw_hal_primary: [out_get_buffer_size:552] out:0xefc4c950 config.rate=32000, format:DTS(0xb000000), stream format:DTS(0xb000000)
05-27 16:11:53.752 478 1797 I audio_hw_hal_primary: out_get_buffer_size AUDIO_FORMAT_DTS buffer size = 32768 frames
05-27 16:11:53.753 535 3667 I AudioFlinger: HAL output buffer size 32768 frames, normal sink buffer size 32768 frames
05-27 16:11:53.753 478 1797 I audio_hw_hal_primary: [audiohal_get_latency:1333] io 1501: out:0xefc4c950 frames:1280 rate:32000 whole_latency:40 alsa_latency:40
05-27 16:11:53.753 478 1797 I audio_hw_hal_primary: [out_set_event_callback:3158] io 1501: out:0xefc4c950, callback:0xf1b4091d cookie:0xf22011b0
05-27 16:11:53.754 478 542 I audio_hw_hal_primary: [audiohal_get_latency:1333] io 1501: out:0xefc4c950 frames:1152 rate:32000 whole_latency:36 alsa_latency:36
05-27 16:11:53.755 478 542 I audio_hw_hal_primary: [audiohal_get_latency:1333] io 1501: out:0xefc4c950 frames:1152 rate:32000 whole_latency:36 alsa_latency:36
05-27 16:11:53.755 535 4983 I AudioFlinger: AudioFlinger's thread 0xe78e4520 tid=4983 ready to run
05-27 16:11:53.756 535 4983 D AudioFlinger: ro.audio.silent is ignored since no output device is set
05-27 16:11:53.756 478 1797 D audio_hw_hal_primary: [out_standby_new:5767] io 1501: out:0xefc4c950 usecase:RAW_DIRECT
05-27 16:11:53.756 478 1797 I audio_hw_hal_primary: already standby, do nothing
05-27 16:11:53.767 264 264 E Scheduler: trackPendingFrame: Invalid present fence
01-01 08:05:23.516 0 0 I [2 T351 ..] [hdmitx: ] set21_phy_by_mode_s7d[188] rterm = 7
01-01 08:05:23.521 0 0 I [3 T351 ..] [hdmitx: ] Sink is HDMI device
01-01 08:05:23.521 0 0 I [3 T351 ..] [hdmitx: ] clear vsif for non-4k mode.
01-01 08:05:23.521 0 0 I [3 T351 ..] [hdmitx: ] set audio
01-01 08:05:23.522 0 0 I [3 T351 ..] [hdmitx: ] audio_param->chs = 7
05-27 16:11:53.768 535 4983 D AudioFlinger: ro.audio.silent is ignored since no output device is set
05-27 16:11:53.772 535 3667 I AudioFlinger: openOutput() this 0xed5c2fe0, module 10 Device AUDIO_DEVICE_OUT_HDMI, @:, SamplingRate 44100, Format 0xe000000, Channels 0x1, flags 0x11
05-27 16:11:53.773 478 1797 D audio_hw_hal_primary: [adev_open_output_stream_new:7868] enter: dev=0xefd014a0 handle=5e5 devices=0x400/'HDMI,' flags=0x11/'DIRECT,COMPRESS_OFFLOAD,' config=(rt=44100 ch_mask=0x1 fmt=0xe000000) address=''
05-27 16:11:53.773 478 1797 D audio_hw_hal_primary: adev_open_output_stream_new: enter
05-27 16:11:53.773 478 1797 I audio_hw_hal_primary: [adev_open_output_stream:3285] io 1509: out:0xefc40e70 dev:OUT_HDMI(0x400) addr:
05-27 16:11:53.773 478 1797 I audio_hw_hal_primary: [adev_open_output_stream:3287] ch_mask:0x1 rate:44100 format:DOLBY_TRUEHD(0xe000000) flags:0x11
05-27 16:11:53.773 478 1797 I audio_hw_hal_primary: adev_open_output_stream: for raw audio output,force alsa stereo output
05-27 16:11:53.773 478 1797 I audio_hw_hal_primary: [adev_open_output_stream:3610] result profile ch_mask:0x1 rate:44100 format:DOLBY_TRUEHD(0xe000000) usecase:RAW_DIRECT
05-27 16:11:53.773 478 1797 I audio_hw_hal_utils: aml_get_stream_dump_file_name line 2929 file_name /data/vendor/audiohal/stream_pid478_tid1797.mlp
05-27 16:11:53.773 478 1797 I audio_hw_hal_primary: [adev_open_output_stream_new:8037] io 1509: out: 0xefc40e70 card:0 alsa devices:0 exit ------
05-27 16:11:53.774 478 1797 I audio_hw_hal_primary: [out_get_buffer_size:552] out:0xefc40e70 config.rate=44100, format:DOLBY_TRUEHD(0xe000000), stream format:DOLBY_TRUEHD(0xe000000)
05-27 16:11:53.775 535 3667 I AudioFlinger: HAL output buffer size 16384 frames, normal sink buffer size 16384 frames
05-27 16:11:53.775 478 1797 I audio_hw_hal_primary: [audiohal_get_latency:1333] io 1509: out:0xefc40e70 frames:1152 rate:44100 whole_latency:26 alsa_latency:26
05-27 16:11:53.775 478 1797 I audio_hw_hal_primary: [out_set_event_callback:3158] io 1509: out:0xefc40e70, callback:0xf1b4091d cookie:0xf2202770
05-27 16:11:53.775 478 1797 I audio_hw_hal_primary: [audiohal_get_latency:1333] io 1509: out:0xefc40e70 frames:1152 rate:44100 whole_latency:26 alsa_latency:26
05-27 16:11:53.775 535 4985 I AudioFlinger: AudioFlinger's thread 0xe78d42e0 tid=4985 ready to run
05-27 16:11:53.776 478 1797 I audio_hw_hal_primary: [audiohal_get_latency:1333] io 1509: out:0xefc40e70 frames:1152 rate:44100 whole_latency:26 alsa_latency:26
01-01 08:05:23.523 0 0 I [3 T351 ..] [hdmitx: ] aud_src_if = 1
01-01 08:05:23.524 0 0 I [3 T351 ..] [hdmitx: ] aud_n_para = 24576
01-01 08:05:23.524 0 0 I [3 T351 ..] [hdmitx: ] vinfo: set cur_enc_ppc as 1, vpp color: 0
01-01 08:05:23.527 0 0 I [3 T351 ..] DOLBY: vout_notify_callback: VOUT_EVENT_MODE_CHANGE
01-01 08:05:23.528 0 0 I : [3 T351 ..] vsync_pts_inc 1800 1/50
05-27 16:11:53.777 535 4985 D AudioFlinger: ro.audio.silent is ignored since no output device is set
05-27 16:11:53.779 478 676 I audio_hw_hal_primary: [adev_uevent_callback:9131] uevent type=0
05-27 16:11:53.779 535 4985 D AudioFlinger: ro.audio.silent is ignored since no output device is set
05-27 16:11:53.780 320 328 I SystemControl: [/UEventObserver.cpp, HDMITxUenventThreadLoop, 451] HDMI TX switch_name:hdmitx_vmode_audio, switch_state: 1
05-27 16:11:53.780 320 328 I SystemControl: [/UEventObserver.cpp, HDMITxUenventThreadLoop, 451] HDMI TX switch_name:hdmitx_current_status, switch_state: 135
05-27 16:11:53.783 264 264 E Scheduler: trackPendingFrame: Invalid present fence
05-27 16:11:53.783 478 673 I audio_hw_hal_alsamgr: raw to lpcm switch aml_alsa_output_write
01-01 08:05:23.531 0 0 D [3 T673 ..] [snd-soc]: spdif_a is set to disable
01-01 08:05:23.531 0 0 I [3 T673 ..] [snd-soc]: aml_audio_reset, reg 0xa, shift 9, use_vadtop 0
01-01 08:05:23.531 0 0 I [3 T673 ..] [snd-soc]: aml_audio_reset, reg 0xa, shift 14, use_vadtop 0
01-01 08:05:23.532 0 0 I [3 T673 ..] [snd-soc]: sharebuffer_spdifout_prepare get_hdmitx_audio_src(rtd->card):3 spdif_id:0
01-01 08:05:23.533 0 0 D [3 T673 ..] [snd-soc]: spdif_a fifo ctrl, frddr:0 type:1, 16 bits, chmask 0x3, swap 0x10
01-01 08:05:23.534 0 0 I : [0 T351 ..] [drm] meson_vout_update_mode_name: hdmitx update vout 1 name 576p50hz.
01-01 08:05:23.537 0 0 I [3 T673 ..] [snd-soc]: aml_audio_reset, reg 0xa, shift 10, use_vadtop 0
01-01 08:05:23.537 0 0 I [3 T673 ..] [snd-soc]: aml_audio_reset, reg 0xa, shift 13, use_vadtop 0
01-01 08:05:23.538 0 0 I [3 T673 ..] [hdmitx: ] hdmitx_audio_notify_callback[804] type:12 rate:7 size:1 chs:8 i2s_ch_mask:15 aud_src_if:1
01-01 08:05:23.539 0 0 I [3 T673 ..] [hdmitx: ] aout notify format CT_MAT
01-01 08:05:23.540 0 0 I [3 T673 ..] [hdmitx: ] set audio
01-01 08:05:23.540 0 0 I [3 T673 ..] [hdmitx: ] audio_param->chs = 7
01-01 08:05:23.541 0 0 I [3 T673 ..] [hdmitx: ] aud_src_if = 1
01-01 08:05:23.542 0 0 I [3 T673 ..] [hdmitx: ] aud_n_para = 24576
01-01 08:05:23.542 0 0 I [3 T673 ..] [hdmitx: ] set audio param
01-01 08:05:23.544 0 0 D [3 T673 ..] [snd-soc]: spdif_a is set to enable
05-27 16:11:53.788 478 673 I audio_hw_hal_ms12v2: dolby_ms12_threadloop alsa is not running
05-27 16:11:53.789 478 673 I audio_hw_hal_alsamgr: aml_alsa_output_write_new reset hdmitx alsa
05-27 16:11:53.793 290 351 D MesonHwc: setmode:crtc[63], name [576p50hz] -modeblob[129] [720x576-50.00] seamless:0 enableVrr:0
05-27 16:11:53.793 290 351 V MesonDisplayServer: GetDisplayMode:576p50hz
05-27 16:11:53.793 290 351 I MesonHwc: getDisplayMode mode:576p50hz
05-27 16:11:53.795 290 351 I MesonHwc: getContentTypeSupport: game is true
05-27 16:11:53.795 535 3667 I AudioFlinger: openOutput() this 0xed5c2fe0, module 10 Device AUDIO_DEVICE_OUT_HDMI, @:, SamplingRate 32000, Format 0x9000000, Channels 0x1, flags 0x1
05-27 16:11:53.795 478 1797 D audio_hw_hal_primary: [adev_open_output_stream_new:7868] enter: dev=0xefd014a0 handle=5ed devices=0x400/'HDMI,' flags=0x1/'DIRECT,' config=(rt=32000 ch_mask=0x1 fmt=0x9000000) address=''
05-27 16:11:53.795 478 1797 D audio_hw_hal_primary: adev_open_output_stream_new: enter
05-27 16:11:53.795 478 1797 I audio_hw_hal_primary: [adev_open_output_stream:3285] io 1517: out:0xefc4b3c0 dev:OUT_HDMI(0x400) addr:
05-27 16:11:53.795 478 1797 I audio_hw_hal_primary: [adev_open_output_stream:3287] ch_mask:0x1 rate:32000 format:AC3(0x9000000) flags:0x1
05-27 16:11:53.795 478 1797 I audio_hw_hal_primary: adev_open_output_stream: for raw audio output,force alsa stereo output
05-27 16:11:53.795 478 1797 I audio_hw_hal_primary: [adev_open_output_stream:3610] result profile ch_mask:0x1 rate:32000 format:AC3(0x9000000) usecase:RAW_DIRECT
05-27 16:11:53.795 478 1797 I audio_hw_hal_utils: aml_get_stream_dump_file_name line 2929 file_name /data/vendor/audiohal/stream_pid478_tid1797.dd
05-27 16:11:53.795 478 1797 I audio_hw_hal_primary: [adev_open_output_stream_new:8037] io 1517: out: 0xefc4b3c0 card:0 alsa devices:0 exit ------
05-27 16:11:53.796 478 673 I audio_hw_hal_ms12v2: dolby_ms12_threadloop alsa is not running
05-27 16:11:53.796 290 351 I MesonHwc: set display-size:720x576
05-27 16:11:53.796 320 371 I SystemControl: [/Ubootenv.cpp, get, 336] [ubootenv] get key:576p_x envValue: 0
05-27 16:11:53.796 478 673 I audio_hw_hal_ms12v2: dolby_ms12_threadloop alsa is not running
05-27 16:11:53.796 478 673 I audio_hw_hal_ms12v2: dolby_ms12_threadloop alsa is not running
05-27 16:11:53.797 478 673 I audio_hw_hal_alsamgr: aml_alsa_output_write alsa_running_status[0xefc447f0] change from 0 to 1
05-27 16:11:53.797 478 542 I audio_hw_hal_primary: [out_get_buffer_size:552] out:0xefc4b3c0 config.rate=32000, format:AC3(0x9000000), stream format:AC3(0x9000000)
05-27 16:11:53.798 320 371 I SystemControl: [/Ubootenv.cpp, get, 336] [ubootenv] get key:576p_y envValue: 0
05-27 16:11:53.798 320 328 I SystemControl: [/UEventObserver.cpp, HDMITxUenventThreadLoop, 451] HDMI TX switch_name:hdmitx_current_status, switch_state: 136
05-27 16:11:53.799 320 371 I SystemControl: [/Ubootenv.cpp, get, 336] [ubootenv] get key:576p_w envValue: 720
05-27 16:11:53.799 535 3667 I AudioFlinger: HAL output buffer size 2048 frames, normal sink buffer size 2048 frames
05-27 16:11:53.799 264 264 E Scheduler: trackPendingFrame: Invalid present fence
05-27 16:11:53.799 478 542 I audio_hw_hal_primary: [audiohal_get_latency:1333] io 1517: out:0xefc4b3c0 frames:1152 rate:32000 whole_latency:36 alsa_latency:36
05-27 16:11:53.799 320 371 I SystemControl: [/Ubootenv.cpp, get, 336] [ubootenv] get key:576p_h envValue: 576
05-27 16:11:53.799 290 351 I MesonHwc: getPosition curMode:576p50hz position[0]:0 position[1]:0 position[2]:720 position[3]:576
05-27 16:11:53.799 290 351 I MesonHwc: setPosition curMode:576p50hz left:0 top:0 width:720 height:576
05-27 16:11:53.799 290 351 D MesonHwc: set key:ubootenv.var.576p_x value:0
05-27 16:11:53.799 320 371 I SystemControl: [/Ubootenv.cpp, updateValue, 68] [ubootenv] update value name [ubootenv.var.576p_x]: value [0]
05-27 16:11:53.799 320 371 I SystemControl: [/Ubootenv.cpp, get, 336] [ubootenv] get key:576p_x envValue: 0
05-27 16:11:53.799 290 351 D MesonHwc: set key:ubootenv.var.576p_y value:0
05-27 16:11:53.799 320 371 I SystemControl: [/Ubootenv.cpp, updateValue, 68] [ubootenv] update value name [ubootenv.var.576p_y]: value [0]
05-27 16:11:53.799 320 371 I SystemControl: [/Ubootenv.cpp, get, 336] [ubootenv] get key:576p_y envValue: 0
05-27 16:11:53.800 478 542 I audio_hw_hal_primary: [out_set_event_callback:3158] io 1517: out:0xefc4b3c0, callback:0xf1b4091d cookie:0xf2201a50
05-27 16:11:53.800 478 542 I audio_hw_hal_primary: [audiohal_get_latency:1333] io 1517: out:0xefc4b3c0 frames:1152 rate:32000 whole_latency:36 alsa_latency:36
05-27 16:11:53.800 478 542 I audio_hw_hal_primary: [audiohal_get_latency:1333] io 1517: out:0xefc4b3c0 frames:1152 rate:32000 whole_latency:36 alsa_latency:36
05-27 16:11:53.801 290 351 D MesonHwc: set key:ubootenv.var.576p_w value:720
05-27 16:11:53.801 320 371 I SystemControl: [/Ubootenv.cpp, updateValue, 68] [ubootenv] update value name [ubootenv.var.576p_w]: value [720]
05-27 16:11:53.801 320 371 I SystemControl: [/Ubootenv.cpp, get, 336] [ubootenv] get key:576p_w envValue: 720
05-27 16:11:53.801 290 351 D MesonHwc: set key:ubootenv.var.576p_h value:576
05-27 16:11:53.801 535 4986 I AudioFlinger: AudioFlinger's thread 0xe78e0490 tid=4986 ready to run
05-27 16:11:53.802 535 4986 D AudioFlinger: ro.audio.silent is ignored since no output device is set
05-27 16:11:53.803 478 542 D audio_hw_hal_primary: [out_standby_new:5767] io 1517: out:0xefc4b3c0 usecase:RAW_DIRECT
05-27 16:11:53.803 478 542 I audio_hw_hal_primary: already standby, do nothing
05-27 16:11:53.805 535 4986 D AudioFlinger: ro.audio.silent is ignored since no output device is set
05-27 16:11:53.806 320 371 I SystemControl: [/Ubootenv.cpp, updateValue, 68] [ubootenv] update value name [ubootenv.var.576p_h]: value [576]
05-27 16:11:53.806 320 371 I SystemControl: [/Ubootenv.cpp, get, 336] [ubootenv] get key:576p_h envValue: 576
05-27 16:11:53.806 290 351 V MesonDisplayServer: SetDisplay[HDMI] DisplayRect to "(0,0,720,576)"
05-27 16:11:53.806 290 351 D MesonHwc: Display (0) ask for refresh.
05-27 16:11:53.806 290 351 V MesonDisplayServer: SetDisplayViewPort done
05-27 16:11:53.815 264 264 E Scheduler: trackPendingFrame: Invalid present fence
05-27 16:11:53.818 478 542 D xm_audio: adev_get_parameters
05-27 16:11:53.826 478 542 D audio_hw_hal_primary: [out_dump:848] io 1445: out:0xefc415a0, fd:26
05-27 16:11:53.827 290 351 E MesonHwc: open file [/sys/class/amhdmitx/amhdmitx0/aud_mute] error:Permission denied
05-27 16:11:53.827 290 351 E MesonHwc: open file [/sys/class/amhdmitx/amhdmitx0/aud_mute] error:Permission denied
05-27 16:11:53.827 290 351 E MesonHwc: dolby vision driver is not ready
05-27 16:11:53.827 290 351 I MesonHwc: setSysfsStr /sys/devices/virtual/amhdmitx/amhdmitx0/avmute= -1
05-27 16:11:53.828 290 4988 I MesonDisplay: [/HDCPTxAuth.cpp, authThread, 173] hdcp_tx thread loop entry
05-27 16:11:53.828 290 351 I MesonDisplay: [/HDCPTxAuth.cpp, start, 109] hdcp_tx, create hdcp thread id = 3890725312 done
05-27 16:11:53.828 478 542 D audio_hw_hal_primary: [out_set_parameters:971] out:0xefc415a0 kvpairs:closing=true;exiting=1 out->out_device:0x400, adev->out_device:0x80002
05-27 16:11:53.828 478 542 E audio_hw_hal_primary: out_set_parameters, ret:-2, hw_sync_mode:is false
05-27 16:11:53.828 320 371 I SystemControl: [/Ubootenv.cpp, get, 345] [ubootenv] search end and not find env:digitaudiooutput
05-27 16:11:53.828 290 4988 D MesonDisplay: read /sys/class/amhdmitx/amhdmitx0/hdcp_lstore, result length:0, val:
05-27 16:11:53.829 290 351 D MesonHwc: sc_read_bootenv val is empty
05-27 16:11:53.829 290 351 V MesonDisplayServer: GetDisplayMode:576p50hz
05-27 16:11:53.829 290 351 I MesonHwc: getDisplayMode mode:576p50hz
05-27 16:11:53.829 478 705 I audio_hw_hal_primary: [out_set_event_callback:3158] io 1445: out:0xefc415a0, callback:0xf1b4091d cookie:0xf22020b0
05-27 16:11:53.829 478 705 I audio_hw_hal_primary: [adev_close_output_stream_new:8052] io handle 1445: out:0xefc415a0
05-27 16:11:53.829 478 705 D audio_hw_hal_primary: adev_close_output_stream_new: enter usecase = RAW_HWSYNC
05-27 16:11:53.829 478 705 I audio_hw_hal_primary: [adev_close_output_stream:3695] io 1445: out:0xefc415a0 dev:OUT_HDMI(0x400) flags:0x51, usecase:RAW_HWSYNC
05-27 16:11:53.829 478 705 D audio_hw_hal_primary: [out_standby_new:5767] io 1445: out:0xefc415a0 usecase:RAW_HWSYNC
05-27 16:11:53.829 320 371 I SystemControl: [/Ubootenv.cpp, get, 336] [ubootenv] get key:hdmichecksum envValue: 0xc92b0000
05-27 16:11:53.829 478 705 I audio_hw_hal_primary: already standby, do nothing
05-27 16:11:53.829 478 705 I audio_hw_hal_resourcemgr: [is_output_device_muted:710] device:0x2 port_mute:0, fade_mute:0
05-27 16:11:53.829 478 705 I audio_hw_hal_primary: [adev_close_output_stream:3863] io 1445: out:0xefc415a0 exit ------
01-01 08:05:23.575 0 0 I [0 T351 ..] [hdmitx: ] avmute_store -1
05-27 16:11:53.830 290 351 D MesonHwc: get key:ubootenv.var.hdmichecksum value:0xc92b0000
05-27 16:11:53.830 290 351 D MesonDisplayServer: use connector getDisplayAttribute "HDMI Color ATTR": "444,8bit"
05-27 16:11:53.830 290 351 D MesonHwc: set key:ubootenv.var.576p50hz_deepcolor value:444,8bit
05-27 16:11:53.830 320 371 I SystemControl: [/Ubootenv.cpp, updateValue, 68] [ubootenv] update value name [ubootenv.var.576p50hz_deepcolor]: value [444,8bit]
05-27 16:11:53.830 320 371 I SystemControl: [/Ubootenv.cpp, get, 336] [ubootenv] get key:576p50hz_deepcolor envValue: 444,8bit
05-27 16:11:53.831 264 264 E Scheduler: trackPendingFrame: Invalid present fence
05-27 16:11:53.831 290 351 D MesonHwc: set key:ubootenv.var.colorattribute value:444,8bit
05-27 16:11:53.831 320 371 I SystemControl: [/Ubootenv.cpp, updateValue, 68] [ubootenv] update value name [ubootenv.var.colorattribute]: value [444,8bit]
05-27 16:11:53.831 320 371 I SystemControl: [/Ubootenv.cpp, get, 336] [ubootenv] get key:colorattribute envValue: 444,8bit
05-27 16:11:53.831 535 3667 D AudioFlinger: closing mmapThread 0xe75c0010
05-27 16:11:53.832 290 351 D MesonHwc: set key:ubootenv.var.hdmi_colordepth value:8
05-27 16:11:53.832 535 3667 D AudioFlinger: mmapThread exit()
05-27 16:11:53.832 320 371 I SystemControl: [/Ubootenv.cpp, updateValue, 68] [ubootenv] update value name [ubootenv.var.hdmi_colordepth]: value [8]
05-27 16:11:53.832 320 371 I SystemControl: [/Ubootenv.cpp, get, 336] [ubootenv] get key:hdmi_colordepth envValue: 8
05-27 16:11:53.832 478 705 I audio_hw_hal_primary: [adev_close_output_stream_new:8052] io handle 1461: out:0xefc4c220
05-27 16:11:53.832 478 705 D audio_hw_hal_primary: adev_close_output_stream_new: enter usecase = PCM_MMAP
05-27 16:11:53.832 478 705 I audio_hw_hal_primary: [adev_close_output_stream:3695] io 1461: out:0xefc4c220 dev:OUT_HDMI(0x400) flags:0x4001, usecase:PCM_MMAP
05-27 16:11:53.832 478 705 D audio_hw_hal_primary: [out_standby_new:5767] io 1461: out:0xefc4c220 usecase:PCM_MMAP
05-27 16:11:53.832 478 705 I audio_hw_hal_primary: already standby, do nothing
05-27 16:11:53.832 290 351 D MesonHwc: set key:ubootenv.var.hdmi_colorspace value:auto
05-27 16:11:53.832 478 705 I audio_hw_hal_mmap: [outMmapDeInit:743] stream:0xefc4c220
05-27 16:11:53.832 478 705 I audio_hw_hal_mmap: [mmap_audio_unregister_client:955] OK ! stream 0xefc4c220, client id 0
05-27 16:11:53.832 478 705 I audio_hw_hal_primary: when close aaudio stream, send STANDBY msg to submix & ms12
05-27 16:11:53.832 478 705 I audio_hw_hal_ms12common: aml_set_ms12_scheduler_state ms12_scheduler_state:1, sch_state:1 SCHEDULER_STANDBY is sent to ms12
05-27 16:11:53.832 478 705 I audio_hw_hal_resourcemgr: [is_output_device_muted:710] device:0x2 port_mute:0, fade_mute:0
05-27 16:11:53.832 478 705 I audio_hw_hal_primary: [adev_close_output_stream:3863] io 1461: out:0xefc4c220 exit ------
05-27 16:11:53.834 478 542 D audio_hw_hal_primary: [out_dump:848] io 1477: out:0xefc40010, fd:23
05-27 16:11:53.835 320 371 I SystemControl: [/Ubootenv.cpp, updateValue, 68] [ubootenv] update value name [ubootenv.var.hdmi_colorspace]: value [auto]
05-27 16:11:53.835 320 371 I SystemControl: [/Ubootenv.cpp, get, 336] [ubootenv] get key:hdmi_colorspace envValue: auto
05-27 16:11:53.835 290 351 D MesonHwc: set key:ubootenv.var.outputmode value:576p50hz
05-27 16:11:53.835 320 371 I SystemControl: [/Ubootenv.cpp, updateValue, 68] [ubootenv] update value name [ubootenv.var.outputmode]: value [576p50hz]
05-27 16:11:53.835 320 371 I SystemControl: [/Ubootenv.cpp, get, 336] [ubootenv] get key:outputmode envValue: 576p50hz
05-27 16:11:53.836 290 351 E MesonHwc: dolby vision driver is not ready
05-27 16:11:53.836 290 351 I MesonHwc: MBOX is not support dv, dvstatus amdv_type 0 dv_enable 0
05-27 16:11:53.836 290 351 I MesonHwc: colorattr: 444,8bit, outputMode 576p50hz, cd 8, cs auto
05-27 16:11:53.836 290 351 D MesonHwc: received Uevent: change@/devices/virtual/amhdmitx/amhdmitx0
05-27 16:11:53.836 290 351 D MesonHwc: received Uevent: ACTION=change
05-27 16:11:53.836 290 351 D MesonHwc: received Uevent: DEVPATH=/devices/virtual/amhdmitx/amhdmitx0
05-27 16:11:53.836 290 351 D MesonHwc: received Uevent: SUBSYSTEM=amhdmitx
05-27 16:11:53.836 290 351 D MesonHwc: received Uevent: hdmitx_audio=1
05-27 16:11:53.836 290 351 D MesonHwc: received Uevent: MAJOR=492
05-27 16:11:53.836 290 351 D MesonHwc: received Uevent: MINOR=0
05-27 16:11:53.836 290 351 D MesonHwc: received Uevent: DEVNAME=amhdmitx0
05-27 16:11:53.836 290 351 D MesonHwc: received Uevent: SEQNUM=5276
05-27 16:11:53.836 290 351 D MesonHwc: received Uevent: change@/devices/virtual/amhdmitx/amhdmitx0
05-27 16:11:53.836 290 351 D MesonHwc: received Uevent: ACTION=change
05-27 16:11:53.836 290 351 D MesonHwc: received Uevent: DEVPATH=/devices/virtual/amhdmitx/amhdmitx0
05-27 16:11:53.836 290 351 D MesonHwc: received Uevent: SUBSYSTEM=amhdmitx
05-27 16:11:53.836 290 351 D MesonHwc: received Uevent: hdmitx_audio=1
05-27 16:11:53.836 290 351 D MesonHwc: received Uevent: MAJOR=492
05-27 16:11:53.836 290 351 D MesonHwc: received Uevent: MINOR=0
05-27 16:11:53.836 290 351 D MesonHwc: received Uevent: DEVNAME=amhdmitx0
05-27 16:11:53.836 290 351 D MesonHwc: received Uevent: SEQNUM=5276
05-27 16:11:53.836 290 351 D MesonHwc: received Uevent: change@/devices/virtual/amhdmitx/amhdmitx0
05-27 16:11:53.836 290 351 D MesonHwc: received Uevent: ACTION=change
05-27 16:11:53.836 290 351 D MesonHwc: received Uevent: DEVPATH=/devices/virtual/amhdmitx/amhdmitx0
05-27 16:11:53.836 290 351 D MesonHwc: received Uevent: SUBSYSTEM=amhdmitx
05-27 16:11:53.836 290 351 D MesonHwc: received Uevent: hdmitx_current_status=134
05-27 16:11:53.836 290 351 D MesonHwc: received Uevent: MAJOR=492
05-27 16:11:53.836 290 351 D MesonHwc: received Uevent: MINOR=0
05-27 16:11:53.836 290 351 D MesonHwc: received Uevent: DEVNAME=amhdmitx0
05-27 16:11:53.836 290 351 D MesonHwc: received Uevent: SEQNUM=5280
05-27 16:11:53.836 290 351 D MesonHwc: received Uevent: NUM=5279
05-27 16:11:53.836 290 351 D MesonHwc: received Uevent: -s7d
05-27 16:11:53.836 290 351 D MesonHwc: received Uevent: OF_COMPATIBLE_N=1
05-27 16:11:53.836 290 351 D MesonHwc: received Uevent: MODALIAS=of:NaocecT(null)Camlogic,_aocec-s7d
05-27 16:11:53.836 290 351 D MesonHwc: received Uevent: SEQNUM=5278
05-27 16:11:53.836 290 351 D MesonHwc: received Uevent: 5Ap0000C081
05-27 16:11:53.836 290 351 D MesonHwc: received Uevent: SEQNUM=3612
05-27 16:11:53.836 290 351 D MesonHwc: received Uevent: bfd4444600000000 1 130ff38b17c000 677bfad9415fed 9ed68000004400 10000002
05-27 16:11:53.836 290 351 D MesonHwc: received Uevent: REL=1040
05-27 16:11:53.836 290 351 D MesonHwc: received Uevent: ABS=100000000
05-27 16:11:53.836 290 351 D MesonHwc: received Uevent: MSC=10
05-27 16:11:53.836 290 351 D MesonHwc: received Uevent: MODALIAS=input:b0005v1D5ApC081e0000-e0,1,2,3,4,k71,72,73,74,77,80,82,83,85,86,87,88,89,8A,8B,8C,8E,90,96,98,9B,9C,9E,9F,A1,A3,A4,A5,A6,A7,A8,A9,AB,AC,AD,AE,B0,B1,B2,B5,B6,CE,CF,D0,D1,D2,D4,D8,D9,DB,DF,E0,E1,E4,E5,E6,E7,E8,E9,EA,EB,F0,F1,F4,100,161,162,166,16A,16E,172,174,176,177,178,179,17A,17B,17C,17D,17F,180,182,183,185,188,189,18C,18D,18E,18F,190,191,192,193,195,197,198,199,19A,19C,1A0,1A1,1A2,1A3,1A4,1A5,1A6,1A7,1A8,1A9,1AA,1AB,1AC,1AD,1AE,1AF,1B0,1B1,1B7,1BA,240,241,242,243,244,245,246,247,249,24A,250,251,r6,C,a20,m4,lsfw
05-27 16:11:53.836 290 351 D MesonHwc: received Uevent: SEQNUM=3609
05-27 16:11:53.836 290 351 D MesonHwc: received Uevent: change@/devices/virtual/amhdmitx/amhdmitx0
05-27 16:11:53.836 290 351 D MesonHwc: received Uevent: ACTION=change
05-27 16:11:53.836 290 351 D MesonHwc: received Uevent: DEVPATH=/devices/virtual/amhdmitx/amhdmitx0
05-27 16:11:53.836 290 351 D MesonHwc: received Uevent: SUBSYSTEM=amhdmitx
05-27 16:11:53.836 290 351 D MesonHwc: received Uevent: hdmitx_current_status=134
05-27 16:11:53.836 290 351 D MesonHwc: received Uevent: MAJOR=492
05-27 16:11:53.836 290 351 D MesonHwc: received Uevent: MINOR=0
05-27 16:11:53.836 290 351 D MesonHwc: received Uevent: DEVNAME=amhdmitx0
05-27 16:11:53.836 290 351 D MesonHwc: received Uevent: SEQNUM=5280
05-27 16:11:53.836 290 351 D MesonHwc: received Uevent: NUM=5279
05-27 16:11:53.836 290 351 D MesonHwc: received Uevent: -s7d
05-27 16:11:53.836 290 351 D MesonHwc: received Uevent: OF_COMPATIBLE_N=1
05-27 16:11:53.836 290 351 D MesonHwc: received Uevent: MODALIAS=of:NaocecT(null)Camlogic,_aocec-s7d
05-27 16:11:53.836 290 351 D MesonHwc: received Uevent: SEQNUM=5278
05-27 16:11:53.836 290 351 D MesonHwc: received Uevent: 5Ap0000C081
05-27 16:11:53.836 290 351 D MesonHwc: received Uevent: SEQNUM=3612
05-27 16:11:53.836 290 351 D MesonHwc: received Uevent: bfd4444600000000 1 130ff38b17c000 677bfad9415fed 9ed68000004400 10000002
05-27 16:11:53.836 290 351 D MesonHwc: received Uevent: REL=1040
05-27 16:11:53.836 290 351 D MesonHwc: received Uevent: ABS=100000000
05-27 16:11:53.836 290 351 D MesonHwc: received Uevent: MSC=10
05-27 16:11:53.836 478 542 D audio_hw_hal_primary: [out_set_parameters:971] out:0xefc40010 kvpairs:closing=true;exiting=1 out->out_device:0x400, adev->out_device:0x80002
05-27 16:11:53.836 290 351 D MesonHwc: received Uevent: MODALIAS=input:b0005v1D5ApC081e0000-e0,1,2,3,4,k71,72,73,74,77,80,82,83,85,86,87,88,89,8A,8B,8C,8E,90,96,98,9B,9C,9E,9F,A1,A3,A4,A5,A6,A7,A8,A9,AB,AC,AD,AE,B0,B1,B2,B5,B6,CE,CF,D0,D1,D2,D4,D8,D9,DB,DF,E0,E1,E4,E5,E6,E7,E8,E9,EA,EB,F0,F1,F4,100,161,162,166,16A,16E,172,174,176,177,178,179,17A,17B,17C,17D,17F,180,182,183,185,188,189,18C,18D,18E,18F,190,191,192,193,195,197,198,199,19A,19C,1A0,1A1,1A2,1A3,1A4,1A5,1A6,1A7,1A8,1A9,1AA,1AB,1AC,1AD,1AE,1AF,1B0,1B1,1B7,1BA,240,241,242,243,244,245,246,247,249,24A,250,251,r6,C,a20,m4,lsfw
05-27 16:11:53.836 290 351 D MesonHwc: received Uevent: SEQNUM=3609
05-27 16:11:53.836 478 542 E audio_hw_hal_primary: out_set_parameters, ret:-2, hw_sync_mode:is false
05-27 16:11:53.837 290 351 D MesonHwc: received Uevent: change@/devices/platform/vout
05-27 16:11:53.837 290 351 D MesonHwc: received Uevent: ACTION=change
05-27 16:11:53.837 290 351 D MesonHwc: received Uevent: DEVPATH=/devices/platform/vout
05-27 16:11:53.837 290 351 D MesonHwc: received Uevent: SUBSYSTEM=platform
05-27 16:11:53.837 290 351 D MesonHwc: received Uevent: vout_setmode=1
05-27 16:11:53.837 290 351 D MesonHwc: ModeChange state: [Begin to change]
05-27 16:11:53.837 290 351 D MesonHwc: On mode change state: [Begin to change]
05-27 16:11:53.837 290 351 D MesonHwc: received Uevent: change@/devices/virtual/amhdmitx/amhdmitx0
05-27 16:11:53.837 290 351 D MesonHwc: received Uevent: ACTION=change
05-27 16:11:53.837 290 351 D MesonHwc: received Uevent: DEVPATH=/devices/virtual/amhdmitx/amhdmitx0
05-27 16:11:53.837 290 351 D MesonHwc: received Uevent: SUBSYSTEM=amhdmitx
05-27 16:11:53.837 290 351 D MesonHwc: received Uevent: hdmitx_vmode_audio=1
05-27 16:11:53.837 290 351 D MesonHwc: received Uevent: MAJOR=492
05-27 16:11:53.837 290 351 D MesonHwc: received Uevent: MINOR=0
05-27 16:11:53.837 290 351 D MesonHwc: received Uevent: DEVNAME=amhdmitx0
05-27 16:11:53.837 290 351 D MesonHwc: received Uevent: SEQNUM=5282
05-27 16:11:53.837 290 351 D MesonHwc: received Uevent: ATIBLE_N=1
05-27 16:11:53.837 290 351 D MesonHwc: received Uevent: MODALIAS=of:NvoutT(null)Camlogic,_vout
05-27 16:11:53.837 290 351 D MesonHwc: received Uevent: SEQNUM=5281
05-27 16:11:53.837 290 351 D MesonHwc: received Uevent: Camlogic,_aocec-s7d
05-27 16:11:53.837 290 351 D MesonHwc: received Uevent: SEQNUM=5278
05-27 16:11:53.837 290 351 D MesonHwc: received Uevent: 5Ap0000C081
05-27 16:11:53.837 290 351 D MesonHwc: received Uevent: SEQNUM=3612
05-27 16:11:53.837 290 351 D MesonHwc: received Uevent: bfd4444600000000 1 130ff38b17c000 677bfad9415fed 9ed68000004400 10000002
05-27 16:11:53.837 290 351 D MesonHwc: received Uevent: REL=1040
05-27 16:11:53.837 290 351 D MesonHwc: received Uevent: ABS=100000000
05-27 16:11:53.837 290 351 D MesonHwc: received Uevent: MSC=10
05-27 16:11:53.837 290 351 D MesonHwc: received Uevent: MODALIAS=input:b0005v1D5ApC081e0000-e0,1,2,3,4,k71,72,73,74,77,80,82,83,85,86,87,88,89,8A,8B,8C,8E,90,96,98,9B,9C,9E,9F,A1,A3,A4,A5,A6,A7,A8,A9,AB,AC,AD,AE,B0,B1,B2,B5,B6,CE,CF,D0,D1,D2,D4,D8,D9,DB,DF,E0,E1,E4,E5,E6,E7,E8,E9,EA,EB,F0,F1,F4,100,161,162,166,16A,16E,172,174,176,177,178,179,17A,17B,17C,17D,17F,180,182,183,185,188,189,18C,18D,18E,18F,190,191,192,193,195,197,198,199,19A,19C,1A0,1A1,1A2,1A3,1A4,1A5,1A6,1A7,1A8,1A9,1AA,1AB,1AC,1AD,1AE,1AF,1B0,1B1,1B7,1BA,240,241,242,243,244,245,246,247,249,24A,250,251,r6,C,a20,m4,lsfw
05-27 16:11:53.837 290 351 D MesonHwc: received Uevent: SEQNUM=3609
05-27 16:11:53.837 290 351 D MesonHwc: received Uevent: change@/devices/virtual/amhdmitx/amhdmitx0
