05-27 16:11:47.693 290 351 D MesonHwc: received Uevent: hdmitx_current_status=125
05-27 16:11:47.693 290 351 D MesonHwc: received Uevent: MAJOR=492
05-27 16:11:47.693 290 351 D MesonHwc: received Uevent: MINOR=0
05-27 16:11:47.693 290 351 D MesonHwc: received Uevent: DEVNAME=amhdmitx0
05-27 16:11:47.693 290 351 D MesonHwc: received Uevent: SEQNUM=5230
05-27 16:11:47.693 290 351 D MesonHwc: received Uevent: NUM=5229
05-27 16:11:47.693 290 351 D MesonHwc: received Uevent: s7d
05-27 16:11:47.693 290 351 D MesonHwc: received Uevent: OF_COMPATIBLE_N=1
05-27 16:11:47.693 290 351 D MesonHwc: received Uevent: MODALIAS=of:NaocecT(null)Camlogic,_aocec-s7d
05-27 16:11:47.693 290 351 D MesonHwc: received Uevent: SEQNUM=5227
05-27 16:11:47.693 290 351 D MesonHwc: received Uevent: change@/devices/virtual/amhdmitx/amhdmitx0
05-27 16:11:47.693 290 351 D MesonHwc: received Uevent: ACTION=change
05-27 16:11:47.693 290 351 D MesonHwc: received Uevent: DEVPATH=/devices/virtual/amhdmitx/amhdmitx0
05-27 16:11:47.693 290 351 D MesonHwc: received Uevent: SUBSYSTEM=amhdmitx
05-27 16:11:47.693 290 351 D MesonHwc: received Uevent: hdmitx_current_status=125
05-27 16:11:47.693 290 351 D MesonHwc: received Uevent: MAJOR=492
05-27 16:11:47.693 290 351 D MesonHwc: received Uevent: MINOR=0
05-27 16:11:47.693 290 351 D MesonHwc: received Uevent: DEVNAME=amhdmitx0
05-27 16:11:47.694 290 351 D MesonHwc: received Uevent: SEQNUM=5230
05-27 16:11:47.694 290 351 D MesonHwc: received Uevent: NUM=5229
05-27 16:11:47.694 290 351 D MesonHwc: received Uevent: s7d
05-27 16:11:47.694 290 351 D MesonHwc: received Uevent: OF_COMPATIBLE_N=1
05-27 16:11:47.694 290 351 D MesonHwc: received Uevent: MODALIAS=of:NaocecT(null)Camlogic,_aocec-s7d
05-27 16:11:47.694 290 351 D MesonHwc: received Uevent: SEQNUM=5227
05-27 16:11:47.708 290 382 E MesonComposer3: destroyLayer: display:0 failed to destroy layer:319
05-27 16:11:47.709 264 264 E HwcComposer: destroyLayer failed Status(-8, EX_SERVICE_SPECIFIC): '3: '
05-27 16:11:47.709 264 264 E HWC2 : destroyLayer(0, 319) failed: BadLayer (3)
05-27 16:11:47.709 290 382 E MesonComposer3: destroyLayer: display:0 failed to destroy layer:62
05-27 16:11:47.709 264 264 E HwcComposer: destroyLayer failed Status(-8, EX_SERVICE_SPECIFIC): '3: '
05-27 16:11:47.709 264 264 E HWC2 : destroyLayer(0, 62) failed: BadLayer (3)
05-27 16:11:47.709 264 264 E HwcComposer: setClientTargetSlotCount failed Status(-8, EX_SERVICE_SPECIFIC): '4: '
05-27 16:11:47.714 264 264 I Scheduler: Display 4620747849504298251 is the pacesetter
05-27 16:11:47.715 264 4920 E SchedulerTimer: Terminated
05-27 16:11:47.715 264 264 D SurfaceFlinger: Setting power mode 2 on display 4620747849504298251
05-27 16:11:47.715 264 394 W EventThread: Failed dispatching Hotplug{displayId=4620747849504298251, connected} for Connection{0xf2543110, VSyncRequest::None}
05-27 16:11:47.715 264 393 W EventThread: Failed dispatching Hotplug{displayId=4620747849504298251, connected} for Connection{0xf2542d10, VSyncRequest::None}
05-27 16:11:47.715 290 382 D MesonHwc: setPowerMode 2
05-27 16:11:47.715 264 264 D SurfaceFlinger: Finished setting power mode 2 on display 4620747849504298251
05-27 16:11:47.719 715 741 I DisplayDeviceRepository: Display device changed: DisplayDeviceInfo{"内置屏幕": uniqueId="local:4620747849504298251", 720 x 576, modeId 297, renderFrameRate 50.0, defaultModeId 297, supportedModes [{id=297, width=720, height=576, fps=50.0, alternativeRefreshRates=[], supportedHdrTypes=[]}, {id=407, width=1920, height=1080, fps=119.88013, alternativeRefreshRates=[], supportedHdrTypes=[]}, {id=408, width=1920, height=1080, fps=120.00001, alternativeRefreshRates=[], supportedHdrTypes=[]}, {id=409, width=4096, height=2160, fps=23.976025, alternativeRefreshRates=[], supportedHdrTypes=[]}, {id=410, width=4096, height=2160, fps=24.000002, alternativeRefreshRates=[], supportedHdrTypes=[]}, {id=411, width=3840, height=2160, fps=29.97003, alternativeRefreshRates=[], supportedHdrTypes=[]}, {id=412, width=3840, height=2160, fps=30.000002, alternativeRefreshRates=[], supportedHdrTypes=[]}, {id=413, width=3840, height=2160, fps=25.0, alternativeRefreshRates=[], supportedHdrTypes=[]}, {id=414, width=3840, height=2160, fps=23.976025, alternativeRefreshRates=[], supportedHdrTypes=[]}, {id=415, width=3840, height=2160, fps=24.000002, alternativeRefreshRates=[], supportedHdrTypes=[]}, {id=416, width=1920, height=1080, fps=59.94006, alternativeRefreshRates=[], supportedHdrTypes=[]}, {id=417, width=1920, height=1080, fps=60.000004, alternativeRefreshRates=[], supportedHdrTypes=[]}, {id=418, width=1920, height=1080, fps=50.0, alternativeRefreshRates=[], supportedHdrTypes=[]}, {id=419, width=1920, height=1080, fps=29.97003, alternativeRefreshRates=[], supportedHdrTypes=[]}, {id=420, width=1920, height=1080, fps=30.000002, alternativeRefreshRates=[], supportedHdrTypes=[]}, {id=421, width=1920, height=1080, fps=23.976025, alternativeRefreshRates=[], supportedHdrTypes=[]}, {id=422, width=1920, height=1080, fps=24.000002, alternativeRefreshRates=[], supportedHdrTypes=[]}, {id=423, width=1280, height=720, fps=119.88013, alternativeRefreshRates=[], supportedHdrTypes=[]}, {id=424, width=1280, height=720, fps=120.00001, alternativeRefreshRates=[], supportedHdrTypes=[]}, {id=425, width=1280, height=720, fps=59.94006, alternativeRefreshRates=[], supportedHdrTypes=[]}, {id=426, width=1280, height=720, fps=60.000004, alternativeRefreshRates=[], supportedHdrTypes=[]}, {id=427, width=1280, height=720, fps=50.0, alternativeRefreshRates=[], supportedHdrTypes=[]}, {id=428, width=1280, height=720, fps=29.97003, alternativeRefreshRates=[], supportedHdrTypes=[]}, {id=429, width=1280, height=720, fps=30.000002, alternativeRefreshRates=[], supportedHdrTypes=[]}, {id=430, width=1280, height=720, fps=23.976025, alternativeRefreshRates=[], supportedHdrTypes=[]}, {id=431, width=1280, height=720, fps=24.000002, alternativeRefreshRates=[], supportedHdrTypes=[]}, {id=432, width=720, height=480, fps=59.94006, alternativeRefreshRates=[], supportedHdrTypes=[]}, {id=433, width=720, height=480, fps=60.000004, alternativeRefreshRates=[], supportedHdrTypes=[]}], colorMode 0, supportedColorModes [0], hdrCapabilities HdrCapabilities{mSupportedHdrTypes=[], mMaxLuminance=500.0, mMaxAverageLuminance=500.0, mMinLuminance=0.0}, allmSupported false, gameContentTypeSupported true, density 124, 15.902 x 22.508 dpi, appVsyncOff 2000000, presDeadline 17000000, touch INTERNAL, rotation 0, type INTERNAL, address {port=11, model=0x402031aff65a95}, deviceProductInfo DeviceProductInfo{name=Haqu, manufacturerPnpId=HAQ, productId=48, modelYear=null, manufactureDate=ManufactureDate{week=43, year=2017}, connectionToSinkType=2}, state ON, committedState ON, frameRateOverride , brightnessMinimum 0.0, brightnessMaximum 1.0, brightnessDefault 0.39763778, hdrSdrRatio NaN, FLAG_ALLOWED_TO_BE_DEFAULT_DISPLAY, FLAG_ROTATES_WITH_CONTENT, FLAG_SECURE, FLAG_SUPPORTS_PROTECTED_BUFFERS, FLAG_TRUSTED, installOrientation 0, displayShape DisplayShape{ spec=-1515622917 displayWidth=720 displayHeight=576 physicalPixelDisplaySizeRatio=1.0 rotation=0 offsetX=0 offsetY=0 scale=1.0}}
05-27 16:11:47.720 264 264 E Scheduler: trackPendingFrame: Invalid present fence
05-27 16:11:47.723 264 264 I RefreshRateSelector: Display 4620747849504298251 policy changed
05-27 16:11:47.723 264 264 I RefreshRateSelector: Previous: {defaultModeId=463, allowGroupSwitching=false, primaryRanges={physical=[0.00 Hz, 340282346638528859811704183484516925440.00 Hz], render=[0.00 Hz, 340282346638528859811704183484516925440.00 Hz]}, appRequestRanges={physical=[0.00 Hz, 340282346638528859811704183484516925440.00 Hz], render=[0.00 Hz, 340282346638528859811704183484516925440.00 Hz]}}
05-27 16:11:47.723 264 264 I RefreshRateSelector: Current: DisplayManagerPolicy{defaultModeId=463, allowGroupSwitching=false, primaryRanges={physical=[0.00 Hz, inf Hz], render=[0.00 Hz, 120.00 Hz]}, appRequestRanges={physical=[0.00 Hz, inf Hz], render=[0.00 Hz, inf Hz]}}
05-27 16:11:47.723 264 264 I RefreshRateSelector: 0 mode changes were performed under the previous policy
05-27 16:11:47.772 2275 2331 D nStackXCoAP: IsInSameNetwork:[276] :IsInSameNetwork exec
05-27 16:11:47.772 2275 2331 I nStackXDFinder: GetLocalInterfaceDetail:[461] :GetLocalInterfaceDetail in
05-27 16:11:47.772 2275 2331 E nStackXCoAP: IsInSameNetwork:[281] :IsInSameNetwork: not priority process
05-27 16:11:47.772 2275 2331 D nStackXCoAP: ParseServiceDiscover:[330] :new device join
05-27 16:11:47.772 2275 2331 E nStackXDFinder: GetLocalIp:[401] :GetLocalIp exec
05-27 16:11:47.851 290 4918 D MesonDisplay: read /sys/class/amhdmitx/amhdmitx0/hdcp_lstore, result length:0, val:
01-01 08:05:17.812 0 0 I [0 T484 ..] [hdmitx: ] UTC+0 2025-05-27 08:11:48 HPD HIGH
05-27 16:11:48.206 515 541 I WifiHAL : call wifi_get_link_stats handler
05-27 16:11:48.206 515 541 I WifiHAL : Creating message to get link statistics; iface = 16
05-27 16:11:48.206 515 541 D WifiHAL : error code -95 mapped to -3
05-27 16:11:48.206 715 854 E WifiStaIfaceAidlImpl: getLinkLayerStats failed with service-specific exception: android.os.ServiceSpecificException: (code 4)
05-27 16:11:48.290 2275 2331 D nStackXCoAP: IsInSameNetwork:[276] :IsInSameNetwork exec
05-27 16:11:48.290 2275 2331 I nStackXDFinder: GetLocalInterfaceDetail:[461] :GetLocalInterfaceDetail in
05-27 16:11:48.291 2275 2331 E nStackXCoAP: IsInSameNetwork:[281] :IsInSameNetwork: not priority process
05-27 16:11:48.291 2275 2331 D nStackXCoAP: ParseServiceDiscover:[330] :new device join
05-27 16:11:48.291 2275 2331 E nStackXDFinder: GetLocalIp:[401] :GetLocalIp exec
05-27 16:11:48.566 290 351 D MesonHwc: received Uevent: change@/devices/virtual/amhdmitx/amhdmitx0
05-27 16:11:48.566 320 328 I SystemControl: [/UEventObserver.cpp, HDMITxUenventThreadLoop, 451] HDMI TX switch_name:hdmitx_current_status, switch_state: 126
05-27 16:11:48.566 290 351 D MesonHwc: received Uevent: ACTION=change
05-27 16:11:48.566 290 351 D MesonHwc: received Uevent: DEVPATH=/devices/virtual/amhdmitx/amhdmitx0
05-27 16:11:48.566 290 351 D MesonHwc: received Uevent: SUBSYSTEM=amhdmitx
05-27 16:11:48.566 290 351 D MesonHwc: received Uevent: hdmitx_current_status=126
05-27 16:11:48.566 290 351 D MesonHwc: received Uevent: MAJOR=492
05-27 16:11:48.566 290 351 D MesonHwc: received Uevent: MINOR=0
05-27 16:11:48.566 290 351 D MesonHwc: received Uevent: DEVNAME=amhdmitx0
05-27 16:11:48.566 290 351 D MesonHwc: received Uevent: SEQNUM=5237
05-27 16:11:48.566 290 351 D MesonHwc: received Uevent: ic, aocec-s7d
05-27 16:11:48.566 290 351 D MesonHwc: received Uevent: OF_COMPATIBLE_N=1
05-27 16:11:48.566 290 351 D MesonHwc: received Uevent: MODALIAS=of:NaocecT(null)Camlogic,_aocec-s7d
05-27 16:11:48.566 290 351 D MesonHwc: received Uevent: SEQNUM=5236
05-27 16:11:48.566 290 351 D MesonHwc: received Uevent: 5Ap0000C081
05-27 16:11:48.566 290 351 D MesonHwc: received Uevent: SEQNUM=3612
05-27 16:11:48.566 290 351 D MesonHwc: received Uevent: bfd4444600000000 1 130ff38b17c000 677bfad9415fed 9ed68000004400 10000002
05-27 16:11:48.566 290 351 D MesonHwc: received Uevent: REL=1040
05-27 16:11:48.566 290 351 D MesonHwc: received Uevent: ABS=100000000
05-27 16:11:48.566 290 351 D MesonHwc: received Uevent: MSC=10
05-27 16:11:48.566 290 351 D MesonHwc: received Uevent: MODALIAS=input:b0005v1D5ApC081e0000-e0,1,2,3,4,k71,72,73,74,77,80,82,83,85,86,87,88,89,8A,8B,8C,8E,90,96,98,9B,9C,9E,9F,A1,A3,A4,A5,A6,A7,A8,A9,AB,AC,AD,AE,B0,B1,B2,B5,B6,CE,CF,D0,D1,D2,D4,D8,D9,DB,DF,E0,E1,E4,E5,E6,E7,E8,E9,EA,EB,F0,F1,F4,100,161,162,166,16A,16E,172,174,176,177,178,179,17A,17B,17C,17D,17F,180,182,183,185,188,189,18C,18D,18E,18F,190,191,192,193,195,197,198,199,19A,19C,1A0,1A1,1A2,1A3,1A4,1A5,1A6,1A7,1A8,1A9,1AA,1AB,1AC,1AD,1AE,1AF,1B0,1B1,1B7,1BA,240,241,242,243,244,245,246,247,249,24A,250,251,r6,C,a20,m4,lsfw
05-27 16:11:48.566 290 351 D MesonHwc: received Uevent: SEQNUM=3609
05-27 16:11:48.566 290 351 D MesonHwc: received Uevent: change@/devices/virtual/amhdmitx/amhdmitx0
05-27 16:11:48.566 290 351 D MesonHwc: received Uevent: ACTION=change
05-27 16:11:48.566 290 351 D MesonHwc: received Uevent: DEVPATH=/devices/virtual/amhdmitx/amhdmitx0
05-27 16:11:48.566 290 351 D MesonHwc: received Uevent: SUBSYSTEM=amhdmitx
05-27 16:11:48.566 290 351 D MesonHwc: received Uevent: hdmitx_current_status=126
05-27 16:11:48.567 290 351 D MesonHwc: received Uevent: MAJOR=492
05-27 16:11:48.567 290 351 D MesonHwc: received Uevent: MINOR=0
05-27 16:11:48.567 290 351 D MesonHwc: received Uevent: DEVNAME=amhdmitx0
05-27 16:11:48.567 290 351 D MesonHwc: received Uevent: SEQNUM=5237
05-27 16:11:48.567 290 351 D MesonHwc: received Uevent: ic, aocec-s7d
05-27 16:11:48.567 290 351 D MesonHwc: received Uevent: OF_COMPATIBLE_N=1
05-27 16:11:48.567 290 351 D MesonHwc: received Uevent: MODALIAS=of:NaocecT(null)Camlogic,_aocec-s7d
05-27 16:11:48.567 290 351 D MesonHwc: received Uevent: SEQNUM=5236
05-27 16:11:48.567 290 351 D MesonHwc: received Uevent: 5Ap0000C081
05-27 16:11:48.567 290 351 D MesonHwc: received Uevent: SEQNUM=3612
05-27 16:11:48.567 290 351 D MesonHwc: received Uevent: bfd4444600000000 1 130ff38b17c000 677bfad9415fed 9ed68000004400 10000002
05-27 16:11:48.567 290 351 D MesonHwc: received Uevent: REL=1040
05-27 16:11:48.567 290 351 D MesonHwc: received Uevent: ABS=100000000
05-27 16:11:48.567 290 351 D MesonHwc: received Uevent: MSC=10
05-27 16:11:48.567 290 351 D MesonHwc: received Uevent: MODALIAS=input:b0005v1D5ApC081e0000-e0,1,2,3,4,k71,72,73,74,77,80,82,83,85,86,87,88,89,8A,8B,8C,8E,90,96,98,9B,9C,9E,9F,A1,A3,A4,A5,A6,A7,A8,A9,AB,AC,AD,AE,B0,B1,B2,B5,B6,CE,CF,D0,D1,D2,D4,D8,D9,DB,DF,E0,E1,E4,E5,E6,E7,E8,E9,EA,EB,F0,F1,F4,100,161,162,166,16A,16E,172,174,176,177,178,179,17A,17B,17C,17D,17F,180,182,183,185,188,189,18C,18D,18E,18F,190,191,192,193,195,197,198,199,19A,19C,1A0,1A1,1A2,1A3,1A4,1A5,1A6,1A7,1A8,1A9,1AA,1AB,1AC,1AD,1AE,1AF,1B0,1B1,1B7,1BA,240,241,242,243,244,245,246,247,249,24A,250,251,r6,C,a20,m4,lsfw
05-27 16:11:48.567 290 351 D MesonHwc: received Uevent: SEQNUM=3609
01-01 08:05:18.312 0 0 I [0 T330 ..] [hdmitx: ] system: plugin
01-01 08:05:18.313 0 0 I [0 T330 ..] [hdmitx: ] plugin sequence id: 4294971872
01-01 08:05:18.350 0 0 I [2 T330 ..] cec: [hdmitx_notify_callback] unsupported notify:3
01-01 08:05:18.350 0 0 W : [2 T330 ..] [RX]-up_phy_addr = 2
01-01 08:05:18.351 0 0 I [2 T330 ..] [hdmitx: ] edid: blk0 raw data
01-01 08:05:18.351 0 0 I [2 T330 ..] [hdmitx: ] 00ffffffffffff0020313000010000002b1b0103807341780acf74a3574cb02309484c21080001010101010101010101010101010101023a801871382d40582c
01-01 08:05:18.351 0 0 I : [2 T330 ..] 450020c23100001e011d00bc52d01e20b828554020c23100001e000000fc00486171750a2020202020202020000000fd003b461f8c3c000a20202020202001c9
01-01 08:05:18.355 0 0 I [2 T330 ..] [hdmitx: ] edid: blk1 raw data
01-01 08:05:18.356 0 0 I [2 T330 ..] [hdmitx: ] 020345f057101f1405130420223c3e1216030711150206012f2e3f3132097f051507505707013d07c05f7e01670403830100006e030c002000b83c2f80800102
01-01 08:05:18.356 0 0 I : [2 T330 ..] 0304e200fb011d007251d01e206e28550020c23100001e8c0ad08a20e02d10103e9600138e21000018000000000000000000000000000000000000000000002b
05-27 16:11:48.613 320 328 I SystemControl: [/UEventObserver.cpp, HDMITxUenventThreadLoop, 451] HDMI TX switch_name:hdmitx_hpd, switch_state: 1
05-27 16:11:48.613 320 328 I SystemControl: [/DisplayMode.cpp, onTxEvent, 3267] onTxEvent switchName:hdmitx_hpd hpdstate:1 state: 1
05-27 16:11:48.613 715 821 V WindowManager: app ------------- force_land :0
05-27 16:11:48.613 290 351 D MesonHwc: received Uevent: change@/devices/virtual/amhdmitx/amhdmitx0
05-27 16:11:48.613 320 328 I SystemControl: [/SysWrite.cpp, getKernelReleaseVersion, 701] getKernelReleaseVersion: 5.15
05-27 16:11:48.613 290 351 D MesonHwc: received Uevent: ACTION=change
05-27 16:11:48.613 290 351 D MesonHwc: received Uevent: DEVPATH=/devices/virtual/amhdmitx/amhdmitx0
05-27 16:11:48.613 290 351 D MesonHwc: received Uevent: SUBSYSTEM=amhdmitx
05-27 16:11:48.613 290 351 D MesonHwc: received Uevent: hdmitx_hpd=1
05-27 16:11:48.613 320 328 I SystemControl: [/Ubootenv.cpp, get, 336] [ubootenv] get key:hdmimode envValue: 576p50hz
05-27 16:11:48.613 320 328 I SystemControl: [/Ubootenv.cpp, get, 336] [ubootenv] get key:is.bestmode envValue: false
05-27 16:11:48.613 320 328 I SystemControl: [/Ubootenv.cpp, get, 345] [ubootenv] search end and not find env:user_colorattribute
05-27 16:11:48.613 320 328 I SystemControl: [/Ubootenv.cpp, get, 345] [ubootenv] search end and not find env:hdr_force_mode
05-27 16:11:48.614 320 328 I SystemControl: [/DisplayMode.cpp, gethdrforcemode, 2742] get hdr force mode is [2]
05-27 16:11:48.614 320 328 I SystemControl: [/Ubootenv.cpp, get, 336] [ubootenv] get key:hdr_policy envValue: 0
05-27 16:11:48.614 320 328 I SystemControl: [/DisplayMode.cpp, getHdrStrategy, 2758] getHdrStrategy is [0]
05-27 16:11:48.614 320 328 I SystemControl: [/Ubootenv.cpp, get, 336] [ubootenv] get key:hdr_priority envValue: 268435472
05-27 16:11:48.614 320 328 I SystemControl: [/DisplayMode.cpp, getHdrPriority, 2891] getHdrPriority is [0x10000010]
05-27 16:11:48.614 320 328 I SystemControl: [/DisplayMode.cpp, getCommonData, 1534] isbestcolorspace:1, isbestpolicy:0, hdr_policy:0, hdr_priority :268435472, hdr_force_mode:2
01-01 08:05:18.360 0 0 I : [2 T330 ..] [drm] drm hdmitx hpd notify
05-27 16:11:48.615 320 371 I SystemControl: [/Ubootenv.cpp, get, 345] [ubootenv] search end and not find env:connector_type
05-27 16:11:48.615 495 532 I hdmicecd: [HdmiCecControl]:Hotplug event port:0, now:1, prevStatus:0 power:1
05-27 16:11:48.616 495 532 I hdmiconnection: hot plug port id 0, is connected 1
05-27 16:11:48.616 715 715 D HDMI : Hotplug event:[port:0, connected:true]
05-27 16:11:48.617 489 489 D hdmicecd: [HdmiCecControl]:getPhysicalAddress, physical addr: 2000, last pa: 2000, ret = 0
05-27 16:11:48.617 495 495 D hdmicecd: [HdmiCecControl]:total port:1
05-27 16:11:48.618 495 495 I hdmicecd: [HdmiCecControl]:portId: 0, type:output, cec support:1, arc support:1, physical address:2000
05-27 16:11:48.618 495 495 I hdmicecd: [HdmiCecControl]:arc port:0
05-27 16:11:48.620 715 821 I WiredAccessoryManager: MSG_NEW_DEVICE_STATE
05-27 16:11:48.621 290 351 D MesonHwc: sc_read_bootenv val is empty
05-27 16:11:48.621 290 351 D MesonHwc: getConnectorType, get ubootenv.var.connector_type from uboot env, return (null)
05-27 16:11:48.621 290 351 D MesonHwc: getConnectorType-0 get connector type hdmi--65536
05-27 16:11:48.621 290 351 E MesonHwc: read screen size 0x0 from vinfo
05-27 16:11:48.621 290 351 E MesonHwc: dolby vision driver is not ready
05-27 16:11:48.621 290 351 D MesonHwc: Connector VIRTUAL loadDisplayModes get 1 modes
05-27 16:11:48.621 1444 1444 E xxxxxxxxxxxxxxx: onReceive:mIsHDMIPlugged = true
05-27 16:11:48.621 290 351 I MesonHwc: add display mode (dummy_l-dummy_l-128, 720x480, 56.000000) dpi(0,0), hskew(0)
05-27 16:11:48.621 290 351 I MesonHwc: loadDisplayModes (1) end
05-27 16:11:48.621 290 351 D MesonHwc: ERR: PLEASE FIX NON-IMPLEMENT FUN(update).
05-27 16:11:48.622 320 371 I SystemControl: [/Ubootenv.cpp, get, 345] [ubootenv] search end and not find env:connector_type
05-27 16:11:48.625 290 351 D MesonHwc: sc_read_bootenv val is empty
05-27 16:11:48.625 290 351 D MesonHwc: getConnectorType, get ubootenv.var.connector_type from uboot env, return (null)
05-27 16:11:48.625 290 351 D MesonHwc: getConnectorType-0 get connector type hdmi--65536
05-27 16:11:48.625 290 351 D MesonHwc: getConnectorCfg: get display 0, connector 13
05-27 16:11:48.625 290 351 E MesonHwc: FixedDisplayPipe::getConnectorCfg 11
05-27 16:11:48.625 290 351 D MesonHwc: handleEvent DRM_EVENT_HDMITX_HOTPLUG 15 VS 11
05-27 16:11:48.626 290 351 D MesonHwc: DrmProperty: EDID (1), value [130]
05-27 16:11:48.626 290 351 D MesonHwc: DrmProperty: content type (77), value [0]
05-27 16:11:48.626 290 351 D MesonHwc: DrmProperty: vrr_capable (78), value [0]
05-27 16:11:48.626 290 351 D MesonHwc: DrmProperty: UPDATE (79), value [0]
05-27 16:11:48.626 290 351 D MesonHwc: DrmProperty: color_depth (80), value [8]
05-27 16:11:48.626 290 351 D MesonHwc: DrmProperty: color_space (81), value [2]
05-27 16:11:48.626 290 351 D MesonHwc: DrmProperty: MESON_DRM_HDMITX_PROP_AVMUTE (82), value [0]
05-27 16:11:48.626 290 351 D MesonHwc: DrmProperty: hdmi_hdr_status (83), value [6]
05-27 16:11:48.626 290 351 D MesonHwc: DrmProperty: dv_cap (85), value [0]
05-27 16:11:48.626 290 351 D MesonHwc: DrmProperty: contenttype_cap (89), value [31]
05-27 16:11:48.626 290 351 D MesonHwc: DrmProperty: hdr_priority (91), value [268435472]
05-27 16:11:48.626 290 351 D MesonHwc: DrmProperty: ready (92), value [0]
05-27 16:11:48.626 290 351 D MesonHwc: DrmProperty: allm_cap (95), value [0]
05-27 16:11:48.626 290 351 D MesonHwc: DrmProperty: dc_cap (96), value [1016]
05-27 16:11:48.626 290 351 E MesonHwc: dolby vision driver is not ready
05-27 16:11:48.628 290 351 I MesonHwc: hdr_preference (dolby_vision)
05-27 16:11:48.629 290 351 E MesonHwc: dolby vision driver is not ready
05-27 16:11:48.629 290 351 D MesonHwc: dolby version:0, dv3:0, hlg:0, hdr10:0, hdr10+:0 max:0, avg:0, min:0
05-27 16:11:48.629 290 351 D MesonHwc: dolby version 4k30:0
05-27 16:11:48.629 290 351 D MesonHwc: Connector HDMI-A loadDisplayModes get 22 modes
05-27 16:11:48.629 290 351 D MesonHwc: add fraction display mode (1920x1080p120hz)
05-27 16:11:48.629 290 351 I MesonHwc: add display mode (1920x1080p120hz-1920x1080p120hz-110, 1920x1080, 120.000000) dpi(42406,42203), hskew(1)
05-27 16:11:48.629 290 351 D MesonHwc: add fraction display mode (smpte24hz)
05-27 16:11:48.629 290 351 I MesonHwc: add display mode (smpte24hz-smpte24hz-111, 4096x2160, 24.000000) dpi(90468,84406), hskew(1)
05-27 16:11:48.629 290 351 D MesonHwc: add fraction display mode (2160p30hz)
05-27 16:11:48.629 290 351 I MesonHwc: add display mode (2160p30hz-2160p30hz-112, 3840x2160, 30.000000) dpi(84813,84406), hskew(1)
05-27 16:11:48.629 290 351 I MesonHwc: add display mode (2160p25hz-2160p25hz-113, 3840x2160, 25.000000) dpi(84813,84406), hskew(1)
05-27 16:11:48.629 290 351 D MesonHwc: add fraction display mode (2160p24hz)
05-27 16:11:48.629 290 351 I MesonHwc: add display mode (2160p24hz-2160p24hz-114, 3840x2160, 24.000000) dpi(84813,84406), hskew(1)
05-27 16:11:48.629 290 351 D MesonHwc: add fraction display mode (1920x1080i120hz)
05-27 16:11:48.629 290 351 I MesonHwc: add display mode (1920x1080i120hz-1920x1080i120hz-115, 1920x1080, 120.000000) dpi(42406,42203), hskew(1)
05-27 16:11:48.629 290 351 D MesonHwc: add fraction display mode (1080p60hz)
05-27 16:11:48.629 290 351 I MesonHwc: add display mode (1080p60hz-1080p60hz-116, 1920x1080, 60.000000) dpi(42406,42203), hskew(1)
05-27 16:11:48.629 290 351 D MesonHwc: add fraction display mode (1080i60hz)
05-27 16:11:48.629 290 351 I MesonHwc: add display mode (1080i60hz-1080i60hz-117, 1920x1080, 60.000000) dpi(42406,42203), hskew(1)
05-27 16:11:48.629 290 351 I MesonHwc: add display mode (1080p50hz-1080p50hz-118, 1920x1080, 50.000000) dpi(42406,42203), hskew(1)
05-27 16:11:48.629 290 351 I MesonHwc: add display mode (1080i50hz-1080i50hz-119, 1920x1080, 50.000000) dpi(42406,42203), hskew(1)
05-27 16:11:48.629 290 351 D MesonHwc: add fraction display mode (1080p30hz)
05-27 16:11:48.629 290 351 I MesonHwc: add display mode (1080p30hz-1080p30hz-120, 1920x1080, 30.000000) dpi(42406,42203), hskew(1)
05-27 16:11:48.629 290 351 D MesonHwc: add fraction display mode (1080p24hz)
05-27 16:11:48.629 290 351 I MesonHwc: add display mode (1080p24hz-1080p24hz-121, 1920x1080, 24.000000) dpi(42406,42203), hskew(1)
05-27 16:11:48.629 290 351 D MesonHwc: add fraction display mode (1280x720p120hz)
05-27 16:11:48.629 290 351 I MesonHwc: add display mode (1280x720p120hz-1280x720p120hz-122, 1280x720, 120.000000) dpi(28271,28135), hskew(1)
05-27 16:11:48.629 290 351 D MesonHwc: add fraction display mode (720p60hz)
05-27 16:11:48.629 290 351 I MesonHwc: add display mode (720p60hz-720p60hz-123, 1280x720, 60.000000) dpi(28271,28135), hskew(1)
05-27 16:11:48.629 290 351 I MesonHwc: add display mode (720p50hz-720p50hz-124, 1280x720, 50.000000) dpi(28271,28135), hskew(1)
05-27 16:11:48.629 290 351 D MesonHwc: add fraction display mode (720p30hz)
05-27 16:11:48.629 290 351 I MesonHwc: add display mode (720p30hz-720p30hz-125, 1280x720, 30.000000) dpi(28271,28135), hskew(1)
05-27 16:11:48.629 290 351 D MesonHwc: add fraction display mode (720p24hz)
05-27 16:11:48.629 290 351 I MesonHwc: add display mode (720p24hz-720p24hz-126, 1280x720, 24.000000) dpi(28271,28135), hskew(1)
05-27 16:11:48.629 290 351 I MesonHwc: add display mode (576p50hz-576p50hz-129, 720x576, 50.000000) dpi(15902,22508), hskew(1)
05-27 16:11:48.629 290 351 I MesonHwc: add display mode (576i50hz-576i50hz-131, 720x576, 50.000000) dpi(15902,22508), hskew(1)
05-27 16:11:48.630 290 351 D MesonHwc: add fraction display mode (720x480p120hz)
05-27 16:11:48.630 290 351 I MesonHwc: add display mode (720x480p120hz-720x480p120hz-132, 720x480, 120.000000) dpi(15902,18756), hskew(1)
05-27 16:11:48.630 290 351 D MesonHwc: add fraction display mode (480p60hz)
05-27 16:11:48.630 290 351 I MesonHwc: add display mode (480p60hz-480p60hz-133, 720x480, 60.000000) dpi(15902,18756), hskew(1)
05-27 16:11:48.630 290 351 D MesonHwc: add fraction display mode (480i60hz)
05-27 16:11:48.630 290 351 I MesonHwc: add display mode (480i60hz-480i60hz-134, 720x480, 60.000000) dpi(15902,18756), hskew(1)
05-27 16:11:48.630 290 351 I MesonHwc: loadDisplayModes (38) end
05-27 16:11:48.630 290 351 D MesonHwc: HwcDisplayPipe::updatePipe 0.
05-27 16:11:48.630 290 346 E MesonHwc: getCrtc by id(0) failed.
05-27 16:11:48.630 290 346 V MesonDisplayServer: GetDisplayMode:
05-27 16:11:48.630 320 328 I SystemControl: [/DisplayMode.cpp, getDisplayMode, 2331] getDisplayMode mode:
05-27 16:11:48.630 320 328 I SystemControl: [/Ubootenv.cpp, get, 336] [ubootenv] get key:hdmimode envValue: 576p50hz
05-27 16:11:48.630 320 328 I SystemControl: [/Ubootenv.cpp, get, 336] [ubootenv] get key:cvbsmode envValue: 576cvbs
05-27 16:11:48.630 320 328 I SystemControl: [/DisplayMode.cpp, getCommonData, 1542] hdmi_current_mode:, ubootenv hdmimode:576p50hz cvbsmode:576cvbs
05-27 16:11:48.630 320 371 I SystemControl: [/Ubootenv.cpp, get, 345] [ubootenv] search end and not find env:connector_type
05-27 16:11:48.631 290 346 E MesonHwc: getCrtc by id(0) failed.
05-27 16:11:48.631 290 346 D MesonDisplayServer: use connector getDisplayAttribute "HDMI Color ATTR": "444,8bit"
05-27 16:11:48.631 320 328 I SystemControl: [/Ubootenv.cpp, get, 345] [ubootenv] search end and not find env:user_colorattribute
05-27 16:11:48.631 320 328 I SystemControl: [/DisplayMode.cpp, getCommonData, 1554] hdmi_current_attr:444,8bit, ubootenv_colorattribute:none
05-27 16:11:48.631 320 328 I SystemControl: [/Ubootenv.cpp, get, 345] [ubootenv] search end and not find env:dv_enable
05-27 16:11:48.631 320 328 I SystemControl: [/DisplayMode.cpp, getCommonData, 1567] dv_enable:0
05-27 16:11:48.631 320 328 I SystemControl: [/Ubootenv.cpp, get, 345] [ubootenv] search end and not find env:user_prefer_dv_type
05-27 16:11:48.631 320 328 I SystemControl: [/DisplayMode.cpp, getCommonData, 1578] ubootenv_dv_type:0
05-27 16:11:48.631 320 328 I SystemControl: [/DisplayMode.cpp, getHdmiData, 1721] display sink type:1 [0:none, 1:sink, 2:repeater]
05-27 16:11:48.632 320 328 I SystemControl: [/DisplayMode.cpp, filterHdmiDispcap, 1398] before filtered HdmiDispcap: 1080p60hz
05-27 16:11:48.632 320 328 I SystemControl: 1080p50hz
05-27 16:11:48.632 320 328 I SystemControl: 1080i50hz
05-27 16:11:48.632 320 328 I SystemControl: 1080i60hz
05-27 16:11:48.632 320 328 I SystemControl: 720p50hz
05-27 16:11:48.632 320 328 I SystemControl: 720p60hz
05-27 16:11:48.632 320 328 I SystemControl: 1080p24hz
05-27 16:11:48.632 320 328 I SystemControl: 1080p30hz
05-27 16:11:48.632 320 328 I SystemControl: 720p24hz
05-27 16:11:48.632 320 328 I SystemControl: 720p30hz
05-27 16:11:48.632 320 328 I SystemControl: 576p50hz
05-27 16:11:48.632 320 328 I SystemControl: 576i50hz
05-27 16:11:48.632 320 328 I SystemControl: 480p60hz
05-27 16:11:48.632 320 328 I SystemControl: 480i60hz
05-27 16:11:48.632 320 328 I SystemControl: 1280x720p120hz
05-27 16:11:48.632 320 328 I SystemControl: 1920x1080i120hz
05-27 16:11:48.632 320 328 I SystemControl: 1920x1080p120hz
05-27 16:11:48.632 320 328 I SystemControl: 720x480p120hz
05-27 16:11:48.632 320 328 I SystemControl: 2160p30hz
05-27 16:11:48.632 320 328 I SystemControl: 2160p25hz
05-27 16:11:48.632 320 328 I SystemControl: 2160p24hz
05-27 16:11:48.632 320 328 I SystemControl: smpte24hz
05-27 16:11:48.632 320 328 I SystemControl:
05-27 16:11:48.633 320 328 I SystemControl: [/DisplayMode.cpp, filterHdmiDispcap, 1427] after filtered HdmiDispcap: 1080p60hz
05-27 16:11:48.633 320 328 I SystemControl: 1080p50hz
05-27 16:11:48.633 320 328 I SystemControl: 1080i50hz
05-27 16:11:48.633 320 328 I SystemControl: 1080i60hz
05-27 16:11:48.633 320 328 I SystemControl: 720p50hz
05-27 16:11:48.633 320 328 I SystemControl: 720p60hz
05-27 16:11:48.633 320 328 I SystemControl: 1080p24hz
05-27 16:11:48.633 320 328 I SystemControl: 1080p30hz
05-27 16:11:48.633 320 328 I SystemControl: 720p24hz
05-27 16:11:48.633 320 328 I SystemControl: 720p30hz
05-27 16:11:48.633 320 328 I SystemControl: 576p50hz
05-27 16:11:48.633 320 328 I SystemControl: 576i50hz
05-27 16:11:48.633 320 328 I SystemControl: 480p60hz
05-27 16:11:48.633 320 328 I SystemControl: 480i60hz
05-27 16:11:48.633 320 328 I SystemControl: 1280x720p120hz
05-27 16:11:48.633 320 328 I SystemControl: 1920x1080i120hz
05-27 16:11:48.633 320 328 I SystemControl: 1920x1080p120hz
05-27 16:11:48.633 320 328 I SystemControl: 2160p30hz
05-27 16:11:48.633 320 328 I SystemControl: 2160p25hz
05-27 16:11:48.633 320 328 I SystemControl: 2160p24hz
05-27 16:11:48.633 320 328 I SystemControl: smpte24hz
05-27 16:11:48.633 320 328 I SystemControl:
05-27 16:11:48.633 495 495 D hdmiconnection: port id:0 physical:2000
05-27 16:11:48.633 290 346 E MesonHwc: getCrtc by id(0) failed.
05-27 16:11:48.633 290 346 D MesonDisplayServer: getDisplayAttribute "Dolby Vision CAP2": "The Rx don't support DolbyVision"
05-27 16:11:48.634 715 715 D HDMI : initPortInfo port info:port_id: 0, type: HDMI_OUT, address: 0x2000, cec: true, arc: true, mhl: false, earc: false
05-27 16:11:48.634 320 328 E SystemControl: [/DisplayMode.cpp, getHdmiDvCap, 1618] TV isn't support dolby vision: The Rx don't support DolbyVision
05-27 16:11:48.634 320 328 I SystemControl: [/DisplayMode.cpp, onTxEvent, 3294] onTxEvent boot config enable do nothing, just return
05-27 16:11:48.634 320 328 I SystemControl: [/UEventObserver.cpp, HDMITxUenventThreadLoop, 451] HDMI TX switch_name:hdmitx_audio, switch_state: 1
05-27 16:11:48.634 320 328 I SystemControl: [/DisplayMode.cpp, onTxEvent, 3267] onTxEvent switchName:hdmitx_audio hpdstate:1 state: 1
05-27 16:11:48.634 320 328 I SystemControl: [/SysWrite.cpp, getKernelReleaseVersion, 701] getKernelReleaseVersion: 5.15
05-27 16:11:48.634 320 328 I SystemControl: [/SystemControlHal.cpp, onEvent, 72] onEvent event:5, client size:5
05-27 16:11:48.634 489 489 I hdmicecd: [HdmiCecControl]:clearLogicaladdress
05-27 16:11:48.634 488 509 I SystemControlClient: notifyCallback event type:5
05-27 16:11:48.634 488 509 I SystemControlClient: notifyCallback: listener is NULL.
05-27 16:11:48.635 486 592 I SystemControlClient: notifyCallback event type:5
05-27 16:11:48.635 486 592 I SystemControlClient: notifyCallback: listener is NULL.
05-27 16:11:48.635 487 516 I SystemControlClient: notifyCallback event type:5
05-27 16:11:48.635 487 516 I SystemControlClient: notifyCallback: listener is NULL.
05-27 16:11:48.635 240 800 I SystemControlClient: notifyCallback event type:5
05-27 16:11:48.635 240 800 I SystemControlClient: notifyCallback: listener is NULL.
05-27 16:11:48.635 1053 1179 I SystemControlEvent: system control callback event: 5
05-27 16:11:48.635 715 715 I AS.AudioDeviceInventory: not sending NOISY: state=1
05-27 16:11:48.635 320 328 I SystemControl: [/UEventObserver.cpp, HDMITxUenventThreadLoop, 451] HDMI TX switch_name:hdmitx_current_status, switch_state: 127
05-27 16:11:48.635 290 351 D MesonHwc: sc_read_bootenv val is empty
05-27 16:11:48.636 290 351 D MesonHwc: getConnectorType, get ubootenv.var.connector_type from uboot env, return (null)
05-27 16:11:48.636 290 351 D MesonHwc: getConnectorType-0 get connector type hdmi--65536
05-27 16:11:48.636 290 351 D MesonHwc: getConnectorCfg: get display 0, connector 11
05-27 16:11:48.636 290 351 E MesonHwc: FixedDisplayPipe::getConnectorCfg 11
05-27 16:11:48.636 290 351 D MesonHwc: HwcDisplayPipe::updatePipe (0) [CHANGED], crtc (0) connector (11)
05-27 16:11:48.636 290 351 D MesonHwc: HwcDisplayPipe::updatePipe 0 changed
05-27 16:11:48.636 290 351 D MesonHwc: ERR: PLEASE FIX NON-IMPLEMENT FUN(update).
05-27 16:11:48.636 715 873 D AudioService: setWiredDeviceConnectionState( type:400 state:DEVICE_STATE_AVAILABLE addr: name:) from android
05-27 16:11:48.636 715 873 I AS.AudioDeviceInventory: handleDeviceConnection(true dev:400 address: name:)
05-27 16:11:48.636 290 351 D MesonHwc: DrmProperty: EDID (1), value [140]
05-27 16:11:48.636 715 873 I AS.AudioDeviceInventory: deviceKey:0x400:
05-27 16:11:48.636 715 873 I AS.AudioDeviceInventory: deviceInfo:null is(already)Connected:false
05-27 16:11:48.636 290 351 D MesonHwc: DrmProperty: content type (77), value [0]
05-27 16:11:48.636 290 351 D MesonHwc: DrmProperty: vrr_capable (78), value [0]
05-27 16:11:48.636 290 351 D MesonHwc: DrmProperty: UPDATE (79), value [0]
05-27 16:11:48.636 290 351 D MesonHwc: DrmProperty: color_depth (80), value [8]
05-27 16:11:48.636 290 351 D MesonHwc: DrmProperty: color_space (81), value [2]
05-27 16:11:48.636 290 351 D MesonHwc: DrmProperty: MESON_DRM_HDMITX_PROP_AVMUTE (82), value [0]
05-27 16:11:48.636 290 351 D MesonHwc: DrmProperty: hdmi_hdr_status (83), value [6]
05-27 16:11:48.636 290 351 D MesonHwc: DrmProperty: dv_cap (85), value [0]
05-27 16:11:48.636 290 351 D MesonHwc: DrmProperty: contenttype_cap (89), value [31]
05-27 16:11:48.636 290 351 D MesonHwc: DrmProperty: hdr_priority (91), value [268435472]
05-27 16:11:48.636 290 351 D MesonHwc: DrmProperty: ready (92), value [0]
05-27 16:11:48.636 290 351 D MesonHwc: DrmProperty: allm_cap (95), value [0]
05-27 16:11:48.636 290 351 D MesonHwc: DrmProperty: dc_cap (96), value [1016]
05-27 16:11:48.637 290 351 E MesonHwc: dolby vision driver is not ready
05-27 16:11:48.638 478 542 I audio_hw_hal_primary: [adev_set_parameters:4123] dev:0xefd014a0, kv: set_ARC_hdmi=updated_sad
05-27 16:11:48.638 478 542 D audio_hw_hal_hfp: [audio_extn_hfp_set_parameters:739] audio_extn_hfp_set_parameters
05-27 16:11:48.639 478 478 I audio_hw_hal_primary: [adev_set_device_connected_state_v7:9037] connected address:, num_descriptors:0, num_profiles:0
05-27 16:11:48.639 478 478 I audio_hw_hal_primary: [set_device_connect_state:4044] state:1, dev:OUT_HDMI(0x400), pre_out:0x80002, pre_in:0x4
05-27 16:11:48.639 478 478 D audio_hw_hal_resourcemgr: [set_output_device_avail:353] device:0x400 avail_out_devices:400 routed_out_devices:0x400
05-27 16:11:48.639 478 478 D audio_hw_hal_stream: update_sink_format_after_hotplug() active stream 0xefc45d80
05-27 16:11:48.639 478 478 D audio_hw_hal_profile: get_hdmi_sink_cap_new is running...
05-27 16:11:48.640 478 478 D audio_hw_hal_profile: query hdmi format...
05-27 16:11:48.640 478 478 D audio_hw_hal_profile: get_hdmi_sink_cap_new ddp is supported; ddp-joc(atmos) is supported;
05-27 16:11:48.640 478 478 I audio_hw_hal_profile: get_hdmi_sink_cap_new dts-hd vendor special byte3:0x1
05-27 16:11:48.640 478 478 I audio_hw_hal_profile: PCM cap Max channel =2
05-27 16:11:48.640 478 478 I audio_hw_hal_stream: get_sink_capability mbox+dvb case sink_capability = 0x24000000
05-27 16:11:48.640 478 478 I audio_hw_hal_stream: force ddp out =0
05-27 16:11:48.640 478 478 D audio_hw_hal_profile: get_hdmi_sink_cap_new is running...
05-27 16:11:48.640 478 478 D audio_hw_hal_profile: query hdmi format...
05-27 16:11:48.640 478 478 D audio_hw_hal_profile: get_hdmi_sink_cap_new ddp is supported; ddp-joc(atmos) is supported;
05-27 16:11:48.640 478 478 I audio_hw_hal_profile: get_hdmi_sink_cap_new dts-hd vendor special byte3:0x1
05-27 16:11:48.640 478 478 I audio_hw_hal_profile: PCM cap Max channel =2
05-27 16:11:48.640 478 478 I audio_hw_hal_stream: [get_sink_dts_capability:212] mbox+dvb case sink_capability: DTS(0xb000000)
05-27 16:11:48.640 478 478 D audio_hw_hal_profile: get_hdmi_sink_cap_new is running...
05-27 16:11:48.640 478 478 D audio_hw_hal_profile: query hdmi format...
05-27 16:11:48.640 478 478 D audio_hw_hal_profile: get_hdmi_sink_cap_new ddp is supported; ddp-joc(atmos) is supported;
05-27 16:11:48.640 478 478 I audio_hw_hal_profile: get_hdmi_sink_cap_new dts-hd vendor special byte3:0x1
05-27 16:11:48.640 478 478 I audio_hw_hal_profile: PCM cap Max channel =2
05-27 16:11:48.640 478 478 I audio_hw_hal_stream: [get_sink_mpegh_capability:245] mbox+dvb case sink_capability: PCM_16_BIT(0x1)
05-27 16:11:48.640 478 478 D audio_hw_hal_profile: get_hdmi_sink_cap_new is running...
05-27 16:11:48.640 478 478 D audio_hw_hal_profile: [get_hdmi_sink_cap_new:960] query hdmi sample_rate... format: PCM_16_BIT(0x1)
05-27 16:11:48.640 478 478 I audio_hw_hal_profile: get_hdmi_sink_cap_new format =0x1 support rate =sup_sampling_rates=32000|44100|48000|88200|96000|176400|192000
05-27 16:11:48.640 478 478 I audio_hw_hal_stream: pcm_fmt support sample_rate_mask:0x7f
05-27 16:11:48.641 478 478 I audio_hw_hal_stream: get_sink_dv_capability : /sys/class/amhdmitx/amhdmitx0/hdmi_hdr_status = SDR
05-27 16:11:48.641 478 478 I audio_hw_hal_stream: get_sink_dv_capability : dv enable 0
05-27 16:11:48.641 478 478 I audio_hw_hal_stream: [get_sink_format:446] out:0xefc45d80 out devices:0x80002 cur_out_devices:0x400 format:PCM_16_BIT(0x1) digital_mode(AUTO) sink cap:MAT(0x24000000)
05-27 16:11:48.641 478 478 I audio_hw_hal_stream: get_sink_format() HDMI ARC or mbox + dvb case
05-27 16:11:48.641 478 478 I audio_hw_hal_stream: [get_sink_format:645] sink_format:MAT(0x24000000) max channel:2 optical_format:MAT(0x24000000) dual_output 0
05-27 16:11:48.641 478 478 I audio_hw_hal_ms12common: audiohal_send_msg_2_ms12 mesg_type:MS12_MESG_TYPE_RESET_MS12_ENCODER entry
05-27 16:11:48.641 478 671 D audio_hw_hal_ms12common: ms12_message_threadloop(), msg type: MS12_MESG_TYPE_RESET_MS12_ENCODER
05-27 16:11:48.641 478 671 I audio_hw_hal_ms12v2: +dolby_ms12_encoder_reconfig()
05-27 16:11:48.641 478 671 D libdolbyms12: mch_enable 0
05-27 16:11:48.641 290 351 I MesonHwc: hdr_preference (dolby_vision)
05-27 16:11:48.641 478 671 D audio_hw_hal_continuous_standby: audio_continuous_standby_set, type 1, params 12
05-27 16:11:48.641 478 671 D audio_hw_hal_ms12common: ms12_message_threadloop mesg_list is empty, loop waiting......
05-27 16:11:48.641 478 478 I audio_hw_hal_ms12common: audiohal_send_msg_2_ms12 mesg_type:MS12_MESG_TYPE_RESET_MS12_ENCODER exit
05-27 16:11:48.641 478 478 D audio_hw_hal_ms12v2: set_dolby_ms12_continuous_state audio_continuous_standby_set status 0
05-27 16:11:48.641 478 478 D audio_hw_hal_continuous_standby: audio_continuous_standby_set, type 0, params 0
05-27 16:11:48.641 290 351 E MesonHwc: dolby vision driver is not ready
05-27 16:11:48.641 478 478 I audio_hw_hal_ms12common: aml_set_ms12_scheduler_state ms12_scheduler_state:0, sch_state:0 SCHEDULER_RUNNING is sent to ms12
05-27 16:11:48.641 290 351 D MesonHwc: dolby version:0, dv3:0, hlg:0, hdr10:0, hdr10+:0 max:0, avg:0, min:0
05-27 16:11:48.641 290 351 D MesonHwc: dolby version 4k30:0
05-27 16:11:48.641 290 351 D MesonHwc: Connector HDMI-A loadDisplayModes get 22 modes
05-27 16:11:48.641 290 351 D MesonHwc: add fraction display mode (1920x1080p120hz)
05-27 16:11:48.641 290 351 I MesonHwc: add display mode (1920x1080p120hz-1920x1080p120hz-110, 1920x1080, 120.000000) dpi(42406,42203), hskew(1)
05-27 16:11:48.641 290 351 D MesonHwc: add fraction display mode (smpte24hz)
05-27 16:11:48.641 290 351 I MesonHwc: add display mode (smpte24hz-smpte24hz-111, 4096x2160, 24.000000) dpi(90468,84406), hskew(1)
05-27 16:11:48.641 290 351 D MesonHwc: add fraction display mode (2160p30hz)
05-27 16:11:48.641 290 351 I MesonHwc: add display mode (2160p30hz-2160p30hz-112, 3840x2160, 30.000000) dpi(84813,84406), hskew(1)
05-27 16:11:48.641 290 351 I MesonHwc: add display mode (2160p25hz-2160p25hz-113, 3840x2160, 25.000000) dpi(84813,84406), hskew(1)
05-27 16:11:48.641 290 351 D MesonHwc: add fraction display mode (2160p24hz)
05-27 16:11:48.641 290 351 I MesonHwc: add display mode (2160p24hz-2160p24hz-114, 3840x2160, 24.000000) dpi(84813,84406), hskew(1)
05-27 16:11:48.641 290 351 D MesonHwc: add fraction display mode (1920x1080i120hz)
05-27 16:11:48.641 290 351 I MesonHwc: add display mode (1920x1080i120hz-1920x1080i120hz-115, 1920x1080, 120.000000) dpi(42406,42203), hskew(1)
05-27 16:11:48.642 290 351 D MesonHwc: add fraction display mode (1080p60hz)
05-27 16:11:48.642 290 351 I MesonHwc: add display mode (1080p60hz-1080p60hz-116, 1920x1080, 60.000000) dpi(42406,42203), hskew(1)
05-27 16:11:48.642 290 351 D MesonHwc: add fraction display mode (1080i60hz)
05-27 16:11:48.642 290 351 I MesonHwc: add display mode (1080i60hz-1080i60hz-117, 1920x1080, 60.000000) dpi(42406,42203), hskew(1)
05-27 16:11:48.642 290 351 I MesonHwc: add display mode (1080p50hz-1080p50hz-118, 1920x1080, 50.000000) dpi(42406,42203), hskew(1)
05-27 16:11:48.642 290 351 I MesonHwc: add display mode (1080i50hz-1080i50hz-119, 1920x1080, 50.000000) dpi(42406,42203), hskew(1)
05-27 16:11:48.642 290 351 D MesonHwc: add fraction display mode (1080p30hz)
05-27 16:11:48.642 290 351 I MesonHwc: add display mode (1080p30hz-1080p30hz-120, 1920x1080, 30.000000) dpi(42406,42203), hskew(1)
05-27 16:11:48.642 290 351 D MesonHwc: add fraction display mode (1080p24hz)
05-27 16:11:48.642 290 351 I MesonHwc: add display mode (1080p24hz-1080p24hz-121, 1920x1080, 24.000000) dpi(42406,42203), hskew(1)
05-27 16:11:48.642 290 351 D MesonHwc: add fraction display mode (1280x720p120hz)
05-27 16:11:48.642 290 351 I MesonHwc: add display mode (1280x720p120hz-1280x720p120hz-122, 1280x720, 120.000000) dpi(28271,28135), hskew(1)
05-27 16:11:48.642 290 351 D MesonHwc: add fraction display mode (720p60hz)
05-27 16:11:48.642 290 351 I MesonHwc: add display mode (720p60hz-720p60hz-123, 1280x720, 60.000000) dpi(28271,28135), hskew(1)
05-27 16:11:48.642 290 351 I MesonHwc: add display mode (720p50hz-720p50hz-124, 1280x720, 50.000000) dpi(28271,28135), hskew(1)
05-27 16:11:48.642 290 351 D MesonHwc: add fraction display mode (720p30hz)
05-27 16:11:48.642 290 351 I MesonHwc: add display mode (720p30hz-720p30hz-125, 1280x720, 30.000000) dpi(28271,28135), hskew(1)
05-27 16:11:48.642 290 351 D MesonHwc: add fraction display mode (720p24hz)
05-27 16:11:48.642 290 351 I MesonHwc: add display mode (720p24hz-720p24hz-126, 1280x720, 24.000000) dpi(28271,28135), hskew(1)
05-27 16:11:48.642 290 351 I MesonHwc: add display mode (576p50hz-576p50hz-129, 720x576, 50.000000) dpi(15902,22508), hskew(1)
05-27 16:11:48.642 290 351 I MesonHwc: add display mode (576i50hz-576i50hz-130, 720x576, 50.000000) dpi(15902,22508), hskew(1)
05-27 16:11:48.642 290 351 D MesonHwc: add fraction display mode (720x480p120hz)
05-27 16:11:48.642 290 351 I MesonHwc: add display mode (720x480p120hz-720x480p120hz-131, 720x480, 120.000000) dpi(15902,18756), hskew(1)
05-27 16:11:48.642 290 351 D MesonHwc: add fraction display mode (480p60hz)
05-27 16:11:48.642 290 351 I MesonHwc: add display mode (480p60hz-480p60hz-132, 720x480, 60.000000) dpi(15902,18756), hskew(1)
05-27 16:11:48.642 290 351 D MesonHwc: add fraction display mode (480i60hz)
05-27 16:11:48.642 290 351 I MesonHwc: add display mode (480i60hz-480i60hz-133, 720x480, 60.000000) dpi(15902,18756), hskew(1)
05-27 16:11:48.642 290 351 I MesonHwc: loadDisplayModes (38) end
05-27 16:11:48.642 478 478 W DeviceHAL: Error from HAL Device in function get_audio_port_v7: Function not implemented
05-27 16:11:48.642 290 351 D MesonHwc: unbind pipe (0)
05-27 16:11:48.642 290 351 D MesonHwc: bind pipe (0),crtc(63)connector(75)
05-27 16:11:48.642 290 351 D MesonHwc: RealModeMgr::update: nextModeId:495
05-27 16:11:48.642 290 351 D MesonHwc: RealModeMgr::update use previous mode (720x576-50.00)
05-27 16:11:48.642 290 351 D MesonHwc: updatePipe connector:HDMI-A, connected:1
05-27 16:11:48.643 535 2034 I AudioFlinger: openOutput() this 0xed5c2fe0, module 10 Device AUDIO_DEVICE_OUT_HDMI, @:, SamplingRate 32000, Format 0x9000000, Channels 0x1, flags 0x51
05-27 16:11:48.643 478 478 D audio_hw_hal_primary: [adev_open_output_stream_new:7868] enter: dev=0xefd014a0 handle=555 devices=0x400/'HDMI,' flags=0x51/'DIRECT,COMPRESS_OFFLOAD,HW_AV_SYNC,' config=(rt=32000 ch_mask=0x1 fmt=0x9000000) address=''
05-27 16:11:48.643 478 478 D audio_hw_hal_primary: adev_open_output_stream_new: enter
05-27 16:11:48.643 478 478 I audio_hw_hal_primary: [adev_open_output_stream:3285] io 1365: out:0xefc4baf0 dev:OUT_HDMI(0x400) addr:
05-27 16:11:48.643 478 478 I audio_hw_hal_primary: [adev_open_output_stream:3287] ch_mask:0x1 rate:32000 format:AC3(0x9000000) flags:0x51
05-27 16:11:48.643 478 478 I audio_hw_hal_primary: adev_open_output_stream: for raw audio output,force alsa stereo output
05-27 16:11:48.643 478 478 D audio_hw_hal_primary: [adev_open_output_stream:3573] format=AC3 rate=32000
05-27 16:11:48.643 478 478 I audio_hw_hal_primary: [adev_open_output_stream:3610] result profile ch_mask:0x1 rate:32000 format:AC3(0x9000000) usecase:RAW_HWSYNC
05-27 16:11:48.643 478 478 I audio_hw_hal_utils: aml_get_stream_dump_file_name line 2929 file_name /data/vendor/audiohal/stream_pid478_tid478.dd
05-27 16:11:48.643 478 478 I audio_hw_hal_primary: [adev_open_output_stream_new:8037] io 1365: out: 0xefc4baf0 card:0 alsa devices:0 exit ------
05-27 16:11:48.644 478 673 D libdolbyms12: set runtime mch_enable 0
05-27 16:11:48.644 478 478 I audio_hw_hal_primary: [out_get_buffer_size:552] out:0xefc4baf0 config.rate=32000, format:AC3(0x9000000), stream format:AC3(0x9000000)
05-27 16:11:48.644 535 2034 I AudioFlinger: HAL output buffer size 2048 frames, normal sink buffer size 2048 frames
05-27 16:11:48.645 478 478 I audio_hw_hal_primary: [audiohal_get_latency:1333] io 1365: out:0xefc4baf0 frames:1152 rate:32000 whole_latency:36 alsa_latency:36
05-27 16:11:48.645 478 542 I audio_hw_hal_primary: [out_set_event_callback:3158] io 1365: out:0xefc4baf0, callback:0xf1b4091d cookie:0xf22007f0
05-27 16:11:48.645 478 478 I audio_hw_hal_primary: [audiohal_get_latency:1333] io 1365: out:0xefc4baf0 frames:1024 rate:32000 whole_latency:32 alsa_latency:32
05-27 16:11:48.645 290 351 D MesonHwc: Update period 1107a76->1312d00
05-27 16:11:48.646 478 478 I audio_hw_hal_primary: [audiohal_get_latency:1333] io 1365: out:0xefc4baf0 frames:1024 rate:32000 whole_latency:32 alsa_latency:32
05-27 16:11:48.646 290 351 D MesonHwc: Update period 1107a76->1312d00
05-27 16:11:48.646 290 351 D MesonHwc: Update period 1107a76->1312d00
05-27 16:11:48.646 290 351 I MesonHwc: HwcConfig::default frame buffer size (1920 x 1080)
05-27 16:11:48.646 290 351 D MesonHwc: [setConnectorStatus]: power mode 1
05-27 16:11:48.647 290 351 D MesonHwc: Update composition MultiplanesWithDiComposition -> MultiplanesWithDiComposition
05-27 16:11:48.647 290 351 D MesonHwc: getSupportedContentTypes: DrmConnector HDMI-A get supported content type 1
05-27 16:11:48.647 535 4933 I AudioFlinger: AudioFlinger's thread 0xe78f4760 tid=4933 ready to run
05-27 16:11:48.647 290 351 D MesonHwc: getSupportedContentTypes: DrmConnector HDMI-A get supported content type 2
05-27 16:11:48.647 290 351 D MesonHwc: getSupportedContentTypes: DrmConnector HDMI-A get supported content type 3
05-27 16:11:48.647 290 351 D MesonHwc: getSupportedContentTypes: DrmConnector HDMI-A get supported content type 4
05-27 16:11:48.647 290 351 D MesonHwc: [setPendingMode] pending modes vector empty
05-27 16:11:48.647 290 351 D MesonHwc: displayID:0, On hot plug: [Plug in]
05-27 16:11:48.647 290 351 D MesonHwc: ModePolicy handle hotplug:1
05-27 16:11:48.647 290 351 V MesonDisplayServer: GetDisplayMode:dummy_l
05-27 16:11:48.647 290 351 I MesonHwc: getDisplayMode mode:dummy_l
05-27 16:11:48.647 535 4933 D AudioFlinger: ro.audio.silent is ignored since no output device is set
01-01 08:05:18.393 0 0 I [2 T351 ..] vc: [0]get capability: min 64 64; max 4096 2160
01-01 08:05:18.393 0 0 I [2 T351 ..] vc: [1]get capability: min 64 64; max 2048 1080
05-27 16:11:48.650 535 4933 D AudioFlinger: ro.audio.silent is ignored since no output device is set
05-27 16:11:48.654 320 371 I SystemControl: [/Ubootenv.cpp, get, 336] [ubootenv] get key:hdr_preferred_policy envValue: 0
05-27 16:11:48.655 290 351 D MesonHwc: get key:ubootenv.var.hdr_preferred_policy value:0
05-27 16:11:48.655 290 351 I MesonHwc: getPreferredHdrStrategy is 0
05-27 16:11:48.655 320 371 I SystemControl: [/Ubootenv.cpp, get, 336] [ubootenv] get key:user_hdr_type envValue: 3
05-27 16:11:48.656 290 351 D MesonHwc: get key:ubootenv.var.user_hdr_type value:3
05-27 16:11:48.657 290 351 D MesonHwc: allowedHdrType 0x3
05-27 16:11:48.657 290 351 D MesonDisplayServer: getDisplayAttribute "Dolby Vision CAP2": "The Rx don't support DolbyVision"
05-27 16:11:48.657 290 351 D MesonHwc: hdr_policy:follow sink hdr_priority:HDR10_HLG priority outHdrConversionType:0
05-27 16:11:48.657 290 351 D MesonHwc: set key:ubootenv.var.hdr_policy value:0
05-27 16:11:48.657 320 371 I SystemControl: [/Ubootenv.cpp, updateValue, 68] [ubootenv] update value name [ubootenv.var.hdr_policy]: value [0]
05-27 16:11:48.657 320 371 I SystemControl: [/Ubootenv.cpp, get, 336] [ubootenv] get key:hdr_policy envValue: 0
05-27 16:11:48.658 535 2034 I AudioFlinger: openOutput() this 0xed5c2fe0, module 10 Device AUDIO_DEVICE_OUT_HDMI, @:, SamplingRate 0, Format 00000000, Channels 0, flags 0x4001
