05-27 16:11:52.462 290 351 E MesonHwc: read screen size 0x0 from vinfo
05-27 16:11:52.463 290 351 E MesonHwc: dolby vision driver is not ready
05-27 16:11:52.463 290 351 D MesonHwc: Connector VIRTUAL loadDisplayModes get 1 modes
05-27 16:11:52.463 290 351 I MesonHwc: add display mode (dummy_l-dummy_l-127, 720x480, 56.000000) dpi(0,0), hskew(0)
05-27 16:11:52.463 290 351 I MesonHwc: loadDisplayModes (1) end
05-27 16:11:52.463 290 351 D MesonHwc: HwcDisplayPipe::updatePipe 0.
05-27 16:11:52.463 290 346 V MesonDisplayServer: GetDisplayMode:576p50hz
05-27 16:11:52.463 320 371 I SystemControl: [/Ubootenv.cpp, get, 345] [ubootenv] search end and not find env:connector_type
05-27 16:11:52.463 290 351 D MesonHwc: sc_read_bootenv val is empty
05-27 16:11:52.463 320 328 I SystemControl: [/DisplayMode.cpp, getDisplayMode, 2331] getDisplayMode mode:576p50hz
05-27 16:11:52.463 320 328 I SystemControl: [/Ubootenv.cpp, get, 336] [ubootenv] get key:hdmimode envValue: 576p50hz
05-27 16:11:52.463 320 328 I SystemControl: [/Ubootenv.cpp, get, 336] [ubootenv] get key:cvbsmode envValue: 576cvbs
05-27 16:11:52.463 320 328 I SystemControl: [/DisplayMode.cpp, getCommonData, 1542] hdmi_current_mode:576p50hz, ubootenv hdmimode:576p50hz cvbsmode:576cvbs
05-27 16:11:52.464 290 346 D MesonDisplayServer: use connector getDisplayAttribute "HDMI Color ATTR": "444,8bit"
05-27 16:11:52.464 320 328 I SystemControl: [/Ubootenv.cpp, get, 345] [ubootenv] search end and not find env:user_colorattribute
05-27 16:11:52.464 320 328 I SystemControl: [/DisplayMode.cpp, getCommonData, 1554] hdmi_current_attr:444,8bit, ubootenv_colorattribute:none
05-27 16:11:52.464 320 328 I SystemControl: [/Ubootenv.cpp, get, 345] [ubootenv] search end and not find env:dv_enable
05-27 16:11:52.464 320 328 I SystemControl: [/DisplayMode.cpp, getCommonData, 1567] dv_enable:0
05-27 16:11:52.464 320 328 I SystemControl: [/Ubootenv.cpp, get, 345] [ubootenv] search end and not find env:user_prefer_dv_type
05-27 16:11:52.464 320 328 I SystemControl: [/DisplayMode.cpp, getCommonData, 1578] ubootenv_dv_type:0
05-27 16:11:52.464 320 328 I SystemControl: [/DisplayMode.cpp, getHdmiData, 1721] display sink type:0 [0:none, 1:sink, 2:repeater]
05-27 16:11:52.464 320 328 I SystemControl: [/DisplayMode.cpp, filterHdmiDispcap, 1398] before filtered HdmiDispcap:
05-27 16:11:52.464 320 328 I SystemControl: [/DisplayMode.cpp, filterHdmiDispcap, 1427] after filtered HdmiDispcap:
05-27 16:11:52.465 290 346 D MesonDisplayServer: getDisplayAttribute "Dolby Vision CAP2": "The Rx don't support DolbyVision"
05-27 16:11:52.465 320 328 E SystemControl: [/DisplayMode.cpp, getHdmiDvCap, 1618] TV isn't support dolby vision: The Rx don't support DolbyVision
05-27 16:11:52.465 320 328 I SystemControl: [/DisplayMode.cpp, onTxEvent, 3294] onTxEvent boot config enable do nothing, just return
05-27 16:11:52.465 320 328 I SystemControl: [/UEventObserver.cpp, HDMITxUenventThreadLoop, 451] HDMI TX switch_name:hdmitx_audio, switch_state: 0
05-27 16:11:52.465 320 328 I SystemControl: [/DisplayMode.cpp, onTxEvent, 3267] onTxEvent switchName:hdmitx_audio hpdstate:0 state: 1
05-27 16:11:52.465 320 328 I SystemControl: [/SysWrite.cpp, getKernelReleaseVersion, 701] getKernelReleaseVersion: 5.15
05-27 16:11:52.465 320 328 I SystemControl: [/SystemControlHal.cpp, onEvent, 72] onEvent event:4, client size:5
05-27 16:11:52.465 495 532 I hdmicecd: [HdmiCecControl]:Hotplug event port:0, now:0, prevStatus:1 power:1
05-27 16:11:52.466 488 509 I SystemControlClient: notifyCallback event type:4
05-27 16:11:52.466 488 509 I SystemControlClient: notifyCallback: listener is NULL.
05-27 16:11:52.466 495 532 I hdmiconnection: hot plug port id 0, is connected 0
05-27 16:11:52.466 487 516 I SystemControlClient: notifyCallback event type:4
05-27 16:11:52.466 487 516 I SystemControlClient: notifyCallback: listener is NULL.
05-27 16:11:52.466 240 800 I SystemControlClient: notifyCallback event type:4
05-27 16:11:52.466 240 800 I SystemControlClient: notifyCallback: listener is NULL.
05-27 16:11:52.467 486 592 I SystemControlClient: notifyCallback event type:2
05-27 16:11:52.467 486 592 I SystemControlClient: notifyCallback: listener is NULL.
05-27 16:11:52.467 486 592 I SystemControlClient: notifyCallback event type:4
05-27 16:11:52.467 486 592 I SystemControlClient: notifyCallback: listener is NULL.
05-27 16:11:52.468 1053 1179 I SystemControlEvent: system control callback event: 2
05-27 16:11:52.468 715 715 D HDMI : Hotplug event:[port:0, connected:false]
05-27 16:11:52.468 715 715 D HDMI : reset tv status for hotplug out
05-27 16:11:52.468 715 715 D AudioService: onStatusChange cecEnabled:true available:false
05-27 16:11:52.469 715 715 D AudioService: TV, no CEC: setting HDMI as regular vol device
05-27 16:11:52.469 715 715 D AudioService: Removing DeviceType: 0x400 from mFullVolumeDevices
05-27 16:11:52.469 715 715 D AudioService: Removing DeviceType: 0x400 from mFixedVolumeDevices
05-27 16:11:52.469 715 715 D AudioService: Removing DeviceType: 0x400 from mAbsoluteVolumeDeviceInfoMap
05-27 16:11:52.469 489 489 D hdmicecd: [HdmiCecControl]:getPhysicalAddress, physical addr: ffff, last pa: 2000, ret = 0
05-27 16:11:52.470 715 821 I WiredAccessoryManager: MSG_NEW_DEVICE_STATE
05-27 16:11:52.470 489 519 D hdmicecd: [HdmiCecControl]:getPhysicalAddress, physical addr: ffff, last pa: 2000, ret = 0
05-27 16:11:52.470 290 351 D MesonHwc: getConnectorType, get ubootenv.var.connector_type from uboot env, return (null)
05-27 16:11:52.470 290 351 D MesonHwc: getConnectorType-0 get connector type hdmi--65536
05-27 16:11:52.470 290 351 D MesonHwc: getConnectorCfg: get display 0, connector 13
05-27 16:11:52.472 715 715 I AS.AudioDeviceInventory: NOISY: adding 0x400
05-27 16:11:52.472 715 715 I AS.AudioDeviceInventory: NOISY: musicDevice changing from NONE to 0x400
05-27 16:11:52.474 715 715 I AS.AudioDeviceInventory: dropping ACTION_AUDIO_BECOMING_NOISY
05-27 16:11:52.474 1444 1444 E xxxxxxxxxxxxxxx: onReceive:mIsHDMIPlugged = false
05-27 16:11:52.456 320 320 I systemcontrol: type=1400 audit(0.0:993): avc: denied { call } for scontext=u:r:system_control:s0 tcontext=u:r:hal_power_default:s0 tclass=binder permissive=1
05-27 16:11:52.476 715 873 D AudioService: setWiredDeviceConnectionState( type:400 state:DEVICE_STATE_UNAVAILABLE addr: name:) from android
05-27 16:11:52.476 715 873 I AS.AudioDeviceInventory: handleDeviceConnection(false dev:400 address: name:)
05-27 16:11:52.477 715 873 I AS.AudioDeviceInventory: deviceKey:0x400:
05-27 16:11:52.477 715 873 I AS.AudioDeviceInventory: deviceInfo:[DeviceInfo: type:0x400 (hdmi) name: addr: codec: 0 sensorUuid: null disabled modes: {}] is(already)Connected:true
05-27 16:11:52.477 535 596 I APM_AudioPolicyManager: [setDeviceConnectionState:256] curForceUse:NONE(0) disconnect_forceuse:HDMI(9)
05-27 16:11:52.479 478 1797 I audio_hw_hal_primary: [adev_set_device_connected_state_v7:9037] disconnected address:, num_descriptors:0, num_profiles:7
05-27 16:11:52.479 478 1797 I audio_hw_hal_primary: [set_device_connect_state:4044] state:0, dev:OUT_HDMI(0x400), pre_out:0x80002, pre_in:0x4
05-27 16:11:52.479 478 1797 D audio_hw_hal_resourcemgr: [set_output_device_avail:353] device:0x400 avail_out_devices:400 routed_out_devices:0x400
05-27 16:11:52.480 290 351 D MesonHwc: FixedDisplayPipe::isVMXCertification:0
01-01 08:05:22.230 0 0 I [2 T351 ..] vc: [0]get capability: min 64 64; max 4096 2160
05-27 16:11:52.480 290 351 E MesonHwc: FixedDisplayPipe::getConnectorCfg 15
05-27 16:11:52.480 290 351 D MesonHwc: HwcDisplayPipe::updatePipe (0) [CHANGED], crtc (0) connector (15)
05-27 16:11:52.480 290 351 D MesonHwc: HwcDisplayPipe::updatePipe 0 changed
05-27 16:11:52.480 290 351 D MesonHwc: ERR: PLEASE FIX NON-IMPLEMENT FUN(update).
05-27 16:11:52.480 290 351 E MesonHwc: read screen size 0x0 from vinfo
05-27 16:11:52.480 1053 1179 I SystemControlEvent: system control callback event: 4
05-27 16:11:52.480 290 351 E MesonHwc: dolby vision driver is not ready
05-27 16:11:52.480 290 351 D MesonHwc: Connector VIRTUAL loadDisplayModes get 1 modes
05-27 16:11:52.480 290 351 I MesonHwc: add display mode (dummy_l-dummy_l-127, 720x480, 56.000000) dpi(0,0), hskew(0)
05-27 16:11:52.480 290 351 I MesonHwc: loadDisplayModes (1) end
05-27 16:11:52.480 290 351 D MesonHwc: unbind pipe (0)
05-27 16:11:52.480 290 351 D MesonHwc: bind pipe (0),crtc(63)connector(101)
05-27 16:11:52.480 290 351 D MesonHwc: RealModeMgr::update: nextModeId:524
05-27 16:11:52.482 290 351 D MesonHwc: RealModeMgr::update get current mode:576p50hz
05-27 16:11:52.482 290 351 D MesonHwc: RealModeMgr::update use previous mode (720x576-50.00)
05-27 16:11:52.482 290 351 D MesonHwc: updatePipe connector:VIRTUAL, connected:1
05-27 16:11:52.482 1444 1444 E xxxxxxxxxxxxxxx: onReceive:mIsHDMIPlugged = false
05-27 16:11:52.483 290 351 I MesonHwc: HwcConfig::default frame buffer size (1920 x 1080)
05-27 16:11:52.484 290 351 D MesonHwc: Update composition MultiplanesWithDiComposition -> MultiplanesWithDiComposition
05-27 16:11:52.484 290 351 E MesonHwc: Do Nothing in updateDisplayMode .
05-27 16:11:52.484 290 351 D MesonHwc: [setPendingMode] pending modes vector empty
05-27 16:11:52.484 290 351 D MesonHwc: displayID:0, On hot plug: [Plug out]
05-27 16:11:52.484 290 351 D MesonHwc: ModePolicy handle hotplug:0
05-27 16:11:52.484 290 351 V MesonDisplayServer: GetDisplayMode:576p50hz
05-27 16:11:52.484 290 351 I MesonHwc: getDisplayMode mode:576p50hz
05-27 16:11:52.484 290 351 I MesonHwc: setSysfsStr /sys/devices/virtual/amhdmitx/amhdmitx0/avmute= 1
05-27 16:11:52.485 535 596 W APM::Devices: DeviceVector::remove device 00000400 not in
05-27 16:11:52.488 478 478 D xm_audio: adev_get_parameters
05-27 16:11:52.489 715 873 I AS.AudioDeviceInventory: sendDeviceConnectionIntent(dev:0x400 state:0x0 address: name:);
01-01 08:05:22.230 0 0 I [2 T351 ..] vc: [1]get capability: min 64 64; max 2048 1080
01-01 08:05:22.232 0 0 I [2 T351 ..] [hdmitx: ] avmute_store 1
05-27 16:11:52.490 478 542 D xm_audio: adev_get_parameters
05-27 16:11:52.497 931 931 V MediaRouter: Audio routes updated: AudioRoutesInfo{ type=SPEAKER }, a2dp=false
05-27 16:11:52.497 715 715 V MediaRouter: Audio routes updated: AudioRoutesInfo{ type=SPEAKER }, a2dp=false
05-27 16:11:52.497 931 931 V MediaRouter: Selecting route: RouteInfo{ name=电视, description=null, status=null, category=RouteCategory{ name=系统 types=ROUTE_TYPE_LIVE_AUDIO ROUTE_TYPE_LIVE_VIDEO groupable=false }, supportedTypes=ROUTE_TYPE_LIVE_AUDIO ROUTE_TYPE_LIVE_VIDEO , presentationDisplay=null }
05-27 16:11:52.497 715 715 V MediaRouter: Selecting route: RouteInfo{ name=电视, description=null, status=null, category=RouteCategory{ name=系统 types=ROUTE_TYPE_LIVE_AUDIO ROUTE_TYPE_LIVE_VIDEO groupable=false }, supportedTypes=ROUTE_TYPE_LIVE_AUDIO ROUTE_TYPE_LIVE_VIDEO , presentationDisplay=null }
05-27 16:11:52.505 478 542 D xm_audio: adev_get_parameters
05-27 16:11:52.507 478 542 D xm_audio: adev_get_parameters
05-27 16:11:52.515 478 542 D xm_audio: adev_get_parameters
05-27 16:11:52.516 478 542 D xm_audio: adev_get_parameters
05-27 16:11:52.521 478 542 D xm_audio: adev_get_parameters
05-27 16:11:52.522 478 542 D xm_audio: adev_get_parameters
05-27 16:11:52.526 478 542 D xm_audio: adev_get_parameters
05-27 16:11:52.528 478 542 D xm_audio: adev_get_parameters
05-27 16:11:52.533 478 542 D xm_audio: adev_get_parameters
05-27 16:11:52.534 478 542 D xm_audio: adev_get_parameters
05-27 16:11:52.538 478 542 D xm_audio: adev_get_parameters
05-27 16:11:52.540 478 542 D xm_audio: adev_get_parameters
05-27 16:11:52.544 478 542 D xm_audio: adev_get_parameters
05-27 16:11:52.546 478 542 D xm_audio: adev_get_parameters
05-27 16:11:52.552 478 542 D xm_audio: adev_get_parameters
05-27 16:11:52.553 478 542 D xm_audio: adev_get_parameters
05-27 16:11:52.557 478 542 D xm_audio: adev_get_parameters
05-27 16:11:52.558 478 1797 D xm_audio: adev_get_parameters
05-27 16:11:52.562 478 1797 D xm_audio: adev_get_parameters
05-27 16:11:52.563 478 1797 D xm_audio: adev_get_parameters
05-27 16:11:52.567 478 1797 D xm_audio: adev_get_parameters
05-27 16:11:52.568 478 1797 D xm_audio: adev_get_parameters
05-27 16:11:52.586 290 351 I MesonHwc: setDisplayMode mode:dummy_l
05-27 16:11:52.586 290 351 D MesonDisplayServer: SetDisplay[CVBS] Mode to "dummy_l"
05-27 16:11:52.586 290 351 D MesonHwc: blankDisplay connectorType:15
05-27 16:11:52.586 290 351 D MesonHwc: [setConnectorStatus]: power mode 2
05-27 16:11:52.586 290 351 D MesonHwc: displayId:0, blank all display planes
01-01 08:05:22.355 0 0 I : [2 T351 ..] [drm] [meson_hdmitx_encoder_atomic_disable]
01-01 08:05:22.355 0 0 I : [2 T351 ..] [drm] am_meson_crtc_atomic_disable-[0]:in
01-01 08:05:22.355 0 0 I [2 T351 d.] [hdmitx: ] hdmitx_set_drm_pkt: disable drm pkt
01-01 08:05:22.356 0 0 I [2 T351 d.] [hdmitx: ] TV not support DV, clr dv_vsif
01-01 08:05:22.357 0 0 I [2 T351 d.] [hdmitx: ] DV H14b VSIF, switching signal to SDR
01-01 08:05:22.358 0 0 I [2 T351 ..] [hdmitx: ] hdmitx_set_hdr10plus_pkt: null vsif
01-01 08:05:22.359 0 0 I [2 T351 ..] [hdmitx: ] hdmitx_unregister_vrr ret = 0
01-01 08:05:22.359 0 0 I : [2 T351 ..] [drm] am_meson_crtc_atomic_enable-[0] in: new[dummy_l], old[576p50hz], vmode[4-4], uboot[0]
01-01 08:05:22.361 0 0 I : [2 T351 ..] [drm] am_meson_crtc_atomic_enable-[0]: enable mode dummy_l final vmode 7
05-27 16:11:52.615 320 328 I SystemControl: [/UEventObserver.cpp, HDMITxUenventThreadLoop, 451] HDMI TX switch_name:hdmitx_current_status, switch_state: 132
01-01 08:05:22.362 0 0 I : [1 T351 ..] dummy_encl_set_current_vmode finished
01-01 08:05:22.363 0 0 I : [1 T351 ..] [drm] meson_vout_update_mode_name: dummy update vout 1 name dummy_l.
01-01 08:05:22.364 0 0 I : [1 T351 ..] [drm] meson_dummyl_encoder_atomic_enable: vmode:7 skip atomic enable!
05-27 16:11:52.632 290 351 D MesonHwc: setmode:crtc[63], name [dummy_l] -modeblob[127] [720x480-56.00] seamless:0 enableVrr:0
05-27 16:11:52.632 290 351 D MesonHwc: displayId:0, blank all display planes
05-27 16:11:52.648 290 351 D MesonHwc: RealModeMgr::update: nextModeId:525
05-27 16:11:52.649 290 351 D MesonHwc: RealModeMgr::update use previous mode (720x576-50.00)
05-27 16:11:52.649 290 351 D MesonHwc: drmplane clear drm bo caches
05-27 16:11:52.649 290 351 D MesonHwc: drmplane clear drm bo caches
05-27 16:11:52.649 290 351 D MesonHwc: cleanupBeforeDestroy displayId:0, clear layers
05-27 16:11:52.649 290 351 D MesonHwc: On hotplug, Fn: 0x989b931, Data: 0xe8cc35e0, display: 0, connection: 1
05-27 16:11:52.649 290 351 D MesonComposer3: halEventcallback onHotplug client3.0
05-27 16:11:52.649 290 382 D MesonHwc: No edid for (VIRTUAL),use default edid instead.
05-27 16:11:52.649 290 351 D MesonHwc: received Uevent: change@/devices/virtual/amhdmitx/amhdmitx0
05-27 16:11:52.650 290 351 D MesonHwc: received Uevent: ACTION=change
05-27 16:11:52.650 290 382 E MesonHwc: getPort 15
05-27 16:11:52.650 290 351 D MesonHwc: received Uevent: DEVPATH=/devices/virtual/amhdmitx/amhdmitx0
05-27 16:11:52.650 290 382 D MesonHwc: No edid for (VIRTUAL),use default edid instead.
05-27 16:11:52.650 290 351 D MesonHwc: received Uevent: SUBSYSTEM=amhdmitx
05-27 16:11:52.650 290 382 E MesonHwc: getPort 15
05-27 16:11:52.650 290 351 D MesonHwc: received Uevent: hdmitx_audio=0
05-27 16:11:52.650 290 351 D MesonHwc: received Uevent: MAJOR=492
05-27 16:11:52.650 290 351 D MesonHwc: received Uevent: MINOR=0
05-27 16:11:52.650 290 351 D MesonHwc: received Uevent: DEVNAME=amhdmitx0
05-27 16:11:52.650 290 351 D MesonHwc: received Uevent: SEQNUM=5264
05-27 16:11:52.650 290 351 D MesonHwc: received Uevent: change@/devices/virtual/amhdmitx/amhdmitx0
05-27 16:11:52.650 290 351 D MesonHwc: received Uevent: ACTION=change
05-27 16:11:52.650 290 351 D MesonHwc: received Uevent: DEVPATH=/devices/virtual/amhdmitx/amhdmitx0
05-27 16:11:52.650 290 351 D MesonHwc: received Uevent: SUBSYSTEM=amhdmitx
05-27 16:11:52.650 290 351 D MesonHwc: received Uevent: hdmitx_audio=0
05-27 16:11:52.650 290 351 D MesonHwc: received Uevent: MAJOR=492
05-27 16:11:52.650 290 351 D MesonHwc: received Uevent: MINOR=0
05-27 16:11:52.650 290 351 D MesonHwc: received Uevent: DEVNAME=amhdmitx0
05-27 16:11:52.650 290 351 D MesonHwc: received Uevent: SEQNUM=5264
05-27 16:11:52.650 290 351 D MesonHwc: received Uevent: change@/devices/virtual/amhdmitx/amhdmitx0
05-27 16:11:52.650 290 351 D MesonHwc: received Uevent: ACTION=change
05-27 16:11:52.650 290 351 D MesonHwc: received Uevent: DEVPATH=/devices/virtual/amhdmitx/amhdmitx0
05-27 16:11:52.650 290 351 D MesonHwc: received Uevent: SUBSYSTEM=amhdmitx
05-27 16:11:52.650 290 351 D MesonHwc: received Uevent: hdmitx_current_status=132
05-27 16:11:52.650 290 351 D MesonHwc: received Uevent: MAJOR=492
05-27 16:11:52.650 264 264 I SurfaceFlinger: Reconnecting display 4620747849504298251 (HAL ID 0)
05-27 16:11:52.650 290 351 D MesonHwc: received Uevent: MINOR=0
05-27 16:11:52.650 290 351 D MesonHwc: received Uevent: DEVNAME=amhdmitx0
05-27 16:11:52.650 290 351 D MesonHwc: received Uevent: SEQNUM=5268
05-27 16:11:52.650 290 351 D MesonHwc: received Uevent: NUM=5267
05-27 16:11:52.650 290 351 D MesonHwc: received Uevent: s7d
05-27 16:11:52.650 290 351 D MesonHwc: received Uevent: OF_COMPATIBLE_N=1
05-27 16:11:52.650 290 351 D MesonHwc: received Uevent: MODALIAS=of:NaocecT(null)Camlogic,_aocec-s7d
05-27 16:11:52.650 290 351 D MesonHwc: received Uevent: SEQNUM=5266
05-27 16:11:52.650 290 351 D MesonHwc: received Uevent: change@/devices/virtual/amhdmitx/amhdmitx0
05-27 16:11:52.650 290 351 D MesonHwc: received Uevent: ACTION=change
05-27 16:11:52.650 290 351 D MesonHwc: received Uevent: DEVPATH=/devices/virtual/amhdmitx/amhdmitx0
05-27 16:11:52.650 290 351 D MesonHwc: received Uevent: SUBSYSTEM=amhdmitx
05-27 16:11:52.650 290 351 D MesonHwc: received Uevent: hdmitx_current_status=132
05-27 16:11:52.650 290 351 D MesonHwc: received Uevent: MAJOR=492
05-27 16:11:52.650 290 351 D MesonHwc: received Uevent: MINOR=0
05-27 16:11:52.651 290 351 D MesonHwc: received Uevent: DEVNAME=amhdmitx0
05-27 16:11:52.651 290 351 D MesonHwc: received Uevent: SEQNUM=5268
05-27 16:11:52.651 290 351 D MesonHwc: received Uevent: NUM=5267
05-27 16:11:52.651 290 351 D MesonHwc: received Uevent: s7d
05-27 16:11:52.651 290 351 D MesonHwc: received Uevent: OF_COMPATIBLE_N=1
05-27 16:11:52.651 290 351 D MesonHwc: received Uevent: MODALIAS=of:NaocecT(null)Camlogic,_aocec-s7d
05-27 16:11:52.651 290 351 D MesonHwc: received Uevent: SEQNUM=5266
05-27 16:11:52.651 290 382 E MesonComposer3: destroyLayer: display:0 failed to destroy layer:323
05-27 16:11:52.651 264 264 E HwcComposer: destroyLayer failed Status(-8, EX_SERVICE_SPECIFIC): '3: '
05-27 16:11:52.651 264 264 E HWC2 : destroyLayer(0, 323) failed: BadLayer (3)
05-27 16:11:52.651 290 382 E MesonComposer3: destroyLayer: display:0 failed to destroy layer:66
05-27 16:11:52.651 264 264 E HwcComposer: destroyLayer failed Status(-8, EX_SERVICE_SPECIFIC): '3: '
05-27 16:11:52.651 264 264 E HWC2 : destroyLayer(0, 66) failed: BadLayer (3)
05-27 16:11:52.651 264 264 E HwcComposer: setClientTargetSlotCount failed Status(-8, EX_SERVICE_SPECIFIC): '4: '
05-27 16:11:52.657 264 264 I Scheduler: Display 4620747849504298251 is the pacesetter
05-27 16:11:52.658 264 4959 E SchedulerTimer: Terminated
05-27 16:11:52.658 264 264 D SurfaceFlinger: Setting power mode 2 on display 4620747849504298251
05-27 16:11:52.658 264 394 W EventThread: Failed dispatching Hotplug{displayId=4620747849504298251, connected} for Connection{0xf2543110, VSyncRequest::None}
05-27 16:11:52.658 264 393 W EventThread: Failed dispatching Hotplug{displayId=4620747849504298251, connected} for Connection{0xf2542d10, VSyncRequest::None}
05-27 16:11:52.658 290 382 D MesonHwc: setPowerMode 2
05-27 16:11:52.658 264 264 D SurfaceFlinger: Finished setting power mode 2 on display 4620747849504298251
05-27 16:11:52.662 715 741 I DisplayDeviceRepository: Display device changed: DisplayDeviceInfo{"内置屏幕": uniqueId="local:4620747849504298251", 720 x 576, modeId 297, renderFrameRate 50.0, defaultModeId 297, supportedModes [{id=297, width=720, height=576, fps=50.0, alternativeRefreshRates=[], supportedHdrTypes=[]}, {id=434, width=1920, height=1080, fps=119.88013, alternativeRefreshRates=[], supportedHdrTypes=[]}, {id=435, width=1920, height=1080, fps=120.00001, alternativeRefreshRates=[], supportedHdrTypes=[]}, {id=436, width=4096, height=2160, fps=23.976025, alternativeRefreshRates=[], supportedHdrTypes=[]}, {id=437, width=4096, height=2160, fps=24.000002, alternativeRefreshRates=[], supportedHdrTypes=[]}, {id=438, width=3840, height=2160, fps=29.97003, alternativeRefreshRates=[], supportedHdrTypes=[]}, {id=439, width=3840, height=2160, fps=30.000002, alternativeRefreshRates=[], supportedHdrTypes=[]}, {id=440, width=3840, height=2160, fps=25.0, alternativeRefreshRates=[], supportedHdrTypes=[]}, {id=441, width=3840, height=2160, fps=23.976025, alternativeRefreshRates=[], supportedHdrTypes=[]}, {id=442, width=3840, height=2160, fps=24.000002, alternativeRefreshRates=[], supportedHdrTypes=[]}, {id=443, width=1920, height=1080, fps=59.94006, alternativeRefreshRates=[], supportedHdrTypes=[]}, {id=444, width=1920, height=1080, fps=60.000004, alternativeRefreshRates=[], supportedHdrTypes=[]}, {id=445, width=1920, height=1080, fps=50.0, alternativeRefreshRates=[], supportedHdrTypes=[]}, {id=446, width=1920, height=1080, fps=29.97003, alternativeRefreshRates=[], supportedHdrTypes=[]}, {id=447, width=1920, height=1080, fps=30.000002, alternativeRefreshRates=[], supportedHdrTypes=[]}, {id=448, width=1920, height=1080, fps=23.976025, alternativeRefreshRates=[], supportedHdrTypes=[]}, {id=449, width=1920, height=1080, fps=24.000002, alternativeRefreshRates=[], supportedHdrTypes=[]}, {id=450, width=1280, height=720, fps=119.88013, alternativeRefreshRates=[], supportedHdrTypes=[]}, {id=451, width=1280, height=720, fps=120.00001, alternativeRefreshRates=[], supportedHdrTypes=[]}, {id=452, width=1280, height=720, fps=59.94006, alternativeRefreshRates=[], supportedHdrTypes=[]}, {id=453, width=1280, height=720, fps=60.000004, alternativeRefreshRates=[], supportedHdrTypes=[]}, {id=454, width=1280, height=720, fps=50.0, alternativeRefreshRates=[], supportedHdrTypes=[]}, {id=455, width=1280, height=720, fps=29.97003, alternativeRefreshRates=[], supportedHdrTypes=[]}, {id=456, width=1280, height=720, fps=30.000002, alternativeRefreshRates=[], supportedHdrTypes=[]}, {id=457, width=1280, height=720, fps=23.976025, alternativeRefreshRates=[], supportedHdrTypes=[]}, {id=458, width=1280, height=720, fps=24.000002, alternativeRefreshRates=[], supportedHdrTypes=[]}, {id=459, width=720, height=480, fps=59.94006, alternativeRefreshRates=[], supportedHdrTypes=[]}, {id=460, width=720, height=480, fps=60.000004, alternativeRefreshRates=[], supportedHdrTypes=[]}], colorMode 0, supportedColorModes [0], hdrCapabilities HdrCapabilities{mSupportedHdrTypes=[], mMaxLuminance=500.0, mMaxAverageLuminance=500.0, mMinLuminance=0.0}, allmSupported false, gameContentTypeSupported true, density 124, 15.902 x 22.508 dpi, appVsyncOff 2000000, presDeadline 17000000, touch INTERNAL, rotation 0, type INTERNAL, address {port=11, model=0x402031aff65a95}, deviceProductInfo DeviceProductInfo{name=Haqu, manufacturerPnpId=HAQ, productId=48, modelYear=null, manufactureDate=ManufactureDate{week=43, year=2017}, connectionToSinkType=2}, state ON, committedState ON, frameRateOverride , brightnessMinimum 0.0, brightnessMaximum 1.0, brightnessDefault 0.39763778, hdrSdrRatio NaN, FLAG_ALLOWED_TO_BE_DEFAULT_DISPLAY, FLAG_ROTATES_WITH_CONTENT, FLAG_SECURE, FLAG_SUPPORTS_PROTECTED_BUFFERS, FLAG_TRUSTED, installOrientation 0, displayShape DisplayShape{ spec=-1515622917 displayWidth=720 displayHeight=576 physicalPixelDisplaySizeRatio=1.0 rotation=0 offsetX=0 offsetY=0 scale=1.0}}
05-27 16:11:52.665 264 264 I RefreshRateSelector: Display 4620747849504298251 policy changed
05-27 16:11:52.665 264 264 I RefreshRateSelector: Previous: {defaultModeId=492, allowGroupSwitching=false, primaryRanges={physical=[0.00 Hz, 340282346638528859811704183484516925440.00 Hz], render=[0.00 Hz, 340282346638528859811704183484516925440.00 Hz]}, appRequestRanges={physical=[0.00 Hz, 340282346638528859811704183484516925440.00 Hz], render=[0.00 Hz, 340282346638528859811704183484516925440.00 Hz]}}
05-27 16:11:52.665 264 264 I RefreshRateSelector: Current: DisplayManagerPolicy{defaultModeId=492, allowGroupSwitching=false, primaryRanges={physical=[0.00 Hz, inf Hz], render=[0.00 Hz, 120.00 Hz]}, appRequestRanges={physical=[0.00 Hz, inf Hz], render=[0.00 Hz, inf Hz]}}
05-27 16:11:52.665 264 264 I RefreshRateSelector: 0 mode changes were performed under the previous policy
05-27 16:11:52.870 290 4957 D MesonDisplay: read /sys/class/amhdmitx/amhdmitx0/hdcp_lstore, result length:0, val:
01-01 08:05:22.760 0 0 I [0 T484 ..] [hdmitx: ] UTC+0 2025-05-27 08:11:53 HPD HIGH
05-27 16:11:53.526 290 351 D MesonHwc: received Uevent: change@/devices/virtual/amhdmitx/amhdmitx0
05-27 16:11:53.526 320 328 I SystemControl: [/UEventObserver.cpp, HDMITxUenventThreadLoop, 451] HDMI TX switch_name:hdmitx_current_status, switch_state: 133
05-27 16:11:53.526 290 351 D MesonHwc: received Uevent: ACTION=change
05-27 16:11:53.526 290 351 D MesonHwc: received Uevent: DEVPATH=/devices/virtual/amhdmitx/amhdmitx0
05-27 16:11:53.526 290 351 D MesonHwc: received Uevent: SUBSYSTEM=amhdmitx
05-27 16:11:53.526 290 351 D MesonHwc: received Uevent: hdmitx_current_status=133
05-27 16:11:53.526 290 351 D MesonHwc: received Uevent: MAJOR=492
05-27 16:11:53.526 290 351 D MesonHwc: received Uevent: MINOR=0
05-27 16:11:53.526 290 351 D MesonHwc: received Uevent: DEVNAME=amhdmitx0
05-27 16:11:53.526 290 351 D MesonHwc: received Uevent: SEQNUM=5273
05-27 16:11:53.526 290 351 D MesonHwc: received Uevent: ic, aocec-s7d
05-27 16:11:53.526 290 351 D MesonHwc: received Uevent: OF_COMPATIBLE_N=1
05-27 16:11:53.526 290 351 D MesonHwc: received Uevent: MODALIAS=of:NaocecT(null)Camlogic,_aocec-s7d
05-27 16:11:53.526 290 351 D MesonHwc: received Uevent: SEQNUM=5272
05-27 16:11:53.526 290 351 D MesonHwc: received Uevent: 5Ap0000C081
05-27 16:11:53.527 290 351 D MesonHwc: received Uevent: SEQNUM=3612
05-27 16:11:53.527 290 351 D MesonHwc: received Uevent: bfd4444600000000 1 130ff38b17c000 677bfad9415fed 9ed68000004400 10000002
05-27 16:11:53.527 290 351 D MesonHwc: received Uevent: REL=1040
05-27 16:11:53.527 290 351 D MesonHwc: received Uevent: ABS=100000000
05-27 16:11:53.527 290 351 D MesonHwc: received Uevent: MSC=10
05-27 16:11:53.527 290 351 D MesonHwc: received Uevent: MODALIAS=input:b0005v1D5ApC081e0000-e0,1,2,3,4,k71,72,73,74,77,80,82,83,85,86,87,88,89,8A,8B,8C,8E,90,96,98,9B,9C,9E,9F,A1,A3,A4,A5,A6,A7,A8,A9,AB,AC,AD,AE,B0,B1,B2,B5,B6,CE,CF,D0,D1,D2,D4,D8,D9,DB,DF,E0,E1,E4,E5,E6,E7,E8,E9,EA,EB,F0,F1,F4,100,161,162,166,16A,16E,172,174,176,177,178,179,17A,17B,17C,17D,17F,180,182,183,185,188,189,18C,18D,18E,18F,190,191,192,193,195,197,198,199,19A,19C,1A0,1A1,1A2,1A3,1A4,1A5,1A6,1A7,1A8,1A9,1AA,1AB,1AC,1AD,1AE,1AF,1B0,1B1,1B7,1BA,240,241,242,243,244,245,246,247,249,24A,250,251,r6,C,a20,m4,lsfw
05-27 16:11:53.527 290 351 D MesonHwc: received Uevent: SEQNUM=3609
05-27 16:11:53.527 290 351 D MesonHwc: received Uevent: change@/devices/virtual/amhdmitx/amhdmitx0
05-27 16:11:53.527 290 351 D MesonHwc: received Uevent: ACTION=change
05-27 16:11:53.527 290 351 D MesonHwc: received Uevent: DEVPATH=/devices/virtual/amhdmitx/amhdmitx0
05-27 16:11:53.527 290 351 D MesonHwc: received Uevent: SUBSYSTEM=amhdmitx
05-27 16:11:53.527 290 351 D MesonHwc: received Uevent: hdmitx_current_status=133
05-27 16:11:53.527 290 351 D MesonHwc: received Uevent: MAJOR=492
05-27 16:11:53.527 290 351 D MesonHwc: received Uevent: MINOR=0
05-27 16:11:53.527 290 351 D MesonHwc: received Uevent: DEVNAME=amhdmitx0
05-27 16:11:53.527 290 351 D MesonHwc: received Uevent: SEQNUM=5273
05-27 16:11:53.527 290 351 D MesonHwc: received Uevent: ic, aocec-s7d
05-27 16:11:53.527 290 351 D MesonHwc: received Uevent: OF_COMPATIBLE_N=1
05-27 16:11:53.527 290 351 D MesonHwc: received Uevent: MODALIAS=of:NaocecT(null)Camlogic,_aocec-s7d
05-27 16:11:53.527 290 351 D MesonHwc: received Uevent: SEQNUM=5272
05-27 16:11:53.527 290 351 D MesonHwc: received Uevent: 5Ap0000C081
05-27 16:11:53.527 290 351 D MesonHwc: received Uevent: SEQNUM=3612
05-27 16:11:53.527 290 351 D MesonHwc: received Uevent: bfd4444600000000 1 130ff38b17c000 677bfad9415fed 9ed68000004400 10000002
05-27 16:11:53.527 290 351 D MesonHwc: received Uevent: REL=1040
05-27 16:11:53.527 290 351 D MesonHwc: received Uevent: ABS=100000000
05-27 16:11:53.527 290 351 D MesonHwc: received Uevent: MSC=10
05-27 16:11:53.527 290 351 D MesonHwc: received Uevent: MODALIAS=input:b0005v1D5ApC081e0000-e0,1,2,3,4,k71,72,73,74,77,80,82,83,85,86,87,88,89,8A,8B,8C,8E,90,96,98,9B,9C,9E,9F,A1,A3,A4,A5,A6,A7,A8,A9,AB,AC,AD,AE,B0,B1,B2,B5,B6,CE,CF,D0,D1,D2,D4,D8,D9,DB,DF,E0,E1,E4,E5,E6,E7,E8,E9,EA,EB,F0,F1,F4,100,161,162,166,16A,16E,172,174,176,177,178,179,17A,17B,17C,17D,17F,180,182,183,185,188,189,18C,18D,18E,18F,190,191,192,193,195,197,198,199,19A,19C,1A0,1A1,1A2,1A3,1A4,1A5,1A6,1A7,1A8,1A9,1AA,1AB,1AC,1AD,1AE,1AF,1B0,1B1,1B7,1BA,240,241,242,243,244,245,246,247,249,24A,250,251,r6,C,a20,m4,lsfw
05-27 16:11:53.527 290 351 D MesonHwc: received Uevent: SEQNUM=3609
01-01 08:05:23.273 0 0 I [1 T61 ..] [hdmitx: ] system: plugin
01-01 08:05:23.273 0 0 I [1 T61 ..] [hdmitx: ] plugin sequence id: 4294973112
01-01 08:05:23.310 0 0 I [1 T61 ..] cec: [hdmitx_notify_callback] unsupported notify:3
01-01 08:05:23.311 0 0 W : [1 T61 ..] [RX]-up_phy_addr = 2
01-01 08:05:23.311 0 0 I [1 T61 ..] [hdmitx: ] edid: blk0 raw data
01-01 08:05:23.312 0 0 I [1 T61 ..] [hdmitx: ] 00ffffffffffff0020313000010000002b1b0103807341780acf74a3574cb02309484c21080001010101010101010101010101010101023a801871382d40582c
01-01 08:05:23.312 0 0 I : [1 T61 ..] 450020c23100001e011d00bc52d01e20b828554020c23100001e000000fc00486171750a2020202020202020000000fd003b461f8c3c000a20202020202001c9
01-01 08:05:23.316 0 0 I [1 T61 ..] [hdmitx: ] edid: blk1 raw data
01-01 08:05:23.316 0 0 I [1 T61 ..] [hdmitx: ] 020345f057101f1405130420223c3e1216030711150206012f2e3f3132097f051507505707013d07c05f7e01670403830100006e030c002000b83c2f80800102
01-01 08:05:23.316 0 0 I : [1 T61 ..] 0304e200fb011d007251d01e206e28550020c23100001e8c0ad08a20e02d10103e9600138e21000018000000000000000000000000000000000000000000002b
05-27 16:11:53.573 290 351 D MesonHwc: received Uevent: change@/devices/virtual/amhdmitx/amhdmitx0
05-27 16:11:53.573 320 328 I SystemControl: [/UEventObserver.cpp, HDMITxUenventThreadLoop, 451] HDMI TX switch_name:hdmitx_hpd, switch_state: 1
05-27 16:11:53.573 290 351 D MesonHwc: received Uevent: ACTION=change
05-27 16:11:53.573 290 351 D MesonHwc: received Uevent: DEVPATH=/devices/virtual/amhdmitx/amhdmitx0
05-27 16:11:53.573 320 328 I SystemControl: [/DisplayMode.cpp, onTxEvent, 3267] onTxEvent switchName:hdmitx_hpd hpdstate:1 state: 1
05-27 16:11:53.573 290 351 D MesonHwc: received Uevent: SUBSYSTEM=amhdmitx
05-27 16:11:53.573 290 351 D MesonHwc: received Uevent: hdmitx_hpd=1
05-27 16:11:53.573 320 328 I SystemControl: [/SysWrite.cpp, getKernelReleaseVersion, 701] getKernelReleaseVersion: 5.15
05-27 16:11:53.573 320 371 I SystemControl: [/Ubootenv.cpp, get, 345] [ubootenv] search end and not find env:connector_type
05-27 16:11:53.573 715 821 V WindowManager: app ------------- force_land :0
05-27 16:11:53.573 320 328 I SystemControl: [/Ubootenv.cpp, get, 336] [ubootenv] get key:hdmimode envValue: 576p50hz
05-27 16:11:53.573 320 328 I SystemControl: [/Ubootenv.cpp, get, 336] [ubootenv] get key:is.bestmode envValue: false
05-27 16:11:53.573 320 328 I SystemControl: [/Ubootenv.cpp, get, 345] [ubootenv] search end and not find env:user_colorattribute
05-27 16:11:53.573 320 328 I SystemControl: [/Ubootenv.cpp, get, 345] [ubootenv] search end and not find env:hdr_force_mode
05-27 16:11:53.574 320 328 I SystemControl: [/DisplayMode.cpp, gethdrforcemode, 2742] get hdr force mode is [2]
05-27 16:11:53.574 290 351 D MesonHwc: sc_read_bootenv val is empty
05-27 16:11:53.574 320 328 I SystemControl: [/Ubootenv.cpp, get, 336] [ubootenv] get key:hdr_policy envValue: 0
05-27 16:11:53.574 290 351 D MesonHwc: getConnectorType, get ubootenv.var.connector_type from uboot env, return (null)
05-27 16:11:53.574 320 328 I SystemControl: [/DisplayMode.cpp, getHdrStrategy, 2758] getHdrStrategy is [0]
05-27 16:11:53.574 290 351 D MesonHwc: getConnectorType-0 get connector type hdmi--65536
05-27 16:11:53.574 320 328 I SystemControl: [/Ubootenv.cpp, get, 336] [ubootenv] get key:hdr_priority envValue: 268435472
05-27 16:11:53.574 320 328 I SystemControl: [/DisplayMode.cpp, getHdrPriority, 2891] getHdrPriority is [0x10000010]
05-27 16:11:53.574 320 328 I SystemControl: [/DisplayMode.cpp, getCommonData, 1534] isbestcolorspace:1, isbestpolicy:0, hdr_policy:0, hdr_priority :268435472, hdr_force_mode:2
05-27 16:11:53.574 290 351 E MesonHwc: read screen size 0x0 from vinfo
05-27 16:11:53.574 290 351 E MesonHwc: dolby vision driver is not ready
05-27 16:11:53.574 290 351 D MesonHwc: Connector VIRTUAL loadDisplayModes get 1 modes
05-27 16:11:53.574 290 351 I MesonHwc: add display mode (dummy_l-dummy_l-128, 720x480, 56.000000) dpi(0,0), hskew(0)
05-27 16:11:53.574 290 351 I MesonHwc: loadDisplayModes (1) end
05-27 16:11:53.574 290 351 D MesonHwc: ERR: PLEASE FIX NON-IMPLEMENT FUN(update).
05-27 16:11:53.574 320 371 I SystemControl: [/Ubootenv.cpp, get, 345] [ubootenv] search end and not find env:connector_type
05-27 16:11:53.574 290 346 E MesonHwc: getCrtc by id(0) failed.
05-27 16:11:53.574 290 346 V MesonDisplayServer: GetDisplayMode:
05-27 16:11:53.575 320 328 I SystemControl: [/DisplayMode.cpp, getDisplayMode, 2331] getDisplayMode mode:
05-27 16:11:53.575 320 328 I SystemControl: [/Ubootenv.cpp, get, 336] [ubootenv] get key:hdmimode envValue: 576p50hz
05-27 16:11:53.575 320 328 I SystemControl: [/Ubootenv.cpp, get, 336] [ubootenv] get key:cvbsmode envValue: 576cvbs
05-27 16:11:53.575 320 328 I SystemControl: [/DisplayMode.cpp, getCommonData, 1542] hdmi_current_mode:, ubootenv hdmimode:576p50hz cvbsmode:576cvbs
05-27 16:11:53.575 290 346 E MesonHwc: getCrtc by id(0) failed.
05-27 16:11:53.576 290 346 D MesonDisplayServer: use connector getDisplayAttribute "HDMI Color ATTR": "444,8bit"
05-27 16:11:53.576 290 351 D MesonHwc: sc_read_bootenv val is empty
05-27 16:11:53.576 290 351 D MesonHwc: getConnectorType, get ubootenv.var.connector_type from uboot env, return (null)
05-27 16:11:53.576 290 351 D MesonHwc: getConnectorType-0 get connector type hdmi--65536
05-27 16:11:53.576 290 351 D MesonHwc: getConnectorCfg: get display 0, connector 13
05-27 16:11:53.576 290 351 E MesonHwc: FixedDisplayPipe::getConnectorCfg 11
05-27 16:11:53.576 290 351 D MesonHwc: handleEvent DRM_EVENT_HDMITX_HOTPLUG 15 VS 11
05-27 16:11:53.576 320 328 I SystemControl: [/Ubootenv.cpp, get, 345] [ubootenv] search end and not find env:user_colorattribute
05-27 16:11:53.576 320 328 I SystemControl: [/DisplayMode.cpp, getCommonData, 1554] hdmi_current_attr:444,8bit, ubootenv_colorattribute:none
05-27 16:11:53.576 320 328 I SystemControl: [/Ubootenv.cpp, get, 345] [ubootenv] search end and not find env:dv_enable
05-27 16:11:53.576 320 328 I SystemControl: [/DisplayMode.cpp, getCommonData, 1567] dv_enable:0
05-27 16:11:53.576 320 328 I SystemControl: [/Ubootenv.cpp, get, 345] [ubootenv] search end and not find env:user_prefer_dv_type
05-27 16:11:53.577 320 328 I SystemControl: [/DisplayMode.cpp, getCommonData, 1578] ubootenv_dv_type:0
05-27 16:11:53.577 320 328 I SystemControl: [/DisplayMode.cpp, getHdmiData, 1721] display sink type:1 [0:none, 1:sink, 2:repeater]
05-27 16:11:53.577 320 328 I SystemControl: [/DisplayMode.cpp, filterHdmiDispcap, 1398] before filtered HdmiDispcap: 1080p60hz
05-27 16:11:53.577 320 328 I SystemControl: 1080p50hz
05-27 16:11:53.577 320 328 I SystemControl: 1080i50hz
05-27 16:11:53.577 320 328 I SystemControl: 1080i60hz
05-27 16:11:53.577 320 328 I SystemControl: 720p50hz
05-27 16:11:53.577 320 328 I SystemControl: 720p60hz
05-27 16:11:53.577 320 328 I SystemControl: 1080p24hz
05-27 16:11:53.577 320 328 I SystemControl: 1080p30hz
05-27 16:11:53.577 320 328 I SystemControl: 720p24hz
05-27 16:11:53.577 320 328 I SystemControl: 720p30hz
05-27 16:11:53.577 320 328 I SystemControl: 576p50hz
05-27 16:11:53.577 320 328 I SystemControl: 576i50hz
05-27 16:11:53.577 320 328 I SystemControl: 480p60hz
05-27 16:11:53.577 320 328 I SystemControl: 480i60hz
05-27 16:11:53.577 320 328 I SystemControl: 1280x720p120hz
05-27 16:11:53.577 320 328 I SystemControl: 1920x1080i120hz
05-27 16:11:53.577 320 328 I SystemControl: 1920x1080p120hz
05-27 16:11:53.577 320 328 I SystemControl: 720x480p120hz
05-27 16:11:53.577 320 328 I SystemControl: 2160p30hz
05-27 16:11:53.577 320 328 I SystemControl: 2160p25hz
05-27 16:11:53.577 320 328 I SystemControl: 2160p24hz
05-27 16:11:53.577 320 328 I SystemControl: smpte24hz
05-27 16:11:53.577 320 328 I SystemControl:
05-27 16:11:53.577 290 351 D MesonHwc: DrmProperty: EDID (1), value [129]
05-27 16:11:53.577 290 351 D MesonHwc: DrmProperty: content type (77), value [0]
05-27 16:11:53.578 290 351 D MesonHwc: DrmProperty: vrr_capable (78), value [0]
05-27 16:11:53.578 290 351 D MesonHwc: DrmProperty: UPDATE (79), value [0]
05-27 16:11:53.578 290 351 D MesonHwc: DrmProperty: color_depth (80), value [8]
05-27 16:11:53.578 290 351 D MesonHwc: DrmProperty: color_space (81), value [2]
05-27 16:11:53.578 290 351 D MesonHwc: DrmProperty: MESON_DRM_HDMITX_PROP_AVMUTE (82), value [0]
05-27 16:11:53.578 290 351 D MesonHwc: DrmProperty: hdmi_hdr_status (83), value [6]
05-27 16:11:53.578 290 351 D MesonHwc: DrmProperty: dv_cap (85), value [0]
05-27 16:11:53.578 290 351 D MesonHwc: DrmProperty: contenttype_cap (89), value [31]
05-27 16:11:53.578 290 351 D MesonHwc: DrmProperty: hdr_priority (91), value [268435472]
05-27 16:11:53.578 290 351 D MesonHwc: DrmProperty: ready (92), value [0]
05-27 16:11:53.578 290 351 D MesonHwc: DrmProperty: allm_cap (95), value [0]
05-27 16:11:53.578 290 351 D MesonHwc: DrmProperty: dc_cap (96), value [1016]
05-27 16:11:53.578 290 351 E MesonHwc: dolby vision driver is not ready
05-27 16:11:53.579 290 351 I MesonHwc: hdr_preference (dolby_vision)
05-27 16:11:53.579 290 351 E MesonHwc: dolby vision driver is not ready
01-01 08:05:23.320 0 0 I : [1 T61 ..] [drm] drm hdmitx hpd notify
05-27 16:11:53.579 290 351 D MesonHwc: dolby version:0, dv3:0, hlg:0, hdr10:0, hdr10+:0 max:0, avg:0, min:0
05-27 16:11:53.579 290 351 D MesonHwc: dolby version 4k30:0
05-27 16:11:53.579 290 351 D MesonHwc: Connector HDMI-A loadDisplayModes get 22 modes
05-27 16:11:53.579 290 351 D MesonHwc: add fraction display mode (1920x1080p120hz)
05-27 16:11:53.579 290 351 I MesonHwc: add display mode (1920x1080p120hz-1920x1080p120hz-110, 1920x1080, 120.000000) dpi(42406,42203), hskew(1)
05-27 16:11:53.579 290 351 D MesonHwc: add fraction display mode (smpte24hz)
05-27 16:11:53.579 290 351 I MesonHwc: add display mode (smpte24hz-smpte24hz-111, 4096x2160, 24.000000) dpi(90468,84406), hskew(1)
05-27 16:11:53.579 290 351 D MesonHwc: add fraction display mode (2160p30hz)
05-27 16:11:53.579 290 351 I MesonHwc: add display mode (2160p30hz-2160p30hz-112, 3840x2160, 30.000000) dpi(84813,84406), hskew(1)
05-27 16:11:53.579 290 351 I MesonHwc: add display mode (2160p25hz-2160p25hz-113, 3840x2160, 25.000000) dpi(84813,84406), hskew(1)
05-27 16:11:53.579 290 351 D MesonHwc: add fraction display mode (2160p24hz)
05-27 16:11:53.579 290 351 I MesonHwc: add display mode (2160p24hz-2160p24hz-114, 3840x2160, 24.000000) dpi(84813,84406), hskew(1)
05-27 16:11:53.579 290 351 D MesonHwc: add fraction display mode (1920x1080i120hz)
05-27 16:11:53.579 290 351 I MesonHwc: add display mode (1920x1080i120hz-1920x1080i120hz-115, 1920x1080, 120.000000) dpi(42406,42203), hskew(1)
05-27 16:11:53.579 290 351 D MesonHwc: add fraction display mode (1080p60hz)
05-27 16:11:53.579 290 351 I MesonHwc: add display mode (1080p60hz-1080p60hz-116, 1920x1080, 60.000000) dpi(42406,42203), hskew(1)
05-27 16:11:53.579 290 351 D MesonHwc: add fraction display mode (1080i60hz)
05-27 16:11:53.579 290 351 I MesonHwc: add display mode (1080i60hz-1080i60hz-117, 1920x1080, 60.000000) dpi(42406,42203), hskew(1)
05-27 16:11:53.579 290 351 I MesonHwc: add display mode (1080p50hz-1080p50hz-118, 1920x1080, 50.000000) dpi(42406,42203), hskew(1)
05-27 16:11:53.579 290 351 I MesonHwc: add display mode (1080i50hz-1080i50hz-119, 1920x1080, 50.000000) dpi(42406,42203), hskew(1)
05-27 16:11:53.579 290 351 D MesonHwc: add fraction display mode (1080p30hz)
05-27 16:11:53.579 290 351 I MesonHwc: add display mode (1080p30hz-1080p30hz-120, 1920x1080, 30.000000) dpi(42406,42203), hskew(1)
05-27 16:11:53.579 290 351 D MesonHwc: add fraction display mode (1080p24hz)
05-27 16:11:53.579 290 351 I MesonHwc: add display mode (1080p24hz-1080p24hz-121, 1920x1080, 24.000000) dpi(42406,42203), hskew(1)
05-27 16:11:53.580 290 351 D MesonHwc: add fraction display mode (1280x720p120hz)
05-27 16:11:53.580 290 351 I MesonHwc: add display mode (1280x720p120hz-1280x720p120hz-122, 1280x720, 120.000000) dpi(28271,28135), hskew(1)
05-27 16:11:53.580 290 351 D MesonHwc: add fraction display mode (720p60hz)
05-27 16:11:53.579 320 328 I SystemControl: [/DisplayMode.cpp, filterHdmiDispcap, 1427] after filtered HdmiDispcap: 1080p60hz
05-27 16:11:53.579 320 328 I SystemControl: 1080p50hz
05-27 16:11:53.579 320 328 I SystemControl: 1080i50hz
05-27 16:11:53.579 320 328 I SystemControl: 1080i60hz
05-27 16:11:53.579 320 328 I SystemControl: 720p50hz
05-27 16:11:53.579 320 328 I SystemControl: 720p60hz
05-27 16:11:53.579 320 328 I SystemControl: 1080p24hz
05-27 16:11:53.579 320 328 I SystemControl: 1080p30hz
05-27 16:11:53.579 320 328 I SystemControl: 720p24hz
05-27 16:11:53.579 320 328 I SystemControl: 720p30hz
05-27 16:11:53.579 320 328 I SystemControl: 576p50hz
05-27 16:11:53.579 320 328 I SystemControl: 576i50hz
05-27 16:11:53.579 320 328 I SystemControl: 480p60hz
05-27 16:11:53.579 320 328 I SystemControl: 480i60hz
05-27 16:11:53.579 320 328 I SystemControl: 1280x720p120hz
05-27 16:11:53.579 320 328 I SystemControl: 1920x1080i120hz
05-27 16:11:53.579 320 328 I SystemControl: 1920x1080p120hz
05-27 16:11:53.579 320 328 I SystemControl: 2160p30hz
05-27 16:11:53.579 320 328 I SystemControl: 2160p25hz
05-27 16:11:53.579 320 328 I SystemControl: 2160p24hz
05-27 16:11:53.579 320 328 I SystemControl: smpte24hz
05-27 16:11:53.579 320 328 I SystemControl:
05-27 16:11:53.580 290 351 I MesonHwc: add display mode (720p60hz-720p60hz-123, 1280x720, 60.000000) dpi(28271,28135), hskew(1)
05-27 16:11:53.580 290 351 I MesonHwc: add display mode (720p50hz-720p50hz-124, 1280x720, 50.000000) dpi(28271,28135), hskew(1)
05-27 16:11:53.580 290 351 D MesonHwc: add fraction display mode (720p30hz)
05-27 16:11:53.580 290 351 I MesonHwc: add display mode (720p30hz-720p30hz-125, 1280x720, 30.000000) dpi(28271,28135), hskew(1)
05-27 16:11:53.580 290 351 D MesonHwc: add fraction display mode (720p24hz)
05-27 16:11:53.580 290 351 I MesonHwc: add display mode (720p24hz-720p24hz-126, 1280x720, 24.000000) dpi(28271,28135), hskew(1)
05-27 16:11:53.580 290 351 I MesonHwc: add display mode (576p50hz-576p50hz-130, 720x576, 50.000000) dpi(15902,22508), hskew(1)
05-27 16:11:53.580 290 351 I MesonHwc: add display mode (576i50hz-576i50hz-131, 720x576, 50.000000) dpi(15902,22508), hskew(1)
05-27 16:11:53.580 290 351 D MesonHwc: add fraction display mode (720x480p120hz)
05-27 16:11:53.580 290 351 I MesonHwc: add display mode (720x480p120hz-720x480p120hz-132, 720x480, 120.000000) dpi(15902,18756), hskew(1)
05-27 16:11:53.580 290 351 D MesonHwc: add fraction display mode (480p60hz)
05-27 16:11:53.580 290 351 I MesonHwc: add display mode (480p60hz-480p60hz-133, 720x480, 60.000000) dpi(15902,18756), hskew(1)
05-27 16:11:53.580 290 351 D MesonHwc: add fraction display mode (480i60hz)
05-27 16:11:53.580 290 351 I MesonHwc: add display mode (480i60hz-480i60hz-134, 720x480, 60.000000) dpi(15902,18756), hskew(1)
05-27 16:11:53.580 290 351 I MesonHwc: loadDisplayModes (38) end
05-27 16:11:53.580 290 351 D MesonHwc: HwcDisplayPipe::updatePipe 0.
05-27 16:11:53.580 290 346 E MesonHwc: getCrtc by id(0) failed.
05-27 16:11:53.580 290 346 D MesonDisplayServer: getDisplayAttribute "Dolby Vision CAP2": "The Rx don't support DolbyVision"
05-27 16:11:53.580 320 328 E SystemControl: [/DisplayMode.cpp, getHdmiDvCap, 1618] TV isn't support dolby vision: The Rx don't support DolbyVision
05-27 16:11:53.580 320 328 I SystemControl: [/DisplayMode.cpp, onTxEvent, 3294] onTxEvent boot config enable do nothing, just return
05-27 16:11:53.580 320 328 I SystemControl: [/UEventObserver.cpp, HDMITxUenventThreadLoop, 451] HDMI TX switch_name:hdmitx_audio, switch_state: 1
05-27 16:11:53.580 320 328 I SystemControl: [/DisplayMode.cpp, onTxEvent, 3267] onTxEvent switchName:hdmitx_audio hpdstate:1 state: 1
05-27 16:11:53.580 495 532 I hdmicecd: [HdmiCecControl]:Hotplug event port:0, now:1, prevStatus:0 power:1
05-27 16:11:53.583 495 532 I hdmiconnection: hot plug port id 0, is connected 1
05-27 16:11:53.584 1444 1444 E xxxxxxxxxxxxxxx: onReceive:mIsHDMIPlugged = true
05-27 16:11:53.584 715 715 D HDMI : Hotplug event:[port:0, connected:true]
05-27 16:11:53.585 489 489 D hdmicecd: [HdmiCecControl]:getPhysicalAddress, physical addr: 2000, last pa: 2000, ret = 0
05-27 16:11:53.585 495 495 D hdmicecd: [HdmiCecControl]:total port:1
05-27 16:11:53.585 495 495 I hdmicecd: [HdmiCecControl]:portId: 0, type:output, cec support:1, arc support:1, physical address:2000
05-27 16:11:53.585 495 495 I hdmicecd: [HdmiCecControl]:arc port:0
05-27 16:11:53.585 715 821 I WiredAccessoryManager: MSG_NEW_DEVICE_STATE
05-27 16:11:53.586 320 371 I SystemControl: [/Ubootenv.cpp, get, 345] [ubootenv] search end and not find env:connector_type
05-27 16:11:53.587 290 351 D MesonHwc: sc_read_bootenv val is empty
05-27 16:11:53.587 290 351 D MesonHwc: getConnectorType, get ubootenv.var.connector_type from uboot env, return (null)
05-27 16:11:53.587 290 351 D MesonHwc: getConnectorType-0 get connector type hdmi--65536
05-27 16:11:53.587 290 351 D MesonHwc: getConnectorCfg: get display 0, connector 11
05-27 16:11:53.587 290 351 E MesonHwc: FixedDisplayPipe::getConnectorCfg 11
05-27 16:11:53.587 290 351 D MesonHwc: HwcDisplayPipe::updatePipe (0) [CHANGED], crtc (0) connector (11)
05-27 16:11:53.587 290 351 D MesonHwc: HwcDisplayPipe::updatePipe 0 changed
05-27 16:11:53.587 290 351 D MesonHwc: ERR: PLEASE FIX NON-IMPLEMENT FUN(update).
05-27 16:11:53.587 290 351 D MesonHwc: DrmProperty: EDID (1), value [140]
05-27 16:11:53.587 290 351 D MesonHwc: DrmProperty: content type (77), value [0]
05-27 16:11:53.587 290 351 D MesonHwc: DrmProperty: vrr_capable (78), value [0]
05-27 16:11:53.587 290 351 D MesonHwc: DrmProperty: UPDATE (79), value [0]
05-27 16:11:53.587 290 351 D MesonHwc: DrmProperty: color_depth (80), value [8]
05-27 16:11:53.587 290 351 D MesonHwc: DrmProperty: color_space (81), value [2]
05-27 16:11:53.587 290 351 D MesonHwc: DrmProperty: MESON_DRM_HDMITX_PROP_AVMUTE (82), value [0]
05-27 16:11:53.587 290 351 D MesonHwc: DrmProperty: hdmi_hdr_status (83), value [6]
05-27 16:11:53.587 290 351 D MesonHwc: DrmProperty: dv_cap (85), value [0]
05-27 16:11:53.587 290 351 D MesonHwc: DrmProperty: contenttype_cap (89), value [31]
05-27 16:11:53.588 290 351 D MesonHwc: DrmProperty: hdr_priority (91), value [268435472]
05-27 16:11:53.588 290 351 D MesonHwc: DrmProperty: ready (92), value [0]
05-27 16:11:53.588 290 351 D MesonHwc: DrmProperty: allm_cap (95), value [0]
05-27 16:11:53.588 290 351 D MesonHwc: DrmProperty: dc_cap (96), value [1016]
05-27 16:11:53.588 290 351 E MesonHwc: dolby vision driver is not ready
05-27 16:11:53.588 320 328 I SystemControl: [/SysWrite.cpp, getKernelReleaseVersion, 701] getKernelReleaseVersion: 5.15
05-27 16:11:53.588 320 328 I SystemControl: [/SystemControlHal.cpp, onEvent, 72] onEvent event:5, client size:5
05-27 16:11:53.588 488 509 I SystemControlClient: notifyCallback event type:5
05-27 16:11:53.588 488 509 I SystemControlClient: notifyCallback: listener is NULL.
05-27 16:11:53.589 487 516 I SystemControlClient: notifyCallback event type:5
05-27 16:11:53.589 320 328 I SystemControl: [/UEventObserver.cpp, HDMITxUenventThreadLoop, 451] HDMI TX switch_name:hdmitx_current_status, switch_state: 134
05-27 16:11:53.589 487 516 I SystemControlClient: notifyCallback: listener is NULL.
05-27 16:11:53.589 240 800 I SystemControlClient: notifyCallback event type:5
05-27 16:11:53.589 240 800 I SystemControlClient: notifyCallback: listener is NULL.
05-27 16:11:53.590 290 351 I MesonHwc: hdr_preference (dolby_vision)
05-27 16:11:53.590 290 351 E MesonHwc: dolby vision driver is not ready
05-27 16:11:53.590 290 351 D MesonHwc: dolby version:0, dv3:0, hlg:0, hdr10:0, hdr10+:0 max:0, avg:0, min:0
05-27 16:11:53.590 290 351 D MesonHwc: dolby version 4k30:0
05-27 16:11:53.590 290 351 D MesonHwc: Connector HDMI-A loadDisplayModes get 22 modes
05-27 16:11:53.590 290 351 D MesonHwc: add fraction display mode (1920x1080p120hz)
05-27 16:11:53.590 290 351 I MesonHwc: add display mode (1920x1080p120hz-1920x1080p120hz-110, 1920x1080, 120.000000) dpi(42406,42203), hskew(1)
05-27 16:11:53.590 290 351 D MesonHwc: add fraction display mode (smpte24hz)
05-27 16:11:53.590 290 351 I MesonHwc: add display mode (smpte24hz-smpte24hz-111, 4096x2160, 24.000000) dpi(90468,84406), hskew(1)
05-27 16:11:53.590 290 351 D MesonHwc: add fraction display mode (2160p30hz)
05-27 16:11:53.590 290 351 I MesonHwc: add display mode (2160p30hz-2160p30hz-112, 3840x2160, 30.000000) dpi(84813,84406), hskew(1)
05-27 16:11:53.590 290 351 I MesonHwc: add display mode (2160p25hz-2160p25hz-113, 3840x2160, 25.000000) dpi(84813,84406), hskew(1)
05-27 16:11:53.590 290 351 D MesonHwc: add fraction display mode (2160p24hz)
