--------- beginning of kernel
01-01 08:04:44.463 0 0 I [1 T241 ..] logd: logdr: UID=0 GID=0 PID=4873 b tail=0 logMask=99 pid=0 start=0ns deadline=0ns --------- beginning of main
05-27 16:11:15.001 467 561 I netd : tetherGetStats() -> {[]} <1.48ms>
05-27 16:11:15.015 467 561 I netd : bandwidthSetGlobalAlert(2097152) <0.43ms>
05-27 16:11:15.132 515 541 I WifiHAL : call wifi_get_link_stats handler
05-27 16:11:15.132 515 541 I WifiHAL : Creating message to get link statistics; iface = 16
05-27 16:11:15.133 515 541 D WifiHAL : error code -95 mapped to -3
05-27 16:11:15.133 715 854 E WifiStaIfaceAidlImpl: getLinkLayerStats failed with service-specific exception: android.os.ServiceSpecificException: (code 4) --------- beginning of system
05-27 16:11:15.439 715 814 D OomAdjuster: Not killing cached processes
05-27 16:11:15.441 1554 1554 D bbb : onStartCommand begin !!!!!!! data分区剩余 54534MB
05-27 16:11:16.934 1975 4497 D TrafficStats: tagSocket(79) with statsTag=0x0, statsUid=-1
05-27 16:11:17.137 478 673 I audio_hw_hal_alsamgr: alsa format =0x24000000 delay frames =4960 total frames=49920000
05-27 16:11:18.138 515 541 I WifiHAL : call wifi_get_link_stats handler
05-27 16:11:18.138 515 541 I WifiHAL : Creating message to get link statistics; iface = 16
05-27 16:11:18.138 515 541 D WifiHAL : error code -95 mapped to -3
05-27 16:11:18.139 715 854 E WifiStaIfaceAidlImpl: getLinkLayerStats failed with service-specific exception: android.os.ServiceSpecificException: (code 4)
05-27 16:11:19.009 2275 2331 D nStackXCoAP: IsInSameNetwork:[276] :IsInSameNetwork exec
05-27 16:11:19.010 2275 2331 I nStackXDFinder: GetLocalInterfaceDetail:[461] :GetLocalInterfaceDetail in
05-27 16:11:19.010 2275 2331 E nStackXCoAP: IsInSameNetwork:[281] :IsInSameNetwork: not priority process
05-27 16:11:19.010 2275 2331 D nStackXCoAP: ParseServiceDiscover:[330] :new device join
05-27 16:11:19.010 2275 2331 I nStackXDFinder: NotifyDeviceListChanged:[540] :notify callback: device list changed callback is null
05-27 16:11:19.010 2275 2331 E nStackXDFinder: GetLocalIp:[401] :GetLocalIp exec
01-01 08:04:48.759 0 0 W : [0 T2331 ..] [SP FRAME TX] arp req,vif_idx:0 sender:[1c:79:2d:20:62:83 192.168.3.86]receiver:[00:00:00:00:00:00 192.168.3.209]
01-01 08:04:48.764 0 0 W : [3 T1054 ..] [SP FRAME RX] arp rsp,vif_idx:0 sender:[92:c8:7a:73:1d:bb 192.168.3.209]receiver:[1c:79:2d:20:62:83 192.168.3.86]
05-27 16:11:19.078 2275 2331 D nStackXCoAP: CoapMessageHandler:[133] :2.01
05-27 16:11:19.107 2275 2331 D nStackXCoAP: IsInSameNetwork:[276] :IsInSameNetwork exec
05-27 16:11:19.107 2275 2331 I nStackXDFinder: GetLocalInterfaceDetail:[461] :GetLocalInterfaceDetail in
05-27 16:11:19.108 2275 2331 E nStackXCoAP: IsInSameNetwork:[281] :IsInSameNetwork: not priority process
05-27 16:11:19.108 2275 2331 D nStackXCoAP: ParseServiceDiscover:[330] :new device join
05-27 16:11:19.108 2275 2331 E nStackXDFinder: GetLocalIp:[401] :GetLocalIp exec
01-01 08:04:48.856 0 0 W : [3 T1054 ..] [SP FRAME RX] arp rsp,vif_idx:0 sender:[c8:5e:a9:75:e2:f2 192.168.3.57]receiver:[1c:79:2d:20:62:83 192.168.3.86]
05-27 16:11:19.214 2275 2331 D nStackXCoAP: CoapMessageHandler:[133] :2.01
05-27 16:11:19.311 2275 2331 D nStackXCoAP: IsInSameNetwork:[276] :IsInSameNetwork exec
05-27 16:11:19.312 2275 2331 I nStackXDFinder: GetLocalInterfaceDetail:[461] :GetLocalInterfaceDetail in
05-27 16:11:19.312 2275 2331 E nStackXCoAP: IsInSameNetwork:[281] :IsInSameNetwork: not priority process
05-27 16:11:19.312 2275 2331 D nStackXCoAP: ParseServiceDiscover:[330] :new device join
05-27 16:11:19.312 2275 2331 E nStackXDFinder: GetLocalIp:[401] :GetLocalIp exec
05-27 16:11:19.328 2275 2331 D nStackXCoAP: CoapMessageHandler:[133] :2.01
05-27 16:11:19.520 2275 2331 D nStackXCoAP: IsInSameNetwork:[276] :IsInSameNetwork exec
05-27 16:11:19.520 2275 2331 I nStackXDFinder: GetLocalInterfaceDetail:[461] :GetLocalInterfaceDetail in
05-27 16:11:19.520 2275 2331 E nStackXCoAP: IsInSameNetwork:[281] :IsInSameNetwork: not priority process
05-27 16:11:19.520 2275 2331 D nStackXCoAP: ParseServiceDiscover:[330] :new device join
05-27 16:11:19.520 2275 2331 E nStackXDFinder: GetLocalIp:[401] :GetLocalIp exec
05-27 16:11:19.531 2275 2331 D nStackXCoAP: CoapMessageHandler:[133] :2.01
05-27 16:11:19.979 489 525 D hdmicecd: [CEC]:printCecMsgBuf, msg: 04 44 04
05-27 16:11:19.981 715 715 D HDMI : [R]: 04:44
05-27 16:11:19.985 1439 1439 I SogouIME: onKeyDown: keyoCode=22
05-27 16:11:19.985 1439 1439 I DefaultIMS: onKeyDown: keyoCode=22
05-27 16:11:20.039 2275 2331 D nStackXCoAP: IsInSameNetwork:[276] :IsInSameNetwork exec
05-27 16:11:20.039 2275 2331 I nStackXDFinder: GetLocalInterfaceDetail:[461] :GetLocalInterfaceDetail in
05-27 16:11:20.039 2275 2331 E nStackXCoAP: IsInSameNetwork:[281] :IsInSameNetwork: not priority process
05-27 16:11:20.039 2275 2331 D nStackXCoAP: ParseServiceDiscover:[330] :new device join
05-27 16:11:20.039 2275 2331 E nStackXDFinder: GetLocalIp:[401] :GetLocalIp exec
05-27 16:11:20.087 489 525 D hdmicecd: [CEC]:printCecMsgBuf, msg: 04 45
05-27 16:11:20.088 715 715 D HDMI : [R]: 04:45
05-27 16:11:20.092 1439 1439 I SogouIME: onKeyUp: keyoCode=22
05-27 16:11:20.092 1439 1439 I DefaultIMS: onKeyUp: keyoCode=22
05-27 16:11:20.105 2275 2331 D nStackXCoAP: CoapMessageHandler:[133] :2.01
05-27 16:11:20.532 2275 2331 D nStackXCoAP: IsInSameNetwork:[276] :IsInSameNetwork exec
05-27 16:11:20.532 2275 2331 I nStackXDFinder: GetLocalInterfaceDetail:[461] :GetLocalInterfaceDetail in
05-27 16:11:20.532 2275 2331 E nStackXCoAP: IsInSameNetwork:[281] :IsInSameNetwork: not priority process
05-27 16:11:20.532 2275 2331 D nStackXCoAP: ParseServiceDiscover:[330] :new device join
05-27 16:11:20.532 2275 2331 E nStackXDFinder: GetLocalIp:[401] :GetLocalIp exec
05-27 16:11:20.541 2275 2331 D nStackXCoAP: CoapMessageHandler:[133] :2.01
05-27 16:11:21.055 2275 2331 D nStackXCoAP: IsInSameNetwork:[276] :IsInSameNetwork exec
05-27 16:11:21.055 2275 2331 I nStackXDFinder: GetLocalInterfaceDetail:[461] :GetLocalInterfaceDetail in
05-27 16:11:21.055 2275 2331 E nStackXCoAP: IsInSameNetwork:[281] :IsInSameNetwork: not priority process
05-27 16:11:21.055 2275 2331 D nStackXCoAP: ParseServiceDiscover:[330] :new device join
05-27 16:11:21.055 2275 2331 E nStackXDFinder: GetLocalIp:[401] :GetLocalIp exec
05-27 16:11:21.074 2275 2331 D nStackXCoAP: CoapMessageHandler:[133] :2.01
05-27 16:11:21.142 515 541 I WifiHAL : call wifi_get_link_stats handler
05-27 16:11:21.142 515 541 I WifiHAL : Creating message to get link statistics; iface = 16
05-27 16:11:21.143 515 541 D WifiHAL : error code -95 mapped to -3
05-27 16:11:21.143 715 854 E WifiStaIfaceAidlImpl: getLinkLayerStats failed with service-specific exception: android.os.ServiceSpecificException: (code 4)
05-27 16:11:21.539 489 525 D hdmicecd: [CEC]:printCecMsgBuf, msg: 04 44 0d
05-27 16:11:21.541 715 715 D HDMI : [R]: 04:44
05-27 16:11:21.544 1439 1439 I SogouIME: onKeyDown: keyoCode=4
05-27 16:11:21.544 1439 1439 I DefaultIMS: onKeyDown: keyoCode=4
05-27 16:11:21.562 2275 2331 D nStackXCoAP: IsInSameNetwork:[276] :IsInSameNetwork exec
05-27 16:11:21.563 2275 2331 I nStackXDFinder: GetLocalInterfaceDetail:[461] :GetLocalInterfaceDetail in
05-27 16:11:21.563 2275 2331 E nStackXCoAP: IsInSameNetwork:[281] :IsInSameNetwork: not priority process
05-27 16:11:21.563 2275 2331 D nStackXCoAP: ParseServiceDiscover:[330] :new device join
05-27 16:11:21.563 2275 2331 E nStackXDFinder: GetLocalIp:[401] :GetLocalIp exec
05-27 16:11:21.584 2275 2331 D nStackXCoAP: CoapMessageHandler:[133] :2.01
05-27 16:11:21.663 489 525 D hdmicecd: [CEC]:printCecMsgBuf, msg: 04 45
05-27 16:11:21.665 715 715 D HDMI : [R]: 04:45
05-27 16:11:21.668 715 739 D AutofillManagerService: onBackKeyPressed()
05-27 16:11:21.670 1439 1439 I SogouIME: onKeyUp: keyoCode=4
05-27 16:11:21.670 1439 1439 I DefaultIMS: onKeyUp: keyoCode=4
05-27 16:11:21.725 2749 2749 W View : requestLayout() improperly called by com.google.android.material.textview.MaterialTextView{2d0b2f3 V.ED..... ..S...ID 80,30-298,70 #7f0901c7 app:id/leaf_net_item_name_tv} during layout: running second layout pass
05-27 16:11:22.070 2275 2331 D nStackXCoAP: IsInSameNetwork:[276] :IsInSameNetwork exec
05-27 16:11:22.070 2275 2331 I nStackXDFinder: GetLocalInterfaceDetail:[461] :GetLocalInterfaceDetail in
05-27 16:11:22.070 2275 2331 E nStackXCoAP: IsInSameNetwork:[281] :IsInSameNetwork: not priority process
05-27 16:11:22.070 2275 2331 D nStackXCoAP: ParseServiceDiscover:[330] :new device join
05-27 16:11:22.071 2275 2331 E nStackXDFinder: GetLocalIp:[401] :GetLocalIp exec
05-27 16:11:22.082 2275 2331 D nStackXCoAP: CoapMessageHandler:[133] :2.01
05-27 16:11:22.588 2275 2331 D nStackXCoAP: IsInSameNetwork:[276] :IsInSameNetwork exec
05-27 16:11:22.588 2275 2331 I nStackXDFinder: GetLocalInterfaceDetail:[461] :GetLocalInterfaceDetail in
05-27 16:11:22.588 2275 2331 E nStackXCoAP: IsInSameNetwork:[281] :IsInSameNetwork: not priority process
05-27 16:11:22.588 2275 2331 D nStackXCoAP: ParseServiceDiscover:[330] :new device join
05-27 16:11:22.588 2275 2331 E nStackXDFinder: GetLocalIp:[401] :GetLocalIp exec
05-27 16:11:22.619 2275 2331 D nStackXCoAP: CoapMessageHandler:[133] :2.01
05-27 16:11:22.627 489 525 D hdmicecd: [CEC]:printCecMsgBuf, msg: 04 44 02
05-27 16:11:22.628 715 715 D HDMI : [R]: 04:44
05-27 16:11:22.632 1439 1439 I SogouIME: onKeyDown: keyoCode=20
05-27 16:11:22.632 1439 1439 I DefaultIMS: onKeyDown: keyoCode=20
05-27 16:11:22.727 489 525 D hdmicecd: [CEC]:printCecMsgBuf, msg: 04 45
05-27 16:11:22.728 715 715 D HDMI : [R]: 04:45
05-27 16:11:22.732 1439 1439 I SogouIME: onKeyUp: keyoCode=20
05-27 16:11:22.732 1439 1439 I DefaultIMS: onKeyUp: keyoCode=20
05-27 16:11:22.887 489 525 D hdmicecd: [CEC]:printCecMsgBuf, msg: 04 8f
05-27 16:11:22.889 715 715 D HDMI : [R]: 04:8F
05-27 16:11:22.890 715 894 D HDMI : [S]: 40:90:00
05-27 16:11:22.992 489 525 D hdmicecd: [CEC]:printCecMsgBuf, msg: 04 44 02
05-27 16:11:22.993 715 715 D HDMI : [R]: 04:44
05-27 16:11:22.996 1439 1439 I SogouIME: onKeyDown: keyoCode=20
05-27 16:11:22.996 1439 1439 I DefaultIMS: onKeyDown: keyoCode=20
05-27 16:11:23.095 2275 2331 D nStackXCoAP: IsInSameNetwork:[276] :IsInSameNetwork exec
05-27 16:11:23.095 2275 2331 I nStackXDFinder: GetLocalInterfaceDetail:[461] :GetLocalInterfaceDetail in
05-27 16:11:23.095 2275 2331 E nStackXCoAP: IsInSameNetwork:[281] :IsInSameNetwork: not priority process
05-27 16:11:23.095 2275 2331 D nStackXCoAP: ParseServiceDiscover:[330] :new device join
05-27 16:11:23.095 2275 2331 E nStackXDFinder: GetLocalIp:[401] :GetLocalIp exec
05-27 16:11:23.108 2275 2331 D nStackXCoAP: CoapMessageHandler:[133] :2.01
05-27 16:11:23.183 489 525 D hdmicecd: [CEC]:printCecMsgBuf, msg: 04 45
05-27 16:11:23.185 715 715 D HDMI : [R]: 04:45
05-27 16:11:23.188 1439 1439 I SogouIME: onKeyUp: keyoCode=20
05-27 16:11:23.188 1439 1439 I DefaultIMS: onKeyUp: keyoCode=20
05-27 16:11:23.270 489 519 D hdmicecd: [CEC]:printCecMessage, [4 -> 0] len: 2, body: 90 00, result:fail other
05-27 16:11:23.343 489 525 D hdmicecd: [CEC]:printCecMsgBuf, msg: 04 44 02
05-27 16:11:23.345 715 715 D HDMI : [R]: 04:44
05-27 16:11:23.348 1439 1439 I SogouIME: onKeyDown: keyoCode=20
05-27 16:11:23.348 1439 1439 I DefaultIMS: onKeyDown: keyoCode=20
05-27 16:11:23.479 489 525 D hdmicecd: [CEC]:printCecMsgBuf, msg: 04 45
05-27 16:11:23.481 715 715 D HDMI : [R]: 04:45
05-27 16:11:23.484 1439 1439 I SogouIME: onKeyUp: keyoCode=20
05-27 16:11:23.485 1439 1439 I DefaultIMS: onKeyUp: keyoCode=20
05-27 16:11:23.575 489 519 D hdmicecd: [CEC]:printCecMessage, [4 -> 0] len: 2, body: 90 00, result:success
05-27 16:11:23.575 489 519 E IPCThreadState: binder thread pool (1 threads) starved for 685 ms
05-27 16:11:23.613 2275 2331 D nStackXCoAP: IsInSameNetwork:[276] :IsInSameNetwork exec
05-27 16:11:23.613 2275 2331 I nStackXDFinder: GetLocalInterfaceDetail:[461] :GetLocalInterfaceDetail in
05-27 16:11:23.613 2275 2331 E nStackXCoAP: IsInSameNetwork:[281] :IsInSameNetwork: not priority process
05-27 16:11:23.613 2275 2331 D nStackXCoAP: ParseServiceDiscover:[330] :new device join
05-27 16:11:23.613 2275 2331 E nStackXDFinder: GetLocalIp:[401] :GetLocalIp exec
05-27 16:11:23.639 2275 2331 D nStackXCoAP: CoapMessageHandler:[133] :2.01
05-27 16:11:23.864 489 525 D hdmicecd: [CEC]:printCecMsgBuf, msg: 04 44 02
05-27 16:11:23.865 715 715 D HDMI : [R]: 04:44
05-27 16:11:23.868 1439 1439 I SogouIME: onKeyDown: keyoCode=20
05-27 16:11:23.868 1439 1439 I DefaultIMS: onKeyDown: keyoCode=20
05-27 16:11:24.000 489 525 D hdmicecd: [CEC]:printCecMsgBuf, msg: 04 45
05-27 16:11:24.005 715 715 D HDMI : [R]: 04:45
05-27 16:11:24.011 1439 1439 I SogouIME: onKeyUp: keyoCode=20
05-27 16:11:24.011 1439 1439 I DefaultIMS: onKeyUp: keyoCode=20
05-27 16:11:24.150 515 541 I WifiHAL : call wifi_get_link_stats handler
05-27 16:11:24.150 515 541 I WifiHAL : Creating message to get link statistics; iface = 16
05-27 16:11:24.150 515 541 D WifiHAL : error code -95 mapped to -3
05-27 16:11:24.151 715 854 E WifiStaIfaceAidlImpl: getLinkLayerStats failed with service-specific exception: android.os.ServiceSpecificException: (code 4)
05-27 16:11:25.077 478 673 I audio_hw_hal_alsamgr: alsa format =0x1 delay frames =768 total frames=13659200
05-27 16:11:26.383 489 525 D hdmicecd: [CEC]:printCecMsgBuf, msg: 04 8f
05-27 16:11:26.384 715 715 D HDMI : [R]: 04:8F
05-27 16:11:26.385 715 894 D HDMI : [S]: 40:90:00
05-27 16:11:26.491 489 519 D hdmicecd: [CEC]:printCecMessage, [4 -> 0] len: 2, body: 90 00, result:success
05-27 16:11:26.491 489 519 E IPCThreadState: binder thread pool (1 threads) starved for 106 ms
05-27 16:11:27.157 515 541 I WifiHAL : call wifi_get_link_stats handler
05-27 16:11:27.158 515 541 I WifiHAL : Creating message to get link statistics; iface = 16
05-27 16:11:27.158 515 541 D WifiHAL : error code -95 mapped to -3
05-27 16:11:27.158 715 854 E WifiStaIfaceAidlImpl: getLinkLayerStats failed with service-specific exception: android.os.ServiceSpecificException: (code 4)
01-01 08:04:56.935 0 0 W : [3 T1054 ..] [SP FRAME RX] DHCP[0 1], vif_idx:0
01-01 08:04:57.878 0 0 W : [3 T1054 ..] [SP FRAME RX] DHCP[0 1], vif_idx:0
01-01 08:04:58.985 0 0 W : [3 T0 .s] [SP FRAME TX] arp req,vif_idx:0 sender:[1c:79:2d:20:62:83 192.168.3.86]receiver:[00:00:00:00:00:00 192.168.3.188]
01-01 08:04:59.222 0 0 W : [3 T1054 ..] [SP FRAME RX] arp req,vif_idx:0 sender:[02:c2:8f:cb:45:a7 192.168.3.188]receiver:[00:00:00:00:00:00 192.168.3.86]
01-01 08:04:59.223 0 0 W : [3 T1054 ..] [SP FRAME TX] arp rsp,vif_idx:0 sender:[1c:79:2d:20:62:83 192.168.3.86]receiver:[02:c2:8f:cb:45:a7 192.168.3.188]
01-01 08:04:59.236 0 0 W : [3 T1054 ..] [SP FRAME RX] arp rsp,vif_idx:0 sender:[02:c2:8f:cb:45:a7 192.168.3.188]receiver:[1c:79:2d:20:62:83 192.168.3.86]
05-27 16:11:30.165 515 541 I WifiHAL : call wifi_get_link_stats handler
05-27 16:11:30.165 515 541 I WifiHAL : Creating message to get link statistics; iface = 16
05-27 16:11:30.165 515 541 D WifiHAL : error code -95 mapped to -3
01-01 08:04:59.909 0 0 W : [3 T1054 ..] [SP FRAME RX] DHCP[0 1], vif_idx:0
05-27 16:11:30.166 715 854 E WifiStaIfaceAidlImpl: getLinkLayerStats failed with service-specific exception: android.os.ServiceSpecificException: (code 4)
05-27 16:11:31.293 2275 2331 D nStackXCoAP: IsInSameNetwork:[276] :IsInSameNetwork exec
05-27 16:11:31.294 2275 2331 I nStackXDFinder: GetLocalInterfaceDetail:[461] :GetLocalInterfaceDetail in
05-27 16:11:31.294 2275 2331 E nStackXCoAP: IsInSameNetwork:[281] :IsInSameNetwork: not priority process
05-27 16:11:31.294 2275 2331 D nStackXCoAP: ParseServiceDiscover:[330] :new device join
05-27 16:11:31.294 2275 2331 E nStackXDFinder: GetLocalIp:[401] :GetLocalIp exec
05-27 16:11:31.395 2275 2331 D nStackXCoAP: IsInSameNetwork:[276] :IsInSameNetwork exec
05-27 16:11:31.395 2275 2331 I nStackXDFinder: GetLocalInterfaceDetail:[461] :GetLocalInterfaceDetail in
05-27 16:11:31.395 2275 2331 E nStackXCoAP: IsInSameNetwork:[281] :IsInSameNetwork: not priority process
05-27 16:11:31.395 2275 2331 D nStackXCoAP: ParseServiceDiscover:[330] :new device join
05-27 16:11:31.395 2275 2331 E nStackXDFinder: GetLocalIp:[401] :GetLocalIp exec
05-27 16:11:31.448 2275 2331 D nStackXCoAP: CoapMessageHandler:[133] :2.01
05-27 16:11:31.500 2275 2331 D nStackXCoAP: CoapMessageHandler:[133] :2.01
05-27 16:11:31.693 2275 2331 D nStackXCoAP: IsInSameNetwork:[276] :IsInSameNetwork exec
05-27 16:11:31.693 2275 2331 I nStackXDFinder: GetLocalInterfaceDetail:[461] :GetLocalInterfaceDetail in
05-27 16:11:31.693 2275 2331 E nStackXCoAP: IsInSameNetwork:[281] :IsInSameNetwork: not priority process
05-27 16:11:31.693 2275 2331 D nStackXCoAP: ParseServiceDiscover:[330] :new device join
05-27 16:11:31.694 2275 2331 E nStackXDFinder: GetLocalIp:[401] :GetLocalIp exec
05-27 16:11:31.808 2275 2331 D nStackXCoAP: IsInSameNetwork:[276] :IsInSameNetwork exec
05-27 16:11:31.808 2275 2331 I nStackXDFinder: GetLocalInterfaceDetail:[461] :GetLocalInterfaceDetail in
05-27 16:11:31.809 2275 2331 E nStackXCoAP: IsInSameNetwork:[281] :IsInSameNetwork: not priority process
05-27 16:11:31.809 2275 2331 D nStackXCoAP: ParseServiceDiscover:[330] :new device join
05-27 16:11:31.809 2275 2331 E nStackXDFinder: GetLocalIp:[401] :GetLocalIp exec
05-27 16:11:31.907 489 525 D hdmicecd: [CEC]:printCecMsgBuf, msg: 04 8f
05-27 16:11:31.908 715 715 D HDMI : [R]: 04:8F
05-27 16:11:31.909 715 894 D HDMI : [S]: 40:90:00
05-27 16:11:32.015 489 519 D hdmicecd: [CEC]:printCecMessage, [4 -> 0] len: 2, body: 90 00, result:success
05-27 16:11:32.015 489 519 E IPCThreadState: binder thread pool (1 threads) starved for 107 ms
05-27 16:11:32.241 2275 2331 D nStackXCoAP: CoapMessageHandler:[133] :2.01
05-27 16:11:32.247 2275 2331 D nStackXCoAP: CoapMessageHandler:[133] :2.01
05-27 16:11:32.313 2275 2331 D nStackXCoAP: IsInSameNetwork:[276] :IsInSameNetwork exec
05-27 16:11:32.313 2275 2331 I nStackXDFinder: GetLocalInterfaceDetail:[461] :GetLocalInterfaceDetail in
05-27 16:11:32.313 2275 2331 E nStackXCoAP: IsInSameNetwork:[281] :IsInSameNetwork: not priority process
05-27 16:11:32.313 2275 2331 D nStackXCoAP: ParseServiceDiscover:[330] :new device join
05-27 16:11:32.313 2275 2331 E nStackXDFinder: GetLocalIp:[401] :GetLocalIp exec
05-27 16:11:32.325 2275 2331 D nStackXCoAP: CoapMessageHandler:[133] :2.01
05-27 16:11:32.392 489 525 D hdmicecd: [CEC]:printCecMsgBuf, msg: 04 44 01
05-27 16:11:32.393 715 715 D HDMI : [R]: 04:44
05-27 16:11:32.397 1439 1439 I SogouIME: onKeyDown: keyoCode=19
05-27 16:11:32.397 1439 1439 I DefaultIMS: onKeyDown: keyoCode=19
05-27 16:11:32.471 489 525 D hdmicecd: [CEC]:printCecMsgBuf, msg: 04 45
05-27 16:11:32.472 715 715 D HDMI : [R]: 04:45
05-27 16:11:32.474 1439 1439 I SogouIME: onKeyUp: keyoCode=19
05-27 16:11:32.474 1439 1439 I DefaultIMS: onKeyUp: keyoCode=19
05-27 16:11:32.812 489 525 D hdmicecd: [CEC]:printCecMsgBuf, msg: 04 44 04
05-27 16:11:32.813 715 715 D HDMI : [R]: 04:44
05-27 16:11:32.816 1439 1439 I SogouIME: onKeyDown: keyoCode=22
05-27 16:11:32.816 1439 1439 I DefaultIMS: onKeyDown: keyoCode=22
05-27 16:11:32.821 2275 2331 D nStackXCoAP: IsInSameNetwork:[276] :IsInSameNetwork exec
05-27 16:11:32.821 2275 2331 I nStackXDFinder: GetLocalInterfaceDetail:[461] :GetLocalInterfaceDetail in
05-27 16:11:32.821 2275 2331 E nStackXCoAP: IsInSameNetwork:[281] :IsInSameNetwork: not priority process
05-27 16:11:32.821 2275 2331 D nStackXCoAP: ParseServiceDiscover:[330] :new device join
05-27 16:11:32.821 2275 2331 E nStackXDFinder: GetLocalIp:[401] :GetLocalIp exec
05-27 16:11:32.859 2275 2331 D nStackXCoAP: CoapMessageHandler:[133] :2.01
05-27 16:11:32.891 489 525 D hdmicecd: [CEC]:printCecMsgBuf, msg: 04 45
05-27 16:11:32.892 715 715 D HDMI : [R]: 04:45
05-27 16:11:32.894 1439 1439 I SogouIME: onKeyUp: keyoCode=22
05-27 16:11:32.895 1439 1439 I DefaultIMS: onKeyUp: keyoCode=22
05-27 16:11:33.123 715 1967 I WifiService: startScan uid=1000
05-27 16:11:33.125 2749 2749 E ccc : cccccc i will start scan
05-27 16:11:33.135 715 859 D InstantWifi: Drop, size: 1
01-01 08:05:02.883 0 0 W : [3 T622 ..] [aml_cfg80211_scan 1812] n_channels:36,iftype:2
01-01 08:05:02.883 0 0 W : [3 T622 ..] [aml_send_scanu_req 2532] vif:0
01-01 08:05:02.883 0 0 W : [3 T622 ..] [aml_send_scanu_req 2563] len:4 ssid:DZNB
01-01 08:05:02.884 0 0 W : [3 T622 ..] >>> aml_send_msg()
01-01 08:05:02.886 0 0 W : [2 T1052 ..] ipc_sdio_host_msgack_handler 00000000e342cadb
01-01 08:05:02.886 0 0 W : [2 T1052 ..] [aml_msgackind 2038] msg ack hostid=0xffffff80621be500
01-01 08:05:02.887 0 0 W : [2 T1052 ..] [cmd_mgr_llind 329] cmd tkn[45] flags:0008 result: -4 cmd:4096-SCANU_START_REQ - reqcfm( 0-none)
01-01 08:05:02.889 0 0 W : [2 T1052 ..] [cmd_complete 65] cmd tkn[45] flags:0000 result: -4 cmd:4096-SCANU_START_REQ - reqcfm( 0-none)
05-27 16:11:33.170 515 541 I WifiHAL : call wifi_get_link_stats handler
05-27 16:11:33.170 515 541 I WifiHAL : Creating message to get link statistics; iface = 16
05-27 16:11:33.170 515 541 D WifiHAL : error code -95 mapped to -3
05-27 16:11:33.171 715 854 E WifiStaIfaceAidlImpl: getLinkLayerStats failed with service-specific exception: android.os.ServiceSpecificException: (code 4)
05-27 16:11:33.844 2275 2331 D nStackXCoAP: IsInSameNetwork:[276] :IsInSameNetwork exec
05-27 16:11:33.844 2275 2331 I nStackXDFinder: GetLocalInterfaceDetail:[461] :GetLocalInterfaceDetail in
05-27 16:11:33.844 2275 2331 E nStackXCoAP: IsInSameNetwork:[281] :IsInSameNetwork: not priority process
05-27 16:11:33.844 2275 2331 D nStackXCoAP: ParseServiceDiscover:[330] :new device join
05-27 16:11:33.844 2275 2331 E nStackXDFinder: GetLocalIp:[401] :GetLocalIp exec
05-27 16:11:33.940 2275 2331 D nStackXCoAP: CoapMessageHandler:[133] :2.01
01-01 08:05:03.897 0 0 W : [3 T1054 ..] [SP FRAME RX] DHCP[0 1], vif_idx:0
05-27 16:11:34.188 489 525 D hdmicecd: [CEC]:printCecMsgBuf, msg: 04 44 01
05-27 16:11:34.189 715 715 D HDMI : [R]: 04:44
05-27 16:11:34.193 1439 1439 I SogouIME: onKeyDown: keyoCode=19
05-27 16:11:34.193 1439 1439 I DefaultIMS: onKeyDown: keyoCode=19
05-27 16:11:34.323 489 525 D hdmicecd: [CEC]:printCecMsgBuf, msg: 04 45
05-27 16:11:34.324 715 715 D HDMI : [R]: 04:45
05-27 16:11:34.327 1439 1439 I SogouIME: onKeyUp: keyoCode=19
05-27 16:11:34.328 1439 1439 I DefaultIMS: onKeyUp: keyoCode=19
05-27 16:11:34.399 1420 1438 E ccc : cccccc ColorFormatManager reset
05-27 16:11:34.400 290 346 D MesonDisplayServer: use connector getDisplayAttribute "HDR Priority": "268435472"
05-27 16:11:34.401 320 360 I SystemControl: [/DisplayMode.cpp, getCurrentHdrPriority, 2840] getCurrentHdrPriority is [0x10000010]
05-27 16:11:34.402 290 346 V MesonDisplayServer: GetDisplayMode:720p24hz
05-27 16:11:34.404 290 346 D MesonDisplayServer: use connector getDisplayAttribute "HDR Priority": "268435472"
05-27 16:11:34.405 320 360 I SystemControl: [/DisplayMode.cpp, getCurrentHdrPriority, 2840] getCurrentHdrPriority is [0x10000010]
05-27 16:11:34.406 290 346 V MesonDisplayServer: GetDisplayMode:720p24hz
05-27 16:11:34.407 290 346 D MesonDisplayServer: use connector getDisplayAttribute "HDMI Color ATTR": "444,8bit"
05-27 16:11:34.407 320 360 I SystemControl: [/DisplayMode.cpp, getDeepColorAttr, 2290] getDeepColorAttr colorspace:444,8bit
05-27 16:11:34.407 320 360 I SystemControl: get deep color attr mode 720p24hz, value 444,8bit
05-27 16:11:34.408 1420 1438 E ccc : cccccc ColorHelper current get YCbCr 4:4:4 8-bit
05-27 16:11:34.459 2275 2331 D nStackXCoAP: IsInSameNetwork:[276] :IsInSameNetwork exec
05-27 16:11:34.459 2275 2331 I nStackXDFinder: GetLocalInterfaceDetail:[461] :GetLocalInterfaceDetail in
05-27 16:11:34.459 2275 2331 E nStackXCoAP: IsInSameNetwork:[281] :IsInSameNetwork: not priority process
05-27 16:11:34.459 2275 2331 D nStackXCoAP: ParseServiceDiscover:[330] :new device join
05-27 16:11:34.460 2275 2331 E nStackXDFinder: GetLocalIp:[401] :GetLocalIp exec
05-27 16:11:34.591 2275 2331 D nStackXCoAP: CoapMessageHandler:[133] :2.01
05-27 16:11:35.140 489 525 D hdmicecd: [CEC]:printCecMsgBuf, msg: 04 44 00
05-27 16:11:35.141 715 715 D HDMI : [R]: 04:44
05-27 16:11:35.145 1439 1439 I SogouIME: onKeyDown: keyoCode=23
05-27 16:11:35.145 1439 1439 I DefaultIMS: onKeyDown: keyoCode=23
05-27 16:11:35.219 489 525 D hdmicecd: [CEC]:printCecMsgBuf, msg: 04 45
05-27 16:11:35.221 715 715 D HDMI : [R]: 04:45
05-27 16:11:35.223 1439 1439 I SogouIME: onKeyUp: keyoCode=23
05-27 16:11:35.223 1439 1439 I DefaultIMS: onKeyUp: keyoCode=23
05-27 16:11:35.228 1439 1439 I SogouIME: onKeyDown: keyoCode=21
05-27 16:11:35.228 1439 1439 I DefaultIMS: onKeyDown: keyoCode=21
05-27 16:11:35.233 1439 1439 I SogouIME: onKeyUp: keyoCode=21
05-27 16:11:35.233 1439 1439 I DefaultIMS: onKeyUp: keyoCode=21
05-27 16:11:35.465 715 795 D ActivityManager: sync unfroze 1823 com.android.permissioncontroller for 6
05-27 16:11:35.467 715 795 D OomAdjuster: Not killing cached processes
05-27 16:11:35.468 715 795 W ProcessStats: Tracking association SourceState{a9acb38 system/1000 ImpBg #495} whose proc state 6 is better than process ProcessState{7618534 com.android.permissioncontroller/10063 pkg=com.android.permissioncontroller} proc state 15 (5 skipped)
05-27 16:11:35.470 1823 1823 I PermissionEventCleanupJobService: onStartJob
05-27 16:11:35.472 1823 4773 D BasePermissionEventStorage: 0 old permission events removed
05-27 16:11:35.894 2275 2331 D nStackXCoAP: IsInSameNetwork:[276] :IsInSameNetwork exec
05-27 16:11:35.894 2275 2331 I nStackXDFinder: GetLocalInterfaceDetail:[461] :GetLocalInterfaceDetail in
05-27 16:11:35.894 2275 2331 E nStackXCoAP: IsInSameNetwork:[281] :IsInSameNetwork: not priority process
05-27 16:11:35.894 2275 2331 D nStackXCoAP: ParseServiceDiscover:[330] :new device join
05-27 16:11:35.894 2275 2331 E nStackXDFinder: GetLocalIp:[401] :GetLocalIp exec
05-27 16:11:36.148 2275 2331 D nStackXCoAP: CoapMessageHandler:[133] :2.01
05-27 16:11:36.178 515 541 I WifiHAL : call wifi_get_link_stats handler
05-27 16:11:36.178 515 541 I WifiHAL : Creating message to get link statistics; iface = 16
05-27 16:11:36.178 515 541 D WifiHAL : error code -95 mapped to -3
05-27 16:11:36.179 715 854 E WifiStaIfaceAidlImpl: getLinkLayerStats failed with service-specific exception: android.os.ServiceSpecificException: (code 4)
05-27 16:11:36.228 489 525 D hdmicecd: [CEC]:printCecMsgBuf, msg: 04 44 00
05-27 16:11:36.229 715 715 D HDMI : [R]: 04:44
05-27 16:11:36.232 1439 1439 I SogouIME: onKeyDown: keyoCode=23
05-27 16:11:36.232 1439 1439 I DefaultIMS: onKeyDown: keyoCode=23
05-27 16:11:36.315 489 525 D hdmicecd: [CEC]:printCecMsgBuf, msg: 04 45
05-27 16:11:36.317 715 715 D HDMI : [R]: 04:45
05-27 16:11:36.319 1439 1439 I SogouIME: onKeyUp: keyoCode=23
05-27 16:11:36.319 1439 1439 I DefaultIMS: onKeyUp: keyoCode=23
05-27 16:11:36.338 1420 1437 E ccc : cccccc resolutionListItem is AUTO
05-27 16:11:36.338 1420 1437 E ccc : cccccc resolutionListItem is 4k (30 Hz)
05-27 16:11:36.338 1420 1437 E ccc : cccccc resolutionListItem is 4k (29.97 Hz)
05-27 16:11:36.339 1420 1437 E ccc : cccccc resolutionListItem is 4k (25 Hz)
05-27 16:11:36.339 1420 1437 E ccc : cccccc resolutionListItem is 4k (24 Hz)
05-27 16:11:36.339 1420 1437 E ccc : cccccc resolutionListItem is 4k (24 Hz)
05-27 16:11:36.339 1420 1437 E ccc : cccccc resolutionListItem is 4k (23.98 Hz)
05-27 16:11:36.339 1420 1437 E ccc : cccccc resolutionListItem is 4k (23.98 Hz)
05-27 16:11:36.339 1420 1437 E ccc : cccccc resolutionListItem is 1080p (120 Hz)
05-27 16:11:36.339 1420 1437 E ccc : cccccc resolutionListItem is 1080p (119.88 Hz)
05-27 16:11:36.339 1420 1437 E ccc : cccccc resolutionListItem is 1080p (60 Hz)
05-27 16:11:36.339 1420 1437 E ccc : cccccc resolutionListItem is 1080p (59.94 Hz)
05-27 16:11:36.339 1420 1437 E ccc : cccccc resolutionListItem is 1080p (50 Hz)
05-27 16:11:36.339 1420 1437 E ccc : cccccc resolutionListItem is 1080p (30 Hz)
05-27 16:11:36.339 1420 1437 E ccc : cccccc resolutionListItem is 1080p (29.97 Hz)
05-27 16:11:36.339 1420 1437 E ccc : cccccc resolutionListItem is 1080p (24 Hz)
05-27 16:11:36.339 1420 1437 E ccc : cccccc resolutionListItem is 1080p (23.98 Hz)
05-27 16:11:36.339 1420 1437 E ccc : cccccc resolutionListItem is 720p (120 Hz)
05-27 16:11:36.339 1420 1437 E ccc : cccccc resolutionListItem is 720p (119.88 Hz)
05-27 16:11:36.339 1420 1437 E ccc : cccccc resolutionListItem is 720p (60 Hz)
05-27 16:11:36.339 1420 1437 E ccc : cccccc resolutionListItem is 720p (59.94 Hz)
05-27 16:11:36.339 1420 1437 E ccc : cccccc resolutionListItem is 720p (50 Hz)
05-27 16:11:36.339 1420 1437 E ccc : cccccc resolutionListItem is 720p (30 Hz)
05-27 16:11:36.339 1420 1437 E ccc : cccccc resolutionListItem is 720p (29.97 Hz)
05-27 16:11:36.339 1420 1437 E ccc : cccccc resolutionListItem is 720p (24 Hz)
05-27 16:11:36.339 1420 1437 E ccc : cccccc resolutionListItem is 720p (23.98 Hz)
05-27 16:11:36.339 1420 1437 E ccc : cccccc resolutionListItem is 576p (50 Hz)
05-27 16:11:36.339 1420 1437 E ccc : cccccc resolutionListItem is 480p (60 Hz)
05-27 16:11:36.339 1420 1437 E ccc : cccccc resolutionListItem is 480p (59.94 Hz)
01-01 08:05:04.229 0 0 W : [3 T1054 ..] [aml_scan_rx 1505] scanres_payload_buf overflow, flush
01-01 08:05:06.153 0 0 W : [1 T0 .s] [SP FRAME TX] arp req,vif_idx:0 sender:[1c:79:2d:20:62:83 192.168.3.86]receiver:[00:00:00:00:00:00 192.168.3.164]
05-27 16:11:36.523 489 525 D hdmicecd: [CEC]:printCecMsgBuf, msg: 04 8f
05-27 16:11:36.524 715 715 D HDMI : [R]: 04:8F
05-27 16:11:36.525 715 894 D HDMI : [S]: 40:90:00
05-27 16:11:36.635 489 519 D hdmicecd: [CEC]:printCecMessage, [4 -> 0] len: 2, body: 90 00, result:success
05-27 16:11:36.635 489 519 E IPCThreadState: binder thread pool (1 threads) starved for 110 ms
01-01 08:05:06.463 0 0 W : [3 T1054 ..] [SP FRAME RX] arp rsp,vif_idx:0 sender:[f2:ae:01:68:98:57 192.168.3.164]receiver:[1c:79:2d:20:62:83 192.168.3.86]
05-27 16:11:36.886 2275 2331 D nStackXCoAP: CoapMessageHandler:[133] :2.01
05-27 16:11:36.952 1975 4497 D TrafficStats: tagSocket(79) with statsTag=0x0, statsUid=-1
05-27 16:11:37.099 715 3519 D WifiNl80211Manager: Scan result ready event
05-27 16:11:37.099 715 3519 D WifiNative: Scan result ready event
01-01 08:05:06.845 0 0 W : [2 T1052 ..] >>> aml_rx_scanu_start_cfm()
05-27 16:11:37.112 715 859 W IE_Capabilities: Unknown RSN cipher suite: 6ac0f00
05-27 16:11:37.112 715 859 W IE_Capabilities: Unknown RSN cipher suite: 6ac0f00
05-27 16:11:37.138 478 673 I audio_hw_hal_alsamgr: alsa format =0x24000000 delay frames =4576 total frames=53760000
05-27 16:11:37.154 715 854 D PasspointManager: ANQP entry not found for: 50:33:f0:5b:7e:a2:
05-27 16:11:37.154 2749 2858 E ccc : cccccc SCAN_RESULTS_AVAILABLE_ACTION hhhh
05-27 16:11:37.155 1444 1444 E hq : NetWorkStateReceiver:::NetWorkStateReceiver onReceive: 网络变化广播 >>>> intent.action=android.net.wifi.SCAN_RESULTS
05-27 16:11:37.159 715 854 D PasspointManager: ANQP entry not found for: 10:7c:61:1a:4b:94:<5G>
05-27 16:11:37.159 515 541 I WifiHAL : call wifi_get_link_stats handler
05-27 16:11:37.159 515 541 I WifiHAL : Creating message to get link statistics; iface = 16
05-27 16:11:37.159 515 541 D WifiHAL : error code -95 mapped to -3
05-27 16:11:37.160 715 854 E WifiStaIfaceAidlImpl: getLinkLayerStats failed with service-specific exception: android.os.ServiceSpecificException: (code 4)
05-27 16:11:37.177 2749 2858 E ccc : cccccc result is not empty call back
05-27 16:11:37.177 2749 2858 E ccc : cccccc 666666666666666
05-27 16:11:37.178 1444 1444 W eventbuscore: post Event:com.dangbei.leard.base.entity.event.NetWifiRssiEvent
05-27 16:11:37.189 2749 2858 E ccc : cccccc sort 2 49
05-27 16:11:37.268 2749 2758 W bei.haqusetting: Cleared Reference was only reachable from finalizer (only reported once)
01-01 08:05:07.177 0 0 W : [2 T0 .s] [SP FRAME TX] arp req,vif_idx:0 sender:[1c:79:2d:20:62:83 192.168.3.86]receiver:[00:00:00:00:00:00 192.168.3.1]
01-01 08:05:07.177 0 0 W : [2 T0 .s] [SP FRAME TX] arp req,vif_idx:0 sender:[1c:79:2d:20:62:83 192.168.3.86]receiver:[00:00:00:00:00:00 192.168.3.207]
01-01 08:05:07.182 0 0 W : [3 T1054 ..] [SP FRAME RX] arp rsp,vif_idx:0 sender:[70:3a:a6:36:a8:d7 192.168.3.1]receiver:[1c:79:2d:20:62:83 192.168.3.86]
01-01 08:05:07.183 0 0 W : [3 T1054 ..] [SP FRAME RX] arp rsp,vif_idx:0 sender:[c8:09:a8:f5:19:ff 192.168.3.207]receiver:[1c:79:2d:20:62:83 192.168.3.86]
05-27 16:11:37.438 467 561 I netd : setProcSysNet(4, 2, wlan0, retrans_time_ms, 1000) <0.16ms>
05-27 16:11:37.439 467 561 I netd : setProcSysNet(4, 2, wlan0, ucast_solicit, 15) <0.15ms>
05-27 16:11:37.440 467 561 I netd : setProcSysNet(6, 2, wlan0, retrans_time_ms, 1000) <0.17ms>
05-27 16:11:37.440 467 561 I netd : setProcSysNet(6, 2, wlan0, ucast_solicit, 15) <0.12ms>
05-27 16:11:37.752 489 525 D hdmicecd: [CEC]:printCecMsgBuf, msg: 04 44 02
05-27 16:11:37.754 715 715 D HDMI : [R]: 04:44
05-27 16:11:37.757 1439 1439 I SogouIME: onKeyDown: keyoCode=20
05-27 16:11:37.758 1439 1439 I DefaultIMS: onKeyDown: keyoCode=20
05-27 16:11:37.838 2275 2331 D nStackXCoAP: CoapMessageHandler:[133] :2.01
05-27 16:11:37.851 489 525 D hdmicecd: [CEC]:printCecMsgBuf, msg: 04 45
05-27 16:11:37.852 715 715 D HDMI : [R]: 04:45
05-27 16:11:37.855 1439 1439 I SogouIME: onKeyUp: keyoCode=20
05-27 16:11:37.855 1439 1439 I DefaultIMS: onKeyUp: keyoCode=20
05-27 16:11:37.976 489 525 D hdmicecd: [CEC]:printCecMsgBuf, msg: 04 44 02
05-27 16:11:37.977 715 715 D HDMI : [R]: 04:44
05-27 16:11:37.981 1439 1439 I SogouIME: onKeyDown: keyoCode=20
05-27 16:11:37.981 1439 1439 I DefaultIMS: onKeyDown: keyoCode=20
05-27 16:11:38.055 489 525 D hdmicecd: [CEC]:printCecMsgBuf, msg: 04 45
05-27 16:11:38.057 715 715 D HDMI : [R]: 04:45
05-27 16:11:38.059 1439 1439 I SogouIME: onKeyUp: keyoCode=20
05-27 16:11:38.059 1439 1439 I DefaultIMS: onKeyUp: keyoCode=20
05-27 16:11:38.272 489 525 D hdmicecd: [CEC]:printCecMsgBuf, msg: 04 44 02
05-27 16:11:38.272 715 715 D HDMI : [R]: 04:44
05-27 16:11:38.275 1439 1439 I SogouIME: onKeyDown: keyoCode=20
05-27 16:11:38.276 1439 1439 I DefaultIMS: onKeyDown: keyoCode=20
05-27 16:11:38.351 489 525 D hdmicecd: [CEC]:printCecMsgBuf, msg: 04 45
05-27 16:11:38.352 715 715 D HDMI : [R]: 04:45
05-27 16:11:38.355 1439 1439 I SogouIME: onKeyUp: keyoCode=20
05-27 16:11:38.355 1439 1439 I DefaultIMS: onKeyUp: keyoCode=20
05-27 16:11:38.512 489 525 D hdmicecd: [CEC]:printCecMsgBuf, msg: 04 44 02
05-27 16:11:38.513 715 715 D HDMI : [R]: 04:44
05-27 16:11:38.517 1439 1439 I SogouIME: onKeyDown: keyoCode=20
05-27 16:11:38.517 1439 1439 I DefaultIMS: onKeyDown: keyoCode=20
05-27 16:11:38.651 489 525 D hdmicecd: [CEC]:printCecMsgBuf, msg: 04 45
05-27 16:11:38.652 715 715 D HDMI : [R]: 04:45
05-27 16:11:38.655 1439 1439 I SogouIME: onKeyUp: keyoCode=20
05-27 16:11:38.655 1439 1439 I DefaultIMS: onKeyUp: keyoCode=20
05-27 16:11:38.812 489 525 D hdmicecd: [CEC]:printCecMsgBuf, msg: 04 44 02
05-27 16:11:38.813 715 715 D HDMI : [R]: 04:44
05-27 16:11:38.816 1439 1439 I SogouIME: onKeyDown: keyoCode=20
05-27 16:11:38.816 1439 1439 I DefaultIMS: onKeyDown: keyoCode=20
05-27 16:11:38.891 489 525 D hdmicecd: [CEC]:printCecMsgBuf, msg: 04 45
05-27 16:11:38.892 715 715 D HDMI : [R]: 04:45
05-27 16:11:38.895 1439 1439 I SogouIME: onKeyUp: keyoCode=20
05-27 16:11:38.895 1439 1439 I DefaultIMS: onKeyUp: keyoCode=20
05-27 16:11:39.052 489 525 D hdmicecd: [CEC]:printCecMsgBuf, msg: 04 44 02
05-27 16:11:39.053 715 715 D HDMI : [R]: 04:44
05-27 16:11:39.056 1439 1439 I SogouIME: onKeyDown: keyoCode=20
05-27 16:11:39.056 1439 1439 I DefaultIMS: onKeyDown: keyoCode=20
05-27 16:11:39.131 489 525 D hdmicecd: [CEC]:printCecMsgBuf, msg: 04 45
05-27 16:11:39.132 715 715 D HDMI : [R]: 04:45
05-27 16:11:39.135 1439 1439 I SogouIME: onKeyUp: keyoCode=20
05-27 16:11:39.135 1439 1439 I DefaultIMS: onKeyUp: keyoCode=20
05-27 16:11:39.184 515 541 I WifiHAL : call wifi_get_link_stats handler
05-27 16:11:39.184 515 541 I WifiHAL : Creating message to get link statistics; iface = 16
05-27 16:11:39.185 515 541 D WifiHAL : error code -95 mapped to -3
05-27 16:11:39.185 715 854 E WifiStaIfaceAidlImpl: getLinkLayerStats failed with service-specific exception: android.os.ServiceSpecificException: (code 4)
05-27 16:11:39.292 489 525 D hdmicecd: [CEC]:printCecMsgBuf, msg: 04 44 02
05-27 16:11:39.294 715 715 D HDMI : [R]: 04:44
05-27 16:11:39.300 1439 1439 I SogouIME: onKeyDown: keyoCode=20
05-27 16:11:39.300 1439 1439 I DefaultIMS: onKeyDown: keyoCode=20
05-27 16:11:39.427 489 525 D hdmicecd: [CEC]:printCecMsgBuf, msg: 04 45
05-27 16:11:39.429 715 715 D HDMI : [R]: 04:45
05-27 16:11:39.432 1439 1439 I SogouIME: onKeyUp: keyoCode=20
05-27 16:11:39.432 1439 1439 I DefaultIMS: onKeyUp: keyoCode=20
05-27 16:11:39.532 489 525 D hdmicecd: [CEC]:printCecMsgBuf, msg: 04 44 02
05-27 16:11:39.533 715 715 D HDMI : [R]: 04:44
05-27 16:11:39.536 1439 1439 I SogouIME: onKeyDown: keyoCode=20
05-27 16:11:39.536 1439 1439 I DefaultIMS: onKeyDown: keyoCode=20
05-27 16:11:39.611 489 525 D hdmicecd: [CEC]:printCecMsgBuf, msg: 04 45
05-27 16:11:39.612 715 715 D HDMI : [R]: 04:45
05-27 16:11:39.615 1439 1439 I SogouIME: onKeyUp: keyoCode=20
05-27 16:11:39.615 1439 1439 I DefaultIMS: onKeyUp: keyoCode=20
05-27 16:11:39.716 489 525 D hdmicecd: [CEC]:printCecMsgBuf, msg: 04 44 02
05-27 16:11:39.717 715 715 D HDMI : [R]: 04:44
05-27 16:11:39.721 1439 1439 I SogouIME: onKeyDown: keyoCode=20
05-27 16:11:39.721 1439 1439 I DefaultIMS: onKeyDown: keyoCode=20
05-27 16:11:39.851 489 525 D hdmicecd: [CEC]:printCecMsgBuf, msg: 04 45
05-27 16:11:39.852 715 715 D HDMI : [R]: 04:45
05-27 16:11:39.856 1439 1439 I SogouIME: onKeyUp: keyoCode=20
05-27 16:11:39.856 1439 1439 I DefaultIMS: onKeyUp: keyoCode=20
05-27 16:11:39.956 489 525 D hdmicecd: [CEC]:printCecMsgBuf, msg: 04 44 02
05-27 16:11:39.957 715 715 D HDMI : [R]: 04:44
05-27 16:11:39.964 1439 1439 I SogouIME: onKeyDown: keyoCode=20
05-27 16:11:39.964 1439 1439 I DefaultIMS: onKeyDown: keyoCode=20
05-27 16:11:40.035 489 525 D hdmicecd: [CEC]:printCecMsgBuf, msg: 04 45
05-27 16:11:40.037 715 715 D HDMI : [R]: 04:45
05-27 16:11:40.040 1439 1439 I SogouIME: onKeyUp: keyoCode=20
05-27 16:11:40.040 1439 1439 I DefaultIMS: onKeyUp: keyoCode=20
05-27 16:11:40.196 489 525 D hdmicecd: [CEC]:printCecMsgBuf, msg: 04 44 02
05-27 16:11:40.197 715 715 D HDMI : [R]: 04:44
05-27 16:11:40.202 1439 1439 I SogouIME: onKeyDown: keyoCode=20
05-27 16:11:40.202 1439 1439 I DefaultIMS: onKeyDown: keyoCode=20
05-27 16:11:40.275 489 525 D hdmicecd: [CEC]:printCecMsgBuf, msg: 04 45
05-27 16:11:40.277 715 715 D HDMI : [R]: 04:45
05-27 16:11:40.279 1439 1439 I SogouIME: onKeyUp: keyoCode=20
05-27 16:11:40.279 1439 1439 I DefaultIMS: onKeyUp: keyoCode=20
05-27 16:11:40.436 489 525 D hdmicecd: [CEC]:printCecMsgBuf, msg: 04 44 02
05-27 16:11:40.437 715 715 D HDMI : [R]: 04:44
05-27 16:11:40.442 1439 1439 I SogouIME: onKeyDown: keyoCode=20
05-27 16:11:40.442 1439 1439 I DefaultIMS: onKeyDown: keyoCode=20
05-27 16:11:40.463 715 715 I ResourceTimer: GetResourceValue count=4053 pvalues=7000,30000,41000,65000
05-27 16:11:40.464 715 715 I ResourceTimer: RetrieveAttributes count=104 pvalues=4000,17000,21000,31000
05-27 16:11:40.515 489 525 D hdmicecd: [CEC]:printCecMsgBuf, msg: 04 45
05-27 16:11:40.516 715 715 D HDMI : [R]: 04:45
05-27 16:11:40.519 1439 1439 I SogouIME: onKeyUp: keyoCode=20
05-27 16:11:40.519 1439 1439 I DefaultIMS: onKeyUp: keyoCode=20
05-27 16:11:40.620 489 525 D hdmicecd: [CEC]:printCecMsgBuf, msg: 04 44 02
05-27 16:11:40.621 715 715 D HDMI : [R]: 04:44
05-27 16:11:40.625 1439 1439 I SogouIME: onKeyDown: keyoCode=20
05-27 16:11:40.625 1439 1439 I DefaultIMS: onKeyDown: keyoCode=20
05-27 16:11:40.699 489 525 D hdmicecd: [CEC]:printCecMsgBuf, msg: 04 45
05-27 16:11:40.700 715 715 D HDMI : [R]: 04:45
05-27 16:11:40.702 1439 1439 I SogouIME: onKeyUp: keyoCode=20
05-27 16:11:40.702 1439 1439 I DefaultIMS: onKeyUp: keyoCode=20
05-27 16:11:41.744 2275 2331 D nStackXCoAP: IsInSameNetwork:[276] :IsInSameNetwork exec
05-27 16:11:41.744 2275 2331 I nStackXDFinder: GetLocalInterfaceDetail:[461] :GetLocalInterfaceDetail in
05-27 16:11:41.744 2275 2331 E nStackXCoAP: IsInSameNetwork:[281] :IsInSameNetwork: not priority process
05-27 16:11:41.744 2275 2331 D nStackXCoAP: ParseServiceDiscover:[330] :new device join
05-27 16:11:41.744 2275 2331 I nStackXDFinder: NotifyDeviceListChanged:[540] :notify callback: device list changed callback is null
05-27 16:11:41.744 2275 2331 E nStackXDFinder: GetLocalIp:[401] :GetLocalIp exec
01-01 08:05:11.493 0 0 W : [1 T2331 ..] [SP FRAME TX] arp req,vif_idx:0 sender:[1c:79:2d:20:62:83 192.168.3.86]receiver:[00:00:00:00:00:00 192.168.3.97]
01-01 08:05:11.497 0 0 W : [3 T1054 ..] [SP FRAME RX] arp rsp,vif_idx:0 sender:[02:fe:15:17:79:f9 192.168.3.97]receiver:[1c:79:2d:20:62:83 192.168.3.86]
05-27 16:11:41.831 2275 2331 D nStackXCoAP: IsInSameNetwork:[276] :IsInSameNetwork exec
05-27 16:11:41.831 2275 2331 I nStackXDFinder: GetLocalInterfaceDetail:[461] :GetLocalInterfaceDetail in
05-27 16:11:41.831 2275 2331 E nStackXCoAP: IsInSameNetwork:[281] :IsInSameNetwork: not priority process
05-27 16:11:41.831 2275 2331 D nStackXCoAP: ParseServiceDiscover:[330] :new device join
05-27 16:11:41.831 2275 2331 E nStackXDFinder: GetLocalIp:[401] :GetLocalIp exec
05-27 16:11:41.833 2275 2331 D nStackXCoAP: CoapMessageHandler:[133] :2.01
05-27 16:11:41.863 2275 2331 D nStackXCoAP: CoapMessageHandler:[133] :2.01
05-27 16:11:42.041 2275 2331 D nStackXCoAP: IsInSameNetwork:[276] :IsInSameNetwork exec
05-27 16:11:42.041 2275 2331 I nStackXDFinder: GetLocalInterfaceDetail:[461] :GetLocalInterfaceDetail in
05-27 16:11:42.041 2275 2331 E nStackXCoAP: IsInSameNetwork:[281] :IsInSameNetwork: not priority process
05-27 16:11:42.041 2275 2331 D nStackXCoAP: ParseServiceDiscover:[330] :new device join
05-27 16:11:42.041 2275 2331 E nStackXDFinder: GetLocalIp:[401] :GetLocalIp exec
05-27 16:11:42.072 2275 2331 D nStackXCoAP: CoapMessageHandler:[133] :2.01
01-01 08:05:11.889 0 0 W : [3 T1054 ..] [SP FRAME RX] DHCP[0 1], vif_idx:0
05-27 16:11:42.190 515 541 I WifiHAL : call wifi_get_link_stats handler
05-27 16:11:42.190 515 541 I WifiHAL : Creating message to get link statistics; iface = 16
05-27 16:11:42.190 515 541 D WifiHAL : error code -95 mapped to -3
05-27 16:11:42.191 715 854 E WifiStaIfaceAidlImpl: getLinkLayerStats failed with service-specific exception: android.os.ServiceSpecificException: (code 4)
05-27 16:11:42.259 2275 2331 D nStackXCoAP: IsInSameNetwork:[276] :IsInSameNetwork exec
05-27 16:11:42.259 2275 2331 I nStackXDFinder: GetLocalInterfaceDetail:[461] :GetLocalInterfaceDetail in
05-27 16:11:42.259 2275 2331 E nStackXCoAP: IsInSameNetwork:[281] :IsInSameNetwork: not priority process
05-27 16:11:42.259 2275 2331 D nStackXCoAP: ParseServiceDiscover:[330] :new device join
05-27 16:11:42.259 2275 2331 E nStackXDFinder: GetLocalIp:[401] :GetLocalIp exec
01-01 08:05:12.209 0 0 W : [3 T1054 ..] [SP FRAME RX] DHCP[0 1], vif_idx:0
05-27 16:11:42.468 489 525 D hdmicecd: [CEC]:printCecMsgBuf, msg: 04 44 02
05-27 16:11:42.469 715 715 D HDMI : [R]: 04:44
05-27 16:11:42.473 1439 1439 I SogouIME: onKeyDown: keyoCode=20
05-27 16:11:42.473 1439 1439 I DefaultIMS: onKeyDown: keyoCode=20
05-27 16:11:42.478 2275 2331 D nStackXCoAP: CoapMessageHandler:[133] :2.01
05-27 16:11:42.604 489 525 D hdmicecd: [CEC]:printCecMsgBuf, msg: 04 45
05-27 16:11:42.605 715 715 D HDMI : [R]: 04:45
05-27 16:11:42.608 1439 1439 I SogouIME: onKeyUp: keyoCode=20
05-27 16:11:42.608 1439 1439 I DefaultIMS: onKeyUp: keyoCode=20
05-27 16:11:42.761 2275 2331 D nStackXCoAP: IsInSameNetwork:[276] :IsInSameNetwork exec
05-27 16:11:42.762 2275 2331 I nStackXDFinder: GetLocalInterfaceDetail:[461] :GetLocalInterfaceDetail in
05-27 16:11:42.762 2275 2331 E nStackXCoAP: IsInSameNetwork:[281] :IsInSameNetwork: not priority process
05-27 16:11:42.762 2275 2331 D nStackXCoAP: ParseServiceDiscover:[330] :new device join
05-27 16:11:42.762 2275 2331 E nStackXDFinder: GetLocalIp:[401] :GetLocalIp exec
05-27 16:11:42.893 2275 2331 D nStackXCoAP: CoapMessageHandler:[133] :2.01
05-27 16:11:43.270 2275 2331 D nStackXCoAP: IsInSameNetwork:[276] :IsInSameNetwork exec
05-27 16:11:43.271 2275 2331 I nStackXDFinder: GetLocalInterfaceDetail:[461] :GetLocalInterfaceDetail in
05-27 16:11:43.271 2275 2331 E nStackXCoAP: IsInSameNetwork:[281] :IsInSameNetwork: not priority process
05-27 16:11:43.271 2275 2331 D nStackXCoAP: ParseServiceDiscover:[330] :new device join
05-27 16:11:43.271 2275 2331 E nStackXDFinder: GetLocalIp:[401] :GetLocalIp exec
05-27 16:11:43.282 2275 2331 D nStackXCoAP: CoapMessageHandler:[133] :2.01
05-27 16:11:43.300 489 525 D hdmicecd: [CEC]:printCecMsgBuf, msg: 04 44 00
05-27 16:11:43.301 715 715 D HDMI : [R]: 04:44
05-27 16:11:43.304 1439 1439 I SogouIME: onKeyDown: keyoCode=23
05-27 16:11:43.304 1439 1439 I DefaultIMS: onKeyDown: keyoCode=23
05-27 16:11:43.387 489 525 D hdmicecd: [CEC]:printCecMsgBuf, msg: 04 45
05-27 16:11:43.389 715 715 D HDMI : [R]: 04:45
05-27 16:11:43.391 1439 1439 I SogouIME: onKeyUp: keyoCode=23
05-27 16:11:43.391 1439 1439 I DefaultIMS: onKeyUp: keyoCode=23
05-27 16:11:43.405 290 375 D MesonHwc: setBootConfig 720x576@50.00
05-27 16:11:43.405 290 375 I MesonHwc: set boot display config to 576p50hz
05-27 16:11:43.405 290 375 D MesonHwc: set key:ubootenv.var.is.bestmode value:false
05-27 16:11:43.405 320 360 I SystemControl: [/Ubootenv.cpp, updateValue, 68] [ubootenv] update value name [ubootenv.var.is.bestmode]: value [false]
05-27 16:11:43.405 320 360 I SystemControl: [/Ubootenv.cpp, get, 336] [ubootenv] get key:is.bestmode envValue: false
05-27 16:11:43.405 290 375 D MesonHwc: set key:ubootenv.var.hdmimode value:576p50hz
05-27 16:11:43.406 320 371 I SystemControl: [/Ubootenv.cpp, updateValue, 68] [ubootenv] update value name [ubootenv.var.hdmimode]: value [576p50hz]
05-27 16:11:43.406 320 371 I SystemControl: [/Ubootenv.cpp, get, 336] [ubootenv] get key:hdmimode envValue: 720p24hz
05-27 16:11:43.407 320 371 I SystemControl: [/Ubootenv.cpp, printValues, 137] [ubootenv] printenv end
05-27 16:11:43.409 1053 1053 I DroidAudioCore: needSyncDroidSetting internal audio format:1, android format:0
05-27 16:11:43.409 320 371 I SystemControl: [/Ubootenv.cpp, updateValue, 104] [ubootenv] Save ubootenv to /dev/block/by-name/env succeed!
05-27 16:11:43.409 290 375 I MesonDisplay: [/mode_policy.c, meson_mode_set_policy, 1177] connector:0 to policy:8
05-27 16:11:43.409 290 375 D MesonHwc: set key:ubootenv.var.frac_rate_policy value:0
05-27 16:11:43.410 320 360 I SystemControl: [/Ubootenv.cpp, updateValue, 68] [ubootenv] update value name [ubootenv.var.frac_rate_policy]: value [0]
05-27 16:11:43.410 320 360 I SystemControl: [/Ubootenv.cpp, get, 336] [ubootenv] get key:frac_rate_policy envValue: 0
