05-27 16:11:43.861 290 351 D MesonHwc: received Uevent: MODALIAS=input:b0005v1D5ApC081e0000-e0,1,2,3,4,k71,72,73,74,77,80,82,83,85,86,87,88,89,8A,8B,8C,8E,90,96,98,9B,9C,9E,9F,A1,A3,A4,A5,A6,A7,A8,A9,AB,AC,AD,AE,B0,B1,B2,B5,B6,CE,CF,D0,D1,D2,D4,D8,D9,DB,DF,E0,E1,E4,E5,E6,E7,E8,E9,EA,EB,F0,F1,F4,100,161,162,166,16A,16E,172,174,176,177,178,179,17A,17B,17C,17D,17F,180,182,183,185,188,189,18C,18D,18E,18F,190,191,192,193,195,197,198,199,19A,19C,1A0,1A1,1A2,1A3,1A4,1A5,1A6,1A7,1A8,1A9,1AA,1AB,1AC,1AD,1AE,1AF,1B0,1B1,1B7,1BA,240,241,242,243,244,245,246,247,249,24A,250,251,r6,C,a20,m4,lsfw
05-27 16:11:43.861 290 351 D MesonHwc: received Uevent: SEQNUM=3609
05-27 16:11:43.861 290 351 D MesonHwc: received Uevent: change@/devices/virtual/amhdmitx/amhdmitx0
05-27 16:11:43.861 290 351 D MesonHwc: received Uevent: ACTION=change
05-27 16:11:43.861 290 351 D MesonHwc: received Uevent: DEVPATH=/devices/virtual/amhdmitx/amhdmitx0
05-27 16:11:43.861 290 351 D MesonHwc: received Uevent: SUBSYSTEM=amhdmitx
05-27 16:11:43.861 290 351 D MesonHwc: received Uevent: hdmitx_current_status=122
05-27 16:11:43.861 290 351 D MesonHwc: received Uevent: MAJOR=492
05-27 16:11:43.861 290 351 D MesonHwc: received Uevent: MINOR=0
05-27 16:11:43.861 290 351 D MesonHwc: received Uevent: DEVNAME=amhdmitx0
05-27 16:11:43.861 290 351 D MesonHwc: received Uevent: SEQNUM=5221
05-27 16:11:43.861 290 351 D MesonHwc: received Uevent: E_N=1
05-27 16:11:43.861 290 351 D MesonHwc: received Uevent: MODALIAS=of:NvoutT(null)Camlogic,_vout
05-27 16:11:43.861 290 351 D MesonHwc: received Uevent: SEQNUM=5219
05-27 16:11:43.861 290 351 D MesonHwc: received Uevent: Camlogic,_aocec-s7d
05-27 16:11:43.862 290 351 D MesonHwc: received Uevent: SEQNUM=5215
05-27 16:11:43.862 290 351 D MesonHwc: received Uevent: 5Ap0000C081
05-27 16:11:43.862 290 351 D MesonHwc: received Uevent: SEQNUM=3612
05-27 16:11:43.862 290 351 D MesonHwc: received Uevent: bfd4444600000000 1 130ff38b17c000 677bfad9415fed 9ed68000004400 10000002
05-27 16:11:43.862 290 351 D MesonHwc: received Uevent: REL=1040
05-27 16:11:43.862 290 351 D MesonHwc: received Uevent: ABS=100000000
05-27 16:11:43.862 290 351 D MesonHwc: received Uevent: MSC=10
05-27 16:11:43.862 290 351 D MesonHwc: received Uevent: MODALIAS=input:b0005v1D5ApC081e0000-e0,1,2,3,4,k71,72,73,74,77,80,82,83,85,86,87,88,89,8A,8B,8C,8E,90,96,98,9B,9C,9E,9F,A1,A3,A4,A5,A6,A7,A8,A9,AB,AC,AD,AE,B0,B1,B2,B5,B6,CE,CF,D0,D1,D2,D4,D8,D9,DB,DF,E0,E1,E4,E5,E6,E7,E8,E9,EA,EB,F0,F1,F4,100,161,162,166,16A,16E,172,174,176,177,178,179,17A,17B,17C,17D,17F,180,182,183,185,188,189,18C,18D,18E,18F,190,191,192,193,195,197,198,199,19A,19C,1A0,1A1,1A2,1A3,1A4,1A5,1A6,1A7,1A8,1A9,1AA,1AB,1AC,1AD,1AE,1AF,1B0,1B1,1B7,1BA,240,241,242,243,244,245,246,247,249,24A,250,251,r6,C,a20,m4,lsfw
05-27 16:11:43.862 290 351 D MesonHwc: received Uevent: SEQNUM=3609
05-27 16:11:43.864 290 375 D MesonHwc: Display (0) timeline changed.
05-27 16:11:43.865 264 264 E HwcComposer: setClientTargetSlotCount failed Status(-8, EX_SERVICE_SPECIFIC): '4: '
05-27 16:11:43.875 264 264 I Scheduler: Display 4620747849504298251 is the pacesetter
05-27 16:11:43.875 264 3563 E SchedulerTimer: Terminated
05-27 16:11:43.875 264 264 D SurfaceFlinger: Setting power mode 2 on display 4620747849504298251
05-27 16:11:43.875 264 394 W EventThread: Failed dispatching Hotplug{displayId=4620747849504298251, connected} for Connection{0xf2543110, VSyncRequest::None}
05-27 16:11:43.875 264 393 W EventThread: Failed dispatching Hotplug{displayId=4620747849504298251, connected} for Connection{0xf2542d10, VSyncRequest::None}
05-27 16:11:43.876 290 375 D MesonHwc: setPowerMode 2
05-27 16:11:43.876 264 264 D SurfaceFlinger: Finished setting power mode 2 on display 4620747849504298251
05-27 16:11:43.878 264 278 W HWComposer: Ignoring duplicate VSYNC event from HWC for display 4620747849504298251 (t=313481465000)
05-27 16:11:43.878 290 382 I MesonDisplay: [/mode_policy.c, meson_mode_set_policy, 1177] connector:0 to policy:0
05-27 16:11:43.879 290 382 I MesonDisplay: [/mode_policy.c, is_dv_prefer, 66] not prefer dv, hdr_priority:10000010
05-27 16:11:43.879 290 382 I MesonDisplay: [/mode_policy.c, is_dv_prefer, 66] not prefer dv, hdr_priority:10000010
05-27 16:11:43.879 290 382 I MesonDisplay: [/mode_policy_parser.c, is_support_hdmimode, 115] is_support_hdmimode mode: 2160p60hz not support
05-27 16:11:43.879 290 382 I MesonDisplay: [/mode_policy_parser.c, is_support_hdmimode, 115] is_support_hdmimode mode: 2160p50hz not support
05-27 16:11:43.879 290 382 I MesonDisplay: [/mode_policy_parser.c, is_support_hdmimode, 110] is_support_hdmimode mode: 1080p60hz
05-27 16:11:43.879 290 382 I MesonDisplay: [/mode_policy.c, get_highest_mode_by_policy, 978] get_highest_mode_by_policy preferred mode:[1080p60hz]
05-27 16:11:43.879 290 382 I MesonDisplay: [/mode_policy.c, get_hdmi_outputmode, 1018] get_hdmi_outputmode mode:1080p60hz
05-27 16:11:43.879 290 382 I MesonDisplay: [/mode_policy.c, sdr_scene_process, 1146] final_displaymode:1080p60hz
05-27 16:11:43.879 290 382 I MesonDisplay: [/mode_policy.c, get_best_color_attr, 613] get_best_color_attr current mode:[1080p60hz] brr_mode:[1080p60hz]
05-27 16:11:43.879 290 382 D MesonDisplay: meson_write /sys/class/amhdmitx/amhdmitx0/valid_mode, outputmode:1080p60hz444,8bit
05-27 16:11:43.879 290 382 D MesonDisplay: valid mode is true!
05-27 16:11:43.879 290 382 I MesonDisplay: [/mode_policy.c, get_best_color_attr, 679] support current mode:[1080p60hz], color format:[444,8bit]
05-27 16:11:43.879 290 382 I MesonDisplay: [/mode_policy.c, get_hdmi_color_attr, 1081] get hdmi color attribute : [444,8bit], outputmode is: [1080p60hz]
05-27 16:11:43.879 290 382 I MesonDisplay: [/mode_policy.c, update_deepcolor, 1107] colorattribute = 444,8bit
05-27 16:11:43.879 290 382 I MesonDisplay: [/mode_policy.c, sdr_scene_process, 1163] final_deepcolor = 444,8bit
05-27 16:11:43.879 290 382 I MesonDisplay: [/mode_policy.c, meson_mode_get_policy_output, 1289] final_displaymode:1080p60hz, final_deepcolor:444,8bit, amdv_type:0
05-27 16:11:43.879 290 382 I MesonHwc: getPreferredDisplayConfig [1080p60hz]
05-27 16:11:43.879 290 382 I MesonDisplay: [/mode_policy.c, meson_mode_set_policy, 1177] connector:0 to policy:8
05-27 16:11:43.879 290 382 D MesonHwc: getPreferredBootConfig outConfig = 474 (1920x1080@59.940060)
05-27 16:11:43.881 715 741 D LocalDisplayAdapter: The active mode was changed from SurfaceFlinger or the display device to {id=297, width=720, height=576, fps=50.0, alternativeRefreshRates=[], supportedHdrTypes=[]}
05-27 16:11:43.881 715 741 D LocalDisplayAdapter: The render frame rate was changed from SurfaceFlinger or the display device to 50.0
05-27 16:11:43.882 715 741 I DisplayDeviceRepository: Display device changed: DisplayDeviceInfo{"内置屏幕": uniqueId="local:4620747849504298251", 1280 x 720, modeId 431, renderFrameRate 24.000002, defaultModeId 297, supportedModes [{id=297, width=720, height=576, fps=50.0, alternativeRefreshRates=[], supportedHdrTypes=[]}, {id=407, width=1920, height=1080, fps=119.88013, alternativeRefreshRates=[], supportedHdrTypes=[]}, {id=408, width=1920, height=1080, fps=120.00001, alternativeRefreshRates=[], supportedHdrTypes=[]}, {id=409, width=4096, height=2160, fps=23.976025, alternativeRefreshRates=[], supportedHdrTypes=[]}, {id=410, width=4096, height=2160, fps=24.000002, alternativeRefreshRates=[], supportedHdrTypes=[]}, {id=411, width=3840, height=2160, fps=29.97003, alternativeRefreshRates=[], supportedHdrTypes=[]}, {id=412, width=3840, height=2160, fps=30.000002, alternativeRefreshRates=[], supportedHdrTypes=[]}, {id=413, width=3840, height=2160, fps=25.0, alternativeRefreshRates=[], supportedHdrTypes=[]}, {id=414, width=3840, height=2160, fps=23.976025, alternativeRefreshRates=[], supportedHdrTypes=[]}, {id=415, width=3840, height=2160, fps=24.000002, alternativeRefreshRates=[], supportedHdrTypes=[]}, {id=416, width=1920, height=1080, fps=59.94006, alternativeRefreshRates=[], supportedHdrTypes=[]}, {id=417, width=1920, height=1080, fps=60.000004, alternativeRefreshRates=[], supportedHdrTypes=[]}, {id=418, width=1920, height=1080, fps=50.0, alternativeRefreshRates=[], supportedHdrTypes=[]}, {id=419, width=1920, height=1080, fps=29.97003, alternativeRefreshRates=[], supportedHdrTypes=[]}, {id=420, width=1920, height=1080, fps=30.000002, alternativeRefreshRates=[], supportedHdrTypes=[]}, {id=421, width=1920, height=1080, fps=23.976025, alternativeRefreshRates=[], supportedHdrTypes=[]}, {id=422, width=1920, height=1080, fps=24.000002, alternativeRefreshRates=[], supportedHdrTypes=[]}, {id=423, width=1280, height=720, fps=119.88013, alternativeRefreshRates=[], supportedHdrTypes=[]}, {id=424, width=1280, height=720, fps=120.00001, alternativeRefreshRates=[], supportedHdrTypes=[]}, {id=425, width=1280, height=720, fps=59.94006, alternativeRefreshRates=[], supportedHdrTypes=[]}, {id=426, width=1280, height=720, fps=60.000004, alternativeRefreshRates=[], supportedHdrTypes=[]}, {id=427, width=1280, height=720, fps=50.0, alternativeRefreshRates=[], supportedHdrTypes=[]}, {id=428, width=1280, height=720, fps=29.97003, alternativeRefreshRates=[], supportedHdrTypes=[]}, {id=429, width=1280, height=720, fps=30.000002, alternativeRefreshRates=[], supportedHdrTypes=[]}, {id=430, width=1280, height=720, fps=23.976025, alternativeRefreshRates=[], supportedHdrTypes=[]}, {id=431, width=1280, height=720, fps=24.000002, alternativeRefreshRates=[], supportedHdrTypes=[]}, {id=432, width=720, height=480, fps=59.94006, alternativeRefreshRates=[], supportedHdrTypes=[]}, {id=433, width=720, height=480, fps=60.000004, alternativeRefreshRates=[], supportedHdrTypes=[]}], colorMode 0, supportedColorModes [0], hdrCapabilities HdrCapabilities{mSupportedHdrTypes=[], mMaxLuminance=500.0, mMaxAverageLuminance=500.0, mMinLuminance=0.0}, allmSupported false, gameContentTypeSupported true, density 160, 28.271 x 28.135 dpi, appVsyncOff 2000000, presDeadline 38666666, touch INTERNAL, rotation 0, type INTERNAL, address {port=11, model=0x402031aff65a95}, deviceProductInfo DeviceProductInfo{name=Haqu, manufacturerPnpId=HAQ, productId=48, modelYear=null, manufactureDate=ManufactureDate{week=43, year=2017}, connectionToSinkType=2}, state ON, committedState ON, frameRateOverride , brightnessMinimum 0.0, brightnessMaximum 1.0, brightnessDefault 0.39763778, hdrSdrRatio NaN, FLAG_ALLOWED_TO_BE_DEFAULT_DISPLAY, FLAG_ROTATES_WITH_CONTENT, FLAG_SECURE, FLAG_SUPPORTS_PROTECTED_BUFFERS, FLAG_TRUSTED, installOrientation 0, displayShape DisplayShape{ spec=-1507169495 displayWidth=1280 displayHeight=720 physicalPixelDisplaySizeRatio=1.0 rotation=0 offsetX=0 offsetY=0 scale=1.0}}
05-27 16:11:43.887 264 264 I RefreshRateSelector: Display 4620747849504298251 policy changed
05-27 16:11:43.887 264 264 I RefreshRateSelector: Previous: {defaultModeId=460, allowGroupSwitching=false, primaryRanges={physical=[0.00 Hz, 340282346638528859811704183484516925440.00 Hz], render=[0.00 Hz, 340282346638528859811704183484516925440.00 Hz]}, appRequestRanges={physical=[0.00 Hz, 340282346638528859811704183484516925440.00 Hz], render=[0.00 Hz, 340282346638528859811704183484516925440.00 Hz]}}
05-27 16:11:43.887 264 264 I RefreshRateSelector: Current: DisplayManagerPolicy{defaultModeId=460, allowGroupSwitching=false, primaryRanges={physical=[0.00 Hz, inf Hz], render=[0.00 Hz, 120.00 Hz]}, appRequestRanges={physical=[0.00 Hz, inf Hz], render=[0.00 Hz, inf Hz]}}
05-27 16:11:43.887 264 264 I RefreshRateSelector: 0 mode changes were performed under the previous policy
05-27 16:11:43.887 715 741 I InputManager-JNI: Viewport [0] to add: local:4620747849504298251, isActive: true
05-27 16:11:43.889 715 823 I InputReader: Reconfiguring input devices, changes=DISPLAY_INFO
05-27 16:11:44.201 2275 2331 D nStackXCoAP: IsInSameNetwork:[276] :IsInSameNetwork exec
05-27 16:11:44.201 2275 2331 I nStackXDFinder: GetLocalInterfaceDetail:[461] :GetLocalInterfaceDetail in
05-27 16:11:44.201 2275 2331 E nStackXCoAP: IsInSameNetwork:[281] :IsInSameNetwork: not priority process
05-27 16:11:44.202 2275 2331 D nStackXCoAP: ParseServiceDiscover:[330] :new device join
05-27 16:11:44.202 2275 2331 E nStackXDFinder: GetLocalIp:[401] :GetLocalIp exec
05-27 16:11:44.233 2275 2331 D nStackXCoAP: CoapMessageHandler:[133] :2.01
05-27 16:11:44.289 2275 2331 D nStackXCoAP: IsInSameNetwork:[276] :IsInSameNetwork exec
05-27 16:11:44.289 2275 2331 I nStackXDFinder: GetLocalInterfaceDetail:[461] :GetLocalInterfaceDetail in
05-27 16:11:44.289 2275 2331 E nStackXCoAP: IsInSameNetwork:[281] :IsInSameNetwork: not priority process
05-27 16:11:44.289 2275 2331 D nStackXCoAP: ParseServiceDiscover:[330] :new device join
05-27 16:11:44.290 2275 2331 E nStackXDFinder: GetLocalIp:[401] :GetLocalIp exec
05-27 16:11:44.396 2275 2331 D nStackXCoAP: IsInSameNetwork:[276] :IsInSameNetwork exec
05-27 16:11:44.396 2275 2331 I nStackXDFinder: GetLocalInterfaceDetail:[461] :GetLocalInterfaceDetail in
05-27 16:11:44.396 2275 2331 E nStackXCoAP: IsInSameNetwork:[281] :IsInSameNetwork: not priority process
05-27 16:11:44.396 2275 2331 D nStackXCoAP: ParseServiceDiscover:[330] :new device join
05-27 16:11:44.396 2275 2331 E nStackXDFinder: GetLocalIp:[401] :GetLocalIp exec
05-27 16:11:44.596 2275 2331 D nStackXCoAP: IsInSameNetwork:[276] :IsInSameNetwork exec
05-27 16:11:44.596 2275 2331 I nStackXDFinder: GetLocalInterfaceDetail:[461] :GetLocalInterfaceDetail in
05-27 16:11:44.596 2275 2331 E nStackXCoAP: IsInSameNetwork:[281] :IsInSameNetwork: not priority process
05-27 16:11:44.596 2275 2331 D nStackXCoAP: ParseServiceDiscover:[330] :new device join
05-27 16:11:44.596 2275 2331 E nStackXDFinder: GetLocalIp:[401] :GetLocalIp exec
05-27 16:11:44.690 264 264 E Scheduler: trackPendingFrame: Too many pending frames
05-27 16:11:44.723 2275 2331 D nStackXCoAP: IsInSameNetwork:[276] :IsInSameNetwork exec
05-27 16:11:44.723 2275 2331 I nStackXDFinder: GetLocalInterfaceDetail:[461] :GetLocalInterfaceDetail in
05-27 16:11:44.723 2275 2331 E nStackXCoAP: IsInSameNetwork:[281] :IsInSameNetwork: not priority process
05-27 16:11:44.723 2275 2331 D nStackXCoAP: ParseServiceDiscover:[330] :new device join
05-27 16:11:44.723 2275 2331 E nStackXDFinder: GetLocalIp:[401] :GetLocalIp exec
05-27 16:11:44.758 2275 2331 D nStackXCoAP: CoapMessageHandler:[133] :2.01
05-27 16:11:44.802 2275 2331 D nStackXCoAP: IsInSameNetwork:[276] :IsInSameNetwork exec
05-27 16:11:44.802 2275 2331 I nStackXDFinder: GetLocalInterfaceDetail:[461] :GetLocalInterfaceDetail in
05-27 16:11:44.802 2275 2331 E nStackXCoAP: IsInSameNetwork:[281] :IsInSameNetwork: not priority process
05-27 16:11:44.802 2275 2331 D nStackXCoAP: ParseServiceDiscover:[330] :new device join
05-27 16:11:44.802 2275 2331 E nStackXDFinder: GetLocalIp:[401] :GetLocalIp exec
05-27 16:11:44.850 290 4918 D MesonDisplay: read /sys/class/amhdmitx/amhdmitx0/hdcp_lstore, result length:0, val:
05-27 16:11:45.073 478 673 I audio_hw_hal_alsamgr: alsa format =0x1 delay frames =704 total frames=14619200
05-27 16:11:45.198 515 541 I WifiHAL : call wifi_get_link_stats handler
05-27 16:11:45.198 515 541 I WifiHAL : Creating message to get link statistics; iface = 16
05-27 16:11:45.198 515 541 D WifiHAL : error code -95 mapped to -3
05-27 16:11:45.199 715 854 E WifiStaIfaceAidlImpl: getLinkLayerStats failed with service-specific exception: android.os.ServiceSpecificException: (code 4)
05-27 16:11:45.214 2275 2331 D nStackXCoAP: IsInSameNetwork:[276] :IsInSameNetwork exec
05-27 16:11:45.214 2275 2331 I nStackXDFinder: GetLocalInterfaceDetail:[461] :GetLocalInterfaceDetail in
05-27 16:11:45.214 2275 2331 E nStackXCoAP: IsInSameNetwork:[281] :IsInSameNetwork: not priority process
05-27 16:11:45.214 2275 2331 D nStackXCoAP: ParseServiceDiscover:[330] :new device join
05-27 16:11:45.214 2275 2331 E nStackXDFinder: GetLocalIp:[401] :GetLocalIp exec
05-27 16:11:45.227 2275 2331 D nStackXCoAP: CoapMessageHandler:[133] :2.01
05-27 16:11:45.319 2275 2331 D nStackXCoAP: IsInSameNetwork:[276] :IsInSameNetwork exec
05-27 16:11:45.319 2275 2331 I nStackXDFinder: GetLocalInterfaceDetail:[461] :GetLocalInterfaceDetail in
05-27 16:11:45.319 2275 2331 E nStackXCoAP: IsInSameNetwork:[281] :IsInSameNetwork: not priority process
05-27 16:11:45.319 2275 2331 D nStackXCoAP: ParseServiceDiscover:[330] :new device join
05-27 16:11:45.319 2275 2331 E nStackXDFinder: GetLocalIp:[401] :GetLocalIp exec
01-01 08:05:15.165 0 0 W : [3 T1054 ..] [SP FRAME RX] DHCP[0 1], vif_idx:0
05-27 16:11:45.507 715 810 D ActivityManager: freezing 1823 com.android.permissioncontroller
05-27 16:11:45.727 2275 2331 D nStackXCoAP: IsInSameNetwork:[276] :IsInSameNetwork exec
05-27 16:11:45.727 2275 2331 I nStackXDFinder: GetLocalInterfaceDetail:[461] :GetLocalInterfaceDetail in
05-27 16:11:45.727 2275 2331 E nStackXCoAP: IsInSameNetwork:[281] :IsInSameNetwork: not priority process
05-27 16:11:45.727 2275 2331 D nStackXCoAP: ParseServiceDiscover:[330] :new device join
05-27 16:11:45.727 2275 2331 E nStackXDFinder: GetLocalIp:[401] :GetLocalIp exec
05-27 16:11:45.729 2275 2331 D nStackXCoAP: IsInSameNetwork:[276] :IsInSameNetwork exec
05-27 16:11:45.729 2275 2331 I nStackXDFinder: GetLocalInterfaceDetail:[461] :GetLocalInterfaceDetail in
05-27 16:11:45.729 2275 2331 E nStackXCoAP: IsInSameNetwork:[281] :IsInSameNetwork: not priority process
05-27 16:11:45.729 2275 2331 D nStackXCoAP: ParseServiceDiscover:[330] :new device join
05-27 16:11:45.729 2275 2331 E nStackXDFinder: GetLocalIp:[401] :GetLocalIp exec
05-27 16:11:45.752 2275 2331 D nStackXCoAP: CoapMessageHandler:[133] :2.01
05-27 16:11:45.850 290 4918 D MesonDisplay: read /sys/class/amhdmitx/amhdmitx0/hdcp_lstore, result length:0, val:
05-27 16:11:46.242 2275 2331 D nStackXCoAP: IsInSameNetwork:[276] :IsInSameNetwork exec
05-27 16:11:46.242 2275 2331 I nStackXDFinder: GetLocalInterfaceDetail:[461] :GetLocalInterfaceDetail in
05-27 16:11:46.242 2275 2331 E nStackXCoAP: IsInSameNetwork:[281] :IsInSameNetwork: not priority process
05-27 16:11:46.242 2275 2331 D nStackXCoAP: ParseServiceDiscover:[330] :new device join
05-27 16:11:46.242 2275 2331 E nStackXDFinder: GetLocalIp:[401] :GetLocalIp exec
05-27 16:11:46.244 2275 2331 D nStackXCoAP: IsInSameNetwork:[276] :IsInSameNetwork exec
05-27 16:11:46.244 2275 2331 I nStackXDFinder: GetLocalInterfaceDetail:[461] :GetLocalInterfaceDetail in
05-27 16:11:46.244 2275 2331 E nStackXCoAP: IsInSameNetwork:[281] :IsInSameNetwork: not priority process
05-27 16:11:46.244 2275 2331 D nStackXCoAP: ParseServiceDiscover:[330] :new device join
05-27 16:11:46.244 2275 2331 E nStackXDFinder: GetLocalIp:[401] :GetLocalIp exec
05-27 16:11:46.265 2275 2331 D nStackXCoAP: CoapMessageHandler:[133] :2.01
05-27 16:11:46.758 2275 2331 D nStackXCoAP: IsInSameNetwork:[276] :IsInSameNetwork exec
05-27 16:11:46.758 2275 2331 I nStackXDFinder: GetLocalInterfaceDetail:[461] :GetLocalInterfaceDetail in
05-27 16:11:46.758 2275 2331 E nStackXCoAP: IsInSameNetwork:[281] :IsInSameNetwork: not priority process
05-27 16:11:46.758 2275 2331 D nStackXCoAP: ParseServiceDiscover:[330] :new device join
05-27 16:11:46.758 2275 2331 E nStackXDFinder: GetLocalIp:[401] :GetLocalIp exec
05-27 16:11:46.851 290 4918 D MesonDisplay: read /sys/class/amhdmitx/amhdmitx0/hdcp_lstore, result length:0, val:
01-01 08:05:16.764 0 0 W : [3 T1054 ..] [SP FRAME RX] arp req,vif_idx:0 sender:[f2:ae:01:68:98:57 192.168.3.164]receiver:[00:00:00:00:00:00 192.168.3.86]
01-01 08:05:16.765 0 0 W : [3 T1054 ..] [SP FRAME TX] arp rsp,vif_idx:0 sender:[1c:79:2d:20:62:83 192.168.3.86]receiver:[f2:ae:01:68:98:57 192.168.3.164]
05-27 16:11:47.259 2275 2331 D nStackXCoAP: IsInSameNetwork:[276] :IsInSameNetwork exec
05-27 16:11:47.259 2275 2331 I nStackXDFinder: GetLocalInterfaceDetail:[461] :GetLocalInterfaceDetail in
05-27 16:11:47.259 2275 2331 E nStackXCoAP: IsInSameNetwork:[281] :IsInSameNetwork: not priority process
05-27 16:11:47.259 2275 2331 D nStackXCoAP: ParseServiceDiscover:[330] :new device join
05-27 16:11:47.259 2275 2331 E nStackXDFinder: GetLocalIp:[401] :GetLocalIp exec
01-01 08:05:17.261 0 0 I [0 T484 ..] [hdmitx: ] UTC+0 2025-05-27 08:11:47 HPD LOW
01-01 08:05:17.261 0 0 I [1 T330 ..] [hdmitx: ] system: plugout
01-01 08:05:17.262 0 0 I [1 T330 ..] resman: notify error info = {"subModule":11,"level":2,"logType":1,"errorType":6,"msg":"HDMITX_HPD_PLUGOUT"}
01-01 08:05:17.263 0 0 I [1 T330 ..] [hdmitx: ] plug out sequence id: 0
01-01 08:05:17.264 0 0 W : [1 T330 ..] [RX]-up_phy_addr = 0
01-01 08:05:17.264 0 0 I [1 T330 d.] [hdmitx: ] hdmitx_set_drm_pkt: disable drm pkt
01-01 08:05:17.266 0 0 I [1 T330 d.] [hdmitx: ] TV not support DV, clr dv_vsif
01-01 08:05:17.266 0 0 I [1 T330 d.] [hdmitx: ] DV H14b VSIF, switching signal to SDR
01-01 08:05:17.267 0 0 I [1 T330 ..] [hdmitx: ] hdmitx_set_hdr10plus_pkt: null vsif
01-01 08:05:17.268 0 0 I [1 T330 ..] [hdmitx: ] hdmitx21_video_mute_op: VID_UNMUTE path=0x4000000
01-01 08:05:17.269 0 0 I [1 T330 ..] [hdmitx: ] hdmitx21_audio_mute_op: AUD_UNMUTE path=0x2000000
05-27 16:11:47.522 290 351 D MesonHwc: received Uevent: change@/devices/virtual/amhdmitx/amhdmitx0
05-27 16:11:47.522 320 328 I SystemControl: [/UEventObserver.cpp, HDMITxUenventThreadLoop, 451] HDMI TX switch_name:hdmitx_current_status, switch_state: 123
05-27 16:11:47.522 290 351 D MesonHwc: received Uevent: ACTION=change
05-27 16:11:47.522 290 351 D MesonHwc: received Uevent: DEVPATH=/devices/virtual/amhdmitx/amhdmitx0
05-27 16:11:47.522 290 351 D MesonHwc: received Uevent: SUBSYSTEM=amhdmitx
05-27 16:11:47.522 290 351 D MesonHwc: received Uevent: hdmitx_current_status=123
05-27 16:11:47.522 290 351 D MesonHwc: received Uevent: MAJOR=492
05-27 16:11:47.522 320 328 I SystemControl: [/UEventObserver.cpp, HDMITxUenventThreadLoop, 451] HDMI TX switch_name:hdmitx_hpd, switch_state: 0
05-27 16:11:47.522 290 351 D MesonHwc: received Uevent: MINOR=0
05-27 16:11:47.522 320 328 I SystemControl: [/DisplayMode.cpp, onTxEvent, 3267] onTxEvent switchName:hdmitx_hpd hpdstate:0 state: 1
05-27 16:11:47.522 290 351 D MesonHwc: received Uevent: DEVNAME=amhdmitx0
05-27 16:11:47.522 290 351 D MesonHwc: received Uevent: SEQNUM=5222
05-27 16:11:47.522 290 351 D MesonHwc: received Uevent: E_N=1
05-27 16:11:47.522 290 351 D MesonHwc: received Uevent: MODALIAS=of:NvoutT(null)Camlogic,_vout
05-27 16:11:47.522 290 351 D MesonHwc: received Uevent: SEQNUM=5219
05-27 16:11:47.522 290 351 D MesonHwc: received Uevent: Camlogic,_aocec-s7d
05-27 16:11:47.522 290 351 D MesonHwc: received Uevent: SEQNUM=5215
05-27 16:11:47.522 290 351 D MesonHwc: received Uevent: 5Ap0000C081
05-27 16:11:47.522 320 328 I SystemControl: [/SysWrite.cpp, getKernelReleaseVersion, 701] getKernelReleaseVersion: 5.15
05-27 16:11:47.522 290 351 D MesonHwc: received Uevent: SEQNUM=3612
05-27 16:11:47.523 290 351 D MesonHwc: received Uevent: bfd4444600000000 1 130ff38b17c000 677bfad9415fed 9ed68000004400 10000002
05-27 16:11:47.523 290 351 D MesonHwc: received Uevent: REL=1040
05-27 16:11:47.523 320 328 I SystemControl: [/SystemControlHal.cpp, onEvent, 72] onEvent event:2, client size:5
05-27 16:11:47.523 290 351 D MesonHwc: received Uevent: ABS=100000000
05-27 16:11:47.523 290 351 D MesonHwc: received Uevent: MSC=10
05-27 16:11:47.523 290 351 D MesonHwc: received Uevent: MODALIAS=input:b0005v1D5ApC081e0000-e0,1,2,3,4,k71,72,73,74,77,80,82,83,85,86,87,88,89,8A,8B,8C,8E,90,96,98,9B,9C,9E,9F,A1,A3,A4,A5,A6,A7,A8,A9,AB,AC,AD,AE,B0,B1,B2,B5,B6,CE,CF,D0,D1,D2,D4,D8,D9,DB,DF,E0,E1,E4,E5,E6,E7,E8,E9,EA,EB,F0,F1,F4,100,161,162,166,16A,16E,172,174,176,177,178,179,17A,17B,17C,17D,17F,180,182,183,185,188,189,18C,18D,18E,18F,190,191,192,193,195,197,198,199,19A,19C,1A0,1A1,1A2,1A3,1A4,1A5,1A6,1A7,1A8,1A9,1AA,1AB,1AC,1AD,1AE,1AF,1B0,1B1,1B7,1BA,240,241,242,243,244,245,246,247,249,24A,250,251,r6,C,a20,m4,lsfw
05-27 16:11:47.523 290 351 D MesonHwc: received Uevent: SEQNUM=3609
05-27 16:11:47.523 290 351 D MesonHwc: received Uevent: change@/devices/virtual/amhdmitx/amhdmitx0
05-27 16:11:47.523 290 351 D MesonHwc: received Uevent: ACTION=change
05-27 16:11:47.523 290 351 D MesonHwc: received Uevent: DEVPATH=/devices/virtual/amhdmitx/amhdmitx0
05-27 16:11:47.523 290 351 D MesonHwc: received Uevent: SUBSYSTEM=amhdmitx
05-27 16:11:47.523 290 351 D MesonHwc: received Uevent: hdmitx_current_status=123
05-27 16:11:47.523 290 351 D MesonHwc: received Uevent: MAJOR=492
05-27 16:11:47.523 290 351 D MesonHwc: received Uevent: MINOR=0
05-27 16:11:47.523 290 351 D MesonHwc: received Uevent: DEVNAME=amhdmitx0
05-27 16:11:47.523 290 351 D MesonHwc: received Uevent: SEQNUM=5222
05-27 16:11:47.523 290 351 D MesonHwc: received Uevent: E_N=1
05-27 16:11:47.523 290 351 D MesonHwc: received Uevent: MODALIAS=of:NvoutT(null)Camlogic,_vout
05-27 16:11:47.523 290 351 D MesonHwc: received Uevent: SEQNUM=5219
05-27 16:11:47.523 290 351 D MesonHwc: received Uevent: Camlogic,_aocec-s7d
05-27 16:11:47.523 290 351 D MesonHwc: received Uevent: SEQNUM=5215
05-27 16:11:47.523 290 351 D MesonHwc: received Uevent: 5Ap0000C081
05-27 16:11:47.523 488 509 I SystemControlClient: notifyCallback event type:2
05-27 16:11:47.523 290 351 D MesonHwc: received Uevent: SEQNUM=3612
05-27 16:11:47.523 290 351 D MesonHwc: received Uevent: bfd4444600000000 1 130ff38b17c000 677bfad9415fed 9ed68000004400 10000002
05-27 16:11:47.523 488 509 I SystemControlClient: notifyCallback: listener is NULL.
05-27 16:11:47.523 290 351 D MesonHwc: received Uevent: REL=1040
05-27 16:11:47.523 290 351 D MesonHwc: received Uevent: ABS=100000000
05-27 16:11:47.523 290 351 D MesonHwc: received Uevent: MSC=10
05-27 16:11:47.523 290 351 D MesonHwc: received Uevent: MODALIAS=input:b0005v1D5ApC081e0000-e0,1,2,3,4,k71,72,73,74,77,80,82,83,85,86,87,88,89,8A,8B,8C,8E,90,96,98,9B,9C,9E,9F,A1,A3,A4,A5,A6,A7,A8,A9,AB,AC,AD,AE,B0,B1,B2,B5,B6,CE,CF,D0,D1,D2,D4,D8,D9,DB,DF,E0,E1,E4,E5,E6,E7,E8,E9,EA,EB,F0,F1,F4,100,161,162,166,16A,16E,172,174,176,177,178,179,17A,17B,17C,17D,17F,180,182,183,185,188,189,18C,18D,18E,18F,190,191,192,193,195,197,198,199,19A,19C,1A0,1A1,1A2,1A3,1A4,1A5,1A6,1A7,1A8,1A9,1AA,1AB,1AC,1AD,1AE,1AF,1B0,1B1,1B7,1BA,240,241,242,243,244,245,246,247,249,24A,250,251,r6,C,a20,m4,lsfw
05-27 16:11:47.523 290 351 D MesonHwc: received Uevent: SEQNUM=3609
05-27 16:11:47.523 290 351 D MesonHwc: received Uevent: change@/devices/virtual/amhdmitx/amhdmitx0
05-27 16:11:47.523 290 351 D MesonHwc: received Uevent: ACTION=change
05-27 16:11:47.523 290 351 D MesonHwc: received Uevent: DEVPATH=/devices/virtual/amhdmitx/amhdmitx0
05-27 16:11:47.523 290 351 D MesonHwc: received Uevent: SUBSYSTEM=amhdmitx
05-27 16:11:47.523 290 351 D MesonHwc: received Uevent: hdmitx_hpd=0
05-27 16:11:47.523 320 371 I SystemControl: [/Ubootenv.cpp, get, 345] [ubootenv] search end and not find env:connector_type
05-27 16:11:47.524 715 821 V WindowManager: app ------------- force_land :0
01-01 08:05:17.270 0 0 I [1 T330 ..] [hdmitx: ] set_hdcp2_topo: 0
01-01 08:05:17.270 0 0 I : [1 T330 ..] [drm] drm hdmitx hpd notify
05-27 16:11:47.520 320 320 I systemcontrol: type=1400 audit(0.0:989): avc: denied { call } for scontext=u:r:system_control:s0 tcontext=u:r:hal_power_default:s0 tclass=binder permissive=1
05-27 16:11:47.526 320 328 I SystemControl: [/Ubootenv.cpp, get, 336] [ubootenv] get key:hdmimode envValue: 576p50hz
05-27 16:11:47.526 320 328 I SystemControl: [/Ubootenv.cpp, get, 336] [ubootenv] get key:is.bestmode envValue: false
05-27 16:11:47.526 320 328 I SystemControl: [/Ubootenv.cpp, get, 345] [ubootenv] search end and not find env:user_colorattribute
05-27 16:11:47.526 320 328 I SystemControl: [/Ubootenv.cpp, get, 345] [ubootenv] search end and not find env:hdr_force_mode
05-27 16:11:47.526 320 328 I SystemControl: [/DisplayMode.cpp, gethdrforcemode, 2742] get hdr force mode is [2]
05-27 16:11:47.526 320 328 I SystemControl: [/Ubootenv.cpp, get, 336] [ubootenv] get key:hdr_policy envValue: 0
05-27 16:11:47.526 320 328 I SystemControl: [/DisplayMode.cpp, getHdrStrategy, 2758] getHdrStrategy is [0]
05-27 16:11:47.526 320 328 I SystemControl: [/Ubootenv.cpp, get, 336] [ubootenv] get key:hdr_priority envValue: 268435472
05-27 16:11:47.526 320 328 I SystemControl: [/DisplayMode.cpp, getHdrPriority, 2891] getHdrPriority is [0x10000010]
05-27 16:11:47.526 320 328 I SystemControl: [/DisplayMode.cpp, getCommonData, 1534] isbestcolorspace:1, isbestpolicy:0, hdr_policy:0, hdr_priority :268435472, hdr_force_mode:2
05-27 16:11:47.527 487 516 I SystemControlClient: notifyCallback event type:2
05-27 16:11:47.527 487 516 I SystemControlClient: notifyCallback: listener is NULL.
05-27 16:11:47.527 495 532 I hdmicecd: [HdmiCecControl]:Hotplug event port:0, now:0, prevStatus:1 power:1
05-27 16:11:47.527 240 800 I SystemControlClient: notifyCallback event type:2
05-27 16:11:47.527 240 800 I SystemControlClient: notifyCallback: listener is NULL.
05-27 16:11:47.527 486 592 I SystemControlClient: notifyCallback event type:2
05-27 16:11:47.527 486 592 I SystemControlClient: notifyCallback: listener is NULL.
05-27 16:11:47.528 1053 1179 I SystemControlEvent: system control callback event: 2
05-27 16:11:47.530 495 532 I hdmiconnection: hot plug port id 0, is connected 0
05-27 16:11:47.524 320 320 I systemcontrol: type=1400 audit(0.0:990): avc: denied { call } for scontext=u:r:system_control:s0 tcontext=u:r:hal_oemlock_default:s0 tclass=binder permissive=1
05-27 16:11:47.531 290 351 D MesonHwc: sc_read_bootenv val is empty
05-27 16:11:47.531 290 351 D MesonHwc: getConnectorType, get ubootenv.var.connector_type from uboot env, return (null)
05-27 16:11:47.531 290 351 D MesonHwc: getConnectorType-0 get connector type hdmi--65536
05-27 16:11:47.531 290 351 D MesonHwc: DrmProperty: EDID (1), value [0]
05-27 16:11:47.531 290 351 D MesonHwc: DrmProperty: content type (77), value [0]
05-27 16:11:47.531 290 351 D MesonHwc: DrmProperty: vrr_capable (78), value [0]
05-27 16:11:47.531 290 351 D MesonHwc: DrmProperty: UPDATE (79), value [0]
05-27 16:11:47.531 290 351 D MesonHwc: DrmProperty: color_depth (80), value [8]
05-27 16:11:47.531 290 351 D MesonHwc: DrmProperty: color_space (81), value [2]
05-27 16:11:47.531 290 351 D MesonHwc: DrmProperty: MESON_DRM_HDMITX_PROP_AVMUTE (82), value [0]
05-27 16:11:47.531 290 351 D MesonHwc: DrmProperty: hdmi_hdr_status (83), value [6]
05-27 16:11:47.532 290 351 D MesonHwc: DrmProperty: dv_cap (85), value [0]
05-27 16:11:47.532 290 351 D MesonHwc: DrmProperty: contenttype_cap (89), value [1]
05-27 16:11:47.532 290 351 D MesonHwc: DrmProperty: hdr_priority (91), value [268435472]
05-27 16:11:47.532 290 351 D MesonHwc: DrmProperty: ready (92), value [0]
05-27 16:11:47.532 290 351 D MesonHwc: DrmProperty: allm_cap (95), value [0]
05-27 16:11:47.532 290 351 D MesonHwc: DrmProperty: dc_cap (96), value [512]
05-27 16:11:47.532 290 351 E MesonHwc: DrmConnector[HDMI-A] still DISCONNECTED.
05-27 16:11:47.532 290 351 D MesonHwc: ERR: PLEASE FIX NON-IMPLEMENT FUN(update).
05-27 16:11:47.532 320 371 I SystemControl: [/Ubootenv.cpp, get, 345] [ubootenv] search end and not find env:connector_type
05-27 16:11:47.524 320 320 I systemcontrol: type=1400 audit(0.0:991): avc: denied { call } for scontext=u:r:system_control:s0 tcontext=u:r:mediacodec:s0 tclass=binder permissive=1
05-27 16:11:47.532 715 821 I WiredAccessoryManager: MSG_NEW_DEVICE_STATE
05-27 16:11:47.533 290 346 V MesonDisplayServer: GetDisplayMode:576p50hz
05-27 16:11:47.533 290 351 D MesonHwc: sc_read_bootenv val is empty
05-27 16:11:47.533 290 351 D MesonHwc: getConnectorType, get ubootenv.var.connector_type from uboot env, return (null)
05-27 16:11:47.533 290 351 D MesonHwc: getConnectorType-0 get connector type hdmi--65536
05-27 16:11:47.533 290 351 D MesonHwc: getConnectorCfg: get display 0, connector 13
05-27 16:11:47.533 320 328 I SystemControl: [/DisplayMode.cpp, getDisplayMode, 2331] getDisplayMode mode:576p50hz
05-27 16:11:47.533 290 351 D MesonHwc: FixedDisplayPipe::isVMXCertification:0
05-27 16:11:47.533 320 328 I SystemControl: [/Ubootenv.cpp, get, 336] [ubootenv] get key:hdmimode envValue: 576p50hz
05-27 16:11:47.533 320 328 I SystemControl: [/Ubootenv.cpp, get, 336] [ubootenv] get key:cvbsmode envValue: 576cvbs
05-27 16:11:47.533 290 351 E MesonHwc: FixedDisplayPipe::getConnectorCfg 15
05-27 16:11:47.533 320 328 I SystemControl: [/DisplayMode.cpp, getCommonData, 1542] hdmi_current_mode:576p50hz, ubootenv hdmimode:576p50hz cvbsmode:576cvbs
05-27 16:11:47.533 290 351 D MesonHwc: handleEvent DRM_EVENT_HDMITX_HOTPLUG 11 VS 15
05-27 16:11:47.533 290 351 E MesonHwc: read screen size 0x0 from vinfo
05-27 16:11:47.533 290 351 E MesonHwc: dolby vision driver is not ready
05-27 16:11:47.534 290 346 D MesonDisplayServer: use connector getDisplayAttribute "HDMI Color ATTR": "444,8bit"
05-27 16:11:47.534 290 351 D MesonHwc: Connector VIRTUAL loadDisplayModes get 1 modes
05-27 16:11:47.534 290 351 I MesonHwc: add display mode (dummy_l-dummy_l-127, 720x480, 56.000000) dpi(0,0), hskew(0)
05-27 16:11:47.534 290 351 I MesonHwc: loadDisplayModes (1) end
05-27 16:11:47.534 290 351 D MesonHwc: HwcDisplayPipe::updatePipe 0.
05-27 16:11:47.534 320 371 I SystemControl: [/Ubootenv.cpp, get, 345] [ubootenv] search end and not find env:connector_type
05-27 16:11:47.534 320 328 I SystemControl: [/Ubootenv.cpp, get, 345] [ubootenv] search end and not find env:user_colorattribute
05-27 16:11:47.534 320 328 I SystemControl: [/DisplayMode.cpp, getCommonData, 1554] hdmi_current_attr:444,8bit, ubootenv_colorattribute:none
05-27 16:11:47.534 320 328 I SystemControl: [/Ubootenv.cpp, get, 345] [ubootenv] search end and not find env:dv_enable
05-27 16:11:47.534 320 328 I SystemControl: [/DisplayMode.cpp, getCommonData, 1567] dv_enable:0
05-27 16:11:47.534 320 328 I SystemControl: [/Ubootenv.cpp, get, 345] [ubootenv] search end and not find env:user_prefer_dv_type
05-27 16:11:47.534 320 328 I SystemControl: [/DisplayMode.cpp, getCommonData, 1578] ubootenv_dv_type:0
05-27 16:11:47.534 320 328 I SystemControl: [/DisplayMode.cpp, getHdmiData, 1721] display sink type:0 [0:none, 1:sink, 2:repeater]
05-27 16:11:47.534 320 328 I SystemControl: [/DisplayMode.cpp, filterHdmiDispcap, 1398] before filtered HdmiDispcap:
05-27 16:11:47.534 320 328 I SystemControl: [/DisplayMode.cpp, filterHdmiDispcap, 1427] after filtered HdmiDispcap:
05-27 16:11:47.534 290 351 D MesonHwc: sc_read_bootenv val is empty
05-27 16:11:47.534 290 351 D MesonHwc: getConnectorType, get ubootenv.var.connector_type from uboot env, return (null)
05-27 16:11:47.534 290 351 D MesonHwc: getConnectorType-0 get connector type hdmi--65536
05-27 16:11:47.534 290 351 D MesonHwc: getConnectorCfg: get display 0, connector 13
05-27 16:11:47.535 290 351 D MesonHwc: FixedDisplayPipe::isVMXCertification:0
05-27 16:11:47.535 290 351 E MesonHwc: FixedDisplayPipe::getConnectorCfg 15
05-27 16:11:47.535 290 351 D MesonHwc: HwcDisplayPipe::updatePipe (0) [CHANGED], crtc (0) connector (15)
05-27 16:11:47.535 290 351 D MesonHwc: HwcDisplayPipe::updatePipe 0 changed
05-27 16:11:47.535 290 351 D MesonHwc: ERR: PLEASE FIX NON-IMPLEMENT FUN(update).
05-27 16:11:47.535 290 351 E MesonHwc: read screen size 0x0 from vinfo
05-27 16:11:47.535 290 351 E MesonHwc: dolby vision driver is not ready
05-27 16:11:47.535 290 351 D MesonHwc: Connector VIRTUAL loadDisplayModes get 1 modes
05-27 16:11:47.535 290 351 I MesonHwc: add display mode (dummy_l-dummy_l-127, 720x480, 56.000000) dpi(0,0), hskew(0)
05-27 16:11:47.535 290 351 I MesonHwc: loadDisplayModes (1) end
05-27 16:11:47.535 290 351 D MesonHwc: unbind pipe (0)
05-27 16:11:47.535 290 351 D MesonHwc: bind pipe (0),crtc(63)connector(101)
05-27 16:11:47.535 290 351 D MesonHwc: RealModeMgr::update: nextModeId:493
05-27 16:11:47.535 290 351 D MesonHwc: RealModeMgr::update get current mode:576p50hz
05-27 16:11:47.535 290 351 D MesonHwc: RealModeMgr::update use previous mode (720x576-50.00)
05-27 16:11:47.535 290 351 D MesonHwc: updatePipe connector:VIRTUAL, connected:1
05-27 16:11:47.535 290 351 I MesonHwc: HwcConfig::default frame buffer size (1920 x 1080)
05-27 16:11:47.535 1444 1444 E xxxxxxxxxxxxxxx: onReceive:mIsHDMIPlugged = false
05-27 16:11:47.535 1444 1444 E xxxxxxxxxxxxxxx: onReceive:mIsHDMIPlugged = false
05-27 16:11:47.537 290 351 D MesonHwc: Update composition MultiplanesWithDiComposition -> MultiplanesWithDiComposition
05-27 16:11:47.537 290 351 E MesonHwc: Do Nothing in updateDisplayMode .
05-27 16:11:47.537 290 351 D MesonHwc: [setPendingMode] pending modes vector empty
05-27 16:11:47.537 290 351 D MesonHwc: displayID:0, On hot plug: [Plug out]
05-27 16:11:47.537 290 351 D MesonHwc: ModePolicy handle hotplug:0
05-27 16:11:47.537 290 351 V MesonDisplayServer: GetDisplayMode:576p50hz
05-27 16:11:47.537 290 351 I MesonHwc: getDisplayMode mode:576p50hz
05-27 16:11:47.537 290 351 I MesonHwc: setSysfsStr /sys/devices/virtual/amhdmitx/amhdmitx0/avmute= 1
05-27 16:11:47.537 290 346 D MesonDisplayServer: getDisplayAttribute "Dolby Vision CAP2": "The Rx don't support DolbyVision"
05-27 16:11:47.538 715 715 I AS.AudioDeviceInventory: NOISY: adding 0x400
05-27 16:11:47.538 715 715 I AS.AudioDeviceInventory: NOISY: musicDevice changing from NONE to 0x400
01-01 08:05:17.283 0 0 I [1 T351 ..] vc: [0]get capability: min 64 64; max 4096 2160
01-01 08:05:17.283 0 0 I [1 T351 ..] vc: [1]get capability: min 64 64; max 2048 1080
01-01 08:05:17.284 0 0 I [1 T351 ..] [hdmitx: ] avmute_store 1
05-27 16:11:47.539 715 715 I AS.AudioDeviceInventory: dropping ACTION_AUDIO_BECOMING_NOISY
05-27 16:11:47.540 320 328 E SystemControl: [/DisplayMode.cpp, getHdmiDvCap, 1618] TV isn't support dolby vision: The Rx don't support DolbyVision
05-27 16:11:47.540 320 328 I SystemControl: [/DisplayMode.cpp, onTxEvent, 3294] onTxEvent boot config enable do nothing, just return
05-27 16:11:47.540 320 328 I SystemControl: [/UEventObserver.cpp, HDMITxUenventThreadLoop, 451] HDMI TX switch_name:hdmitx_audio, switch_state: 0
05-27 16:11:47.540 320 328 I SystemControl: [/DisplayMode.cpp, onTxEvent, 3267] onTxEvent switchName:hdmitx_audio hpdstate:0 state: 1
05-27 16:11:47.540 320 328 I SystemControl: [/SysWrite.cpp, getKernelReleaseVersion, 701] getKernelReleaseVersion: 5.15
05-27 16:11:47.540 715 715 D HDMI : Hotplug event:[port:0, connected:false]
05-27 16:11:47.541 320 328 I SystemControl: [/SystemControlHal.cpp, onEvent, 72] onEvent event:4, client size:5
05-27 16:11:47.541 715 715 D HDMI : reset tv status for hotplug out
05-27 16:11:47.541 715 715 D AudioService: onStatusChange cecEnabled:true available:false
05-27 16:11:47.541 487 516 I SystemControlClient: notifyCallback event type:4
05-27 16:11:47.541 487 516 I SystemControlClient: notifyCallback: listener is NULL.
05-27 16:11:47.541 320 328 I SystemControl: [/UEventObserver.cpp, HDMITxUenventThreadLoop, 451] HDMI TX switch_name:hdmitx_current_status, switch_state: 124
05-27 16:11:47.541 240 800 I SystemControlClient: notifyCallback event type:4
05-27 16:11:47.541 715 715 D AudioService: TV, no CEC: setting HDMI as regular vol device
05-27 16:11:47.541 240 800 I SystemControlClient: notifyCallback: listener is NULL.
05-27 16:11:47.541 715 715 D AudioService: Removing DeviceType: 0x400 from mFullVolumeDevices
05-27 16:11:47.541 715 715 D AudioService: Removing DeviceType: 0x400 from mFixedVolumeDevices
05-27 16:11:47.541 715 715 D AudioService: Removing DeviceType: 0x400 from mAbsoluteVolumeDeviceInfoMap
05-27 16:11:47.542 488 509 I SystemControlClient: notifyCallback event type:4
05-27 16:11:47.542 488 509 I SystemControlClient: notifyCallback: listener is NULL.
05-27 16:11:47.542 489 519 D hdmicecd: [HdmiCecControl]:getPhysicalAddress, physical addr: ffff, last pa: 2000, ret = 0
05-27 16:11:47.542 715 873 D AudioService: setWiredDeviceConnectionState( type:400 state:DEVICE_STATE_UNAVAILABLE addr: name:) from android
05-27 16:11:47.542 715 873 I AS.AudioDeviceInventory: handleDeviceConnection(false dev:400 address: name:)
05-27 16:11:47.544 715 873 I AS.AudioDeviceInventory: deviceKey:0x400:
05-27 16:11:47.544 1053 1179 I SystemControlEvent: system control callback event: 4
05-27 16:11:47.544 715 873 I AS.AudioDeviceInventory: deviceInfo:[DeviceInfo: type:0x400 (hdmi) name: addr: codec: 0 sensorUuid: null disabled modes: {}] is(already)Connected:true
05-27 16:11:47.545 489 489 D hdmicecd: [HdmiCecControl]:getPhysicalAddress, physical addr: ffff, last pa: 2000, ret = 0
05-27 16:11:47.546 535 3667 I APM_AudioPolicyManager: [setDeviceConnectionState:256] curForceUse:NONE(0) disconnect_forceuse:HDMI(9)
05-27 16:11:47.547 478 705 I audio_hw_hal_primary: [adev_set_device_connected_state_v7:9037] disconnected address:, num_descriptors:0, num_profiles:7
05-27 16:11:47.547 478 705 I audio_hw_hal_primary: [set_device_connect_state:4044] state:0, dev:OUT_HDMI(0x400), pre_out:0x80002, pre_in:0x4
05-27 16:11:47.547 478 705 D audio_hw_hal_resourcemgr: [set_output_device_avail:353] device:0x400 avail_out_devices:400 routed_out_devices:0x400
05-27 16:11:47.550 478 542 D xm_audio: adev_get_parameters
05-27 16:11:47.552 478 542 D xm_audio: adev_get_parameters
05-27 16:11:47.554 535 3667 W APM::Devices: DeviceVector::remove device 00000400 not in
05-27 16:11:47.556 715 873 I AS.AudioDeviceInventory: sendDeviceConnectionIntent(dev:0x400 state:0x0 address: name:);
05-27 16:11:47.558 486 592 I SystemControlClient: notifyCallback event type:4
05-27 16:11:47.558 486 592 I SystemControlClient: notifyCallback: listener is NULL.
05-27 16:11:47.562 715 715 V MediaRouter: Audio routes updated: AudioRoutesInfo{ type=SPEAKER }, a2dp=false
05-27 16:11:47.562 715 715 V MediaRouter: Selecting route: RouteInfo{ name=电视, description=null, status=null, category=RouteCategory{ name=系统 types=ROUTE_TYPE_LIVE_AUDIO ROUTE_TYPE_LIVE_VIDEO groupable=false }, supportedTypes=ROUTE_TYPE_LIVE_AUDIO ROUTE_TYPE_LIVE_VIDEO , presentationDisplay=null }
05-27 16:11:47.564 931 931 V MediaRouter: Audio routes updated: AudioRoutesInfo{ type=SPEAKER }, a2dp=false
05-27 16:11:47.565 931 931 V MediaRouter: Selecting route: RouteInfo{ name=电视, description=null, status=null, category=RouteCategory{ name=系统 types=ROUTE_TYPE_LIVE_AUDIO ROUTE_TYPE_LIVE_VIDEO groupable=false }, supportedTypes=ROUTE_TYPE_LIVE_AUDIO ROUTE_TYPE_LIVE_VIDEO , presentationDisplay=null }
05-27 16:11:47.581 478 542 D xm_audio: adev_get_parameters
05-27 16:11:47.583 478 542 D xm_audio: adev_get_parameters
05-27 16:11:47.588 478 542 D xm_audio: adev_get_parameters
05-27 16:11:47.590 478 542 D xm_audio: adev_get_parameters
05-27 16:11:47.594 478 542 D xm_audio: adev_get_parameters
05-27 16:11:47.595 478 542 D xm_audio: adev_get_parameters
05-27 16:11:47.599 478 542 D xm_audio: adev_get_parameters
05-27 16:11:47.600 478 542 D xm_audio: adev_get_parameters
05-27 16:11:47.604 478 542 D xm_audio: adev_get_parameters
05-27 16:11:47.605 478 542 D xm_audio: adev_get_parameters
05-27 16:11:47.610 478 542 D xm_audio: adev_get_parameters
05-27 16:11:47.611 478 542 D xm_audio: adev_get_parameters
05-27 16:11:47.616 478 542 D xm_audio: adev_get_parameters
05-27 16:11:47.617 478 542 D xm_audio: adev_get_parameters
05-27 16:11:47.621 478 542 D xm_audio: adev_get_parameters
05-27 16:11:47.622 478 542 D xm_audio: adev_get_parameters
05-27 16:11:47.627 478 542 D xm_audio: adev_get_parameters
05-27 16:11:47.628 478 542 D xm_audio: adev_get_parameters
05-27 16:11:47.632 478 542 D xm_audio: adev_get_parameters
05-27 16:11:47.633 478 542 D xm_audio: adev_get_parameters
05-27 16:11:47.636 478 542 D xm_audio: adev_get_parameters
05-27 16:11:47.637 290 351 I MesonHwc: setDisplayMode mode:dummy_l
05-27 16:11:47.637 290 351 D MesonDisplayServer: SetDisplay[CVBS] Mode to "dummy_l"
05-27 16:11:47.637 290 351 D MesonHwc: blankDisplay connectorType:15
05-27 16:11:47.637 290 351 D MesonHwc: [setConnectorStatus]: power mode 2
05-27 16:11:47.637 290 351 D MesonHwc: displayId:0, blank all display planes
05-27 16:11:47.638 478 542 D xm_audio: adev_get_parameters
01-01 08:05:17.392 0 0 I : [3 T351 ..] [drm] [meson_hdmitx_encoder_atomic_disable]
01-01 08:05:17.392 0 0 I : [3 T351 ..] [drm] am_meson_crtc_atomic_disable-[0]:in
01-01 08:05:17.395 0 0 I [2 T351 d.] [hdmitx: ] hdmitx_set_drm_pkt: disable drm pkt
01-01 08:05:17.395 0 0 I [2 T351 d.] [hdmitx: ] TV not support DV, clr dv_vsif
01-01 08:05:17.396 0 0 I [2 T351 d.] [hdmitx: ] DV H14b VSIF, switching signal to SDR
01-01 08:05:17.397 0 0 I [2 T351 ..] [hdmitx: ] hdmitx_set_hdr10plus_pkt: null vsif
01-01 08:05:17.398 0 0 I [2 T351 ..] [hdmitx: ] hdmitx_unregister_vrr ret = 0
01-01 08:05:17.398 0 0 I : [2 T351 ..] [drm] am_meson_crtc_atomic_enable-[0] in: new[dummy_l], old[576p50hz], vmode[4-4], uboot[0]
05-27 16:11:47.650 320 328 I SystemControl: [/UEventObserver.cpp, HDMITxUenventThreadLoop, 451] HDMI TX switch_name:hdmitx_current_status, switch_state: 125
01-01 08:05:17.400 0 0 I : [2 T351 ..] [drm] am_meson_crtc_atomic_enable-[0]: enable mode dummy_l final vmode 7
01-01 08:05:17.403 0 0 I : [0 T351 ..] dummy_encl_set_current_vmode finished
01-01 08:05:17.403 0 0 I : [0 T351 ..] [drm] meson_vout_update_mode_name: dummy update vout 1 name dummy_l.
01-01 08:05:17.404 0 0 I : [0 T351 ..] [drm] meson_dummyl_encoder_atomic_enable: vmode:7 skip atomic enable!
05-27 16:11:47.672 290 351 D MesonHwc: setmode:crtc[63], name [dummy_l] -modeblob[127] [720x480-56.00] seamless:0 enableVrr:0
05-27 16:11:47.672 290 351 D MesonHwc: displayId:0, blank all display planes
05-27 16:11:47.689 290 351 D MesonHwc: RealModeMgr::update: nextModeId:494
05-27 16:11:47.689 290 351 D MesonHwc: RealModeMgr::update use previous mode (720x576-50.00)
05-27 16:11:47.689 290 351 D MesonHwc: drmplane clear drm bo caches
05-27 16:11:47.689 290 351 D MesonHwc: drmplane clear drm bo caches
05-27 16:11:47.689 290 351 D MesonHwc: cleanupBeforeDestroy displayId:0, clear layers
05-27 16:11:47.689 290 351 D MesonHwc: On hotplug, Fn: 0x989b931, Data: 0xe8cc35e0, display: 0, connection: 1
05-27 16:11:47.689 290 351 D MesonComposer3: halEventcallback onHotplug client3.0
05-27 16:11:47.692 290 351 D MesonHwc: received Uevent: change@/devices/virtual/amhdmitx/amhdmitx0
05-27 16:11:47.692 290 382 D MesonHwc: No edid for (VIRTUAL),use default edid instead.
05-27 16:11:47.692 290 351 D MesonHwc: received Uevent: ACTION=change
05-27 16:11:47.692 290 382 E MesonHwc: getPort 15
05-27 16:11:47.692 290 351 D MesonHwc: received Uevent: DEVPATH=/devices/virtual/amhdmitx/amhdmitx0
05-27 16:11:47.692 290 382 D MesonHwc: No edid for (VIRTUAL),use default edid instead.
05-27 16:11:47.692 290 351 D MesonHwc: received Uevent: SUBSYSTEM=amhdmitx
05-27 16:11:47.692 290 382 E MesonHwc: getPort 15
05-27 16:11:47.692 290 351 D MesonHwc: received Uevent: hdmitx_audio=0
05-27 16:11:47.692 290 351 D MesonHwc: received Uevent: MAJOR=492
05-27 16:11:47.692 290 351 D MesonHwc: received Uevent: MINOR=0
05-27 16:11:47.692 290 351 D MesonHwc: received Uevent: DEVNAME=amhdmitx0
05-27 16:11:47.692 290 351 D MesonHwc: received Uevent: SEQNUM=5225
05-27 16:11:47.692 290 351 D MesonHwc: received Uevent: change@/devices/virtual/amhdmitx/amhdmitx0
05-27 16:11:47.692 290 351 D MesonHwc: received Uevent: ACTION=change
05-27 16:11:47.692 290 351 D MesonHwc: received Uevent: DEVPATH=/devices/virtual/amhdmitx/amhdmitx0
05-27 16:11:47.692 290 351 D MesonHwc: received Uevent: SUBSYSTEM=amhdmitx
05-27 16:11:47.692 290 351 D MesonHwc: received Uevent: hdmitx_audio=0
05-27 16:11:47.692 290 351 D MesonHwc: received Uevent: MAJOR=492
05-27 16:11:47.692 290 351 D MesonHwc: received Uevent: MINOR=0
05-27 16:11:47.692 290 351 D MesonHwc: received Uevent: DEVNAME=amhdmitx0
05-27 16:11:47.692 290 351 D MesonHwc: received Uevent: SEQNUM=5225
05-27 16:11:47.692 290 351 D MesonHwc: received Uevent: change@/devices/virtual/amhdmitx/amhdmitx0
05-27 16:11:47.692 290 351 D MesonHwc: received Uevent: ACTION=change
05-27 16:11:47.692 290 351 D MesonHwc: received Uevent: DEVPATH=/devices/virtual/amhdmitx/amhdmitx0
05-27 16:11:47.692 290 351 D MesonHwc: received Uevent: SUBSYSTEM=amhdmitx
05-27 16:11:47.692 290 351 D MesonHwc: received Uevent: hdmitx_current_status=124
05-27 16:11:47.692 290 351 D MesonHwc: received Uevent: MAJOR=492
05-27 16:11:47.692 290 351 D MesonHwc: received Uevent: MINOR=0
05-27 16:11:47.692 290 351 D MesonHwc: received Uevent: DEVNAME=amhdmitx0
05-27 16:11:47.692 290 351 D MesonHwc: received Uevent: SEQNUM=5228
05-27 16:11:47.692 290 351 D MesonHwc: received Uevent: c, aocec-s7d
05-27 16:11:47.692 290 351 D MesonHwc: received Uevent: OF_COMPATIBLE_N=1
05-27 16:11:47.692 290 351 D MesonHwc: received Uevent: MODALIAS=of:NaocecT(null)Camlogic,_aocec-s7d
05-27 16:11:47.692 290 351 D MesonHwc: received Uevent: SEQNUM=5227
05-27 16:11:47.693 290 351 D MesonHwc: received Uevent: change@/devices/virtual/amhdmitx/amhdmitx0
05-27 16:11:47.693 290 351 D MesonHwc: received Uevent: ACTION=change
05-27 16:11:47.693 290 351 D MesonHwc: received Uevent: DEVPATH=/devices/virtual/amhdmitx/amhdmitx0
05-27 16:11:47.693 290 351 D MesonHwc: received Uevent: SUBSYSTEM=amhdmitx
05-27 16:11:47.693 290 351 D MesonHwc: received Uevent: hdmitx_current_status=124
05-27 16:11:47.693 290 351 D MesonHwc: received Uevent: MAJOR=492
05-27 16:11:47.693 290 351 D MesonHwc: received Uevent: MINOR=0
05-27 16:11:47.693 290 351 D MesonHwc: received Uevent: DEVNAME=amhdmitx0
05-27 16:11:47.693 290 351 D MesonHwc: received Uevent: SEQNUM=5228
05-27 16:11:47.693 290 351 D MesonHwc: received Uevent: c, aocec-s7d
05-27 16:11:47.693 264 264 I SurfaceFlinger: Reconnecting display 4620747849504298251 (HAL ID 0)
05-27 16:11:47.693 290 351 D MesonHwc: received Uevent: OF_COMPATIBLE_N=1
05-27 16:11:47.693 290 351 D MesonHwc: received Uevent: MODALIAS=of:NaocecT(null)Camlogic,_aocec-s7d
05-27 16:11:47.693 290 351 D MesonHwc: received Uevent: SEQNUM=5227
05-27 16:11:47.693 290 351 D MesonHwc: received Uevent: change@/devices/virtual/amhdmitx/amhdmitx0
05-27 16:11:47.693 290 351 D MesonHwc: received Uevent: ACTION=change
05-27 16:11:47.693 290 351 D MesonHwc: received Uevent: DEVPATH=/devices/virtual/amhdmitx/amhdmitx0
05-27 16:11:47.693 290 351 D MesonHwc: received Uevent: SUBSYSTEM=amhdmitx
