03-19 11:16:08.581 D/A2dpService( 672): Bond state changed for device: C9:B5:96:5C:E3:ED state: 10
03-19 11:16:08.581 I/dangbei111( 1047): cccccc on receiver=android.bluetooth.device.action.BOND_STATE_CHANGED,mac=C9:B5:96:5C:E3:ED
03-19 11:16:08.581 I/dangbei111( 1047): Wait for auto connection, processBondStateChange: bondState: 12 --> 10 C9:B5:96:5C:E3:ED
03-19 11:16:08.582 E/bond ( 2949): name=Dangbei,state=10,action=android.bluetooth.device.action.BOND_STATE_CHANGED
03-19 11:16:08.583 D/BluetoothGatt( 1047): onSearchComplete() = Device=C7:44:13:5B:41:8C Status=0
03-19 11:16:08.589 D/BluetoothDatabase( 672): getCustomMeta: device C9:B5:96:5C:E3:ED is not in cache
03-19 11:16:08.590 D/BluetoothDatabase( 672): getCustomMeta: device C9:B5:96:5C:E3:ED is not in cache
03-19 11:16:08.590 W/BluetoothEventManager( 679): showUnbondMessage: Not displaying any message for reason: 9
03-19 11:16:08.632 E/dangbei111( 1047): battery level=100
03-19 11:16:08.938 E/WifiHAL ( 663): wifi_get_link_stats: requestResponse Error:-5
03-19 11:16:08.940 E/WifiVendorHal( 487): getWifiLinkLayerStats_1_5_Internal(l.1191) failed {.code = ERROR_INVALID_ARGS, .description = }
03-19 11:16:09.366 I/BLEAudioDrive_HV410( 248): select timeout!
03-19 11:16:09.458 W/IorapForwardingService( 487): No service published for: iorapd
03-19 11:16:10.451 D/aaa ( 7639): LedStatusService onStartCommand begin
03-19 11:16:10.455 D/aaa ( 7639): topPkg is -------------- :com.dangbei.haqusetting
03-19 11:16:10.459 W/IorapForwardingService( 487): No service published for: iorapd
03-19 11:16:10.461 D/bbb ( 1203): onStartCommand begin !!!!!!! data分区剩余 24948MB
03-19 11:16:10.514 E/dangbei111( 1047): cccccc 检测到网络 准备请求遥控器ota信息
03-19 11:16:10.515 W/ContextImpl( 1047): Calling a method in the system process without a qualified user: android.app.ContextImpl.sendBroadcast:1173 android.content.ContextWrapper.sendBroadcast:479 com.dangbei.remotecontroller.RemoteControllerReceiver.sendMessageToUpdateHelper:122 com.dangbei.remotecontroller.RemoteControllerReceiver.access$100:28 com.dangbei.remotecontroller.RemoteControllerReceiver$1.handleMessage:41
03-19 11:16:10.517 E/ActivityManager( 487): Sending non-protected broadcast com.dangbei.remote.connected from system 1047:com.dangbei.lerad.etna.haqu/1000 pkg com.dangbei.lerad.etna.haqu
03-19 11:16:10.517 E/ActivityManager( 487): java.lang.Throwable
03-19 11:16:10.517 E/ActivityManager( 487): at com.android.server.am.ActivityManagerService.checkBroadcastFromSystem(ActivityManagerService.java:12816)
03-19 11:16:10.517 E/ActivityManager( 487): at com.android.server.am.ActivityManagerService.broadcastIntentLocked(ActivityManagerService.java:13416)
03-19 11:16:10.517 E/ActivityManager( 487): at com.android.server.am.ActivityManagerService.broadcastIntentLocked(ActivityManagerService.java:12833)
03-19 11:16:10.517 E/ActivityManager( 487): at com.android.server.am.ActivityManagerService.broadcastIntentWithFeature(ActivityManagerService.java:13670)
03-19 11:16:10.517 E/ActivityManager( 487): at android.app.IActivityManager$Stub.onTransact(IActivityManager.java:2326)
03-19 11:16:10.517 E/ActivityManager( 487): at com.android.server.am.ActivityManagerService.onTransact(ActivityManagerService.java:2509)
03-19 11:16:10.517 E/ActivityManager( 487): at android.os.Binder.execTransactInternal(Binder.java:1179)
03-19 11:16:10.517 E/ActivityManager( 487): at android.os.Binder.execTransact(Binder.java:1143)
03-19 11:16:10.523 E/ActivityManager( 487): Sending non-protected broadcast com.dangbei.remote.connected from system 1047:com.dangbei.lerad.etna.haqu/1000 pkg com.dangbei.lerad.etna.haqu
03-19 11:16:10.523 E/ActivityManager( 487): java.lang.Throwable
03-19 11:16:10.523 E/ActivityManager( 487): at com.android.server.am.ActivityManagerService.checkBroadcastFromSystem(ActivityManagerService.java:12816)
03-19 11:16:10.523 E/ActivityManager( 487): at com.android.server.am.ActivityManagerService.broadcastIntentLocked(ActivityManagerService.java:13513)
03-19 11:16:10.523 E/ActivityManager( 487): at com.android.server.am.ActivityManagerService.broadcastIntentLocked(ActivityManagerService.java:12833)
03-19 11:16:10.523 E/ActivityManager( 487): at com.android.server.am.ActivityManagerService.broadcastIntentWithFeature(ActivityManagerService.java:13670)
03-19 11:16:10.523 E/ActivityManager( 487): at android.app.IActivityManager$Stub.onTransact(IActivityManager.java:2326)
03-19 11:16:10.523 E/ActivityManager( 487): at com.android.server.am.ActivityManagerService.onTransact(ActivityManagerService.java:2509)
03-19 11:16:10.523 E/ActivityManager( 487): at android.os.Binder.execTransactInternal(Binder.java:1179)
03-19 11:16:10.523 E/ActivityManager( 487): at android.os.Binder.execTransact(Binder.java:1143)
03-19 11:16:10.523 I/DropBoxManagerService( 487): add tag=system_server_wtf isTagEnabled=true flags=0x2
03-19 11:16:10.527 I/DropBoxManagerService( 487): add tag=system_server_wtf isTagEnabled=true flags=0x2
03-19 11:16:10.529 E/dangbei111( 1047): 读出来的遥控器版本不是空 CSH251028
03-19 11:16:10.529 E/dangbei111( 1047): cccccc requestRemoteInfoInner factory BK version CSH251028
03-19 11:16:10.547 I/okhttp.OkHttpClient( 1047): --> POST http://tymsgapi.qun7.com/v1/core/ykota (622-byte body)
03-19 11:16:10.627 I/okhttp.OkHttpClient( 1047): <-- 200 OK http://tymsgapi.qun7.com/v1/core/ykota (79ms, unknown-length body)
03-19 11:16:10.632 E/dangbei111( 1047): cccccc requestRemoteInfoInner BaseResponse{message='success', data=null, code=0}
03-19 11:16:10.633 W/System.err( 1047): java.lang.NullPointerException: Attempt to invoke virtual method 'java.lang.String com.etna.haqu.model.business.bean.db.remote.RemoteUpdateBean.getDownloadId()' on a null object reference
03-19 11:16:10.634 W/System.err( 1047): at com.dangbei.etna.update.remote.RemoteUpdateHelper$requestRemoteInfoInner$1$2.invoke(RemoteUpdateHelper.kt:199)
03-19 11:16:10.634 W/System.err( 1047): at com.dangbei.etna.update.remote.RemoteUpdateHelper$requestRemoteInfoInner$1$2.invoke(RemoteUpdateHelper.kt:188)
03-19 11:16:10.634 W/System.err( 1047): at com.etna.haqu.support.ext.FlowExtKt$safeCollect$3.emit(FlowExt.kt:52)
03-19 11:16:10.634 W/System.err( 1047): at kotlinx.coroutines.flow.FlowKt__ErrorsKt$catchImpl$2.emit(Errors.kt:158)
03-19 11:16:10.634 W/System.err( 1047): at kotlinx.coroutines.flow.FlowKt__ChannelsKt.emitAllImpl$FlowKt__ChannelsKt(Channels.kt:62)
03-19 11:16:10.634 W/System.err( 1047): at kotlinx.coroutines.flow.FlowKt__ChannelsKt.access$emitAllImpl$FlowKt__ChannelsKt(Channels.kt:1)
03-19 11:16:10.634 W/System.err( 1047): at kotlinx.coroutines.flow.FlowKt__ChannelsKt$emitAllImpl$1.invokeSuspend(Unknown Source:14)
03-19 11:16:10.634 W/System.err( 1047): at kotlin.coroutines.jvm.internal.BaseContinuationImpl.resumeWith(ContinuationImpl.kt:33)
03-19 11:16:10.634 W/System.err( 1047): at kotlinx.coroutines.DispatchedTask.run(DispatchedTask.kt:106)
03-19 11:16:10.634 W/System.err( 1047): at android.os.Handler.handleCallback(Handler.java:938)
03-19 11:16:10.634 W/System.err( 1047): at android.os.Handler.dispatchMessage(Handler.java:99)
03-19 11:16:10.634 W/System.err( 1047): at android.os.Looper.loopOnce(Looper.java:201)
03-19 11:16:10.634 W/System.err( 1047): at android.os.Looper.loop(Looper.java:288)
03-19 11:16:10.634 W/System.err( 1047): at android.app.ActivityThread.main(ActivityThread.java:7854)
03-19 11:16:10.634 W/System.err( 1047): at java.lang.reflect.Method.invoke(Native Method)
03-19 11:16:10.634 W/System.err( 1047): at com.android.internal.os.RuntimeInit$MethodAndArgsCaller.run(RuntimeInit.java:548)
03-19 11:16:10.634 W/System.err( 1047): at com.android.internal.os.ZygoteInit.main(ZygoteInit.java:1182)
03-19 11:16:10.639 E/ccc ( 2949): cccccc notifyUpdateChanged {"code":1,"data":{"hasUpdate":false,"what":2,"why":-1},"message":"更新状态变化"}
03-19 11:16:10.641 E/ccc ( 2949): cccccc EtnaSendUpdateStatusChangeBean.remoteUpdateChanged
03-19 11:16:10.642 E/ccc ( 2949): cccccc event HomeActivity REMOTE_UPDATE_STATUS_CHANGED
03-19 11:16:10.642 E/ccc ( 1047): cccccc updateHelper 通知更新
03-19 11:16:10.643 E/dangbei111( 1047): cccccc requestRemoteInfoInner 出现异常 Attempt to invoke virtual method 'java.lang.String com.etna.haqu.model.business.bean.db.remote.RemoteUpdateBean.getDownloadId()' on a null object reference
03-19 11:16:10.669 I/lerad.etna.haq( 1047): Background concurrent copying GC freed 46648(2319KB) AllocSpace objects, 63(1260KB) LOS objects, 49% free, 3694KB/7389KB, paused 106us total 121.574ms
03-19 11:16:10.670 W/System ( 1047): A resource failed to call close.
03-19 11:16:10.670 W/System ( 1047): A resource failed to call close.
03-19 11:16:10.671 W/System ( 1047): A resource failed to call close.
03-19 11:16:10.671 W/System ( 1047): A resource failed to call close.
03-19 11:16:10.671 W/System ( 1047): A resource failed to call close.
03-19 11:16:10.671 W/System ( 1047): A resource failed to call close.
03-19 11:16:10.671 W/System ( 1047): A resource failed to call close.
03-19 11:16:10.671 W/System ( 1047): A resource failed to call close.
03-19 11:16:10.671 W/System ( 1047): A resource failed to call close.
03-19 11:16:10.671 W/System ( 1047): A resource failed to call close.
03-19 11:16:10.671 W/System ( 1047): A resource failed to call close.
03-19 11:16:10.671 W/System ( 1047): A resource failed to call close.
03-19 11:16:10.671 W/System ( 1047): A resource failed to call close.
03-19 11:16:10.671 W/System ( 1047): A resource failed to call close.
03-19 11:16:10.671 W/System ( 1047): A resource failed to call close.
03-19 11:16:10.671 W/System ( 1047): A resource failed to call close.
03-19 11:16:10.671 W/System ( 1047): A resource failed to call close.
03-19 11:16:10.671 W/System ( 1047): A resource failed to call close.
03-19 11:16:10.671 W/System ( 1047): A resource failed to call close.
03-19 11:16:10.671 W/System ( 1047): A resource failed to call close.
03-19 11:16:10.671 W/System ( 1047): A resource failed to call close.
03-19 11:16:10.671 W/System ( 1047): A resource failed to call close.
03-19 11:16:10.671 W/System ( 1047): A resource failed to call close.
03-19 11:16:10.671 W/System ( 1047): A resource failed to call close.
03-19 11:16:10.671 W/System ( 1047): A resource failed to call close.
03-19 11:16:10.671 W/System ( 1047): A resource failed to call close.
03-19 11:16:10.672 W/System ( 1047): A resource failed to call close.
03-19 11:16:10.672 W/System ( 1047): A resource failed to call close.
03-19 11:16:10.672 W/System ( 1047): A resource failed to call close.
03-19 11:16:10.672 W/System ( 1047): A resource failed to call close.
03-19 11:16:10.672 W/System ( 1047): A resource failed to call close.
03-19 11:16:10.672 W/System ( 1047): A resource failed to call close.
03-19 11:16:10.672 W/System ( 1047): A resource failed to call close.
03-19 11:16:10.672 W/System ( 1047): A resource failed to call close.
03-19 11:16:10.672 W/System ( 1047): A resource failed to call close.
03-19 11:16:10.672 W/System ( 1047): A resource failed to call close.
03-19 11:16:10.672 W/System ( 1047): A resource failed to call close.
03-19 11:16:10.672 W/System ( 1047): A resource failed to call close.
03-19 11:16:10.672 W/System ( 1047): A resource failed to call close.
03-19 11:16:10.672 W/System ( 1047): A resource failed to call close.
03-19 11:16:10.672 W/System ( 1047): A resource failed to call close.
03-19 11:16:10.672 W/System ( 1047): A resource failed to call close.
03-19 11:16:10.672 W/System ( 1047): A resource failed to call close.
03-19 11:16:10.672 W/System ( 1047): A resource failed to call close.
03-19 11:16:10.672 W/System ( 1047): A resource failed to call close.
03-19 11:16:10.672 W/System ( 1047): A resource failed to call close.
03-19 11:16:10.672 W/System ( 1047): A resource failed to call close.
03-19 11:16:10.672 W/System ( 1047): A resource failed to call close.
03-19 11:16:10.672 W/System ( 1047): A resource failed to call close.
03-19 11:16:10.673 W/System ( 1047): A resource failed to call close.
03-19 11:16:10.673 W/System ( 1047): A resource failed to call close.
03-19 11:16:10.673 W/System ( 1047): A resource failed to call close.
03-19 11:16:10.673 W/System ( 1047): A resource failed to call close.
03-19 11:16:10.673 W/System ( 1047): A resource failed to call close.
03-19 11:16:10.673 W/System ( 1047): A resource failed to call close.
03-19 11:16:10.673 W/System ( 1047): A resource failed to call close.
03-19 11:16:10.673 W/System ( 1047): A resource failed to call close.
03-19 11:16:10.673 W/System ( 1047): A resource failed to call close.
03-19 11:16:10.673 W/System ( 1047): A resource failed to call close.
03-19 11:16:10.673 W/System ( 1047): A resource failed to call close.
03-19 11:16:10.673 W/System ( 1047): A resource failed to call close.
03-19 11:16:10.673 W/System ( 1047): A resource failed to call close.
03-19 11:16:10.673 W/System ( 1047): A resource failed to call close.
03-19 11:16:10.707 W/ZramWriteback( 487): Writeback device is not set
03-19 11:16:10.707 D/ZramWriteback( 487): wait to flush
03-19 11:16:10.748 D/TvWindowManager( 487): key event key = KEYCODE_DPAD_UP down = true
03-19 11:16:10.749 D/GpioService( 487): mFlickerEnable = true
03-19 11:16:10.751 I/SogouIME( 2890): onKeyDown: keyoCode=19
03-19 11:16:10.751 I/DefaultIMS( 2890): onKeyDown: keyoCode=19
03-19 11:16:10.776 I/DefaultIMS( 2890): onStartInput attribute=android.view.inputmethod.EditorInfo@96f1d76 restarting=false inputType: 0
03-19 11:16:10.950 D/TvWindowManager( 487): key event key = KEYCODE_DPAD_UP down = false
03-19 11:16:10.953 I/SogouIME( 2890): onKeyUp: keyoCode=19
03-19 11:16:10.953 I/DefaultIMS( 2890): onKeyUp: keyoCode=19
03-19 11:16:11.462 W/IorapForwardingService( 487): No service published for: iorapd
03-19 11:16:11.584 E/dangbei111( 1047): cccccc 准备开始进行 startScanInner
03-19 11:16:11.584 E/dangbei111( 1047): cccccc 小于10s 由于之前已经开始扫描了 不在开启新的扫描
03-19 11:16:11.952 E/WifiHAL ( 663): wifi_get_link_stats: requestResponse Error:-5
03-19 11:16:11.954 E/WifiVendorHal( 487): getWifiLinkLayerStats_1_5_Internal(l.1191) failed {.code = ERROR_INVALID_ARGS, .description = }
03-19 11:16:12.450 E/bt_upio ( 249): upio_set : /proc/bluetooth/sleep/btwrite(-1) incorrent
03-19 11:16:12.464 W/IorapForwardingService( 487): No service published for: iorapd
03-19 11:16:13.076 W/hdr10p_Configure( 363): 140 callbacks suppressed
03-19 11:16:13.076 I/ ( 363): DVI mode selected: packets not configured
03-19 11:16:13.076 W/set_vsif_config( 363): 140 callbacks suppressed
03-19 11:16:13.076 I/ ( 363): Error: set vsif failed
03-19 11:16:13.076 I/ ( 363): DVI mode selected: packets not configured
03-19 11:16:13.076 I/ ( 363): Error: set vsif failed
03-19 11:16:13.102 I/ ( 363): DVI mode selected: packets not configured
03-19 11:16:13.102 I/ ( 363): Error: set vsif failed
03-19 11:16:13.102 I/ ( 363): DVI mode selected: packets not configured
03-19 11:16:13.102 I/ ( 363): Error: set vsif failed
03-19 11:16:13.127 I/ ( 363): DVI mode selected: packets not configured
03-19 11:16:13.127 I/ ( 363): Error: set vsif failed
03-19 11:16:13.127 I/ ( 363): DVI mode selected: packets not configured
03-19 11:16:13.127 I/ ( 363): Error: set vsif failed
03-19 11:16:13.151 I/ ( 363): DVI mode selected: packets not configured
03-19 11:16:13.151 I/ ( 363): Error: set vsif failed
03-19 11:16:13.151 I/ ( 363): DVI mode selected: packets not configured
03-19 11:16:13.151 I/ ( 363): Error: set vsif failed
03-19 11:16:13.159 I/ ( 363): DVI mode selected: packets not configured
03-19 11:16:13.159 I/ ( 363): Error: set vsif failed
03-19 11:16:13.160 I/ ( 363): DVI mode selected: packets not configured
03-19 11:16:13.160 I/ ( 363): Error: set vsif failed
03-19 11:16:13.465 W/IorapForwardingService( 487): No service published for: iorapd
03-19 11:16:14.137 D/hdmi-cec( 261): receive invalid cec message!
03-19 11:16:14.137 D/hdmi-cec( 261): receive poll message [04], skip!
03-19 11:16:14.468 W/IorapForwardingService( 487): No service published for: iorapd
03-19 11:16:14.967 E/WifiHAL ( 663): wifi_get_link_stats: requestResponse Error:-5
03-19 11:16:14.968 E/WifiVendorHal( 487): getWifiLinkLayerStats_1_5_Internal(l.1191) failed {.code = ERROR_INVALID_ARGS, .description = }
03-19 11:16:15.470 W/IorapForwardingService( 487): No service published for: iorapd
03-19 11:16:16.473 W/IorapForwardingService( 487): No service published for: iorapd
03-19 11:16:17.475 W/IorapForwardingService( 487): No service published for: iorapd
03-19 11:16:17.980 E/WifiHAL ( 663): wifi_get_link_stats: requestResponse Error:-5
03-19 11:16:17.982 E/WifiVendorHal( 487): getWifiLinkLayerStats_1_5_Internal(l.1191) failed {.code = ERROR_INVALID_ARGS, .description = }
03-19 11:16:18.208 W/hdr10p_Configure( 363): 126 callbacks suppressed
03-19 11:16:18.208 I/ ( 363): DVI mode selected: packets not configured
03-19 11:16:18.208 W/set_vsif_config( 363): 126 callbacks suppressed
03-19 11:16:18.208 I/ ( 363): Error: set vsif failed
03-19 11:16:18.208 I/ ( 363): DVI mode selected: packets not configured
03-19 11:16:18.208 I/ ( 363): Error: set vsif failed
03-19 11:16:18.458 D/bbb ( 1203): onStartCommand begin !!!!!!! data分区剩余 24948MB
03-19 11:16:18.461 D/aaa ( 7639): LedStatusService onStartCommand begin
03-19 11:16:18.464 D/aaa ( 7639): topPkg is -------------- :com.dangbei.haqusetting
03-19 11:16:18.477 W/IorapForwardingService( 487): No service published for: iorapd
03-19 11:16:19.090 I/ ( 363): DVI mode selected: packets not configured
03-19 11:16:19.090 I/ ( 363): Error: set vsif failed
03-19 11:16:19.090 I/ ( 363): DVI mode selected: packets not configured
03-19 11:16:19.090 I/ ( 363): Error: set vsif failed
03-19 11:16:19.116 I/ ( 363): DVI mode selected: packets not configured
03-19 11:16:19.116 I/ ( 363): Error: set vsif failed
03-19 11:16:19.116 I/ ( 363): DVI mode selected: packets not configured
03-19 11:16:19.116 I/ ( 363): Error: set vsif failed
03-19 11:16:19.140 I/ ( 363): DVI mode selected: packets not configured
03-19 11:16:19.140 I/ ( 363): Error: set vsif failed
03-19 11:16:19.140 I/ ( 363): DVI mode selected: packets not configured
03-19 11:16:19.140 I/ ( 363): Error: set vsif failed
03-19 11:16:19.164 I/ ( 363): DVI mode selected: packets not configured
03-19 11:16:19.164 I/ ( 363): Error: set vsif failed
03-19 11:16:19.164 I/ ( 363): DVI mode selected: packets not configured
03-19 11:16:19.164 I/ ( 363): Error: set vsif failed
03-19 11:16:19.373 I/BLEAudioDrive_HV410( 248): select timeout!
03-19 11:16:19.479 W/IorapForwardingService( 487): No service published for: iorapd
03-19 11:16:20.071 I/WifiService( 487): startScan uid=1000
03-19 11:16:20.073 E/ccc ( 2949): cccccc i will start scan
03-19 11:16:20.482 W/IorapForwardingService( 487): No service published for: iorapd
03-19 11:16:20.993 E/WifiHAL ( 663): wifi_get_link_stats: requestResponse Error:-5
03-19 11:16:20.995 E/WifiVendorHal( 487): getWifiLinkLayerStats_1_5_Internal(l.1191) failed {.code = ERROR_INVALID_ARGS, .description = }
03-19 11:16:21.484 W/IorapForwardingService( 487): No service published for: iorapd
03-19 11:16:21.873 D/WifiNl80211Manager( 487): Scan result ready event
03-19 11:16:21.873 D/WifiNative( 487): Scan result ready event
03-19 11:16:21.914 E/ccc ( 2949): cccccc SCAN_RESULTS_AVAILABLE_ACTION hhhh
03-19 11:16:21.914 E/hq ( 1119): NetWorkStateReceiver:::NetWorkStateReceiver onReceive: 网络变化广播 >>>> intent.action=android.net.wifi.SCAN_RESULTS
03-19 11:16:21.919 D/PasspointManager( 487): ANQP entry not found for: f8:14:fe:4f:93:01:
03-19 11:16:21.922 E/WifiHAL ( 663): wifi_get_link_stats: requestResponse Error:-5
03-19 11:16:21.923 E/WifiVendorHal( 487): getWifiLinkLayerStats_1_5_Internal(l.1191) failed {.code = ERROR_INVALID_ARGS, .description = }
03-19 11:16:21.937 W/eventbuscore( 1119): post Event:com.dangbei.leard.base.entity.event.NetWifiRssiEvent
03-19 11:16:21.945 E/ccc ( 2949): cccccc result is not empty call back
03-19 11:16:21.945 E/ccc ( 2949): cccccc 666666666666666
03-19 11:16:21.962 E/ccc ( 2949): cccccc sort 2 41
03-19 11:16:22.489 W/IorapForwardingService( 487): No service published for: iorapd
03-19 11:16:23.491 W/IorapForwardingService( 487): No service published for: iorapd
03-19 11:16:24.006 E/WifiHAL ( 663): wifi_get_link_stats: requestResponse Error:-5
03-19 11:16:24.008 E/WifiVendorHal( 487): getWifiLinkLayerStats_1_5_Internal(l.1191) failed {.code = ERROR_INVALID_ARGS, .description = }
03-19 11:16:24.493 W/IorapForwardingService( 487): No service published for: iorapd
03-19 11:16:25.094 W/hdr10p_Configure( 363): 130 callbacks suppressed
03-19 11:16:25.094 I/ ( 363): DVI mode selected: packets not configured
03-19 11:16:25.094 W/set_vsif_config( 363): 130 callbacks suppressed
03-19 11:16:25.094 I/ ( 363): Error: set vsif failed
03-19 11:16:25.094 I/ ( 363): DVI mode selected: packets not configured
03-19 11:16:25.094 I/ ( 363): Error: set vsif failed
03-19 11:16:25.120 I/ ( 363): DVI mode selected: packets not configured
03-19 11:16:25.120 I/ ( 363): Error: set vsif failed
03-19 11:16:25.120 I/ ( 363): DVI mode selected: packets not configured
03-19 11:16:25.120 I/ ( 363): Error: set vsif failed
03-19 11:16:25.145 I/ ( 363): DVI mode selected: packets not configured
03-19 11:16:25.145 I/ ( 363): Error: set vsif failed
03-19 11:16:25.145 I/ ( 363): DVI mode selected: packets not configured
03-19 11:16:25.145 I/ ( 363): Error: set vsif failed
03-19 11:16:25.169 I/ ( 363): DVI mode selected: packets not configured
03-19 11:16:25.169 I/ ( 363): Error: set vsif failed
03-19 11:16:25.170 I/ ( 363): DVI mode selected: packets not configured
03-19 11:16:25.170 I/ ( 363): Error: set vsif failed
03-19 11:16:25.193 I/ ( 363): DVI mode selected: packets not configured
03-19 11:16:25.193 I/ ( 363): Error: set vsif failed
03-19 11:16:25.193 I/ ( 363): DVI mode selected: packets not configured
03-19 11:16:25.193 I/ ( 363): Error: set vsif failed
03-19 11:16:25.495 W/IorapForwardingService( 487): No service published for: iorapd
03-19 11:16:26.497 W/IorapForwardingService( 487): No service published for: iorapd
03-19 11:16:26.504 D/aaa ( 7639): LedStatusService onStartCommand begin
03-19 11:16:26.506 D/aaa ( 7639): topPkg is -------------- :com.dangbei.haqusetting
03-19 11:16:26.507 D/bbb ( 1203): onStartCommand begin !!!!!!! data分区剩余 24948MB
03-19 11:16:27.022 E/WifiHAL ( 663): wifi_get_link_stats: requestResponse Error:-5
03-19 11:16:27.023 E/WifiVendorHal( 487): getWifiLinkLayerStats_1_5_Internal(l.1191) failed {.code = ERROR_INVALID_ARGS, .description = }
03-19 11:16:27.499 W/IorapForwardingService( 487): No service published for: iorapd
03-19 11:16:28.365 I/bt_stack( 672): [INFO:btsnoop.cc(338)] clear_l2cap_allowlist: Clearing acceptlist from l2cap channel. conn_handle=16 cid=4:4
03-19 11:16:28.365 I/bluetooth( 672): system/bt/stack/gap/gap_ble.cc:298 client_connect_cback: No active GAP service found for peer:xx:xx:xx:xx:41:8c callback:Disconnected
03-19 11:16:28.366 I/bt_bta_gattc( 672): system/bt/bta/gatt/bta_gattc_act.cc:1115 bta_gattc_conn_cback: Disconnected att_id:3 transport:le reason:GATT_CONN_TIMEOUT
03-19 11:16:28.366 I/bt_bta_gattc( 672): system/bt/bta/gatt/bta_gattc_act.cc:1115 bta_gattc_conn_cback: Disconnected att_id:4 transport:le reason:GATT_CONN_TIMEOUT
03-19 11:16:28.366 I/bt_bta_gattc( 672): system/bt/bta/gatt/bta_gattc_act.cc:1115 bta_gattc_conn_cback: Disconnected att_id:5 transport:le reason:GATT_CONN_TIMEOUT
03-19 11:16:28.366 I/bt_bta_gattc( 672): system/bt/bta/gatt/bta_gattc_act.cc:1115 bta_gattc_conn_cback: Disconnected att_id:6 transport:le reason:GATT_CONN_TIMEOUT
03-19 11:16:28.367 W/bt_btm_sec( 672): system/bt/stack/btm/btm_sec.cc:3685 btm_sec_disconnected: Got uncommon disconnection reason:Connection Timeout handle:0x0010
03-19 11:16:28.368 I/btif_av ( 672): system/bt/btif/src/btif_av.cc:3352 btif_av_acl_disconnected: btif_av_acl_disconnected: Peer c7:44:13:5b:41:8c : ACL Disconnected
03-19 11:16:28.368 E/bt_upio ( 249): upio_set : /proc/bluetooth/sleep/btwrite(-1) incorrent
03-19 11:16:28.368 E/bt_stack( 672): [ERROR:bta_gattc_api.cc(729)] BTA_GATTC_DeregisterForNotifications registration not found bd_addr=c7:44:13:5b:41:8c
03-19 11:16:28.369 E/bt_stack( 672): [ERROR:bta_gattc_api.cc(729)] BTA_GATTC_DeregisterForNotifications registration not found bd_addr=c7:44:13:5b:41:8c
03-19 11:16:28.369 W/bt_btif ( 672): system/bt/main/bte_logmsg.cc:194 LogMsg: bta_hh_co_close: dev_handle = 16, app_id = 255
03-19 11:16:28.369 W/bt_btif ( 672): system/bt/main/bte_logmsg.cc:194 LogMsg: bta_hh_co_close: Found an existing device with the same handle dev_status = 0, dev_handle =16
03-19 11:16:28.369 I/btif_av ( 672): system/bt/btif/src/btif_av.cc:1078 FindOrCreatePeer: BtifAvPeer *BtifAvSource::FindOrCreatePeer(const RawAddress &, tBTA_AV_HNDL): Create peer: peer_address=c7:44:13:5b:41:8c bta_handle=0x41 peer_id=0
03-19 11:16:28.369 I/btif_av ( 672): system/bt/btif/src/btif_av.cc:3279 btif_av_get_peer_sep: No active sink or source peer found
03-19 11:16:28.369 I/bt_btif_a2dp_source( 672): system/bt/btif/src/btif_a2dp_source.cc:691 btif_a2dp_source_on_idle: btif_a2dp_source_on_idle: state=STATE_OFF
03-19 11:16:28.369 I/btif_av ( 672): system/bt/btif/src/btif_av.cc:3279 btif_av_get_peer_sep: No active sink or source peer found
03-19 11:16:28.369 I/bt_btif_a2dp_source( 672): system/bt/btif/src/btif_a2dp_source.cc:691 btif_a2dp_source_on_idle: btif_a2dp_source_on_idle: state=STATE_OFF
03-19 11:16:28.369 I/btif_av ( 672): system/bt/btif/src/btif_av.cc:1123 DeleteIdlePeers: DeleteIdlePeers: Deleting idle peer: c7:44:13:5b:41:8c bta_handle=0x41
03-19 11:16:28.370 D/BluetoothGatt( 1047): onClientConnectionState() - status=0 clientIf=6 device=C7:44:13:5B:41:8C
03-19 11:16:28.372 D/BluetoothGatt( 1047): onClientConnectionState() - status=0 clientIf=5 device=C7:44:13:5B:41:8C
03-19 11:16:28.383 D/XM_HIDREAD( 318): remove@ remove@/devices/virtual/misc/uhid/0005:1D5A:C081.0087/input/input402/input402::numlock
03-19 11:16:28.386 D/XM_HIDREAD( 318): remove@ remove@/devices/virtual/misc/uhid/0005:1D5A:C081.0087/input/input402/input402::capslock
03-19 11:16:28.391 E/bond ( 2949): name=Dangbei,state=12,action=android.bluetooth.device.action.ACL_DISCONNECTED
03-19 11:16:28.393 I/dangbei111( 1047): cccccc on receiver=android.bluetooth.device.action.ACL_DISCONNECTED,mac=C7:44:13:5B:41:8C
03-19 11:16:28.393 D/XM_HIDREAD( 318): remove@ remove@/devices/virtual/misc/uhid/0005:1D5A:C081.0087/input/input402/input402::scrolllock
03-19 11:16:28.396 D/XM_HIDREAD( 318): remove@ remove@/devices/virtual/misc/uhid/0005:1D5A:C081.0087/input/input402/input402::compose
03-19 11:16:28.397 D/XM_HIDREAD( 318): remove@ remove@/devices/virtual/misc/uhid/0005:1D5A:C081.0087/input/input402/input402::kana
03-19 11:16:28.437 D/XM_HIDREAD( 318): remove@ remove@/devices/virtual/misc/uhid/0005:1D5A:C081.0087/input/input402/event3
03-19 11:16:28.438 I/EventHub( 487): Removing device Dangbei Keyboard due to epoll hang-up event.
03-19 11:16:28.438 I/EventHub( 487): Removed device: path=/dev/input/event3 name=Dangbei Keyboard id=403 fd=280 classes=KEYBOARD | EXTERNAL
03-19 11:16:28.445 D/XM_HIDREAD( 318): remove@ remove@/devices/virtual/wakeup/wakeup27
03-19 11:16:28.457 D/XM_HIDREAD( 318): remove@ remove@/devices/virtual/misc/uhid/0005:1D5A:C081.0087/input/input402
03-19 11:16:28.458 D/XM_HIDREAD( 318): remove@ remove@/devices/virtual/misc/uhid/0005:1D5A:C081.0087/input/input403/event4
03-19 11:16:28.465 I/InputReader( 487): Device removed: id=138, eventHubId=403, name='Dangbei Keyboard', descriptor='142719f68ba1f1336fc48aa2b25b032b200b64b0', sources=0x01000111
03-19 11:16:28.465 W/EventHub( 487): Error reading absolute controller 32 for device Dangbei Consumer Control fd 288, errno=19
03-19 11:16:28.466 I/EventHub( 487): Removing device Dangbei Consumer Control due to epoll hang-up event.
03-19 11:16:28.466 I/EventHub( 487): Removed device: path=/dev/input/event4 name=Dangbei Consumer Control id=404 fd=288 classes=KEYBOARD | JOYSTICK | EXTERNAL
03-19 11:16:28.468 D/XM_HIDREAD( 318): remove@ remove@/devices/virtual/wakeup/wakeup28
03-19 11:16:28.481 D/XM_HIDREAD( 318): remove@ remove@/devices/virtual/misc/uhid/0005:1D5A:C081.0087/input/input403
03-19 11:16:28.482 D/XM_HIDREAD( 318): remove@ remove@/devices/virtual/misc/uhid/0005:1D5A:C081.0087/input/input404/event5
03-19 11:16:28.501 I/EventHub( 487): Removing device '/dev/input/event3' due to inotify event
03-19 11:16:28.501 I/EventHub( 487): Removing device '/dev/input/event4' due to inotify event
03-19 11:16:28.501 W/IorapForwardingService( 487): No service published for: iorapd
03-19 11:16:28.502 I/EventHub( 487): Removing device '/dev/input/event5' due to inotify event
03-19 11:16:28.502 E/EventHub( 487): Invalid device id=404 provided to isDeviceEnabled
03-19 11:16:28.502 W/InputReader( 487): Ignoring disabled device Dangbei Keyboard
03-19 11:16:28.502 I/InputReader( 487): Device removed: id=138, eventHubId=404, name='Dangbei Keyboard', descriptor='142719f68ba1f1336fc48aa2b25b032b200b64b0', sources=0x01000111
03-19 11:16:28.504 D/XM_HIDREAD( 318): remove@ remove@/devices/virtual/misc/uhid/0005:1D5A:C081.0087/input/input404
03-19 11:16:28.506 D/XM_HIDREAD( 318): remove@ remove@/devices/virtual/misc/uhid/0005:1D5A:C081.0087
03-19 11:16:28.507 D/BluetoothHidHostService( 672): Connection state C7:44:13:5B:41:8C: 2->0
03-19 11:16:28.513 D/AdapterProperties( 672): PROFILE_CONNECTION_STATE_CHANGE: profile=4, device=C7:44:13:5B:41:8C, 2 -> 0
03-19 11:16:28.514 W/AdapterProperties( 672): PROFILE_CONNECTION_STATE_CHANGE: unexpected transition for profile=4, device=C7:44:13:5B:41:8C, 2 -> 0
03-19 11:16:28.521 D/AdapterProperties( 672): ADAPTER_CONNECTION_STATE_CHANGE: C7:44:13:5B:41:8C: 2 -> 0
03-19 11:16:28.522 W/AdapterProperties( 672): ADAPTER_CONNECTION_STATE_CHANGE: unexpected transition for profile=4, device=C7:44:13:5B:41:8C, 2 -> 0
03-19 11:16:28.526 D/CachedBluetoothDevice( 679): onProfileStateChanged: profile HID, device Dangbei, newProfileState 0
03-19 11:16:29.163 D/hdmi-cec( 261): receive invalid cec message!
03-19 11:16:29.163 D/hdmi-cec( 261): receive poll message [04], skip!
03-19 11:16:29.384 I/BLEAudioDrive_HV410( 248): select timeout!
03-19 11:16:29.504 W/IorapForwardingService( 487): No service published for: iorapd
03-19 11:16:30.034 E/WifiHAL ( 663): wifi_get_link_stats: requestResponse Error:-5
03-19 11:16:30.035 E/WifiVendorHal( 487): getWifiLinkLayerStats_1_5_Internal(l.1191) failed {.code = ERROR_INVALID_ARGS, .description = }
03-19 11:16:30.507 W/IorapForwardingService( 487): No service published for: iorapd
03-19 11:16:31.107 W/hdr10p_Configure( 363): 124 callbacks suppressed
03-19 11:16:31.107 I/ ( 363): DVI mode selected: packets not configured
03-19 11:16:31.107 W/set_vsif_config( 363): 124 callbacks suppressed
03-19 11:16:31.107 I/ ( 363): Error: set vsif failed
03-19 11:16:31.107 I/ ( 363): DVI mode selected: packets not configured
03-19 11:16:31.107 I/ ( 363): Error: set vsif failed
03-19 11:16:31.133 I/ ( 363): DVI mode selected: packets not configured
03-19 11:16:31.133 I/ ( 363): Error: set vsif failed
03-19 11:16:31.133 I/ ( 363): DVI mode selected: packets not configured
03-19 11:16:31.133 I/ ( 363): Error: set vsif failed
03-19 11:16:31.158 I/ ( 363): DVI mode selected: packets not configured
03-19 11:16:31.158 I/ ( 363): Error: set vsif failed
03-19 11:16:31.159 I/ ( 363): DVI mode selected: packets not configured
03-19 11:16:31.159 I/ ( 363): Error: set vsif failed
03-19 11:16:31.183 I/ ( 363): DVI mode selected: packets not configured
03-19 11:16:31.183 I/ ( 363): Error: set vsif failed
03-19 11:16:31.183 I/ ( 363): DVI mode selected: packets not configured
03-19 11:16:31.183 I/ ( 363): Error: set vsif failed
03-19 11:16:31.192 I/ ( 363): DVI mode selected: packets not configured
03-19 11:16:31.192 I/ ( 363): Error: set vsif failed
03-19 11:16:31.192 I/ ( 363): DVI mode selected: packets not configured
03-19 11:16:31.192 I/ ( 363): Error: set vsif failed
03-19 11:16:31.384 E/bt_upio ( 249): upio_set : /proc/bluetooth/sleep/btwrite(-1) incorrent
03-19 11:16:31.397 E/dangbei111( 1047): cccccc 准备开始进行 startScanInner
03-19 11:16:31.397 E/dangbei111( 1047): cccccc 真正开始进入扫描流程啦
03-19 11:16:31.402 E/dangbei111( 1047): cccccc 检查遥控器是否连接: Dangbei C7:44:13:5B:41:8C
03-19 11:16:31.407 E/dangbei111( 1047): cccccc 检查遥控器是否连接: 蓝牙的结果 Dangbei C7:44:13:5B:41:8C false
03-19 11:16:31.407 E/dangbei111( 1047): cccccc input中没有遥控器存在
03-19 11:16:31.407 E/dangbei111( 1047): cccccc 蓝牙状态连接 不是连接状态 啥都不干
03-19 11:16:31.409 E/dangbei111( 1047): cccccc 蓝牙状态连接 配对状态 啥都不做
03-19 11:16:31.410 E/dangbei111( 1047): 开始扫描 com.dangbei.remotecontroller.RCHelper$3@180fd1
03-19 11:16:31.410 D/BluetoothAdapter( 1047): isLeEnabled(): ON
03-19 11:16:31.414 I/bluetooth( 672): system/bt/stack/gatt/gatt_api.cc:1019 GATT_Register: Allocated name:GattClient uuid:4ab86833-acc5-8468-fb74-63efd11b9472 gatt_if:8 eatt_support:0
03-19 11:16:31.415 D/BluetoothLeScanner( 1047): onScannerRegistered() - status=0 scannerId=8 mScannerId=0
03-19 11:16:31.425 E/bt_upio ( 249): upio_set : /proc/bluetooth/sleep/btwrite(-1) incorrent
03-19 11:16:31.509 W/IorapForwardingService( 487): No service published for: iorapd
03-19 11:16:32.511 W/IorapForwardingService( 487): No service published for: iorapd
03-19 11:16:32.652 E/dangbei111( 1047): cccccc 检查遥控器是否连接: Dangbei C7:44:13:5B:41:8C
03-19 11:16:32.654 E/dangbei111( 1047): cccccc 检查遥控器是否连接: 蓝牙的结果 Dangbei C7:44:13:5B:41:8C false
03-19 11:16:32.654 E/dangbei111( 1047): cccccc input中没有遥控器存在
03-19 11:16:32.654 E/dangbei111( 1047): cccccc 蓝牙状态连接 不是连接状态 啥都不干
03-19 11:16:32.657 E/dangbei111( 1047): cccccc 蓝牙状态连接 配对状态 啥都不做
03-19 11:16:32.658 E/dangbei111( 1047): scan get device,state=10
03-19 11:16:32.658 E/dangbei111( 1047): ble scan find the device C9:B5:96:5C:E3:ED
03-19 11:16:32.659 E/dangbei111( 1047): cccccc 扫描到了设备 Dangbei C9:B5:96:5C:E3:ED
03-19 11:16:32.662 E/dangbei111( 1047): cccccc 检查遥控器是否连接: Dangbei C7:44:13:5B:41:8C
03-19 11:16:32.664 E/dangbei111( 1047): cccccc 检查遥控器是否连接: 蓝牙的结果 Dangbei C7:44:13:5B:41:8C false
03-19 11:16:32.665 E/dangbei111( 1047): cccccc input中没有遥控器存在
03-19 11:16:32.665 E/dangbei111( 1047): cccccc 蓝牙状态连接 不是连接状态 啥都不干
03-19 11:16:32.668 E/dangbei111( 1047): cccccc 蓝牙状态连接 配对状态 啥都不做
03-19 11:16:32.672 E/dangbei111( 1047): cccccc 检查遥控器是否连接: Dangbei C7:44:13:5B:41:8C
03-19 11:16:32.675 E/dangbei111( 1047): cccccc 检查遥控器是否连接: 蓝牙的结果 Dangbei C7:44:13:5B:41:8C false
03-19 11:16:32.675 E/dangbei111( 1047): cccccc input中没有遥控器存在
03-19 11:16:32.675 E/dangbei111( 1047): cccccc 蓝牙状态连接 不是连接状态 啥都不干
03-19 11:16:32.677 E/dangbei111( 1047): cccccc 蓝牙状态连接 配对状态 啥都不做
03-19 11:16:32.677 E/dangbei111( 1047): bondOrConnect state=10
03-19 11:16:32.677 E/dangbei111( 1047): 500ms后 开始配对 先去停止scan
03-19 11:16:32.677 E/dangbei111( 1047): cccccc 尝试 stopBleScan
03-19 11:16:32.679 D/BluetoothAdapter( 1047): isLeEnabled(): ON
03-19 11:16:32.683 I/bt_stack( 672): [INFO:gatt_api.cc(1042)] GATT_Deregister gatt_if=8
03-19 11:16:32.683 E/dangbei111( 1047): cccccc stopBleScanInner com.dangbei.remotecontroller.RCHelper$3@180fd1
03-19 11:16:33.047 E/WifiHAL ( 663): wifi_get_link_stats: requestResponse Error:-5
03-19 11:16:33.049 E/WifiVendorHal( 487): getWifiLinkLayerStats_1_5_Internal(l.1191) failed {.code = ERROR_INVALID_ARGS, .description = }
03-19 11:16:33.186 I/bt_btif_dm( 672): system/bt/btif/src/btif_dm.cc:1884 btif_dm_cancel_discovery: Cancel search
03-19 11:16:33.187 I/BluetoothBondStateMachine( 672): Bond address is:C9:B5:96:5C:E3:ED
03-19 11:16:33.187 I/bt_btif_config( 672): system/bt/btif/src/btif_config.cc:137 btif_get_device_type: Device [c9:b5:96:5c:e3:ed] device type 2
03-19 11:16:33.187 I/bt_btif_dm( 672): system/bt/btif/src/btif_dm.cc:384 get_cod: get_cod remote_cod = 0x00001f00
03-19 11:16:33.187 I/bt_btif_dm( 672): system/bt/btif/src/btif_dm.cc:384 get_cod: get_cod remote_cod = 0x00001f00
03-19 11:16:33.187 I/bt_btif_config( 672): system/bt/btif/src/btif_config.cc:137 btif_get_device_type: Device [c9:b5:96:5c:e3:ed] device type 2
03-19 11:16:33.187 I/bt_btif_dm( 672): system/bt/btif/src/btif_dm.cc:384 get_cod: get_cod remote_cod = 0x00001f00
03-19 11:16:33.187 I/bt_btif_dm( 672): system/bt/btif/src/btif_dm.cc:451 bond_state_changed: Bond state changed to state=1 [0:none, 1:bonding, 2:bonded], prev_state=0, sdp_attempts = 0
03-19 11:16:33.187 I/bt_btif_config( 672): system/bt/btif/src/btif_config.cc:137 btif_get_device_type: Device [c9:b5:96:5c:e3:ed] device type 2
03-19 11:16:33.188 I/BluetoothBondStateMachine( 672): Entering PendingCommandState State
03-19 11:16:33.188 I/BluetoothBondStateMachine( 672): bondStateChangeCallback: Status: 0 Address: C9:B5:96:5C:E3:ED newState: 1
03-19 11:16:33.199 I/BluetoothBondStateMachine( 672): Bond State Change Intent:C9:B5:96:5C:E3:ED BOND_NONE => BOND_BONDING
03-19 11:16:33.221 I/system_server( 487): Background young concurrent copying GC freed 210055(8141KB) AllocSpace objects, 62(1272KB) LOS objects, 42% free, 13MB/22MB, paused 511us total 163.651ms
03-19 11:16:33.223 W/BroadcastQueue( 487): Background execution not allowed: receiving Intent { act=android.bluetooth.device.action.BOND_STATE_CHANGED flg=0x10 (has extras) } to com.dangbei.lerad.etna.haqu/com.dangbei.remotecontroller.RemoteControllerReceiver
03-19 11:16:33.224 D/BluetoothDatabase( 672): updateDatabase C9:B5:96:5C:E3:ED
03-19 11:16:33.227 I/dangbei111( 1047): cccccc on receiver=android.bluetooth.device.action.BOND_STATE_CHANGED,mac=C9:B5:96:5C:E3:ED
03-19 11:16:33.227 I/dangbei111( 1047): Wait for auto connection, processBondStateChange: bondState: 10 --> 11 C9:B5:96:5C:E3:ED
03-19 11:16:33.227 D/A2dpService( 672): Bond state changed for device: C9:B5:96:5C:E3:ED state: 11
03-19 11:16:33.229 E/bond ( 2949): name=Dangbei,state=11,action=android.bluetooth.device.action.BOND_STATE_CHANGED
03-19 11:16:33.513 W/IorapForwardingService( 487): No service published for: iorapd
03-19 11:16:33.532 I/bluetooth( 672): system/bt/stack/gatt/connection_manager.cc:185 on_connection_complete: Le connection completed to device:c9:b5:96:5c:e3:ed
03-19 11:16:33.533 I/bt_btm_ble( 672): system/bt/stack/btm/btm_ble.cc:1699 btm_ble_connected: Updating device record timestamp for existing ble connection
03-19 11:16:33.621 I/bt_stack( 672): [INFO:gatt_attr.cc(880)] gatt_sr_init_cl_status: bda=c9:b5:96:5c:e3:ed, cl_supp_feat=0000, aware=1
03-19 11:16:33.621 I/bluetooth( 672): system/bt/stack/gap/gap_ble.cc:298 client_connect_cback: No active GAP service found for peer:xx:xx:xx:xx:e3:ed callback:Connected
03-19 11:16:33.621 I/bt_bta_gattc( 672): system/bt/bta/gatt/bta_gattc_act.cc:1110 bta_gattc_conn_cback: Connected att_id:3 transport:le reason:GATT_CONN_OK
03-19 11:16:33.621 I/bt_bta_gattc( 672): system/bt/bta/gatt/bta_gattc_act.cc:1110 bta_gattc_conn_cback: Connected att_id:4 transport:le reason:GATT_CONN_OK
03-19 11:16:33.621 I/bt_bta_gattc( 672): system/bt/bta/gatt/bta_gattc_act.cc:1110 bta_gattc_conn_cback: Connected att_id:5 transport:le reason:GATT_CONN_OK
03-19 11:16:33.621 I/bt_bta_gattc( 672): system/bt/bta/gatt/bta_gattc_act.cc:1110 bta_gattc_conn_cback: Connected att_id:6 transport:le reason:GATT_CONN_OK
03-19 11:16:33.621 I/bluetooth( 672): system/bt/stack/gatt/connection_manager.cc:185 on_connection_complete: Le connection completed to device:c9:b5:96:5c:e3:ed
03-19 11:16:33.621 I/bt_stack( 672): [INFO:eatt_impl.h(634)] connect device c9:b5:96:5c:e3:ed rolecentral
03-19 11:16:33.622 I/bt_btif_dm( 672): system/bt/btif/src/btif_dm.cc:497 btif_update_remote_version_property: Remote version info valid:true [xx:xx:xx:xx:e3:ed]: 8, 50e, 8
03-19 11:16:33.642 E/BluetoothPhonePolicy( 672): Received unexpected intent, action=android.bluetooth.device.action.ACL_CONNECTED
03-19 11:16:33.643 I/BluetoothPhonePolicy( 672): processDeviceConnected, device=C9:B5:96:5C:E3:ED
03-19 11:16:33.643 D/BluetoothDatabase( 672): setConnection: device=C9:B5:96:5C:E3:ED and isA2dpDevice=false
03-19 11:16:33.643 D/BluetoothDatabase( 672): Updating last connected time for device: C9:B5:96:5C:E3:ED to 188
03-19 11:16:33.643 D/BluetoothDatabase( 672): updateDatabase C9:B5:96:5C:E3:ED
03-19 11:16:33.647 E/bond ( 2949): name=Dangbei,state=11,action=android.bluetooth.device.action.ACL_CONNECTED
03-19 11:16:33.648 I/dangbei111( 1047): cccccc on receiver=android.bluetooth.device.action.ACL_CONNECTED,mac=C9:B5:96:5C:E3:ED
03-19 11:16:33.648 I/dangbei111( 1047): cccccc 收到 ACTION_ACL_CONNECTED 的广播
03-19 11:16:33.649 E/dangbei111( 1047): 5s后准备进行遥控器ota信息检测
03-19 11:16:33.652 I/bt_stack( 672): [INFO:eatt_impl.h(578)] supported_features_cb c9:b5:96:5c:e3:ed is_eatt_supported = 0
03-19 11:16:33.666 E/smp_act ( 672): system/bt/stack/smp/smp_act.cc:135 smp_send_app_cback: Unexpected event:14
03-19 11:16:33.666 I/bt_btif_config( 672): system/bt/btif/src/btif_config.cc:137 btif_get_device_type: Device [c9:b5:96:5c:e3:ed] device type 2
03-19 11:16:33.675 I/bt_btif_config( 672): system/bt/btif/src/btif_config.cc:137 btif_get_device_type: Device [c9:b5:96:5c:e3:ed] device type 2
03-19 11:16:33.675 I/bt_btif_dm( 672): system/bt/btif/src/btif_dm.cc:384 get_cod: get_cod remote_cod = 0x00001f00
03-19 11:16:33.676 E/smp_act ( 672): system/bt/stack/smp/smp_act.cc:228 smp_send_app_cback: Unexpected event: 14
03-19 11:16:33.677 I/BluetoothBondStateMachine( 672): sspRequestCallback: [B@de775f name: [B@991f5ac cod: 7936 pairingVariant 2 passkey: 0
03-19 11:16:33.689 D/BluetoothPairingRequest( 826): onPair: null
03-19 11:16:33.805 I/droid.bluetoot( 672): Background concurrent copying GC freed 87794(3963KB) AllocSpace objects, 0(0B) LOS objects, 49% free, 3318KB/6637KB, paused 116us total 114.043ms
03-19 11:16:33.876 I/bt_stack( 672): [INFO:gatt_sr.cc(815)] MTU request PDU with MTU size 140
03-19 11:16:33.877 W/bt_stack( 672): [WARNING:gatt_utils.cc(790)] Call back not found for application conn_id=3
03-19 11:16:33.877 W/bt_stack( 672): [WARNING:gatt_utils.cc(790)] Call back not found for application conn_id=4
03-19 11:16:33.877 W/bt_stack( 672): [WARNING:gatt_utils.cc(790)] Call back not found for application conn_id=5
03-19 11:16:33.877 W/bt_stack( 672): [WARNING:gatt_utils.cc(790)] Call back not found for application conn_id=6
03-19 11:16:34.026 I/bt_stack( 672): [INFO:hearing_aid.cc(1796)] GetDeviceCount: Not initialized yet
03-19 11:16:34.248 E/bt_stack( 672): [ERROR:bta_gattc_cache.cc(940)] bta_gattc_cache_load: can't open GATT cache file /data/misc/bluetooth/gatt_cache_c9b5965ce3ed for reading, error: No such file or directory
03-19 11:16:34.248 E/bt_stack( 672): [ERROR:bta_gattc_cache.cc(940)] bta_gattc_cache_load: can't open GATT cache file /data/misc/bluetooth/gatt_cache_c9b5965ce3ed for reading, error: No such file or directory
03-19 11:16:34.248 E/bt_stack( 672): [ERROR:bta_gattc_cache.cc(940)] bta_gattc_cache_load: can't open GATT cache file /data/misc/bluetooth/gatt_cache_c9b5965ce3ed for reading, error: No such file or directory
03-19 11:16:34.248 E/bt_stack( 672): [ERROR:bta_gattc_cache.cc(940)] bta_gattc_cache_load: can't open GATT cache file /data/misc/bluetooth/gatt_cache_c9b5965ce3ed for reading, error: No such file or directory
03-19 11:16:34.422 I/bt_stack( 672): [INFO:btsnoop.cc(338)] clear_l2cap_allowlist: Clearing acceptlist from l2cap channel. conn_handle=16 cid=6:6
03-19 11:16:34.422 I/bt_stack( 672): [INFO:gatt_api.cc(1178)] GATT_Connect: Registered for opportunistic connection gatt_if=1
03-19 11:16:34.423 I/bt_stack( 672): [INFO:gatt_api.cc(708)] GATTC_Discover conn_id=0x0001, disc_type=2, s_handle=0x0001, e_handle=0xffff
03-19 11:16:34.424 I/bt_btif_config( 672): system/bt/btif/src/btif_config.cc:137 btif_get_device_type: Device [c9:b5:96:5c:e3:ed] device type 2
03-19 11:16:34.424 I/bt_btif_dm( 672): system/bt/btif/src/btif_dm.cc:384 get_cod: get_cod remote_cod = 0x00001f00
03-19 11:16:34.424 I/bt_btif_dm( 672): system/bt/btif/src/btif_dm.cc:451 bond_state_changed: Bond state changed to state=2 [0:none, 1:bonding, 2:bonded], prev_state=1, sdp_attempts = 0
03-19 11:16:34.424 I/bt_btif_config( 672): system/bt/btif/src/btif_config.cc:137 btif_get_device_type: Device [c9:b5:96:5c:e3:ed] device type 2
03-19 11:16:34.425 I/bt_stack( 672): [INFO:gatt_api.cc(1178)] GATT_Connect: Registered for opportunistic connection gatt_if=3
03-19 11:16:34.425 E/bt_stack( 672): [ERROR:bta_gattc_cache.cc(940)] bta_gattc_cache_load: can't open GATT cache file /data/misc/bluetooth/gatt_cache_c9b5965ce3ed for reading, error: No such file or directory
03-19 11:16:34.425 I/bt_stack( 672): [INFO:hearing_aid.cc(1796)] GetDeviceCount: Not initialized yet
03-19 11:16:34.425 I/bt_stack( 672): [INFO:gatt_api.cc(708)] GATTC_Discover conn_id=0x0003, disc_type=1, s_handle=0x0001, e_handle=0xffff
03-19 11:16:34.429 I/BluetoothBondStateMachine( 672): bondStateChangeCallback: Status: 0 Address: C9:B5:96:5C:E3:ED newState: 2
03-19 11:16:34.434 D/AdapterProperties( 672): Adding bonded device:C9:B5:96:5C:E3:ED
03-19 11:16:34.443 I/BluetoothBondStateMachine( 672): Bond State Change Intent:C9:B5:96:5C:E3:ED BOND_BONDING => BOND_BONDED
03-19 11:16:34.443 I/BluetoothBondStateMachine( 672): StableState(): Entering Off State
03-19 11:16:34.448 W/BroadcastQueue( 487): Background execution not allowed: receiving Intent { act=android.bluetooth.device.action.BOND_STATE_CHANGED flg=0x10 (has extras) } to com.dangbei.lerad.etna.haqu/com.dangbei.remotecontroller.RemoteControllerReceiver
03-19 11:16:34.450 D/A2dpService( 672): Bond state changed for device: C9:B5:96:5C:E3:ED state: 12
03-19 11:16:34.450 I/dangbei111( 1047): cccccc on receiver=android.bluetooth.device.action.BOND_STATE_CHANGED,mac=C9:B5:96:5C:E3:ED
03-19 11:16:34.450 I/dangbei111( 1047): Wait for auto connection, processBondStateChange: bondState: 11 --> 12 C9:B5:96:5C:E3:ED
03-19 11:16:34.453 D/CachedBluetoothDevice( 679): No profiles. Maybe we will connect later for device C9:B5:96:5C:E3:ED
03-19 11:16:34.456 E/bond ( 2949): name=Dangbei,state=12,action=android.bluetooth.device.action.BOND_STATE_CHANGED
03-19 11:16:34.461 D/BluetoothHidHost( 2949): Binding service...
03-19 11:16:34.471 D/BluetoothHidHost( 2949): Proxy object connected
03-19 11:16:34.473 D/BluetoothHidHost( 2949): connect(C9:B5:96:5C:E3:ED)
03-19 11:16:34.474 V/BluetoothDatabase( 672): getProfileConnectionPolicy: C9:B5:96:5C:E3:ED, profile=4, connectionPolicy = -1
03-19 11:16:34.475 E/bt_stack( 672): [ERROR:srvc_eng.cc(397)] DIS already initalized
03-19 11:16:34.475 D/BluetoothHidHostService( 672): Connection state C9:B5:96:5C:E3:ED: 0->1
03-19 11:16:34.476 D/BluetoothHidHost( 2949): Unbinding service...
03-19 11:16:34.478 W/BluetoothHidHostService( 672): no state change: 1
03-19 11:16:34.480 D/AdapterProperties( 672): PROFILE_CONNECTION_STATE_CHANGE: profile=4, device=C9:B5:96:5C:E3:ED, 0 -> 1
03-19 11:16:34.483 D/AdapterProperties( 672): ADAPTER_CONNECTION_STATE_CHANGE: C9:B5:96:5C:E3:ED: 0 -> 1
03-19 11:16:34.489 D/CachedBluetoothDevice( 679): onProfileStateChanged: profile HID, device Dangbei, newProfileState 1
03-19 11:16:34.495 I/bt_stack( 672): [INFO:gatt_api.cc(708)] GATTC_Discover conn_id=0x0001, disc_type=4, s_handle=0x0001, e_handle=0x000d
03-19 11:16:34.527 W/IorapForwardingService( 487): No service published for: iorapd
03-19 11:16:34.540 I/bt_stack( 672): [INFO:gatt_api.cc(1286)] GATT_Disconnect conn_id=0x0007
03-19 11:16:34.540 I/bt_srvc ( 672): system/bt/stack/srvc/srvc_dis.cc:201 dis_gatt_c_read_dis_value_cmpl: dis_gatt_c_read_dis_value_cmpl conn_id:7 attr_mask = 0x0100
03-19 11:16:34.566 D/aaa ( 7639): LedStatusService onStartCommand begin
03-19 11:16:34.573 D/bbb ( 1203): onStartCommand begin !!!!!!! data分区剩余 24948MB
03-19 11:16:34.574 D/aaa ( 7639): topPkg is -------------- :com.dangbei.haqusetting
03-19 11:16:34.630 I/bt_stack( 672): [INFO:gatt_api.cc(708)] GATTC_Discover conn_id=0x0003, disc_type=3, s_handle=0x0001, e_handle=0x0009
03-19 11:16:34.675 I/bt_stack( 672): [INFO:gatt_api.cc(708)] GATTC_Discover conn_id=0x0003, disc_type=4, s_handle=0x0001, e_handle=0x0009
03-19 11:16:34.697 I/bt_stack( 672): [INFO:gatt_api.cc(708)] GATTC_Discover conn_id=0x0001, disc_type=5, s_handle=0x000c, e_handle=0x000d
03-19 11:16:34.810 I/bt_stack( 672): [INFO:gatt_api.cc(708)] GATTC_Discover conn_id=0x0003, disc_type=3, s_handle=0x000a, e_handle=0x000d
03-19 11:16:34.832 I/bt_stack( 672): [INFO:gatt_api.cc(708)] GATTC_Discover conn_id=0x0003, disc_type=4, s_handle=0x000a, e_handle=0x000d
03-19 11:16:34.877 I/bt_stack( 672): [INFO:gatt_api.cc(708)] GATTC_Discover conn_id=0x0003, disc_type=5, s_handle=0x000d, e_handle=0x000d
03-19 11:16:34.900 I/bt_stack( 672): [INFO:gatt_api.cc(708)] GATTC_Discover conn_id=0x0003, disc_type=3, s_handle=0x000e, e_handle=0x0011
03-19 11:16:34.922 I/bt_stack( 672): [INFO:gatt_api.cc(708)] GATTC_Discover conn_id=0x0003, disc_type=4, s_handle=0x000e, e_handle=0x0011
03-19 11:16:34.967 I/bt_stack( 672): [INFO:gatt_api.cc(708)] GATTC_Discover conn_id=0x0003, disc_type=5, s_handle=0x0011, e_handle=0x0011
03-19 11:16:34.990 I/bt_stack( 672): [INFO:gatt_api.cc(708)] GATTC_Discover conn_id=0x0003, disc_type=3, s_handle=0x0012, e_handle=0x001e
03-19 11:16:35.012 I/bt_stack( 672): [INFO:gatt_api.cc(708)] GATTC_Discover conn_id=0x0003, disc_type=4, s_handle=0x0012, e_handle=0x001e
03-19 11:16:35.102 I/bt_stack( 672): [INFO:gatt_api.cc(708)] GATTC_Discover conn_id=0x0003, disc_type=3, s_handle=0x001f, e_handle=0x0042
03-19 11:16:35.136 I/bt_stack( 672): [INFO:gatt_api.cc(708)] GATTC_Discover conn_id=0x0003, disc_type=4, s_handle=0x001f, e_handle=0x0042
03-19 11:16:35.293 I/bt_stack( 672): [INFO:gatt_api.cc(708)] GATTC_Discover conn_id=0x0003, disc_type=5, s_handle=0x0024, e_handle=0x0024
03-19 11:16:35.316 I/bt_stack( 672): [INFO:gatt_api.cc(708)] GATTC_Discover conn_id=0x0003, disc_type=5, s_handle=0x0029, e_handle=0x0029
03-19 11:16:35.339 I/bt_stack( 672): [INFO:gatt_api.cc(708)] GATTC_Discover conn_id=0x0003, disc_type=5, s_handle=0x002e, e_handle=0x002e
03-19 11:16:35.361 I/bt_stack( 672): [INFO:gatt_api.cc(708)] GATTC_Discover conn_id=0x0003, disc_type=5, s_handle=0x0031, e_handle=0x0032
