03-19 11:21:31.735 I/ ( 363): Error: set vsif failed
03-19 11:21:31.743 I/ ( 363): DVI mode selected: packets not configured
03-19 11:21:31.743 I/ ( 363): Error: set vsif failed
03-19 11:21:31.743 I/ ( 363): DVI mode selected: packets not configured
03-19 11:21:31.743 I/ ( 363): Error: set vsif failed
03-19 11:21:31.876 I/bt_stack( 672): [INFO:hearing_aid.cc(1796)] GetDeviceCount: Not initialized yet
03-19 11:21:31.964 D/bbb ( 1203): onStartCommand begin !!!!!!! data分区剩余 24948MB
03-19 11:21:31.964 D/aaa ( 7639): LedStatusService onStartCommand begin
03-19 11:21:31.965 D/aaa ( 7639): topPkg is -------------- :com.dangbei.haqusetting
03-19 11:21:32.012 D/BluetoothGatt( 1047): onConnectionUpdated() - Device=C7:44:13:5B:41:8C interval=9 latency=79 timeout=300 status=0
03-19 11:21:32.012 D/BluetoothGatt( 1047): onConnectionUpdated() - Device=C7:44:13:5B:41:8C interval=9 latency=79 timeout=300 status=0
03-19 11:21:32.210 W/IorapForwardingService( 487): No service published for: iorapd
03-19 11:21:32.841 I/bt_stack( 672): [INFO:gatt_sr.cc(815)] MTU request PDU with MTU size 140
03-19 11:21:32.841 W/bt_stack( 672): [WARNING:gatt_utils.cc(790)] Call back not found for application conn_id=3
03-19 11:21:32.842 W/bt_stack( 672): [WARNING:gatt_utils.cc(790)] Call back not found for application conn_id=4
03-19 11:21:32.842 W/bt_stack( 672): [WARNING:gatt_utils.cc(790)] Call back not found for application conn_id=5
03-19 11:21:32.842 W/bt_stack( 672): [WARNING:gatt_utils.cc(790)] Call back not found for application conn_id=6
03-19 11:21:32.997 E/dangbei111( 1047): cccccc 检查遥控器是否连接: Dangbei C9:B5:96:5C:E3:ED
03-19 11:21:33.000 E/dangbei111( 1047): cccccc 检查遥控器是否连接: 蓝牙的结果 Dangbei C9:B5:96:5C:E3:ED false
03-19 11:21:33.000 E/dangbei111( 1047): cccccc input中没有遥控器存在
03-19 11:21:33.000 E/dangbei111( 1047): cccccc 蓝牙状态连接 不是连接状态 啥都不干
03-19 11:21:33.003 E/dangbei111( 1047): cccccc 蓝牙状态连接 配对状态 啥都不做
03-19 11:21:33.003 E/dangbei111( 1047): cccccc 没有遥控器连接 不进行 getRCInfo return
03-19 11:21:33.003 E/dangbei111( 1047): getBattery delay 0
03-19 11:21:33.008 E/dangbei111( 1047): 5mins后会再次获取电量
03-19 11:21:33.009 E/dangbei111( 1047): getBattery delay 300000
03-19 11:21:33.211 W/IorapForwardingService( 487): No service published for: iorapd
03-19 11:21:34.000 I/bt_stack( 672): [INFO:btsnoop.cc(338)] clear_l2cap_allowlist: Clearing acceptlist from l2cap channel. conn_handle=16 cid=4:4
03-19 11:21:34.001 I/bt_stack( 672): [INFO:gatt_attr.cc(338)] gatt_connect_cback: remove untrusted client status, bda=c7:44:13:5b:41:8c
03-19 11:21:34.001 I/bluetooth( 672): system/bt/stack/gap/gap_ble.cc:298 client_connect_cback: No active GAP service found for peer:xx:xx:xx:xx:41:8c callback:Disconnected
03-19 11:21:34.001 I/bt_bta_gattc( 672): system/bt/bta/gatt/bta_gattc_act.cc:1115 bta_gattc_conn_cback: Disconnected att_id:3 transport:le reason:GATT_CONN_TERMINATE_PEER_USER
03-19 11:21:34.001 I/bt_bta_gattc( 672): system/bt/bta/gatt/bta_gattc_act.cc:1115 bta_gattc_conn_cback: Disconnected att_id:4 transport:le reason:GATT_CONN_TERMINATE_PEER_USER
03-19 11:21:34.001 I/bt_bta_gattc( 672): system/bt/bta/gatt/bta_gattc_act.cc:1115 bta_gattc_conn_cback: Disconnected att_id:5 transport:le reason:GATT_CONN_TERMINATE_PEER_USER
03-19 11:21:34.001 I/bt_bta_gattc( 672): system/bt/bta/gatt/bta_gattc_act.cc:1115 bta_gattc_conn_cback: Disconnected att_id:6 transport:le reason:GATT_CONN_TERMINATE_PEER_USER
03-19 11:21:34.001 I/btif_av ( 672): system/bt/btif/src/btif_av.cc:3352 btif_av_acl_disconnected: btif_av_acl_disconnected: Peer c7:44:13:5b:41:8c : ACL Disconnected
03-19 11:21:34.002 I/btif_av ( 672): system/bt/btif/src/btif_av.cc:1078 FindOrCreatePeer: BtifAvPeer *BtifAvSource::FindOrCreatePeer(const RawAddress &, tBTA_AV_HNDL): Create peer: peer_address=c7:44:13:5b:41:8c bta_handle=0x41 peer_id=0
03-19 11:21:34.002 I/btif_av ( 672): system/bt/btif/src/btif_av.cc:3279 btif_av_get_peer_sep: No active sink or source peer found
03-19 11:21:34.002 I/bt_btif_a2dp_source( 672): system/bt/btif/src/btif_a2dp_source.cc:691 btif_a2dp_source_on_idle: btif_a2dp_source_on_idle: state=STATE_OFF
03-19 11:21:34.002 I/btif_av ( 672): system/bt/btif/src/btif_av.cc:3279 btif_av_get_peer_sep: No active sink or source peer found
03-19 11:21:34.002 I/bt_btif_a2dp_source( 672): system/bt/btif/src/btif_a2dp_source.cc:691 btif_a2dp_source_on_idle: btif_a2dp_source_on_idle: state=STATE_OFF
03-19 11:21:34.002 I/btif_av ( 672): system/bt/btif/src/btif_av.cc:1123 DeleteIdlePeers: DeleteIdlePeers: Deleting idle peer: c7:44:13:5b:41:8c bta_handle=0x41
03-19 11:21:34.002 D/BluetoothGatt( 1047): onClientConnectionState() - status=0 clientIf=5 device=C7:44:13:5B:41:8C
03-19 11:21:34.002 D/BluetoothGatt( 1047): onClientConnectionState() - status=0 clientIf=6 device=C7:44:13:5B:41:8C
03-19 11:21:34.015 E/bond ( 2949): name=Dangbei,state=10,action=android.bluetooth.device.action.ACL_DISCONNECTED
03-19 11:21:34.015 I/dangbei111( 1047): cccccc on receiver=android.bluetooth.device.action.ACL_DISCONNECTED,mac=C7:44:13:5B:41:8C
03-19 11:21:34.213 W/IorapForwardingService( 487): No service published for: iorapd
03-19 11:21:34.233 I/bluetooth( 672): system/bt/stack/gatt/connection_manager.cc:185 on_connection_complete: Le connection completed to device:c7:44:13:5b:41:8c
03-19 11:21:34.233 I/bt_btm_ble( 672): system/bt/stack/btm/btm_ble.cc:1699 btm_ble_connected: Updating device record timestamp for existing ble connection
03-19 11:21:34.306 I/bt_stack( 672): [INFO:gatt_attr.cc(880)] gatt_sr_init_cl_status: bda=c7:44:13:5b:41:8c, cl_supp_feat=0000, aware=1
03-19 11:21:34.306 I/bluetooth( 672): system/bt/stack/gap/gap_ble.cc:298 client_connect_cback: No active GAP service found for peer:xx:xx:xx:xx:41:8c callback:Connected
03-19 11:21:34.306 I/bt_bta_gattc( 672): system/bt/bta/gatt/bta_gattc_act.cc:1110 bta_gattc_conn_cback: Connected att_id:3 transport:le reason:GATT_CONN_OK
03-19 11:21:34.306 I/bt_bta_gattc( 672): system/bt/bta/gatt/bta_gattc_act.cc:1110 bta_gattc_conn_cback: Connected att_id:4 transport:le reason:GATT_CONN_OK
03-19 11:21:34.306 I/bt_bta_gattc( 672): system/bt/bta/gatt/bta_gattc_act.cc:1110 bta_gattc_conn_cback: Connected att_id:5 transport:le reason:GATT_CONN_OK
03-19 11:21:34.306 I/bt_bta_gattc( 672): system/bt/bta/gatt/bta_gattc_act.cc:1110 bta_gattc_conn_cback: Connected att_id:6 transport:le reason:GATT_CONN_OK
03-19 11:21:34.306 I/bluetooth( 672): system/bt/stack/gatt/connection_manager.cc:185 on_connection_complete: Le connection completed to device:c7:44:13:5b:41:8c
03-19 11:21:34.306 I/bt_stack( 672): [INFO:eatt_impl.h(634)] connect device c7:44:13:5b:41:8c rolecentral
03-19 11:21:34.306 I/bt_btif_dm( 672): system/bt/btif/src/btif_dm.cc:497 btif_update_remote_version_property: Remote version info valid:true [xx:xx:xx:xx:41:8c]: 8, 50e, 8
03-19 11:21:34.315 E/bt_stack( 672): [ERROR:bta_gattc_cache.cc(940)] bta_gattc_cache_load: can't open GATT cache file /data/misc/bluetooth/gatt_cache_c744135b418c for reading, error: No such file or directory
03-19 11:21:34.316 I/bt_stack( 672): [INFO:hearing_aid.cc(1796)] GetDeviceCount: Not initialized yet
03-19 11:21:34.316 I/bt_stack( 672): [INFO:gatt_api.cc(708)] GATTC_Discover conn_id=0x0005, disc_type=1, s_handle=0x0001, e_handle=0xffff
03-19 11:21:34.323 D/BluetoothGatt( 1047): onClientConnectionState() - status=0 clientIf=5 device=C7:44:13:5B:41:8C
03-19 11:21:34.323 D/BluetoothGatt( 1047): discoverServices() - device: C7:44:13:5B:41:8C
03-19 11:21:34.325 D/BluetoothGatt( 1047): onClientConnectionState() - status=0 clientIf=6 device=C7:44:13:5B:41:8C
03-19 11:21:34.325 E/BluetoothPhonePolicy( 672): Received unexpected intent, action=android.bluetooth.device.action.ACL_CONNECTED
03-19 11:21:34.325 I/BluetoothPhonePolicy( 672): processDeviceConnected, device=C7:44:13:5B:41:8C
03-19 11:21:34.325 D/BluetoothDatabase( 672): setConnection: device=C7:44:13:5B:41:8C and isA2dpDevice=false
03-19 11:21:34.325 D/BluetoothDatabase( 672): Updating last connected time for device: C7:44:13:5B:41:8C to 211
03-19 11:21:34.325 D/BluetoothDatabase( 672): updateDatabase C7:44:13:5B:41:8C
03-19 11:21:34.326 D/BluetoothGatt( 1047): discoverServices() - device: C7:44:13:5B:41:8C
03-19 11:21:34.332 E/bond ( 2949): name=Dangbei,state=10,action=android.bluetooth.device.action.ACL_CONNECTED
03-19 11:21:34.333 I/dangbei111( 1047): cccccc on receiver=android.bluetooth.device.action.ACL_CONNECTED,mac=C7:44:13:5B:41:8C
03-19 11:21:34.333 I/dangbei111( 1047): cccccc 收到 ACTION_ACL_CONNECTED 的广播
03-19 11:21:34.333 E/dangbei111( 1047): 5s后准备进行遥控器ota信息检测
03-19 11:21:34.350 I/bt_stack( 672): [INFO:eatt_impl.h(578)] supported_features_cb c7:44:13:5b:41:8c is_eatt_supported = 0
03-19 11:21:34.416 E/WifiHAL ( 663): wifi_get_link_stats: requestResponse Error:-5
03-19 11:21:34.418 E/WifiVendorHal( 487): getWifiLinkLayerStats_1_5_Internal(l.1191) failed {.code = ERROR_INVALID_ARGS, .description = }
03-19 11:21:34.441 D/BluetoothGatt( 1047): onConnectionUpdated() - Device=C7:44:13:5B:41:8C interval=6 latency=0 timeout=200 status=0
03-19 11:21:34.441 D/BluetoothGatt( 1047): onConnectionUpdated() - Device=C7:44:13:5B:41:8C interval=6 latency=0 timeout=200 status=0
03-19 11:21:34.478 I/bt_stack( 672): [INFO:gatt_api.cc(708)] GATTC_Discover conn_id=0x0005, disc_type=3, s_handle=0x0001, e_handle=0x0009
03-19 11:21:34.493 I/bt_stack( 672): [INFO:gatt_api.cc(708)] GATTC_Discover conn_id=0x0005, disc_type=4, s_handle=0x0001, e_handle=0x0009
03-19 11:21:34.538 I/bt_stack( 672): [INFO:gatt_api.cc(708)] GATTC_Discover conn_id=0x0005, disc_type=3, s_handle=0x000a, e_handle=0x000d
03-19 11:21:34.554 I/bt_stack( 672): [INFO:gatt_api.cc(708)] GATTC_Discover conn_id=0x0005, disc_type=4, s_handle=0x000a, e_handle=0x000d
03-19 11:21:34.583 I/bt_stack( 672): [INFO:gatt_api.cc(708)] GATTC_Discover conn_id=0x0005, disc_type=5, s_handle=0x000d, e_handle=0x000d
03-19 11:21:34.599 I/bt_stack( 672): [INFO:gatt_api.cc(708)] GATTC_Discover conn_id=0x0005, disc_type=3, s_handle=0x000e, e_handle=0x0011
03-19 11:21:34.614 I/bt_stack( 672): [INFO:gatt_api.cc(708)] GATTC_Discover conn_id=0x0005, disc_type=4, s_handle=0x000e, e_handle=0x0011
03-19 11:21:34.644 I/bt_stack( 672): [INFO:gatt_api.cc(708)] GATTC_Discover conn_id=0x0005, disc_type=5, s_handle=0x0011, e_handle=0x0011
03-19 11:21:34.659 I/bt_stack( 672): [INFO:gatt_api.cc(708)] GATTC_Discover conn_id=0x0005, disc_type=3, s_handle=0x0012, e_handle=0x001e
03-19 11:21:34.674 I/bt_stack( 672): [INFO:gatt_api.cc(708)] GATTC_Discover conn_id=0x0005, disc_type=4, s_handle=0x0012, e_handle=0x001e
03-19 11:21:34.735 I/bt_stack( 672): [INFO:gatt_api.cc(708)] GATTC_Discover conn_id=0x0005, disc_type=3, s_handle=0x001f, e_handle=0x0042
03-19 11:21:34.749 I/bt_stack( 672): [INFO:gatt_api.cc(708)] GATTC_Discover conn_id=0x0005, disc_type=4, s_handle=0x001f, e_handle=0x0042
03-19 11:21:34.854 I/bt_stack( 672): [INFO:gatt_api.cc(708)] GATTC_Discover conn_id=0x0005, disc_type=5, s_handle=0x0024, e_handle=0x0024
03-19 11:21:34.870 I/bt_stack( 672): [INFO:gatt_api.cc(708)] GATTC_Discover conn_id=0x0005, disc_type=5, s_handle=0x0029, e_handle=0x0029
03-19 11:21:34.883 I/bt_stack( 672): [INFO:gatt_api.cc(708)] GATTC_Discover conn_id=0x0005, disc_type=5, s_handle=0x002e, e_handle=0x002e
03-19 11:21:34.899 I/bt_stack( 672): [INFO:gatt_api.cc(708)] GATTC_Discover conn_id=0x0005, disc_type=5, s_handle=0x0031, e_handle=0x0032
03-19 11:21:34.914 I/bt_stack( 672): [INFO:gatt_api.cc(708)] GATTC_Discover conn_id=0x0005, disc_type=5, s_handle=0x0035, e_handle=0x0036
03-19 11:21:34.928 I/bt_stack( 672): [INFO:gatt_api.cc(708)] GATTC_Discover conn_id=0x0005, disc_type=5, s_handle=0x0039, e_handle=0x003a
03-19 11:21:34.952 I/bt_stack( 672): [INFO:gatt_api.cc(708)] GATTC_Discover conn_id=0x0005, disc_type=5, s_handle=0x003d, e_handle=0x003d
03-19 11:21:34.966 I/bt_stack( 672): [INFO:gatt_api.cc(708)] GATTC_Discover conn_id=0x0005, disc_type=5, s_handle=0x0040, e_handle=0x0040
03-19 11:21:34.981 I/bt_stack( 672): [INFO:gatt_api.cc(708)] GATTC_Discover conn_id=0x0005, disc_type=3, s_handle=0x0043, e_handle=0x0051
03-19 11:21:34.991 E/dangbei111( 1047): cccccc 检测到网络 准备请求遥控器ota信息
03-19 11:21:34.991 W/ContextImpl( 1047): Calling a method in the system process without a qualified user: android.app.ContextImpl.sendBroadcast:1173 android.content.ContextWrapper.sendBroadcast:479 com.dangbei.remotecontroller.RemoteControllerReceiver.sendMessageToUpdateHelper:122 com.dangbei.remotecontroller.RemoteControllerReceiver.access$100:28 com.dangbei.remotecontroller.RemoteControllerReceiver$1.handleMessage:41
03-19 11:21:34.993 E/ActivityManager( 487): Sending non-protected broadcast com.dangbei.remote.connected from system 1047:com.dangbei.lerad.etna.haqu/1000 pkg com.dangbei.lerad.etna.haqu
03-19 11:21:34.993 E/ActivityManager( 487): java.lang.Throwable
03-19 11:21:34.993 E/ActivityManager( 487): at com.android.server.am.ActivityManagerService.checkBroadcastFromSystem(ActivityManagerService.java:12816)
03-19 11:21:34.993 E/ActivityManager( 487): at com.android.server.am.ActivityManagerService.broadcastIntentLocked(ActivityManagerService.java:13416)
03-19 11:21:34.993 E/ActivityManager( 487): at com.android.server.am.ActivityManagerService.broadcastIntentLocked(ActivityManagerService.java:12833)
03-19 11:21:34.993 E/ActivityManager( 487): at com.android.server.am.ActivityManagerService.broadcastIntentWithFeature(ActivityManagerService.java:13670)
03-19 11:21:34.993 E/ActivityManager( 487): at android.app.IActivityManager$Stub.onTransact(IActivityManager.java:2326)
03-19 11:21:34.993 E/ActivityManager( 487): at com.android.server.am.ActivityManagerService.onTransact(ActivityManagerService.java:2509)
03-19 11:21:34.993 E/ActivityManager( 487): at android.os.Binder.execTransactInternal(Binder.java:1179)
03-19 11:21:34.993 E/ActivityManager( 487): at android.os.Binder.execTransact(Binder.java:1143)
03-19 11:21:34.994 E/ActivityManager( 487): Sending non-protected broadcast com.dangbei.remote.connected from system 1047:com.dangbei.lerad.etna.haqu/1000 pkg com.dangbei.lerad.etna.haqu
03-19 11:21:34.994 E/ActivityManager( 487): java.lang.Throwable
03-19 11:21:34.994 E/ActivityManager( 487): at com.android.server.am.ActivityManagerService.checkBroadcastFromSystem(ActivityManagerService.java:12816)
03-19 11:21:34.994 E/ActivityManager( 487): at com.android.server.am.ActivityManagerService.broadcastIntentLocked(ActivityManagerService.java:13513)
03-19 11:21:34.994 E/ActivityManager( 487): at com.android.server.am.ActivityManagerService.broadcastIntentLocked(ActivityManagerService.java:12833)
03-19 11:21:34.994 E/ActivityManager( 487): at com.android.server.am.ActivityManagerService.broadcastIntentWithFeature(ActivityManagerService.java:13670)
03-19 11:21:34.994 E/ActivityManager( 487): at android.app.IActivityManager$Stub.onTransact(IActivityManager.java:2326)
03-19 11:21:34.994 E/ActivityManager( 487): at com.android.server.am.ActivityManagerService.onTransact(ActivityManagerService.java:2509)
03-19 11:21:34.994 E/ActivityManager( 487): at android.os.Binder.execTransactInternal(Binder.java:1179)
03-19 11:21:34.994 E/ActivityManager( 487): at android.os.Binder.execTransact(Binder.java:1143)
03-19 11:21:34.996 I/DropBoxManagerService( 487): add tag=system_server_wtf isTagEnabled=true flags=0x2
03-19 11:21:34.996 I/bt_stack( 672): [INFO:gatt_api.cc(708)] GATTC_Discover conn_id=0x0005, disc_type=4, s_handle=0x0043, e_handle=0x0051
03-19 11:21:35.003 E/dangbei111( 1047): 读出来的遥控器版本为空
03-19 11:21:35.004 I/DropBoxManagerService( 487): add tag=system_server_wtf isTagEnabled=true flags=0x2
03-19 11:21:35.011 E/dangbei111( 1047): cccccc 检查遥控器是否连接: Dangbei C9:B5:96:5C:E3:ED
03-19 11:21:35.014 E/dangbei111( 1047): cccccc 检查遥控器是否连接: 蓝牙的结果 Dangbei C9:B5:96:5C:E3:ED false
03-19 11:21:35.014 E/dangbei111( 1047): cccccc input中没有遥控器存在
03-19 11:21:35.014 E/dangbei111( 1047): cccccc 蓝牙状态连接 不是连接状态 啥都不干
03-19 11:21:35.016 E/dangbei111( 1047): cccccc 蓝牙状态连接 配对状态 啥都不做
03-19 11:21:35.016 E/dangbei111( 1047): cccccc 没有遥控器连接 不进行 getRCInfo return
03-19 11:21:35.056 I/bt_stack( 672): [INFO:gatt_api.cc(708)] GATTC_Discover conn_id=0x0005, disc_type=5, s_handle=0x0046, e_handle=0x0046
03-19 11:21:35.071 I/bt_stack( 672): [INFO:gatt_api.cc(708)] GATTC_Discover conn_id=0x0005, disc_type=5, s_handle=0x0049, e_handle=0x0049
03-19 11:21:35.086 I/bt_stack( 672): [INFO:gatt_api.cc(708)] GATTC_Discover conn_id=0x0005, disc_type=5, s_handle=0x004c, e_handle=0x004c
03-19 11:21:35.101 I/bt_stack( 672): [INFO:gatt_api.cc(708)] GATTC_Discover conn_id=0x0005, disc_type=5, s_handle=0x004f, e_handle=0x004f
03-19 11:21:35.116 I/bt_stack( 672): [INFO:bta_gattc_cache.cc(219)] bta_gattc_explore_srvc_finished: service discovery finished
03-19 11:21:35.127 I/bt_bta_gattc( 672): system/bt/bta/gatt/bta_gattc_cache.cc:902 bta_gattc_get_gatt_db: bta_gattc_get_gatt_db
03-19 11:21:35.129 I/bt_bta_gattc( 672): system/bt/bta/gatt/bta_gattc_cache.cc:902 bta_gattc_get_gatt_db: bta_gattc_get_gatt_db
03-19 11:21:35.129 D/BluetoothGatt( 1047): onSearchComplete() = Device=C7:44:13:5B:41:8C Status=0
03-19 11:21:35.131 D/BluetoothGatt( 1047): onSearchComplete() = Device=C7:44:13:5B:41:8C Status=0
03-19 11:21:35.162 E/dangbei111( 1047): battery level=100
03-19 11:21:35.184 D/BluetoothGatt( 1047): onConnectionUpdated() - Device=C7:44:13:5B:41:8C interval=12 latency=0 timeout=200 status=0
03-19 11:21:35.185 D/BluetoothGatt( 1047): onConnectionUpdated() - Device=C7:44:13:5B:41:8C interval=12 latency=0 timeout=200 status=0
03-19 11:21:35.214 W/IorapForwardingService( 487): No service published for: iorapd
03-19 11:21:36.197 I/bt_stack( 672): [INFO:hearing_aid.cc(1796)] GetDeviceCount: Not initialized yet
03-19 11:21:36.216 W/IorapForwardingService( 487): No service published for: iorapd
03-19 11:21:36.332 D/BluetoothGatt( 1047): onConnectionUpdated() - Device=C7:44:13:5B:41:8C interval=9 latency=79 timeout=300 status=0
03-19 11:21:36.332 D/BluetoothGatt( 1047): onConnectionUpdated() - Device=C7:44:13:5B:41:8C interval=9 latency=79 timeout=300 status=0
03-19 11:21:37.138 I/bt_stack( 672): [INFO:gatt_sr.cc(815)] MTU request PDU with MTU size 140
03-19 11:21:37.138 W/bt_stack( 672): [WARNING:gatt_utils.cc(790)] Call back not found for application conn_id=3
03-19 11:21:37.138 W/bt_stack( 672): [WARNING:gatt_utils.cc(790)] Call back not found for application conn_id=4
03-19 11:21:37.139 W/bt_stack( 672): [WARNING:gatt_utils.cc(790)] Call back not found for application conn_id=5
03-19 11:21:37.139 W/bt_stack( 672): [WARNING:gatt_utils.cc(790)] Call back not found for application conn_id=6
03-19 11:21:37.217 W/IorapForwardingService( 487): No service published for: iorapd
03-19 11:21:37.342 E/dangbei111( 1047): cccccc 检查遥控器是否连接: Dangbei C9:B5:96:5C:E3:ED
03-19 11:21:37.345 E/dangbei111( 1047): cccccc 检查遥控器是否连接: 蓝牙的结果 Dangbei C9:B5:96:5C:E3:ED false
03-19 11:21:37.345 E/dangbei111( 1047): cccccc input中没有遥控器存在
03-19 11:21:37.345 E/dangbei111( 1047): cccccc 蓝牙状态连接 不是连接状态 啥都不干
03-19 11:21:37.347 E/dangbei111( 1047): cccccc 蓝牙状态连接 配对状态 啥都不做
03-19 11:21:37.348 E/dangbei111( 1047): cccccc 没有遥控器连接 不进行 getRCInfo return
03-19 11:21:37.348 E/dangbei111( 1047): getBattery delay 0
03-19 11:21:37.352 E/dangbei111( 1047): 5mins后会再次获取电量
03-19 11:21:37.352 E/dangbei111( 1047): getBattery delay 300000
03-19 11:21:37.432 E/WifiHAL ( 663): wifi_get_link_stats: requestResponse Error:-5
03-19 11:21:37.434 E/WifiVendorHal( 487): getWifiLinkLayerStats_1_5_Internal(l.1191) failed {.code = ERROR_INVALID_ARGS, .description = }
03-19 11:21:37.674 W/hdr10p_Configure( 363): 130 callbacks suppressed
03-19 11:21:37.674 I/ ( 363): DVI mode selected: packets not configured
03-19 11:21:37.674 W/set_vsif_config( 363): 130 callbacks suppressed
03-19 11:21:37.674 I/ ( 363): Error: set vsif failed
03-19 11:21:37.674 I/ ( 363): DVI mode selected: packets not configured
03-19 11:21:37.674 I/ ( 363): Error: set vsif failed
03-19 11:21:37.700 I/ ( 363): DVI mode selected: packets not configured
03-19 11:21:37.700 I/ ( 363): Error: set vsif failed
03-19 11:21:37.700 I/ ( 363): DVI mode selected: packets not configured
03-19 11:21:37.700 I/ ( 363): Error: set vsif failed
03-19 11:21:37.725 I/ ( 363): DVI mode selected: packets not configured
03-19 11:21:37.725 I/ ( 363): Error: set vsif failed
03-19 11:21:37.725 I/ ( 363): DVI mode selected: packets not configured
03-19 11:21:37.725 I/ ( 363): Error: set vsif failed
03-19 11:21:37.749 I/ ( 363): DVI mode selected: packets not configured
03-19 11:21:37.749 I/ ( 363): Error: set vsif failed
03-19 11:21:37.749 I/ ( 363): DVI mode selected: packets not configured
03-19 11:21:37.749 I/ ( 363): Error: set vsif failed
03-19 11:21:37.760 I/ ( 363): DVI mode selected: packets not configured
03-19 11:21:37.760 I/ ( 363): Error: set vsif failed
03-19 11:21:37.760 I/ ( 363): DVI mode selected: packets not configured
03-19 11:21:37.760 I/ ( 363): Error: set vsif failed
03-19 11:21:38.222 W/IorapForwardingService( 487): No service published for: iorapd
03-19 11:21:39.223 W/IorapForwardingService( 487): No service published for: iorapd
03-19 11:21:39.335 E/dangbei111( 1047): cccccc 检测到网络 准备请求遥控器ota信息
03-19 11:21:39.336 W/ContextImpl( 1047): Calling a method in the system process without a qualified user: android.app.ContextImpl.sendBroadcast:1173 android.content.ContextWrapper.sendBroadcast:479 com.dangbei.remotecontroller.RemoteControllerReceiver.sendMessageToUpdateHelper:122 com.dangbei.remotecontroller.RemoteControllerReceiver.access$100:28 com.dangbei.remotecontroller.RemoteControllerReceiver$1.handleMessage:41
03-19 11:21:39.338 E/ActivityManager( 487): Sending non-protected broadcast com.dangbei.remote.connected from system 1047:com.dangbei.lerad.etna.haqu/1000 pkg com.dangbei.lerad.etna.haqu
03-19 11:21:39.338 E/ActivityManager( 487): java.lang.Throwable
03-19 11:21:39.338 E/ActivityManager( 487): at com.android.server.am.ActivityManagerService.checkBroadcastFromSystem(ActivityManagerService.java:12816)
03-19 11:21:39.338 E/ActivityManager( 487): at com.android.server.am.ActivityManagerService.broadcastIntentLocked(ActivityManagerService.java:13416)
03-19 11:21:39.338 E/ActivityManager( 487): at com.android.server.am.ActivityManagerService.broadcastIntentLocked(ActivityManagerService.java:12833)
03-19 11:21:39.338 E/ActivityManager( 487): at com.android.server.am.ActivityManagerService.broadcastIntentWithFeature(ActivityManagerService.java:13670)
03-19 11:21:39.338 E/ActivityManager( 487): at android.app.IActivityManager$Stub.onTransact(IActivityManager.java:2326)
03-19 11:21:39.338 E/ActivityManager( 487): at com.android.server.am.ActivityManagerService.onTransact(ActivityManagerService.java:2509)
03-19 11:21:39.338 E/ActivityManager( 487): at android.os.Binder.execTransactInternal(Binder.java:1179)
03-19 11:21:39.338 E/ActivityManager( 487): at android.os.Binder.execTransact(Binder.java:1143)
03-19 11:21:39.340 E/ActivityManager( 487): Sending non-protected broadcast com.dangbei.remote.connected from system 1047:com.dangbei.lerad.etna.haqu/1000 pkg com.dangbei.lerad.etna.haqu
03-19 11:21:39.340 E/ActivityManager( 487): java.lang.Throwable
03-19 11:21:39.340 E/ActivityManager( 487): at com.android.server.am.ActivityManagerService.checkBroadcastFromSystem(ActivityManagerService.java:12816)
03-19 11:21:39.340 E/ActivityManager( 487): at com.android.server.am.ActivityManagerService.broadcastIntentLocked(ActivityManagerService.java:13513)
03-19 11:21:39.340 E/ActivityManager( 487): at com.android.server.am.ActivityManagerService.broadcastIntentLocked(ActivityManagerService.java:12833)
03-19 11:21:39.340 E/ActivityManager( 487): at com.android.server.am.ActivityManagerService.broadcastIntentWithFeature(ActivityManagerService.java:13670)
03-19 11:21:39.340 E/ActivityManager( 487): at android.app.IActivityManager$Stub.onTransact(IActivityManager.java:2326)
03-19 11:21:39.340 E/ActivityManager( 487): at com.android.server.am.ActivityManagerService.onTransact(ActivityManagerService.java:2509)
03-19 11:21:39.340 E/ActivityManager( 487): at android.os.Binder.execTransactInternal(Binder.java:1179)
03-19 11:21:39.340 E/ActivityManager( 487): at android.os.Binder.execTransact(Binder.java:1143)
03-19 11:21:39.342 I/DropBoxManagerService( 487): add tag=system_server_wtf isTagEnabled=true flags=0x2
03-19 11:21:39.346 I/DropBoxManagerService( 487): add tag=system_server_wtf isTagEnabled=true flags=0x2
03-19 11:21:39.347 E/dangbei111( 1047): 读出来的遥控器版本为空
03-19 11:21:39.353 E/dangbei111( 1047): cccccc 检查遥控器是否连接: Dangbei C9:B5:96:5C:E3:ED
03-19 11:21:39.356 E/dangbei111( 1047): cccccc 检查遥控器是否连接: 蓝牙的结果 Dangbei C9:B5:96:5C:E3:ED false
03-19 11:21:39.356 E/dangbei111( 1047): cccccc input中没有遥控器存在
03-19 11:21:39.356 E/dangbei111( 1047): cccccc 蓝牙状态连接 不是连接状态 啥都不干
03-19 11:21:39.358 E/dangbei111( 1047): cccccc 蓝牙状态连接 配对状态 啥都不做
03-19 11:21:39.358 E/dangbei111( 1047): cccccc 没有遥控器连接 不进行 getRCInfo return
03-19 11:21:39.420 I/WifiService( 487): startScan uid=1000
03-19 11:21:39.423 E/ccc ( 2949): cccccc i will start scan
03-19 11:21:39.631 I/BLEAudioDrive_HV410( 248): select timeout!
03-19 11:21:40.003 D/bbb ( 1203): onStartCommand begin !!!!!!! data分区剩余 24948MB
03-19 11:21:40.007 D/aaa ( 7639): LedStatusService onStartCommand begin
03-19 11:21:40.009 D/aaa ( 7639): topPkg is -------------- :com.dangbei.haqusetting
03-19 11:21:40.161 E/bt_upio ( 249): upio_set : /proc/bluetooth/sleep/btwrite(-1) incorrent
03-19 11:21:40.225 W/IorapForwardingService( 487): No service published for: iorapd
03-19 11:21:40.446 E/WifiHAL ( 663): wifi_get_link_stats: requestResponse Error:-5
03-19 11:21:40.447 E/WifiVendorHal( 487): getWifiLinkLayerStats_1_5_Internal(l.1191) failed {.code = ERROR_INVALID_ARGS, .description = }
03-19 11:21:40.730 W/ZramWriteback( 487): Writeback device is not set
03-19 11:21:40.730 D/ZramWriteback( 487): wait to flush
03-19 11:21:41.227 W/IorapForwardingService( 487): No service published for: iorapd
03-19 11:21:41.257 D/WifiNl80211Manager( 487): Scan result ready event
03-19 11:21:41.258 D/WifiNative( 487): Scan result ready event
03-19 11:21:41.304 E/ccc ( 2949): cccccc SCAN_RESULTS_AVAILABLE_ACTION hhhh
03-19 11:21:41.304 E/hq ( 1119): NetWorkStateReceiver:::NetWorkStateReceiver onReceive: 网络变化广播 >>>> intent.action=android.net.wifi.SCAN_RESULTS
03-19 11:21:41.307 D/PasspointManager( 487): ANQP entry not found for: f8:14:fe:4f:93:01:
03-19 11:21:41.313 E/WifiHAL ( 663): wifi_get_link_stats: requestResponse Error:-5
03-19 11:21:41.314 E/WifiVendorHal( 487): getWifiLinkLayerStats_1_5_Internal(l.1191) failed {.code = ERROR_INVALID_ARGS, .description = }
03-19 11:21:41.330 W/eventbuscore( 1119): post Event:com.dangbei.leard.base.entity.event.NetWifiRssiEvent
03-19 11:21:41.338 E/ccc ( 2949): cccccc result is not empty call back
03-19 11:21:41.338 E/ccc ( 2949): cccccc 666666666666666
03-19 11:21:41.346 I/bt_stack( 672): [INFO:btsnoop.cc(338)] clear_l2cap_allowlist: Clearing acceptlist from l2cap channel. conn_handle=16 cid=4:4
03-19 11:21:41.346 I/bt_stack( 672): [INFO:gatt_attr.cc(338)] gatt_connect_cback: remove untrusted client status, bda=c7:44:13:5b:41:8c
03-19 11:21:41.346 I/bluetooth( 672): system/bt/stack/gap/gap_ble.cc:298 client_connect_cback: No active GAP service found for peer:xx:xx:xx:xx:41:8c callback:Disconnected
03-19 11:21:41.347 I/bt_bta_gattc( 672): system/bt/bta/gatt/bta_gattc_act.cc:1115 bta_gattc_conn_cback: Disconnected att_id:3 transport:le reason:GATT_CONN_TIMEOUT
03-19 11:21:41.347 I/bt_bta_gattc( 672): system/bt/bta/gatt/bta_gattc_act.cc:1115 bta_gattc_conn_cback: Disconnected att_id:4 transport:le reason:GATT_CONN_TIMEOUT
03-19 11:21:41.347 I/bt_bta_gattc( 672): system/bt/bta/gatt/bta_gattc_act.cc:1115 bta_gattc_conn_cback: Disconnected att_id:5 transport:le reason:GATT_CONN_TIMEOUT
03-19 11:21:41.347 I/bt_bta_gattc( 672): system/bt/bta/gatt/bta_gattc_act.cc:1115 bta_gattc_conn_cback: Disconnected att_id:6 transport:le reason:GATT_CONN_TIMEOUT
03-19 11:21:41.347 W/bt_btm_sec( 672): system/bt/stack/btm/btm_sec.cc:3685 btm_sec_disconnected: Got uncommon disconnection reason:Connection Timeout handle:0x0010
03-19 11:21:41.347 I/btif_av ( 672): system/bt/btif/src/btif_av.cc:3352 btif_av_acl_disconnected: btif_av_acl_disconnected: Peer c7:44:13:5b:41:8c : ACL Disconnected
03-19 11:21:41.347 I/btif_av ( 672): system/bt/btif/src/btif_av.cc:1078 FindOrCreatePeer: BtifAvPeer *BtifAvSource::FindOrCreatePeer(const RawAddress &, tBTA_AV_HNDL): Create peer: peer_address=c7:44:13:5b:41:8c bta_handle=0x41 peer_id=0
03-19 11:21:41.348 I/btif_av ( 672): system/bt/btif/src/btif_av.cc:3279 btif_av_get_peer_sep: No active sink or source peer found
03-19 11:21:41.348 E/bt_upio ( 249): upio_set : /proc/bluetooth/sleep/btwrite(-1) incorrent
03-19 11:21:41.348 I/bt_btif_a2dp_source( 672): system/bt/btif/src/btif_a2dp_source.cc:691 btif_a2dp_source_on_idle: btif_a2dp_source_on_idle: state=STATE_OFF
03-19 11:21:41.348 I/btif_av ( 672): system/bt/btif/src/btif_av.cc:3279 btif_av_get_peer_sep: No active sink or source peer found
03-19 11:21:41.348 I/bt_btif_a2dp_source( 672): system/bt/btif/src/btif_a2dp_source.cc:691 btif_a2dp_source_on_idle: btif_a2dp_source_on_idle: state=STATE_OFF
03-19 11:21:41.348 I/btif_av ( 672): system/bt/btif/src/btif_av.cc:1123 DeleteIdlePeers: DeleteIdlePeers: Deleting idle peer: c7:44:13:5b:41:8c bta_handle=0x41
03-19 11:21:41.349 D/BluetoothGatt( 1047): onClientConnectionState() - status=0 clientIf=5 device=C7:44:13:5B:41:8C
03-19 11:21:41.349 D/BluetoothGatt( 1047): onClientConnectionState() - status=0 clientIf=6 device=C7:44:13:5B:41:8C
03-19 11:21:41.357 E/ccc ( 2949): cccccc sort 2 43
03-19 11:21:41.366 I/dangbei111( 1047): cccccc on receiver=android.bluetooth.device.action.ACL_DISCONNECTED,mac=C7:44:13:5B:41:8C
03-19 11:21:41.367 E/bond ( 2949): name=Dangbei,state=10,action=android.bluetooth.device.action.ACL_DISCONNECTED
03-19 11:21:41.659 I/bluetooth( 672): system/bt/stack/gatt/connection_manager.cc:185 on_connection_complete: Le connection completed to device:c7:44:13:5b:41:8c
03-19 11:21:41.659 I/bt_btm_ble( 672): system/bt/stack/btm/btm_ble.cc:1699 btm_ble_connected: Updating device record timestamp for existing ble connection
03-19 11:21:41.732 I/bt_stack( 672): [INFO:gatt_attr.cc(880)] gatt_sr_init_cl_status: bda=c7:44:13:5b:41:8c, cl_supp_feat=0000, aware=1
03-19 11:21:41.732 I/bluetooth( 672): system/bt/stack/gap/gap_ble.cc:298 client_connect_cback: No active GAP service found for peer:xx:xx:xx:xx:41:8c callback:Connected
03-19 11:21:41.732 I/bt_bta_gattc( 672): system/bt/bta/gatt/bta_gattc_act.cc:1110 bta_gattc_conn_cback: Connected att_id:3 transport:le reason:GATT_CONN_OK
03-19 11:21:41.732 I/bt_bta_gattc( 672): system/bt/bta/gatt/bta_gattc_act.cc:1110 bta_gattc_conn_cback: Connected att_id:4 transport:le reason:GATT_CONN_OK
03-19 11:21:41.732 I/bt_bta_gattc( 672): system/bt/bta/gatt/bta_gattc_act.cc:1110 bta_gattc_conn_cback: Connected att_id:5 transport:le reason:GATT_CONN_OK
03-19 11:21:41.732 I/bt_bta_gattc( 672): system/bt/bta/gatt/bta_gattc_act.cc:1110 bta_gattc_conn_cback: Connected att_id:6 transport:le reason:GATT_CONN_OK
03-19 11:21:41.732 I/bluetooth( 672): system/bt/stack/gatt/connection_manager.cc:185 on_connection_complete: Le connection completed to device:c7:44:13:5b:41:8c
03-19 11:21:41.732 I/bt_stack( 672): [INFO:eatt_impl.h(634)] connect device c7:44:13:5b:41:8c rolecentral
03-19 11:21:41.732 I/bt_btif_dm( 672): system/bt/btif/src/btif_dm.cc:497 btif_update_remote_version_property: Remote version info valid:true [xx:xx:xx:xx:41:8c]: 8, 50e, 8
03-19 11:21:41.742 E/bt_stack( 672): [ERROR:bta_gattc_cache.cc(940)] bta_gattc_cache_load: can't open GATT cache file /data/misc/bluetooth/gatt_cache_c744135b418c for reading, error: No such file or directory
03-19 11:21:41.742 I/bt_stack( 672): [INFO:hearing_aid.cc(1796)] GetDeviceCount: Not initialized yet
03-19 11:21:41.742 I/bt_stack( 672): [INFO:gatt_api.cc(708)] GATTC_Discover conn_id=0x0005, disc_type=1, s_handle=0x0001, e_handle=0xffff
03-19 11:21:41.748 D/BluetoothGatt( 1047): onClientConnectionState() - status=0 clientIf=5 device=C7:44:13:5B:41:8C
03-19 11:21:41.749 D/BluetoothGatt( 1047): discoverServices() - device: C7:44:13:5B:41:8C
03-19 11:21:41.749 D/BluetoothGatt( 1047): onClientConnectionState() - status=0 clientIf=6 device=C7:44:13:5B:41:8C
03-19 11:21:41.749 D/BluetoothGatt( 1047): discoverServices() - device: C7:44:13:5B:41:8C
03-19 11:21:41.752 E/BluetoothPhonePolicy( 672): Received unexpected intent, action=android.bluetooth.device.action.ACL_CONNECTED
03-19 11:21:41.752 I/BluetoothPhonePolicy( 672): processDeviceConnected, device=C7:44:13:5B:41:8C
03-19 11:21:41.752 D/BluetoothDatabase( 672): setConnection: device=C7:44:13:5B:41:8C and isA2dpDevice=false
03-19 11:21:41.752 D/BluetoothDatabase( 672): Updating last connected time for device: C7:44:13:5B:41:8C to 212
03-19 11:21:41.752 D/BluetoothDatabase( 672): updateDatabase C7:44:13:5B:41:8C
03-19 11:21:41.756 E/bond ( 2949): name=Dangbei,state=10,action=android.bluetooth.device.action.ACL_CONNECTED
03-19 11:21:41.756 I/dangbei111( 1047): cccccc on receiver=android.bluetooth.device.action.ACL_CONNECTED,mac=C7:44:13:5B:41:8C
03-19 11:21:41.756 I/dangbei111( 1047): cccccc 收到 ACTION_ACL_CONNECTED 的广播
03-19 11:21:41.756 E/dangbei111( 1047): 5s后准备进行遥控器ota信息检测
03-19 11:21:41.777 I/bt_stack( 672): [INFO:eatt_impl.h(578)] supported_features_cb c7:44:13:5b:41:8c is_eatt_supported = 0
03-19 11:21:41.867 D/BluetoothGatt( 1047): onConnectionUpdated() - Device=C7:44:13:5B:41:8C interval=6 latency=0 timeout=200 status=0
03-19 11:21:41.867 D/BluetoothGatt( 1047): onConnectionUpdated() - Device=C7:44:13:5B:41:8C interval=6 latency=0 timeout=200 status=0
03-19 11:21:41.903 I/bt_stack( 672): [INFO:gatt_api.cc(708)] GATTC_Discover conn_id=0x0005, disc_type=3, s_handle=0x0001, e_handle=0x0009
03-19 11:21:41.918 I/bt_stack( 672): [INFO:gatt_api.cc(708)] GATTC_Discover conn_id=0x0005, disc_type=4, s_handle=0x0001, e_handle=0x0009
03-19 11:21:41.963 I/bt_stack( 672): [INFO:gatt_api.cc(708)] GATTC_Discover conn_id=0x0005, disc_type=3, s_handle=0x000a, e_handle=0x000d
03-19 11:21:41.979 I/bt_stack( 672): [INFO:gatt_api.cc(708)] GATTC_Discover conn_id=0x0005, disc_type=4, s_handle=0x000a, e_handle=0x000d
03-19 11:21:42.008 I/bt_stack( 672): [INFO:gatt_api.cc(708)] GATTC_Discover conn_id=0x0005, disc_type=5, s_handle=0x000d, e_handle=0x000d
03-19 11:21:42.023 I/bt_stack( 672): [INFO:gatt_api.cc(708)] GATTC_Discover conn_id=0x0005, disc_type=3, s_handle=0x000e, e_handle=0x0011
03-19 11:21:42.038 I/bt_stack( 672): [INFO:gatt_api.cc(708)] GATTC_Discover conn_id=0x0005, disc_type=4, s_handle=0x000e, e_handle=0x0011
03-19 11:21:42.068 I/bt_stack( 672): [INFO:gatt_api.cc(708)] GATTC_Discover conn_id=0x0005, disc_type=5, s_handle=0x0011, e_handle=0x0011
03-19 11:21:42.083 I/bt_stack( 672): [INFO:gatt_api.cc(708)] GATTC_Discover conn_id=0x0005, disc_type=3, s_handle=0x0012, e_handle=0x001e
03-19 11:21:42.098 I/bt_stack( 672): [INFO:gatt_api.cc(708)] GATTC_Discover conn_id=0x0005, disc_type=4, s_handle=0x0012, e_handle=0x001e
03-19 11:21:42.159 I/bt_stack( 672): [INFO:gatt_api.cc(708)] GATTC_Discover conn_id=0x0005, disc_type=3, s_handle=0x001f, e_handle=0x0042
03-19 11:21:42.173 I/bt_stack( 672): [INFO:gatt_api.cc(708)] GATTC_Discover conn_id=0x0005, disc_type=4, s_handle=0x001f, e_handle=0x0042
03-19 11:21:42.228 W/IorapForwardingService( 487): No service published for: iorapd
03-19 11:21:42.278 I/bt_stack( 672): [INFO:gatt_api.cc(708)] GATTC_Discover conn_id=0x0005, disc_type=5, s_handle=0x0024, e_handle=0x0024
03-19 11:21:42.293 I/bt_stack( 672): [INFO:gatt_api.cc(708)] GATTC_Discover conn_id=0x0005, disc_type=5, s_handle=0x0029, e_handle=0x0029
03-19 11:21:42.308 I/bt_stack( 672): [INFO:gatt_api.cc(708)] GATTC_Discover conn_id=0x0005, disc_type=5, s_handle=0x002e, e_handle=0x002e
03-19 11:21:42.323 I/bt_stack( 672): [INFO:gatt_api.cc(708)] GATTC_Discover conn_id=0x0005, disc_type=5, s_handle=0x0031, e_handle=0x0032
03-19 11:21:42.338 I/bt_stack( 672): [INFO:gatt_api.cc(708)] GATTC_Discover conn_id=0x0005, disc_type=5, s_handle=0x0035, e_handle=0x0036
03-19 11:21:42.353 I/bt_stack( 672): [INFO:gatt_api.cc(708)] GATTC_Discover conn_id=0x0005, disc_type=5, s_handle=0x0039, e_handle=0x003a
03-19 11:21:42.368 I/bt_stack( 672): [INFO:gatt_api.cc(708)] GATTC_Discover conn_id=0x0005, disc_type=5, s_handle=0x003d, e_handle=0x003d
03-19 11:21:42.383 I/bt_stack( 672): [INFO:gatt_api.cc(708)] GATTC_Discover conn_id=0x0005, disc_type=5, s_handle=0x0040, e_handle=0x0040
03-19 11:21:42.398 I/bt_stack( 672): [INFO:gatt_api.cc(708)] GATTC_Discover conn_id=0x0005, disc_type=3, s_handle=0x0043, e_handle=0x0051
03-19 11:21:42.413 I/bt_stack( 672): [INFO:gatt_api.cc(708)] GATTC_Discover conn_id=0x0005, disc_type=4, s_handle=0x0043, e_handle=0x0051
03-19 11:21:42.473 I/bt_stack( 672): [INFO:gatt_api.cc(708)] GATTC_Discover conn_id=0x0005, disc_type=5, s_handle=0x0046, e_handle=0x0046
03-19 11:21:42.488 I/bt_stack( 672): [INFO:gatt_api.cc(708)] GATTC_Discover conn_id=0x0005, disc_type=5, s_handle=0x0049, e_handle=0x0049
03-19 11:21:42.503 I/bt_stack( 672): [INFO:gatt_api.cc(708)] GATTC_Discover conn_id=0x0005, disc_type=5, s_handle=0x004c, e_handle=0x004c
03-19 11:21:42.518 I/bt_stack( 672): [INFO:gatt_api.cc(708)] GATTC_Discover conn_id=0x0005, disc_type=5, s_handle=0x004f, e_handle=0x004f
03-19 11:21:42.533 I/bt_stack( 672): [INFO:bta_gattc_cache.cc(219)] bta_gattc_explore_srvc_finished: service discovery finished
03-19 11:21:42.535 I/bt_bta_gattc( 672): system/bt/bta/gatt/bta_gattc_cache.cc:902 bta_gattc_get_gatt_db: bta_gattc_get_gatt_db
03-19 11:21:42.537 I/bt_bta_gattc( 672): system/bt/bta/gatt/bta_gattc_cache.cc:902 bta_gattc_get_gatt_db: bta_gattc_get_gatt_db
03-19 11:21:42.538 D/BluetoothGatt( 1047): onSearchComplete() = Device=C7:44:13:5B:41:8C Status=0
03-19 11:21:42.539 D/BluetoothGatt( 1047): onSearchComplete() = Device=C7:44:13:5B:41:8C Status=0
03-19 11:21:42.572 E/dangbei111( 1047): battery level=100
03-19 11:21:42.601 D/BluetoothGatt( 1047): onConnectionUpdated() - Device=C7:44:13:5B:41:8C interval=12 latency=0 timeout=200 status=0
03-19 11:21:42.602 D/BluetoothGatt( 1047): onConnectionUpdated() - Device=C7:44:13:5B:41:8C interval=12 latency=0 timeout=200 status=0
03-19 11:21:42.728 W/bt_btm ( 672): system/bt/main/bte_logmsg.cc:194 LogMsg: btm_sec_pairing_timeout not processed state: IDLE
03-19 11:21:43.230 W/IorapForwardingService( 487): No service published for: iorapd
03-19 11:21:43.461 E/WifiHAL ( 663): wifi_get_link_stats: requestResponse Error:-5
03-19 11:21:43.462 E/WifiVendorHal( 487): getWifiLinkLayerStats_1_5_Internal(l.1191) failed {.code = ERROR_INVALID_ARGS, .description = }
03-19 11:21:43.636 I/bt_stack( 672): [INFO:hearing_aid.cc(1796)] GetDeviceCount: Not initialized yet
03-19 11:21:43.684 W/hdr10p_Configure( 363): 132 callbacks suppressed
03-19 11:21:43.684 I/ ( 363): DVI mode selected: packets not configured
03-19 11:21:43.684 W/set_vsif_config( 363): 132 callbacks suppressed
03-19 11:21:43.684 I/ ( 363): Error: set vsif failed
03-19 11:21:43.684 I/ ( 363): DVI mode selected: packets not configured
03-19 11:21:43.684 I/ ( 363): Error: set vsif failed
03-19 11:21:43.710 I/ ( 363): DVI mode selected: packets not configured
03-19 11:21:43.710 I/ ( 363): Error: set vsif failed
03-19 11:21:43.710 I/ ( 363): DVI mode selected: packets not configured
03-19 11:21:43.710 I/ ( 363): Error: set vsif failed
03-19 11:21:43.735 I/ ( 363): DVI mode selected: packets not configured
03-19 11:21:43.735 I/ ( 363): Error: set vsif failed
03-19 11:21:43.735 I/ ( 363): DVI mode selected: packets not configured
03-19 11:21:43.735 I/ ( 363): Error: set vsif failed
03-19 11:21:43.760 I/ ( 363): DVI mode selected: packets not configured
03-19 11:21:43.760 I/ ( 363): Error: set vsif failed
03-19 11:21:43.760 I/ ( 363): DVI mode selected: packets not configured
03-19 11:21:43.760 I/ ( 363): Error: set vsif failed
03-19 11:21:43.777 I/ ( 363): DVI mode selected: packets not configured
03-19 11:21:43.777 I/ ( 363): Error: set vsif failed
03-19 11:21:43.777 I/ ( 363): DVI mode selected: packets not configured
03-19 11:21:43.777 I/ ( 363): Error: set vsif failed
03-19 11:21:43.773 D/BluetoothGatt( 1047): onConnectionUpdated() - Device=C7:44:13:5B:41:8C interval=9 latency=79 timeout=300 status=0
03-19 11:21:43.773 D/BluetoothGatt( 1047): onConnectionUpdated() - Device=C7:44:13:5B:41:8C interval=9 latency=79 timeout=300 status=0
03-19 11:21:44.179 D/hdmi-cec( 261): receive invalid cec message!
03-19 11:21:44.179 D/hdmi-cec( 261): receive poll message [04], skip!
03-19 11:21:44.232 W/IorapForwardingService( 487): No service published for: iorapd
03-19 11:21:44.518 I/bt_stack( 672): [INFO:gatt_sr.cc(815)] MTU request PDU with MTU size 140
03-19 11:21:44.518 W/bt_stack( 672): [WARNING:gatt_utils.cc(790)] Call back not found for application conn_id=3
03-19 11:21:44.519 W/bt_stack( 672): [WARNING:gatt_utils.cc(790)] Call back not found for application conn_id=4
03-19 11:21:44.519 W/bt_stack( 672): [WARNING:gatt_utils.cc(790)] Call back not found for application conn_id=5
03-19 11:21:44.519 W/bt_stack( 672): [WARNING:gatt_utils.cc(790)] Call back not found for application conn_id=6
03-19 11:21:44.762 E/dangbei111( 1047): cccccc 检查遥控器是否连接: Dangbei C9:B5:96:5C:E3:ED
03-19 11:21:44.766 E/dangbei111( 1047): cccccc 检查遥控器是否连接: 蓝牙的结果 Dangbei C9:B5:96:5C:E3:ED false
03-19 11:21:44.766 E/dangbei111( 1047): cccccc input中没有遥控器存在
03-19 11:21:44.766 E/dangbei111( 1047): cccccc 蓝牙状态连接 不是连接状态 啥都不干
03-19 11:21:44.769 E/dangbei111( 1047): cccccc 蓝牙状态连接 配对状态 啥都不做
03-19 11:21:44.769 E/dangbei111( 1047): cccccc 没有遥控器连接 不进行 getRCInfo return
03-19 11:21:44.769 E/dangbei111( 1047): getBattery delay 0
03-19 11:21:44.774 E/dangbei111( 1047): 5mins后会再次获取电量
03-19 11:21:44.774 E/dangbei111( 1047): getBattery delay 300000
03-19 11:21:45.235 W/IorapForwardingService( 487): No service published for: iorapd
03-19 11:21:45.575 I/bt_stack( 672): [INFO:btsnoop.cc(338)] clear_l2cap_allowlist: Clearing acceptlist from l2cap channel. conn_handle=16 cid=4:4
03-19 11:21:45.576 I/bt_stack( 672): [INFO:gatt_attr.cc(338)] gatt_connect_cback: remove untrusted client status, bda=c7:44:13:5b:41:8c
03-19 11:21:45.576 I/bluetooth( 672): system/bt/stack/gap/gap_ble.cc:298 client_connect_cback: No active GAP service found for peer:xx:xx:xx:xx:41:8c callback:Disconnected
03-19 11:21:45.576 I/bt_bta_gattc( 672): system/bt/bta/gatt/bta_gattc_act.cc:1115 bta_gattc_conn_cback: Disconnected att_id:3 transport:le reason:GATT_CONN_TERMINATE_PEER_USER
03-19 11:21:45.576 I/bt_bta_gattc( 672): system/bt/bta/gatt/bta_gattc_act.cc:1115 bta_gattc_conn_cback: Disconnected att_id:4 transport:le reason:GATT_CONN_TERMINATE_PEER_USER
03-19 11:21:45.576 I/bt_bta_gattc( 672): system/bt/bta/gatt/bta_gattc_act.cc:1115 bta_gattc_conn_cback: Disconnected att_id:5 transport:le reason:GATT_CONN_TERMINATE_PEER_USER
03-19 11:21:45.576 I/bt_bta_gattc( 672): system/bt/bta/gatt/bta_gattc_act.cc:1115 bta_gattc_conn_cback: Disconnected att_id:6 transport:le reason:GATT_CONN_TERMINATE_PEER_USER
03-19 11:21:45.577 I/btif_av ( 672): system/bt/btif/src/btif_av.cc:3352 btif_av_acl_disconnected: btif_av_acl_disconnected: Peer c7:44:13:5b:41:8c : ACL Disconnected
03-19 11:21:45.577 I/btif_av ( 672): system/bt/btif/src/btif_av.cc:1078 FindOrCreatePeer: BtifAvPeer *BtifAvSource::FindOrCreatePeer(const RawAddress &, tBTA_AV_HNDL): Create peer: peer_address=c7:44:13:5b:41:8c bta_handle=0x41 peer_id=0
03-19 11:21:45.577 I/btif_av ( 672): system/bt/btif/src/btif_av.cc:3279 btif_av_get_peer_sep: No active sink or source peer found
03-19 11:21:45.577 I/bt_btif_a2dp_source( 672): system/bt/btif/src/btif_a2dp_source.cc:691 btif_a2dp_source_on_idle: btif_a2dp_source_on_idle: state=STATE_OFF
03-19 11:21:45.577 I/btif_av ( 672): system/bt/btif/src/btif_av.cc:3279 btif_av_get_peer_sep: No active sink or source peer found
03-19 11:21:45.577 I/bt_btif_a2dp_source( 672): system/bt/btif/src/btif_a2dp_source.cc:691 btif_a2dp_source_on_idle: btif_a2dp_source_on_idle: state=STATE_OFF
03-19 11:21:45.577 I/btif_av ( 672): system/bt/btif/src/btif_av.cc:1123 DeleteIdlePeers: DeleteIdlePeers: Deleting idle peer: c7:44:13:5b:41:8c bta_handle=0x41
03-19 11:21:45.578 D/BluetoothGatt( 1047): onClientConnectionState() - status=0 clientIf=5 device=C7:44:13:5B:41:8C
03-19 11:21:45.578 D/BluetoothGatt( 1047): onClientConnectionState() - status=0 clientIf=6 device=C7:44:13:5B:41:8C
03-19 11:21:45.591 E/bond ( 2949): name=Dangbei,state=10,action=android.bluetooth.device.action.ACL_DISCONNECTED
03-19 11:21:45.592 I/dangbei111( 1047): cccccc on receiver=android.bluetooth.device.action.ACL_DISCONNECTED,mac=C7:44:13:5B:41:8C
03-19 11:21:46.238 W/IorapForwardingService( 487): No service published for: iorapd
03-19 11:21:46.474 E/WifiHAL ( 663): wifi_get_link_stats: requestResponse Error:-5
03-19 11:21:46.476 E/WifiVendorHal( 487): getWifiLinkLayerStats_1_5_Internal(l.1191) failed {.code = ERROR_INVALID_ARGS, .description = }
03-19 11:21:46.607 I/bluetooth( 672): system/bt/stack/gatt/connection_manager.cc:185 on_connection_complete: Le connection completed to device:c7:44:13:5b:41:8c
03-19 11:21:46.607 I/bt_btm_ble( 672): system/bt/stack/btm/btm_ble.cc:1699 btm_ble_connected: Updating device record timestamp for existing ble connection
03-19 11:21:46.682 I/bt_stack( 672): [INFO:gatt_attr.cc(880)] gatt_sr_init_cl_status: bda=c7:44:13:5b:41:8c, cl_supp_feat=0000, aware=1
03-19 11:21:46.682 I/bluetooth( 672): system/bt/stack/gap/gap_ble.cc:298 client_connect_cback: No active GAP service found for peer:xx:xx:xx:xx:41:8c callback:Connected
03-19 11:21:46.682 I/bt_bta_gattc( 672): system/bt/bta/gatt/bta_gattc_act.cc:1110 bta_gattc_conn_cback: Connected att_id:3 transport:le reason:GATT_CONN_OK
03-19 11:21:46.682 I/bt_bta_gattc( 672): system/bt/bta/gatt/bta_gattc_act.cc:1110 bta_gattc_conn_cback: Connected att_id:4 transport:le reason:GATT_CONN_OK
03-19 11:21:46.682 I/bt_bta_gattc( 672): system/bt/bta/gatt/bta_gattc_act.cc:1110 bta_gattc_conn_cback: Connected att_id:5 transport:le reason:GATT_CONN_OK
03-19 11:21:46.682 I/bt_bta_gattc( 672): system/bt/bta/gatt/bta_gattc_act.cc:1110 bta_gattc_conn_cback: Connected att_id:6 transport:le reason:GATT_CONN_OK
03-19 11:21:46.682 I/bluetooth( 672): system/bt/stack/gatt/connection_manager.cc:185 on_connection_complete: Le connection completed to device:c7:44:13:5b:41:8c
03-19 11:21:46.682 I/bt_stack( 672): [INFO:eatt_impl.h(634)] connect device c7:44:13:5b:41:8c rolecentral
03-19 11:21:46.682 I/bt_btif_dm( 672): system/bt/btif/src/btif_dm.cc:497 btif_update_remote_version_property: Remote version info valid:true [xx:xx:xx:xx:41:8c]: 8, 50e, 8
03-19 11:21:46.690 E/bt_stack( 672): [ERROR:bta_gattc_cache.cc(940)] bta_gattc_cache_load: can't open GATT cache file /data/misc/bluetooth/gatt_cache_c744135b418c for reading, error: No such file or directory
03-19 11:21:46.690 I/bt_stack( 672): [INFO:hearing_aid.cc(1796)] GetDeviceCount: Not initialized yet
03-19 11:21:46.690 I/bt_stack( 672): [INFO:gatt_api.cc(708)] GATTC_Discover conn_id=0x0005, disc_type=1, s_handle=0x0001, e_handle=0xffff
03-19 11:21:46.703 D/BluetoothGatt( 1047): onClientConnectionState() - status=0 clientIf=5 device=C7:44:13:5B:41:8C
03-19 11:21:46.703 D/BluetoothGatt( 1047): discoverServices() - device: C7:44:13:5B:41:8C
03-19 11:21:46.706 E/BluetoothPhonePolicy( 672): Received unexpected intent, action=android.bluetooth.device.action.ACL_CONNECTED
03-19 11:21:46.707 I/BluetoothPhonePolicy( 672): processDeviceConnected, device=C7:44:13:5B:41:8C
03-19 11:21:46.707 D/BluetoothDatabase( 672): setConnection: device=C7:44:13:5B:41:8C and isA2dpDevice=false
03-19 11:21:46.707 D/BluetoothDatabase( 672): Updating last connected time for device: C7:44:13:5B:41:8C to 213
03-19 11:21:46.707 D/BluetoothDatabase( 672): updateDatabase C7:44:13:5B:41:8C
03-19 11:21:46.707 D/BluetoothGatt( 1047): onClientConnectionState() - status=0 clientIf=6 device=C7:44:13:5B:41:8C
03-19 11:21:46.707 D/BluetoothGatt( 1047): discoverServices() - device: C7:44:13:5B:41:8C
03-19 11:21:46.712 E/bond ( 2949): name=Dangbei,state=10,action=android.bluetooth.device.action.ACL_CONNECTED
03-19 11:21:46.716 I/dangbei111( 1047): cccccc on receiver=android.bluetooth.device.action.ACL_CONNECTED,mac=C7:44:13:5B:41:8C
03-19 11:21:46.716 I/dangbei111( 1047): cccccc 收到 ACTION_ACL_CONNECTED 的广播
03-19 11:21:46.716 E/dangbei111( 1047): 5s后准备进行遥控器ota信息检测
03-19 11:21:46.726 I/bt_stack( 672): [INFO:eatt_impl.h(578)] supported_features_cb c7:44:13:5b:41:8c is_eatt_supported = 0
03-19 11:21:46.758 E/dangbei111( 1047): cccccc 检测到网络 准备请求遥控器ota信息
03-19 11:21:46.759 W/ContextImpl( 1047): Calling a method in the system process without a qualified user: android.app.ContextImpl.sendBroadcast:1173 android.content.ContextWrapper.sendBroadcast:479 com.dangbei.remotecontroller.RemoteControllerReceiver.sendMessageToUpdateHelper:122 com.dangbei.remotecontroller.RemoteControllerReceiver.access$100:28 com.dangbei.remotecontroller.RemoteControllerReceiver$1.handleMessage:41
03-19 11:21:46.760 E/ActivityManager( 487): Sending non-protected broadcast com.dangbei.remote.connected from system 1047:com.dangbei.lerad.etna.haqu/1000 pkg com.dangbei.lerad.etna.haqu
03-19 11:21:46.760 E/ActivityManager( 487): java.lang.Throwable
03-19 11:21:46.760 E/ActivityManager( 487): at com.android.server.am.ActivityManagerService.checkBroadcastFromSystem(ActivityManagerService.java:12816)
03-19 11:21:46.760 E/ActivityManager( 487): at com.android.server.am.ActivityManagerService.broadcastIntentLocked(ActivityManagerService.java:13416)
03-19 11:21:46.760 E/ActivityManager( 487): at com.android.server.am.ActivityManagerService.broadcastIntentLocked(ActivityManagerService.java:12833)
03-19 11:21:46.760 E/ActivityManager( 487): at com.android.server.am.ActivityManagerService.broadcastIntentWithFeature(ActivityManagerService.java:13670)
