03-19 11:22:31.261 I/bt_btif_dm( 672): system/bt/btif/src/btif_dm.cc:384 get_cod: get_cod remote_cod = 0x00001f00
03-19 11:22:31.261 E/bt_btif ( 672): system/bt/main/bte_logmsg.cc:191 LogMsg: btif_hh_virtual_unplug: Error, device c7:44:13:5b:41:8c not opened, status = 5
03-19 11:22:31.262 I/bt_stack( 672): [INFO:btif_hh.cc(428)] btif_hh_remove_device: bda = c7:44:13:5b:41:8c
03-19 11:22:31.263 I/bt_btif_storage( 672): system/bt/btif/src/btif_storage.cc:839 btif_storage_remove_bonded_device: Removing bonded device addr:c7:44:13:5b:41:8c
03-19 11:22:31.263 I/bt_btif_storage( 672): system/bt/btif/src/btif_storage.cc:1138 btif_storage_remove_ble_bonding_keys: Removing bonding keys for bd addr:c7:44:13:5b:41:8c
03-19 11:22:31.272 I/BluetoothBondStateMachine( 672): Entering PendingCommandState State
03-19 11:22:31.273 I/bt_btif_config( 672): system/bt/btif/src/btif_config.cc:137 btif_get_device_type: Device [c7:44:13:5b:41:8c] device type 2
03-19 11:22:31.274 I/bt_btif_dm( 672): system/bt/btif/src/btif_dm.cc:384 get_cod: get_cod remote_cod = 0x00001f00
03-19 11:22:31.274 I/bt_btif_dm( 672): system/bt/btif/src/btif_dm.cc:451 bond_state_changed: Bond state changed to state=0 [0:none, 1:bonding, 2:bonded], prev_state=0, sdp_attempts = 0
03-19 11:22:31.274 I/bt_btif_config( 672): system/bt/btif/src/btif_config.cc:137 btif_get_device_type: Device [c7:44:13:5b:41:8c] device type 2
03-19 11:22:31.274 I/bt_stack( 672): [INFO:gatt_api.cc(1231)] GATT_CancelConnect: gatt_if:0, address: c7:44:13:5b:41:8c, direct:0
03-19 11:22:31.275 E/bt_stack( 672): [ERROR:bta_gattc_api.cc(729)] BTA_GATTC_DeregisterForNotifications registration not found bd_addr=c7:44:13:5b:41:8c
03-19 11:22:31.275 E/bt_stack( 672): [ERROR:bta_gattc_api.cc(729)] BTA_GATTC_DeregisterForNotifications registration not found bd_addr=c7:44:13:5b:41:8c
03-19 11:22:31.275 E/bt_stack( 672): [ERROR:bta_gattc_api.cc(729)] BTA_GATTC_DeregisterForNotifications registration not found bd_addr=c7:44:13:5b:41:8c
03-19 11:22:31.275 E/bt_stack( 672): [ERROR:bta_gattc_api.cc(729)] BTA_GATTC_DeregisterForNotifications registration not found bd_addr=c7:44:13:5b:41:8c
03-19 11:22:31.275 E/bt_stack( 672): [ERROR:bta_gattc_api.cc(729)] BTA_GATTC_DeregisterForNotifications registration not found bd_addr=c7:44:13:5b:41:8c
03-19 11:22:31.275 I/bt_bta_sys_main( 672): system/bt/bta/sys/bta_sys_main.cc:99 bta_sys_event: Ignoring receipt of unregistered event id:HID Human interface device
03-19 11:22:31.276 E/bt_stack( 672): [ERROR:bta_gattc_utils.cc(441)] bta_gattc_mark_bg_conn unable to find the bg connection mask for bd_addr=c7:44:13:5b:41:8c
03-19 11:22:31.276 W/BluetoothHidHostService( 672): no state change: 0
03-19 11:22:31.278 D/BluetoothGatt( 1047): discoverServices() - device: C7:44:13:5B:41:8C
03-19 11:22:31.279 E/BtGatt.GattService( 672): discoverServices() - No connection for C7:44:13:5B:41:8C...
03-19 11:22:31.279 E/dangbei111( 1047): getBattery delay 0
03-19 11:22:31.285 I/BluetoothBondStateMachine( 672): bondStateChangeCallback: Status: 0 Address: C7:44:13:5B:41:8C newState: 0
03-19 11:22:31.286 D/BluetoothGatt( 1047): discoverServices() - device: C7:44:13:5B:41:8C
03-19 11:22:31.288 E/BtGatt.GattService( 672): discoverServices() - No connection for C7:44:13:5B:41:8C...
03-19 11:22:31.288 E/dangbei111( 1047): 5mins后会再次获取电量
03-19 11:22:31.288 E/dangbei111( 1047): getBattery delay 300000
03-19 11:22:31.290 D/AdapterProperties( 672): Removing bonded device:C7:44:13:5B:41:8C
03-19 11:22:31.290 I/bt_btif_config( 672): system/bt/btif/src/btif_config.cc:137 btif_get_device_type: Device [c7:44:13:5b:41:8c] device type 2
03-19 11:22:31.292 I/bt_btif_config( 672): system/bt/btif/src/btif_config.cc:137 btif_get_device_type: Device [c7:44:13:5b:41:8c] device type 2
03-19 11:22:31.297 I/BluetoothBondStateMachine( 672): Bond State Change Intent:C7:44:13:5B:41:8C BOND_BONDED => BOND_NONE
03-19 11:22:31.301 W/HeadsetClientService( 672): getHeadsetClientService(): service is null
03-19 11:22:31.302 I/dangbei111( 1047): cccccc on receiver=android.bluetooth.device.action.BOND_STATE_CHANGED,mac=C7:44:13:5B:41:8C
03-19 11:22:31.302 W/PbapClientService( 672): getPbapClientService(): service is null
03-19 11:22:31.302 W/BroadcastQueue( 487): Background execution not allowed: receiving Intent { act=android.bluetooth.device.action.BOND_STATE_CHANGED flg=0x10 (has extras) } to com.dangbei.lerad.etna.haqu/com.dangbei.remotecontroller.RemoteControllerReceiver
03-19 11:22:31.302 I/dangbei111( 1047): Wait for auto connection, processBondStateChange: bondState: 12 --> 10 C7:44:13:5B:41:8C
03-19 11:22:31.303 D/BluetoothDatabase( 672): updateDatabase C7:44:13:5B:41:8C
03-19 11:22:31.303 D/A2dpService( 672): Saved connectionPolicy C7:44:13:5B:41:8C = -1
03-19 11:22:31.303 V/BluetoothDatabase( 672): setProfileConnectionPolicy connection policy not changed.
03-19 11:22:31.304 I/HeadsetService( 672): setConnectionPolicy: device=C7:44:13:5B:41:8C, connectionPolicy=-1, uid/pid=1002/672
03-19 11:22:31.304 V/BluetoothDatabase( 672): setProfileConnectionPolicy connection policy not changed.
03-19 11:22:31.306 I/BluetoothBondStateMachine( 672): StableState(): Entering Off State
03-19 11:22:31.306 D/A2dpService( 672): Bond state changed for device: C7:44:13:5B:41:8C state: 10
03-19 11:22:31.308 E/bond ( 2949): name=Dangbei,state=10,action=android.bluetooth.device.action.BOND_STATE_CHANGED
03-19 11:22:31.311 D/BluetoothDatabase( 672): getCustomMeta: device C7:44:13:5B:41:8C is not in cache
03-19 11:22:31.312 D/BluetoothDatabase( 672): getCustomMeta: device C7:44:13:5B:41:8C is not in cache
03-19 11:22:31.313 W/BluetoothEventManager( 679): showUnbondMessage: Not displaying any message for reason: 9
03-19 11:22:31.335 W/IorapForwardingService( 487): No service published for: iorapd
03-19 11:22:31.360 I/ ( 363): DVI mode selected: packets not configured
03-19 11:22:31.360 I/ ( 363): Error: set vsif failed
03-19 11:22:31.360 I/ ( 363): DVI mode selected: packets not configured
03-19 11:22:31.360 I/ ( 363): Error: set vsif failed
03-19 11:22:31.674 E/WifiHAL ( 663): wifi_get_link_stats: requestResponse Error:-5
03-19 11:22:31.675 E/WifiVendorHal( 487): getWifiLinkLayerStats_1_5_Internal(l.1191) failed {.code = ERROR_INVALID_ARGS, .description = }
03-19 11:22:31.765 I/ ( 363): DVI mode selected: packets not configured
03-19 11:22:31.766 I/ ( 363): Error: set vsif failed
03-19 11:22:31.766 I/ ( 363): DVI mode selected: packets not configured
03-19 11:22:31.766 I/ ( 363): Error: set vsif failed
03-19 11:22:31.792 I/ ( 363): DVI mode selected: packets not configured
03-19 11:22:31.792 I/ ( 363): Error: set vsif failed
03-19 11:22:31.792 I/ ( 363): DVI mode selected: packets not configured
03-19 11:22:31.792 I/ ( 363): Error: set vsif failed
03-19 11:22:31.817 I/ ( 363): DVI mode selected: packets not configured
03-19 11:22:31.817 I/ ( 363): Error: set vsif failed
03-19 11:22:31.817 I/ ( 363): DVI mode selected: packets not configured
03-19 11:22:31.817 I/ ( 363): Error: set vsif failed
03-19 11:22:32.338 W/IorapForwardingService( 487): No service published for: iorapd
03-19 11:22:33.235 E/dangbei111( 1047): cccccc 检测到网络 准备请求遥控器ota信息
03-19 11:22:33.236 W/ContextImpl( 1047): Calling a method in the system process without a qualified user: android.app.ContextImpl.sendBroadcast:1173 android.content.ContextWrapper.sendBroadcast:479 com.dangbei.remotecontroller.RemoteControllerReceiver.sendMessageToUpdateHelper:122 com.dangbei.remotecontroller.RemoteControllerReceiver.access$100:28 com.dangbei.remotecontroller.RemoteControllerReceiver$1.handleMessage:41
03-19 11:22:33.238 E/ActivityManager( 487): Sending non-protected broadcast com.dangbei.remote.connected from system 1047:com.dangbei.lerad.etna.haqu/1000 pkg com.dangbei.lerad.etna.haqu
03-19 11:22:33.238 E/ActivityManager( 487): java.lang.Throwable
03-19 11:22:33.238 E/ActivityManager( 487): at com.android.server.am.ActivityManagerService.checkBroadcastFromSystem(ActivityManagerService.java:12816)
03-19 11:22:33.238 E/ActivityManager( 487): at com.android.server.am.ActivityManagerService.broadcastIntentLocked(ActivityManagerService.java:13416)
03-19 11:22:33.238 E/ActivityManager( 487): at com.android.server.am.ActivityManagerService.broadcastIntentLocked(ActivityManagerService.java:12833)
03-19 11:22:33.238 E/ActivityManager( 487): at com.android.server.am.ActivityManagerService.broadcastIntentWithFeature(ActivityManagerService.java:13670)
03-19 11:22:33.238 E/ActivityManager( 487): at android.app.IActivityManager$Stub.onTransact(IActivityManager.java:2326)
03-19 11:22:33.238 E/ActivityManager( 487): at com.android.server.am.ActivityManagerService.onTransact(ActivityManagerService.java:2509)
03-19 11:22:33.238 E/ActivityManager( 487): at android.os.Binder.execTransactInternal(Binder.java:1179)
03-19 11:22:33.238 E/ActivityManager( 487): at android.os.Binder.execTransact(Binder.java:1143)
03-19 11:22:33.240 E/ActivityManager( 487): Sending non-protected broadcast com.dangbei.remote.connected from system 1047:com.dangbei.lerad.etna.haqu/1000 pkg com.dangbei.lerad.etna.haqu
03-19 11:22:33.240 E/ActivityManager( 487): java.lang.Throwable
03-19 11:22:33.240 E/ActivityManager( 487): at com.android.server.am.ActivityManagerService.checkBroadcastFromSystem(ActivityManagerService.java:12816)
03-19 11:22:33.240 E/ActivityManager( 487): at com.android.server.am.ActivityManagerService.broadcastIntentLocked(ActivityManagerService.java:13513)
03-19 11:22:33.240 E/ActivityManager( 487): at com.android.server.am.ActivityManagerService.broadcastIntentLocked(ActivityManagerService.java:12833)
03-19 11:22:33.240 E/ActivityManager( 487): at com.android.server.am.ActivityManagerService.broadcastIntentWithFeature(ActivityManagerService.java:13670)
03-19 11:22:33.240 E/ActivityManager( 487): at android.app.IActivityManager$Stub.onTransact(IActivityManager.java:2326)
03-19 11:22:33.240 E/ActivityManager( 487): at com.android.server.am.ActivityManagerService.onTransact(ActivityManagerService.java:2509)
03-19 11:22:33.240 E/ActivityManager( 487): at android.os.Binder.execTransactInternal(Binder.java:1179)
03-19 11:22:33.240 E/ActivityManager( 487): at android.os.Binder.execTransact(Binder.java:1143)
03-19 11:22:33.241 I/DropBoxManagerService( 487): add tag=system_server_wtf isTagEnabled=true flags=0x2
03-19 11:22:33.245 I/DropBoxManagerService( 487): add tag=system_server_wtf isTagEnabled=true flags=0x2
03-19 11:22:33.247 E/dangbei111( 1047): 读出来的遥控器版本不是空 CSH251028
03-19 11:22:33.248 E/dangbei111( 1047): cccccc requestRemoteInfoInner factory BK version CSH251028
03-19 11:22:33.268 I/okhttp.OkHttpClient( 1047): --> POST http://tymsgapi.qun7.com/v1/core/ykota (622-byte body)
03-19 11:22:33.337 I/okhttp.OkHttpClient( 1047): <-- 200 OK http://tymsgapi.qun7.com/v1/core/ykota (69ms, unknown-length body)
03-19 11:22:33.340 W/IorapForwardingService( 487): No service published for: iorapd
03-19 11:22:33.342 E/dangbei111( 1047): cccccc requestRemoteInfoInner BaseResponse{message='success', data=null, code=0}
03-19 11:22:33.342 W/System.err( 1047): java.lang.NullPointerException: Attempt to invoke virtual method 'java.lang.String com.etna.haqu.model.business.bean.db.remote.RemoteUpdateBean.getDownloadId()' on a null object reference
03-19 11:22:33.343 W/System.err( 1047): at com.dangbei.etna.update.remote.RemoteUpdateHelper$requestRemoteInfoInner$1$2.invoke(RemoteUpdateHelper.kt:199)
03-19 11:22:33.343 W/System.err( 1047): at com.dangbei.etna.update.remote.RemoteUpdateHelper$requestRemoteInfoInner$1$2.invoke(RemoteUpdateHelper.kt:188)
03-19 11:22:33.343 W/System.err( 1047): at com.etna.haqu.support.ext.FlowExtKt$safeCollect$3.emit(FlowExt.kt:52)
03-19 11:22:33.343 W/System.err( 1047): at kotlinx.coroutines.flow.FlowKt__ErrorsKt$catchImpl$2.emit(Errors.kt:158)
03-19 11:22:33.343 W/System.err( 1047): at kotlinx.coroutines.flow.FlowKt__ChannelsKt.emitAllImpl$FlowKt__ChannelsKt(Channels.kt:62)
03-19 11:22:33.343 W/System.err( 1047): at kotlinx.coroutines.flow.FlowKt__ChannelsKt.access$emitAllImpl$FlowKt__ChannelsKt(Channels.kt:1)
03-19 11:22:33.343 W/System.err( 1047): at kotlinx.coroutines.flow.FlowKt__ChannelsKt$emitAllImpl$1.invokeSuspend(Unknown Source:14)
03-19 11:22:33.343 W/System.err( 1047): at kotlin.coroutines.jvm.internal.BaseContinuationImpl.resumeWith(ContinuationImpl.kt:33)
03-19 11:22:33.343 W/System.err( 1047): at kotlinx.coroutines.DispatchedTask.run(DispatchedTask.kt:106)
03-19 11:22:33.343 W/System.err( 1047): at android.os.Handler.handleCallback(Handler.java:938)
03-19 11:22:33.344 W/System.err( 1047): at android.os.Handler.dispatchMessage(Handler.java:99)
03-19 11:22:33.344 W/System.err( 1047): at android.os.Looper.loopOnce(Looper.java:201)
03-19 11:22:33.344 W/System.err( 1047): at android.os.Looper.loop(Looper.java:288)
03-19 11:22:33.344 W/System.err( 1047): at android.app.ActivityThread.main(ActivityThread.java:7854)
03-19 11:22:33.344 W/System.err( 1047): at java.lang.reflect.Method.invoke(Native Method)
03-19 11:22:33.344 W/System.err( 1047): at com.android.internal.os.RuntimeInit$MethodAndArgsCaller.run(RuntimeInit.java:548)
03-19 11:22:33.344 W/System.err( 1047): at com.android.internal.os.ZygoteInit.main(ZygoteInit.java:1182)
03-19 11:22:33.347 E/ccc ( 2949): cccccc notifyUpdateChanged {"code":1,"data":{"hasUpdate":false,"what":2,"why":-1},"message":"更新状态变化"}
03-19 11:22:33.349 E/ccc ( 2949): cccccc EtnaSendUpdateStatusChangeBean.remoteUpdateChanged
03-19 11:22:33.349 E/ccc ( 2949): cccccc event HomeActivity REMOTE_UPDATE_STATUS_CHANGED
03-19 11:22:33.349 E/ccc ( 1047): cccccc updateHelper 通知更新
03-19 11:22:33.349 E/dangbei111( 1047): cccccc requestRemoteInfoInner 出现异常 Attempt to invoke virtual method 'java.lang.String com.etna.haqu.model.business.bean.db.remote.RemoteUpdateBean.getDownloadId()' on a null object reference
03-19 11:22:34.294 E/bt_upio ( 249): upio_set : /proc/bluetooth/sleep/btwrite(-1) incorrent
03-19 11:22:34.309 E/dangbei111( 1047): cccccc 准备开始进行 startScanInner
03-19 11:22:34.310 E/dangbei111( 1047): cccccc 真正开始进入扫描流程啦
03-19 11:22:34.314 E/dangbei111( 1047): cccccc 检查遥控器是否连接: Dangbei C9:B5:96:5C:E3:ED
03-19 11:22:34.316 E/dangbei111( 1047): cccccc 检查遥控器是否连接: 蓝牙的结果 Dangbei C9:B5:96:5C:E3:ED true
03-19 11:22:34.317 E/dangbei111( 1047): cccccc 确实有遥控器 存在 取消check任务
03-19 11:22:34.317 E/dangbei111( 1047): cccccc 确实有遥控器 存在 重置beeGatt
03-19 11:22:34.317 E/dangbei111( 1047): cccccc 尝试 stopBleScan
03-19 11:22:34.319 D/BluetoothAdapter( 1047): isLeEnabled(): ON
03-19 11:22:34.319 D/BluetoothLeScanner( 1047): could not find callback wrapper
03-19 11:22:34.319 E/dangbei111( 1047): cccccc stopBleScanInner null
03-19 11:22:34.319 E/dangbei111( 1047): cccccc rc is connected, stop scan =C9:B5:96:5C:E3:ED
03-19 11:22:34.319 E/dangbei111( 1047): cccccc 遥控器有连接 不做 scan
03-19 11:22:34.319 E/dangbei111( 1047): 开始扫描 com.dangbei.remotecontroller.RCHelper$3@55ad1b0
03-19 11:22:34.320 D/BluetoothAdapter( 1047): isLeEnabled(): ON
03-19 11:22:34.323 I/bluetooth( 672): system/bt/stack/gatt/gatt_api.cc:1019 GATT_Register: Allocated name:GattClient uuid:82838716-ccc3-d565-a993-7cd569ec8c2f gatt_if:8 eatt_support:0
03-19 11:22:34.323 I/bt_bta_gattc( 672): system/bt/bta/gatt/bta_gattc_act.cc:1110 bta_gattc_conn_cback: Connected att_id:8 transport:le reason:GATT_CONN_OK
03-19 11:22:34.323 D/BluetoothLeScanner( 1047): onScannerRegistered() - status=0 scannerId=8 mScannerId=0
03-19 11:22:34.329 E/bt_upio ( 249): upio_set : /proc/bluetooth/sleep/btwrite(-1) incorrent
03-19 11:22:34.341 W/IorapForwardingService( 487): No service published for: iorapd
03-19 11:22:34.687 E/WifiHAL ( 663): wifi_get_link_stats: requestResponse Error:-5
03-19 11:22:34.689 E/WifiVendorHal( 487): getWifiLinkLayerStats_1_5_Internal(l.1191) failed {.code = ERROR_INVALID_ARGS, .description = }
03-19 11:22:35.344 W/IorapForwardingService( 487): No service published for: iorapd
03-19 11:22:36.256 I/bt_stack( 672): [INFO:btsnoop.cc(338)] clear_l2cap_allowlist: Clearing acceptlist from l2cap channel. conn_handle=16 cid=4:4
03-19 11:22:36.257 I/bluetooth( 672): system/bt/stack/gap/gap_ble.cc:298 client_connect_cback: No active GAP service found for peer:xx:xx:xx:xx:e3:ed callback:Disconnected
03-19 11:22:36.257 I/bt_bta_gattc( 672): system/bt/bta/gatt/bta_gattc_act.cc:1115 bta_gattc_conn_cback: Disconnected att_id:3 transport:le reason:GATT_CONN_TIMEOUT
03-19 11:22:36.257 I/bt_bta_gattc( 672): system/bt/bta/gatt/bta_gattc_act.cc:1115 bta_gattc_conn_cback: Disconnected att_id:4 transport:le reason:GATT_CONN_TIMEOUT
03-19 11:22:36.257 I/bt_bta_gattc( 672): system/bt/bta/gatt/bta_gattc_act.cc:1115 bta_gattc_conn_cback: Disconnected att_id:5 transport:le reason:GATT_CONN_TIMEOUT
03-19 11:22:36.257 I/bt_bta_gattc( 672): system/bt/bta/gatt/bta_gattc_act.cc:1115 bta_gattc_conn_cback: Disconnected att_id:6 transport:le reason:GATT_CONN_TIMEOUT
03-19 11:22:36.257 I/bt_bta_gattc( 672): system/bt/bta/gatt/bta_gattc_act.cc:1115 bta_gattc_conn_cback: Disconnected att_id:8 transport:le reason:GATT_CONN_TIMEOUT
03-19 11:22:36.257 W/bt_btm_sec( 672): system/bt/stack/btm/btm_sec.cc:3685 btm_sec_disconnected: Got uncommon disconnection reason:Connection Timeout handle:0x0010
03-19 11:22:36.257 I/btif_av ( 672): system/bt/btif/src/btif_av.cc:3352 btif_av_acl_disconnected: btif_av_acl_disconnected: Peer c9:b5:96:5c:e3:ed : ACL Disconnected
03-19 11:22:36.257 E/bt_stack( 672): [ERROR:bta_gattc_api.cc(729)] BTA_GATTC_DeregisterForNotifications registration not found bd_addr=c9:b5:96:5c:e3:ed
03-19 11:22:36.257 E/bt_stack( 672): [ERROR:bta_gattc_api.cc(729)] BTA_GATTC_DeregisterForNotifications registration not found bd_addr=c9:b5:96:5c:e3:ed
03-19 11:22:36.257 W/bt_btif ( 672): system/bt/main/bte_logmsg.cc:194 LogMsg: bta_hh_co_close: dev_handle = 32, app_id = 255
03-19 11:22:36.257 W/bt_btif ( 672): system/bt/main/bte_logmsg.cc:194 LogMsg: bta_hh_co_close: Found an existing device with the same handle dev_status = 0, dev_handle =32
03-19 11:22:36.257 I/btif_av ( 672): system/bt/btif/src/btif_av.cc:1078 FindOrCreatePeer: BtifAvPeer *BtifAvSource::FindOrCreatePeer(const RawAddress &, tBTA_AV_HNDL): Create peer: peer_address=c9:b5:96:5c:e3:ed bta_handle=0x41 peer_id=0
03-19 11:22:36.258 I/btif_av ( 672): system/bt/btif/src/btif_av.cc:3279 btif_av_get_peer_sep: No active sink or source peer found
03-19 11:22:36.258 I/bt_btif_a2dp_source( 672): system/bt/btif/src/btif_a2dp_source.cc:691 btif_a2dp_source_on_idle: btif_a2dp_source_on_idle: state=STATE_OFF
03-19 11:22:36.258 I/btif_av ( 672): system/bt/btif/src/btif_av.cc:3279 btif_av_get_peer_sep: No active sink or source peer found
03-19 11:22:36.258 I/bt_btif_a2dp_source( 672): system/bt/btif/src/btif_a2dp_source.cc:691 btif_a2dp_source_on_idle: btif_a2dp_source_on_idle: state=STATE_OFF
03-19 11:22:36.258 I/btif_av ( 672): system/bt/btif/src/btif_av.cc:1123 DeleteIdlePeers: DeleteIdlePeers: Deleting idle peer: c9:b5:96:5c:e3:ed bta_handle=0x41
03-19 11:22:36.268 D/XM_HIDREAD( 318): remove@ remove@/devices/virtual/misc/uhid/0005:1D5A:C081.008C/input/input417/input417::numlock
03-19 11:22:36.269 D/XM_HIDREAD( 318): remove@ remove@/devices/virtual/misc/uhid/0005:1D5A:C081.008C/input/input417/input417::capslock
03-19 11:22:36.270 D/XM_HIDREAD( 318): remove@ remove@/devices/virtual/misc/uhid/0005:1D5A:C081.008C/input/input417/input417::scrolllock
03-19 11:22:36.273 E/bond ( 2949): name=Dangbei,state=12,action=android.bluetooth.device.action.ACL_DISCONNECTED
03-19 11:22:36.273 D/aaa ( 7639): LedStatusService onStartCommand begin
03-19 11:22:36.274 I/dangbei111( 1047): cccccc on receiver=android.bluetooth.device.action.ACL_DISCONNECTED,mac=C9:B5:96:5C:E3:ED
03-19 11:22:36.276 D/XM_HIDREAD( 318): remove@ remove@/devices/virtual/misc/uhid/0005:1D5A:C081.008C/input/input417/input417::compose
03-19 11:22:36.279 D/bbb ( 1203): onStartCommand begin !!!!!!! data分区剩余 24948MB
03-19 11:22:36.279 D/aaa ( 7639): topPkg is -------------- :com.dangbei.haqusetting
03-19 11:22:36.280 D/XM_HIDREAD( 318): remove@ remove@/devices/virtual/misc/uhid/0005:1D5A:C081.008C/input/input417/input417::kana
03-19 11:22:36.310 D/XM_HIDREAD( 318): remove@ remove@/devices/virtual/misc/uhid/0005:1D5A:C081.008C/input/input417/event3
03-19 11:22:36.310 I/EventHub( 487): Removing device Dangbei Keyboard due to epoll hang-up event.
03-19 11:22:36.310 I/EventHub( 487): Removed device: path=/dev/input/event3 name=Dangbei Keyboard id=418 fd=280 classes=KEYBOARD | EXTERNAL
03-19 11:22:36.311 D/XM_HIDREAD( 318): remove@ remove@/devices/virtual/wakeup/wakeup27
03-19 11:22:36.325 W/hdr10p_Configure( 363): 132 callbacks suppressed
03-19 11:22:36.325 I/ ( 363): DVI mode selected: packets not configured
03-19 11:22:36.325 W/set_vsif_config( 363): 132 callbacks suppressed
03-19 11:22:36.325 I/ ( 363): Error: set vsif failed
03-19 11:22:36.325 I/ ( 363): DVI mode selected: packets not configured
03-19 11:22:36.325 I/ ( 363): Error: set vsif failed
03-19 11:22:36.337 I/InputReader( 487): Device removed: id=143, eventHubId=418, name='Dangbei Keyboard', descriptor='b5b64510cdcd0655bbdd1229f1efd599026f5f75', sources=0x01000111
03-19 11:22:36.337 I/EventHub( 487): Removing device '/dev/input/event3' due to inotify event
03-19 11:22:36.345 W/IorapForwardingService( 487): No service published for: iorapd
03-19 11:22:36.349 D/XM_HIDREAD( 318): remove@ remove@/devices/virtual/misc/uhid/0005:1D5A:C081.008C/input/input417
03-19 11:22:36.350 D/XM_HIDREAD( 318): remove@ remove@/devices/virtual/misc/uhid/0005:1D5A:C081.008C/input/input418/event4
03-19 11:22:36.352 I/EventHub( 487): Removing device Dangbei Consumer Control due to epoll hang-up event.
03-19 11:22:36.352 I/EventHub( 487): Removed device: path=/dev/input/event4 name=Dangbei Consumer Control id=419 fd=288 classes=KEYBOARD | JOYSTICK | EXTERNAL
03-19 11:22:36.353 D/XM_HIDREAD( 318): remove@ remove@/devices/virtual/wakeup/wakeup28
03-19 11:22:36.369 D/XM_HIDREAD( 318): remove@ remove@/devices/virtual/misc/uhid/0005:1D5A:C081.008C/input/input418
03-19 11:22:36.370 D/XM_HIDREAD( 318): remove@ remove@/devices/virtual/misc/uhid/0005:1D5A:C081.008C/input/input419/event5
03-19 11:22:36.381 I/EventHub( 487): Removing device '/dev/input/event4' due to inotify event
03-19 11:22:36.381 I/EventHub( 487): Removing device '/dev/input/event5' due to inotify event
03-19 11:22:36.381 I/InputReader( 487): Device removed: id=143, eventHubId=419, name='Dangbei Keyboard', descriptor='b5b64510cdcd0655bbdd1229f1efd599026f5f75', sources=0x01000111
03-19 11:22:36.393 D/XM_HIDREAD( 318): remove@ remove@/devices/virtual/misc/uhid/0005:1D5A:C081.008C/input/input419
03-19 11:22:36.394 D/XM_HIDREAD( 318): remove@ remove@/devices/virtual/misc/uhid/0005:1D5A:C081.008C
03-19 11:22:36.395 D/BluetoothHidHostService( 672): Connection state C9:B5:96:5C:E3:ED: 2->0
03-19 11:22:36.400 D/AdapterProperties( 672): PROFILE_CONNECTION_STATE_CHANGE: profile=4, device=C9:B5:96:5C:E3:ED, 2 -> 0
03-19 11:22:36.401 W/AdapterProperties( 672): PROFILE_CONNECTION_STATE_CHANGE: unexpected transition for profile=4, device=C9:B5:96:5C:E3:ED, 2 -> 0
03-19 11:22:36.404 D/AdapterProperties( 672): ADAPTER_CONNECTION_STATE_CHANGE: C9:B5:96:5C:E3:ED: 2 -> 0
03-19 11:22:36.405 W/AdapterProperties( 672): ADAPTER_CONNECTION_STATE_CHANGE: unexpected transition for profile=4, device=C9:B5:96:5C:E3:ED, 2 -> 0
03-19 11:22:36.405 D/CachedBluetoothDevice( 679): onProfileStateChanged: profile HID, device Dangbei, newProfileState 0
03-19 11:22:37.348 W/IorapForwardingService( 487): No service published for: iorapd
03-19 11:22:37.701 E/WifiHAL ( 663): wifi_get_link_stats: requestResponse Error:-5
03-19 11:22:37.703 E/WifiVendorHal( 487): getWifiLinkLayerStats_1_5_Internal(l.1191) failed {.code = ERROR_INVALID_ARGS, .description = }
03-19 11:22:37.771 I/ ( 363): DVI mode selected: packets not configured
03-19 11:22:37.771 I/ ( 363): Error: set vsif failed
03-19 11:22:37.772 I/ ( 363): DVI mode selected: packets not configured
03-19 11:22:37.772 I/ ( 363): Error: set vsif failed
03-19 11:22:37.798 I/ ( 363): DVI mode selected: packets not configured
03-19 11:22:37.798 I/ ( 363): Error: set vsif failed
03-19 11:22:37.798 I/ ( 363): DVI mode selected: packets not configured
03-19 11:22:37.798 I/ ( 363): Error: set vsif failed
03-19 11:22:37.823 I/ ( 363): DVI mode selected: packets not configured
03-19 11:22:37.823 I/ ( 363): Error: set vsif failed
03-19 11:22:37.823 I/ ( 363): DVI mode selected: packets not configured
03-19 11:22:37.823 I/ ( 363): Error: set vsif failed
03-19 11:22:37.847 I/ ( 363): DVI mode selected: packets not configured
03-19 11:22:37.847 I/ ( 363): Error: set vsif failed
03-19 11:22:37.847 I/ ( 363): DVI mode selected: packets not configured
03-19 11:22:37.847 I/ ( 363): Error: set vsif failed
03-19 11:22:37.900 I/gbei.screencas( 3238): Background concurrent copying GC freed 52303(5779KB) AllocSpace objects, 0(0B) LOS objects, 49% free, 6027KB/11MB, paused 223us total 199.004ms
03-19 11:22:38.350 W/IorapForwardingService( 487): No service published for: iorapd
03-19 11:22:39.277 E/dangbei111( 1047): cccccc 准备开始进行 startScanInner
03-19 11:22:39.277 E/dangbei111( 1047): cccccc 小于10s 由于之前已经开始扫描了 不在开启新的扫描
03-19 11:22:39.352 W/IorapForwardingService( 487): No service published for: iorapd
03-19 11:22:39.542 I/bluetooth( 672): system/bt/stack/gatt/connection_manager.cc:185 on_connection_complete: Le connection completed to device:c7:44:13:5b:41:8c
03-19 11:22:39.542 I/bt_btm_ble( 672): system/bt/stack/btm/btm_ble.cc:1699 btm_ble_connected: Updating device record timestamp for existing ble connection
03-19 11:22:39.615 I/bt_stack( 672): [INFO:gatt_attr.cc(880)] gatt_sr_init_cl_status: bda=c7:44:13:5b:41:8c, cl_supp_feat=0000, aware=1
03-19 11:22:39.615 I/bluetooth( 672): system/bt/stack/gap/gap_ble.cc:298 client_connect_cback: No active GAP service found for peer:xx:xx:xx:xx:41:8c callback:Connected
03-19 11:22:39.615 I/bt_bta_gattc( 672): system/bt/bta/gatt/bta_gattc_act.cc:1110 bta_gattc_conn_cback: Connected att_id:3 transport:le reason:GATT_CONN_OK
03-19 11:22:39.615 I/bt_bta_gattc( 672): system/bt/bta/gatt/bta_gattc_act.cc:1110 bta_gattc_conn_cback: Connected att_id:4 transport:le reason:GATT_CONN_OK
03-19 11:22:39.615 I/bt_bta_gattc( 672): system/bt/bta/gatt/bta_gattc_act.cc:1110 bta_gattc_conn_cback: Connected att_id:5 transport:le reason:GATT_CONN_OK
03-19 11:22:39.615 I/bt_bta_gattc( 672): system/bt/bta/gatt/bta_gattc_act.cc:1110 bta_gattc_conn_cback: Connected att_id:6 transport:le reason:GATT_CONN_OK
03-19 11:22:39.615 I/bt_bta_gattc( 672): system/bt/bta/gatt/bta_gattc_act.cc:1110 bta_gattc_conn_cback: Connected att_id:8 transport:le reason:GATT_CONN_OK
03-19 11:22:39.615 I/bluetooth( 672): system/bt/stack/gatt/connection_manager.cc:185 on_connection_complete: Le connection completed to device:c7:44:13:5b:41:8c
03-19 11:22:39.615 I/bt_stack( 672): [INFO:eatt_impl.h(634)] connect device c7:44:13:5b:41:8c rolecentral
03-19 11:22:39.615 I/bt_btif_dm( 672): system/bt/btif/src/btif_dm.cc:497 btif_update_remote_version_property: Remote version info valid:true [xx:xx:xx:xx:41:8c]: 8, 50e, 8
03-19 11:22:39.624 E/bt_stack( 672): [ERROR:bta_gattc_cache.cc(940)] bta_gattc_cache_load: can't open GATT cache file /data/misc/bluetooth/gatt_cache_c744135b418c for reading, error: No such file or directory
03-19 11:22:39.624 I/bt_stack( 672): [INFO:hearing_aid.cc(1796)] GetDeviceCount: Not initialized yet
03-19 11:22:39.625 I/bt_stack( 672): [INFO:gatt_api.cc(708)] GATTC_Discover conn_id=0x0005, disc_type=1, s_handle=0x0001, e_handle=0xffff
03-19 11:22:39.631 D/BluetoothGatt( 1047): onClientConnectionState() - status=0 clientIf=5 device=C7:44:13:5B:41:8C
03-19 11:22:39.632 D/BluetoothGatt( 1047): onClientConnectionState() - status=0 clientIf=6 device=C7:44:13:5B:41:8C
03-19 11:22:39.632 D/BluetoothGatt( 1047): discoverServices() - device: C7:44:13:5B:41:8C
03-19 11:22:39.632 D/BluetoothGatt( 1047): discoverServices() - device: C7:44:13:5B:41:8C
03-19 11:22:39.633 E/BluetoothPhonePolicy( 672): Received unexpected intent, action=android.bluetooth.device.action.ACL_CONNECTED
03-19 11:22:39.634 I/BluetoothPhonePolicy( 672): processDeviceConnected, device=C7:44:13:5B:41:8C
03-19 11:22:39.634 D/BluetoothDatabase( 672): setConnection: device=C7:44:13:5B:41:8C and isA2dpDevice=false
03-19 11:22:39.634 D/BluetoothDatabase( 672): setConnection: Creating new metadata entry for device: C7:44:13:5B:41:8C
03-19 11:22:39.635 D/BluetoothDatabase( 672): updateDatabase C7:44:13:5B:41:8C
03-19 11:22:39.640 E/bond ( 2949): name=Dangbei,state=10,action=android.bluetooth.device.action.ACL_CONNECTED
03-19 11:22:39.643 I/dangbei111( 1047): cccccc on receiver=android.bluetooth.device.action.ACL_CONNECTED,mac=C7:44:13:5B:41:8C
03-19 11:22:39.643 I/dangbei111( 1047): cccccc 收到 ACTION_ACL_CONNECTED 的广播
03-19 11:22:39.643 E/dangbei111( 1047): 5s后准备进行遥控器ota信息检测
03-19 11:22:39.660 I/bt_stack( 672): [INFO:eatt_impl.h(578)] supported_features_cb c7:44:13:5b:41:8c is_eatt_supported = 0
03-19 11:22:39.668 I/BLEAudioDrive_HV410( 248): select timeout!
03-19 11:22:39.750 D/BluetoothGatt( 1047): onConnectionUpdated() - Device=C7:44:13:5B:41:8C interval=6 latency=0 timeout=200 status=0
03-19 11:22:39.750 D/BluetoothGatt( 1047): onConnectionUpdated() - Device=C7:44:13:5B:41:8C interval=6 latency=0 timeout=200 status=0
03-19 11:22:39.787 I/bt_stack( 672): [INFO:gatt_api.cc(708)] GATTC_Discover conn_id=0x0005, disc_type=3, s_handle=0x0001, e_handle=0x0009
03-19 11:22:39.802 I/bt_stack( 672): [INFO:gatt_api.cc(708)] GATTC_Discover conn_id=0x0005, disc_type=4, s_handle=0x0001, e_handle=0x0009
03-19 11:22:39.847 I/bt_stack( 672): [INFO:gatt_api.cc(708)] GATTC_Discover conn_id=0x0005, disc_type=3, s_handle=0x000a, e_handle=0x000d
03-19 11:22:39.862 I/bt_stack( 672): [INFO:gatt_api.cc(708)] GATTC_Discover conn_id=0x0005, disc_type=4, s_handle=0x000a, e_handle=0x000d
03-19 11:22:39.892 I/bt_stack( 672): [INFO:gatt_api.cc(708)] GATTC_Discover conn_id=0x0005, disc_type=5, s_handle=0x000d, e_handle=0x000d
03-19 11:22:39.907 I/bt_stack( 672): [INFO:gatt_api.cc(708)] GATTC_Discover conn_id=0x0005, disc_type=3, s_handle=0x000e, e_handle=0x0011
03-19 11:22:39.922 I/bt_stack( 672): [INFO:gatt_api.cc(708)] GATTC_Discover conn_id=0x0005, disc_type=4, s_handle=0x000e, e_handle=0x0011
03-19 11:22:39.952 I/bt_stack( 672): [INFO:gatt_api.cc(708)] GATTC_Discover conn_id=0x0005, disc_type=5, s_handle=0x0011, e_handle=0x0011
03-19 11:22:39.967 I/bt_stack( 672): [INFO:gatt_api.cc(708)] GATTC_Discover conn_id=0x0005, disc_type=3, s_handle=0x0012, e_handle=0x001e
03-19 11:22:39.982 I/bt_stack( 672): [INFO:gatt_api.cc(708)] GATTC_Discover conn_id=0x0005, disc_type=4, s_handle=0x0012, e_handle=0x001e
03-19 11:22:40.042 I/bt_stack( 672): [INFO:gatt_api.cc(708)] GATTC_Discover conn_id=0x0005, disc_type=3, s_handle=0x001f, e_handle=0x0042
03-19 11:22:40.057 I/bt_stack( 672): [INFO:gatt_api.cc(708)] GATTC_Discover conn_id=0x0005, disc_type=4, s_handle=0x001f, e_handle=0x0042
03-19 11:22:40.162 I/bt_stack( 672): [INFO:gatt_api.cc(708)] GATTC_Discover conn_id=0x0005, disc_type=5, s_handle=0x0024, e_handle=0x0024
03-19 11:22:40.177 I/bt_stack( 672): [INFO:gatt_api.cc(708)] GATTC_Discover conn_id=0x0005, disc_type=5, s_handle=0x0029, e_handle=0x0029
03-19 11:22:40.192 I/bt_stack( 672): [INFO:gatt_api.cc(708)] GATTC_Discover conn_id=0x0005, disc_type=5, s_handle=0x002e, e_handle=0x002e
03-19 11:22:40.207 I/bt_stack( 672): [INFO:gatt_api.cc(708)] GATTC_Discover conn_id=0x0005, disc_type=5, s_handle=0x0031, e_handle=0x0032
03-19 11:22:40.222 I/bt_stack( 672): [INFO:gatt_api.cc(708)] GATTC_Discover conn_id=0x0005, disc_type=5, s_handle=0x0035, e_handle=0x0036
03-19 11:22:40.237 I/bt_stack( 672): [INFO:gatt_api.cc(708)] GATTC_Discover conn_id=0x0005, disc_type=5, s_handle=0x0039, e_handle=0x003a
03-19 11:22:40.252 I/bt_stack( 672): [INFO:gatt_api.cc(708)] GATTC_Discover conn_id=0x0005, disc_type=5, s_handle=0x003d, e_handle=0x003d
03-19 11:22:40.267 I/bt_stack( 672): [INFO:gatt_api.cc(708)] GATTC_Discover conn_id=0x0005, disc_type=5, s_handle=0x0040, e_handle=0x0040
03-19 11:22:40.282 I/bt_stack( 672): [INFO:gatt_api.cc(708)] GATTC_Discover conn_id=0x0005, disc_type=3, s_handle=0x0043, e_handle=0x0051
03-19 11:22:40.297 I/bt_stack( 672): [INFO:gatt_api.cc(708)] GATTC_Discover conn_id=0x0005, disc_type=4, s_handle=0x0043, e_handle=0x0051
03-19 11:22:40.355 W/IorapForwardingService( 487): No service published for: iorapd
03-19 11:22:40.357 I/bt_stack( 672): [INFO:gatt_api.cc(708)] GATTC_Discover conn_id=0x0005, disc_type=5, s_handle=0x0046, e_handle=0x0046
03-19 11:22:40.379 I/bt_stack( 672): [INFO:gatt_api.cc(708)] GATTC_Discover conn_id=0x0005, disc_type=5, s_handle=0x0049, e_handle=0x0049
03-19 11:22:40.395 I/bt_stack( 672): [INFO:gatt_api.cc(708)] GATTC_Discover conn_id=0x0005, disc_type=5, s_handle=0x004c, e_handle=0x004c
03-19 11:22:40.410 I/bt_stack( 672): [INFO:gatt_api.cc(708)] GATTC_Discover conn_id=0x0005, disc_type=5, s_handle=0x004f, e_handle=0x004f
03-19 11:22:40.424 I/bt_stack( 672): [INFO:bta_gattc_cache.cc(219)] bta_gattc_explore_srvc_finished: service discovery finished
03-19 11:22:40.427 I/bt_bta_gattc( 672): system/bt/bta/gatt/bta_gattc_cache.cc:902 bta_gattc_get_gatt_db: bta_gattc_get_gatt_db
03-19 11:22:40.428 I/bt_bta_gattc( 672): system/bt/bta/gatt/bta_gattc_cache.cc:902 bta_gattc_get_gatt_db: bta_gattc_get_gatt_db
03-19 11:22:40.429 D/BluetoothGatt( 1047): onSearchComplete() = Device=C7:44:13:5B:41:8C Status=0
03-19 11:22:40.430 D/BluetoothGatt( 1047): onSearchComplete() = Device=C7:44:13:5B:41:8C Status=0
03-19 11:22:40.463 E/dangbei111( 1047): battery level=100
03-19 11:22:40.493 D/BluetoothGatt( 1047): onConnectionUpdated() - Device=C7:44:13:5B:41:8C interval=12 latency=0 timeout=200 status=0
03-19 11:22:40.493 D/BluetoothGatt( 1047): onConnectionUpdated() - Device=C7:44:13:5B:41:8C interval=12 latency=0 timeout=200 status=0
03-19 11:22:40.723 E/WifiHAL ( 663): wifi_get_link_stats: requestResponse Error:-5
03-19 11:22:40.726 E/WifiVendorHal( 487): getWifiLinkLayerStats_1_5_Internal(l.1191) failed {.code = ERROR_INVALID_ARGS, .description = }
03-19 11:22:40.734 W/ZramWriteback( 487): Writeback device is not set
03-19 11:22:40.734 D/ZramWriteback( 487): wait to flush
03-19 11:22:41.326 W/hdr10p_Configure( 363): 122 callbacks suppressed
03-19 11:22:41.326 I/ ( 363): DVI mode selected: packets not configured
03-19 11:22:41.326 W/set_vsif_config( 363): 122 callbacks suppressed
03-19 11:22:41.326 I/ ( 363): Error: set vsif failed
03-19 11:22:41.326 I/ ( 363): DVI mode selected: packets not configured
03-19 11:22:41.326 I/ ( 363): Error: set vsif failed
03-19 11:22:41.342 I/ ( 363): DVI mode selected: packets not configured
03-19 11:22:41.342 I/ ( 363): Error: set vsif failed
03-19 11:22:41.342 I/ ( 363): DVI mode selected: packets not configured
03-19 11:22:41.342 I/ ( 363): Error: set vsif failed
03-19 11:22:41.360 I/ ( 363): DVI mode selected: packets not configured
03-19 11:22:41.360 I/ ( 363): Error: set vsif failed
03-19 11:22:41.360 I/ ( 363): DVI mode selected: packets not configured
03-19 11:22:41.360 I/ ( 363): Error: set vsif failed
03-19 11:22:41.357 W/IorapForwardingService( 487): No service published for: iorapd
03-19 11:22:41.379 I/ ( 363): DVI mode selected: packets not configured
03-19 11:22:41.379 I/ ( 363): Error: set vsif failed
03-19 11:22:41.379 I/ ( 363): DVI mode selected: packets not configured
03-19 11:22:41.379 I/ ( 363): Error: set vsif failed
03-19 11:22:41.521 I/bt_stack( 672): [INFO:hearing_aid.cc(1796)] GetDeviceCount: Not initialized yet
03-19 11:22:41.655 D/BluetoothGatt( 1047): onConnectionUpdated() - Device=C7:44:13:5B:41:8C interval=9 latency=79 timeout=300 status=0
03-19 11:22:41.655 D/BluetoothGatt( 1047): onConnectionUpdated() - Device=C7:44:13:5B:41:8C interval=9 latency=79 timeout=300 status=0
03-19 11:22:42.360 W/IorapForwardingService( 487): No service published for: iorapd
03-19 11:22:42.409 I/bt_stack( 672): [INFO:gatt_sr.cc(815)] MTU request PDU with MTU size 140
03-19 11:22:42.409 W/bt_stack( 672): [WARNING:gatt_utils.cc(790)] Call back not found for application conn_id=3
03-19 11:22:42.410 W/bt_stack( 672): [WARNING:gatt_utils.cc(790)] Call back not found for application conn_id=4
03-19 11:22:42.410 W/bt_stack( 672): [WARNING:gatt_utils.cc(790)] Call back not found for application conn_id=5
03-19 11:22:42.410 W/bt_stack( 672): [WARNING:gatt_utils.cc(790)] Call back not found for application conn_id=6
03-19 11:22:42.410 W/bt_stack( 672): [WARNING:gatt_utils.cc(790)] Call back not found for application conn_id=8
03-19 11:22:42.651 E/dangbei111( 1047): cccccc 检查遥控器是否连接: Dangbei C9:B5:96:5C:E3:ED
03-19 11:22:42.655 E/dangbei111( 1047): cccccc 检查遥控器是否连接: 蓝牙的结果 Dangbei C9:B5:96:5C:E3:ED false
03-19 11:22:42.655 E/dangbei111( 1047): cccccc input中没有遥控器存在
03-19 11:22:42.655 E/dangbei111( 1047): cccccc 蓝牙状态连接 不是连接状态 啥都不干
03-19 11:22:42.658 E/dangbei111( 1047): cccccc 蓝牙状态连接 配对状态 啥都不做
03-19 11:22:42.658 E/dangbei111( 1047): cccccc 没有遥控器连接 不进行 getRCInfo return
03-19 11:22:42.658 E/dangbei111( 1047): getBattery delay 0
03-19 11:22:42.662 E/dangbei111( 1047): 5mins后会再次获取电量
03-19 11:22:42.662 E/dangbei111( 1047): getBattery delay 300000
03-19 11:22:43.311 I/WifiService( 487): startScan uid=1000
03-19 11:22:43.313 E/ccc ( 2949): cccccc i will start scan
03-19 11:22:43.361 W/IorapForwardingService( 487): No service published for: iorapd
03-19 11:22:43.737 E/WifiHAL ( 663): wifi_get_link_stats: requestResponse Error:-5
03-19 11:22:43.738 E/WifiVendorHal( 487): getWifiLinkLayerStats_1_5_Internal(l.1191) failed {.code = ERROR_INVALID_ARGS, .description = }
03-19 11:22:43.794 I/ ( 363): DVI mode selected: packets not configured
03-19 11:22:43.794 I/ ( 363): Error: set vsif failed
03-19 11:22:43.794 I/ ( 363): DVI mode selected: packets not configured
03-19 11:22:43.794 I/ ( 363): Error: set vsif failed
03-19 11:22:44.281 D/hdmi-cec( 261): receive invalid cec message!
03-19 11:22:44.282 D/hdmi-cec( 261): receive poll message [04], skip!
03-19 11:22:44.309 D/aaa ( 7639): LedStatusService onStartCommand begin
03-19 11:22:44.312 D/aaa ( 7639): topPkg is -------------- :com.dangbei.haqusetting
03-19 11:22:44.322 D/bbb ( 1203): onStartCommand begin !!!!!!! data分区剩余 24948MB
03-19 11:22:44.363 W/IorapForwardingService( 487): No service published for: iorapd
03-19 11:22:44.572 E/dangbei111( 1047): cccccc 检查遥控器是否连接: Dangbei C9:B5:96:5C:E3:ED
03-19 11:22:44.575 E/dangbei111( 1047): cccccc 检查遥控器是否连接: 蓝牙的结果 Dangbei C9:B5:96:5C:E3:ED false
03-19 11:22:44.575 E/dangbei111( 1047): cccccc input中没有遥控器存在
03-19 11:22:44.575 E/dangbei111( 1047): cccccc 蓝牙状态连接 不是连接状态 啥都不干
03-19 11:22:44.577 E/dangbei111( 1047): cccccc 蓝牙状态连接 配对状态 啥都不做
03-19 11:22:44.579 E/dangbei111( 1047): scan get device,state=10
03-19 11:22:44.579 E/dangbei111( 1047): ble scan find the device C7:44:13:5B:41:8C
03-19 11:22:44.581 E/dangbei111( 1047): cccccc 扫描到了设备 Dangbei C7:44:13:5B:41:8C
03-19 11:22:44.585 E/dangbei111( 1047): cccccc 检查遥控器是否连接: Dangbei C9:B5:96:5C:E3:ED
03-19 11:22:44.588 E/dangbei111( 1047): cccccc 检查遥控器是否连接: 蓝牙的结果 Dangbei C9:B5:96:5C:E3:ED false
03-19 11:22:44.588 E/dangbei111( 1047): cccccc input中没有遥控器存在
03-19 11:22:44.588 E/dangbei111( 1047): cccccc 蓝牙状态连接 不是连接状态 啥都不干
03-19 11:22:44.590 E/dangbei111( 1047): cccccc 蓝牙状态连接 配对状态 啥都不做
03-19 11:22:44.595 E/dangbei111( 1047): cccccc 检查遥控器是否连接: Dangbei C9:B5:96:5C:E3:ED
03-19 11:22:44.598 E/dangbei111( 1047): cccccc 检查遥控器是否连接: 蓝牙的结果 Dangbei C9:B5:96:5C:E3:ED false
03-19 11:22:44.598 E/dangbei111( 1047): cccccc input中没有遥控器存在
03-19 11:22:44.599 E/dangbei111( 1047): cccccc 蓝牙状态连接 不是连接状态 啥都不干
03-19 11:22:44.601 E/dangbei111( 1047): cccccc 蓝牙状态连接 配对状态 啥都不做
03-19 11:22:44.601 E/dangbei111( 1047): bondOrConnect state=10
03-19 11:22:44.601 E/dangbei111( 1047): 500ms后 开始配对 先去停止scan
03-19 11:22:44.601 E/dangbei111( 1047): cccccc 尝试 stopBleScan
03-19 11:22:44.603 D/BluetoothAdapter( 1047): isLeEnabled(): ON
03-19 11:22:44.608 I/bt_stack( 672): [INFO:gatt_api.cc(1042)] GATT_Deregister gatt_if=8
03-19 11:22:44.608 E/dangbei111( 1047): cccccc stopBleScanInner com.dangbei.remotecontroller.RCHelper$3@55ad1b0
03-19 11:22:44.646 E/dangbei111( 1047): cccccc 检测到网络 准备请求遥控器ota信息
03-19 11:22:44.647 W/ContextImpl( 1047): Calling a method in the system process without a qualified user: android.app.ContextImpl.sendBroadcast:1173 android.content.ContextWrapper.sendBroadcast:479 com.dangbei.remotecontroller.RemoteControllerReceiver.sendMessageToUpdateHelper:122 com.dangbei.remotecontroller.RemoteControllerReceiver.access$100:28 com.dangbei.remotecontroller.RemoteControllerReceiver$1.handleMessage:41
03-19 11:22:44.649 E/ActivityManager( 487): Sending non-protected broadcast com.dangbei.remote.connected from system 1047:com.dangbei.lerad.etna.haqu/1000 pkg com.dangbei.lerad.etna.haqu
03-19 11:22:44.649 E/ActivityManager( 487): java.lang.Throwable
03-19 11:22:44.649 E/ActivityManager( 487): at com.android.server.am.ActivityManagerService.checkBroadcastFromSystem(ActivityManagerService.java:12816)
03-19 11:22:44.649 E/ActivityManager( 487): at com.android.server.am.ActivityManagerService.broadcastIntentLocked(ActivityManagerService.java:13416)
03-19 11:22:44.649 E/ActivityManager( 487): at com.android.server.am.ActivityManagerService.broadcastIntentLocked(ActivityManagerService.java:12833)
03-19 11:22:44.649 E/ActivityManager( 487): at com.android.server.am.ActivityManagerService.broadcastIntentWithFeature(ActivityManagerService.java:13670)
03-19 11:22:44.649 E/ActivityManager( 487): at android.app.IActivityManager$Stub.onTransact(IActivityManager.java:2326)
03-19 11:22:44.649 E/ActivityManager( 487): at com.android.server.am.ActivityManagerService.onTransact(ActivityManagerService.java:2509)
03-19 11:22:44.649 E/ActivityManager( 487): at android.os.Binder.execTransactInternal(Binder.java:1179)
03-19 11:22:44.649 E/ActivityManager( 487): at android.os.Binder.execTransact(Binder.java:1143)
03-19 11:22:44.650 E/ActivityManager( 487): Sending non-protected broadcast com.dangbei.remote.connected from system 1047:com.dangbei.lerad.etna.haqu/1000 pkg com.dangbei.lerad.etna.haqu
03-19 11:22:44.650 E/ActivityManager( 487): java.lang.Throwable
03-19 11:22:44.650 E/ActivityManager( 487): at com.android.server.am.ActivityManagerService.checkBroadcastFromSystem(ActivityManagerService.java:12816)
03-19 11:22:44.650 E/ActivityManager( 487): at com.android.server.am.ActivityManagerService.broadcastIntentLocked(ActivityManagerService.java:13513)
03-19 11:22:44.650 E/ActivityManager( 487): at com.android.server.am.ActivityManagerService.broadcastIntentLocked(ActivityManagerService.java:12833)
03-19 11:22:44.650 E/ActivityManager( 487): at com.android.server.am.ActivityManagerService.broadcastIntentWithFeature(ActivityManagerService.java:13670)
03-19 11:22:44.650 E/ActivityManager( 487): at android.app.IActivityManager$Stub.onTransact(IActivityManager.java:2326)
03-19 11:22:44.650 E/ActivityManager( 487): at com.android.server.am.ActivityManagerService.onTransact(ActivityManagerService.java:2509)
03-19 11:22:44.650 E/ActivityManager( 487): at android.os.Binder.execTransactInternal(Binder.java:1179)
03-19 11:22:44.650 E/ActivityManager( 487): at android.os.Binder.execTransact(Binder.java:1143)
03-19 11:22:44.652 I/DropBoxManagerService( 487): add tag=system_server_wtf isTagEnabled=true flags=0x2
03-19 11:22:44.655 I/DropBoxManagerService( 487): add tag=system_server_wtf isTagEnabled=true flags=0x2
03-19 11:22:44.657 E/dangbei111( 1047): 读出来的遥控器版本为空
03-19 11:22:44.659 E/dangbei111( 1047): cccccc 检查遥控器是否连接: Dangbei C9:B5:96:5C:E3:ED
03-19 11:22:44.660 E/dangbei111( 1047): cccccc 检查遥控器是否连接: 蓝牙的结果 Dangbei C9:B5:96:5C:E3:ED false
03-19 11:22:44.660 E/dangbei111( 1047): cccccc input中没有遥控器存在
03-19 11:22:44.660 E/dangbei111( 1047): cccccc 蓝牙状态连接 不是连接状态 啥都不干
03-19 11:22:44.662 E/dangbei111( 1047): cccccc 蓝牙状态连接 配对状态 啥都不做
03-19 11:22:44.662 E/dangbei111( 1047): cccccc 没有遥控器连接 不进行 getRCInfo return
03-19 11:22:45.101 D/WifiNl80211Manager( 487): Scan result ready event
03-19 11:22:45.101 D/WifiNative( 487): Scan result ready event
03-19 11:22:45.112 I/bt_btif_dm( 672): system/bt/btif/src/btif_dm.cc:1884 btif_dm_cancel_discovery: Cancel search
03-19 11:22:45.113 I/BluetoothBondStateMachine( 672): Bond address is:C7:44:13:5B:41:8C
03-19 11:22:45.113 I/bt_btif_config( 672): system/bt/btif/src/btif_config.cc:137 btif_get_device_type: Device [c7:44:13:5b:41:8c] device type 2
03-19 11:22:45.113 I/bt_btif_dm( 672): system/bt/btif/src/btif_dm.cc:384 get_cod: get_cod remote_cod = 0x00001f00
03-19 11:22:45.113 I/bt_btif_dm( 672): system/bt/btif/src/btif_dm.cc:384 get_cod: get_cod remote_cod = 0x00001f00
03-19 11:22:45.113 I/bt_btif_config( 672): system/bt/btif/src/btif_config.cc:137 btif_get_device_type: Device [c7:44:13:5b:41:8c] device type 2
03-19 11:22:45.113 I/bt_btif_dm( 672): system/bt/btif/src/btif_dm.cc:384 get_cod: get_cod remote_cod = 0x00001f00
03-19 11:22:45.113 I/bt_btif_dm( 672): system/bt/btif/src/btif_dm.cc:451 bond_state_changed: Bond state changed to state=1 [0:none, 1:bonding, 2:bonded], prev_state=0, sdp_attempts = 0
03-19 11:22:45.113 I/bt_btif_config( 672): system/bt/btif/src/btif_config.cc:137 btif_get_device_type: Device [c7:44:13:5b:41:8c] device type 2
03-19 11:22:45.114 I/BluetoothBondStateMachine( 672): bondStateChangeCallback: Status: 0 Address: C7:44:13:5B:41:8C newState: 1
03-19 11:22:45.116 I/BluetoothBondStateMachine( 672): Entering PendingCommandState State
03-19 11:22:45.130 I/BluetoothBondStateMachine( 672): Bond State Change Intent:C7:44:13:5B:41:8C BOND_NONE => BOND_BONDING
03-19 11:22:45.139 W/BroadcastQueue( 487): Background execution not allowed: receiving Intent { act=android.bluetooth.device.action.BOND_STATE_CHANGED flg=0x10 (has extras) } to com.dangbei.lerad.etna.haqu/com.dangbei.remotecontroller.RemoteControllerReceiver
03-19 11:22:45.140 D/A2dpService( 672): Bond state changed for device: C7:44:13:5B:41:8C state: 11
03-19 11:22:45.141 I/dangbei111( 1047): cccccc on receiver=android.bluetooth.device.action.BOND_STATE_CHANGED,mac=C7:44:13:5B:41:8C
03-19 11:22:45.141 I/dangbei111( 1047): Wait for auto connection, processBondStateChange: bondState: 10 --> 11 C7:44:13:5B:41:8C
03-19 11:22:45.143 E/bond ( 2949): name=Dangbei,state=11,action=android.bluetooth.device.action.BOND_STATE_CHANGED
03-19 11:22:45.166 E/ccc ( 2949): cccccc SCAN_RESULTS_AVAILABLE_ACTION hhhh
03-19 11:22:45.167 E/hq ( 1119): NetWorkStateReceiver:::NetWorkStateReceiver onReceive: 网络变化广播 >>>> intent.action=android.net.wifi.SCAN_RESULTS
03-19 11:22:45.170 D/PasspointManager( 487): ANQP entry not found for: f8:14:fe:4f:93:01:
03-19 11:22:45.176 E/WifiHAL ( 663): wifi_get_link_stats: requestResponse Error:-5
03-19 11:22:45.178 E/WifiVendorHal( 487): getWifiLinkLayerStats_1_5_Internal(l.1191) failed {.code = ERROR_INVALID_ARGS, .description = }
03-19 11:22:45.195 W/eventbuscore( 1119): post Event:com.dangbei.leard.base.entity.event.NetWifiRssiEvent
03-19 11:22:45.205 E/ccc ( 2949): cccccc result is not empty call back
03-19 11:22:45.205 E/ccc ( 2949): cccccc 666666666666666
03-19 11:22:45.222 E/ccc ( 2949): cccccc sort 2 49
03-19 11:22:45.360 I/system_server( 487): Background young concurrent copying GC freed 173938(7282KB) AllocSpace objects, 50(1032KB) LOS objects, 34% free, 14MB/22MB, paused 906us total 190.283ms
03-19 11:22:45.365 W/IorapForwardingService( 487): No service published for: iorapd
03-19 11:22:46.367 W/IorapForwardingService( 487): No service published for: iorapd
03-19 11:22:46.606 I/bt_stack( 672): [INFO:btsnoop.cc(338)] clear_l2cap_allowlist: Clearing acceptlist from l2cap channel. conn_handle=16 cid=4:4
03-19 11:22:46.607 I/bt_stack( 672): [INFO:gatt_attr.cc(338)] gatt_connect_cback: remove untrusted client status, bda=c7:44:13:5b:41:8c
03-19 11:22:46.607 I/bluetooth( 672): system/bt/stack/gap/gap_ble.cc:298 client_connect_cback: No active GAP service found for peer:xx:xx:xx:xx:41:8c callback:Disconnected
03-19 11:22:46.607 I/bt_bta_gattc( 672): system/bt/bta/gatt/bta_gattc_act.cc:1115 bta_gattc_conn_cback: Disconnected att_id:3 transport:le reason:GATT_CONN_TIMEOUT
03-19 11:22:46.607 I/bt_bta_gattc( 672): system/bt/bta/gatt/bta_gattc_act.cc:1115 bta_gattc_conn_cback: Disconnected att_id:4 transport:le reason:GATT_CONN_TIMEOUT
03-19 11:22:46.607 I/bt_bta_gattc( 672): system/bt/bta/gatt/bta_gattc_act.cc:1115 bta_gattc_conn_cback: Disconnected att_id:5 transport:le reason:GATT_CONN_TIMEOUT
03-19 11:22:46.607 I/bt_bta_gattc( 672): system/bt/bta/gatt/bta_gattc_act.cc:1115 bta_gattc_conn_cback: Disconnected att_id:6 transport:le reason:GATT_CONN_TIMEOUT
03-19 11:22:46.607 I/bt_stack( 672): [INFO:btsnoop.cc(338)] clear_l2cap_allowlist: Clearing acceptlist from l2cap channel. conn_handle=16 cid=6:6
03-19 11:22:46.608 W/bt_stack( 672): [WARNING:l2c_api.cc(1394)] L2CA_RemoveFixedChnl BDA: c7:44:13:5b:41:8c CID: 0x0006 not connected
03-19 11:22:46.608 I/bt_btif_storage( 672): system/bt/btif/src/btif_storage.cc:1138 btif_storage_remove_ble_bonding_keys: Removing bonding keys for bd addr:c7:44:13:5b:41:8c
03-19 11:22:46.608 I/bt_btif_config( 672): system/bt/btif/src/btif_config.cc:137 btif_get_device_type: Device [c7:44:13:5b:41:8c] device type 2
03-19 11:22:46.608 I/bt_btif_dm( 672): system/bt/btif/src/btif_dm.cc:384 get_cod: get_cod remote_cod = 0x00001f00
03-19 11:22:46.608 I/bt_btif_dm( 672): system/bt/btif/src/btif_dm.cc:451 bond_state_changed: Bond state changed to state=0 [0:none, 1:bonding, 2:bonded], prev_state=1, sdp_attempts = 0
03-19 11:22:46.608 E/bt_stack( 672): [ERROR:metric_id_allocator.cc(181)] BluetoothMetricIdAllocatorFailed to forget device because device is not in paired_device_cache_
03-19 11:22:46.608 I/bt_btif_config( 672): system/bt/btif/src/btif_config.cc:137 btif_get_device_type: Device [c7:44:13:5b:41:8c] device type 2
03-19 11:22:46.609 W/bt_btm_sec( 672): system/bt/stack/btm/btm_sec.cc:3685 btm_sec_disconnected: Got uncommon disconnection reason:Connection Timeout handle:0x0010
