03-19 11:23:28.959 I/ ( 363): DVI mode selected: packets not configured
03-19 11:23:28.959 I/ ( 363): Error: set vsif failed
03-19 11:23:28.959 I/ ( 363): DVI mode selected: packets not configured
03-19 11:23:28.959 I/ ( 363): Error: set vsif failed
03-19 11:23:28.962 E/WifiHAL ( 663): wifi_get_link_stats: requestResponse Error:-5
03-19 11:23:28.964 E/WifiVendorHal( 487): getWifiLinkLayerStats_1_5_Internal(l.1191) failed {.code = ERROR_INVALID_ARGS, .description = }
03-19 11:23:29.357 D/hdmi-cec( 261): receive invalid cec message!
03-19 11:23:29.357 D/hdmi-cec( 261): receive poll message [04], skip!
03-19 11:23:29.465 W/IorapForwardingService( 487): No service published for: iorapd
03-19 11:23:29.690 I/BLEAudioDrive_HV410( 248): select timeout!
03-19 11:23:29.961 E/dangbei111( 1047): cccccc 检查遥控器是否连接: Dangbei C7:44:13:5B:41:8C
03-19 11:23:29.962 E/dangbei111( 1047): cccccc 检查遥控器是否连接: 蓝牙的结果 Dangbei C7:44:13:5B:41:8C false
03-19 11:23:29.962 E/dangbei111( 1047): cccccc input中没有遥控器存在
03-19 11:23:29.962 E/dangbei111( 1047): cccccc 蓝牙状态连接 不是连接状态 啥都不干
03-19 11:23:29.963 E/dangbei111( 1047): cccccc 蓝牙状态连接 配对状态 啥都不做
03-19 11:23:29.964 E/dangbei111( 1047): scan get device,state=11
03-19 11:23:30.468 W/IorapForwardingService( 487): No service published for: iorapd
03-19 11:23:31.470 W/IorapForwardingService( 487): No service published for: iorapd
03-19 11:23:31.979 E/WifiHAL ( 663): wifi_get_link_stats: requestResponse Error:-5
03-19 11:23:31.980 E/WifiVendorHal( 487): getWifiLinkLayerStats_1_5_Internal(l.1191) failed {.code = ERROR_INVALID_ARGS, .description = }
03-19 11:23:32.472 W/IorapForwardingService( 487): No service published for: iorapd
03-19 11:23:32.477 D/aaa ( 7639): LedStatusService onStartCommand begin
03-19 11:23:32.480 D/aaa ( 7639): topPkg is -------------- :com.dangbei.haqusetting
03-19 11:23:32.482 D/bbb ( 1203): onStartCommand begin !!!!!!! data分区剩余 24948MB
03-19 11:23:32.835 E/dangbei111( 1047): cccccc 检查遥控器是否连接: Dangbei C7:44:13:5B:41:8C
03-19 11:23:32.836 E/dangbei111( 1047): cccccc 检查遥控器是否连接: 蓝牙的结果 Dangbei C7:44:13:5B:41:8C false
03-19 11:23:32.836 E/dangbei111( 1047): cccccc input中没有遥控器存在
03-19 11:23:32.836 E/dangbei111( 1047): cccccc 蓝牙状态连接 不是连接状态 啥都不干
03-19 11:23:32.837 E/dangbei111( 1047): cccccc 蓝牙状态连接 配对状态 啥都不做
03-19 11:23:32.838 E/dangbei111( 1047): scan get device,state=11
03-19 11:23:33.475 W/IorapForwardingService( 487): No service published for: iorapd
03-19 11:23:34.477 W/IorapForwardingService( 487): No service published for: iorapd
03-19 11:23:34.865 W/hdr10p_Configure( 363): 126 callbacks suppressed
03-19 11:23:34.865 I/ ( 363): DVI mode selected: packets not configured
03-19 11:23:34.865 W/set_vsif_config( 363): 126 callbacks suppressed
03-19 11:23:34.865 I/ ( 363): Error: set vsif failed
03-19 11:23:34.865 I/ ( 363): DVI mode selected: packets not configured
03-19 11:23:34.865 I/ ( 363): Error: set vsif failed
03-19 11:23:34.891 I/ ( 363): DVI mode selected: packets not configured
03-19 11:23:34.891 I/ ( 363): Error: set vsif failed
03-19 11:23:34.891 I/ ( 363): DVI mode selected: packets not configured
03-19 11:23:34.891 I/ ( 363): Error: set vsif failed
03-19 11:23:34.915 I/ ( 363): DVI mode selected: packets not configured
03-19 11:23:34.915 I/ ( 363): Error: set vsif failed
03-19 11:23:34.916 I/ ( 363): DVI mode selected: packets not configured
03-19 11:23:34.916 I/ ( 363): Error: set vsif failed
03-19 11:23:34.940 I/ ( 363): DVI mode selected: packets not configured
03-19 11:23:34.940 I/ ( 363): Error: set vsif failed
03-19 11:23:34.940 I/ ( 363): DVI mode selected: packets not configured
03-19 11:23:34.940 I/ ( 363): Error: set vsif failed
03-19 11:23:34.960 I/ ( 363): DVI mode selected: packets not configured
03-19 11:23:34.960 I/ ( 363): Error: set vsif failed
03-19 11:23:34.960 I/ ( 363): DVI mode selected: packets not configured
03-19 11:23:34.960 I/ ( 363): Error: set vsif failed
03-19 11:23:34.992 E/WifiHAL ( 663): wifi_get_link_stats: requestResponse Error:-5
03-19 11:23:34.994 E/WifiVendorHal( 487): getWifiLinkLayerStats_1_5_Internal(l.1191) failed {.code = ERROR_INVALID_ARGS, .description = }
03-19 11:23:35.083 E/dangbei111( 1047): cccccc 检查遥控器是否连接: Dangbei C7:44:13:5B:41:8C
03-19 11:23:35.084 E/dangbei111( 1047): cccccc 检查遥控器是否连接: 蓝牙的结果 Dangbei C7:44:13:5B:41:8C false
03-19 11:23:35.084 E/dangbei111( 1047): cccccc input中没有遥控器存在
03-19 11:23:35.084 E/dangbei111( 1047): cccccc 蓝牙状态连接 不是连接状态 啥都不干
03-19 11:23:35.086 E/dangbei111( 1047): cccccc 蓝牙状态连接 配对状态 啥都不做
03-19 11:23:35.086 E/dangbei111( 1047): scan get device,state=11
03-19 11:23:35.480 W/IorapForwardingService( 487): No service published for: iorapd
03-19 11:23:36.482 W/IorapForwardingService( 487): No service published for: iorapd
03-19 11:23:37.484 W/IorapForwardingService( 487): No service published for: iorapd
03-19 11:23:38.004 E/WifiHAL ( 663): wifi_get_link_stats: requestResponse Error:-5
03-19 11:23:38.006 E/WifiVendorHal( 487): getWifiLinkLayerStats_1_5_Internal(l.1191) failed {.code = ERROR_INVALID_ARGS, .description = }
03-19 11:23:38.089 E/dangbei111( 1047): cccccc 准备开始进行 startScanInner
03-19 11:23:38.089 E/dangbei111( 1047): cccccc 真正开始进入扫描流程啦
03-19 11:23:38.094 E/dangbei111( 1047): cccccc 检查遥控器是否连接: Dangbei C7:44:13:5B:41:8C
03-19 11:23:38.096 E/dangbei111( 1047): cccccc 检查遥控器是否连接: 蓝牙的结果 Dangbei C7:44:13:5B:41:8C false
03-19 11:23:38.096 E/dangbei111( 1047): cccccc input中没有遥控器存在
03-19 11:23:38.096 E/dangbei111( 1047): cccccc 蓝牙状态连接 不是连接状态 啥都不干
03-19 11:23:38.099 E/dangbei111( 1047): cccccc 蓝牙状态连接 配对状态 啥都不做
03-19 11:23:38.099 E/dangbei111( 1047): 开始扫描 com.dangbei.remotecontroller.RCHelper$3@a7c2fd4
03-19 11:23:38.099 D/BluetoothAdapter( 1047): isLeEnabled(): ON
03-19 11:23:38.485 W/IorapForwardingService( 487): No service published for: iorapd
03-19 11:23:39.059 W/bt_btm ( 672): system/bt/main/bte_logmsg.cc:194 LogMsg: btm_sec_pairing_timeout not processed state: IDLE
03-19 11:23:39.487 W/IorapForwardingService( 487): No service published for: iorapd
03-19 11:23:39.700 I/BLEAudioDrive_HV410( 248): select timeout!
03-19 11:23:40.489 W/IorapForwardingService( 487): No service published for: iorapd
03-19 11:23:40.517 D/aaa ( 7639): LedStatusService onStartCommand begin
03-19 11:23:40.520 D/bbb ( 1203): onStartCommand begin !!!!!!! data分区剩余 24948MB
03-19 11:23:40.522 D/aaa ( 7639): topPkg is -------------- :com.dangbei.haqusetting
03-19 11:23:40.737 W/ZramWriteback( 487): Writeback device is not set
03-19 11:23:40.737 D/ZramWriteback( 487): wait to flush
03-19 11:23:40.891 W/hdr10p_Configure( 363): 126 callbacks suppressed
03-19 11:23:40.892 I/ ( 363): DVI mode selected: packets not configured
03-19 11:23:40.892 W/set_vsif_config( 363): 126 callbacks suppressed
03-19 11:23:40.892 I/ ( 363): Error: set vsif failed
03-19 11:23:40.892 I/ ( 363): DVI mode selected: packets not configured
03-19 11:23:40.892 I/ ( 363): Error: set vsif failed
03-19 11:23:40.918 I/ ( 363): DVI mode selected: packets not configured
03-19 11:23:40.918 I/ ( 363): Error: set vsif failed
03-19 11:23:40.918 I/ ( 363): DVI mode selected: packets not configured
03-19 11:23:40.918 I/ ( 363): Error: set vsif failed
03-19 11:23:40.942 I/ ( 363): DVI mode selected: packets not configured
03-19 11:23:40.942 I/ ( 363): Error: set vsif failed
03-19 11:23:40.942 I/ ( 363): DVI mode selected: packets not configured
03-19 11:23:40.942 I/ ( 363): Error: set vsif failed
03-19 11:23:40.968 I/ ( 363): DVI mode selected: packets not configured
03-19 11:23:40.968 I/ ( 363): Error: set vsif failed
03-19 11:23:40.968 I/ ( 363): DVI mode selected: packets not configured
03-19 11:23:40.968 I/ ( 363): Error: set vsif failed
03-19 11:23:40.976 I/ ( 363): DVI mode selected: packets not configured
03-19 11:23:40.976 I/ ( 363): Error: set vsif failed
03-19 11:23:40.976 I/ ( 363): DVI mode selected: packets not configured
03-19 11:23:40.976 I/ ( 363): Error: set vsif failed
03-19 11:23:41.023 E/WifiHAL ( 663): wifi_get_link_stats: requestResponse Error:-5
03-19 11:23:41.024 E/WifiVendorHal( 487): getWifiLinkLayerStats_1_5_Internal(l.1191) failed {.code = ERROR_INVALID_ARGS, .description = }
03-19 11:23:41.101 E/dangbei111( 1047): cccccc 准备开始进行 startScanInner
03-19 11:23:41.102 E/dangbei111( 1047): cccccc 小于10s 由于之前已经开始扫描了 不在开启新的扫描
03-19 11:23:41.491 W/IorapForwardingService( 487): No service published for: iorapd
03-19 11:23:42.493 W/IorapForwardingService( 487): No service published for: iorapd
03-19 11:23:43.495 W/IorapForwardingService( 487): No service published for: iorapd
03-19 11:23:44.038 E/WifiHAL ( 663): wifi_get_link_stats: requestResponse Error:-5
03-19 11:23:44.039 E/WifiVendorHal( 487): getWifiLinkLayerStats_1_5_Internal(l.1191) failed {.code = ERROR_INVALID_ARGS, .description = }
03-19 11:23:44.381 D/hdmi-cec( 261): receive invalid cec message!
03-19 11:23:44.381 D/hdmi-cec( 261): receive poll message [04], skip!
03-19 11:23:44.497 W/IorapForwardingService( 487): No service published for: iorapd
03-19 11:23:45.500 W/IorapForwardingService( 487): No service published for: iorapd
03-19 11:23:46.502 W/IorapForwardingService( 487): No service published for: iorapd
03-19 11:23:46.893 W/hdr10p_Configure( 363): 126 callbacks suppressed
03-19 11:23:46.893 I/ ( 363): DVI mode selected: packets not configured
03-19 11:23:46.893 W/set_vsif_config( 363): 126 callbacks suppressed
03-19 11:23:46.893 I/ ( 363): Error: set vsif failed
03-19 11:23:46.893 I/ ( 363): DVI mode selected: packets not configured
03-19 11:23:46.893 I/ ( 363): Error: set vsif failed
03-19 11:23:46.920 I/ ( 363): DVI mode selected: packets not configured
03-19 11:23:46.920 I/ ( 363): Error: set vsif failed
03-19 11:23:46.920 I/ ( 363): DVI mode selected: packets not configured
03-19 11:23:46.920 I/ ( 363): Error: set vsif failed
03-19 11:23:46.944 I/ ( 363): DVI mode selected: packets not configured
03-19 11:23:46.944 I/ ( 363): Error: set vsif failed
03-19 11:23:46.944 I/ ( 363): DVI mode selected: packets not configured
03-19 11:23:46.944 I/ ( 363): Error: set vsif failed
03-19 11:23:46.968 I/ ( 363): DVI mode selected: packets not configured
03-19 11:23:46.969 I/ ( 363): Error: set vsif failed
03-19 11:23:46.969 I/ ( 363): DVI mode selected: packets not configured
03-19 11:23:46.969 I/ ( 363): Error: set vsif failed
03-19 11:23:46.976 I/ ( 363): DVI mode selected: packets not configured
03-19 11:23:46.976 I/ ( 363): Error: set vsif failed
03-19 11:23:46.976 I/ ( 363): DVI mode selected: packets not configured
03-19 11:23:46.976 I/ ( 363): Error: set vsif failed
03-19 11:23:47.051 E/WifiHAL ( 663): wifi_get_link_stats: requestResponse Error:-5
03-19 11:23:47.053 E/WifiVendorHal( 487): getWifiLinkLayerStats_1_5_Internal(l.1191) failed {.code = ERROR_INVALID_ARGS, .description = }
03-19 11:23:47.155 I/WifiService( 487): startScan uid=1000
03-19 11:23:47.157 E/ccc ( 2949): cccccc i will start scan
03-19 11:23:47.504 W/IorapForwardingService( 487): No service published for: iorapd
03-19 11:23:48.506 W/IorapForwardingService( 487): No service published for: iorapd
03-19 11:23:48.568 D/bbb ( 1203): onStartCommand begin !!!!!!! data分区剩余 24948MB
03-19 11:23:48.571 D/aaa ( 7639): LedStatusService onStartCommand begin
03-19 11:23:48.573 D/aaa ( 7639): topPkg is -------------- :com.dangbei.haqusetting
03-19 11:23:48.951 D/WifiNl80211Manager( 487): Scan result ready event
03-19 11:23:48.951 D/WifiNative( 487): Scan result ready event
03-19 11:23:49.011 E/ccc ( 2949): cccccc SCAN_RESULTS_AVAILABLE_ACTION hhhh
03-19 11:23:49.011 E/hq ( 1119): NetWorkStateReceiver:::NetWorkStateReceiver onReceive: 网络变化广播 >>>> intent.action=android.net.wifi.SCAN_RESULTS
03-19 11:23:49.014 D/PasspointManager( 487): ANQP entry not found for: f8:14:fe:4f:93:01:
03-19 11:23:49.020 E/WifiHAL ( 663): wifi_get_link_stats: requestResponse Error:-5
03-19 11:23:49.021 E/WifiVendorHal( 487): getWifiLinkLayerStats_1_5_Internal(l.1191) failed {.code = ERROR_INVALID_ARGS, .description = }
03-19 11:23:49.034 W/eventbuscore( 1119): post Event:com.dangbei.leard.base.entity.event.NetWifiRssiEvent
03-19 11:23:49.043 E/ccc ( 2949): cccccc result is not empty call back
03-19 11:23:49.044 E/ccc ( 2949): cccccc 666666666666666
03-19 11:23:49.060 E/ccc ( 2949): cccccc sort 2 59
03-19 11:23:49.508 W/IorapForwardingService( 487): No service published for: iorapd
03-19 11:23:49.706 I/BLEAudioDrive_HV410( 248): select timeout!
03-19 11:23:50.064 E/WifiHAL ( 663): wifi_get_link_stats: requestResponse Error:-5
03-19 11:23:50.065 E/WifiVendorHal( 487): getWifiLinkLayerStats_1_5_Internal(l.1191) failed {.code = ERROR_INVALID_ARGS, .description = }
03-19 11:23:50.511 W/IorapForwardingService( 487): No service published for: iorapd
03-19 11:23:51.512 W/IorapForwardingService( 487): No service published for: iorapd
03-19 11:23:52.514 W/IorapForwardingService( 487): No service published for: iorapd
03-19 11:23:52.906 W/hdr10p_Configure( 363): 130 callbacks suppressed
03-19 11:23:52.906 I/ ( 363): DVI mode selected: packets not configured
03-19 11:23:52.906 W/set_vsif_config( 363): 130 callbacks suppressed
03-19 11:23:52.906 I/ ( 363): Error: set vsif failed
03-19 11:23:52.906 I/ ( 363): DVI mode selected: packets not configured
03-19 11:23:52.906 I/ ( 363): Error: set vsif failed
03-19 11:23:52.932 I/ ( 363): DVI mode selected: packets not configured
03-19 11:23:52.932 I/ ( 363): Error: set vsif failed
03-19 11:23:52.932 I/ ( 363): DVI mode selected: packets not configured
03-19 11:23:52.932 I/ ( 363): Error: set vsif failed
03-19 11:23:52.957 I/ ( 363): DVI mode selected: packets not configured
03-19 11:23:52.957 I/ ( 363): Error: set vsif failed
03-19 11:23:52.957 I/ ( 363): DVI mode selected: packets not configured
03-19 11:23:52.957 I/ ( 363): Error: set vsif failed
03-19 11:23:52.982 I/ ( 363): DVI mode selected: packets not configured
03-19 11:23:52.982 I/ ( 363): Error: set vsif failed
03-19 11:23:52.982 I/ ( 363): DVI mode selected: packets not configured
03-19 11:23:52.982 I/ ( 363): Error: set vsif failed
03-19 11:23:52.993 I/ ( 363): DVI mode selected: packets not configured
03-19 11:23:52.993 I/ ( 363): Error: set vsif failed
03-19 11:23:52.993 I/ ( 363): DVI mode selected: packets not configured
03-19 11:23:52.993 I/ ( 363): Error: set vsif failed
03-19 11:23:53.080 E/WifiHAL ( 663): wifi_get_link_stats: requestResponse Error:-5
03-19 11:23:53.081 E/WifiVendorHal( 487): getWifiLinkLayerStats_1_5_Internal(l.1191) failed {.code = ERROR_INVALID_ARGS, .description = }
03-19 11:23:53.517 W/IorapForwardingService( 487): No service published for: iorapd
03-19 11:23:54.141 E/dangbei111( 1047): cccccc 检查遥控器是否连接: Dangbei C7:44:13:5B:41:8C
03-19 11:23:54.143 E/dangbei111( 1047): cccccc 检查遥控器是否连接: 蓝牙的结果 Dangbei C7:44:13:5B:41:8C false
03-19 11:23:54.143 E/dangbei111( 1047): cccccc input中没有遥控器存在
03-19 11:23:54.143 E/dangbei111( 1047): cccccc 蓝牙状态连接 不是连接状态 啥都不干
03-19 11:23:54.144 E/dangbei111( 1047): cccccc 蓝牙状态连接 配对状态 啥都不做
03-19 11:23:54.144 E/dangbei111( 1047): scan get device,state=11
03-19 11:23:54.520 W/IorapForwardingService( 487): No service published for: iorapd
03-19 11:23:54.706 E/dangbei111( 1047): cccccc 检查遥控器是否连接: Dangbei C7:44:13:5B:41:8C
03-19 11:23:54.707 E/dangbei111( 1047): cccccc 检查遥控器是否连接: 蓝牙的结果 Dangbei C7:44:13:5B:41:8C false
03-19 11:23:54.707 E/dangbei111( 1047): cccccc input中没有遥控器存在
03-19 11:23:54.707 E/dangbei111( 1047): cccccc 蓝牙状态连接 不是连接状态 啥都不干
03-19 11:23:54.709 E/dangbei111( 1047): cccccc 蓝牙状态连接 配对状态 啥都不做
03-19 11:23:54.710 E/dangbei111( 1047): scan get device,state=11
03-19 11:23:55.521 W/IorapForwardingService( 487): No service published for: iorapd
03-19 11:23:56.092 E/WifiHAL ( 663): wifi_get_link_stats: requestResponse Error:-5
03-19 11:23:56.093 E/WifiVendorHal( 487): getWifiLinkLayerStats_1_5_Internal(l.1191) failed {.code = ERROR_INVALID_ARGS, .description = }
03-19 11:23:56.523 W/IorapForwardingService( 487): No service published for: iorapd
03-19 11:23:56.605 D/aaa ( 7639): LedStatusService onStartCommand begin
03-19 11:23:56.607 D/aaa ( 7639): topPkg is -------------- :com.dangbei.haqusetting
03-19 11:23:56.610 D/bbb ( 1203): onStartCommand begin !!!!!!! data分区剩余 24948MB
03-19 11:23:57.526 W/IorapForwardingService( 487): No service published for: iorapd
03-19 11:23:57.590 E/dangbei111( 1047): cccccc 检查遥控器是否连接: Dangbei C7:44:13:5B:41:8C
03-19 11:23:57.593 E/dangbei111( 1047): cccccc 检查遥控器是否连接: 蓝牙的结果 Dangbei C7:44:13:5B:41:8C false
03-19 11:23:57.593 E/dangbei111( 1047): cccccc input中没有遥控器存在
03-19 11:23:57.593 E/dangbei111( 1047): cccccc 蓝牙状态连接 不是连接状态 啥都不干
03-19 11:23:57.595 E/dangbei111( 1047): cccccc 蓝牙状态连接 配对状态 啥都不做
03-19 11:23:57.596 E/dangbei111( 1047): scan get device,state=11
03-19 11:23:58.528 W/IorapForwardingService( 487): No service published for: iorapd
03-19 11:23:58.925 W/hdr10p_Configure( 363): 128 callbacks suppressed
03-19 11:23:58.925 I/ ( 363): DVI mode selected: packets not configured
03-19 11:23:58.925 W/set_vsif_config( 363): 128 callbacks suppressed
03-19 11:23:58.925 I/ ( 363): Error: set vsif failed
03-19 11:23:58.925 I/ ( 363): DVI mode selected: packets not configured
03-19 11:23:58.925 I/ ( 363): Error: set vsif failed
03-19 11:23:58.952 I/ ( 363): DVI mode selected: packets not configured
03-19 11:23:58.952 I/ ( 363): Error: set vsif failed
03-19 11:23:58.952 I/ ( 363): DVI mode selected: packets not configured
03-19 11:23:58.952 I/ ( 363): Error: set vsif failed
03-19 11:23:58.976 I/ ( 363): DVI mode selected: packets not configured
03-19 11:23:58.976 I/ ( 363): Error: set vsif failed
03-19 11:23:58.976 I/ ( 363): DVI mode selected: packets not configured
03-19 11:23:58.976 I/ ( 363): Error: set vsif failed
03-19 11:23:59.000 I/ ( 363): DVI mode selected: packets not configured
03-19 11:23:59.000 I/ ( 363): Error: set vsif failed
03-19 11:23:59.001 I/ ( 363): DVI mode selected: packets not configured
03-19 11:23:59.001 I/ ( 363): Error: set vsif failed
03-19 11:23:59.011 I/ ( 363): DVI mode selected: packets not configured
03-19 11:23:59.011 I/ ( 363): Error: set vsif failed
03-19 11:23:59.011 I/ ( 363): DVI mode selected: packets not configured
03-19 11:23:59.011 I/ ( 363): Error: set vsif failed
03-19 11:23:59.105 E/WifiHAL ( 663): wifi_get_link_stats: requestResponse Error:-5
03-19 11:23:59.106 E/WifiVendorHal( 487): getWifiLinkLayerStats_1_5_Internal(l.1191) failed {.code = ERROR_INVALID_ARGS, .description = }
03-19 11:23:59.408 D/hdmi-cec( 261): receive invalid cec message!
03-19 11:23:59.408 D/hdmi-cec( 261): receive poll message [04], skip!
03-19 11:23:59.529 W/IorapForwardingService( 487): No service published for: iorapd
03-19 11:23:59.716 I/BLEAudioDrive_HV410( 248): select timeout!
03-19 11:24:00.532 W/IorapForwardingService( 487): No service published for: iorapd
03-19 11:24:00.597 E/dangbei111( 1047): cccccc 准备开始进行 startScanInner
03-19 11:24:00.597 E/dangbei111( 1047): cccccc 真正开始进入扫描流程啦
03-19 11:24:00.602 E/dangbei111( 1047): cccccc 检查遥控器是否连接: Dangbei C7:44:13:5B:41:8C
03-19 11:24:00.605 E/dangbei111( 1047): cccccc 检查遥控器是否连接: 蓝牙的结果 Dangbei C7:44:13:5B:41:8C false
03-19 11:24:00.605 E/dangbei111( 1047): cccccc input中没有遥控器存在
03-19 11:24:00.605 E/dangbei111( 1047): cccccc 蓝牙状态连接 不是连接状态 啥都不干
03-19 11:24:00.608 E/dangbei111( 1047): cccccc 蓝牙状态连接 配对状态 啥都不做
03-19 11:24:00.608 E/dangbei111( 1047): 开始扫描 com.dangbei.remotecontroller.RCHelper$3@a7c2fd4
03-19 11:24:00.608 D/BluetoothAdapter( 1047): isLeEnabled(): ON
03-19 11:24:01.534 W/IorapForwardingService( 487): No service published for: iorapd
03-19 11:24:02.119 E/WifiHAL ( 663): wifi_get_link_stats: requestResponse Error:-5
03-19 11:24:02.120 E/WifiVendorHal( 487): getWifiLinkLayerStats_1_5_Internal(l.1191) failed {.code = ERROR_INVALID_ARGS, .description = }
03-19 11:24:02.537 W/IorapForwardingService( 487): No service published for: iorapd
03-19 11:24:03.539 W/IorapForwardingService( 487): No service published for: iorapd
03-19 11:24:03.609 E/dangbei111( 1047): cccccc 准备开始进行 startScanInner
03-19 11:24:03.610 E/dangbei111( 1047): cccccc 小于10s 由于之前已经开始扫描了 不在开启新的扫描
03-19 11:24:04.542 W/IorapForwardingService( 487): No service published for: iorapd
03-19 11:24:04.624 D/aaa ( 7639): LedStatusService onStartCommand begin
03-19 11:24:04.625 D/bbb ( 1203): onStartCommand begin !!!!!!! data分区剩余 24948MB
03-19 11:24:04.627 D/aaa ( 7639): topPkg is -------------- :com.dangbei.haqusetting
03-19 11:24:04.933 W/hdr10p_Configure( 363): 130 callbacks suppressed
03-19 11:24:04.933 I/ ( 363): DVI mode selected: packets not configured
03-19 11:24:04.933 W/set_vsif_config( 363): 130 callbacks suppressed
03-19 11:24:04.933 I/ ( 363): Error: set vsif failed
03-19 11:24:04.933 I/ ( 363): DVI mode selected: packets not configured
03-19 11:24:04.933 I/ ( 363): Error: set vsif failed
03-19 11:24:04.959 I/ ( 363): DVI mode selected: packets not configured
03-19 11:24:04.959 I/ ( 363): Error: set vsif failed
03-19 11:24:04.959 I/ ( 363): DVI mode selected: packets not configured
03-19 11:24:04.959 I/ ( 363): Error: set vsif failed
03-19 11:24:04.983 I/ ( 363): DVI mode selected: packets not configured
03-19 11:24:04.983 I/ ( 363): Error: set vsif failed
03-19 11:24:04.983 I/ ( 363): DVI mode selected: packets not configured
03-19 11:24:04.984 I/ ( 363): Error: set vsif failed
03-19 11:24:05.009 I/ ( 363): DVI mode selected: packets not configured
03-19 11:24:05.009 I/ ( 363): Error: set vsif failed
03-19 11:24:05.009 I/ ( 363): DVI mode selected: packets not configured
03-19 11:24:05.009 I/ ( 363): Error: set vsif failed
03-19 11:24:05.027 I/ ( 363): DVI mode selected: packets not configured
03-19 11:24:05.027 I/ ( 363): Error: set vsif failed
03-19 11:24:05.027 I/ ( 363): DVI mode selected: packets not configured
03-19 11:24:05.027 I/ ( 363): Error: set vsif failed
03-19 11:24:05.138 E/WifiHAL ( 663): wifi_get_link_stats: requestResponse Error:-5
03-19 11:24:05.140 E/WifiVendorHal( 487): getWifiLinkLayerStats_1_5_Internal(l.1191) failed {.code = ERROR_INVALID_ARGS, .description = }
03-19 11:24:05.544 W/IorapForwardingService( 487): No service published for: iorapd
03-19 11:24:06.546 W/IorapForwardingService( 487): No service published for: iorapd
03-19 11:24:06.583 E/dangbei111( 1047): cccccc 检查遥控器是否连接: Dangbei C7:44:13:5B:41:8C
03-19 11:24:06.584 E/dangbei111( 1047): cccccc 检查遥控器是否连接: 蓝牙的结果 Dangbei C7:44:13:5B:41:8C false
03-19 11:24:06.584 E/dangbei111( 1047): cccccc input中没有遥控器存在
03-19 11:24:06.584 E/dangbei111( 1047): cccccc 蓝牙状态连接 不是连接状态 啥都不干
03-19 11:24:06.585 E/dangbei111( 1047): cccccc 蓝牙状态连接 配对状态 啥都不做
03-19 11:24:06.586 E/dangbei111( 1047): scan get device,state=11
03-19 11:24:07.549 W/IorapForwardingService( 487): No service published for: iorapd
03-19 11:24:08.154 E/WifiHAL ( 663): wifi_get_link_stats: requestResponse Error:-5
03-19 11:24:08.155 E/WifiVendorHal( 487): getWifiLinkLayerStats_1_5_Internal(l.1191) failed {.code = ERROR_INVALID_ARGS, .description = }
03-19 11:24:08.551 W/IorapForwardingService( 487): No service published for: iorapd
03-19 11:24:09.553 W/IorapForwardingService( 487): No service published for: iorapd
03-19 11:24:09.589 E/dangbei111( 1047): cccccc 准备开始进行 startScanInner
03-19 11:24:09.589 E/dangbei111( 1047): cccccc 小于10s 由于之前已经开始扫描了 不在开启新的扫描
03-19 11:24:09.724 I/BLEAudioDrive_HV410( 248): select timeout!
03-19 11:24:10.556 W/IorapForwardingService( 487): No service published for: iorapd
03-19 11:24:10.739 W/ZramWriteback( 487): Writeback device is not set
03-19 11:24:10.739 D/ZramWriteback( 487): wait to flush
03-19 11:24:10.941 W/hdr10p_Configure( 363): 132 callbacks suppressed
03-19 11:24:10.941 I/ ( 363): DVI mode selected: packets not configured
03-19 11:24:10.941 W/set_vsif_config( 363): 132 callbacks suppressed
03-19 11:24:10.941 I/ ( 363): Error: set vsif failed
03-19 11:24:10.942 I/ ( 363): DVI mode selected: packets not configured
03-19 11:24:10.942 I/ ( 363): Error: set vsif failed
03-19 11:24:10.968 I/ ( 363): DVI mode selected: packets not configured
03-19 11:24:10.968 I/ ( 363): Error: set vsif failed
03-19 11:24:10.968 I/ ( 363): DVI mode selected: packets not configured
03-19 11:24:10.968 I/ ( 363): Error: set vsif failed
03-19 11:24:10.992 I/ ( 363): DVI mode selected: packets not configured
03-19 11:24:10.992 I/ ( 363): Error: set vsif failed
03-19 11:24:10.992 I/ ( 363): DVI mode selected: packets not configured
03-19 11:24:10.992 I/ ( 363): Error: set vsif failed
03-19 11:24:11.016 I/ ( 363): DVI mode selected: packets not configured
03-19 11:24:11.016 I/ ( 363): Error: set vsif failed
03-19 11:24:11.017 I/ ( 363): DVI mode selected: packets not configured
03-19 11:24:11.017 I/ ( 363): Error: set vsif failed
03-19 11:24:11.026 I/ ( 363): DVI mode selected: packets not configured
03-19 11:24:11.026 I/ ( 363): Error: set vsif failed
03-19 11:24:11.026 I/ ( 363): DVI mode selected: packets not configured
03-19 11:24:11.026 I/ ( 363): Error: set vsif failed
03-19 11:24:11.164 E/WifiHAL ( 663): wifi_get_link_stats: requestResponse Error:-5
03-19 11:24:11.164 E/WifiVendorHal( 487): getWifiLinkLayerStats_1_5_Internal(l.1191) failed {.code = ERROR_INVALID_ARGS, .description = }
03-19 11:24:11.558 W/IorapForwardingService( 487): No service published for: iorapd
03-19 11:24:12.560 W/IorapForwardingService( 487): No service published for: iorapd
03-19 11:24:12.630 D/aaa ( 7639): LedStatusService onStartCommand begin
03-19 11:24:12.632 D/aaa ( 7639): topPkg is -------------- :com.dangbei.haqusetting
03-19 11:24:12.632 D/bbb ( 1203): onStartCommand begin !!!!!!! data分区剩余 24948MB
03-19 11:24:13.562 W/IorapForwardingService( 487): No service published for: iorapd
03-19 11:24:14.059 E/dangbei111( 1047): cccccc 检查遥控器是否连接: Dangbei C7:44:13:5B:41:8C
03-19 11:24:14.061 E/dangbei111( 1047): cccccc 检查遥控器是否连接: 蓝牙的结果 Dangbei C7:44:13:5B:41:8C false
03-19 11:24:14.062 E/dangbei111( 1047): cccccc input中没有遥控器存在
03-19 11:24:14.062 E/dangbei111( 1047): cccccc 蓝牙状态连接 不是连接状态 啥都不干
03-19 11:24:14.065 E/dangbei111( 1047): cccccc 蓝牙状态连接 配对状态 啥都不做
03-19 11:24:14.178 E/WifiHAL ( 663): wifi_get_link_stats: requestResponse Error:-5
03-19 11:24:14.180 E/WifiVendorHal( 487): getWifiLinkLayerStats_1_5_Internal(l.1191) failed {.code = ERROR_INVALID_ARGS, .description = }
03-19 11:24:14.435 D/hdmi-cec( 261): receive invalid cec message!
03-19 11:24:14.435 D/hdmi-cec( 261): receive poll message [04], skip!
03-19 11:24:14.564 W/IorapForwardingService( 487): No service published for: iorapd
03-19 11:24:15.566 W/IorapForwardingService( 487): No service published for: iorapd
03-19 11:24:15.582 E/ccc ( 1047): cccccc sendCycleCheckBroadcast
03-19 11:24:15.582 W/ContextImpl( 1047): Calling a method in the system process without a qualified user: android.app.ContextImpl.sendBroadcast:1173 android.content.ContextWrapper.sendBroadcast:479 com.dangbei.etna.setting.core.SettingHelper.sendCycleToProjector:250 com.dangbei.etna.setting.core.SettingHelper.sendCycleCheckBroadcast:219 com.dangbei.etna.setting.core.SettingHelper.startLoop$lambda-0:177
03-19 11:24:15.585 W/ContextImpl( 1047): Calling a method in the system process without a qualified user: android.app.ContextImpl.sendBroadcast:1173 android.content.ContextWrapper.sendBroadcast:479 com.dangbei.etna.setting.core.SettingHelper.sendCycleToVoice:235 com.dangbei.etna.setting.core.SettingHelper.sendCycleCheckBroadcast:220 com.dangbei.etna.setting.core.SettingHelper.startLoop$lambda-0:177
03-19 11:24:15.589 E/ActivityManager( 487): Sending non-protected broadcast com.dangbei.etna.setting.action_cycle_check_broadcast from system 1047:com.dangbei.lerad.etna.haqu/1000 pkg com.dangbei.lerad.etna.haqu
03-19 11:24:15.589 E/ActivityManager( 487): java.lang.Throwable
03-19 11:24:15.589 E/ActivityManager( 487): at com.android.server.am.ActivityManagerService.checkBroadcastFromSystem(ActivityManagerService.java:12816)
03-19 11:24:15.589 E/ActivityManager( 487): at com.android.server.am.ActivityManagerService.broadcastIntentLocked(ActivityManagerService.java:13513)
03-19 11:24:15.589 E/ActivityManager( 487): at com.android.server.am.ActivityManagerService.broadcastIntentLocked(ActivityManagerService.java:12833)
03-19 11:24:15.589 E/ActivityManager( 487): at com.android.server.am.ActivityManagerService.broadcastIntentWithFeature(ActivityManagerService.java:13670)
03-19 11:24:15.589 E/ActivityManager( 487): at android.app.IActivityManager$Stub.onTransact(IActivityManager.java:2326)
03-19 11:24:15.589 E/ActivityManager( 487): at com.android.server.am.ActivityManagerService.onTransact(ActivityManagerService.java:2509)
03-19 11:24:15.589 E/ActivityManager( 487): at android.os.Binder.execTransactInternal(Binder.java:1179)
03-19 11:24:15.589 E/ActivityManager( 487): at android.os.Binder.execTransact(Binder.java:1143)
03-19 11:24:15.592 I/DropBoxManagerService( 487): add tag=system_server_wtf isTagEnabled=true flags=0x2
03-19 11:24:15.597 D/RockyVoice( 1262): RestartReceiver onReceive
03-19 11:24:16.568 W/IorapForwardingService( 487): No service published for: iorapd
03-19 11:24:16.947 W/hdr10p_Configure( 363): 126 callbacks suppressed
03-19 11:24:16.947 I/ ( 363): DVI mode selected: packets not configured
03-19 11:24:16.947 W/set_vsif_config( 363): 126 callbacks suppressed
03-19 11:24:16.947 I/ ( 363): Error: set vsif failed
03-19 11:24:16.947 I/ ( 363): DVI mode selected: packets not configured
03-19 11:24:16.947 I/ ( 363): Error: set vsif failed
03-19 11:24:16.973 I/ ( 363): DVI mode selected: packets not configured
03-19 11:24:16.973 I/ ( 363): Error: set vsif failed
03-19 11:24:16.973 I/ ( 363): DVI mode selected: packets not configured
03-19 11:24:16.973 I/ ( 363): Error: set vsif failed
03-19 11:24:16.997 I/ ( 363): DVI mode selected: packets not configured
03-19 11:24:16.997 I/ ( 363): Error: set vsif failed
03-19 11:24:16.997 I/ ( 363): DVI mode selected: packets not configured
03-19 11:24:16.997 I/ ( 363): Error: set vsif failed
03-19 11:24:17.021 I/ ( 363): DVI mode selected: packets not configured
03-19 11:24:17.021 I/ ( 363): Error: set vsif failed
03-19 11:24:17.021 I/ ( 363): DVI mode selected: packets not configured
03-19 11:24:17.021 I/ ( 363): Error: set vsif failed
03-19 11:24:17.044 I/ ( 363): DVI mode selected: packets not configured
03-19 11:24:17.044 I/ ( 363): Error: set vsif failed
03-19 11:24:17.044 I/ ( 363): DVI mode selected: packets not configured
03-19 11:24:17.044 I/ ( 363): Error: set vsif failed
03-19 11:24:17.069 E/dangbei111( 1047): cccccc 准备开始进行 startScanInner
03-19 11:24:17.070 E/dangbei111( 1047): cccccc 真正开始进入扫描流程啦
03-19 11:24:17.075 E/dangbei111( 1047): cccccc 检查遥控器是否连接: Dangbei C7:44:13:5B:41:8C
03-19 11:24:17.079 E/dangbei111( 1047): cccccc 检查遥控器是否连接: 蓝牙的结果 Dangbei C7:44:13:5B:41:8C false
03-19 11:24:17.079 E/dangbei111( 1047): cccccc input中没有遥控器存在
03-19 11:24:17.079 E/dangbei111( 1047): cccccc 蓝牙状态连接 不是连接状态 啥都不干
03-19 11:24:17.082 E/dangbei111( 1047): cccccc 蓝牙状态连接 配对状态 啥都不做
03-19 11:24:17.082 E/dangbei111( 1047): 开始扫描 com.dangbei.remotecontroller.RCHelper$3@a7c2fd4
03-19 11:24:17.083 D/BluetoothAdapter( 1047): isLeEnabled(): ON
03-19 11:24:17.192 E/WifiHAL ( 663): wifi_get_link_stats: requestResponse Error:-5
03-19 11:24:17.194 E/WifiVendorHal( 487): getWifiLinkLayerStats_1_5_Internal(l.1191) failed {.code = ERROR_INVALID_ARGS, .description = }
03-19 11:24:17.570 W/IorapForwardingService( 487): No service published for: iorapd
03-19 11:24:17.577 E/dangbei111( 1047): cccccc 检查遥控器是否连接: Dangbei C7:44:13:5B:41:8C
03-19 11:24:17.580 E/dangbei111( 1047): cccccc 检查遥控器是否连接: 蓝牙的结果 Dangbei C7:44:13:5B:41:8C false
03-19 11:24:17.580 E/dangbei111( 1047): cccccc input中没有遥控器存在
03-19 11:24:17.580 E/dangbei111( 1047): cccccc 蓝牙状态连接 不是连接状态 啥都不干
03-19 11:24:17.582 E/dangbei111( 1047): cccccc 蓝牙状态连接 配对状态 啥都不做
03-19 11:24:17.584 E/dangbei111( 1047): scan get device,state=11
03-19 11:24:18.573 W/IorapForwardingService( 487): No service published for: iorapd
03-19 11:24:19.096 I/WifiService( 487): startScan uid=1000
03-19 11:24:19.098 E/ccc ( 2949): cccccc i will start scan
03-19 11:24:19.575 W/IorapForwardingService( 487): No service published for: iorapd
03-19 11:24:19.725 I/BLEAudioDrive_HV410( 248): select timeout!
03-19 11:24:20.206 E/WifiHAL ( 663): wifi_get_link_stats: requestResponse Error:-5
03-19 11:24:20.207 E/WifiVendorHal( 487): getWifiLinkLayerStats_1_5_Internal(l.1191) failed {.code = ERROR_INVALID_ARGS, .description = }
03-19 11:24:20.578 W/IorapForwardingService( 487): No service published for: iorapd
03-19 11:24:20.585 E/dangbei111( 1047): cccccc 准备开始进行 startScanInner
03-19 11:24:20.586 E/dangbei111( 1047): cccccc 小于10s 由于之前已经开始扫描了 不在开启新的扫描
03-19 11:24:20.679 D/aaa ( 7639): LedStatusService onStartCommand begin
03-19 11:24:20.682 D/bbb ( 1203): onStartCommand begin !!!!!!! data分区剩余 24948MB
03-19 11:24:20.682 D/aaa ( 7639): topPkg is -------------- :com.dangbei.haqusetting
03-19 11:24:20.899 D/WifiNl80211Manager( 487): Scan result ready event
03-19 11:24:20.899 D/WifiNative( 487): Scan result ready event
03-19 11:24:20.956 E/ccc ( 2949): cccccc SCAN_RESULTS_AVAILABLE_ACTION hhhh
03-19 11:24:20.957 E/hq ( 1119): NetWorkStateReceiver:::NetWorkStateReceiver onReceive: 网络变化广播 >>>> intent.action=android.net.wifi.SCAN_RESULTS
03-19 11:24:20.959 D/PasspointManager( 487): ANQP entry not found for: f8:14:fe:4f:93:01:
03-19 11:24:20.967 E/WifiHAL ( 663): wifi_get_link_stats: requestResponse Error:-5
03-19 11:24:20.969 E/WifiVendorHal( 487): getWifiLinkLayerStats_1_5_Internal(l.1191) failed {.code = ERROR_INVALID_ARGS, .description = }
03-19 11:24:20.985 W/eventbuscore( 1119): post Event:com.dangbei.leard.base.entity.event.NetWifiRssiEvent
03-19 11:24:20.992 E/ccc ( 2949): cccccc result is not empty call back
03-19 11:24:20.992 E/ccc ( 2949): cccccc 666666666666666
03-19 11:24:21.010 E/ccc ( 2949): cccccc sort 2 58
03-19 11:24:21.120 I/system_server( 487): Background young concurrent copying GC freed 174125(6758KB) AllocSpace objects, 53(1076KB) LOS objects, 32% free, 15MB/22MB, paused 578us total 181.616ms
03-19 11:24:21.581 W/IorapForwardingService( 487): No service published for: iorapd
03-19 11:24:22.331 E/dangbei111( 1047): cccccc 检查遥控器是否连接: Dangbei C7:44:13:5B:41:8C
03-19 11:24:22.332 E/dangbei111( 1047): cccccc 检查遥控器是否连接: 蓝牙的结果 Dangbei C7:44:13:5B:41:8C false
03-19 11:24:22.332 E/dangbei111( 1047): cccccc input中没有遥控器存在
03-19 11:24:22.332 E/dangbei111( 1047): cccccc 蓝牙状态连接 不是连接状态 啥都不干
03-19 11:24:22.333 E/dangbei111( 1047): cccccc 蓝牙状态连接 配对状态 啥都不做
03-19 11:24:22.333 E/dangbei111( 1047): scan get device,state=11
03-19 11:24:22.583 W/IorapForwardingService( 487): No service published for: iorapd
03-19 11:24:22.961 W/hdr10p_Configure( 363): 130 callbacks suppressed
03-19 11:24:22.961 I/ ( 363): DVI mode selected: packets not configured
03-19 11:24:22.961 W/set_vsif_config( 363): 130 callbacks suppressed
03-19 11:24:22.961 I/ ( 363): Error: set vsif failed
03-19 11:24:22.961 I/ ( 363): DVI mode selected: packets not configured
03-19 11:24:22.961 I/ ( 363): Error: set vsif failed
03-19 11:24:22.987 I/ ( 363): DVI mode selected: packets not configured
03-19 11:24:22.988 I/ ( 363): Error: set vsif failed
03-19 11:24:22.988 I/ ( 363): DVI mode selected: packets not configured
03-19 11:24:22.988 I/ ( 363): Error: set vsif failed
03-19 11:24:23.012 I/ ( 363): DVI mode selected: packets not configured
03-19 11:24:23.012 I/ ( 363): Error: set vsif failed
03-19 11:24:23.012 I/ ( 363): DVI mode selected: packets not configured
03-19 11:24:23.012 I/ ( 363): Error: set vsif failed
03-19 11:24:23.036 I/ ( 363): DVI mode selected: packets not configured
03-19 11:24:23.036 I/ ( 363): Error: set vsif failed
03-19 11:24:23.036 I/ ( 363): DVI mode selected: packets not configured
03-19 11:24:23.036 I/ ( 363): Error: set vsif failed
03-19 11:24:23.059 I/ ( 363): DVI mode selected: packets not configured
03-19 11:24:23.059 I/ ( 363): Error: set vsif failed
03-19 11:24:23.059 I/ ( 363): DVI mode selected: packets not configured
03-19 11:24:23.059 I/ ( 363): Error: set vsif failed
03-19 11:24:23.220 E/WifiHAL ( 663): wifi_get_link_stats: requestResponse Error:-5
03-19 11:24:23.221 E/WifiVendorHal( 487): getWifiLinkLayerStats_1_5_Internal(l.1191) failed {.code = ERROR_INVALID_ARGS, .description = }
03-19 11:24:23.585 W/IorapForwardingService( 487): No service published for: iorapd
03-19 11:24:24.587 W/IorapForwardingService( 487): No service published for: iorapd
03-19 11:24:25.336 E/dangbei111( 1047): cccccc 准备开始进行 startScanInner
03-19 11:24:25.336 E/dangbei111( 1047): cccccc 小于10s 由于之前已经开始扫描了 不在开启新的扫描
03-19 11:24:25.590 W/IorapForwardingService( 487): No service published for: iorapd
03-19 11:24:26.231 E/WifiHAL ( 663): wifi_get_link_stats: requestResponse Error:-5
03-19 11:24:26.232 E/WifiVendorHal( 487): getWifiLinkLayerStats_1_5_Internal(l.1191) failed {.code = ERROR_INVALID_ARGS, .description = }
03-19 11:24:26.592 W/IorapForwardingService( 487): No service published for: iorapd
03-19 11:24:27.595 W/IorapForwardingService( 487): No service published for: iorapd
03-19 11:24:28.596 W/IorapForwardingService( 487): No service published for: iorapd
03-19 11:24:28.727 D/bbb ( 1203): onStartCommand begin !!!!!!! data分区剩余 24948MB
03-19 11:24:28.729 D/aaa ( 7639): LedStatusService onStartCommand begin
03-19 11:24:28.733 D/aaa ( 7639): topPkg is -------------- :com.dangbei.haqusetting
03-19 11:24:28.974 W/hdr10p_Configure( 363): 128 callbacks suppressed
03-19 11:24:28.974 I/ ( 363): DVI mode selected: packets not configured
03-19 11:24:28.974 W/set_vsif_config( 363): 128 callbacks suppressed
03-19 11:24:28.974 I/ ( 363): Error: set vsif failed
03-19 11:24:28.974 I/ ( 363): DVI mode selected: packets not configured
03-19 11:24:28.974 I/ ( 363): Error: set vsif failed
03-19 11:24:29.000 I/ ( 363): DVI mode selected: packets not configured
03-19 11:24:29.000 I/ ( 363): Error: set vsif failed
03-19 11:24:29.000 I/ ( 363): DVI mode selected: packets not configured
03-19 11:24:29.000 I/ ( 363): Error: set vsif failed
03-19 11:24:29.024 I/ ( 363): DVI mode selected: packets not configured
03-19 11:24:29.024 I/ ( 363): Error: set vsif failed
03-19 11:24:29.024 I/ ( 363): DVI mode selected: packets not configured
03-19 11:24:29.025 I/ ( 363): Error: set vsif failed
03-19 11:24:29.049 I/ ( 363): DVI mode selected: packets not configured
03-19 11:24:29.049 I/ ( 363): Error: set vsif failed
03-19 11:24:29.049 I/ ( 363): DVI mode selected: packets not configured
03-19 11:24:29.049 I/ ( 363): Error: set vsif failed
03-19 11:24:29.061 I/ ( 363): DVI mode selected: packets not configured
03-19 11:24:29.061 I/ ( 363): Error: set vsif failed
03-19 11:24:29.061 I/ ( 363): DVI mode selected: packets not configured
03-19 11:24:29.061 I/ ( 363): Error: set vsif failed
03-19 11:24:29.246 E/WifiHAL ( 663): wifi_get_link_stats: requestResponse Error:-5
03-19 11:24:29.247 E/WifiVendorHal( 487): getWifiLinkLayerStats_1_5_Internal(l.1191) failed {.code = ERROR_INVALID_ARGS, .description = }
03-19 11:24:29.461 D/hdmi-cec( 261): receive invalid cec message!
03-19 11:24:29.461 D/hdmi-cec( 261): receive poll message [04], skip!
03-19 11:24:29.599 W/IorapForwardingService( 487): No service published for: iorapd
03-19 11:24:29.727 I/BLEAudioDrive_HV410( 248): select timeout!
03-19 11:24:30.601 W/IorapForwardingService( 487): No service published for: iorapd
03-19 11:24:31.604 W/IorapForwardingService( 487): No service published for: iorapd
03-19 11:24:32.261 E/WifiHAL ( 663): wifi_get_link_stats: requestResponse Error:-5
03-19 11:24:32.262 E/WifiVendorHal( 487): getWifiLinkLayerStats_1_5_Internal(l.1191) failed {.code = ERROR_INVALID_ARGS, .description = }
03-19 11:24:32.606 W/IorapForwardingService( 487): No service published for: iorapd
03-19 11:24:33.609 W/IorapForwardingService( 487): No service published for: iorapd
03-19 11:24:34.610 W/IorapForwardingService( 487): No service published for: iorapd
03-19 11:24:34.987 W/hdr10p_Configure( 363): 132 callbacks suppressed
03-19 11:24:34.987 I/ ( 363): DVI mode selected: packets not configured
03-19 11:24:34.987 W/set_vsif_config( 363): 132 callbacks suppressed
03-19 11:24:34.987 I/ ( 363): Error: set vsif failed
03-19 11:24:34.988 I/ ( 363): DVI mode selected: packets not configured
03-19 11:24:34.988 I/ ( 363): Error: set vsif failed
03-19 11:24:35.014 I/ ( 363): DVI mode selected: packets not configured
03-19 11:24:35.014 I/ ( 363): Error: set vsif failed
03-19 11:24:35.014 I/ ( 363): DVI mode selected: packets not configured
03-19 11:24:35.014 I/ ( 363): Error: set vsif failed
03-19 11:24:35.038 I/ ( 363): DVI mode selected: packets not configured
03-19 11:24:35.038 I/ ( 363): Error: set vsif failed
03-19 11:24:35.038 I/ ( 363): DVI mode selected: packets not configured
03-19 11:24:35.038 I/ ( 363): Error: set vsif failed
03-19 11:24:35.063 I/ ( 363): DVI mode selected: packets not configured
03-19 11:24:35.063 I/ ( 363): Error: set vsif failed
03-19 11:24:35.064 I/ ( 363): DVI mode selected: packets not configured
03-19 11:24:35.064 I/ ( 363): Error: set vsif failed
03-19 11:24:35.076 I/ ( 363): DVI mode selected: packets not configured
03-19 11:24:35.076 I/ ( 363): Error: set vsif failed
03-19 11:24:35.076 I/ ( 363): DVI mode selected: packets not configured
03-19 11:24:35.076 I/ ( 363): Error: set vsif failed
03-19 11:24:35.205 E/dangbei111( 1047): cccccc 检查遥控器是否连接: Dangbei C7:44:13:5B:41:8C
03-19 11:24:35.208 E/dangbei111( 1047): cccccc 检查遥控器是否连接: 蓝牙的结果 Dangbei C7:44:13:5B:41:8C false
03-19 11:24:35.208 E/dangbei111( 1047): cccccc input中没有遥控器存在
03-19 11:24:35.208 E/dangbei111( 1047): cccccc 蓝牙状态连接 不是连接状态 啥都不干
03-19 11:24:35.210 E/dangbei111( 1047): cccccc 蓝牙状态连接 配对状态 啥都不做
03-19 11:24:35.213 E/dangbei111( 1047): scan get device,state=11
03-19 11:24:35.275 E/WifiHAL ( 663): wifi_get_link_stats: requestResponse Error:-5
03-19 11:24:35.276 E/WifiVendorHal( 487): getWifiLinkLayerStats_1_5_Internal(l.1191) failed {.code = ERROR_INVALID_ARGS, .description = }
03-19 11:24:35.613 W/IorapForwardingService( 487): No service published for: iorapd
03-19 11:24:36.615 W/IorapForwardingService( 487): No service published for: iorapd
03-19 11:24:36.776 D/aaa ( 7639): LedStatusService onStartCommand begin
03-19 11:24:36.777 D/aaa ( 7639): topPkg is -------------- :com.dangbei.haqusetting
03-19 11:24:36.781 D/bbb ( 1203): onStartCommand begin !!!!!!! data分区剩余 24948MB
03-19 11:24:37.617 W/IorapForwardingService( 487): No service published for: iorapd
03-19 11:24:38.213 E/dangbei111( 1047): cccccc 准备开始进行 startScanInner
03-19 11:24:38.213 E/dangbei111( 1047): cccccc 真正开始进入扫描流程啦
03-19 11:24:38.217 E/dangbei111( 1047): cccccc 检查遥控器是否连接: Dangbei C7:44:13:5B:41:8C
03-19 11:24:38.220 E/dangbei111( 1047): cccccc 检查遥控器是否连接: 蓝牙的结果 Dangbei C7:44:13:5B:41:8C false
03-19 11:24:38.221 E/dangbei111( 1047): cccccc input中没有遥控器存在
03-19 11:24:38.221 E/dangbei111( 1047): cccccc 蓝牙状态连接 不是连接状态 啥都不干
03-19 11:24:38.223 E/dangbei111( 1047): cccccc 蓝牙状态连接 配对状态 啥都不做
03-19 11:24:38.223 E/dangbei111( 1047): 开始扫描 com.dangbei.remotecontroller.RCHelper$3@a7c2fd4
03-19 11:24:38.223 D/BluetoothAdapter( 1047): isLeEnabled(): ON
03-19 11:24:38.287 E/WifiHAL ( 663): wifi_get_link_stats: requestResponse Error:-5
03-19 11:24:38.288 E/WifiVendorHal( 487): getWifiLinkLayerStats_1_5_Internal(l.1191) failed {.code = ERROR_INVALID_ARGS, .description = }
03-19 11:24:38.619 W/IorapForwardingService( 487): No service published for: iorapd
03-19 11:24:39.621 W/IorapForwardingService( 487): No service published for: iorapd
03-19 11:24:39.730 I/BLEAudioDrive_HV410( 248): select timeout!
03-19 11:24:40.623 W/IorapForwardingService( 487): No service published for: iorapd
03-19 11:24:40.741 W/ZramWriteback( 487): Writeback device is not set
03-19 11:24:40.741 D/ZramWriteback( 487): wait to flush
03-19 11:24:40.997 W/hdr10p_Configure( 363): 126 callbacks suppressed
03-19 11:24:40.997 I/ ( 363): DVI mode selected: packets not configured
03-19 11:24:40.997 W/set_vsif_config( 363): 126 callbacks suppressed
03-19 11:24:40.997 I/ ( 363): Error: set vsif failed
03-19 11:24:40.998 I/ ( 363): DVI mode selected: packets not configured
03-19 11:24:40.998 I/ ( 363): Error: set vsif failed
03-19 11:24:41.023 I/ ( 363): DVI mode selected: packets not configured
03-19 11:24:41.023 I/ ( 363): Error: set vsif failed
03-19 11:24:41.024 I/ ( 363): DVI mode selected: packets not configured
03-19 11:24:41.024 I/ ( 363): Error: set vsif failed
03-19 11:24:41.049 I/ ( 363): DVI mode selected: packets not configured
03-19 11:24:41.049 I/ ( 363): Error: set vsif failed
03-19 11:24:41.049 I/ ( 363): DVI mode selected: packets not configured
03-19 11:24:41.049 I/ ( 363): Error: set vsif failed
03-19 11:24:41.073 I/ ( 363): DVI mode selected: packets not configured
03-19 11:24:41.073 I/ ( 363): Error: set vsif failed
03-19 11:24:41.073 I/ ( 363): DVI mode selected: packets not configured
03-19 11:24:41.073 I/ ( 363): Error: set vsif failed
03-19 11:24:41.093 I/ ( 363): DVI mode selected: packets not configured
03-19 11:24:41.093 I/ ( 363): Error: set vsif failed
03-19 11:24:41.094 I/ ( 363): DVI mode selected: packets not configured
03-19 11:24:41.094 I/ ( 363): Error: set vsif failed
03-19 11:24:41.224 E/dangbei111( 1047): cccccc 准备开始进行 startScanInner
03-19 11:24:41.225 E/dangbei111( 1047): cccccc 小于10s 由于之前已经开始扫描了 不在开启新的扫描
03-19 11:24:41.304 E/WifiHAL ( 663): wifi_get_link_stats: requestResponse Error:-5
03-19 11:24:41.307 E/WifiVendorHal( 487): getWifiLinkLayerStats_1_5_Internal(l.1191) failed {.code = ERROR_INVALID_ARGS, .description = }
03-19 11:24:41.625 W/IorapForwardingService( 487): No service published for: iorapd
03-19 11:24:42.627 W/IorapForwardingService( 487): No service published for: iorapd
03-19 11:24:43.628 W/IorapForwardingService( 487): No service published for: iorapd
03-19 11:24:44.081 I/d.leradlaunche( 1119): Background young concurrent copying GC freed 98145(5178KB) AllocSpace objects, 0(0B) LOS objects, 14% free, 31MB/36MB, paused 379us total 135.686ms
03-19 11:24:44.316 E/WifiHAL ( 663): wifi_get_link_stats: requestResponse Error:-5
03-19 11:24:44.317 E/WifiVendorHal( 487): getWifiLinkLayerStats_1_5_Internal(l.1191) failed {.code = ERROR_INVALID_ARGS, .description = }
03-19 11:24:44.486 D/hdmi-cec( 261): receive invalid cec message!
03-19 11:24:44.486 D/hdmi-cec( 261): receive poll message [04], skip!
03-19 11:24:44.630 W/IorapForwardingService( 487): No service published for: iorapd
03-19 11:24:44.782 D/aaa ( 7639): LedStatusService onStartCommand begin
03-19 11:24:44.784 D/aaa ( 7639): topPkg is -------------- :com.dangbei.haqusetting
03-19 11:24:44.784 D/bbb ( 1203): onStartCommand begin !!!!!!! data分区剩余 24948MB
03-19 11:24:45.632 W/IorapForwardingService( 487): No service published for: iorapd
03-19 11:24:46.635 W/IorapForwardingService( 487): No service published for: iorapd
03-19 11:24:47.004 W/hdr10p_Configure( 363): 128 callbacks suppressed
03-19 11:24:47.004 I/ ( 363): DVI mode selected: packets not configured
03-19 11:24:47.004 W/set_vsif_config( 363): 128 callbacks suppressed
03-19 11:24:47.004 I/ ( 363): Error: set vsif failed
03-19 11:24:47.004 I/ ( 363): DVI mode selected: packets not configured
03-19 11:24:47.004 I/ ( 363): Error: set vsif failed
03-19 11:24:47.030 I/ ( 363): DVI mode selected: packets not configured
03-19 11:24:47.030 I/ ( 363): Error: set vsif failed
03-19 11:24:47.030 I/ ( 363): DVI mode selected: packets not configured
03-19 11:24:47.030 I/ ( 363): Error: set vsif failed
03-19 11:24:47.055 I/ ( 363): DVI mode selected: packets not configured
03-19 11:24:47.055 I/ ( 363): Error: set vsif failed
03-19 11:24:47.055 I/ ( 363): DVI mode selected: packets not configured
03-19 11:24:47.055 I/ ( 363): Error: set vsif failed
03-19 11:24:47.079 I/ ( 363): DVI mode selected: packets not configured
03-19 11:24:47.079 I/ ( 363): Error: set vsif failed
03-19 11:24:47.079 I/ ( 363): DVI mode selected: packets not configured
03-19 11:24:47.079 I/ ( 363): Error: set vsif failed
03-19 11:24:47.094 I/ ( 363): DVI mode selected: packets not configured
03-19 11:24:47.094 I/ ( 363): Error: set vsif failed
03-19 11:24:47.094 I/ ( 363): DVI mode selected: packets not configured
03-19 11:24:47.094 I/ ( 363): Error: set vsif failed
03-19 11:24:47.095 E/dangbei111( 1047): cccccc 检查遥控器是否连接: Dangbei C7:44:13:5B:41:8C
03-19 11:24:47.098 E/dangbei111( 1047): cccccc 检查遥控器是否连接: 蓝牙的结果 Dangbei C7:44:13:5B:41:8C false
03-19 11:24:47.098 E/dangbei111( 1047): cccccc input中没有遥控器存在
03-19 11:24:47.098 E/dangbei111( 1047): cccccc 蓝牙状态连接 不是连接状态 啥都不干
03-19 11:24:47.101 E/dangbei111( 1047): cccccc 蓝牙状态连接 配对状态 啥都不做
03-19 11:24:47.104 E/dangbei111( 1047): scan get device,state=11
03-19 11:24:47.327 E/WifiHAL ( 663): wifi_get_link_stats: requestResponse Error:-5
03-19 11:24:47.328 E/WifiVendorHal( 487): getWifiLinkLayerStats_1_5_Internal(l.1191) failed {.code = ERROR_INVALID_ARGS, .description = }
03-19 11:24:47.637 W/IorapForwardingService( 487): No service published for: iorapd
03-19 11:24:48.640 W/IorapForwardingService( 487): No service published for: iorapd
03-19 11:24:49.642 W/IorapForwardingService( 487): No service published for: iorapd
03-19 11:24:49.740 I/BLEAudioDrive_HV410( 248): select timeout!
03-19 11:24:50.104 E/dangbei111( 1047): cccccc 准备开始进行 startScanInner
03-19 11:24:50.104 E/dangbei111( 1047): cccccc 真正开始进入扫描流程啦
03-19 11:24:50.108 E/dangbei111( 1047): cccccc 检查遥控器是否连接: Dangbei C7:44:13:5B:41:8C
03-19 11:24:50.111 E/dangbei111( 1047): cccccc 检查遥控器是否连接: 蓝牙的结果 Dangbei C7:44:13:5B:41:8C false
03-19 11:24:50.111 E/dangbei111( 1047): cccccc input中没有遥控器存在
03-19 11:24:50.111 E/dangbei111( 1047): cccccc 蓝牙状态连接 不是连接状态 啥都不干
03-19 11:24:50.113 E/dangbei111( 1047): cccccc 蓝牙状态连接 配对状态 啥都不做
03-19 11:24:50.113 E/dangbei111( 1047): 开始扫描 com.dangbei.remotecontroller.RCHelper$3@a7c2fd4
03-19 11:24:50.113 D/BluetoothAdapter( 1047): isLeEnabled(): ON
03-19 11:24:50.342 E/WifiHAL ( 663): wifi_get_link_stats: requestResponse Error:-5
03-19 11:24:50.343 E/WifiVendorHal( 487): getWifiLinkLayerStats_1_5_Internal(l.1191) failed {.code = ERROR_INVALID_ARGS, .description = }
03-19 11:24:50.644 W/IorapForwardingService( 487): No service published for: iorapd
03-19 11:24:50.951 E/dangbei111( 1047): cccccc 检查遥控器是否连接: Dangbei C7:44:13:5B:41:8C
