03-19 11:20:23.574 E/ActivityManager( 487): at com.android.server.am.ActivityManagerService.broadcastIntentLocked(ActivityManagerService.java:13416)
03-19 11:20:23.574 E/ActivityManager( 487): at com.android.server.am.ActivityManagerService.broadcastIntentLocked(ActivityManagerService.java:12833)
03-19 11:20:23.574 E/ActivityManager( 487): at com.android.server.am.ActivityManagerService.broadcastIntentWithFeature(ActivityManagerService.java:13670)
03-19 11:20:23.574 E/ActivityManager( 487): at android.app.IActivityManager$Stub.onTransact(IActivityManager.java:2326)
03-19 11:20:23.574 E/ActivityManager( 487): at com.android.server.am.ActivityManagerService.onTransact(ActivityManagerService.java:2509)
03-19 11:20:23.574 E/ActivityManager( 487): at android.os.Binder.execTransactInternal(Binder.java:1179)
03-19 11:20:23.574 E/ActivityManager( 487): at android.os.Binder.execTransact(Binder.java:1143)
03-19 11:20:23.576 E/ActivityManager( 487): Sending non-protected broadcast com.dangbei.remote.connected from system 1047:com.dangbei.lerad.etna.haqu/1000 pkg com.dangbei.lerad.etna.haqu
03-19 11:20:23.576 E/ActivityManager( 487): java.lang.Throwable
03-19 11:20:23.576 E/ActivityManager( 487): at com.android.server.am.ActivityManagerService.checkBroadcastFromSystem(ActivityManagerService.java:12816)
03-19 11:20:23.576 E/ActivityManager( 487): at com.android.server.am.ActivityManagerService.broadcastIntentLocked(ActivityManagerService.java:13513)
03-19 11:20:23.576 E/ActivityManager( 487): at com.android.server.am.ActivityManagerService.broadcastIntentLocked(ActivityManagerService.java:12833)
03-19 11:20:23.576 E/ActivityManager( 487): at com.android.server.am.ActivityManagerService.broadcastIntentWithFeature(ActivityManagerService.java:13670)
03-19 11:20:23.576 E/ActivityManager( 487): at android.app.IActivityManager$Stub.onTransact(IActivityManager.java:2326)
03-19 11:20:23.576 E/ActivityManager( 487): at com.android.server.am.ActivityManagerService.onTransact(ActivityManagerService.java:2509)
03-19 11:20:23.576 E/ActivityManager( 487): at android.os.Binder.execTransactInternal(Binder.java:1179)
03-19 11:20:23.576 E/ActivityManager( 487): at android.os.Binder.execTransact(Binder.java:1143)
03-19 11:20:23.577 I/DropBoxManagerService( 487): add tag=system_server_wtf isTagEnabled=true flags=0x2
03-19 11:20:23.581 I/DropBoxManagerService( 487): add tag=system_server_wtf isTagEnabled=true flags=0x2
03-19 11:20:23.583 E/dangbei111( 1047): 读出来的遥控器版本为空
03-19 11:20:23.589 E/dangbei111( 1047): cccccc 检查遥控器是否连接: Dangbei C9:B5:96:5C:E3:ED
03-19 11:20:23.592 E/dangbei111( 1047): cccccc 检查遥控器是否连接: 蓝牙的结果 Dangbei C9:B5:96:5C:E3:ED false
03-19 11:20:23.592 E/dangbei111( 1047): cccccc input中没有遥控器存在
03-19 11:20:23.592 E/dangbei111( 1047): cccccc 蓝牙状态连接 不是连接状态 啥都不干
03-19 11:20:23.595 E/dangbei111( 1047): cccccc 蓝牙状态连接 配对状态 啥都不做
03-19 11:20:23.595 E/dangbei111( 1047): cccccc 没有遥控器连接 不进行 getRCInfo return
03-19 11:20:24.055 W/IorapForwardingService( 487): No service published for: iorapd
03-19 11:20:24.449 E/bt_upio ( 249): upio_set : /proc/bluetooth/sleep/btwrite(-1) incorrent
03-19 11:20:25.057 W/IorapForwardingService( 487): No service published for: iorapd
03-19 11:20:25.103 E/WifiHAL ( 663): wifi_get_link_stats: requestResponse Error:-5
03-19 11:20:25.104 E/WifiVendorHal( 487): getWifiLinkLayerStats_1_5_Internal(l.1191) failed {.code = ERROR_INVALID_ARGS, .description = }
03-19 11:20:25.542 W/hdr10p_Configure( 363): 132 callbacks suppressed
03-19 11:20:25.542 I/ ( 363): DVI mode selected: packets not configured
03-19 11:20:25.542 W/set_vsif_config( 363): 132 callbacks suppressed
03-19 11:20:25.542 I/ ( 363): Error: set vsif failed
03-19 11:20:25.542 I/ ( 363): DVI mode selected: packets not configured
03-19 11:20:25.542 I/ ( 363): Error: set vsif failed
03-19 11:20:25.568 I/ ( 363): DVI mode selected: packets not configured
03-19 11:20:25.568 I/ ( 363): Error: set vsif failed
03-19 11:20:25.568 I/ ( 363): DVI mode selected: packets not configured
03-19 11:20:25.568 I/ ( 363): Error: set vsif failed
03-19 11:20:25.593 I/ ( 363): DVI mode selected: packets not configured
03-19 11:20:25.593 I/ ( 363): Error: set vsif failed
03-19 11:20:25.594 I/ ( 363): DVI mode selected: packets not configured
03-19 11:20:25.594 I/ ( 363): Error: set vsif failed
03-19 11:20:25.618 I/ ( 363): DVI mode selected: packets not configured
03-19 11:20:25.618 I/ ( 363): Error: set vsif failed
03-19 11:20:25.618 I/ ( 363): DVI mode selected: packets not configured
03-19 11:20:25.618 I/ ( 363): Error: set vsif failed
03-19 11:20:25.625 I/ ( 363): DVI mode selected: packets not configured
03-19 11:20:25.625 I/ ( 363): Error: set vsif failed
03-19 11:20:25.626 I/ ( 363): DVI mode selected: packets not configured
03-19 11:20:25.626 I/ ( 363): Error: set vsif failed
03-19 11:20:26.060 W/IorapForwardingService( 487): No service published for: iorapd
03-19 11:20:26.596 E/dangbei111( 1047): cccccc 准备开始进行 startScanInner
03-19 11:20:26.596 E/dangbei111( 1047): cccccc 真正开始进入扫描流程啦
03-19 11:20:26.602 E/dangbei111( 1047): cccccc 检查遥控器是否连接: Dangbei C9:B5:96:5C:E3:ED
03-19 11:20:26.605 E/dangbei111( 1047): cccccc 检查遥控器是否连接: 蓝牙的结果 Dangbei C9:B5:96:5C:E3:ED false
03-19 11:20:26.605 E/dangbei111( 1047): cccccc input中没有遥控器存在
03-19 11:20:26.605 E/dangbei111( 1047): cccccc 蓝牙状态连接 不是连接状态 啥都不干
03-19 11:20:26.608 E/dangbei111( 1047): cccccc 蓝牙状态连接 配对状态 啥都不做
03-19 11:20:26.608 E/dangbei111( 1047): 开始扫描 com.dangbei.remotecontroller.RCHelper$3@3dc9f5
03-19 11:20:26.609 D/BluetoothAdapter( 1047): isLeEnabled(): ON
03-19 11:20:26.612 I/bluetooth( 672): system/bt/stack/gatt/gatt_api.cc:1019 GATT_Register: Allocated name:GattClient uuid:b88e1a63-ad15-a4fe-bb79-feaf04e38973 gatt_if:8 eatt_support:0
03-19 11:20:26.612 I/bt_bta_gattc( 672): system/bt/bta/gatt/bta_gattc_act.cc:1110 bta_gattc_conn_cback: Connected att_id:8 transport:le reason:GATT_CONN_OK
03-19 11:20:26.613 D/BluetoothLeScanner( 1047): onScannerRegistered() - status=0 scannerId=8 mScannerId=0
03-19 11:20:26.619 E/bt_upio ( 249): upio_set : /proc/bluetooth/sleep/btwrite(-1) incorrent
03-19 11:20:27.063 W/IorapForwardingService( 487): No service published for: iorapd
03-19 11:20:27.176 I/bt_stack( 672): [INFO:btsnoop.cc(338)] clear_l2cap_allowlist: Clearing acceptlist from l2cap channel. conn_handle=16 cid=4:4
03-19 11:20:27.178 I/bt_stack( 672): [INFO:gatt_attr.cc(338)] gatt_connect_cback: remove untrusted client status, bda=c7:44:13:5b:41:8c
03-19 11:20:27.178 I/bluetooth( 672): system/bt/stack/gap/gap_ble.cc:298 client_connect_cback: No active GAP service found for peer:xx:xx:xx:xx:41:8c callback:Disconnected
03-19 11:20:27.178 I/bt_bta_gattc( 672): system/bt/bta/gatt/bta_gattc_act.cc:1115 bta_gattc_conn_cback: Disconnected att_id:3 transport:le reason:GATT_CONN_TIMEOUT
03-19 11:20:27.178 I/bt_bta_gattc( 672): system/bt/bta/gatt/bta_gattc_act.cc:1115 bta_gattc_conn_cback: Disconnected att_id:4 transport:le reason:GATT_CONN_TIMEOUT
03-19 11:20:27.178 I/bt_bta_gattc( 672): system/bt/bta/gatt/bta_gattc_act.cc:1115 bta_gattc_conn_cback: Disconnected att_id:5 transport:le reason:GATT_CONN_TIMEOUT
03-19 11:20:27.178 I/bt_bta_gattc( 672): system/bt/bta/gatt/bta_gattc_act.cc:1115 bta_gattc_conn_cback: Disconnected att_id:6 transport:le reason:GATT_CONN_TIMEOUT
03-19 11:20:27.178 I/bt_bta_gattc( 672): system/bt/bta/gatt/bta_gattc_act.cc:1115 bta_gattc_conn_cback: Disconnected att_id:8 transport:le reason:GATT_CONN_TIMEOUT
03-19 11:20:27.179 W/bt_btm_sec( 672): system/bt/stack/btm/btm_sec.cc:3685 btm_sec_disconnected: Got uncommon disconnection reason:Connection Timeout handle:0x0010
03-19 11:20:27.179 I/btif_av ( 672): system/bt/btif/src/btif_av.cc:3352 btif_av_acl_disconnected: btif_av_acl_disconnected: Peer c7:44:13:5b:41:8c : ACL Disconnected
03-19 11:20:27.179 I/btif_av ( 672): system/bt/btif/src/btif_av.cc:1078 FindOrCreatePeer: BtifAvPeer *BtifAvSource::FindOrCreatePeer(const RawAddress &, tBTA_AV_HNDL): Create peer: peer_address=c7:44:13:5b:41:8c bta_handle=0x41 peer_id=0
03-19 11:20:27.179 I/btif_av ( 672): system/bt/btif/src/btif_av.cc:3279 btif_av_get_peer_sep: No active sink or source peer found
03-19 11:20:27.179 I/bt_btif_a2dp_source( 672): system/bt/btif/src/btif_a2dp_source.cc:691 btif_a2dp_source_on_idle: btif_a2dp_source_on_idle: state=STATE_OFF
03-19 11:20:27.179 I/btif_av ( 672): system/bt/btif/src/btif_av.cc:3279 btif_av_get_peer_sep: No active sink or source peer found
03-19 11:20:27.179 I/bt_btif_a2dp_source( 672): system/bt/btif/src/btif_a2dp_source.cc:691 btif_a2dp_source_on_idle: btif_a2dp_source_on_idle: state=STATE_OFF
03-19 11:20:27.179 I/btif_av ( 672): system/bt/btif/src/btif_av.cc:1123 DeleteIdlePeers: DeleteIdlePeers: Deleting idle peer: c7:44:13:5b:41:8c bta_handle=0x41
03-19 11:20:27.180 D/BluetoothGatt( 1047): onClientConnectionState() - status=0 clientIf=5 device=C7:44:13:5B:41:8C
03-19 11:20:27.180 D/BluetoothGatt( 1047): onClientConnectionState() - status=0 clientIf=6 device=C7:44:13:5B:41:8C
03-19 11:20:27.192 E/bond ( 2949): name=Dangbei,state=10,action=android.bluetooth.device.action.ACL_DISCONNECTED
03-19 11:20:27.193 I/dangbei111( 1047): cccccc on receiver=android.bluetooth.device.action.ACL_DISCONNECTED,mac=C7:44:13:5B:41:8C
03-19 11:20:27.394 I/bluetooth( 672): system/bt/stack/gatt/connection_manager.cc:185 on_connection_complete: Le connection completed to device:c7:44:13:5b:41:8c
03-19 11:20:27.394 I/bt_btm_ble( 672): system/bt/stack/btm/btm_ble.cc:1699 btm_ble_connected: Updating device record timestamp for existing ble connection
03-19 11:20:27.467 I/bt_stack( 672): [INFO:gatt_attr.cc(880)] gatt_sr_init_cl_status: bda=c7:44:13:5b:41:8c, cl_supp_feat=0000, aware=1
03-19 11:20:27.467 I/bluetooth( 672): system/bt/stack/gap/gap_ble.cc:298 client_connect_cback: No active GAP service found for peer:xx:xx:xx:xx:41:8c callback:Connected
03-19 11:20:27.467 I/bt_bta_gattc( 672): system/bt/bta/gatt/bta_gattc_act.cc:1110 bta_gattc_conn_cback: Connected att_id:3 transport:le reason:GATT_CONN_OK
03-19 11:20:27.467 I/bt_bta_gattc( 672): system/bt/bta/gatt/bta_gattc_act.cc:1110 bta_gattc_conn_cback: Connected att_id:4 transport:le reason:GATT_CONN_OK
03-19 11:20:27.467 I/bt_bta_gattc( 672): system/bt/bta/gatt/bta_gattc_act.cc:1110 bta_gattc_conn_cback: Connected att_id:5 transport:le reason:GATT_CONN_OK
03-19 11:20:27.467 I/bt_bta_gattc( 672): system/bt/bta/gatt/bta_gattc_act.cc:1110 bta_gattc_conn_cback: Connected att_id:6 transport:le reason:GATT_CONN_OK
03-19 11:20:27.467 I/bt_bta_gattc( 672): system/bt/bta/gatt/bta_gattc_act.cc:1110 bta_gattc_conn_cback: Connected att_id:8 transport:le reason:GATT_CONN_OK
03-19 11:20:27.467 I/bluetooth( 672): system/bt/stack/gatt/connection_manager.cc:185 on_connection_complete: Le connection completed to device:c7:44:13:5b:41:8c
03-19 11:20:27.467 I/bt_stack( 672): [INFO:eatt_impl.h(634)] connect device c7:44:13:5b:41:8c rolecentral
03-19 11:20:27.467 I/bt_btif_dm( 672): system/bt/btif/src/btif_dm.cc:497 btif_update_remote_version_property: Remote version info valid:true [xx:xx:xx:xx:41:8c]: 8, 50e, 8
03-19 11:20:27.477 E/bt_stack( 672): [ERROR:bta_gattc_cache.cc(940)] bta_gattc_cache_load: can't open GATT cache file /data/misc/bluetooth/gatt_cache_c744135b418c for reading, error: No such file or directory
03-19 11:20:27.477 I/bt_stack( 672): [INFO:hearing_aid.cc(1796)] GetDeviceCount: Not initialized yet
03-19 11:20:27.477 I/bt_stack( 672): [INFO:gatt_api.cc(708)] GATTC_Discover conn_id=0x0005, disc_type=1, s_handle=0x0001, e_handle=0xffff
03-19 11:20:27.483 D/BluetoothGatt( 1047): onClientConnectionState() - status=0 clientIf=5 device=C7:44:13:5B:41:8C
03-19 11:20:27.484 D/BluetoothGatt( 1047): discoverServices() - device: C7:44:13:5B:41:8C
03-19 11:20:27.484 D/BluetoothGatt( 1047): onClientConnectionState() - status=0 clientIf=6 device=C7:44:13:5B:41:8C
03-19 11:20:27.484 D/BluetoothGatt( 1047): discoverServices() - device: C7:44:13:5B:41:8C
03-19 11:20:27.485 E/BluetoothPhonePolicy( 672): Received unexpected intent, action=android.bluetooth.device.action.ACL_CONNECTED
03-19 11:20:27.486 I/BluetoothPhonePolicy( 672): processDeviceConnected, device=C7:44:13:5B:41:8C
03-19 11:20:27.486 D/BluetoothDatabase( 672): setConnection: device=C7:44:13:5B:41:8C and isA2dpDevice=false
03-19 11:20:27.486 D/BluetoothDatabase( 672): Updating last connected time for device: C7:44:13:5B:41:8C to 201
03-19 11:20:27.486 D/BluetoothDatabase( 672): updateDatabase C7:44:13:5B:41:8C
03-19 11:20:27.493 E/bond ( 2949): name=Dangbei,state=10,action=android.bluetooth.device.action.ACL_CONNECTED
03-19 11:20:27.494 I/dangbei111( 1047): cccccc on receiver=android.bluetooth.device.action.ACL_CONNECTED,mac=C7:44:13:5B:41:8C
03-19 11:20:27.494 I/dangbei111( 1047): cccccc 收到 ACTION_ACL_CONNECTED 的广播
03-19 11:20:27.494 E/dangbei111( 1047): 5s后准备进行遥控器ota信息检测
03-19 11:20:27.512 I/bt_stack( 672): [INFO:eatt_impl.h(578)] supported_features_cb c7:44:13:5b:41:8c is_eatt_supported = 0
03-19 11:20:27.603 D/BluetoothGatt( 1047): onConnectionUpdated() - Device=C7:44:13:5B:41:8C interval=6 latency=0 timeout=200 status=0
03-19 11:20:27.604 D/BluetoothGatt( 1047): onConnectionUpdated() - Device=C7:44:13:5B:41:8C interval=6 latency=0 timeout=200 status=0
03-19 11:20:27.624 D/bbb ( 1203): onStartCommand begin !!!!!!! data分区剩余 24948MB
03-19 11:20:27.627 D/aaa ( 7639): LedStatusService onStartCommand begin
03-19 11:20:27.629 D/aaa ( 7639): topPkg is -------------- :com.dangbei.haqusetting
03-19 11:20:27.639 I/bt_stack( 672): [INFO:gatt_api.cc(708)] GATTC_Discover conn_id=0x0005, disc_type=3, s_handle=0x0001, e_handle=0x0009
03-19 11:20:27.655 I/bt_stack( 672): [INFO:gatt_api.cc(708)] GATTC_Discover conn_id=0x0005, disc_type=4, s_handle=0x0001, e_handle=0x0009
03-19 11:20:27.707 I/bt_stack( 672): [INFO:gatt_api.cc(708)] GATTC_Discover conn_id=0x0005, disc_type=3, s_handle=0x000a, e_handle=0x000d
03-19 11:20:27.722 I/bt_stack( 672): [INFO:gatt_api.cc(708)] GATTC_Discover conn_id=0x0005, disc_type=4, s_handle=0x000a, e_handle=0x000d
03-19 11:20:27.752 I/bt_stack( 672): [INFO:gatt_api.cc(708)] GATTC_Discover conn_id=0x0005, disc_type=5, s_handle=0x000d, e_handle=0x000d
03-19 11:20:27.767 I/bt_stack( 672): [INFO:gatt_api.cc(708)] GATTC_Discover conn_id=0x0005, disc_type=3, s_handle=0x000e, e_handle=0x0011
03-19 11:20:27.782 I/bt_stack( 672): [INFO:gatt_api.cc(708)] GATTC_Discover conn_id=0x0005, disc_type=4, s_handle=0x000e, e_handle=0x0011
03-19 11:20:27.812 I/bt_stack( 672): [INFO:gatt_api.cc(708)] GATTC_Discover conn_id=0x0005, disc_type=5, s_handle=0x0011, e_handle=0x0011
03-19 11:20:27.827 I/bt_stack( 672): [INFO:gatt_api.cc(708)] GATTC_Discover conn_id=0x0005, disc_type=3, s_handle=0x0012, e_handle=0x001e
03-19 11:20:27.842 I/bt_stack( 672): [INFO:gatt_api.cc(708)] GATTC_Discover conn_id=0x0005, disc_type=4, s_handle=0x0012, e_handle=0x001e
03-19 11:20:27.902 I/bt_stack( 672): [INFO:gatt_api.cc(708)] GATTC_Discover conn_id=0x0005, disc_type=3, s_handle=0x001f, e_handle=0x0042
03-19 11:20:27.917 I/bt_stack( 672): [INFO:gatt_api.cc(708)] GATTC_Discover conn_id=0x0005, disc_type=4, s_handle=0x001f, e_handle=0x0042
03-19 11:20:28.022 I/bt_stack( 672): [INFO:gatt_api.cc(708)] GATTC_Discover conn_id=0x0005, disc_type=5, s_handle=0x0024, e_handle=0x0024
03-19 11:20:28.037 I/bt_stack( 672): [INFO:gatt_api.cc(708)] GATTC_Discover conn_id=0x0005, disc_type=5, s_handle=0x0029, e_handle=0x0029
03-19 11:20:28.052 I/bt_stack( 672): [INFO:gatt_api.cc(708)] GATTC_Discover conn_id=0x0005, disc_type=5, s_handle=0x002e, e_handle=0x002e
03-19 11:20:28.065 W/IorapForwardingService( 487): No service published for: iorapd
03-19 11:20:28.067 I/bt_stack( 672): [INFO:gatt_api.cc(708)] GATTC_Discover conn_id=0x0005, disc_type=5, s_handle=0x0031, e_handle=0x0032
03-19 11:20:28.082 I/bt_stack( 672): [INFO:gatt_api.cc(708)] GATTC_Discover conn_id=0x0005, disc_type=5, s_handle=0x0035, e_handle=0x0036
03-19 11:20:28.097 I/bt_stack( 672): [INFO:gatt_api.cc(708)] GATTC_Discover conn_id=0x0005, disc_type=5, s_handle=0x0039, e_handle=0x003a
03-19 11:20:28.112 I/bt_stack( 672): [INFO:gatt_api.cc(708)] GATTC_Discover conn_id=0x0005, disc_type=5, s_handle=0x003d, e_handle=0x003d
03-19 11:20:28.116 E/WifiHAL ( 663): wifi_get_link_stats: requestResponse Error:-5
03-19 11:20:28.117 E/WifiVendorHal( 487): getWifiLinkLayerStats_1_5_Internal(l.1191) failed {.code = ERROR_INVALID_ARGS, .description = }
03-19 11:20:28.127 I/bt_stack( 672): [INFO:gatt_api.cc(708)] GATTC_Discover conn_id=0x0005, disc_type=5, s_handle=0x0040, e_handle=0x0040
03-19 11:20:28.142 I/bt_stack( 672): [INFO:gatt_api.cc(708)] GATTC_Discover conn_id=0x0005, disc_type=3, s_handle=0x0043, e_handle=0x0051
03-19 11:20:28.157 I/bt_stack( 672): [INFO:gatt_api.cc(708)] GATTC_Discover conn_id=0x0005, disc_type=4, s_handle=0x0043, e_handle=0x0051
03-19 11:20:28.217 I/bt_stack( 672): [INFO:gatt_api.cc(708)] GATTC_Discover conn_id=0x0005, disc_type=5, s_handle=0x0046, e_handle=0x0046
03-19 11:20:28.232 I/bt_stack( 672): [INFO:gatt_api.cc(708)] GATTC_Discover conn_id=0x0005, disc_type=5, s_handle=0x0049, e_handle=0x0049
03-19 11:20:28.247 I/bt_stack( 672): [INFO:gatt_api.cc(708)] GATTC_Discover conn_id=0x0005, disc_type=5, s_handle=0x004c, e_handle=0x004c
03-19 11:20:28.262 I/bt_stack( 672): [INFO:gatt_api.cc(708)] GATTC_Discover conn_id=0x0005, disc_type=5, s_handle=0x004f, e_handle=0x004f
03-19 11:20:28.277 I/bt_stack( 672): [INFO:bta_gattc_cache.cc(219)] bta_gattc_explore_srvc_finished: service discovery finished
03-19 11:20:28.281 I/bt_bta_gattc( 672): system/bt/bta/gatt/bta_gattc_cache.cc:902 bta_gattc_get_gatt_db: bta_gattc_get_gatt_db
03-19 11:20:28.283 I/bt_bta_gattc( 672): system/bt/bta/gatt/bta_gattc_cache.cc:902 bta_gattc_get_gatt_db: bta_gattc_get_gatt_db
03-19 11:20:28.283 D/BluetoothGatt( 1047): onSearchComplete() = Device=C7:44:13:5B:41:8C Status=0
03-19 11:20:28.284 D/BluetoothGatt( 1047): onSearchComplete() = Device=C7:44:13:5B:41:8C Status=0
03-19 11:20:28.317 E/dangbei111( 1047): battery level=100
03-19 11:20:28.345 D/BluetoothGatt( 1047): onConnectionUpdated() - Device=C7:44:13:5B:41:8C interval=12 latency=0 timeout=200 status=0
03-19 11:20:28.345 D/BluetoothGatt( 1047): onConnectionUpdated() - Device=C7:44:13:5B:41:8C interval=12 latency=0 timeout=200 status=0
03-19 11:20:29.050 D/hdmi-cec( 261): receive invalid cec message!
03-19 11:20:29.050 D/hdmi-cec( 261): receive poll message [04], skip!
03-19 11:20:29.067 W/IorapForwardingService( 487): No service published for: iorapd
03-19 11:20:29.374 I/bt_stack( 672): [INFO:hearing_aid.cc(1796)] GetDeviceCount: Not initialized yet
03-19 11:20:29.509 D/BluetoothGatt( 1047): onConnectionUpdated() - Device=C7:44:13:5B:41:8C interval=9 latency=79 timeout=300 status=0
03-19 11:20:29.509 D/BluetoothGatt( 1047): onConnectionUpdated() - Device=C7:44:13:5B:41:8C interval=9 latency=79 timeout=300 status=0
03-19 11:20:29.569 I/BLEAudioDrive_HV410( 248): select timeout!
03-19 11:20:30.069 W/IorapForwardingService( 487): No service published for: iorapd
03-19 11:20:30.348 I/bt_stack( 672): [INFO:gatt_sr.cc(815)] MTU request PDU with MTU size 140
03-19 11:20:30.349 W/bt_stack( 672): [WARNING:gatt_utils.cc(790)] Call back not found for application conn_id=3
03-19 11:20:30.349 W/bt_stack( 672): [WARNING:gatt_utils.cc(790)] Call back not found for application conn_id=4
03-19 11:20:30.349 W/bt_stack( 672): [WARNING:gatt_utils.cc(790)] Call back not found for application conn_id=5
03-19 11:20:30.349 W/bt_stack( 672): [WARNING:gatt_utils.cc(790)] Call back not found for application conn_id=6
03-19 11:20:30.349 W/bt_stack( 672): [WARNING:gatt_utils.cc(790)] Call back not found for application conn_id=8
03-19 11:20:30.502 E/dangbei111( 1047): cccccc 检查遥控器是否连接: Dangbei C9:B5:96:5C:E3:ED
03-19 11:20:30.505 E/dangbei111( 1047): cccccc 检查遥控器是否连接: 蓝牙的结果 Dangbei C9:B5:96:5C:E3:ED false
03-19 11:20:30.505 E/dangbei111( 1047): cccccc input中没有遥控器存在
03-19 11:20:30.505 E/dangbei111( 1047): cccccc 蓝牙状态连接 不是连接状态 啥都不干
03-19 11:20:30.508 E/dangbei111( 1047): cccccc 蓝牙状态连接 配对状态 啥都不做
03-19 11:20:30.508 E/dangbei111( 1047): cccccc 没有遥控器连接 不进行 getRCInfo return
03-19 11:20:30.508 E/dangbei111( 1047): getBattery delay 0
03-19 11:20:30.513 E/dangbei111( 1047): 5mins后会再次获取电量
03-19 11:20:30.513 E/dangbei111( 1047): getBattery delay 300000
03-19 11:20:31.071 W/IorapForwardingService( 487): No service published for: iorapd
03-19 11:20:31.132 E/WifiHAL ( 663): wifi_get_link_stats: requestResponse Error:-5
03-19 11:20:31.133 E/WifiVendorHal( 487): getWifiLinkLayerStats_1_5_Internal(l.1191) failed {.code = ERROR_INVALID_ARGS, .description = }
03-19 11:20:31.558 W/hdr10p_Configure( 363): 128 callbacks suppressed
03-19 11:20:31.558 I/ ( 363): DVI mode selected: packets not configured
03-19 11:20:31.558 W/set_vsif_config( 363): 128 callbacks suppressed
03-19 11:20:31.558 I/ ( 363): Error: set vsif failed
03-19 11:20:31.558 I/ ( 363): DVI mode selected: packets not configured
03-19 11:20:31.558 I/ ( 363): Error: set vsif failed
03-19 11:20:31.584 I/ ( 363): DVI mode selected: packets not configured
03-19 11:20:31.584 I/ ( 363): Error: set vsif failed
03-19 11:20:31.584 I/ ( 363): DVI mode selected: packets not configured
03-19 11:20:31.584 I/ ( 363): Error: set vsif failed
03-19 11:20:31.609 I/ ( 363): DVI mode selected: packets not configured
03-19 11:20:31.609 I/ ( 363): Error: set vsif failed
03-19 11:20:31.609 I/ ( 363): DVI mode selected: packets not configured
03-19 11:20:31.609 I/ ( 363): Error: set vsif failed
03-19 11:20:31.633 I/ ( 363): DVI mode selected: packets not configured
03-19 11:20:31.633 I/ ( 363): Error: set vsif failed
03-19 11:20:31.633 I/ ( 363): DVI mode selected: packets not configured
03-19 11:20:31.633 I/ ( 363): Error: set vsif failed
03-19 11:20:31.643 I/ ( 363): DVI mode selected: packets not configured
03-19 11:20:31.643 I/ ( 363): Error: set vsif failed
03-19 11:20:31.643 I/ ( 363): DVI mode selected: packets not configured
03-19 11:20:31.643 I/ ( 363): Error: set vsif failed
03-19 11:20:32.073 W/IorapForwardingService( 487): No service published for: iorapd
03-19 11:20:32.499 E/dangbei111( 1047): cccccc 检测到网络 准备请求遥控器ota信息
03-19 11:20:32.500 W/ContextImpl( 1047): Calling a method in the system process without a qualified user: android.app.ContextImpl.sendBroadcast:1173 android.content.ContextWrapper.sendBroadcast:479 com.dangbei.remotecontroller.RemoteControllerReceiver.sendMessageToUpdateHelper:122 com.dangbei.remotecontroller.RemoteControllerReceiver.access$100:28 com.dangbei.remotecontroller.RemoteControllerReceiver$1.handleMessage:41
03-19 11:20:32.502 E/ActivityManager( 487): Sending non-protected broadcast com.dangbei.remote.connected from system 1047:com.dangbei.lerad.etna.haqu/1000 pkg com.dangbei.lerad.etna.haqu
03-19 11:20:32.502 E/ActivityManager( 487): java.lang.Throwable
03-19 11:20:32.502 E/ActivityManager( 487): at com.android.server.am.ActivityManagerService.checkBroadcastFromSystem(ActivityManagerService.java:12816)
03-19 11:20:32.502 E/ActivityManager( 487): at com.android.server.am.ActivityManagerService.broadcastIntentLocked(ActivityManagerService.java:13416)
03-19 11:20:32.502 E/ActivityManager( 487): at com.android.server.am.ActivityManagerService.broadcastIntentLocked(ActivityManagerService.java:12833)
03-19 11:20:32.502 E/ActivityManager( 487): at com.android.server.am.ActivityManagerService.broadcastIntentWithFeature(ActivityManagerService.java:13670)
03-19 11:20:32.502 E/ActivityManager( 487): at android.app.IActivityManager$Stub.onTransact(IActivityManager.java:2326)
03-19 11:20:32.502 E/ActivityManager( 487): at com.android.server.am.ActivityManagerService.onTransact(ActivityManagerService.java:2509)
03-19 11:20:32.502 E/ActivityManager( 487): at android.os.Binder.execTransactInternal(Binder.java:1179)
03-19 11:20:32.502 E/ActivityManager( 487): at android.os.Binder.execTransact(Binder.java:1143)
03-19 11:20:32.504 E/ActivityManager( 487): Sending non-protected broadcast com.dangbei.remote.connected from system 1047:com.dangbei.lerad.etna.haqu/1000 pkg com.dangbei.lerad.etna.haqu
03-19 11:20:32.504 E/ActivityManager( 487): java.lang.Throwable
03-19 11:20:32.504 E/ActivityManager( 487): at com.android.server.am.ActivityManagerService.checkBroadcastFromSystem(ActivityManagerService.java:12816)
03-19 11:20:32.504 E/ActivityManager( 487): at com.android.server.am.ActivityManagerService.broadcastIntentLocked(ActivityManagerService.java:13513)
03-19 11:20:32.504 E/ActivityManager( 487): at com.android.server.am.ActivityManagerService.broadcastIntentLocked(ActivityManagerService.java:12833)
03-19 11:20:32.504 E/ActivityManager( 487): at com.android.server.am.ActivityManagerService.broadcastIntentWithFeature(ActivityManagerService.java:13670)
03-19 11:20:32.504 E/ActivityManager( 487): at android.app.IActivityManager$Stub.onTransact(IActivityManager.java:2326)
03-19 11:20:32.504 E/ActivityManager( 487): at com.android.server.am.ActivityManagerService.onTransact(ActivityManagerService.java:2509)
03-19 11:20:32.504 E/ActivityManager( 487): at android.os.Binder.execTransactInternal(Binder.java:1179)
03-19 11:20:32.504 E/ActivityManager( 487): at android.os.Binder.execTransact(Binder.java:1143)
03-19 11:20:32.505 I/DropBoxManagerService( 487): add tag=system_server_wtf isTagEnabled=true flags=0x2
03-19 11:20:32.509 I/DropBoxManagerService( 487): add tag=system_server_wtf isTagEnabled=true flags=0x2
03-19 11:20:32.510 E/dangbei111( 1047): 读出来的遥控器版本为空
03-19 11:20:32.516 E/dangbei111( 1047): cccccc 检查遥控器是否连接: Dangbei C9:B5:96:5C:E3:ED
03-19 11:20:32.519 E/dangbei111( 1047): cccccc 检查遥控器是否连接: 蓝牙的结果 Dangbei C9:B5:96:5C:E3:ED false
03-19 11:20:32.519 E/dangbei111( 1047): cccccc input中没有遥控器存在
03-19 11:20:32.519 E/dangbei111( 1047): cccccc 蓝牙状态连接 不是连接状态 啥都不干
03-19 11:20:32.521 E/dangbei111( 1047): cccccc 蓝牙状态连接 配对状态 啥都不做
03-19 11:20:32.521 E/dangbei111( 1047): cccccc 没有遥控器连接 不进行 getRCInfo return
03-19 11:20:33.075 W/IorapForwardingService( 487): No service published for: iorapd
03-19 11:20:33.262 I/bt_stack( 672): [INFO:btsnoop.cc(338)] clear_l2cap_allowlist: Clearing acceptlist from l2cap channel. conn_handle=16 cid=4:4
03-19 11:20:33.263 I/bt_stack( 672): [INFO:gatt_attr.cc(338)] gatt_connect_cback: remove untrusted client status, bda=c7:44:13:5b:41:8c
03-19 11:20:33.263 I/bluetooth( 672): system/bt/stack/gap/gap_ble.cc:298 client_connect_cback: No active GAP service found for peer:xx:xx:xx:xx:41:8c callback:Disconnected
03-19 11:20:33.263 I/bt_bta_gattc( 672): system/bt/bta/gatt/bta_gattc_act.cc:1115 bta_gattc_conn_cback: Disconnected att_id:3 transport:le reason:GATT_CONN_TERMINATE_PEER_USER
03-19 11:20:33.263 I/bt_bta_gattc( 672): system/bt/bta/gatt/bta_gattc_act.cc:1115 bta_gattc_conn_cback: Disconnected att_id:4 transport:le reason:GATT_CONN_TERMINATE_PEER_USER
03-19 11:20:33.263 I/bt_bta_gattc( 672): system/bt/bta/gatt/bta_gattc_act.cc:1115 bta_gattc_conn_cback: Disconnected att_id:5 transport:le reason:GATT_CONN_TERMINATE_PEER_USER
03-19 11:20:33.263 I/bt_bta_gattc( 672): system/bt/bta/gatt/bta_gattc_act.cc:1115 bta_gattc_conn_cback: Disconnected att_id:6 transport:le reason:GATT_CONN_TERMINATE_PEER_USER
03-19 11:20:33.263 I/bt_bta_gattc( 672): system/bt/bta/gatt/bta_gattc_act.cc:1115 bta_gattc_conn_cback: Disconnected att_id:8 transport:le reason:GATT_CONN_TERMINATE_PEER_USER
03-19 11:20:33.264 I/btif_av ( 672): system/bt/btif/src/btif_av.cc:3352 btif_av_acl_disconnected: btif_av_acl_disconnected: Peer c7:44:13:5b:41:8c : ACL Disconnected
03-19 11:20:33.264 I/btif_av ( 672): system/bt/btif/src/btif_av.cc:1078 FindOrCreatePeer: BtifAvPeer *BtifAvSource::FindOrCreatePeer(const RawAddress &, tBTA_AV_HNDL): Create peer: peer_address=c7:44:13:5b:41:8c bta_handle=0x41 peer_id=0
03-19 11:20:33.264 I/btif_av ( 672): system/bt/btif/src/btif_av.cc:3279 btif_av_get_peer_sep: No active sink or source peer found
03-19 11:20:33.264 I/bt_btif_a2dp_source( 672): system/bt/btif/src/btif_a2dp_source.cc:691 btif_a2dp_source_on_idle: btif_a2dp_source_on_idle: state=STATE_OFF
03-19 11:20:33.264 I/btif_av ( 672): system/bt/btif/src/btif_av.cc:3279 btif_av_get_peer_sep: No active sink or source peer found
03-19 11:20:33.264 I/bt_btif_a2dp_source( 672): system/bt/btif/src/btif_a2dp_source.cc:691 btif_a2dp_source_on_idle: btif_a2dp_source_on_idle: state=STATE_OFF
03-19 11:20:33.264 I/btif_av ( 672): system/bt/btif/src/btif_av.cc:1123 DeleteIdlePeers: DeleteIdlePeers: Deleting idle peer: c7:44:13:5b:41:8c bta_handle=0x41
03-19 11:20:33.265 D/BluetoothGatt( 1047): onClientConnectionState() - status=0 clientIf=5 device=C7:44:13:5B:41:8C
03-19 11:20:33.265 D/BluetoothGatt( 1047): onClientConnectionState() - status=0 clientIf=6 device=C7:44:13:5B:41:8C
03-19 11:20:33.276 E/bond ( 2949): name=Dangbei,state=10,action=android.bluetooth.device.action.ACL_DISCONNECTED
03-19 11:20:33.279 I/dangbei111( 1047): cccccc on receiver=android.bluetooth.device.action.ACL_DISCONNECTED,mac=C7:44:13:5B:41:8C
03-19 11:20:33.320 W/System ( 1047): A resource failed to call close.
03-19 11:20:33.320 W/System ( 1047): A resource failed to call close.
03-19 11:20:33.320 W/System ( 1047): A resource failed to call close.
03-19 11:20:33.320 W/System ( 1047): A resource failed to call close.
03-19 11:20:33.320 W/System ( 1047): A resource failed to call close.
03-19 11:20:33.320 W/System ( 1047): A resource failed to call close.
03-19 11:20:33.321 W/System ( 1047): A resource failed to call close.
03-19 11:20:33.321 W/System ( 1047): A resource failed to call close.
03-19 11:20:33.321 W/System ( 1047): A resource failed to call close.
03-19 11:20:33.321 W/System ( 1047): A resource failed to call close.
03-19 11:20:33.321 W/System ( 1047): A resource failed to call close.
03-19 11:20:33.321 W/System ( 1047): A resource failed to call close.
03-19 11:20:33.321 W/System ( 1047): A resource failed to call close.
03-19 11:20:33.321 W/System ( 1047): A resource failed to call close.
03-19 11:20:33.321 W/System ( 1047): A resource failed to call close.
03-19 11:20:33.321 W/System ( 1047): A resource failed to call close.
03-19 11:20:33.321 W/System ( 1047): A resource failed to call close.
03-19 11:20:33.321 W/System ( 1047): A resource failed to call close.
03-19 11:20:33.321 W/System ( 1047): A resource failed to call close.
03-19 11:20:33.322 W/System ( 1047): A resource failed to call close.
03-19 11:20:33.322 W/System ( 1047): A resource failed to call close.
03-19 11:20:33.322 W/System ( 1047): A resource failed to call close.
03-19 11:20:33.322 W/System ( 1047): A resource failed to call close.
03-19 11:20:33.322 W/System ( 1047): A resource failed to call close.
03-19 11:20:33.322 W/System ( 1047): A resource failed to call close.
03-19 11:20:33.322 W/System ( 1047): A resource failed to call close.
03-19 11:20:33.322 W/System ( 1047): A resource failed to call close.
03-19 11:20:33.322 W/System ( 1047): A resource failed to call close.
03-19 11:20:33.322 W/System ( 1047): A resource failed to call close.
03-19 11:20:33.322 W/System ( 1047): A resource failed to call close.
03-19 11:20:33.322 W/System ( 1047): A resource failed to call close.
03-19 11:20:33.322 W/System ( 1047): A resource failed to call close.
03-19 11:20:33.323 W/System ( 1047): A resource failed to call close.
03-19 11:20:33.323 W/System ( 1047): A resource failed to call close.
03-19 11:20:33.323 W/System ( 1047): A resource failed to call close.
03-19 11:20:33.323 W/System ( 1047): A resource failed to call close.
03-19 11:20:33.323 W/System ( 1047): A resource failed to call close.
03-19 11:20:33.323 W/System ( 1047): A resource failed to call close.
03-19 11:20:33.323 W/System ( 1047): A resource failed to call close.
03-19 11:20:33.323 W/System ( 1047): A resource failed to call close.
03-19 11:20:33.323 W/System ( 1047): A resource failed to call close.
03-19 11:20:33.323 W/System ( 1047): A resource failed to call close.
03-19 11:20:33.323 W/System ( 1047): A resource failed to call close.
03-19 11:20:33.323 W/System ( 1047): A resource failed to call close.
03-19 11:20:33.323 W/System ( 1047): A resource failed to call close.
03-19 11:20:33.323 W/System ( 1047): A resource failed to call close.
03-19 11:20:33.324 W/System ( 1047): A resource failed to call close.
03-19 11:20:33.324 W/System ( 1047): A resource failed to call close.
03-19 11:20:33.324 W/System ( 1047): A resource failed to call close.
03-19 11:20:33.324 W/System ( 1047): A resource failed to call close.
03-19 11:20:33.324 W/System ( 1047): A resource failed to call close.
03-19 11:20:33.324 W/System ( 1047): A resource failed to call close.
03-19 11:20:33.324 W/System ( 1047): A resource failed to call close.
03-19 11:20:33.324 W/System ( 1047): A resource failed to call close.
03-19 11:20:33.324 W/System ( 1047): A resource failed to call close.
03-19 11:20:33.325 W/System ( 1047): A resource failed to call close.
03-19 11:20:33.325 W/System ( 1047): A resource failed to call close.
03-19 11:20:33.325 W/System ( 1047): A resource failed to call close.
03-19 11:20:33.325 W/System ( 1047): A resource failed to call close.
03-19 11:20:33.325 W/System ( 1047): A resource failed to call close.
03-19 11:20:33.325 W/System ( 1047): A resource failed to call close.
03-19 11:20:33.325 W/System ( 1047): A resource failed to call close.
03-19 11:20:33.325 W/System ( 1047): A resource failed to call close.
03-19 11:20:33.326 W/System ( 1047): A resource failed to call close.
03-19 11:20:33.326 W/System ( 1047): A resource failed to call close.
03-19 11:20:33.326 W/System ( 1047): A resource failed to call close.
03-19 11:20:33.326 W/System ( 1047): A resource failed to call close.
03-19 11:20:33.326 W/System ( 1047): A resource failed to call close.
03-19 11:20:33.326 W/System ( 1047): A resource failed to call close.
03-19 11:20:33.326 W/System ( 1047): A resource failed to call close.
03-19 11:20:33.326 W/System ( 1047): A resource failed to call close.
03-19 11:20:33.326 W/System ( 1047): A resource failed to call close.
03-19 11:20:33.393 I/bluetooth( 672): system/bt/stack/gatt/connection_manager.cc:185 on_connection_complete: Le connection completed to device:c7:44:13:5b:41:8c
03-19 11:20:33.394 I/bt_btm_ble( 672): system/bt/stack/btm/btm_ble.cc:1699 btm_ble_connected: Updating device record timestamp for existing ble connection
03-19 11:20:33.467 I/bt_stack( 672): [INFO:gatt_attr.cc(880)] gatt_sr_init_cl_status: bda=c7:44:13:5b:41:8c, cl_supp_feat=0000, aware=1
03-19 11:20:33.467 I/bluetooth( 672): system/bt/stack/gap/gap_ble.cc:298 client_connect_cback: No active GAP service found for peer:xx:xx:xx:xx:41:8c callback:Connected
03-19 11:20:33.467 I/bt_bta_gattc( 672): system/bt/bta/gatt/bta_gattc_act.cc:1110 bta_gattc_conn_cback: Connected att_id:3 transport:le reason:GATT_CONN_OK
03-19 11:20:33.467 I/bt_bta_gattc( 672): system/bt/bta/gatt/bta_gattc_act.cc:1110 bta_gattc_conn_cback: Connected att_id:4 transport:le reason:GATT_CONN_OK
03-19 11:20:33.467 I/bt_bta_gattc( 672): system/bt/bta/gatt/bta_gattc_act.cc:1110 bta_gattc_conn_cback: Connected att_id:5 transport:le reason:GATT_CONN_OK
03-19 11:20:33.467 I/bt_bta_gattc( 672): system/bt/bta/gatt/bta_gattc_act.cc:1110 bta_gattc_conn_cback: Connected att_id:6 transport:le reason:GATT_CONN_OK
03-19 11:20:33.467 I/bt_bta_gattc( 672): system/bt/bta/gatt/bta_gattc_act.cc:1110 bta_gattc_conn_cback: Connected att_id:8 transport:le reason:GATT_CONN_OK
03-19 11:20:33.467 I/bluetooth( 672): system/bt/stack/gatt/connection_manager.cc:185 on_connection_complete: Le connection completed to device:c7:44:13:5b:41:8c
03-19 11:20:33.467 I/bt_stack( 672): [INFO:eatt_impl.h(634)] connect device c7:44:13:5b:41:8c rolecentral
03-19 11:20:33.467 I/bt_btif_dm( 672): system/bt/btif/src/btif_dm.cc:497 btif_update_remote_version_property: Remote version info valid:true [xx:xx:xx:xx:41:8c]: 8, 50e, 8
03-19 11:20:33.477 E/bt_stack( 672): [ERROR:bta_gattc_cache.cc(940)] bta_gattc_cache_load: can't open GATT cache file /data/misc/bluetooth/gatt_cache_c744135b418c for reading, error: No such file or directory
03-19 11:20:33.477 I/bt_stack( 672): [INFO:hearing_aid.cc(1796)] GetDeviceCount: Not initialized yet
03-19 11:20:33.477 I/bt_stack( 672): [INFO:gatt_api.cc(708)] GATTC_Discover conn_id=0x0005, disc_type=1, s_handle=0x0001, e_handle=0xffff
03-19 11:20:33.484 D/BluetoothGatt( 1047): onClientConnectionState() - status=0 clientIf=5 device=C7:44:13:5B:41:8C
03-19 11:20:33.484 D/BluetoothGatt( 1047): discoverServices() - device: C7:44:13:5B:41:8C
03-19 11:20:33.485 D/BluetoothGatt( 1047): onClientConnectionState() - status=0 clientIf=6 device=C7:44:13:5B:41:8C
03-19 11:20:33.486 D/BluetoothGatt( 1047): discoverServices() - device: C7:44:13:5B:41:8C
03-19 11:20:33.487 E/BluetoothPhonePolicy( 672): Received unexpected intent, action=android.bluetooth.device.action.ACL_CONNECTED
03-19 11:20:33.487 I/BluetoothPhonePolicy( 672): processDeviceConnected, device=C7:44:13:5B:41:8C
03-19 11:20:33.487 D/BluetoothDatabase( 672): setConnection: device=C7:44:13:5B:41:8C and isA2dpDevice=false
03-19 11:20:33.487 D/BluetoothDatabase( 672): Updating last connected time for device: C7:44:13:5B:41:8C to 202
03-19 11:20:33.487 D/BluetoothDatabase( 672): updateDatabase C7:44:13:5B:41:8C
03-19 11:20:33.494 I/dangbei111( 1047): cccccc on receiver=android.bluetooth.device.action.ACL_CONNECTED,mac=C7:44:13:5B:41:8C
03-19 11:20:33.494 I/dangbei111( 1047): cccccc 收到 ACTION_ACL_CONNECTED 的广播
03-19 11:20:33.494 E/bond ( 2949): name=Dangbei,state=10,action=android.bluetooth.device.action.ACL_CONNECTED
03-19 11:20:33.494 E/dangbei111( 1047): 5s后准备进行遥控器ota信息检测
03-19 11:20:33.512 I/bt_stack( 672): [INFO:eatt_impl.h(578)] supported_features_cb c7:44:13:5b:41:8c is_eatt_supported = 0
03-19 11:20:33.602 D/BluetoothGatt( 1047): onConnectionUpdated() - Device=C7:44:13:5B:41:8C interval=6 latency=0 timeout=200 status=0
03-19 11:20:33.602 D/BluetoothGatt( 1047): onConnectionUpdated() - Device=C7:44:13:5B:41:8C interval=6 latency=0 timeout=200 status=0
03-19 11:20:33.639 I/bt_stack( 672): [INFO:gatt_api.cc(708)] GATTC_Discover conn_id=0x0005, disc_type=3, s_handle=0x0001, e_handle=0x0009
03-19 11:20:33.654 I/bt_stack( 672): [INFO:gatt_api.cc(708)] GATTC_Discover conn_id=0x0005, disc_type=4, s_handle=0x0001, e_handle=0x0009
03-19 11:20:33.707 I/bt_stack( 672): [INFO:gatt_api.cc(708)] GATTC_Discover conn_id=0x0005, disc_type=3, s_handle=0x000a, e_handle=0x000d
03-19 11:20:33.722 I/bt_stack( 672): [INFO:gatt_api.cc(708)] GATTC_Discover conn_id=0x0005, disc_type=4, s_handle=0x000a, e_handle=0x000d
03-19 11:20:33.752 I/bt_stack( 672): [INFO:gatt_api.cc(708)] GATTC_Discover conn_id=0x0005, disc_type=5, s_handle=0x000d, e_handle=0x000d
03-19 11:20:33.767 I/bt_stack( 672): [INFO:gatt_api.cc(708)] GATTC_Discover conn_id=0x0005, disc_type=3, s_handle=0x000e, e_handle=0x0011
03-19 11:20:33.781 I/bt_stack( 672): [INFO:gatt_api.cc(708)] GATTC_Discover conn_id=0x0005, disc_type=4, s_handle=0x000e, e_handle=0x0011
03-19 11:20:33.812 I/bt_stack( 672): [INFO:gatt_api.cc(708)] GATTC_Discover conn_id=0x0005, disc_type=5, s_handle=0x0011, e_handle=0x0011
03-19 11:20:33.826 I/bt_stack( 672): [INFO:gatt_api.cc(708)] GATTC_Discover conn_id=0x0005, disc_type=3, s_handle=0x0012, e_handle=0x001e
03-19 11:20:33.842 I/bt_stack( 672): [INFO:gatt_api.cc(708)] GATTC_Discover conn_id=0x0005, disc_type=4, s_handle=0x0012, e_handle=0x001e
03-19 11:20:33.902 I/bt_stack( 672): [INFO:gatt_api.cc(708)] GATTC_Discover conn_id=0x0005, disc_type=3, s_handle=0x001f, e_handle=0x0042
03-19 11:20:33.916 I/bt_stack( 672): [INFO:gatt_api.cc(708)] GATTC_Discover conn_id=0x0005, disc_type=4, s_handle=0x001f, e_handle=0x0042
03-19 11:20:34.022 I/bt_stack( 672): [INFO:gatt_api.cc(708)] GATTC_Discover conn_id=0x0005, disc_type=5, s_handle=0x0024, e_handle=0x0024
03-19 11:20:34.037 I/bt_stack( 672): [INFO:gatt_api.cc(708)] GATTC_Discover conn_id=0x0005, disc_type=5, s_handle=0x0029, e_handle=0x0029
03-19 11:20:34.051 I/bt_stack( 672): [INFO:gatt_api.cc(708)] GATTC_Discover conn_id=0x0005, disc_type=5, s_handle=0x002e, e_handle=0x002e
03-19 11:20:34.067 I/bt_stack( 672): [INFO:gatt_api.cc(708)] GATTC_Discover conn_id=0x0005, disc_type=5, s_handle=0x0031, e_handle=0x0032
03-19 11:20:34.078 W/IorapForwardingService( 487): No service published for: iorapd
03-19 11:20:34.082 I/bt_stack( 672): [INFO:gatt_api.cc(708)] GATTC_Discover conn_id=0x0005, disc_type=5, s_handle=0x0035, e_handle=0x0036
03-19 11:20:34.096 I/bt_stack( 672): [INFO:gatt_api.cc(708)] GATTC_Discover conn_id=0x0005, disc_type=5, s_handle=0x0039, e_handle=0x003a
03-19 11:20:34.112 I/bt_stack( 672): [INFO:gatt_api.cc(708)] GATTC_Discover conn_id=0x0005, disc_type=5, s_handle=0x003d, e_handle=0x003d
03-19 11:20:34.128 I/bt_stack( 672): [INFO:gatt_api.cc(708)] GATTC_Discover conn_id=0x0005, disc_type=5, s_handle=0x0040, e_handle=0x0040
03-19 11:20:34.141 I/bt_stack( 672): [INFO:gatt_api.cc(708)] GATTC_Discover conn_id=0x0005, disc_type=3, s_handle=0x0043, e_handle=0x0051
03-19 11:20:34.144 E/WifiHAL ( 663): wifi_get_link_stats: requestResponse Error:-5
03-19 11:20:34.145 E/WifiVendorHal( 487): getWifiLinkLayerStats_1_5_Internal(l.1191) failed {.code = ERROR_INVALID_ARGS, .description = }
03-19 11:20:34.158 I/bt_stack( 672): [INFO:gatt_api.cc(708)] GATTC_Discover conn_id=0x0005, disc_type=4, s_handle=0x0043, e_handle=0x0051
03-19 11:20:34.217 I/bt_stack( 672): [INFO:gatt_api.cc(708)] GATTC_Discover conn_id=0x0005, disc_type=5, s_handle=0x0046, e_handle=0x0046
03-19 11:20:34.232 I/bt_stack( 672): [INFO:gatt_api.cc(708)] GATTC_Discover conn_id=0x0005, disc_type=5, s_handle=0x0049, e_handle=0x0049
03-19 11:20:34.247 I/bt_stack( 672): [INFO:gatt_api.cc(708)] GATTC_Discover conn_id=0x0005, disc_type=5, s_handle=0x004c, e_handle=0x004c
03-19 11:20:34.262 I/bt_stack( 672): [INFO:gatt_api.cc(708)] GATTC_Discover conn_id=0x0005, disc_type=5, s_handle=0x004f, e_handle=0x004f
03-19 11:20:34.277 I/bt_stack( 672): [INFO:bta_gattc_cache.cc(219)] bta_gattc_explore_srvc_finished: service discovery finished
03-19 11:20:34.279 I/bt_bta_gattc( 672): system/bt/bta/gatt/bta_gattc_cache.cc:902 bta_gattc_get_gatt_db: bta_gattc_get_gatt_db
03-19 11:20:34.281 I/bt_bta_gattc( 672): system/bt/bta/gatt/bta_gattc_cache.cc:902 bta_gattc_get_gatt_db: bta_gattc_get_gatt_db
03-19 11:20:34.281 D/BluetoothGatt( 1047): onSearchComplete() = Device=C7:44:13:5B:41:8C Status=0
03-19 11:20:34.283 D/BluetoothGatt( 1047): onSearchComplete() = Device=C7:44:13:5B:41:8C Status=0
03-19 11:20:34.315 E/dangbei111( 1047): battery level=100
03-19 11:20:34.345 D/BluetoothGatt( 1047): onConnectionUpdated() - Device=C7:44:13:5B:41:8C interval=12 latency=0 timeout=200 status=0
03-19 11:20:34.345 D/BluetoothGatt( 1047): onConnectionUpdated() - Device=C7:44:13:5B:41:8C interval=12 latency=0 timeout=200 status=0
03-19 11:20:35.079 W/IorapForwardingService( 487): No service published for: iorapd
03-19 11:20:35.372 I/bt_stack( 672): [INFO:hearing_aid.cc(1796)] GetDeviceCount: Not initialized yet
03-19 11:20:35.508 D/BluetoothGatt( 1047): onConnectionUpdated() - Device=C7:44:13:5B:41:8C interval=9 latency=79 timeout=300 status=0
03-19 11:20:35.509 D/BluetoothGatt( 1047): onConnectionUpdated() - Device=C7:44:13:5B:41:8C interval=9 latency=79 timeout=300 status=0
03-19 11:20:35.519 I/WifiService( 487): startScan uid=1000
03-19 11:20:35.520 E/ccc ( 2949): cccccc i will start scan
03-19 11:20:35.674 D/aaa ( 7639): LedStatusService onStartCommand begin
03-19 11:20:35.675 D/aaa ( 7639): topPkg is -------------- :com.dangbei.haqusetting
03-19 11:20:35.677 D/bbb ( 1203): onStartCommand begin !!!!!!! data分区剩余 24948MB
03-19 11:20:36.082 W/IorapForwardingService( 487): No service published for: iorapd
03-19 11:20:36.343 I/bt_stack( 672): [INFO:gatt_sr.cc(815)] MTU request PDU with MTU size 140
03-19 11:20:36.344 W/bt_stack( 672): [WARNING:gatt_utils.cc(790)] Call back not found for application conn_id=3
03-19 11:20:36.344 W/bt_stack( 672): [WARNING:gatt_utils.cc(790)] Call back not found for application conn_id=4
03-19 11:20:36.344 W/bt_stack( 672): [WARNING:gatt_utils.cc(790)] Call back not found for application conn_id=5
03-19 11:20:36.344 W/bt_stack( 672): [WARNING:gatt_utils.cc(790)] Call back not found for application conn_id=6
03-19 11:20:36.344 W/bt_stack( 672): [WARNING:gatt_utils.cc(790)] Call back not found for application conn_id=8
03-19 11:20:36.501 E/dangbei111( 1047): cccccc 检查遥控器是否连接: Dangbei C9:B5:96:5C:E3:ED
03-19 11:20:36.504 E/dangbei111( 1047): cccccc 检查遥控器是否连接: 蓝牙的结果 Dangbei C9:B5:96:5C:E3:ED false
03-19 11:20:36.504 E/dangbei111( 1047): cccccc input中没有遥控器存在
03-19 11:20:36.504 E/dangbei111( 1047): cccccc 蓝牙状态连接 不是连接状态 啥都不干
03-19 11:20:36.506 E/dangbei111( 1047): cccccc 蓝牙状态连接 配对状态 啥都不做
03-19 11:20:36.506 E/dangbei111( 1047): cccccc 没有遥控器连接 不进行 getRCInfo return
03-19 11:20:36.506 E/dangbei111( 1047): getBattery delay 0
03-19 11:20:36.509 E/dangbei111( 1047): 5mins后会再次获取电量
03-19 11:20:36.509 E/dangbei111( 1047): getBattery delay 300000
03-19 11:20:37.083 W/IorapForwardingService( 487): No service published for: iorapd
03-19 11:20:37.158 E/WifiHAL ( 663): wifi_get_link_stats: requestResponse Error:-5
03-19 11:20:37.159 E/WifiVendorHal( 487): getWifiLinkLayerStats_1_5_Internal(l.1191) failed {.code = ERROR_INVALID_ARGS, .description = }
03-19 11:20:37.359 D/WifiNl80211Manager( 487): Scan result ready event
03-19 11:20:37.360 D/WifiNative( 487): Scan result ready event
03-19 11:20:37.413 E/ccc ( 2949): cccccc SCAN_RESULTS_AVAILABLE_ACTION hhhh
03-19 11:20:37.413 E/hq ( 1119): NetWorkStateReceiver:::NetWorkStateReceiver onReceive: 网络变化广播 >>>> intent.action=android.net.wifi.SCAN_RESULTS
03-19 11:20:37.416 D/PasspointManager( 487): ANQP entry not found for: f8:14:fe:4f:93:01:
03-19 11:20:37.420 E/WifiHAL ( 663): wifi_get_link_stats: requestResponse Error:-5
03-19 11:20:37.421 E/WifiVendorHal( 487): getWifiLinkLayerStats_1_5_Internal(l.1191) failed {.code = ERROR_INVALID_ARGS, .description = }
03-19 11:20:37.436 W/eventbuscore( 1119): post Event:com.dangbei.leard.base.entity.event.NetWifiRssiEvent
03-19 11:20:37.445 E/ccc ( 2949): cccccc result is not empty call back
03-19 11:20:37.445 E/ccc ( 2949): cccccc 666666666666666
03-19 11:20:37.458 E/ccc ( 2949): cccccc sort 2 49
03-19 11:20:37.540 W/hdr10p_Configure( 363): 126 callbacks suppressed
03-19 11:20:37.540 I/ ( 363): DVI mode selected: packets not configured
03-19 11:20:37.540 W/set_vsif_config( 363): 126 callbacks suppressed
03-19 11:20:37.540 I/ ( 363): Error: set vsif failed
03-19 11:20:37.540 I/ ( 363): DVI mode selected: packets not configured
03-19 11:20:37.540 I/ ( 363): Error: set vsif failed
03-19 11:20:37.564 I/ ( 363): DVI mode selected: packets not configured
03-19 11:20:37.564 I/ ( 363): Error: set vsif failed
03-19 11:20:37.564 I/ ( 363): DVI mode selected: packets not configured
03-19 11:20:37.564 I/ ( 363): Error: set vsif failed
03-19 11:20:37.591 I/ ( 363): DVI mode selected: packets not configured
03-19 11:20:37.591 I/ ( 363): Error: set vsif failed
03-19 11:20:37.591 I/ ( 363): DVI mode selected: packets not configured
03-19 11:20:37.591 I/ ( 363): Error: set vsif failed
03-19 11:20:37.613 I/ ( 363): DVI mode selected: packets not configured
03-19 11:20:37.613 I/ ( 363): Error: set vsif failed
03-19 11:20:37.614 I/ ( 363): DVI mode selected: packets not configured
03-19 11:20:37.614 I/ ( 363): Error: set vsif failed
03-19 11:20:37.630 I/ ( 363): DVI mode selected: packets not configured
03-19 11:20:37.630 I/ ( 363): Error: set vsif failed
03-19 11:20:37.630 I/ ( 363): DVI mode selected: packets not configured
03-19 11:20:37.630 I/ ( 363): Error: set vsif failed
03-19 11:20:38.086 W/IorapForwardingService( 487): No service published for: iorapd
03-19 11:20:38.498 E/dangbei111( 1047): cccccc 检测到网络 准备请求遥控器ota信息
03-19 11:20:38.499 W/ContextImpl( 1047): Calling a method in the system process without a qualified user: android.app.ContextImpl.sendBroadcast:1173 android.content.ContextWrapper.sendBroadcast:479 com.dangbei.remotecontroller.RemoteControllerReceiver.sendMessageToUpdateHelper:122 com.dangbei.remotecontroller.RemoteControllerReceiver.access$100:28 com.dangbei.remotecontroller.RemoteControllerReceiver$1.handleMessage:41
03-19 11:20:38.501 E/ActivityManager( 487): Sending non-protected broadcast com.dangbei.remote.connected from system 1047:com.dangbei.lerad.etna.haqu/1000 pkg com.dangbei.lerad.etna.haqu
03-19 11:20:38.501 E/ActivityManager( 487): java.lang.Throwable
03-19 11:20:38.501 E/ActivityManager( 487): at com.android.server.am.ActivityManagerService.checkBroadcastFromSystem(ActivityManagerService.java:12816)
03-19 11:20:38.501 E/ActivityManager( 487): at com.android.server.am.ActivityManagerService.broadcastIntentLocked(ActivityManagerService.java:13416)
03-19 11:20:38.501 E/ActivityManager( 487): at com.android.server.am.ActivityManagerService.broadcastIntentLocked(ActivityManagerService.java:12833)
03-19 11:20:38.501 E/ActivityManager( 487): at com.android.server.am.ActivityManagerService.broadcastIntentWithFeature(ActivityManagerService.java:13670)
03-19 11:20:38.501 E/ActivityManager( 487): at android.app.IActivityManager$Stub.onTransact(IActivityManager.java:2326)
03-19 11:20:38.501 E/ActivityManager( 487): at com.android.server.am.ActivityManagerService.onTransact(ActivityManagerService.java:2509)
03-19 11:20:38.501 E/ActivityManager( 487): at android.os.Binder.execTransactInternal(Binder.java:1179)
03-19 11:20:38.501 E/ActivityManager( 487): at android.os.Binder.execTransact(Binder.java:1143)
03-19 11:20:38.503 E/ActivityManager( 487): Sending non-protected broadcast com.dangbei.remote.connected from system 1047:com.dangbei.lerad.etna.haqu/1000 pkg com.dangbei.lerad.etna.haqu
03-19 11:20:38.503 E/ActivityManager( 487): java.lang.Throwable
03-19 11:20:38.503 E/ActivityManager( 487): at com.android.server.am.ActivityManagerService.checkBroadcastFromSystem(ActivityManagerService.java:12816)
03-19 11:20:38.503 E/ActivityManager( 487): at com.android.server.am.ActivityManagerService.broadcastIntentLocked(ActivityManagerService.java:13513)
