03-19 11:22:16.648 W/System ( 1047): A resource failed to call close.
03-19 11:22:16.648 W/System ( 1047): A resource failed to call close.
03-19 11:22:16.648 W/System ( 1047): A resource failed to call close.
03-19 11:22:16.648 W/System ( 1047): A resource failed to call close.
03-19 11:22:16.648 W/System ( 1047): A resource failed to call close.
03-19 11:22:16.648 W/System ( 1047): A resource failed to call close.
03-19 11:22:16.648 W/System ( 1047): A resource failed to call close.
03-19 11:22:16.648 W/System ( 1047): A resource failed to call close.
03-19 11:22:16.648 W/System ( 1047): A resource failed to call close.
03-19 11:22:16.648 W/System ( 1047): A resource failed to call close.
03-19 11:22:16.648 W/System ( 1047): A resource failed to call close.
03-19 11:22:16.648 W/System ( 1047): A resource failed to call close.
03-19 11:22:16.648 W/System ( 1047): A resource failed to call close.
03-19 11:22:16.648 W/System ( 1047): A resource failed to call close.
03-19 11:22:16.648 W/System ( 1047): A resource failed to call close.
03-19 11:22:16.648 W/System ( 1047): A resource failed to call close.
03-19 11:22:16.648 W/System ( 1047): A resource failed to call close.
03-19 11:22:16.648 W/System ( 1047): A resource failed to call close.
03-19 11:22:16.648 W/System ( 1047): A resource failed to call close.
03-19 11:22:16.648 W/System ( 1047): A resource failed to call close.
03-19 11:22:16.648 W/System ( 1047): A resource failed to call close.
03-19 11:22:16.648 W/System ( 1047): A resource failed to call close.
03-19 11:22:16.648 W/System ( 1047): A resource failed to call close.
03-19 11:22:16.648 W/System ( 1047): A resource failed to call close.
03-19 11:22:16.648 W/System ( 1047): A resource failed to call close.
03-19 11:22:16.648 W/System ( 1047): A resource failed to call close.
03-19 11:22:16.649 W/System ( 1047): A resource failed to call close.
03-19 11:22:16.649 W/System ( 1047): A resource failed to call close.
03-19 11:22:16.649 W/System ( 1047): A resource failed to call close.
03-19 11:22:16.649 W/System ( 1047): A resource failed to call close.
03-19 11:22:16.649 W/System ( 1047): A resource failed to call close.
03-19 11:22:16.649 W/System ( 1047): A resource failed to call close.
03-19 11:22:16.649 W/System ( 1047): A resource failed to call close.
03-19 11:22:16.649 W/System ( 1047): A resource failed to call close.
03-19 11:22:16.649 W/System ( 1047): A resource failed to call close.
03-19 11:22:16.649 W/System ( 1047): A resource failed to call close.
03-19 11:22:16.649 W/System ( 1047): A resource failed to call close.
03-19 11:22:16.649 W/System ( 1047): A resource failed to call close.
03-19 11:22:16.649 W/System ( 1047): A resource failed to call close.
03-19 11:22:16.650 W/System ( 1047): A resource failed to call close.
03-19 11:22:16.650 W/System ( 1047): A resource failed to call close.
03-19 11:22:16.650 W/System ( 1047): A resource failed to call close.
03-19 11:22:16.650 W/System ( 1047): A resource failed to call close.
03-19 11:22:16.650 W/System ( 1047): A resource failed to call close.
03-19 11:22:16.650 W/System ( 1047): A resource failed to call close.
03-19 11:22:16.650 W/System ( 1047): A resource failed to call close.
03-19 11:22:16.650 W/System ( 1047): A resource failed to call close.
03-19 11:22:16.650 W/System ( 1047): A resource failed to call close.
03-19 11:22:16.650 W/System ( 1047): A resource failed to call close.
03-19 11:22:16.651 W/System ( 1047): A resource failed to call close.
03-19 11:22:16.651 W/System ( 1047): A resource failed to call close.
03-19 11:22:16.651 W/System ( 1047): A resource failed to call close.
03-19 11:22:16.651 W/System ( 1047): A resource failed to call close.
03-19 11:22:16.652 W/System ( 1047): A resource failed to call close.
03-19 11:22:16.652 W/System ( 1047): A resource failed to call close.
03-19 11:22:16.652 W/System ( 1047): A resource failed to call close.
03-19 11:22:16.652 W/System ( 1047): A resource failed to call close.
03-19 11:22:16.652 W/System ( 1047): A resource failed to call close.
03-19 11:22:16.652 W/System ( 1047): A resource failed to call close.
03-19 11:22:16.652 W/System ( 1047): A resource failed to call close.
03-19 11:22:16.652 W/System ( 1047): A resource failed to call close.
03-19 11:22:16.652 W/System ( 1047): A resource failed to call close.
03-19 11:22:16.652 W/System ( 1047): A resource failed to call close.
03-19 11:22:16.653 W/System ( 1047): A resource failed to call close.
03-19 11:22:16.653 W/System ( 1047): A resource failed to call close.
03-19 11:22:16.653 W/System ( 1047): A resource failed to call close.
03-19 11:22:16.653 W/System ( 1047): A resource failed to call close.
03-19 11:22:16.653 W/System ( 1047): A resource failed to call close.
03-19 11:22:16.653 W/System ( 1047): A resource failed to call close.
03-19 11:22:16.653 W/System ( 1047): A resource failed to call close.
03-19 11:22:16.653 W/System ( 1047): A resource failed to call close.
03-19 11:22:17.304 W/IorapForwardingService( 487): No service published for: iorapd
03-19 11:22:17.491 E/dangbei111( 1047): cccccc 准备开始进行 startScanInner
03-19 11:22:17.491 E/dangbei111( 1047): cccccc 小于10s 由于之前已经开始扫描了 不在开启新的扫描
03-19 11:22:18.306 W/IorapForwardingService( 487): No service published for: iorapd
03-19 11:22:18.514 W/hdr10p_Configure( 363): 148 callbacks suppressed
03-19 11:22:18.514 I/ ( 363): DVI mode selected: packets not configured
03-19 11:22:18.514 W/set_vsif_config( 363): 148 callbacks suppressed
03-19 11:22:18.514 I/ ( 363): Error: set vsif failed
03-19 11:22:18.514 I/ ( 363): DVI mode selected: packets not configured
03-19 11:22:18.514 I/ ( 363): Error: set vsif failed
03-19 11:22:18.556 E/bt_upio ( 249): upio_set : /proc/bluetooth/sleep/btwrite(-1) incorrent
03-19 11:22:19.309 W/IorapForwardingService( 487): No service published for: iorapd
03-19 11:22:19.428 I/bt_stack( 672): [INFO:btsnoop.cc(338)] clear_l2cap_allowlist: Clearing acceptlist from l2cap channel. conn_handle=16 cid=4:4
03-19 11:22:19.428 I/bluetooth( 672): system/bt/stack/gap/gap_ble.cc:298 client_connect_cback: No active GAP service found for peer:xx:xx:xx:xx:41:8c callback:Disconnected
03-19 11:22:19.428 I/bt_bta_gattc( 672): system/bt/bta/gatt/bta_gattc_act.cc:1115 bta_gattc_conn_cback: Disconnected att_id:3 transport:le reason:GATT_CONN_TIMEOUT
03-19 11:22:19.428 I/bt_bta_gattc( 672): system/bt/bta/gatt/bta_gattc_act.cc:1115 bta_gattc_conn_cback: Disconnected att_id:4 transport:le reason:GATT_CONN_TIMEOUT
03-19 11:22:19.428 I/bt_bta_gattc( 672): system/bt/bta/gatt/bta_gattc_act.cc:1115 bta_gattc_conn_cback: Disconnected att_id:5 transport:le reason:GATT_CONN_TIMEOUT
03-19 11:22:19.428 I/bt_bta_gattc( 672): system/bt/bta/gatt/bta_gattc_act.cc:1115 bta_gattc_conn_cback: Disconnected att_id:6 transport:le reason:GATT_CONN_TIMEOUT
03-19 11:22:19.429 W/bt_btm_sec( 672): system/bt/stack/btm/btm_sec.cc:3685 btm_sec_disconnected: Got uncommon disconnection reason:Connection Timeout handle:0x0010
03-19 11:22:19.429 E/bt_upio ( 249): upio_set : /proc/bluetooth/sleep/btwrite(-1) incorrent
03-19 11:22:19.429 I/btif_av ( 672): system/bt/btif/src/btif_av.cc:3352 btif_av_acl_disconnected: btif_av_acl_disconnected: Peer c7:44:13:5b:41:8c : ACL Disconnected
03-19 11:22:19.429 E/bt_stack( 672): [ERROR:bta_gattc_api.cc(729)] BTA_GATTC_DeregisterForNotifications registration not found bd_addr=c7:44:13:5b:41:8c
03-19 11:22:19.430 E/bt_stack( 672): [ERROR:bta_gattc_api.cc(729)] BTA_GATTC_DeregisterForNotifications registration not found bd_addr=c7:44:13:5b:41:8c
03-19 11:22:19.430 W/bt_btif ( 672): system/bt/main/bte_logmsg.cc:194 LogMsg: bta_hh_co_close: dev_handle = 16, app_id = 255
03-19 11:22:19.430 W/bt_btif ( 672): system/bt/main/bte_logmsg.cc:194 LogMsg: bta_hh_co_close: Found an existing device with the same handle dev_status = 0, dev_handle =16
03-19 11:22:19.430 I/btif_av ( 672): system/bt/btif/src/btif_av.cc:1078 FindOrCreatePeer: BtifAvPeer *BtifAvSource::FindOrCreatePeer(const RawAddress &, tBTA_AV_HNDL): Create peer: peer_address=c7:44:13:5b:41:8c bta_handle=0x41 peer_id=0
03-19 11:22:19.430 I/btif_av ( 672): system/bt/btif/src/btif_av.cc:3279 btif_av_get_peer_sep: No active sink or source peer found
03-19 11:22:19.430 I/bt_btif_a2dp_source( 672): system/bt/btif/src/btif_a2dp_source.cc:691 btif_a2dp_source_on_idle: btif_a2dp_source_on_idle: state=STATE_OFF
03-19 11:22:19.430 I/btif_av ( 672): system/bt/btif/src/btif_av.cc:3279 btif_av_get_peer_sep: No active sink or source peer found
03-19 11:22:19.430 I/bt_btif_a2dp_source( 672): system/bt/btif/src/btif_a2dp_source.cc:691 btif_a2dp_source_on_idle: btif_a2dp_source_on_idle: state=STATE_OFF
03-19 11:22:19.430 I/btif_av ( 672): system/bt/btif/src/btif_av.cc:1123 DeleteIdlePeers: DeleteIdlePeers: Deleting idle peer: c7:44:13:5b:41:8c bta_handle=0x41
03-19 11:22:19.430 D/BluetoothGatt( 1047): onClientConnectionState() - status=0 clientIf=5 device=C7:44:13:5B:41:8C
03-19 11:22:19.431 D/BluetoothGatt( 1047): onClientConnectionState() - status=0 clientIf=6 device=C7:44:13:5B:41:8C
03-19 11:22:19.440 D/XM_HIDREAD( 318): remove@ remove@/devices/virtual/misc/uhid/0005:1D5A:C081.008B/input/input414/input414::numlock
03-19 11:22:19.441 D/XM_HIDREAD( 318): remove@ remove@/devices/virtual/misc/uhid/0005:1D5A:C081.008B/input/input414/input414::capslock
03-19 11:22:19.441 D/XM_HIDREAD( 318): remove@ remove@/devices/virtual/misc/uhid/0005:1D5A:C081.008B/input/input414/input414::scrolllock
03-19 11:22:19.441 D/XM_HIDREAD( 318): remove@ remove@/devices/virtual/misc/uhid/0005:1D5A:C081.008B/input/input414/input414::compose
03-19 11:22:19.441 D/XM_HIDREAD( 318): remove@ remove@/devices/virtual/misc/uhid/0005:1D5A:C081.008B/input/input414/input414::kana
03-19 11:22:19.443 E/bond ( 2949): name=Dangbei,state=12,action=android.bluetooth.device.action.ACL_DISCONNECTED
03-19 11:22:19.444 I/dangbei111( 1047): cccccc on receiver=android.bluetooth.device.action.ACL_DISCONNECTED,mac=C7:44:13:5B:41:8C
03-19 11:22:19.466 D/XM_HIDREAD( 318): remove@ remove@/devices/virtual/misc/uhid/0005:1D5A:C081.008B/input/input414/event3
03-19 11:22:19.467 I/EventHub( 487): Removing device Dangbei Keyboard due to epoll hang-up event.
03-19 11:22:19.467 I/EventHub( 487): Removed device: path=/dev/input/event3 name=Dangbei Keyboard id=415 fd=280 classes=KEYBOARD | EXTERNAL
03-19 11:22:19.468 D/XM_HIDREAD( 318): remove@ remove@/devices/virtual/wakeup/wakeup27
03-19 11:22:19.493 I/ ( 363): DVI mode selected: packets not configured
03-19 11:22:19.493 I/ ( 363): Error: set vsif failed
03-19 11:22:19.494 I/ ( 363): DVI mode selected: packets not configured
03-19 11:22:19.494 I/ ( 363): Error: set vsif failed
03-19 11:22:19.497 I/InputReader( 487): Device removed: id=142, eventHubId=415, name='Dangbei Keyboard', descriptor='142719f68ba1f1336fc48aa2b25b032b200b64b0', sources=0x01000111
03-19 11:22:19.497 D/XM_HIDREAD( 318): remove@ remove@/devices/virtual/misc/uhid/0005:1D5A:C081.008B/input/input414
03-19 11:22:19.498 I/EventHub( 487): Removing device '/dev/input/event3' due to inotify event
03-19 11:22:19.499 D/XM_HIDREAD( 318): remove@ remove@/devices/virtual/misc/uhid/0005:1D5A:C081.008B/input/input415/event4
03-19 11:22:19.500 I/EventHub( 487): Removing device Dangbei Consumer Control due to epoll hang-up event.
03-19 11:22:19.500 I/EventHub( 487): Removed device: path=/dev/input/event4 name=Dangbei Consumer Control id=416 fd=288 classes=KEYBOARD | JOYSTICK | EXTERNAL
03-19 11:22:19.504 D/XM_HIDREAD( 318): remove@ remove@/devices/virtual/wakeup/wakeup28
03-19 11:22:19.529 I/EventHub( 487): Removing device '/dev/input/event4' due to inotify event
03-19 11:22:19.529 E/EventHub( 487): Invalid device id=416 provided to isDeviceEnabled
03-19 11:22:19.529 W/InputReader( 487): Ignoring disabled device Dangbei Keyboard
03-19 11:22:19.530 I/InputReader( 487): Device removed: id=142, eventHubId=416, name='Dangbei Keyboard', descriptor='142719f68ba1f1336fc48aa2b25b032b200b64b0', sources=0x01000111
03-19 11:22:19.531 D/XM_HIDREAD( 318): remove@ remove@/devices/virtual/misc/uhid/0005:1D5A:C081.008B/input/input415
03-19 11:22:19.534 D/XM_HIDREAD( 318): remove@ remove@/devices/virtual/misc/uhid/0005:1D5A:C081.008B/input/input416/event5
03-19 11:22:19.536 I/EventHub( 487): Removing device '/dev/input/event5' due to inotify event
03-19 11:22:19.549 D/XM_HIDREAD( 318): remove@ remove@/devices/virtual/misc/uhid/0005:1D5A:C081.008B/input/input416
03-19 11:22:19.550 D/XM_HIDREAD( 318): remove@ remove@/devices/virtual/misc/uhid/0005:1D5A:C081.008B
03-19 11:22:19.551 D/BluetoothHidHostService( 672): Connection state C7:44:13:5B:41:8C: 2->0
03-19 11:22:19.556 D/AdapterProperties( 672): PROFILE_CONNECTION_STATE_CHANGE: profile=4, device=C7:44:13:5B:41:8C, 2 -> 0
03-19 11:22:19.557 W/AdapterProperties( 672): PROFILE_CONNECTION_STATE_CHANGE: unexpected transition for profile=4, device=C7:44:13:5B:41:8C, 2 -> 0
03-19 11:22:19.560 D/AdapterProperties( 672): ADAPTER_CONNECTION_STATE_CHANGE: C7:44:13:5B:41:8C: 2 -> 0
03-19 11:22:19.560 W/AdapterProperties( 672): ADAPTER_CONNECTION_STATE_CHANGE: unexpected transition for profile=4, device=C7:44:13:5B:41:8C, 2 -> 0
03-19 11:22:19.563 D/CachedBluetoothDevice( 679): onProfileStateChanged: profile HID, device Dangbei, newProfileState 0
03-19 11:22:19.614 E/WifiHAL ( 663): wifi_get_link_stats: requestResponse Error:-5
03-19 11:22:19.615 E/WifiVendorHal( 487): getWifiLinkLayerStats_1_5_Internal(l.1191) failed {.code = ERROR_INVALID_ARGS, .description = }
03-19 11:22:19.650 I/BLEAudioDrive_HV410( 248): select timeout!
03-19 11:22:19.732 I/ ( 363): DVI mode selected: packets not configured
03-19 11:22:19.732 I/ ( 363): Error: set vsif failed
03-19 11:22:19.732 I/ ( 363): DVI mode selected: packets not configured
03-19 11:22:19.732 I/ ( 363): Error: set vsif failed
03-19 11:22:19.758 I/ ( 363): DVI mode selected: packets not configured
03-19 11:22:19.758 I/ ( 363): Error: set vsif failed
03-19 11:22:19.758 I/ ( 363): DVI mode selected: packets not configured
03-19 11:22:19.758 I/ ( 363): Error: set vsif failed
03-19 11:22:19.784 I/ ( 363): DVI mode selected: packets not configured
03-19 11:22:19.784 I/ ( 363): Error: set vsif failed
03-19 11:22:19.784 I/ ( 363): DVI mode selected: packets not configured
03-19 11:22:19.784 I/ ( 363): Error: set vsif failed
03-19 11:22:20.194 D/aaa ( 7639): LedStatusService onStartCommand begin
03-19 11:22:20.195 D/aaa ( 7639): topPkg is -------------- :com.dangbei.haqusetting
03-19 11:22:20.199 D/bbb ( 1203): onStartCommand begin !!!!!!! data分区剩余 24948MB
03-19 11:22:20.311 W/IorapForwardingService( 487): No service published for: iorapd
03-19 11:22:21.314 W/IorapForwardingService( 487): No service published for: iorapd
03-19 11:22:22.316 W/IorapForwardingService( 487): No service published for: iorapd
03-19 11:22:22.438 E/bt_upio ( 249): upio_set : /proc/bluetooth/sleep/btwrite(-1) incorrent
03-19 11:22:22.444 E/dangbei111( 1047): cccccc 准备开始进行 startScanInner
03-19 11:22:22.445 E/dangbei111( 1047): cccccc 真正开始进入扫描流程啦
03-19 11:22:22.450 E/dangbei111( 1047): cccccc 检查遥控器是否连接: Dangbei C7:44:13:5B:41:8C
03-19 11:22:22.453 E/dangbei111( 1047): cccccc 检查遥控器是否连接: 蓝牙的结果 Dangbei C7:44:13:5B:41:8C false
03-19 11:22:22.453 E/dangbei111( 1047): cccccc input中没有遥控器存在
03-19 11:22:22.453 E/dangbei111( 1047): cccccc 蓝牙状态连接 不是连接状态 啥都不干
03-19 11:22:22.456 E/dangbei111( 1047): cccccc 蓝牙状态连接 配对状态 啥都不做
03-19 11:22:22.456 E/dangbei111( 1047): 开始扫描 com.dangbei.remotecontroller.RCHelper$3@715c103
03-19 11:22:22.456 D/BluetoothAdapter( 1047): isLeEnabled(): ON
03-19 11:22:22.460 I/bluetooth( 672): system/bt/stack/gatt/gatt_api.cc:1019 GATT_Register: Allocated name:GattClient uuid:75d5cdde-5518-9988-e9a8-01b3ed6a6f75 gatt_if:8 eatt_support:0
03-19 11:22:22.460 D/BluetoothLeScanner( 1047): onScannerRegistered() - status=0 scannerId=8 mScannerId=0
03-19 11:22:22.467 E/bt_upio ( 249): upio_set : /proc/bluetooth/sleep/btwrite(-1) incorrent
03-19 11:22:22.629 E/WifiHAL ( 663): wifi_get_link_stats: requestResponse Error:-5
03-19 11:22:22.630 E/WifiVendorHal( 487): getWifiLinkLayerStats_1_5_Internal(l.1191) failed {.code = ERROR_INVALID_ARGS, .description = }
03-19 11:22:22.684 I/cling--ap-5( 3238): type=1400 audit(0.0:2011): avc: denied { read } for name="address" dev="sysfs" ino=27682 scontext=u:r:platform_app:s0:c512,c768 tcontext=u:object_r:sysfs:s0 tclass=file permissive=1 app=com.dangbei.screencast
03-19 11:22:22.684 I/cling--ap-5( 3238): type=1400 audit(0.0:2012): avc: denied { open } for path="/sys/devices/platform/unisoc_wifi/net/wlan1/address" dev="sysfs" ino=27682 scontext=u:r:platform_app:s0:c512,c768 tcontext=u:object_r:sysfs:s0 tclass=file permissive=1 app=com.dangbei.screencast
03-19 11:22:22.684 I/cling--ap-5( 3238): type=1400 audit(0.0:2013): avc: denied { getattr } for path="/sys/devices/platform/unisoc_wifi/net/wlan1/address" dev="sysfs" ino=27682 scontext=u:r:platform_app:s0:c512,c768 tcontext=u:object_r:sysfs:s0 tclass=file permissive=1 app=com.dangbei.screencast
03-19 11:22:23.318 W/IorapForwardingService( 487): No service published for: iorapd
03-19 11:22:24.320 W/IorapForwardingService( 487): No service published for: iorapd
03-19 11:22:25.322 W/IorapForwardingService( 487): No service published for: iorapd
03-19 11:22:25.458 E/dangbei111( 1047): cccccc 准备开始进行 startScanInner
03-19 11:22:25.458 E/dangbei111( 1047): cccccc 小于10s 由于之前已经开始扫描了 不在开启新的扫描
03-19 11:22:25.489 E/bt_upio ( 249): upio_set : /proc/bluetooth/sleep/btwrite(-1) incorrent
03-19 11:22:25.643 E/WifiHAL ( 663): wifi_get_link_stats: requestResponse Error:-5
03-19 11:22:25.645 E/WifiVendorHal( 487): getWifiLinkLayerStats_1_5_Internal(l.1191) failed {.code = ERROR_INVALID_ARGS, .description = }
03-19 11:22:25.758 W/hdr10p_Configure( 363): 134 callbacks suppressed
03-19 11:22:25.758 I/ ( 363): DVI mode selected: packets not configured
03-19 11:22:25.758 W/set_vsif_config( 363): 134 callbacks suppressed
03-19 11:22:25.758 I/ ( 363): Error: set vsif failed
03-19 11:22:25.758 I/ ( 363): DVI mode selected: packets not configured
03-19 11:22:25.758 I/ ( 363): Error: set vsif failed
03-19 11:22:25.784 I/ ( 363): DVI mode selected: packets not configured
03-19 11:22:25.784 I/ ( 363): Error: set vsif failed
03-19 11:22:25.784 I/ ( 363): DVI mode selected: packets not configured
03-19 11:22:25.784 I/ ( 363): Error: set vsif failed
03-19 11:22:25.808 I/ ( 363): DVI mode selected: packets not configured
03-19 11:22:25.808 I/ ( 363): Error: set vsif failed
03-19 11:22:25.808 I/ ( 363): DVI mode selected: packets not configured
03-19 11:22:25.808 I/ ( 363): Error: set vsif failed
03-19 11:22:25.832 I/ ( 363): DVI mode selected: packets not configured
03-19 11:22:25.832 I/ ( 363): Error: set vsif failed
03-19 11:22:25.832 I/ ( 363): DVI mode selected: packets not configured
03-19 11:22:25.832 I/ ( 363): Error: set vsif failed
03-19 11:22:25.844 I/ ( 363): DVI mode selected: packets not configured
03-19 11:22:25.844 I/ ( 363): Error: set vsif failed
03-19 11:22:25.844 I/ ( 363): DVI mode selected: packets not configured
03-19 11:22:25.844 I/ ( 363): Error: set vsif failed
03-19 11:22:26.325 W/IorapForwardingService( 487): No service published for: iorapd
03-19 11:22:26.950 E/dangbei111( 1047): cccccc 检查遥控器是否连接: Dangbei C7:44:13:5B:41:8C
03-19 11:22:26.953 E/dangbei111( 1047): cccccc 检查遥控器是否连接: 蓝牙的结果 Dangbei C7:44:13:5B:41:8C false
03-19 11:22:26.953 E/dangbei111( 1047): cccccc input中没有遥控器存在
03-19 11:22:26.953 E/dangbei111( 1047): cccccc 蓝牙状态连接 不是连接状态 啥都不干
03-19 11:22:26.956 E/dangbei111( 1047): cccccc 蓝牙状态连接 配对状态 啥都不做
03-19 11:22:26.957 E/dangbei111( 1047): scan get device,state=10
03-19 11:22:26.957 E/dangbei111( 1047): ble scan find the device C9:B5:96:5C:E3:ED
03-19 11:22:26.959 E/dangbei111( 1047): cccccc 扫描到了设备 Dangbei C9:B5:96:5C:E3:ED
03-19 11:22:26.963 E/dangbei111( 1047): cccccc 检查遥控器是否连接: Dangbei C7:44:13:5B:41:8C
03-19 11:22:26.966 E/dangbei111( 1047): cccccc 检查遥控器是否连接: 蓝牙的结果 Dangbei C7:44:13:5B:41:8C false
03-19 11:22:26.966 E/dangbei111( 1047): cccccc input中没有遥控器存在
03-19 11:22:26.966 E/dangbei111( 1047): cccccc 蓝牙状态连接 不是连接状态 啥都不干
03-19 11:22:26.968 E/dangbei111( 1047): cccccc 蓝牙状态连接 配对状态 啥都不做
03-19 11:22:26.973 E/dangbei111( 1047): cccccc 检查遥控器是否连接: Dangbei C7:44:13:5B:41:8C
03-19 11:22:26.976 E/dangbei111( 1047): cccccc 检查遥控器是否连接: 蓝牙的结果 Dangbei C7:44:13:5B:41:8C false
03-19 11:22:26.976 E/dangbei111( 1047): cccccc input中没有遥控器存在
03-19 11:22:26.976 E/dangbei111( 1047): cccccc 蓝牙状态连接 不是连接状态 啥都不干
03-19 11:22:26.978 E/dangbei111( 1047): cccccc 蓝牙状态连接 配对状态 啥都不做
03-19 11:22:26.978 E/dangbei111( 1047): bondOrConnect state=10
03-19 11:22:26.978 E/dangbei111( 1047): 500ms后 开始配对 先去停止scan
03-19 11:22:26.979 E/dangbei111( 1047): cccccc 尝试 stopBleScan
03-19 11:22:26.980 D/BluetoothAdapter( 1047): isLeEnabled(): ON
03-19 11:22:26.985 E/bt_upio ( 249): upio_set : /proc/bluetooth/sleep/btwrite(-1) incorrent
03-19 11:22:26.987 I/bt_stack( 672): [INFO:gatt_api.cc(1042)] GATT_Deregister gatt_if=8
03-19 11:22:26.987 E/dangbei111( 1047): cccccc stopBleScanInner com.dangbei.remotecontroller.RCHelper$3@715c103
03-19 11:22:27.327 W/IorapForwardingService( 487): No service published for: iorapd
03-19 11:22:27.492 I/bt_btif_dm( 672): system/bt/btif/src/btif_dm.cc:1884 btif_dm_cancel_discovery: Cancel search
03-19 11:22:27.493 I/BluetoothBondStateMachine( 672): Bond address is:C9:B5:96:5C:E3:ED
03-19 11:22:27.493 I/bt_btif_config( 672): system/bt/btif/src/btif_config.cc:137 btif_get_device_type: Device [c9:b5:96:5c:e3:ed] device type 2
03-19 11:22:27.493 I/bt_btif_dm( 672): system/bt/btif/src/btif_dm.cc:384 get_cod: get_cod remote_cod = 0x00001f00
03-19 11:22:27.494 I/bt_btif_dm( 672): system/bt/btif/src/btif_dm.cc:384 get_cod: get_cod remote_cod = 0x00001f00
03-19 11:22:27.494 I/bt_btif_config( 672): system/bt/btif/src/btif_config.cc:137 btif_get_device_type: Device [c9:b5:96:5c:e3:ed] device type 2
03-19 11:22:27.494 I/bt_btif_dm( 672): system/bt/btif/src/btif_dm.cc:384 get_cod: get_cod remote_cod = 0x00001f00
03-19 11:22:27.494 I/bt_btif_dm( 672): system/bt/btif/src/btif_dm.cc:451 bond_state_changed: Bond state changed to state=1 [0:none, 1:bonding, 2:bonded], prev_state=0, sdp_attempts = 0
03-19 11:22:27.494 I/bt_btif_config( 672): system/bt/btif/src/btif_config.cc:137 btif_get_device_type: Device [c9:b5:96:5c:e3:ed] device type 2
03-19 11:22:27.495 I/BluetoothBondStateMachine( 672): bondStateChangeCallback: Status: 0 Address: C9:B5:96:5C:E3:ED newState: 1
03-19 11:22:27.497 I/BluetoothBondStateMachine( 672): Entering PendingCommandState State
03-19 11:22:27.507 I/BluetoothBondStateMachine( 672): Bond State Change Intent:C9:B5:96:5C:E3:ED BOND_NONE => BOND_BONDING
03-19 11:22:27.509 D/BluetoothDatabase( 672): updateDatabase C9:B5:96:5C:E3:ED
03-19 11:22:27.513 I/dangbei111( 1047): cccccc on receiver=android.bluetooth.device.action.BOND_STATE_CHANGED,mac=C9:B5:96:5C:E3:ED
03-19 11:22:27.513 I/dangbei111( 1047): Wait for auto connection, processBondStateChange: bondState: 10 --> 11 C9:B5:96:5C:E3:ED
03-19 11:22:27.513 D/A2dpService( 672): Bond state changed for device: C9:B5:96:5C:E3:ED state: 11
03-19 11:22:27.514 W/BroadcastQueue( 487): Background execution not allowed: receiving Intent { act=android.bluetooth.device.action.BOND_STATE_CHANGED flg=0x10 (has extras) } to com.dangbei.lerad.etna.haqu/com.dangbei.remotecontroller.RemoteControllerReceiver
03-19 11:22:27.515 E/bond ( 2949): name=Dangbei,state=11,action=android.bluetooth.device.action.BOND_STATE_CHANGED
03-19 11:22:28.096 I/bluetooth( 672): system/bt/stack/gatt/connection_manager.cc:185 on_connection_complete: Le connection completed to device:c9:b5:96:5c:e3:ed
03-19 11:22:28.097 I/bt_btm_ble( 672): system/bt/stack/btm/btm_ble.cc:1699 btm_ble_connected: Updating device record timestamp for existing ble connection
03-19 11:22:28.186 I/bt_stack( 672): [INFO:gatt_attr.cc(880)] gatt_sr_init_cl_status: bda=c9:b5:96:5c:e3:ed, cl_supp_feat=0000, aware=1
03-19 11:22:28.186 I/bluetooth( 672): system/bt/stack/gap/gap_ble.cc:298 client_connect_cback: No active GAP service found for peer:xx:xx:xx:xx:e3:ed callback:Connected
03-19 11:22:28.186 I/bt_bta_gattc( 672): system/bt/bta/gatt/bta_gattc_act.cc:1110 bta_gattc_conn_cback: Connected att_id:3 transport:le reason:GATT_CONN_OK
03-19 11:22:28.186 I/bt_bta_gattc( 672): system/bt/bta/gatt/bta_gattc_act.cc:1110 bta_gattc_conn_cback: Connected att_id:4 transport:le reason:GATT_CONN_OK
03-19 11:22:28.186 I/bt_bta_gattc( 672): system/bt/bta/gatt/bta_gattc_act.cc:1110 bta_gattc_conn_cback: Connected att_id:5 transport:le reason:GATT_CONN_OK
03-19 11:22:28.186 I/bt_bta_gattc( 672): system/bt/bta/gatt/bta_gattc_act.cc:1110 bta_gattc_conn_cback: Connected att_id:6 transport:le reason:GATT_CONN_OK
03-19 11:22:28.186 I/bluetooth( 672): system/bt/stack/gatt/connection_manager.cc:185 on_connection_complete: Le connection completed to device:c9:b5:96:5c:e3:ed
03-19 11:22:28.186 I/bt_stack( 672): [INFO:eatt_impl.h(634)] connect device c9:b5:96:5c:e3:ed rolecentral
03-19 11:22:28.187 I/bt_btif_dm( 672): system/bt/btif/src/btif_dm.cc:497 btif_update_remote_version_property: Remote version info valid:true [xx:xx:xx:xx:e3:ed]: 8, 50e, 8
03-19 11:22:28.216 I/bt_stack( 672): [INFO:eatt_impl.h(578)] supported_features_cb c9:b5:96:5c:e3:ed is_eatt_supported = 0
03-19 11:22:28.222 E/BluetoothPhonePolicy( 672): Received unexpected intent, action=android.bluetooth.device.action.ACL_CONNECTED
03-19 11:22:28.222 I/BluetoothPhonePolicy( 672): processDeviceConnected, device=C9:B5:96:5C:E3:ED
03-19 11:22:28.222 D/BluetoothDatabase( 672): setConnection: device=C9:B5:96:5C:E3:ED and isA2dpDevice=false
03-19 11:22:28.222 D/BluetoothDatabase( 672): Updating last connected time for device: C9:B5:96:5C:E3:ED to 218
03-19 11:22:28.222 D/BluetoothDatabase( 672): updateDatabase C9:B5:96:5C:E3:ED
03-19 11:22:28.227 E/bond ( 2949): name=Dangbei,state=11,action=android.bluetooth.device.action.ACL_CONNECTED
03-19 11:22:28.230 E/smp_act ( 672): system/bt/stack/smp/smp_act.cc:135 smp_send_app_cback: Unexpected event:14
03-19 11:22:28.230 I/dangbei111( 1047): cccccc on receiver=android.bluetooth.device.action.ACL_CONNECTED,mac=C9:B5:96:5C:E3:ED
03-19 11:22:28.231 I/dangbei111( 1047): cccccc 收到 ACTION_ACL_CONNECTED 的广播
03-19 11:22:28.231 I/bt_btif_config( 672): system/bt/btif/src/btif_config.cc:137 btif_get_device_type: Device [c9:b5:96:5c:e3:ed] device type 2
03-19 11:22:28.231 E/dangbei111( 1047): 5s后准备进行遥控器ota信息检测
03-19 11:22:28.239 I/bt_btif_config( 672): system/bt/btif/src/btif_config.cc:137 btif_get_device_type: Device [c9:b5:96:5c:e3:ed] device type 2
03-19 11:22:28.239 I/bt_btif_dm( 672): system/bt/btif/src/btif_dm.cc:384 get_cod: get_cod remote_cod = 0x00001f00
03-19 11:22:28.239 E/smp_act ( 672): system/bt/stack/smp/smp_act.cc:228 smp_send_app_cback: Unexpected event: 14
03-19 11:22:28.240 I/BluetoothBondStateMachine( 672): sspRequestCallback: [B@81646d6 name: [B@a958d57 cod: 7936 pairingVariant 2 passkey: 0
03-19 11:22:28.250 D/aaa ( 7639): LedStatusService onStartCommand begin
03-19 11:22:28.252 D/aaa ( 7639): topPkg is -------------- :com.dangbei.haqusetting
03-19 11:22:28.253 D/BluetoothPairingRequest( 826): onPair: null
03-19 11:22:28.264 D/bbb ( 1203): onStartCommand begin !!!!!!! data分区剩余 24948MB
03-19 11:22:28.329 W/IorapForwardingService( 487): No service published for: iorapd
03-19 11:22:28.441 I/bt_stack( 672): [INFO:gatt_sr.cc(815)] MTU request PDU with MTU size 140
03-19 11:22:28.442 W/bt_stack( 672): [WARNING:gatt_utils.cc(790)] Call back not found for application conn_id=3
03-19 11:22:28.442 W/bt_stack( 672): [WARNING:gatt_utils.cc(790)] Call back not found for application conn_id=4
03-19 11:22:28.442 W/bt_stack( 672): [WARNING:gatt_utils.cc(790)] Call back not found for application conn_id=5
03-19 11:22:28.442 W/bt_stack( 672): [WARNING:gatt_utils.cc(790)] Call back not found for application conn_id=6
03-19 11:22:28.590 I/bt_stack( 672): [INFO:hearing_aid.cc(1796)] GetDeviceCount: Not initialized yet
03-19 11:22:28.660 E/WifiHAL ( 663): wifi_get_link_stats: requestResponse Error:-5
03-19 11:22:28.661 E/WifiVendorHal( 487): getWifiLinkLayerStats_1_5_Internal(l.1191) failed {.code = ERROR_INVALID_ARGS, .description = }
03-19 11:22:28.986 I/bt_stack( 672): [INFO:btsnoop.cc(338)] clear_l2cap_allowlist: Clearing acceptlist from l2cap channel. conn_handle=16 cid=6:6
03-19 11:22:28.986 I/bt_stack( 672): [INFO:gatt_api.cc(1178)] GATT_Connect: Registered for opportunistic connection gatt_if=1
03-19 11:22:28.987 I/bt_stack( 672): [INFO:gatt_api.cc(708)] GATTC_Discover conn_id=0x0001, disc_type=2, s_handle=0x0001, e_handle=0xffff
03-19 11:22:28.987 I/bt_btif_config( 672): system/bt/btif/src/btif_config.cc:137 btif_get_device_type: Device [c9:b5:96:5c:e3:ed] device type 2
03-19 11:22:28.987 I/bt_btif_dm( 672): system/bt/btif/src/btif_dm.cc:384 get_cod: get_cod remote_cod = 0x00001f00
03-19 11:22:28.988 I/bt_btif_dm( 672): system/bt/btif/src/btif_dm.cc:451 bond_state_changed: Bond state changed to state=2 [0:none, 1:bonding, 2:bonded], prev_state=1, sdp_attempts = 0
03-19 11:22:28.988 I/bt_btif_config( 672): system/bt/btif/src/btif_config.cc:137 btif_get_device_type: Device [c9:b5:96:5c:e3:ed] device type 2
03-19 11:22:28.988 I/bt_stack( 672): [INFO:gatt_api.cc(1178)] GATT_Connect: Registered for opportunistic connection gatt_if=3
03-19 11:22:28.989 E/bt_stack( 672): [ERROR:bta_gattc_cache.cc(940)] bta_gattc_cache_load: can't open GATT cache file /data/misc/bluetooth/gatt_cache_c9b5965ce3ed for reading, error: No such file or directory
03-19 11:22:28.989 I/bt_stack( 672): [INFO:hearing_aid.cc(1796)] GetDeviceCount: Not initialized yet
03-19 11:22:28.989 I/bt_stack( 672): [INFO:gatt_api.cc(708)] GATTC_Discover conn_id=0x0003, disc_type=1, s_handle=0x0001, e_handle=0xffff
03-19 11:22:28.991 I/BluetoothBondStateMachine( 672): bondStateChangeCallback: Status: 0 Address: C9:B5:96:5C:E3:ED newState: 2
03-19 11:22:28.998 D/AdapterProperties( 672): Adding bonded device:C9:B5:96:5C:E3:ED
03-19 11:22:29.008 I/BluetoothBondStateMachine( 672): Bond State Change Intent:C9:B5:96:5C:E3:ED BOND_BONDING => BOND_BONDED
03-19 11:22:29.010 I/BluetoothBondStateMachine( 672): StableState(): Entering Off State
03-19 11:22:29.014 I/dangbei111( 1047): cccccc on receiver=android.bluetooth.device.action.BOND_STATE_CHANGED,mac=C9:B5:96:5C:E3:ED
03-19 11:22:29.014 I/dangbei111( 1047): Wait for auto connection, processBondStateChange: bondState: 11 --> 12 C9:B5:96:5C:E3:ED
03-19 11:22:29.015 D/A2dpService( 672): Bond state changed for device: C9:B5:96:5C:E3:ED state: 12
03-19 11:22:29.019 W/BroadcastQueue( 487): Background execution not allowed: receiving Intent { act=android.bluetooth.device.action.BOND_STATE_CHANGED flg=0x10 (has extras) } to com.dangbei.lerad.etna.haqu/com.dangbei.remotecontroller.RemoteControllerReceiver
03-19 11:22:29.022 D/CachedBluetoothDevice( 679): No profiles. Maybe we will connect later for device C9:B5:96:5C:E3:ED
03-19 11:22:29.023 E/bond ( 2949): name=Dangbei,state=12,action=android.bluetooth.device.action.BOND_STATE_CHANGED
03-19 11:22:29.028 D/BluetoothHidHost( 2949): Binding service...
03-19 11:22:29.041 D/BluetoothHidHost( 2949): Proxy object connected
03-19 11:22:29.041 D/BluetoothHidHost( 2949): connect(C9:B5:96:5C:E3:ED)
03-19 11:22:29.042 V/BluetoothDatabase( 672): getProfileConnectionPolicy: C9:B5:96:5C:E3:ED, profile=4, connectionPolicy = -1
03-19 11:22:29.043 E/bt_stack( 672): [ERROR:srvc_eng.cc(397)] DIS already initalized
03-19 11:22:29.044 D/BluetoothHidHost( 2949): Unbinding service...
03-19 11:22:29.045 D/BluetoothHidHostService( 672): Connection state C9:B5:96:5C:E3:ED: 0->1
03-19 11:22:29.047 W/BluetoothHidHostService( 672): no state change: 1
03-19 11:22:29.048 D/AdapterProperties( 672): PROFILE_CONNECTION_STATE_CHANGE: profile=4, device=C9:B5:96:5C:E3:ED, 0 -> 1
03-19 11:22:29.051 D/AdapterProperties( 672): ADAPTER_CONNECTION_STATE_CHANGE: C9:B5:96:5C:E3:ED: 0 -> 1
03-19 11:22:29.055 I/bt_stack( 672): [INFO:gatt_api.cc(708)] GATTC_Discover conn_id=0x0001, disc_type=4, s_handle=0x0001, e_handle=0x000d
03-19 11:22:29.058 D/CachedBluetoothDevice( 679): onProfileStateChanged: profile HID, device Dangbei, newProfileState 1
03-19 11:22:29.100 I/bt_stack( 672): [INFO:gatt_api.cc(1286)] GATT_Disconnect conn_id=0x0007
03-19 11:22:29.100 I/bt_srvc ( 672): system/bt/stack/srvc/srvc_dis.cc:201 dis_gatt_c_read_dis_value_cmpl: dis_gatt_c_read_dis_value_cmpl conn_id:7 attr_mask = 0x0100
03-19 11:22:29.190 I/bt_stack( 672): [INFO:gatt_api.cc(708)] GATTC_Discover conn_id=0x0003, disc_type=3, s_handle=0x0001, e_handle=0x0009
03-19 11:22:29.235 I/bt_stack( 672): [INFO:gatt_api.cc(708)] GATTC_Discover conn_id=0x0003, disc_type=4, s_handle=0x0001, e_handle=0x0009
03-19 11:22:29.256 D/hdmi-cec( 261): receive invalid cec message!
03-19 11:22:29.256 D/hdmi-cec( 261): receive poll message [04], skip!
03-19 11:22:29.258 I/bt_stack( 672): [INFO:gatt_api.cc(708)] GATTC_Discover conn_id=0x0001, disc_type=5, s_handle=0x000c, e_handle=0x000d
03-19 11:22:29.332 W/IorapForwardingService( 487): No service published for: iorapd
03-19 11:22:29.370 I/bt_stack( 672): [INFO:gatt_api.cc(708)] GATTC_Discover conn_id=0x0003, disc_type=3, s_handle=0x000a, e_handle=0x000d
03-19 11:22:29.392 I/bt_stack( 672): [INFO:gatt_api.cc(708)] GATTC_Discover conn_id=0x0003, disc_type=4, s_handle=0x000a, e_handle=0x000d
03-19 11:22:29.437 I/bt_stack( 672): [INFO:gatt_api.cc(708)] GATTC_Discover conn_id=0x0003, disc_type=5, s_handle=0x000d, e_handle=0x000d
03-19 11:22:29.460 I/bt_stack( 672): [INFO:gatt_api.cc(708)] GATTC_Discover conn_id=0x0003, disc_type=3, s_handle=0x000e, e_handle=0x0011
03-19 11:22:29.483 I/bt_stack( 672): [INFO:gatt_api.cc(708)] GATTC_Discover conn_id=0x0003, disc_type=4, s_handle=0x000e, e_handle=0x0011
03-19 11:22:29.538 I/bt_stack( 672): [INFO:gatt_api.cc(708)] GATTC_Discover conn_id=0x0003, disc_type=5, s_handle=0x0011, e_handle=0x0011
03-19 11:22:29.561 I/bt_stack( 672): [INFO:gatt_api.cc(708)] GATTC_Discover conn_id=0x0003, disc_type=3, s_handle=0x0012, e_handle=0x001e
03-19 11:22:29.584 I/bt_stack( 672): [INFO:gatt_api.cc(708)] GATTC_Discover conn_id=0x0003, disc_type=4, s_handle=0x0012, e_handle=0x001e
03-19 11:22:29.659 I/BLEAudioDrive_HV410( 248): select timeout!
03-19 11:22:29.673 I/bt_stack( 672): [INFO:gatt_api.cc(708)] GATTC_Discover conn_id=0x0003, disc_type=3, s_handle=0x001f, e_handle=0x0042
03-19 11:22:29.696 I/bt_stack( 672): [INFO:gatt_api.cc(708)] GATTC_Discover conn_id=0x0003, disc_type=4, s_handle=0x001f, e_handle=0x0042
03-19 11:22:29.853 I/bt_stack( 672): [INFO:gatt_api.cc(708)] GATTC_Discover conn_id=0x0003, disc_type=5, s_handle=0x0024, e_handle=0x0024
03-19 11:22:29.877 I/bt_stack( 672): [INFO:gatt_api.cc(708)] GATTC_Discover conn_id=0x0003, disc_type=5, s_handle=0x0029, e_handle=0x0029
03-19 11:22:29.899 I/bt_stack( 672): [INFO:gatt_api.cc(708)] GATTC_Discover conn_id=0x0003, disc_type=5, s_handle=0x002e, e_handle=0x002e
03-19 11:22:29.921 I/bt_stack( 672): [INFO:gatt_api.cc(708)] GATTC_Discover conn_id=0x0003, disc_type=5, s_handle=0x0031, e_handle=0x0032
03-19 11:22:29.943 I/bt_stack( 672): [INFO:gatt_api.cc(708)] GATTC_Discover conn_id=0x0003, disc_type=5, s_handle=0x0035, e_handle=0x0036
03-19 11:22:29.966 I/bt_stack( 672): [INFO:gatt_api.cc(708)] GATTC_Discover conn_id=0x0003, disc_type=5, s_handle=0x0039, e_handle=0x003a
03-19 11:22:29.989 I/bt_stack( 672): [INFO:gatt_api.cc(708)] GATTC_Discover conn_id=0x0003, disc_type=5, s_handle=0x003d, e_handle=0x003d
03-19 11:22:30.022 I/bt_stack( 672): [INFO:gatt_api.cc(708)] GATTC_Discover conn_id=0x0003, disc_type=5, s_handle=0x0040, e_handle=0x0040
03-19 11:22:30.037 I/bt_stack( 672): [INFO:gatt_api.cc(708)] GATTC_Discover conn_id=0x0003, disc_type=3, s_handle=0x0043, e_handle=0x0051
03-19 11:22:30.052 I/bt_stack( 672): [INFO:gatt_api.cc(708)] GATTC_Discover conn_id=0x0003, disc_type=4, s_handle=0x0043, e_handle=0x0051
03-19 11:22:30.107 I/bt_stack( 672): [INFO:hearing_aid.cc(1796)] GetDeviceCount: Not initialized yet
03-19 11:22:30.114 I/bt_stack( 672): [INFO:gatt_api.cc(708)] GATTC_Discover conn_id=0x0003, disc_type=5, s_handle=0x0046, e_handle=0x0046
03-19 11:22:30.127 I/bt_stack( 672): [INFO:gatt_api.cc(708)] GATTC_Discover conn_id=0x0003, disc_type=5, s_handle=0x0049, e_handle=0x0049
03-19 11:22:30.143 I/bt_stack( 672): [INFO:gatt_api.cc(708)] GATTC_Discover conn_id=0x0003, disc_type=5, s_handle=0x004c, e_handle=0x004c
03-19 11:22:30.157 I/bt_stack( 672): [INFO:gatt_api.cc(708)] GATTC_Discover conn_id=0x0003, disc_type=5, s_handle=0x004f, e_handle=0x004f
03-19 11:22:30.172 I/bt_stack( 672): [INFO:bta_gattc_cache.cc(219)] bta_gattc_explore_srvc_finished: service discovery finished
03-19 11:22:30.173 I/bt_bta_hh( 672): system/bt/bta/hh/bta_hh_le.cc:1367 bta_hh_le_search_hid_chars: bta_hh_le_search_hid_chars: GATT_UUID_HID_INFORMATION 00002a4a-0000-1000-8000-00805f9b34fb
03-19 11:22:30.173 I/bt_bta_hh( 672): system/bt/bta/hh/bta_hh_le.cc:1367 bta_hh_le_search_hid_chars: bta_hh_le_search_hid_chars: GATT_UUID_HID_REPORT_MAP 00002a4b-0000-1000-8000-00805f9b34fb
03-19 11:22:30.173 I/bt_bta_hh( 672): system/bt/bta/hh/bta_hh_le.cc:1367 bta_hh_le_search_hid_chars: bta_hh_le_search_hid_chars: GATT_UUID_HID_CONTROL_POINT 00002a4c-0000-1000-8000-00805f9b34fb
03-19 11:22:30.173 I/bt_bta_hh( 672): system/bt/bta/hh/bta_hh_le.cc:1367 bta_hh_le_search_hid_chars: bta_hh_le_search_hid_chars: GATT_UUID_HID_BT_KB_INPUT 00002a22-0000-1000-8000-00805f9b34fb
03-19 11:22:30.173 I/bt_bta_hh( 672): system/bt/bta/hh/bta_hh_le.cc:1367 bta_hh_le_search_hid_chars: bta_hh_le_search_hid_chars: GATT_UUID_HID_BT_KB_OUTPUT 00002a32-0000-1000-8000-00805f9b34fb
03-19 11:22:30.173 I/bt_bta_hh( 672): system/bt/bta/hh/bta_hh_le.cc:1367 bta_hh_le_search_hid_chars: bta_hh_le_search_hid_chars: GATT_UUID_HID_BT_MOUSE_INPUT 00002a33-0000-1000-8000-00805f9b34fb
03-19 11:22:30.173 I/bt_bta_hh( 672): system/bt/bta/hh/bta_hh_le.cc:1367 bta_hh_le_search_hid_chars: bta_hh_le_search_hid_chars: GATT_UUID_HID_REPORT 00002a4d-0000-1000-8000-00805f9b34fb
03-19 11:22:30.173 I/bt_bta_hh( 672): system/bt/bta/hh/bta_hh_le.cc:1367 bta_hh_le_search_hid_chars: bta_hh_le_search_hid_chars: GATT_UUID_HID_REPORT 00002a4d-0000-1000-8000-00805f9b34fb
03-19 11:22:30.173 I/bt_bta_hh( 672): system/bt/bta/hh/bta_hh_le.cc:1367 bta_hh_le_search_hid_chars: bta_hh_le_search_hid_chars: GATT_UUID_HID_REPORT 00002a4d-0000-1000-8000-00805f9b34fb
03-19 11:22:30.173 I/bt_bta_hh( 672): system/bt/bta/hh/bta_hh_le.cc:1367 bta_hh_le_search_hid_chars: bta_hh_le_search_hid_chars: GATT_UUID_HID_REPORT 00002a4d-0000-1000-8000-00805f9b34fb
03-19 11:22:30.173 I/bt_bta_hh( 672): system/bt/bta/hh/bta_hh_le.cc:1367 bta_hh_le_search_hid_chars: bta_hh_le_search_hid_chars: GATT_UUID_HID_REPORT 00002a4d-0000-1000-8000-00805f9b34fb
03-19 11:22:30.173 I/bt_bta_hh( 672): system/bt/bta/hh/bta_hh_le.cc:1367 bta_hh_le_search_hid_chars: bta_hh_le_search_hid_chars: GATT_UUID_HID_PROTO_MODE 00002a4e-0000-1000-8000-00805f9b34fb
03-19 11:22:30.173 I/bt_bta_gattc( 672): system/bt/bta/gatt/bta_gattc_cache.cc:902 bta_gattc_get_gatt_db: bta_gattc_get_gatt_db
03-19 11:22:30.173 I/bt_bta_dm( 672): system/bt/bta/dm/bta_dm_act.cc:1314 bta_dm_search_cmpl: GATT services discovered using LE Transport
03-19 11:22:30.187 I/BluetoothPhonePolicy( 672): Received ACTION_UUID for device C9:B5:96:5C:E3:ED
03-19 11:22:30.187 I/BluetoothPhonePolicy( 672): index=0uuid=00001812-0000-1000-8000-00805f9b34fb
03-19 11:22:30.188 I/BluetoothPhonePolicy( 672): processInitProfilePriorities() - device C9:B5:96:5C:E3:ED
03-19 11:22:30.188 W/HearingAidService( 672): getHearingAidService(): service is NULL
03-19 11:22:30.188 V/BluetoothDatabase( 672): getProfileConnectionPolicy: C9:B5:96:5C:E3:ED, profile=4, connectionPolicy = -1
03-19 11:22:30.189 D/BluetoothDatabase( 672): updateDatabase C9:B5:96:5C:E3:ED
03-19 11:22:30.194 D/LocalBluetoothProfileManager( 679): Current Profiles[]
03-19 11:22:30.195 I/bt_stack( 672): [INFO:hearing_aid.cc(1796)] GetDeviceCount: Not initialized yet
03-19 11:22:30.196 D/BluetoothMap( 679): getConnectionState(C9:B5:96:5C:E3:ED)
03-19 11:22:30.198 D/BluetoothPbapService( 672): getConnectionState: C9:B5:96:5C:E3:ED
03-19 11:22:30.199 D/LocalBluetoothProfileManager( 679): New Profiles[HID]
03-19 11:22:30.203 D/CachedBluetoothDevice( 679): updating profiles for Dangbei
03-19 11:22:30.205 V/CachedBluetoothDevice( 679): Class: 1f00
03-19 11:22:30.205 V/CachedBluetoothDevice( 679): UUID:
03-19 11:22:30.205 V/CachedBluetoothDevice( 679): 00001812-0000-1000-8000-00805f9b34fb
03-19 11:22:30.206 D/CachedBluetoothDevice( 679): onUuidChanged: Time since last connect=1184
03-19 11:22:30.206 D/CachedBluetoothDevice( 679): onUuidChanged: triggering connectAllEnabledProfiles
03-19 11:22:30.207 V/BluetoothDatabase( 672): getProfileConnectionPolicy: C9:B5:96:5C:E3:ED, profile=2, connectionPolicy = -1
03-19 11:22:30.207 V/BluetoothDatabase( 672): getProfileConnectionPolicy: C9:B5:96:5C:E3:ED, profile=1, connectionPolicy = -1
03-19 11:22:30.207 V/BluetoothDatabase( 672): getProfileConnectionPolicy: C9:B5:96:5C:E3:ED, profile=4, connectionPolicy = 100
03-19 11:22:30.208 V/BluetoothDatabase( 672): getProfileConnectionPolicy: C9:B5:96:5C:E3:ED, profile=4, connectionPolicy = 100
03-19 11:22:30.208 I/BluetoothAdapterService( 672): connectEnabledProfiles: Connecting Hid Host Profile
03-19 11:22:30.208 E/BluetoothHidHostService( 672): Hid Device not disconnected: C9:B5:96:5C:E3:ED
03-19 11:22:30.334 W/IorapForwardingService( 487): No service published for: iorapd
03-19 11:22:30.506 E/bt_stack( 672): [ERROR:bta_gattc_api.cc(729)] BTA_GATTC_DeregisterForNotifications registration not found bd_addr=c9:b5:96:5c:e3:ed
03-19 11:22:30.506 E/bt_stack( 672): [ERROR:bta_gattc_api.cc(729)] BTA_GATTC_DeregisterForNotifications registration not found bd_addr=c9:b5:96:5c:e3:ed
03-19 11:22:30.507 W/bt_btif ( 672): system/bt/main/bte_logmsg.cc:194 LogMsg: btif_hh_upstreams_evt: BTA_HH_OPN_EVT: handle=32, status =0
03-19 11:22:30.507 W/bt_btif ( 672): system/bt/main/bte_logmsg.cc:194 LogMsg: BTA_HH_OPEN_EVT: Found device...Getting dscp info for handle ... 32
03-19 11:22:30.507 I/bt_btif_dm( 672): system/bt/btif/src/btif_dm.cc:384 get_cod: get_cod remote_cod = 0x00001f00
03-19 11:22:30.507 I/bt_btif_dm( 672): system/bt/btif/src/btif_dm.cc:384 get_cod: get_cod remote_cod = 0x00001f00
03-19 11:22:30.508 W/bt_btif ( 672): system/bt/main/bte_logmsg.cc:194 LogMsg: btif_hh_upstreams_evt: name = Dangbei
03-19 11:22:30.508 W/bt_btif ( 672): system/bt/main/bte_logmsg.cc:194 LogMsg: bta_hh_co_send_hid_info: fd = 199, name = [Dangbei], dscp_len = 122
03-19 11:22:30.508 W/bt_btif ( 672): system/bt/main/bte_logmsg.cc:194 LogMsg: bta_hh_co_send_hid_info: vendor_id = 0x1d5a, product_id = 0xc081, version= 0x0101,ctry_code=0x00
03-19 11:22:30.509 D/BluetoothHidHostService( 672): Connection state C9:B5:96:5C:E3:ED: 1->2
03-19 11:22:30.509 W/bt_btif ( 672): system/bt/main/bte_logmsg.cc:194 LogMsg: bta_hh_co_send_hid_info: wrote descriptor to fd = 199, dscp_len = 122, result = 0
03-19 11:22:30.509 W/bt_stack( 672): [WARNING:btif_hh.cc(403)] Added device c9:b5:96:5c:e3:ed
03-19 11:22:30.510 W/bt_btif ( 672): system/bt/main/bte_logmsg.cc:194 LogMsg: BTA_HH_GET_DSCP_EVT: Called add device
03-19 11:22:30.510 W/bt_btif ( 672): system/bt/main/bte_logmsg.cc:194 LogMsg: BTA_HH_ADD_DEV_EVT: status = 0, handle = 32
03-19 11:22:30.511 D/XM_HIDREAD( 318): add@ add@/devices/virtual/misc/uhid/0005:1D5A:C081.008C
03-19 11:22:30.514 D/BluetoothAdapterService( 672): enable() - Enable called with quiet mode status = false
03-19 11:22:30.514 I/AdapterState( 672): ON : Unhandled message - BLE_TURN_ON
03-19 11:22:30.518 D/AdapterProperties( 672): PROFILE_CONNECTION_STATE_CHANGE: profile=4, device=C9:B5:96:5C:E3:ED, 1 -> 2
03-19 11:22:30.521 D/XM_HIDREAD( 318): add@ add@/devices/virtual/misc/uhid/0005:1D5A:C081.008C/input/input417
03-19 11:22:30.522 D/AdapterProperties( 672): ADAPTER_CONNECTION_STATE_CHANGE: C9:B5:96:5C:E3:ED: 1 -> 2
03-19 11:22:30.527 I/input (12920): Dangbei Keyboard as /devices/virtual/misc/uhid/0005:1D5A:C081.008C/input/input417
03-19 11:22:30.527 D/CachedBluetoothDevice( 679): onProfileStateChanged: profile HID, device Dangbei, newProfileState 2
03-19 11:22:30.527 D/XM_HIDREAD( 318): add@ add@/devices/virtual/misc/uhid/0005:1D5A:C081.008C/input/input417/input417::numlock
03-19 11:22:30.529 D/XM_HIDREAD( 318): add@ add@/devices/virtual/misc/uhid/0005:1D5A:C081.008C/input/input417/input417::capslock
03-19 11:22:30.529 D/XM_HIDREAD( 318): add@ add@/devices/virtual/misc/uhid/0005:1D5A:C081.008C/input/input417/input417::scrolllock
03-19 11:22:30.530 D/XM_HIDREAD( 318): add@ add@/devices/virtual/misc/uhid/0005:1D5A:C081.008C/input/input417/input417::compose
03-19 11:22:30.531 D/XM_HIDREAD( 318): add@ add@/devices/virtual/misc/uhid/0005:1D5A:C081.008C/input/input417/input417::kana
03-19 11:22:30.533 D/XM_HIDREAD( 318): add@ add@/devices/virtual/misc/uhid/0005:1D5A:C081.008C/input/input417/event3
03-19 11:22:30.534 D/XM_HIDREAD( 318): add@ add@/devices/virtual/misc/uhid/0005:1D5A:C081.008C/input/input418
03-19 11:22:30.535 D/XM_HIDREAD( 318): add@ add@/devices/virtual/misc/uhid/0005:1D5A:C081.008C/input/input418/event4
03-19 11:22:30.535 D/XM_HIDREAD( 318): add@ add@/devices/virtual/misc/uhid/0005:1D5A:C081.008C/input/input419
03-19 11:22:30.536 D/XM_HIDREAD( 318): add@ add@/devices/virtual/misc/uhid/0005:1D5A:C081.008C/input/input419/event5
03-19 11:22:30.539 I/input (12920): Dangbei Consumer Control as /devices/virtual/misc/uhid/0005:1D5A:C081.008C/input/input418
03-19 11:22:30.541 I/input (12920): Dangbei as /devices/virtual/misc/uhid/0005:1D5A:C081.008C/input/input419
03-19 11:22:30.542 I/hid-generic 0005(12920): 1D5A:C081.008C: input: BLUETOOTH HID v1.01 Keyboard [Dangbei] on
03-19 11:22:30.547 D/EventHub( 487): No input device configuration file found for device 'Dangbei Keyboard'.
03-19 11:22:30.557 D/XM_HIDREAD( 318): add@ add@/devices/virtual/wakeup/wakeup27
03-19 11:22:30.557 I/EventHub( 487): usingClockIoctl=true
03-19 11:22:30.557 I/EventHub( 487): New device: id=418, fd=280, path='/dev/input/event3', name='Dangbei Keyboard', classes=KEYBOARD | EXTERNAL, configuration='', keyLayout='/system/usr/keylayout/Vendor_1d5a_Product_c081.kl', keyCharacterMap='/system/usr/keychars/Generic.kcm', builtinKeyboard=false,
03-19 11:22:30.557 I/InputReader( 487): Device added: id=143, eventHubId=418, name='Dangbei Keyboard', descriptor='b5b64510cdcd0655bbdd1229f1efd599026f5f75',sources=0x00000101
03-19 11:22:30.558 D/EventHub( 487): No input device configuration file found for device 'Dangbei Consumer Control'.
03-19 11:22:30.564 D/XM_HIDREAD( 318): add@ add@/devices/virtual/wakeup/wakeup28
03-19 11:22:30.564 W/EventHub( 487): Unable to disable kernel key repeat for /dev/input/event4: Function not implemented
03-19 11:22:30.564 I/EventHub( 487): usingClockIoctl=true
03-19 11:22:30.564 I/EventHub( 487): New device: id=419, fd=288, path='/dev/input/event4', name='Dangbei Consumer Control', classes=KEYBOARD | JOYSTICK | EXTERNAL, configuration='', keyLayout='/system/usr/keylayout/Vendor_1d5a_Product_c081.kl', keyCharacterMap='/system/usr/keychars/Generic.kcm', builtinKeyboard=false,
03-19 11:22:30.565 I/InputReader( 487): Device added: id=143, eventHubId=419, name='Dangbei Consumer Control', descriptor='b5b64510cdcd0655bbdd1229f1efd599026f5f75',sources=0x01000111
03-19 11:22:30.566 D/EventHub( 487): No input device configuration file found for device 'Dangbei'.
03-19 11:22:30.812 D/TvWindowManager( 487): key event key = KEYCODE_DPAD_UP down = true
03-19 11:22:30.814 D/GpioService( 487): mFlickerEnable = true
03-19 11:22:30.815 I/SogouIME( 2890): onKeyDown: keyoCode=19
03-19 11:22:30.815 I/DefaultIMS( 2890): onKeyDown: keyoCode=19
03-19 11:22:30.844 I/DefaultIMS( 2890): onStartInput attribute=android.view.inputmethod.EditorInfo@fe25986 restarting=false inputType: 0
03-19 11:22:30.862 W/hdr10p_Configure( 363): 128 callbacks suppressed
03-19 11:22:30.862 I/ ( 363): DVI mode selected: packets not configured
03-19 11:22:30.862 W/set_vsif_config( 363): 128 callbacks suppressed
03-19 11:22:30.862 I/ ( 363): Error: set vsif failed
03-19 11:22:30.862 I/ ( 363): DVI mode selected: packets not configured
03-19 11:22:30.862 I/ ( 363): Error: set vsif failed
03-19 11:22:30.980 D/TvWindowManager( 487): key event key = KEYCODE_DPAD_UP down = false
03-19 11:22:30.983 I/SogouIME( 2890): onKeyUp: keyoCode=19
03-19 11:22:30.983 I/DefaultIMS( 2890): onKeyUp: keyoCode=19
03-19 11:22:31.173 I/bt_stack( 672): [INFO:gatt_api.cc(1286)] GATT_Disconnect conn_id=0x0003
03-19 11:22:31.237 E/dangbei111( 1047): cccccc 检查遥控器是否连接: Dangbei C9:B5:96:5C:E3:ED
03-19 11:22:31.240 E/dangbei111( 1047): cccccc 检查遥控器是否连接: 蓝牙的结果 Dangbei C9:B5:96:5C:E3:ED true
03-19 11:22:31.242 E/dangbei111( 1047): cccccc 确实有遥控器 存在 取消check任务
03-19 11:22:31.242 E/dangbei111( 1047): cccccc 确实有遥控器 存在 重置beeGatt
03-19 11:22:31.242 E/dangbei111( 1047): cccccc 尝试 stopBleScan
03-19 11:22:31.244 D/BluetoothAdapter( 1047): isLeEnabled(): ON
03-19 11:22:31.245 D/BluetoothLeScanner( 1047): could not find callback wrapper
03-19 11:22:31.245 E/dangbei111( 1047): cccccc stopBleScanInner null
03-19 11:22:31.245 E/dangbei111( 1047): cccccc rc is connected, stop scan =C9:B5:96:5C:E3:ED
03-19 11:22:31.248 E/dangbei111( 1047): cccccc 检查遥控器是否连接: Dangbei C7:44:13:5B:41:8C
03-19 11:22:31.251 E/dangbei111( 1047): cccccc 检查遥控器是否连接: 蓝牙的结果 Dangbei C7:44:13:5B:41:8C false
03-19 11:22:31.251 E/dangbei111( 1047): cccccc 确实有遥控器 存在 取消check任务
03-19 11:22:31.251 E/dangbei111( 1047): cccccc 确实有遥控器 存在 重置beeGatt
03-19 11:22:31.253 E/dangbei111( 1047): cccccc 准备cancelPair Dangbei C7:44:13:5B:41:8C
03-19 11:22:31.259 E/dangbei111( 1047): cccccc 取消pair Dangbei C7:44:13:5B:41:8C 12
03-19 11:22:31.259 I/BluetoothDevice( 1047): removeBond() for device C7:44:13:5B:41:8C called by pid: 1047 tid: 1047
03-19 11:22:31.261 I/bt_btif_config( 672): system/bt/btif/src/btif_config.cc:137 btif_get_device_type: Device [c7:44:13:5b:41:8c] device type 2
