03-19 11:19:53.403 I/bt_stack( 672): [INFO:hearing_aid.cc(1796)] GetDeviceCount: Not initialized yet
03-19 11:19:53.539 D/BluetoothGatt( 1047): onConnectionUpdated() - Device=C7:44:13:5B:41:8C interval=9 latency=79 timeout=300 status=0
03-19 11:19:53.539 D/BluetoothGatt( 1047): onConnectionUpdated() - Device=C7:44:13:5B:41:8C interval=9 latency=79 timeout=300 status=0
03-19 11:19:53.540 E/dangbei111( 1047): cccccc 检查遥控器是否连接: Dangbei C9:B5:96:5C:E3:ED
03-19 11:19:53.543 E/dangbei111( 1047): cccccc 检查遥控器是否连接: 蓝牙的结果 Dangbei C9:B5:96:5C:E3:ED false
03-19 11:19:53.543 E/dangbei111( 1047): cccccc input中没有遥控器存在
03-19 11:19:53.543 E/dangbei111( 1047): cccccc 蓝牙状态连接 不是连接状态 啥都不干
03-19 11:19:53.545 E/dangbei111( 1047): cccccc 蓝牙状态连接 配对状态 啥都不做
03-19 11:19:53.545 E/dangbei111( 1047): cccccc 没有遥控器连接 不进行 getRCInfo return
03-19 11:19:53.545 E/dangbei111( 1047): getBattery delay 0
03-19 11:19:53.549 E/dangbei111( 1047): 5mins后会再次获取电量
03-19 11:19:53.549 E/dangbei111( 1047): getBattery delay 300000
03-19 11:19:53.981 W/IorapForwardingService( 487): No service published for: iorapd
03-19 11:19:54.382 I/bt_stack( 672): [INFO:gatt_sr.cc(815)] MTU request PDU with MTU size 140
03-19 11:19:54.383 W/bt_stack( 672): [WARNING:gatt_utils.cc(790)] Call back not found for application conn_id=3
03-19 11:19:54.383 W/bt_stack( 672): [WARNING:gatt_utils.cc(790)] Call back not found for application conn_id=4
03-19 11:19:54.383 W/bt_stack( 672): [WARNING:gatt_utils.cc(790)] Call back not found for application conn_id=5
03-19 11:19:54.383 W/bt_stack( 672): [WARNING:gatt_utils.cc(790)] Call back not found for application conn_id=6
03-19 11:19:54.533 E/dangbei111( 1047): cccccc 检查遥控器是否连接: Dangbei C9:B5:96:5C:E3:ED
03-19 11:19:54.537 E/dangbei111( 1047): cccccc 检查遥控器是否连接: 蓝牙的结果 Dangbei C9:B5:96:5C:E3:ED false
03-19 11:19:54.537 E/dangbei111( 1047): cccccc input中没有遥控器存在
03-19 11:19:54.537 E/dangbei111( 1047): cccccc 蓝牙状态连接 不是连接状态 啥都不干
03-19 11:19:54.539 E/dangbei111( 1047): cccccc 蓝牙状态连接 配对状态 啥都不做
03-19 11:19:54.539 E/dangbei111( 1047): cccccc 没有遥控器连接 不进行 getRCInfo return
03-19 11:19:54.540 E/dangbei111( 1047): getBattery delay 0
03-19 11:19:54.544 E/dangbei111( 1047): 5mins后会再次获取电量
03-19 11:19:54.544 E/dangbei111( 1047): getBattery delay 300000
03-19 11:19:54.963 E/WifiHAL ( 663): wifi_get_link_stats: requestResponse Error:-5
03-19 11:19:54.964 E/WifiVendorHal( 487): getWifiLinkLayerStats_1_5_Internal(l.1191) failed {.code = ERROR_INVALID_ARGS, .description = }
03-19 11:19:54.983 W/IorapForwardingService( 487): No service published for: iorapd
03-19 11:19:55.459 D/bbb ( 1203): onStartCommand begin !!!!!!! data分区剩余 24948MB
03-19 11:19:55.463 D/aaa ( 7639): LedStatusService onStartCommand begin
03-19 11:19:55.467 D/aaa ( 7639): topPkg is -------------- :com.dangbei.haqusetting
03-19 11:19:55.485 W/hdr10p_Configure( 363): 126 callbacks suppressed
03-19 11:19:55.485 I/ ( 363): DVI mode selected: packets not configured
03-19 11:19:55.485 W/set_vsif_config( 363): 126 callbacks suppressed
03-19 11:19:55.485 I/ ( 363): Error: set vsif failed
03-19 11:19:55.485 I/ ( 363): DVI mode selected: packets not configured
03-19 11:19:55.485 I/ ( 363): Error: set vsif failed
03-19 11:19:55.518 I/ ( 363): DVI mode selected: packets not configured
03-19 11:19:55.518 I/ ( 363): Error: set vsif failed
03-19 11:19:55.518 I/ ( 363): DVI mode selected: packets not configured
03-19 11:19:55.518 I/ ( 363): Error: set vsif failed
03-19 11:19:55.537 E/dangbei111( 1047): cccccc 检测到网络 准备请求遥控器ota信息
03-19 11:19:55.537 W/ContextImpl( 1047): Calling a method in the system process without a qualified user: android.app.ContextImpl.sendBroadcast:1173 android.content.ContextWrapper.sendBroadcast:479 com.dangbei.remotecontroller.RemoteControllerReceiver.sendMessageToUpdateHelper:122 com.dangbei.remotecontroller.RemoteControllerReceiver.access$100:28 com.dangbei.remotecontroller.RemoteControllerReceiver$1.handleMessage:41
03-19 11:19:55.539 E/ActivityManager( 487): Sending non-protected broadcast com.dangbei.remote.connected from system 1047:com.dangbei.lerad.etna.haqu/1000 pkg com.dangbei.lerad.etna.haqu
03-19 11:19:55.539 E/ActivityManager( 487): java.lang.Throwable
03-19 11:19:55.539 E/ActivityManager( 487): at com.android.server.am.ActivityManagerService.checkBroadcastFromSystem(ActivityManagerService.java:12816)
03-19 11:19:55.539 E/ActivityManager( 487): at com.android.server.am.ActivityManagerService.broadcastIntentLocked(ActivityManagerService.java:13416)
03-19 11:19:55.539 E/ActivityManager( 487): at com.android.server.am.ActivityManagerService.broadcastIntentLocked(ActivityManagerService.java:12833)
03-19 11:19:55.539 E/ActivityManager( 487): at com.android.server.am.ActivityManagerService.broadcastIntentWithFeature(ActivityManagerService.java:13670)
03-19 11:19:55.539 E/ActivityManager( 487): at android.app.IActivityManager$Stub.onTransact(IActivityManager.java:2326)
03-19 11:19:55.539 E/ActivityManager( 487): at com.android.server.am.ActivityManagerService.onTransact(ActivityManagerService.java:2509)
03-19 11:19:55.539 E/ActivityManager( 487): at android.os.Binder.execTransactInternal(Binder.java:1179)
03-19 11:19:55.539 E/ActivityManager( 487): at android.os.Binder.execTransact(Binder.java:1143)
03-19 11:19:55.542 I/ ( 363): DVI mode selected: packets not configured
03-19 11:19:55.542 I/ ( 363): Error: set vsif failed
03-19 11:19:55.542 I/ ( 363): DVI mode selected: packets not configured
03-19 11:19:55.542 I/ ( 363): Error: set vsif failed
03-19 11:19:55.541 E/ActivityManager( 487): Sending non-protected broadcast com.dangbei.remote.connected from system 1047:com.dangbei.lerad.etna.haqu/1000 pkg com.dangbei.lerad.etna.haqu
03-19 11:19:55.541 E/ActivityManager( 487): java.lang.Throwable
03-19 11:19:55.541 E/ActivityManager( 487): at com.android.server.am.ActivityManagerService.checkBroadcastFromSystem(ActivityManagerService.java:12816)
03-19 11:19:55.541 E/ActivityManager( 487): at com.android.server.am.ActivityManagerService.broadcastIntentLocked(ActivityManagerService.java:13513)
03-19 11:19:55.541 E/ActivityManager( 487): at com.android.server.am.ActivityManagerService.broadcastIntentLocked(ActivityManagerService.java:12833)
03-19 11:19:55.541 E/ActivityManager( 487): at com.android.server.am.ActivityManagerService.broadcastIntentWithFeature(ActivityManagerService.java:13670)
03-19 11:19:55.541 E/ActivityManager( 487): at android.app.IActivityManager$Stub.onTransact(IActivityManager.java:2326)
03-19 11:19:55.541 E/ActivityManager( 487): at com.android.server.am.ActivityManagerService.onTransact(ActivityManagerService.java:2509)
03-19 11:19:55.541 E/ActivityManager( 487): at android.os.Binder.execTransactInternal(Binder.java:1179)
03-19 11:19:55.541 E/ActivityManager( 487): at android.os.Binder.execTransact(Binder.java:1143)
03-19 11:19:55.543 I/DropBoxManagerService( 487): add tag=system_server_wtf isTagEnabled=true flags=0x2
03-19 11:19:55.547 I/DropBoxManagerService( 487): add tag=system_server_wtf isTagEnabled=true flags=0x2
03-19 11:19:55.549 E/dangbei111( 1047): 读出来的遥控器版本为空
03-19 11:19:55.555 E/dangbei111( 1047): cccccc 检查遥控器是否连接: Dangbei C9:B5:96:5C:E3:ED
03-19 11:19:55.558 E/dangbei111( 1047): cccccc 检查遥控器是否连接: 蓝牙的结果 Dangbei C9:B5:96:5C:E3:ED false
03-19 11:19:55.558 E/dangbei111( 1047): cccccc input中没有遥控器存在
03-19 11:19:55.558 E/dangbei111( 1047): cccccc 蓝牙状态连接 不是连接状态 啥都不干
03-19 11:19:55.560 E/dangbei111( 1047): cccccc 蓝牙状态连接 配对状态 啥都不做
03-19 11:19:55.561 E/dangbei111( 1047): cccccc 没有遥控器连接 不进行 getRCInfo return
03-19 11:19:55.568 I/ ( 363): DVI mode selected: packets not configured
03-19 11:19:55.568 I/ ( 363): Error: set vsif failed
03-19 11:19:55.568 I/ ( 363): DVI mode selected: packets not configured
03-19 11:19:55.568 I/ ( 363): Error: set vsif failed
03-19 11:19:55.576 I/ ( 363): DVI mode selected: packets not configured
03-19 11:19:55.576 I/ ( 363): Error: set vsif failed
03-19 11:19:55.576 I/ ( 363): DVI mode selected: packets not configured
03-19 11:19:55.576 I/ ( 363): Error: set vsif failed
03-19 11:19:55.986 W/IorapForwardingService( 487): No service published for: iorapd
03-19 11:19:56.475 I/bt_stack( 672): [INFO:btsnoop.cc(338)] clear_l2cap_allowlist: Clearing acceptlist from l2cap channel. conn_handle=16 cid=4:4
03-19 11:19:56.476 I/bt_stack( 672): [INFO:gatt_attr.cc(338)] gatt_connect_cback: remove untrusted client status, bda=c7:44:13:5b:41:8c
03-19 11:19:56.476 I/bluetooth( 672): system/bt/stack/gap/gap_ble.cc:298 client_connect_cback: No active GAP service found for peer:xx:xx:xx:xx:41:8c callback:Disconnected
03-19 11:19:56.476 I/bt_bta_gattc( 672): system/bt/bta/gatt/bta_gattc_act.cc:1115 bta_gattc_conn_cback: Disconnected att_id:3 transport:le reason:GATT_CONN_TERMINATE_PEER_USER
03-19 11:19:56.476 I/bt_bta_gattc( 672): system/bt/bta/gatt/bta_gattc_act.cc:1115 bta_gattc_conn_cback: Disconnected att_id:4 transport:le reason:GATT_CONN_TERMINATE_PEER_USER
03-19 11:19:56.476 I/bt_bta_gattc( 672): system/bt/bta/gatt/bta_gattc_act.cc:1115 bta_gattc_conn_cback: Disconnected att_id:5 transport:le reason:GATT_CONN_TERMINATE_PEER_USER
03-19 11:19:56.477 I/bt_bta_gattc( 672): system/bt/bta/gatt/bta_gattc_act.cc:1115 bta_gattc_conn_cback: Disconnected att_id:6 transport:le reason:GATT_CONN_TERMINATE_PEER_USER
03-19 11:19:56.477 I/btif_av ( 672): system/bt/btif/src/btif_av.cc:3352 btif_av_acl_disconnected: btif_av_acl_disconnected: Peer c7:44:13:5b:41:8c : ACL Disconnected
03-19 11:19:56.477 I/btif_av ( 672): system/bt/btif/src/btif_av.cc:1078 FindOrCreatePeer: BtifAvPeer *BtifAvSource::FindOrCreatePeer(const RawAddress &, tBTA_AV_HNDL): Create peer: peer_address=c7:44:13:5b:41:8c bta_handle=0x41 peer_id=0
03-19 11:19:56.477 I/btif_av ( 672): system/bt/btif/src/btif_av.cc:3279 btif_av_get_peer_sep: No active sink or source peer found
03-19 11:19:56.477 I/bt_btif_a2dp_source( 672): system/bt/btif/src/btif_a2dp_source.cc:691 btif_a2dp_source_on_idle: btif_a2dp_source_on_idle: state=STATE_OFF
03-19 11:19:56.477 I/btif_av ( 672): system/bt/btif/src/btif_av.cc:3279 btif_av_get_peer_sep: No active sink or source peer found
03-19 11:19:56.477 I/bt_btif_a2dp_source( 672): system/bt/btif/src/btif_a2dp_source.cc:691 btif_a2dp_source_on_idle: btif_a2dp_source_on_idle: state=STATE_OFF
03-19 11:19:56.477 I/btif_av ( 672): system/bt/btif/src/btif_av.cc:1123 DeleteIdlePeers: DeleteIdlePeers: Deleting idle peer: c7:44:13:5b:41:8c bta_handle=0x41
03-19 11:19:56.478 D/BluetoothGatt( 1047): onClientConnectionState() - status=0 clientIf=5 device=C7:44:13:5B:41:8C
03-19 11:19:56.478 D/BluetoothGatt( 1047): onClientConnectionState() - status=0 clientIf=6 device=C7:44:13:5B:41:8C
03-19 11:19:56.490 E/bond ( 2949): name=Dangbei,state=10,action=android.bluetooth.device.action.ACL_DISCONNECTED
03-19 11:19:56.492 I/dangbei111( 1047): cccccc on receiver=android.bluetooth.device.action.ACL_DISCONNECTED,mac=C7:44:13:5B:41:8C
03-19 11:19:56.530 E/dangbei111( 1047): cccccc 检测到网络 准备请求遥控器ota信息
03-19 11:19:56.531 W/ContextImpl( 1047): Calling a method in the system process without a qualified user: android.app.ContextImpl.sendBroadcast:1173 android.content.ContextWrapper.sendBroadcast:479 com.dangbei.remotecontroller.RemoteControllerReceiver.sendMessageToUpdateHelper:122 com.dangbei.remotecontroller.RemoteControllerReceiver.access$100:28 com.dangbei.remotecontroller.RemoteControllerReceiver$1.handleMessage:41
03-19 11:19:56.532 E/ActivityManager( 487): Sending non-protected broadcast com.dangbei.remote.connected from system 1047:com.dangbei.lerad.etna.haqu/1000 pkg com.dangbei.lerad.etna.haqu
03-19 11:19:56.532 E/ActivityManager( 487): java.lang.Throwable
03-19 11:19:56.532 E/ActivityManager( 487): at com.android.server.am.ActivityManagerService.checkBroadcastFromSystem(ActivityManagerService.java:12816)
03-19 11:19:56.532 E/ActivityManager( 487): at com.android.server.am.ActivityManagerService.broadcastIntentLocked(ActivityManagerService.java:13416)
03-19 11:19:56.532 E/ActivityManager( 487): at com.android.server.am.ActivityManagerService.broadcastIntentLocked(ActivityManagerService.java:12833)
03-19 11:19:56.532 E/ActivityManager( 487): at com.android.server.am.ActivityManagerService.broadcastIntentWithFeature(ActivityManagerService.java:13670)
03-19 11:19:56.532 E/ActivityManager( 487): at android.app.IActivityManager$Stub.onTransact(IActivityManager.java:2326)
03-19 11:19:56.532 E/ActivityManager( 487): at com.android.server.am.ActivityManagerService.onTransact(ActivityManagerService.java:2509)
03-19 11:19:56.532 E/ActivityManager( 487): at android.os.Binder.execTransactInternal(Binder.java:1179)
03-19 11:19:56.532 E/ActivityManager( 487): at android.os.Binder.execTransact(Binder.java:1143)
03-19 11:19:56.534 E/ActivityManager( 487): Sending non-protected broadcast com.dangbei.remote.connected from system 1047:com.dangbei.lerad.etna.haqu/1000 pkg com.dangbei.lerad.etna.haqu
03-19 11:19:56.534 E/ActivityManager( 487): java.lang.Throwable
03-19 11:19:56.534 E/ActivityManager( 487): at com.android.server.am.ActivityManagerService.checkBroadcastFromSystem(ActivityManagerService.java:12816)
03-19 11:19:56.534 E/ActivityManager( 487): at com.android.server.am.ActivityManagerService.broadcastIntentLocked(ActivityManagerService.java:13513)
03-19 11:19:56.534 E/ActivityManager( 487): at com.android.server.am.ActivityManagerService.broadcastIntentLocked(ActivityManagerService.java:12833)
03-19 11:19:56.534 E/ActivityManager( 487): at com.android.server.am.ActivityManagerService.broadcastIntentWithFeature(ActivityManagerService.java:13670)
03-19 11:19:56.534 E/ActivityManager( 487): at android.app.IActivityManager$Stub.onTransact(IActivityManager.java:2326)
03-19 11:19:56.534 E/ActivityManager( 487): at com.android.server.am.ActivityManagerService.onTransact(ActivityManagerService.java:2509)
03-19 11:19:56.534 E/ActivityManager( 487): at android.os.Binder.execTransactInternal(Binder.java:1179)
03-19 11:19:56.534 E/ActivityManager( 487): at android.os.Binder.execTransact(Binder.java:1143)
03-19 11:19:56.535 I/DropBoxManagerService( 487): add tag=system_server_wtf isTagEnabled=true flags=0x2
03-19 11:19:56.541 E/dangbei111( 1047): 读出来的遥控器版本为空
03-19 11:19:56.546 E/dangbei111( 1047): cccccc 检查遥控器是否连接: Dangbei C9:B5:96:5C:E3:ED
03-19 11:19:56.549 E/dangbei111( 1047): cccccc 检查遥控器是否连接: 蓝牙的结果 Dangbei C9:B5:96:5C:E3:ED false
03-19 11:19:56.550 E/dangbei111( 1047): cccccc input中没有遥控器存在
03-19 11:19:56.550 E/dangbei111( 1047): cccccc 蓝牙状态连接 不是连接状态 啥都不干
03-19 11:19:56.552 E/dangbei111( 1047): cccccc 蓝牙状态连接 配对状态 啥都不做
03-19 11:19:56.552 E/dangbei111( 1047): cccccc 没有遥控器连接 不进行 getRCInfo return
03-19 11:19:56.704 I/bluetooth( 672): system/bt/stack/gatt/connection_manager.cc:185 on_connection_complete: Le connection completed to device:c7:44:13:5b:41:8c
03-19 11:19:56.704 I/bt_btm_ble( 672): system/bt/stack/btm/btm_ble.cc:1699 btm_ble_connected: Updating device record timestamp for existing ble connection
03-19 11:19:56.777 I/bt_stack( 672): [INFO:gatt_attr.cc(880)] gatt_sr_init_cl_status: bda=c7:44:13:5b:41:8c, cl_supp_feat=0000, aware=1
03-19 11:19:56.777 I/bluetooth( 672): system/bt/stack/gap/gap_ble.cc:298 client_connect_cback: No active GAP service found for peer:xx:xx:xx:xx:41:8c callback:Connected
03-19 11:19:56.778 I/bt_bta_gattc( 672): system/bt/bta/gatt/bta_gattc_act.cc:1110 bta_gattc_conn_cback: Connected att_id:3 transport:le reason:GATT_CONN_OK
03-19 11:19:56.778 I/bt_bta_gattc( 672): system/bt/bta/gatt/bta_gattc_act.cc:1110 bta_gattc_conn_cback: Connected att_id:4 transport:le reason:GATT_CONN_OK
03-19 11:19:56.778 I/bt_bta_gattc( 672): system/bt/bta/gatt/bta_gattc_act.cc:1110 bta_gattc_conn_cback: Connected att_id:5 transport:le reason:GATT_CONN_OK
03-19 11:19:56.778 I/bt_bta_gattc( 672): system/bt/bta/gatt/bta_gattc_act.cc:1110 bta_gattc_conn_cback: Connected att_id:6 transport:le reason:GATT_CONN_OK
03-19 11:19:56.778 I/bluetooth( 672): system/bt/stack/gatt/connection_manager.cc:185 on_connection_complete: Le connection completed to device:c7:44:13:5b:41:8c
03-19 11:19:56.778 I/bt_stack( 672): [INFO:eatt_impl.h(634)] connect device c7:44:13:5b:41:8c rolecentral
03-19 11:19:56.778 I/bt_btif_dm( 672): system/bt/btif/src/btif_dm.cc:497 btif_update_remote_version_property: Remote version info valid:true [xx:xx:xx:xx:41:8c]: 8, 50e, 8
03-19 11:19:56.787 E/bt_stack( 672): [ERROR:bta_gattc_cache.cc(940)] bta_gattc_cache_load: can't open GATT cache file /data/misc/bluetooth/gatt_cache_c744135b418c for reading, error: No such file or directory
03-19 11:19:56.787 I/bt_stack( 672): [INFO:hearing_aid.cc(1796)] GetDeviceCount: Not initialized yet
03-19 11:19:56.788 I/bt_stack( 672): [INFO:gatt_api.cc(708)] GATTC_Discover conn_id=0x0005, disc_type=1, s_handle=0x0001, e_handle=0xffff
03-19 11:19:56.794 D/BluetoothGatt( 1047): onClientConnectionState() - status=0 clientIf=5 device=C7:44:13:5B:41:8C
03-19 11:19:56.794 D/BluetoothGatt( 1047): discoverServices() - device: C7:44:13:5B:41:8C
03-19 11:19:56.795 D/BluetoothGatt( 1047): onClientConnectionState() - status=0 clientIf=6 device=C7:44:13:5B:41:8C
03-19 11:19:56.795 D/BluetoothGatt( 1047): discoverServices() - device: C7:44:13:5B:41:8C
03-19 11:19:56.797 E/BluetoothPhonePolicy( 672): Received unexpected intent, action=android.bluetooth.device.action.ACL_CONNECTED
03-19 11:19:56.798 I/BluetoothPhonePolicy( 672): processDeviceConnected, device=C7:44:13:5B:41:8C
03-19 11:19:56.798 D/BluetoothDatabase( 672): setConnection: device=C7:44:13:5B:41:8C and isA2dpDevice=false
03-19 11:19:56.798 D/BluetoothDatabase( 672): Updating last connected time for device: C7:44:13:5B:41:8C to 196
03-19 11:19:56.798 D/BluetoothDatabase( 672): updateDatabase C7:44:13:5B:41:8C
03-19 11:19:56.803 E/bond ( 2949): name=Dangbei,state=10,action=android.bluetooth.device.action.ACL_CONNECTED
03-19 11:19:56.804 I/dangbei111( 1047): cccccc on receiver=android.bluetooth.device.action.ACL_CONNECTED,mac=C7:44:13:5B:41:8C
03-19 11:19:56.804 I/dangbei111( 1047): cccccc 收到 ACTION_ACL_CONNECTED 的广播
03-19 11:19:56.805 E/dangbei111( 1047): 5s后准备进行遥控器ota信息检测
03-19 11:19:56.822 I/bt_stack( 672): [INFO:eatt_impl.h(578)] supported_features_cb c7:44:13:5b:41:8c is_eatt_supported = 0
03-19 11:19:56.913 D/BluetoothGatt( 1047): onConnectionUpdated() - Device=C7:44:13:5B:41:8C interval=6 latency=0 timeout=200 status=0
03-19 11:19:56.913 D/BluetoothGatt( 1047): onConnectionUpdated() - Device=C7:44:13:5B:41:8C interval=6 latency=0 timeout=200 status=0
03-19 11:19:56.950 I/bt_stack( 672): [INFO:gatt_api.cc(708)] GATTC_Discover conn_id=0x0005, disc_type=3, s_handle=0x0001, e_handle=0x0009
03-19 11:19:56.965 I/bt_stack( 672): [INFO:gatt_api.cc(708)] GATTC_Discover conn_id=0x0005, disc_type=4, s_handle=0x0001, e_handle=0x0009
03-19 11:19:56.989 W/IorapForwardingService( 487): No service published for: iorapd
03-19 11:19:57.010 I/bt_stack( 672): [INFO:gatt_api.cc(708)] GATTC_Discover conn_id=0x0005, disc_type=3, s_handle=0x000a, e_handle=0x000d
03-19 11:19:57.025 I/bt_stack( 672): [INFO:gatt_api.cc(708)] GATTC_Discover conn_id=0x0005, disc_type=4, s_handle=0x000a, e_handle=0x000d
03-19 11:19:57.055 I/bt_stack( 672): [INFO:gatt_api.cc(708)] GATTC_Discover conn_id=0x0005, disc_type=5, s_handle=0x000d, e_handle=0x000d
03-19 11:19:57.070 I/bt_stack( 672): [INFO:gatt_api.cc(708)] GATTC_Discover conn_id=0x0005, disc_type=3, s_handle=0x000e, e_handle=0x0011
03-19 11:19:57.085 I/bt_stack( 672): [INFO:gatt_api.cc(708)] GATTC_Discover conn_id=0x0005, disc_type=4, s_handle=0x000e, e_handle=0x0011
03-19 11:19:57.115 I/bt_stack( 672): [INFO:gatt_api.cc(708)] GATTC_Discover conn_id=0x0005, disc_type=5, s_handle=0x0011, e_handle=0x0011
03-19 11:19:57.130 I/bt_stack( 672): [INFO:gatt_api.cc(708)] GATTC_Discover conn_id=0x0005, disc_type=3, s_handle=0x0012, e_handle=0x001e
03-19 11:19:57.145 I/bt_stack( 672): [INFO:gatt_api.cc(708)] GATTC_Discover conn_id=0x0005, disc_type=4, s_handle=0x0012, e_handle=0x001e
03-19 11:19:57.205 I/bt_stack( 672): [INFO:gatt_api.cc(708)] GATTC_Discover conn_id=0x0005, disc_type=3, s_handle=0x001f, e_handle=0x0042
03-19 11:19:57.220 I/bt_stack( 672): [INFO:gatt_api.cc(708)] GATTC_Discover conn_id=0x0005, disc_type=4, s_handle=0x001f, e_handle=0x0042
03-19 11:19:57.325 I/bt_stack( 672): [INFO:gatt_api.cc(708)] GATTC_Discover conn_id=0x0005, disc_type=5, s_handle=0x0024, e_handle=0x0024
03-19 11:19:57.340 I/bt_stack( 672): [INFO:gatt_api.cc(708)] GATTC_Discover conn_id=0x0005, disc_type=5, s_handle=0x0029, e_handle=0x0029
03-19 11:19:57.355 I/bt_stack( 672): [INFO:gatt_api.cc(708)] GATTC_Discover conn_id=0x0005, disc_type=5, s_handle=0x002e, e_handle=0x002e
03-19 11:19:57.370 I/bt_stack( 672): [INFO:gatt_api.cc(708)] GATTC_Discover conn_id=0x0005, disc_type=5, s_handle=0x0031, e_handle=0x0032
03-19 11:19:57.385 I/bt_stack( 672): [INFO:gatt_api.cc(708)] GATTC_Discover conn_id=0x0005, disc_type=5, s_handle=0x0035, e_handle=0x0036
03-19 11:19:57.400 I/bt_stack( 672): [INFO:gatt_api.cc(708)] GATTC_Discover conn_id=0x0005, disc_type=5, s_handle=0x0039, e_handle=0x003a
03-19 11:19:57.415 I/bt_stack( 672): [INFO:gatt_api.cc(708)] GATTC_Discover conn_id=0x0005, disc_type=5, s_handle=0x003d, e_handle=0x003d
03-19 11:19:57.430 I/bt_stack( 672): [INFO:gatt_api.cc(708)] GATTC_Discover conn_id=0x0005, disc_type=5, s_handle=0x0040, e_handle=0x0040
03-19 11:19:57.445 I/bt_stack( 672): [INFO:gatt_api.cc(708)] GATTC_Discover conn_id=0x0005, disc_type=3, s_handle=0x0043, e_handle=0x0051
03-19 11:19:57.460 I/bt_stack( 672): [INFO:gatt_api.cc(708)] GATTC_Discover conn_id=0x0005, disc_type=4, s_handle=0x0043, e_handle=0x0051
03-19 11:19:57.520 I/bt_stack( 672): [INFO:gatt_api.cc(708)] GATTC_Discover conn_id=0x0005, disc_type=5, s_handle=0x0046, e_handle=0x0046
03-19 11:19:57.535 I/bt_stack( 672): [INFO:gatt_api.cc(708)] GATTC_Discover conn_id=0x0005, disc_type=5, s_handle=0x0049, e_handle=0x0049
03-19 11:19:57.550 I/bt_stack( 672): [INFO:gatt_api.cc(708)] GATTC_Discover conn_id=0x0005, disc_type=5, s_handle=0x004c, e_handle=0x004c
03-19 11:19:57.565 I/bt_stack( 672): [INFO:gatt_api.cc(708)] GATTC_Discover conn_id=0x0005, disc_type=5, s_handle=0x004f, e_handle=0x004f
03-19 11:19:57.580 I/bt_stack( 672): [INFO:bta_gattc_cache.cc(219)] bta_gattc_explore_srvc_finished: service discovery finished
03-19 11:19:57.584 I/bt_bta_gattc( 672): system/bt/bta/gatt/bta_gattc_cache.cc:902 bta_gattc_get_gatt_db: bta_gattc_get_gatt_db
03-19 11:19:57.586 I/bt_bta_gattc( 672): system/bt/bta/gatt/bta_gattc_cache.cc:902 bta_gattc_get_gatt_db: bta_gattc_get_gatt_db
03-19 11:19:57.586 D/BluetoothGatt( 1047): onSearchComplete() = Device=C7:44:13:5B:41:8C Status=0
03-19 11:19:57.587 D/BluetoothGatt( 1047): onSearchComplete() = Device=C7:44:13:5B:41:8C Status=0
03-19 11:19:57.618 E/dangbei111( 1047): battery level=100
03-19 11:19:57.648 D/BluetoothGatt( 1047): onConnectionUpdated() - Device=C7:44:13:5B:41:8C interval=12 latency=0 timeout=200 status=0
03-19 11:19:57.648 D/BluetoothGatt( 1047): onConnectionUpdated() - Device=C7:44:13:5B:41:8C interval=12 latency=0 timeout=200 status=0
03-19 11:19:57.976 E/WifiHAL ( 663): wifi_get_link_stats: requestResponse Error:-5
03-19 11:19:57.977 E/WifiVendorHal( 487): getWifiLinkLayerStats_1_5_Internal(l.1191) failed {.code = ERROR_INVALID_ARGS, .description = }
03-19 11:19:57.991 W/IorapForwardingService( 487): No service published for: iorapd
03-19 11:19:58.697 I/bt_stack( 672): [INFO:hearing_aid.cc(1796)] GetDeviceCount: Not initialized yet
03-19 11:19:58.833 D/BluetoothGatt( 1047): onConnectionUpdated() - Device=C7:44:13:5B:41:8C interval=9 latency=79 timeout=300 status=0
03-19 11:19:58.835 D/BluetoothGatt( 1047): onConnectionUpdated() - Device=C7:44:13:5B:41:8C interval=9 latency=79 timeout=300 status=0
03-19 11:19:58.994 W/IorapForwardingService( 487): No service published for: iorapd
03-19 11:19:59.001 D/hdmi-cec( 261): receive invalid cec message!
03-19 11:19:59.002 D/hdmi-cec( 261): receive poll message [04], skip!
03-19 11:19:59.549 I/BLEAudioDrive_HV410( 248): select timeout!
03-19 11:19:59.658 I/bt_stack( 672): [INFO:gatt_sr.cc(815)] MTU request PDU with MTU size 140
03-19 11:19:59.659 W/bt_stack( 672): [WARNING:gatt_utils.cc(790)] Call back not found for application conn_id=3
03-19 11:19:59.659 W/bt_stack( 672): [WARNING:gatt_utils.cc(790)] Call back not found for application conn_id=4
03-19 11:19:59.659 W/bt_stack( 672): [WARNING:gatt_utils.cc(790)] Call back not found for application conn_id=5
03-19 11:19:59.659 W/bt_stack( 672): [WARNING:gatt_utils.cc(790)] Call back not found for application conn_id=6
03-19 11:19:59.814 E/dangbei111( 1047): cccccc 检查遥控器是否连接: Dangbei C9:B5:96:5C:E3:ED
03-19 11:19:59.818 E/dangbei111( 1047): cccccc 检查遥控器是否连接: 蓝牙的结果 Dangbei C9:B5:96:5C:E3:ED false
03-19 11:19:59.818 E/dangbei111( 1047): cccccc input中没有遥控器存在
03-19 11:19:59.818 E/dangbei111( 1047): cccccc 蓝牙状态连接 不是连接状态 啥都不干
03-19 11:19:59.820 E/dangbei111( 1047): cccccc 蓝牙状态连接 配对状态 啥都不做
03-19 11:19:59.820 E/dangbei111( 1047): cccccc 没有遥控器连接 不进行 getRCInfo return
03-19 11:19:59.821 E/dangbei111( 1047): getBattery delay 0
03-19 11:19:59.825 E/dangbei111( 1047): 5mins后会再次获取电量
03-19 11:19:59.825 E/dangbei111( 1047): getBattery delay 300000
03-19 11:19:59.996 W/IorapForwardingService( 487): No service published for: iorapd
03-19 11:20:00.991 E/WifiHAL ( 663): wifi_get_link_stats: requestResponse Error:-5
03-19 11:20:00.993 E/WifiVendorHal( 487): getWifiLinkLayerStats_1_5_Internal(l.1191) failed {.code = ERROR_INVALID_ARGS, .description = }
03-19 11:20:00.998 W/IorapForwardingService( 487): No service published for: iorapd
03-19 11:20:01.496 W/hdr10p_Configure( 363): 128 callbacks suppressed
03-19 11:20:01.496 I/ ( 363): DVI mode selected: packets not configured
03-19 11:20:01.496 W/set_vsif_config( 363): 128 callbacks suppressed
03-19 11:20:01.496 I/ ( 363): Error: set vsif failed
03-19 11:20:01.497 I/ ( 363): DVI mode selected: packets not configured
03-19 11:20:01.497 I/ ( 363): Error: set vsif failed
03-19 11:20:01.523 I/ ( 363): DVI mode selected: packets not configured
03-19 11:20:01.523 I/ ( 363): Error: set vsif failed
03-19 11:20:01.523 I/ ( 363): DVI mode selected: packets not configured
03-19 11:20:01.523 I/ ( 363): Error: set vsif failed
03-19 11:20:01.547 I/ ( 363): DVI mode selected: packets not configured
03-19 11:20:01.547 I/ ( 363): Error: set vsif failed
03-19 11:20:01.547 I/ ( 363): DVI mode selected: packets not configured
03-19 11:20:01.547 I/ ( 363): Error: set vsif failed
03-19 11:20:01.571 I/ ( 363): DVI mode selected: packets not configured
03-19 11:20:01.571 I/ ( 363): Error: set vsif failed
03-19 11:20:01.571 I/ ( 363): DVI mode selected: packets not configured
03-19 11:20:01.571 I/ ( 363): Error: set vsif failed
03-19 11:20:01.593 I/ ( 363): DVI mode selected: packets not configured
03-19 11:20:01.593 I/ ( 363): Error: set vsif failed
03-19 11:20:01.593 I/ ( 363): DVI mode selected: packets not configured
03-19 11:20:01.593 I/ ( 363): Error: set vsif failed
03-19 11:20:01.810 E/dangbei111( 1047): cccccc 检测到网络 准备请求遥控器ota信息
03-19 11:20:01.811 W/ContextImpl( 1047): Calling a method in the system process without a qualified user: android.app.ContextImpl.sendBroadcast:1173 android.content.ContextWrapper.sendBroadcast:479 com.dangbei.remotecontroller.RemoteControllerReceiver.sendMessageToUpdateHelper:122 com.dangbei.remotecontroller.RemoteControllerReceiver.access$100:28 com.dangbei.remotecontroller.RemoteControllerReceiver$1.handleMessage:41
03-19 11:20:01.812 E/ActivityManager( 487): Sending non-protected broadcast com.dangbei.remote.connected from system 1047:com.dangbei.lerad.etna.haqu/1000 pkg com.dangbei.lerad.etna.haqu
03-19 11:20:01.812 E/ActivityManager( 487): java.lang.Throwable
03-19 11:20:01.812 E/ActivityManager( 487): at com.android.server.am.ActivityManagerService.checkBroadcastFromSystem(ActivityManagerService.java:12816)
03-19 11:20:01.812 E/ActivityManager( 487): at com.android.server.am.ActivityManagerService.broadcastIntentLocked(ActivityManagerService.java:13416)
03-19 11:20:01.812 E/ActivityManager( 487): at com.android.server.am.ActivityManagerService.broadcastIntentLocked(ActivityManagerService.java:12833)
03-19 11:20:01.812 E/ActivityManager( 487): at com.android.server.am.ActivityManagerService.broadcastIntentWithFeature(ActivityManagerService.java:13670)
03-19 11:20:01.812 E/ActivityManager( 487): at android.app.IActivityManager$Stub.onTransact(IActivityManager.java:2326)
03-19 11:20:01.812 E/ActivityManager( 487): at com.android.server.am.ActivityManagerService.onTransact(ActivityManagerService.java:2509)
03-19 11:20:01.812 E/ActivityManager( 487): at android.os.Binder.execTransactInternal(Binder.java:1179)
03-19 11:20:01.812 E/ActivityManager( 487): at android.os.Binder.execTransact(Binder.java:1143)
03-19 11:20:01.813 E/ActivityManager( 487): Sending non-protected broadcast com.dangbei.remote.connected from system 1047:com.dangbei.lerad.etna.haqu/1000 pkg com.dangbei.lerad.etna.haqu
03-19 11:20:01.813 E/ActivityManager( 487): java.lang.Throwable
03-19 11:20:01.813 E/ActivityManager( 487): at com.android.server.am.ActivityManagerService.checkBroadcastFromSystem(ActivityManagerService.java:12816)
03-19 11:20:01.813 E/ActivityManager( 487): at com.android.server.am.ActivityManagerService.broadcastIntentLocked(ActivityManagerService.java:13513)
03-19 11:20:01.813 E/ActivityManager( 487): at com.android.server.am.ActivityManagerService.broadcastIntentLocked(ActivityManagerService.java:12833)
03-19 11:20:01.813 E/ActivityManager( 487): at com.android.server.am.ActivityManagerService.broadcastIntentWithFeature(ActivityManagerService.java:13670)
03-19 11:20:01.813 E/ActivityManager( 487): at android.app.IActivityManager$Stub.onTransact(IActivityManager.java:2326)
03-19 11:20:01.813 E/ActivityManager( 487): at com.android.server.am.ActivityManagerService.onTransact(ActivityManagerService.java:2509)
03-19 11:20:01.813 E/ActivityManager( 487): at android.os.Binder.execTransactInternal(Binder.java:1179)
03-19 11:20:01.813 E/ActivityManager( 487): at android.os.Binder.execTransact(Binder.java:1143)
03-19 11:20:01.814 I/DropBoxManagerService( 487): add tag=system_server_wtf isTagEnabled=true flags=0x2
03-19 11:20:01.820 I/DropBoxManagerService( 487): add tag=system_server_wtf isTagEnabled=true flags=0x2
03-19 11:20:01.821 E/dangbei111( 1047): 读出来的遥控器版本为空
03-19 11:20:01.827 E/dangbei111( 1047): cccccc 检查遥控器是否连接: Dangbei C9:B5:96:5C:E3:ED
03-19 11:20:01.830 E/dangbei111( 1047): cccccc 检查遥控器是否连接: 蓝牙的结果 Dangbei C9:B5:96:5C:E3:ED false
03-19 11:20:01.830 E/dangbei111( 1047): cccccc input中没有遥控器存在
03-19 11:20:01.830 E/dangbei111( 1047): cccccc 蓝牙状态连接 不是连接状态 啥都不干
03-19 11:20:01.832 E/dangbei111( 1047): cccccc 蓝牙状态连接 配对状态 啥都不做
03-19 11:20:01.832 E/dangbei111( 1047): cccccc 没有遥控器连接 不进行 getRCInfo return
03-19 11:20:02.002 W/IorapForwardingService( 487): No service published for: iorapd
03-19 11:20:02.011 I/gbei.screencas( 3238): Background concurrent copying GC freed 53548(5876KB) AllocSpace objects, 0(0B) LOS objects, 49% free, 5908KB/11MB, paused 121us total 162.605ms
03-19 11:20:02.692 E/bt_upio ( 249): upio_set : /proc/bluetooth/sleep/btwrite(-1) incorrent
03-19 11:20:03.006 W/IorapForwardingService( 487): No service published for: iorapd
03-19 11:20:03.496 D/aaa ( 7639): LedStatusService onStartCommand begin
03-19 11:20:03.500 D/bbb ( 1203): onStartCommand begin !!!!!!! data分区剩余 24948MB
03-19 11:20:03.500 D/aaa ( 7639): topPkg is -------------- :com.dangbei.haqusetting
03-19 11:20:03.622 I/WifiService( 487): startScan uid=1000
03-19 11:20:03.625 E/ccc ( 2949): cccccc i will start scan
03-19 11:20:03.855 I/bt_stack( 672): [INFO:btsnoop.cc(338)] clear_l2cap_allowlist: Clearing acceptlist from l2cap channel. conn_handle=16 cid=4:4
03-19 11:20:03.855 I/bt_stack( 672): [INFO:gatt_attr.cc(338)] gatt_connect_cback: remove untrusted client status, bda=c7:44:13:5b:41:8c
03-19 11:20:03.855 I/bluetooth( 672): system/bt/stack/gap/gap_ble.cc:298 client_connect_cback: No active GAP service found for peer:xx:xx:xx:xx:41:8c callback:Disconnected
03-19 11:20:03.855 I/bt_bta_gattc( 672): system/bt/bta/gatt/bta_gattc_act.cc:1115 bta_gattc_conn_cback: Disconnected att_id:3 transport:le reason:GATT_CONN_TIMEOUT
03-19 11:20:03.855 I/bt_bta_gattc( 672): system/bt/bta/gatt/bta_gattc_act.cc:1115 bta_gattc_conn_cback: Disconnected att_id:4 transport:le reason:GATT_CONN_TIMEOUT
03-19 11:20:03.855 I/bt_bta_gattc( 672): system/bt/bta/gatt/bta_gattc_act.cc:1115 bta_gattc_conn_cback: Disconnected att_id:5 transport:le reason:GATT_CONN_TIMEOUT
03-19 11:20:03.856 I/bt_bta_gattc( 672): system/bt/bta/gatt/bta_gattc_act.cc:1115 bta_gattc_conn_cback: Disconnected att_id:6 transport:le reason:GATT_CONN_TIMEOUT
03-19 11:20:03.856 W/bt_btm_sec( 672): system/bt/stack/btm/btm_sec.cc:3685 btm_sec_disconnected: Got uncommon disconnection reason:Connection Timeout handle:0x0010
03-19 11:20:03.856 I/btif_av ( 672): system/bt/btif/src/btif_av.cc:3352 btif_av_acl_disconnected: btif_av_acl_disconnected: Peer c7:44:13:5b:41:8c : ACL Disconnected
03-19 11:20:03.856 I/btif_av ( 672): system/bt/btif/src/btif_av.cc:1078 FindOrCreatePeer: BtifAvPeer *BtifAvSource::FindOrCreatePeer(const RawAddress &, tBTA_AV_HNDL): Create peer: peer_address=c7:44:13:5b:41:8c bta_handle=0x41 peer_id=0
03-19 11:20:03.856 E/bt_upio ( 249): upio_set : /proc/bluetooth/sleep/btwrite(-1) incorrent
03-19 11:20:03.856 I/btif_av ( 672): system/bt/btif/src/btif_av.cc:3279 btif_av_get_peer_sep: No active sink or source peer found
03-19 11:20:03.856 I/bt_btif_a2dp_source( 672): system/bt/btif/src/btif_a2dp_source.cc:691 btif_a2dp_source_on_idle: btif_a2dp_source_on_idle: state=STATE_OFF
03-19 11:20:03.856 I/btif_av ( 672): system/bt/btif/src/btif_av.cc:3279 btif_av_get_peer_sep: No active sink or source peer found
03-19 11:20:03.856 I/bt_btif_a2dp_source( 672): system/bt/btif/src/btif_a2dp_source.cc:691 btif_a2dp_source_on_idle: btif_a2dp_source_on_idle: state=STATE_OFF
03-19 11:20:03.857 I/btif_av ( 672): system/bt/btif/src/btif_av.cc:1123 DeleteIdlePeers: DeleteIdlePeers: Deleting idle peer: c7:44:13:5b:41:8c bta_handle=0x41
03-19 11:20:03.857 D/BluetoothGatt( 1047): onClientConnectionState() - status=0 clientIf=5 device=C7:44:13:5B:41:8C
03-19 11:20:03.857 D/BluetoothGatt( 1047): onClientConnectionState() - status=0 clientIf=6 device=C7:44:13:5B:41:8C
03-19 11:20:03.873 E/bond ( 2949): name=Dangbei,state=10,action=android.bluetooth.device.action.ACL_DISCONNECTED
03-19 11:20:03.876 I/dangbei111( 1047): cccccc on receiver=android.bluetooth.device.action.ACL_DISCONNECTED,mac=C7:44:13:5B:41:8C
03-19 11:20:04.004 E/WifiHAL ( 663): wifi_get_link_stats: requestResponse Error:-5
03-19 11:20:04.005 E/WifiVendorHal( 487): getWifiLinkLayerStats_1_5_Internal(l.1191) failed {.code = ERROR_INVALID_ARGS, .description = }
03-19 11:20:04.009 W/IorapForwardingService( 487): No service published for: iorapd
03-19 11:20:04.444 I/bluetooth( 672): system/bt/stack/gatt/connection_manager.cc:185 on_connection_complete: Le connection completed to device:c7:44:13:5b:41:8c
03-19 11:20:04.444 I/bt_btm_ble( 672): system/bt/stack/btm/btm_ble.cc:1699 btm_ble_connected: Updating device record timestamp for existing ble connection
03-19 11:20:04.518 I/bt_stack( 672): [INFO:gatt_attr.cc(880)] gatt_sr_init_cl_status: bda=c7:44:13:5b:41:8c, cl_supp_feat=0000, aware=1
03-19 11:20:04.518 I/bluetooth( 672): system/bt/stack/gap/gap_ble.cc:298 client_connect_cback: No active GAP service found for peer:xx:xx:xx:xx:41:8c callback:Connected
03-19 11:20:04.518 I/bt_bta_gattc( 672): system/bt/bta/gatt/bta_gattc_act.cc:1110 bta_gattc_conn_cback: Connected att_id:3 transport:le reason:GATT_CONN_OK
03-19 11:20:04.518 I/bt_bta_gattc( 672): system/bt/bta/gatt/bta_gattc_act.cc:1110 bta_gattc_conn_cback: Connected att_id:4 transport:le reason:GATT_CONN_OK
03-19 11:20:04.518 I/bt_bta_gattc( 672): system/bt/bta/gatt/bta_gattc_act.cc:1110 bta_gattc_conn_cback: Connected att_id:5 transport:le reason:GATT_CONN_OK
03-19 11:20:04.518 I/bt_bta_gattc( 672): system/bt/bta/gatt/bta_gattc_act.cc:1110 bta_gattc_conn_cback: Connected att_id:6 transport:le reason:GATT_CONN_OK
03-19 11:20:04.518 I/bluetooth( 672): system/bt/stack/gatt/connection_manager.cc:185 on_connection_complete: Le connection completed to device:c7:44:13:5b:41:8c
03-19 11:20:04.518 I/bt_stack( 672): [INFO:eatt_impl.h(634)] connect device c7:44:13:5b:41:8c rolecentral
03-19 11:20:04.519 I/bt_btif_dm( 672): system/bt/btif/src/btif_dm.cc:497 btif_update_remote_version_property: Remote version info valid:true [xx:xx:xx:xx:41:8c]: 8, 50e, 8
03-19 11:20:04.530 E/bt_stack( 672): [ERROR:bta_gattc_cache.cc(940)] bta_gattc_cache_load: can't open GATT cache file /data/misc/bluetooth/gatt_cache_c744135b418c for reading, error: No such file or directory
03-19 11:20:04.530 I/bt_stack( 672): [INFO:hearing_aid.cc(1796)] GetDeviceCount: Not initialized yet
03-19 11:20:04.531 I/bt_stack( 672): [INFO:gatt_api.cc(708)] GATTC_Discover conn_id=0x0005, disc_type=1, s_handle=0x0001, e_handle=0xffff
03-19 11:20:04.537 D/BluetoothGatt( 1047): onClientConnectionState() - status=0 clientIf=5 device=C7:44:13:5B:41:8C
03-19 11:20:04.538 D/BluetoothGatt( 1047): discoverServices() - device: C7:44:13:5B:41:8C
03-19 11:20:04.539 E/BluetoothPhonePolicy( 672): Received unexpected intent, action=android.bluetooth.device.action.ACL_CONNECTED
03-19 11:20:04.539 I/BluetoothPhonePolicy( 672): processDeviceConnected, device=C7:44:13:5B:41:8C
03-19 11:20:04.540 D/BluetoothGatt( 1047): onClientConnectionState() - status=0 clientIf=6 device=C7:44:13:5B:41:8C
03-19 11:20:04.540 D/BluetoothGatt( 1047): discoverServices() - device: C7:44:13:5B:41:8C
03-19 11:20:04.544 D/BluetoothDatabase( 672): setConnection: device=C7:44:13:5B:41:8C and isA2dpDevice=false
03-19 11:20:04.547 D/BluetoothDatabase( 672): Updating last connected time for device: C7:44:13:5B:41:8C to 197
03-19 11:20:04.547 D/BluetoothDatabase( 672): updateDatabase C7:44:13:5B:41:8C
03-19 11:20:04.548 I/bt_stack( 672): [INFO:eatt_impl.h(578)] supported_features_cb c7:44:13:5b:41:8c is_eatt_supported = 0
03-19 11:20:04.550 E/bond ( 2949): name=Dangbei,state=10,action=android.bluetooth.device.action.ACL_CONNECTED
03-19 11:20:04.554 I/dangbei111( 1047): cccccc on receiver=android.bluetooth.device.action.ACL_CONNECTED,mac=C7:44:13:5B:41:8C
03-19 11:20:04.554 I/dangbei111( 1047): cccccc 收到 ACTION_ACL_CONNECTED 的广播
03-19 11:20:04.554 E/dangbei111( 1047): 5s后准备进行遥控器ota信息检测
03-19 11:20:04.669 D/BluetoothGatt( 1047): onConnectionUpdated() - Device=C7:44:13:5B:41:8C interval=6 latency=0 timeout=200 status=0
03-19 11:20:04.669 I/bt_stack( 672): [INFO:gatt_api.cc(708)] GATTC_Discover conn_id=0x0005, disc_type=3, s_handle=0x0001, e_handle=0x0009
03-19 11:20:04.672 D/BluetoothGatt( 1047): onConnectionUpdated() - Device=C7:44:13:5B:41:8C interval=6 latency=0 timeout=200 status=0
03-19 11:20:04.705 I/bt_stack( 672): [INFO:gatt_api.cc(708)] GATTC_Discover conn_id=0x0005, disc_type=4, s_handle=0x0001, e_handle=0x0009
03-19 11:20:04.750 I/bt_stack( 672): [INFO:gatt_api.cc(708)] GATTC_Discover conn_id=0x0005, disc_type=3, s_handle=0x000a, e_handle=0x000d
03-19 11:20:04.765 I/bt_stack( 672): [INFO:gatt_api.cc(708)] GATTC_Discover conn_id=0x0005, disc_type=4, s_handle=0x000a, e_handle=0x000d
03-19 11:20:04.795 I/bt_stack( 672): [INFO:gatt_api.cc(708)] GATTC_Discover conn_id=0x0005, disc_type=5, s_handle=0x000d, e_handle=0x000d
03-19 11:20:04.810 I/bt_stack( 672): [INFO:gatt_api.cc(708)] GATTC_Discover conn_id=0x0005, disc_type=3, s_handle=0x000e, e_handle=0x0011
03-19 11:20:04.848 I/bt_stack( 672): [INFO:btsnoop.cc(338)] clear_l2cap_allowlist: Clearing acceptlist from l2cap channel. conn_handle=16 cid=4:4
03-19 11:20:04.848 W/bt_stack( 672): [WARNING:l2c_ble.cc(139)] L2CA_EnableUpdateBleConnParams - unknown BD_ADDR c7:44:13:5b:41:8c
03-19 11:20:04.849 I/bt_stack( 672): [INFO:gatt_attr.cc(338)] gatt_connect_cback: remove untrusted client status, bda=c7:44:13:5b:41:8c
03-19 11:20:04.849 I/bluetooth( 672): system/bt/stack/gap/gap_ble.cc:298 client_connect_cback: No active GAP service found for peer:xx:xx:xx:xx:41:8c callback:Disconnected
03-19 11:20:04.849 I/bt_bta_gattc( 672): system/bt/bta/gatt/bta_gattc_act.cc:1115 bta_gattc_conn_cback: Disconnected att_id:3 transport:le reason:GATT_CONN_TERMINATE_PEER_USER
03-19 11:20:04.849 I/bt_bta_gattc( 672): system/bt/bta/gatt/bta_gattc_act.cc:1115 bta_gattc_conn_cback: Disconnected att_id:4 transport:le reason:GATT_CONN_TERMINATE_PEER_USER
03-19 11:20:04.849 I/bt_bta_gattc( 672): system/bt/bta/gatt/bta_gattc_act.cc:1115 bta_gattc_conn_cback: Disconnected att_id:5 transport:le reason:GATT_CONN_TERMINATE_PEER_USER
03-19 11:20:04.849 I/bt_bta_gattc( 672): system/bt/bta/gatt/bta_gattc_act.cc:1115 bta_gattc_conn_cback: Disconnected att_id:6 transport:le reason:GATT_CONN_TERMINATE_PEER_USER
03-19 11:20:04.849 I/btif_av ( 672): system/bt/btif/src/btif_av.cc:3352 btif_av_acl_disconnected: btif_av_acl_disconnected: Peer c7:44:13:5b:41:8c : ACL Disconnected
03-19 11:20:04.849 I/btif_av ( 672): system/bt/btif/src/btif_av.cc:1078 FindOrCreatePeer: BtifAvPeer *BtifAvSource::FindOrCreatePeer(const RawAddress &, tBTA_AV_HNDL): Create peer: peer_address=c7:44:13:5b:41:8c bta_handle=0x41 peer_id=0
03-19 11:20:04.849 I/btif_av ( 672): system/bt/btif/src/btif_av.cc:3279 btif_av_get_peer_sep: No active sink or source peer found
03-19 11:20:04.849 I/bt_btif_a2dp_source( 672): system/bt/btif/src/btif_a2dp_source.cc:691 btif_a2dp_source_on_idle: btif_a2dp_source_on_idle: state=STATE_OFF
03-19 11:20:04.849 I/btif_av ( 672): system/bt/btif/src/btif_av.cc:3279 btif_av_get_peer_sep: No active sink or source peer found
03-19 11:20:04.849 I/bt_btif_a2dp_source( 672): system/bt/btif/src/btif_a2dp_source.cc:691 btif_a2dp_source_on_idle: btif_a2dp_source_on_idle: state=STATE_OFF
03-19 11:20:04.849 I/btif_av ( 672): system/bt/btif/src/btif_av.cc:1123 DeleteIdlePeers: DeleteIdlePeers: Deleting idle peer: c7:44:13:5b:41:8c bta_handle=0x41
03-19 11:20:04.851 D/BluetoothGatt( 1047): onClientConnectionState() - status=0 clientIf=6 device=C7:44:13:5B:41:8C
03-19 11:20:04.852 D/BluetoothGatt( 1047): onClientConnectionState() - status=0 clientIf=5 device=C7:44:13:5B:41:8C
03-19 11:20:04.875 E/bond ( 2949): name=Dangbei,state=10,action=android.bluetooth.device.action.ACL_DISCONNECTED
03-19 11:20:04.876 I/dangbei111( 1047): cccccc on receiver=android.bluetooth.device.action.ACL_DISCONNECTED,mac=C7:44:13:5B:41:8C
03-19 11:20:05.012 W/IorapForwardingService( 487): No service published for: iorapd
03-19 11:20:05.075 I/bluetooth( 672): system/bt/stack/gatt/connection_manager.cc:185 on_connection_complete: Le connection completed to device:c7:44:13:5b:41:8c
03-19 11:20:05.075 I/bt_btm_ble( 672): system/bt/stack/btm/btm_ble.cc:1699 btm_ble_connected: Updating device record timestamp for existing ble connection
03-19 11:20:05.164 I/bt_stack( 672): [INFO:gatt_attr.cc(880)] gatt_sr_init_cl_status: bda=c7:44:13:5b:41:8c, cl_supp_feat=0000, aware=1
03-19 11:20:05.164 I/bluetooth( 672): system/bt/stack/gap/gap_ble.cc:298 client_connect_cback: No active GAP service found for peer:xx:xx:xx:xx:41:8c callback:Connected
03-19 11:20:05.164 I/bt_bta_gattc( 672): system/bt/bta/gatt/bta_gattc_act.cc:1110 bta_gattc_conn_cback: Connected att_id:3 transport:le reason:GATT_CONN_OK
03-19 11:20:05.164 I/bt_bta_gattc( 672): system/bt/bta/gatt/bta_gattc_act.cc:1110 bta_gattc_conn_cback: Connected att_id:4 transport:le reason:GATT_CONN_OK
03-19 11:20:05.164 I/bt_bta_gattc( 672): system/bt/bta/gatt/bta_gattc_act.cc:1110 bta_gattc_conn_cback: Connected att_id:5 transport:le reason:GATT_CONN_OK
03-19 11:20:05.164 I/bt_bta_gattc( 672): system/bt/bta/gatt/bta_gattc_act.cc:1110 bta_gattc_conn_cback: Connected att_id:6 transport:le reason:GATT_CONN_OK
03-19 11:20:05.164 I/bluetooth( 672): system/bt/stack/gatt/connection_manager.cc:185 on_connection_complete: Le connection completed to device:c7:44:13:5b:41:8c
03-19 11:20:05.164 I/bt_stack( 672): [INFO:eatt_impl.h(634)] connect device c7:44:13:5b:41:8c rolecentral
03-19 11:20:05.165 I/bt_btif_dm( 672): system/bt/btif/src/btif_dm.cc:497 btif_update_remote_version_property: Remote version info valid:true [xx:xx:xx:xx:41:8c]: 8, 50e, 8
03-19 11:20:05.176 E/bt_stack( 672): [ERROR:bta_gattc_cache.cc(940)] bta_gattc_cache_load: can't open GATT cache file /data/misc/bluetooth/gatt_cache_c744135b418c for reading, error: No such file or directory
03-19 11:20:05.176 I/bt_stack( 672): [INFO:hearing_aid.cc(1796)] GetDeviceCount: Not initialized yet
03-19 11:20:05.176 I/bt_stack( 672): [INFO:gatt_api.cc(708)] GATTC_Discover conn_id=0x0005, disc_type=1, s_handle=0x0001, e_handle=0xffff
03-19 11:20:05.183 D/BluetoothGatt( 1047): onClientConnectionState() - status=0 clientIf=5 device=C7:44:13:5B:41:8C
03-19 11:20:05.183 D/BluetoothGatt( 1047): onClientConnectionState() - status=0 clientIf=6 device=C7:44:13:5B:41:8C
03-19 11:20:05.183 D/BluetoothGatt( 1047): discoverServices() - device: C7:44:13:5B:41:8C
03-19 11:20:05.183 D/BluetoothGatt( 1047): discoverServices() - device: C7:44:13:5B:41:8C
03-19 11:20:05.185 E/BluetoothPhonePolicy( 672): Received unexpected intent, action=android.bluetooth.device.action.ACL_CONNECTED
03-19 11:20:05.186 I/BluetoothPhonePolicy( 672): processDeviceConnected, device=C7:44:13:5B:41:8C
03-19 11:20:05.186 D/BluetoothDatabase( 672): setConnection: device=C7:44:13:5B:41:8C and isA2dpDevice=false
03-19 11:20:05.186 D/BluetoothDatabase( 672): Updating last connected time for device: C7:44:13:5B:41:8C to 198
03-19 11:20:05.186 D/BluetoothDatabase( 672): updateDatabase C7:44:13:5B:41:8C
03-19 11:20:05.188 E/bond ( 2949): name=Dangbei,state=10,action=android.bluetooth.device.action.ACL_CONNECTED
03-19 11:20:05.192 I/dangbei111( 1047): cccccc on receiver=android.bluetooth.device.action.ACL_CONNECTED,mac=C7:44:13:5B:41:8C
03-19 11:20:05.192 I/dangbei111( 1047): cccccc 收到 ACTION_ACL_CONNECTED 的广播
03-19 11:20:05.192 E/dangbei111( 1047): 5s后准备进行遥控器ota信息检测
03-19 11:20:05.194 I/bt_stack( 672): [INFO:eatt_impl.h(578)] supported_features_cb c7:44:13:5b:41:8c is_eatt_supported = 0
03-19 11:20:05.315 D/BluetoothGatt( 1047): onConnectionUpdated() - Device=C7:44:13:5B:41:8C interval=6 latency=0 timeout=200 status=0
03-19 11:20:05.315 D/BluetoothGatt( 1047): onConnectionUpdated() - Device=C7:44:13:5B:41:8C interval=6 latency=0 timeout=200 status=0
03-19 11:20:05.315 I/bt_stack( 672): [INFO:gatt_api.cc(708)] GATTC_Discover conn_id=0x0005, disc_type=3, s_handle=0x0001, e_handle=0x0009
03-19 11:20:05.350 I/bt_stack( 672): [INFO:gatt_api.cc(708)] GATTC_Discover conn_id=0x0005, disc_type=4, s_handle=0x0001, e_handle=0x0009
03-19 11:20:05.395 I/bt_stack( 672): [INFO:gatt_api.cc(708)] GATTC_Discover conn_id=0x0005, disc_type=3, s_handle=0x000a, e_handle=0x000d
03-19 11:20:05.409 I/bt_stack( 672): [INFO:gatt_api.cc(708)] GATTC_Discover conn_id=0x0005, disc_type=4, s_handle=0x000a, e_handle=0x000d
03-19 11:20:05.411 D/WifiNl80211Manager( 487): Scan result ready event
03-19 11:20:05.411 D/WifiNative( 487): Scan result ready event
03-19 11:20:05.448 I/bt_stack( 672): [INFO:gatt_api.cc(708)] GATTC_Discover conn_id=0x0005, disc_type=5, s_handle=0x000d, e_handle=0x000d
03-19 11:20:05.462 I/bt_stack( 672): [INFO:gatt_api.cc(708)] GATTC_Discover conn_id=0x0005, disc_type=3, s_handle=0x000e, e_handle=0x0011
03-19 11:20:05.470 E/hq ( 1119): NetWorkStateReceiver:::NetWorkStateReceiver onReceive: 网络变化广播 >>>> intent.action=android.net.wifi.SCAN_RESULTS
03-19 11:20:05.470 E/ccc ( 2949): cccccc SCAN_RESULTS_AVAILABLE_ACTION hhhh
03-19 11:20:05.478 I/bt_stack( 672): [INFO:gatt_api.cc(708)] GATTC_Discover conn_id=0x0005, disc_type=4, s_handle=0x000e, e_handle=0x0011
03-19 11:20:05.479 D/PasspointManager( 487): ANQP entry not found for: f8:14:fe:4f:93:01:
03-19 11:20:05.482 E/WifiHAL ( 663): wifi_get_link_stats: requestResponse Error:-5
03-19 11:20:05.483 E/WifiVendorHal( 487): getWifiLinkLayerStats_1_5_Internal(l.1191) failed {.code = ERROR_INVALID_ARGS, .description = }
03-19 11:20:05.495 W/eventbuscore( 1119): post Event:com.dangbei.leard.base.entity.event.NetWifiRssiEvent
03-19 11:20:05.501 E/ccc ( 2949): cccccc result is not empty call back
03-19 11:20:05.501 E/ccc ( 2949): cccccc 666666666666666
03-19 11:20:05.507 I/bt_stack( 672): [INFO:gatt_api.cc(708)] GATTC_Discover conn_id=0x0005, disc_type=5, s_handle=0x0011, e_handle=0x0011
03-19 11:20:05.512 E/ccc ( 2949): cccccc sort 2 52
03-19 11:20:05.522 I/bt_stack( 672): [INFO:gatt_api.cc(708)] GATTC_Discover conn_id=0x0005, disc_type=3, s_handle=0x0012, e_handle=0x001e
03-19 11:20:05.537 I/bt_stack( 672): [INFO:gatt_api.cc(708)] GATTC_Discover conn_id=0x0005, disc_type=4, s_handle=0x0012, e_handle=0x001e
03-19 11:20:05.595 I/system_server( 487): Background young concurrent copying GC freed 193734(7709KB) AllocSpace objects, 53(1076KB) LOS objects, 35% free, 14MB/22MB, paused 506us total 166.668ms
03-19 11:20:05.597 I/bt_stack( 672): [INFO:gatt_api.cc(708)] GATTC_Discover conn_id=0x0005, disc_type=3, s_handle=0x001f, e_handle=0x0042
03-19 11:20:05.612 I/bt_stack( 672): [INFO:gatt_api.cc(708)] GATTC_Discover conn_id=0x0005, disc_type=4, s_handle=0x001f, e_handle=0x0042
03-19 11:20:05.725 I/bt_stack( 672): [INFO:gatt_api.cc(708)] GATTC_Discover conn_id=0x0005, disc_type=5, s_handle=0x0024, e_handle=0x0024
03-19 11:20:05.740 I/bt_stack( 672): [INFO:gatt_api.cc(708)] GATTC_Discover conn_id=0x0005, disc_type=5, s_handle=0x0029, e_handle=0x0029
03-19 11:20:05.754 I/bt_stack( 672): [INFO:gatt_api.cc(708)] GATTC_Discover conn_id=0x0005, disc_type=5, s_handle=0x002e, e_handle=0x002e
03-19 11:20:05.771 I/bt_stack( 672): [INFO:gatt_api.cc(708)] GATTC_Discover conn_id=0x0005, disc_type=5, s_handle=0x0031, e_handle=0x0032
03-19 11:20:05.785 I/bt_stack( 672): [INFO:gatt_api.cc(708)] GATTC_Discover conn_id=0x0005, disc_type=5, s_handle=0x0035, e_handle=0x0036
03-19 11:20:05.799 I/bt_stack( 672): [INFO:gatt_api.cc(708)] GATTC_Discover conn_id=0x0005, disc_type=5, s_handle=0x0039, e_handle=0x003a
