03-19 11:15:57.628 E/dangbei111( 1047): cccccc 检查遥控器是否连接: 蓝牙的结果 Dangbei C9:B5:96:5C:E3:ED false
03-19 11:15:57.628 E/dangbei111( 1047): cccccc input中没有遥控器存在
03-19 11:15:57.628 E/dangbei111( 1047): cccccc 蓝牙状态连接 不是连接状态 啥都不干
03-19 11:15:57.631 E/dangbei111( 1047): cccccc 蓝牙状态连接 配对状态 啥都不做
03-19 11:15:57.636 E/dangbei111( 1047): cccccc 检查遥控器是否连接: Dangbei C9:B5:96:5C:E3:ED
03-19 11:15:57.639 E/dangbei111( 1047): cccccc 检查遥控器是否连接: 蓝牙的结果 Dangbei C9:B5:96:5C:E3:ED false
03-19 11:15:57.639 E/dangbei111( 1047): cccccc input中没有遥控器存在
03-19 11:15:57.640 E/dangbei111( 1047): cccccc 蓝牙状态连接 不是连接状态 啥都不干
03-19 11:15:57.642 E/dangbei111( 1047): cccccc 蓝牙状态连接 配对状态 啥都不做
03-19 11:15:57.642 E/dangbei111( 1047): bondOrConnect state=10
03-19 11:15:57.642 E/dangbei111( 1047): 500ms后 开始配对 先去停止scan
03-19 11:15:57.642 E/dangbei111( 1047): cccccc 尝试 stopBleScan
03-19 11:15:57.644 D/BluetoothAdapter( 1047): isLeEnabled(): ON
03-19 11:15:57.651 I/bt_stack( 672): [INFO:gatt_api.cc(1042)] GATT_Deregister gatt_if=8
03-19 11:15:57.652 E/dangbei111( 1047): cccccc stopBleScanInner com.dangbei.remotecontroller.RCHelper$3@786b675
03-19 11:15:58.155 I/bt_btif_dm( 672): system/bt/btif/src/btif_dm.cc:1884 btif_dm_cancel_discovery: Cancel search
03-19 11:15:58.156 I/BluetoothBondStateMachine( 672): Bond address is:C7:44:13:5B:41:8C
03-19 11:15:58.157 I/bt_btif_config( 672): system/bt/btif/src/btif_config.cc:137 btif_get_device_type: Device [c7:44:13:5b:41:8c] device type 2
03-19 11:15:58.157 I/bt_btif_dm( 672): system/bt/btif/src/btif_dm.cc:384 get_cod: get_cod remote_cod = 0x00001f00
03-19 11:15:58.157 I/bt_btif_dm( 672): system/bt/btif/src/btif_dm.cc:384 get_cod: get_cod remote_cod = 0x00001f00
03-19 11:15:58.157 I/bt_btif_config( 672): system/bt/btif/src/btif_config.cc:137 btif_get_device_type: Device [c7:44:13:5b:41:8c] device type 2
03-19 11:15:58.157 I/bt_btif_dm( 672): system/bt/btif/src/btif_dm.cc:384 get_cod: get_cod remote_cod = 0x00001f00
03-19 11:15:58.157 I/bt_btif_dm( 672): system/bt/btif/src/btif_dm.cc:451 bond_state_changed: Bond state changed to state=1 [0:none, 1:bonding, 2:bonded], prev_state=0, sdp_attempts = 0
03-19 11:15:58.157 I/bt_btif_config( 672): system/bt/btif/src/btif_config.cc:137 btif_get_device_type: Device [c7:44:13:5b:41:8c] device type 2
03-19 11:15:58.159 I/BluetoothBondStateMachine( 672): bondStateChangeCallback: Status: 0 Address: C7:44:13:5B:41:8C newState: 1
03-19 11:15:58.162 I/BluetoothBondStateMachine( 672): Entering PendingCommandState State
03-19 11:15:58.189 I/BluetoothBondStateMachine( 672): Bond State Change Intent:C7:44:13:5B:41:8C BOND_NONE => BOND_BONDING
03-19 11:15:58.193 D/A2dpService( 672): Bond state changed for device: C7:44:13:5B:41:8C state: 11
03-19 11:15:58.193 W/BroadcastQueue( 487): Background execution not allowed: receiving Intent { act=android.bluetooth.device.action.BOND_STATE_CHANGED flg=0x10 (has extras) } to com.dangbei.lerad.etna.haqu/com.dangbei.remotecontroller.RemoteControllerReceiver
03-19 11:15:58.195 I/dangbei111( 1047): cccccc on receiver=android.bluetooth.device.action.BOND_STATE_CHANGED,mac=C7:44:13:5B:41:8C
03-19 11:15:58.195 I/dangbei111( 1047): Wait for auto connection, processBondStateChange: bondState: 10 --> 11 C7:44:13:5B:41:8C
03-19 11:15:58.199 E/bond ( 2949): name=Dangbei,state=11,action=android.bluetooth.device.action.BOND_STATE_CHANGED
03-19 11:15:58.435 W/IorapForwardingService( 487): No service published for: iorapd
03-19 11:15:58.940 I/gbei.screencas( 3238): Background concurrent copying GC freed 55159(5708KB) AllocSpace objects, 0(0B) LOS objects, 49% free, 5903KB/11MB, paused 130us total 146.183ms
03-19 11:15:59.111 D/hdmi-cec( 261): receive invalid cec message!
03-19 11:15:59.111 D/hdmi-cec( 261): receive poll message [04], skip!
03-19 11:15:59.273 I/bt_stack( 672): [INFO:btsnoop.cc(338)] clear_l2cap_allowlist: Clearing acceptlist from l2cap channel. conn_handle=16 cid=4:4
03-19 11:15:59.273 I/bt_stack( 672): [INFO:gatt_attr.cc(338)] gatt_connect_cback: remove untrusted client status, bda=c7:44:13:5b:41:8c
03-19 11:15:59.274 I/bluetooth( 672): system/bt/stack/gap/gap_ble.cc:298 client_connect_cback: No active GAP service found for peer:xx:xx:xx:xx:41:8c callback:Disconnected
03-19 11:15:59.274 I/bt_bta_gattc( 672): system/bt/bta/gatt/bta_gattc_act.cc:1115 bta_gattc_conn_cback: Disconnected att_id:3 transport:le reason:GATT_CONN_TIMEOUT
03-19 11:15:59.274 I/bt_bta_gattc( 672): system/bt/bta/gatt/bta_gattc_act.cc:1115 bta_gattc_conn_cback: Disconnected att_id:4 transport:le reason:GATT_CONN_TIMEOUT
03-19 11:15:59.274 I/bt_bta_gattc( 672): system/bt/bta/gatt/bta_gattc_act.cc:1115 bta_gattc_conn_cback: Disconnected att_id:5 transport:le reason:GATT_CONN_TIMEOUT
03-19 11:15:59.274 I/bt_bta_gattc( 672): system/bt/bta/gatt/bta_gattc_act.cc:1115 bta_gattc_conn_cback: Disconnected att_id:6 transport:le reason:GATT_CONN_TIMEOUT
03-19 11:15:59.274 I/bt_stack( 672): [INFO:btsnoop.cc(338)] clear_l2cap_allowlist: Clearing acceptlist from l2cap channel. conn_handle=16 cid=6:6
03-19 11:15:59.275 W/bt_stack( 672): [WARNING:l2c_api.cc(1394)] L2CA_RemoveFixedChnl BDA: c7:44:13:5b:41:8c CID: 0x0006 not connected
03-19 11:15:59.275 I/bt_btif_storage( 672): system/bt/btif/src/btif_storage.cc:1138 btif_storage_remove_ble_bonding_keys: Removing bonding keys for bd addr:c7:44:13:5b:41:8c
03-19 11:15:59.275 I/bt_btif_config( 672): system/bt/btif/src/btif_config.cc:137 btif_get_device_type: Device [c7:44:13:5b:41:8c] device type 2
03-19 11:15:59.275 I/bt_btif_dm( 672): system/bt/btif/src/btif_dm.cc:384 get_cod: get_cod remote_cod = 0x00001f00
03-19 11:15:59.275 I/bt_btif_dm( 672): system/bt/btif/src/btif_dm.cc:451 bond_state_changed: Bond state changed to state=0 [0:none, 1:bonding, 2:bonded], prev_state=1, sdp_attempts = 0
03-19 11:15:59.275 E/bt_stack( 672): [ERROR:metric_id_allocator.cc(181)] BluetoothMetricIdAllocatorFailed to forget device because device is not in paired_device_cache_
03-19 11:15:59.276 I/bt_btif_config( 672): system/bt/btif/src/btif_config.cc:137 btif_get_device_type: Device [c7:44:13:5b:41:8c] device type 2
03-19 11:15:59.276 W/bt_btm_sec( 672): system/bt/stack/btm/btm_sec.cc:3685 btm_sec_disconnected: Got uncommon disconnection reason:Connection Timeout handle:0x0010
03-19 11:15:59.277 I/btif_av ( 672): system/bt/btif/src/btif_av.cc:3352 btif_av_acl_disconnected: btif_av_acl_disconnected: Peer c7:44:13:5b:41:8c : ACL Disconnected
03-19 11:15:59.277 I/bt_stack( 672): [INFO:gatt_api.cc(1231)] GATT_CancelConnect: gatt_if:0, address: c7:44:13:5b:41:8c, direct:0
03-19 11:15:59.277 I/BluetoothBondStateMachine( 672): bondStateChangeCallback: Status: 9 Address: C7:44:13:5B:41:8C newState: 0
03-19 11:15:59.277 I/btif_av ( 672): system/bt/btif/src/btif_av.cc:1078 FindOrCreatePeer: BtifAvPeer *BtifAvSource::FindOrCreatePeer(const RawAddress &, tBTA_AV_HNDL): Create peer: peer_address=c7:44:13:5b:41:8c bta_handle=0x41 peer_id=0
03-19 11:15:59.277 I/btif_av ( 672): system/bt/btif/src/btif_av.cc:3279 btif_av_get_peer_sep: No active sink or source peer found
03-19 11:15:59.278 I/bt_btif_a2dp_source( 672): system/bt/btif/src/btif_a2dp_source.cc:691 btif_a2dp_source_on_idle: btif_a2dp_source_on_idle: state=STATE_OFF
03-19 11:15:59.278 I/btif_av ( 672): system/bt/btif/src/btif_av.cc:3279 btif_av_get_peer_sep: No active sink or source peer found
03-19 11:15:59.278 I/bt_btif_a2dp_source( 672): system/bt/btif/src/btif_a2dp_source.cc:691 btif_a2dp_source_on_idle: btif_a2dp_source_on_idle: state=STATE_OFF
03-19 11:15:59.278 I/btif_av ( 672): system/bt/btif/src/btif_av.cc:1123 DeleteIdlePeers: DeleteIdlePeers: Deleting idle peer: c7:44:13:5b:41:8c bta_handle=0x41
03-19 11:15:59.278 D/BluetoothGatt( 1047): onClientConnectionState() - status=0 clientIf=6 device=C7:44:13:5B:41:8C
03-19 11:15:59.279 D/BluetoothGatt( 1047): onClientConnectionState() - status=0 clientIf=5 device=C7:44:13:5B:41:8C
03-19 11:15:59.285 D/AdapterProperties( 672): Failed to remove device: C7:44:13:5B:41:8C
03-19 11:15:59.290 I/BluetoothBondStateMachine( 672): Bond State Change Intent:C7:44:13:5B:41:8C BOND_BONDING => BOND_NONE
03-19 11:15:59.293 W/HeadsetClientService( 672): getHeadsetClientService(): service is null
03-19 11:15:59.293 W/PbapClientService( 672): getPbapClientService(): service is null
03-19 11:15:59.293 V/BluetoothDatabase( 672): setProfileConnectionPolicy connection policy not changed.
03-19 11:15:59.294 D/A2dpService( 672): Saved connectionPolicy C7:44:13:5B:41:8C = -1
03-19 11:15:59.294 V/BluetoothDatabase( 672): setProfileConnectionPolicy connection policy not changed.
03-19 11:15:59.294 I/HeadsetService( 672): setConnectionPolicy: device=C7:44:13:5B:41:8C, connectionPolicy=-1, uid/pid=1002/672
03-19 11:15:59.294 V/BluetoothDatabase( 672): setProfileConnectionPolicy connection policy not changed.
03-19 11:15:59.294 I/BluetoothBondStateMachine( 672): StableState(): Entering Off State
03-19 11:15:59.299 D/A2dpService( 672): Bond state changed for device: C7:44:13:5B:41:8C state: 10
03-19 11:15:59.299 W/BroadcastQueue( 487): Background execution not allowed: receiving Intent { act=android.bluetooth.device.action.BOND_STATE_CHANGED flg=0x10 (has extras) } to com.dangbei.lerad.etna.haqu/com.dangbei.remotecontroller.RemoteControllerReceiver
03-19 11:15:59.300 I/dangbei111( 1047): cccccc on receiver=android.bluetooth.device.action.BOND_STATE_CHANGED,mac=C7:44:13:5B:41:8C
03-19 11:15:59.301 I/dangbei111( 1047): Wait for auto connection, processBondStateChange: bondState: 11 --> 10 C7:44:13:5B:41:8C
03-19 11:15:59.301 E/bond ( 2949): name=Dangbei,state=10,action=android.bluetooth.device.action.BOND_STATE_CHANGED
03-19 11:15:59.303 D/BluetoothDatabase( 672): getCustomMeta: device C7:44:13:5B:41:8C is not in cache
03-19 11:15:59.303 E/bond ( 2949): name=Dangbei,state=10,action=android.bluetooth.device.action.ACL_DISCONNECTED
03-19 11:15:59.303 I/dangbei111( 1047): cccccc on receiver=android.bluetooth.device.action.ACL_DISCONNECTED,mac=C7:44:13:5B:41:8C
03-19 11:15:59.306 D/BluetoothDatabase( 672): getCustomMeta: device C7:44:13:5B:41:8C is not in cache
03-19 11:15:59.364 I/BLEAudioDrive_HV410( 248): select timeout!
03-19 11:15:59.437 W/IorapForwardingService( 487): No service published for: iorapd
03-19 11:15:59.897 E/WifiHAL ( 663): wifi_get_link_stats: requestResponse Error:-5
03-19 11:15:59.899 E/WifiVendorHal( 487): getWifiLinkLayerStats_1_5_Internal(l.1191) failed {.code = ERROR_INVALID_ARGS, .description = }
03-19 11:16:00.439 W/IorapForwardingService( 487): No service published for: iorapd
03-19 11:16:01.057 W/hdr10p_Configure( 363): 130 callbacks suppressed
03-19 11:16:01.057 I/ ( 363): DVI mode selected: packets not configured
03-19 11:16:01.057 W/set_vsif_config( 363): 130 callbacks suppressed
03-19 11:16:01.057 I/ ( 363): Error: set vsif failed
03-19 11:16:01.057 I/ ( 363): DVI mode selected: packets not configured
03-19 11:16:01.057 I/ ( 363): Error: set vsif failed
03-19 11:16:01.083 I/ ( 363): DVI mode selected: packets not configured
03-19 11:16:01.083 I/ ( 363): Error: set vsif failed
03-19 11:16:01.083 I/ ( 363): DVI mode selected: packets not configured
03-19 11:16:01.083 I/ ( 363): Error: set vsif failed
03-19 11:16:01.107 I/ ( 363): DVI mode selected: packets not configured
03-19 11:16:01.107 I/ ( 363): Error: set vsif failed
03-19 11:16:01.107 I/ ( 363): DVI mode selected: packets not configured
03-19 11:16:01.107 I/ ( 363): Error: set vsif failed
03-19 11:16:01.131 I/ ( 363): DVI mode selected: packets not configured
03-19 11:16:01.131 I/ ( 363): Error: set vsif failed
03-19 11:16:01.132 I/ ( 363): DVI mode selected: packets not configured
03-19 11:16:01.132 I/ ( 363): Error: set vsif failed
03-19 11:16:01.144 I/ ( 363): DVI mode selected: packets not configured
03-19 11:16:01.144 I/ ( 363): Error: set vsif failed
03-19 11:16:01.144 I/ ( 363): DVI mode selected: packets not configured
03-19 11:16:01.144 I/ ( 363): Error: set vsif failed
03-19 11:16:01.440 W/IorapForwardingService( 487): No service published for: iorapd
03-19 11:16:02.297 E/bt_upio ( 249): upio_set : /proc/bluetooth/sleep/btwrite(-1) incorrent
03-19 11:16:02.305 E/dangbei111( 1047): cccccc 准备开始进行 startScanInner
03-19 11:16:02.305 E/dangbei111( 1047): cccccc 真正开始进入扫描流程啦
03-19 11:16:02.310 E/dangbei111( 1047): cccccc 检查遥控器是否连接: Dangbei C9:B5:96:5C:E3:ED
03-19 11:16:02.314 E/dangbei111( 1047): cccccc 检查遥控器是否连接: 蓝牙的结果 Dangbei C9:B5:96:5C:E3:ED false
03-19 11:16:02.314 E/dangbei111( 1047): cccccc input中没有遥控器存在
03-19 11:16:02.314 E/dangbei111( 1047): cccccc 蓝牙状态连接 不是连接状态 啥都不干
03-19 11:16:02.316 E/dangbei111( 1047): cccccc 蓝牙状态连接 配对状态 啥都不做
03-19 11:16:02.317 E/dangbei111( 1047): 开始扫描 com.dangbei.remotecontroller.RCHelper$3@1e6cc6b
03-19 11:16:02.317 D/BluetoothAdapter( 1047): isLeEnabled(): ON
03-19 11:16:02.320 I/bluetooth( 672): system/bt/stack/gatt/gatt_api.cc:1019 GATT_Register: Allocated name:GattClient uuid:8986511d-6c4e-a2e6-800c-dd20b845e139 gatt_if:8 eatt_support:0
03-19 11:16:02.321 D/BluetoothLeScanner( 1047): onScannerRegistered() - status=0 scannerId=8 mScannerId=0
03-19 11:16:02.327 E/bt_upio ( 249): upio_set : /proc/bluetooth/sleep/btwrite(-1) incorrent
03-19 11:16:02.398 D/aaa ( 7639): LedStatusService onStartCommand begin
03-19 11:16:02.400 D/aaa ( 7639): topPkg is -------------- :com.dangbei.haqusetting
03-19 11:16:02.404 D/bbb ( 1203): onStartCommand begin !!!!!!! data分区剩余 24948MB
03-19 11:16:02.442 W/IorapForwardingService( 487): No service published for: iorapd
03-19 11:16:02.912 E/WifiHAL ( 663): wifi_get_link_stats: requestResponse Error:-5
03-19 11:16:02.913 E/WifiVendorHal( 487): getWifiLinkLayerStats_1_5_Internal(l.1191) failed {.code = ERROR_INVALID_ARGS, .description = }
03-19 11:16:03.444 W/IorapForwardingService( 487): No service published for: iorapd
03-19 11:16:04.446 W/IorapForwardingService( 487): No service published for: iorapd
03-19 11:16:04.580 E/dangbei111( 1047): cccccc 检查遥控器是否连接: Dangbei C9:B5:96:5C:E3:ED
03-19 11:16:04.582 E/dangbei111( 1047): cccccc 检查遥控器是否连接: 蓝牙的结果 Dangbei C9:B5:96:5C:E3:ED false
03-19 11:16:04.582 E/dangbei111( 1047): cccccc input中没有遥控器存在
03-19 11:16:04.582 E/dangbei111( 1047): cccccc 蓝牙状态连接 不是连接状态 啥都不干
03-19 11:16:04.589 E/dangbei111( 1047): cccccc 蓝牙状态连接 配对状态 啥都不做
03-19 11:16:04.591 E/dangbei111( 1047): scan get device,state=10
03-19 11:16:04.591 E/dangbei111( 1047): ble scan find the device C7:44:13:5B:41:8C
03-19 11:16:04.593 E/dangbei111( 1047): cccccc 扫描到了设备 Dangbei C7:44:13:5B:41:8C
03-19 11:16:04.597 E/dangbei111( 1047): cccccc 检查遥控器是否连接: Dangbei C9:B5:96:5C:E3:ED
03-19 11:16:04.598 E/dangbei111( 1047): cccccc 检查遥控器是否连接: 蓝牙的结果 Dangbei C9:B5:96:5C:E3:ED false
03-19 11:16:04.598 E/dangbei111( 1047): cccccc input中没有遥控器存在
03-19 11:16:04.598 E/dangbei111( 1047): cccccc 蓝牙状态连接 不是连接状态 啥都不干
03-19 11:16:04.600 E/dangbei111( 1047): cccccc 蓝牙状态连接 配对状态 啥都不做
03-19 11:16:04.608 E/dangbei111( 1047): cccccc 检查遥控器是否连接: Dangbei C9:B5:96:5C:E3:ED
03-19 11:16:04.610 E/dangbei111( 1047): cccccc 检查遥控器是否连接: 蓝牙的结果 Dangbei C9:B5:96:5C:E3:ED false
03-19 11:16:04.611 E/dangbei111( 1047): cccccc input中没有遥控器存在
03-19 11:16:04.611 E/dangbei111( 1047): cccccc 蓝牙状态连接 不是连接状态 啥都不干
03-19 11:16:04.613 E/dangbei111( 1047): cccccc 蓝牙状态连接 配对状态 啥都不做
03-19 11:16:04.613 E/dangbei111( 1047): bondOrConnect state=10
03-19 11:16:04.613 E/dangbei111( 1047): 500ms后 开始配对 先去停止scan
03-19 11:16:04.613 E/dangbei111( 1047): cccccc 尝试 stopBleScan
03-19 11:16:04.614 D/BluetoothAdapter( 1047): isLeEnabled(): ON
03-19 11:16:04.624 I/bt_stack( 672): [INFO:gatt_api.cc(1042)] GATT_Deregister gatt_if=8
03-19 11:16:04.624 E/dangbei111( 1047): cccccc stopBleScanInner com.dangbei.remotecontroller.RCHelper$3@1e6cc6b
03-19 11:16:05.128 I/bt_btif_dm( 672): system/bt/btif/src/btif_dm.cc:1884 btif_dm_cancel_discovery: Cancel search
03-19 11:16:05.129 I/BluetoothBondStateMachine( 672): Bond address is:C7:44:13:5B:41:8C
03-19 11:16:05.130 I/bt_btif_config( 672): system/bt/btif/src/btif_config.cc:137 btif_get_device_type: Device [c7:44:13:5b:41:8c] device type 2
03-19 11:16:05.130 I/bt_btif_dm( 672): system/bt/btif/src/btif_dm.cc:384 get_cod: get_cod remote_cod = 0x00001f00
03-19 11:16:05.130 I/bt_btif_dm( 672): system/bt/btif/src/btif_dm.cc:384 get_cod: get_cod remote_cod = 0x00001f00
03-19 11:16:05.130 I/bt_btif_config( 672): system/bt/btif/src/btif_config.cc:137 btif_get_device_type: Device [c7:44:13:5b:41:8c] device type 2
03-19 11:16:05.130 I/bt_btif_dm( 672): system/bt/btif/src/btif_dm.cc:384 get_cod: get_cod remote_cod = 0x00001f00
03-19 11:16:05.130 I/bt_btif_dm( 672): system/bt/btif/src/btif_dm.cc:451 bond_state_changed: Bond state changed to state=1 [0:none, 1:bonding, 2:bonded], prev_state=0, sdp_attempts = 0
03-19 11:16:05.130 I/bt_btif_config( 672): system/bt/btif/src/btif_config.cc:137 btif_get_device_type: Device [c7:44:13:5b:41:8c] device type 2
03-19 11:16:05.131 I/BluetoothBondStateMachine( 672): Entering PendingCommandState State
03-19 11:16:05.132 I/BluetoothBondStateMachine( 672): bondStateChangeCallback: Status: 0 Address: C7:44:13:5B:41:8C newState: 1
03-19 11:16:05.143 I/BluetoothBondStateMachine( 672): Bond State Change Intent:C7:44:13:5B:41:8C BOND_NONE => BOND_BONDING
03-19 11:16:05.145 D/BluetoothDatabase( 672): updateDatabase C7:44:13:5B:41:8C
03-19 11:16:05.149 W/BroadcastQueue( 487): Background execution not allowed: receiving Intent { act=android.bluetooth.device.action.BOND_STATE_CHANGED flg=0x10 (has extras) } to com.dangbei.lerad.etna.haqu/com.dangbei.remotecontroller.RemoteControllerReceiver
03-19 11:16:05.150 I/dangbei111( 1047): cccccc on receiver=android.bluetooth.device.action.BOND_STATE_CHANGED,mac=C7:44:13:5B:41:8C
03-19 11:16:05.150 I/dangbei111( 1047): Wait for auto connection, processBondStateChange: bondState: 10 --> 11 C7:44:13:5B:41:8C
03-19 11:16:05.150 D/A2dpService( 672): Bond state changed for device: C7:44:13:5B:41:8C state: 11
03-19 11:16:05.153 E/bond ( 2949): name=Dangbei,state=11,action=android.bluetooth.device.action.BOND_STATE_CHANGED
03-19 11:16:05.393 I/bluetooth( 672): system/bt/stack/gatt/connection_manager.cc:185 on_connection_complete: Le connection completed to device:c7:44:13:5b:41:8c
03-19 11:16:05.394 I/bt_btm_ble( 672): system/bt/stack/btm/btm_ble.cc:1699 btm_ble_connected: Updating device record timestamp for existing ble connection
03-19 11:16:05.449 W/IorapForwardingService( 487): No service published for: iorapd
03-19 11:16:05.482 I/bt_stack( 672): [INFO:gatt_attr.cc(880)] gatt_sr_init_cl_status: bda=c7:44:13:5b:41:8c, cl_supp_feat=0000, aware=1
03-19 11:16:05.483 I/bluetooth( 672): system/bt/stack/gap/gap_ble.cc:298 client_connect_cback: No active GAP service found for peer:xx:xx:xx:xx:41:8c callback:Connected
03-19 11:16:05.483 I/bt_bta_gattc( 672): system/bt/bta/gatt/bta_gattc_act.cc:1110 bta_gattc_conn_cback: Connected att_id:3 transport:le reason:GATT_CONN_OK
03-19 11:16:05.483 I/bt_bta_gattc( 672): system/bt/bta/gatt/bta_gattc_act.cc:1110 bta_gattc_conn_cback: Connected att_id:4 transport:le reason:GATT_CONN_OK
03-19 11:16:05.483 I/bt_bta_gattc( 672): system/bt/bta/gatt/bta_gattc_act.cc:1110 bta_gattc_conn_cback: Connected att_id:5 transport:le reason:GATT_CONN_OK
03-19 11:16:05.483 I/bt_bta_gattc( 672): system/bt/bta/gatt/bta_gattc_act.cc:1110 bta_gattc_conn_cback: Connected att_id:6 transport:le reason:GATT_CONN_OK
03-19 11:16:05.483 I/bluetooth( 672): system/bt/stack/gatt/connection_manager.cc:185 on_connection_complete: Le connection completed to device:c7:44:13:5b:41:8c
03-19 11:16:05.483 I/bt_stack( 672): [INFO:eatt_impl.h(634)] connect device c7:44:13:5b:41:8c rolecentral
03-19 11:16:05.484 I/bt_btif_dm( 672): system/bt/btif/src/btif_dm.cc:497 btif_update_remote_version_property: Remote version info valid:true [xx:xx:xx:xx:41:8c]: 8, 50e, 8
03-19 11:16:05.502 E/BluetoothPhonePolicy( 672): Received unexpected intent, action=android.bluetooth.device.action.ACL_CONNECTED
03-19 11:16:05.502 I/BluetoothPhonePolicy( 672): processDeviceConnected, device=C7:44:13:5B:41:8C
03-19 11:16:05.502 D/BluetoothDatabase( 672): setConnection: device=C7:44:13:5B:41:8C and isA2dpDevice=false
03-19 11:16:05.503 D/BluetoothDatabase( 672): Updating last connected time for device: C7:44:13:5B:41:8C to 186
03-19 11:16:05.503 D/BluetoothDatabase( 672): updateDatabase C7:44:13:5B:41:8C
03-19 11:16:05.506 E/bond ( 2949): name=Dangbei,state=11,action=android.bluetooth.device.action.ACL_CONNECTED
03-19 11:16:05.509 I/dangbei111( 1047): cccccc on receiver=android.bluetooth.device.action.ACL_CONNECTED,mac=C7:44:13:5B:41:8C
03-19 11:16:05.509 I/dangbei111( 1047): cccccc 收到 ACTION_ACL_CONNECTED 的广播
03-19 11:16:05.509 E/dangbei111( 1047): 5s后准备进行遥控器ota信息检测
03-19 11:16:05.512 I/bt_stack( 672): [INFO:eatt_impl.h(578)] supported_features_cb c7:44:13:5b:41:8c is_eatt_supported = 0
03-19 11:16:05.526 E/smp_act ( 672): system/bt/stack/smp/smp_act.cc:135 smp_send_app_cback: Unexpected event:14
03-19 11:16:05.527 I/bt_btif_config( 672): system/bt/btif/src/btif_config.cc:137 btif_get_device_type: Device [c7:44:13:5b:41:8c] device type 2
03-19 11:16:05.535 I/bt_btif_config( 672): system/bt/btif/src/btif_config.cc:137 btif_get_device_type: Device [c7:44:13:5b:41:8c] device type 2
03-19 11:16:05.535 I/bt_btif_dm( 672): system/bt/btif/src/btif_dm.cc:384 get_cod: get_cod remote_cod = 0x00001f00
03-19 11:16:05.535 E/smp_act ( 672): system/bt/stack/smp/smp_act.cc:228 smp_send_app_cback: Unexpected event: 14
03-19 11:16:05.536 I/BluetoothBondStateMachine( 672): sspRequestCallback: [B@7e191e name: [B@c8c05ff cod: 7936 pairingVariant 2 passkey: 0
03-19 11:16:05.545 D/BluetoothPairingRequest( 826): onPair: null
03-19 11:16:05.738 I/bt_stack( 672): [INFO:gatt_sr.cc(815)] MTU request PDU with MTU size 140
03-19 11:16:05.738 W/bt_stack( 672): [WARNING:gatt_utils.cc(790)] Call back not found for application conn_id=3
03-19 11:16:05.738 W/bt_stack( 672): [WARNING:gatt_utils.cc(790)] Call back not found for application conn_id=4
03-19 11:16:05.738 W/bt_stack( 672): [WARNING:gatt_utils.cc(790)] Call back not found for application conn_id=5
03-19 11:16:05.738 W/bt_stack( 672): [WARNING:gatt_utils.cc(790)] Call back not found for application conn_id=6
03-19 11:16:05.888 I/bt_stack( 672): [INFO:hearing_aid.cc(1796)] GetDeviceCount: Not initialized yet
03-19 11:16:05.925 E/WifiHAL ( 663): wifi_get_link_stats: requestResponse Error:-5
03-19 11:16:05.927 E/WifiVendorHal( 487): getWifiLinkLayerStats_1_5_Internal(l.1191) failed {.code = ERROR_INVALID_ARGS, .description = }
03-19 11:16:06.283 I/bt_stack( 672): [INFO:btsnoop.cc(338)] clear_l2cap_allowlist: Clearing acceptlist from l2cap channel. conn_handle=16 cid=6:6
03-19 11:16:06.284 I/bt_stack( 672): [INFO:gatt_api.cc(1178)] GATT_Connect: Registered for opportunistic connection gatt_if=1
03-19 11:16:06.284 I/bt_stack( 672): [INFO:gatt_api.cc(708)] GATTC_Discover conn_id=0x0001, disc_type=2, s_handle=0x0001, e_handle=0xffff
03-19 11:16:06.285 I/bt_btif_config( 672): system/bt/btif/src/btif_config.cc:137 btif_get_device_type: Device [c7:44:13:5b:41:8c] device type 2
03-19 11:16:06.285 I/bt_btif_dm( 672): system/bt/btif/src/btif_dm.cc:384 get_cod: get_cod remote_cod = 0x00001f00
03-19 11:16:06.285 I/bt_btif_dm( 672): system/bt/btif/src/btif_dm.cc:451 bond_state_changed: Bond state changed to state=2 [0:none, 1:bonding, 2:bonded], prev_state=1, sdp_attempts = 0
03-19 11:16:06.285 I/bt_btif_config( 672): system/bt/btif/src/btif_config.cc:137 btif_get_device_type: Device [c7:44:13:5b:41:8c] device type 2
03-19 11:16:06.286 I/bt_stack( 672): [INFO:gatt_api.cc(1178)] GATT_Connect: Registered for opportunistic connection gatt_if=3
03-19 11:16:06.286 I/BluetoothBondStateMachine( 672): bondStateChangeCallback: Status: 0 Address: C7:44:13:5B:41:8C newState: 2
03-19 11:16:06.287 E/bt_stack( 672): [ERROR:bta_gattc_cache.cc(940)] bta_gattc_cache_load: can't open GATT cache file /data/misc/bluetooth/gatt_cache_c744135b418c for reading, error: No such file or directory
03-19 11:16:06.287 I/bt_stack( 672): [INFO:hearing_aid.cc(1796)] GetDeviceCount: Not initialized yet
03-19 11:16:06.287 I/bt_stack( 672): [INFO:gatt_api.cc(708)] GATTC_Discover conn_id=0x0003, disc_type=1, s_handle=0x0001, e_handle=0xffff
03-19 11:16:06.295 D/AdapterProperties( 672): Adding bonded device:C7:44:13:5B:41:8C
03-19 11:16:06.299 I/BluetoothBondStateMachine( 672): Bond State Change Intent:C7:44:13:5B:41:8C BOND_BONDING => BOND_BONDED
03-19 11:16:06.299 I/BluetoothBondStateMachine( 672): StableState(): Entering Off State
03-19 11:16:06.302 D/A2dpService( 672): Bond state changed for device: C7:44:13:5B:41:8C state: 12
03-19 11:16:06.303 D/CachedBluetoothDevice( 679): No profiles. Maybe we will connect later for device C7:44:13:5B:41:8C
03-19 11:16:06.303 W/BroadcastQueue( 487): Background execution not allowed: receiving Intent { act=android.bluetooth.device.action.BOND_STATE_CHANGED flg=0x10 (has extras) } to com.dangbei.lerad.etna.haqu/com.dangbei.remotecontroller.RemoteControllerReceiver
03-19 11:16:06.303 I/dangbei111( 1047): cccccc on receiver=android.bluetooth.device.action.BOND_STATE_CHANGED,mac=C7:44:13:5B:41:8C
03-19 11:16:06.303 I/dangbei111( 1047): Wait for auto connection, processBondStateChange: bondState: 11 --> 12 C7:44:13:5B:41:8C
03-19 11:16:06.304 E/bond ( 2949): name=Dangbei,state=12,action=android.bluetooth.device.action.BOND_STATE_CHANGED
03-19 11:16:06.308 D/BluetoothHidHost( 2949): Binding service...
03-19 11:16:06.315 D/BluetoothHidHost( 2949): Proxy object connected
03-19 11:16:06.316 D/BluetoothHidHost( 2949): connect(C7:44:13:5B:41:8C)
03-19 11:16:06.317 V/BluetoothDatabase( 672): getProfileConnectionPolicy: C7:44:13:5B:41:8C, profile=4, connectionPolicy = -1
03-19 11:16:06.319 E/bt_stack( 672): [ERROR:srvc_eng.cc(397)] DIS already initalized
03-19 11:16:06.319 D/BluetoothHidHost( 2949): Unbinding service...
03-19 11:16:06.320 D/BluetoothHidHostService( 672): Connection state C7:44:13:5B:41:8C: 0->1
03-19 11:16:06.323 W/BluetoothHidHostService( 672): no state change: 1
03-19 11:16:06.324 D/AdapterProperties( 672): PROFILE_CONNECTION_STATE_CHANGE: profile=4, device=C7:44:13:5B:41:8C, 0 -> 1
03-19 11:16:06.328 D/AdapterProperties( 672): ADAPTER_CONNECTION_STATE_CHANGE: C7:44:13:5B:41:8C: 0 -> 1
03-19 11:16:06.331 D/CachedBluetoothDevice( 679): onProfileStateChanged: profile HID, device Dangbei, newProfileState 1
03-19 11:16:06.348 I/bt_stack( 672): [INFO:gatt_api.cc(708)] GATTC_Discover conn_id=0x0001, disc_type=4, s_handle=0x0001, e_handle=0x000d
03-19 11:16:06.372 I/bt_stack( 672): [INFO:gatt_api.cc(1286)] GATT_Disconnect conn_id=0x0007
03-19 11:16:06.372 I/bt_srvc ( 672): system/bt/stack/srvc/srvc_dis.cc:201 dis_gatt_c_read_dis_value_cmpl: dis_gatt_c_read_dis_value_cmpl conn_id:7 attr_mask = 0x0100
03-19 11:16:06.377 W/hdr10p_Configure( 363): 128 callbacks suppressed
03-19 11:16:06.377 I/ ( 363): DVI mode selected: packets not configured
03-19 11:16:06.377 W/set_vsif_config( 363): 128 callbacks suppressed
03-19 11:16:06.377 I/ ( 363): Error: set vsif failed
03-19 11:16:06.377 I/ ( 363): DVI mode selected: packets not configured
03-19 11:16:06.377 I/ ( 363): Error: set vsif failed
03-19 11:16:06.450 W/IorapForwardingService( 487): No service published for: iorapd
03-19 11:16:06.494 I/bt_stack( 672): [INFO:gatt_api.cc(708)] GATTC_Discover conn_id=0x0003, disc_type=3, s_handle=0x0001, e_handle=0x0009
03-19 11:16:06.539 I/bt_stack( 672): [INFO:gatt_api.cc(708)] GATTC_Discover conn_id=0x0003, disc_type=4, s_handle=0x0001, e_handle=0x0009
03-19 11:16:06.561 I/bt_stack( 672): [INFO:gatt_api.cc(708)] GATTC_Discover conn_id=0x0001, disc_type=5, s_handle=0x000c, e_handle=0x000d
03-19 11:16:06.675 I/bt_stack( 672): [INFO:gatt_api.cc(708)] GATTC_Discover conn_id=0x0003, disc_type=3, s_handle=0x000a, e_handle=0x000d
03-19 11:16:06.696 I/bt_stack( 672): [INFO:gatt_api.cc(708)] GATTC_Discover conn_id=0x0003, disc_type=4, s_handle=0x000a, e_handle=0x000d
03-19 11:16:06.741 I/bt_stack( 672): [INFO:gatt_api.cc(708)] GATTC_Discover conn_id=0x0003, disc_type=5, s_handle=0x000d, e_handle=0x000d
03-19 11:16:06.764 I/bt_stack( 672): [INFO:gatt_api.cc(708)] GATTC_Discover conn_id=0x0003, disc_type=3, s_handle=0x000e, e_handle=0x0011
03-19 11:16:06.786 I/bt_stack( 672): [INFO:gatt_api.cc(708)] GATTC_Discover conn_id=0x0003, disc_type=4, s_handle=0x000e, e_handle=0x0011
03-19 11:16:06.831 I/bt_stack( 672): [INFO:gatt_api.cc(708)] GATTC_Discover conn_id=0x0003, disc_type=5, s_handle=0x0011, e_handle=0x0011
03-19 11:16:06.854 I/bt_stack( 672): [INFO:gatt_api.cc(708)] GATTC_Discover conn_id=0x0003, disc_type=3, s_handle=0x0012, e_handle=0x001e
03-19 11:16:06.876 I/bt_stack( 672): [INFO:gatt_api.cc(708)] GATTC_Discover conn_id=0x0003, disc_type=4, s_handle=0x0012, e_handle=0x001e
03-19 11:16:06.966 I/bt_stack( 672): [INFO:gatt_api.cc(708)] GATTC_Discover conn_id=0x0003, disc_type=3, s_handle=0x001f, e_handle=0x0042
03-19 11:16:06.989 I/bt_stack( 672): [INFO:gatt_api.cc(708)] GATTC_Discover conn_id=0x0003, disc_type=4, s_handle=0x001f, e_handle=0x0042
03-19 11:16:07.069 I/ ( 363): DVI mode selected: packets not configured
03-19 11:16:07.069 I/ ( 363): Error: set vsif failed
03-19 11:16:07.069 I/ ( 363): DVI mode selected: packets not configured
03-19 11:16:07.069 I/ ( 363): Error: set vsif failed
03-19 11:16:07.095 I/ ( 363): DVI mode selected: packets not configured
03-19 11:16:07.095 I/ ( 363): Error: set vsif failed
03-19 11:16:07.095 I/ ( 363): DVI mode selected: packets not configured
03-19 11:16:07.095 I/ ( 363): Error: set vsif failed
03-19 11:16:07.120 I/ ( 363): DVI mode selected: packets not configured
03-19 11:16:07.120 I/ ( 363): Error: set vsif failed
03-19 11:16:07.120 I/ ( 363): DVI mode selected: packets not configured
03-19 11:16:07.120 I/ ( 363): Error: set vsif failed
03-19 11:16:07.144 I/ ( 363): DVI mode selected: packets not configured
03-19 11:16:07.144 I/ ( 363): Error: set vsif failed
03-19 11:16:07.144 I/ ( 363): DVI mode selected: packets not configured
03-19 11:16:07.144 I/ ( 363): Error: set vsif failed
03-19 11:16:07.147 I/bt_stack( 672): [INFO:gatt_api.cc(708)] GATTC_Discover conn_id=0x0003, disc_type=5, s_handle=0x0024, e_handle=0x0024
03-19 11:16:07.169 I/bt_stack( 672): [INFO:gatt_api.cc(708)] GATTC_Discover conn_id=0x0003, disc_type=5, s_handle=0x0029, e_handle=0x0029
03-19 11:16:07.192 I/bt_stack( 672): [INFO:gatt_api.cc(708)] GATTC_Discover conn_id=0x0003, disc_type=5, s_handle=0x002e, e_handle=0x002e
03-19 11:16:07.214 I/bt_stack( 672): [INFO:gatt_api.cc(708)] GATTC_Discover conn_id=0x0003, disc_type=5, s_handle=0x0031, e_handle=0x0032
03-19 11:16:07.237 I/bt_stack( 672): [INFO:gatt_api.cc(708)] GATTC_Discover conn_id=0x0003, disc_type=5, s_handle=0x0035, e_handle=0x0036
03-19 11:16:07.259 I/bt_stack( 672): [INFO:gatt_api.cc(708)] GATTC_Discover conn_id=0x0003, disc_type=5, s_handle=0x0039, e_handle=0x003a
03-19 11:16:07.282 I/bt_stack( 672): [INFO:gatt_api.cc(708)] GATTC_Discover conn_id=0x0003, disc_type=5, s_handle=0x003d, e_handle=0x003d
03-19 11:16:07.312 I/bt_stack( 672): [INFO:gatt_api.cc(708)] GATTC_Discover conn_id=0x0003, disc_type=5, s_handle=0x0040, e_handle=0x0040
03-19 11:16:07.327 I/bt_stack( 672): [INFO:gatt_api.cc(708)] GATTC_Discover conn_id=0x0003, disc_type=3, s_handle=0x0043, e_handle=0x0051
03-19 11:16:07.341 I/bt_stack( 672): [INFO:gatt_api.cc(708)] GATTC_Discover conn_id=0x0003, disc_type=4, s_handle=0x0043, e_handle=0x0051
03-19 11:16:07.401 I/bt_stack( 672): [INFO:gatt_api.cc(708)] GATTC_Discover conn_id=0x0003, disc_type=5, s_handle=0x0046, e_handle=0x0046
03-19 11:16:07.417 I/bt_stack( 672): [INFO:gatt_api.cc(708)] GATTC_Discover conn_id=0x0003, disc_type=5, s_handle=0x0049, e_handle=0x0049
03-19 11:16:07.425 I/bt_stack( 672): [INFO:hearing_aid.cc(1796)] GetDeviceCount: Not initialized yet
03-19 11:16:07.433 I/bt_stack( 672): [INFO:gatt_api.cc(708)] GATTC_Discover conn_id=0x0003, disc_type=5, s_handle=0x004c, e_handle=0x004c
03-19 11:16:07.446 I/bt_stack( 672): [INFO:gatt_api.cc(708)] GATTC_Discover conn_id=0x0003, disc_type=5, s_handle=0x004f, e_handle=0x004f
03-19 11:16:07.452 W/IorapForwardingService( 487): No service published for: iorapd
03-19 11:16:07.461 I/bt_stack( 672): [INFO:bta_gattc_cache.cc(219)] bta_gattc_explore_srvc_finished: service discovery finished
03-19 11:16:07.462 I/bt_bta_hh( 672): system/bt/bta/hh/bta_hh_le.cc:1367 bta_hh_le_search_hid_chars: bta_hh_le_search_hid_chars: GATT_UUID_HID_INFORMATION 00002a4a-0000-1000-8000-00805f9b34fb
03-19 11:16:07.463 I/bt_bta_hh( 672): system/bt/bta/hh/bta_hh_le.cc:1367 bta_hh_le_search_hid_chars: bta_hh_le_search_hid_chars: GATT_UUID_HID_REPORT_MAP 00002a4b-0000-1000-8000-00805f9b34fb
03-19 11:16:07.463 I/bt_bta_hh( 672): system/bt/bta/hh/bta_hh_le.cc:1367 bta_hh_le_search_hid_chars: bta_hh_le_search_hid_chars: GATT_UUID_HID_CONTROL_POINT 00002a4c-0000-1000-8000-00805f9b34fb
03-19 11:16:07.463 I/bt_bta_hh( 672): system/bt/bta/hh/bta_hh_le.cc:1367 bta_hh_le_search_hid_chars: bta_hh_le_search_hid_chars: GATT_UUID_HID_BT_KB_INPUT 00002a22-0000-1000-8000-00805f9b34fb
03-19 11:16:07.463 I/bt_bta_hh( 672): system/bt/bta/hh/bta_hh_le.cc:1367 bta_hh_le_search_hid_chars: bta_hh_le_search_hid_chars: GATT_UUID_HID_BT_KB_OUTPUT 00002a32-0000-1000-8000-00805f9b34fb
03-19 11:16:07.463 I/bt_bta_hh( 672): system/bt/bta/hh/bta_hh_le.cc:1367 bta_hh_le_search_hid_chars: bta_hh_le_search_hid_chars: GATT_UUID_HID_BT_MOUSE_INPUT 00002a33-0000-1000-8000-00805f9b34fb
03-19 11:16:07.463 I/bt_bta_hh( 672): system/bt/bta/hh/bta_hh_le.cc:1367 bta_hh_le_search_hid_chars: bta_hh_le_search_hid_chars: GATT_UUID_HID_REPORT 00002a4d-0000-1000-8000-00805f9b34fb
03-19 11:16:07.463 I/bt_bta_hh( 672): system/bt/bta/hh/bta_hh_le.cc:1367 bta_hh_le_search_hid_chars: bta_hh_le_search_hid_chars: GATT_UUID_HID_REPORT 00002a4d-0000-1000-8000-00805f9b34fb
03-19 11:16:07.463 I/bt_bta_hh( 672): system/bt/bta/hh/bta_hh_le.cc:1367 bta_hh_le_search_hid_chars: bta_hh_le_search_hid_chars: GATT_UUID_HID_REPORT 00002a4d-0000-1000-8000-00805f9b34fb
03-19 11:16:07.463 I/bt_bta_hh( 672): system/bt/bta/hh/bta_hh_le.cc:1367 bta_hh_le_search_hid_chars: bta_hh_le_search_hid_chars: GATT_UUID_HID_REPORT 00002a4d-0000-1000-8000-00805f9b34fb
03-19 11:16:07.463 I/bt_bta_hh( 672): system/bt/bta/hh/bta_hh_le.cc:1367 bta_hh_le_search_hid_chars: bta_hh_le_search_hid_chars: GATT_UUID_HID_REPORT 00002a4d-0000-1000-8000-00805f9b34fb
03-19 11:16:07.463 I/bt_bta_hh( 672): system/bt/bta/hh/bta_hh_le.cc:1367 bta_hh_le_search_hid_chars: bta_hh_le_search_hid_chars: GATT_UUID_HID_PROTO_MODE 00002a4e-0000-1000-8000-00805f9b34fb
03-19 11:16:07.463 I/bt_bta_gattc( 672): system/bt/bta/gatt/bta_gattc_cache.cc:902 bta_gattc_get_gatt_db: bta_gattc_get_gatt_db
03-19 11:16:07.463 I/bt_bta_dm( 672): system/bt/bta/dm/bta_dm_act.cc:1314 bta_dm_search_cmpl: GATT services discovered using LE Transport
03-19 11:16:07.475 I/BluetoothPhonePolicy( 672): Received ACTION_UUID for device C7:44:13:5B:41:8C
03-19 11:16:07.475 I/BluetoothPhonePolicy( 672): index=0uuid=00001812-0000-1000-8000-00805f9b34fb
03-19 11:16:07.475 I/BluetoothPhonePolicy( 672): processInitProfilePriorities() - device C7:44:13:5B:41:8C
03-19 11:16:07.475 W/HearingAidService( 672): getHearingAidService(): service is NULL
03-19 11:16:07.476 V/BluetoothDatabase( 672): getProfileConnectionPolicy: C7:44:13:5B:41:8C, profile=4, connectionPolicy = -1
03-19 11:16:07.476 D/BluetoothDatabase( 672): updateDatabase C7:44:13:5B:41:8C
03-19 11:16:07.482 D/LocalBluetoothProfileManager( 679): Current Profiles[]
03-19 11:16:07.483 D/BluetoothMap( 679): getConnectionState(C7:44:13:5B:41:8C)
03-19 11:16:07.484 I/bt_stack( 672): [INFO:hearing_aid.cc(1796)] GetDeviceCount: Not initialized yet
03-19 11:16:07.488 D/BluetoothPbapService( 672): getConnectionState: C7:44:13:5B:41:8C
03-19 11:16:07.489 D/LocalBluetoothProfileManager( 679): New Profiles[HID]
03-19 11:16:07.493 D/CachedBluetoothDevice( 679): updating profiles for Dangbei
03-19 11:16:07.499 V/CachedBluetoothDevice( 679): Class: 1f00
03-19 11:16:07.500 V/CachedBluetoothDevice( 679): UUID:
03-19 11:16:07.500 V/CachedBluetoothDevice( 679): 00001812-0000-1000-8000-00805f9b34fb
03-19 11:16:07.504 D/CachedBluetoothDevice( 679): onUuidChanged: Time since last connect=1201
03-19 11:16:07.504 D/CachedBluetoothDevice( 679): onUuidChanged: triggering connectAllEnabledProfiles
03-19 11:16:07.508 V/BluetoothDatabase( 672): getProfileConnectionPolicy: C7:44:13:5B:41:8C, profile=2, connectionPolicy = -1
03-19 11:16:07.508 V/BluetoothDatabase( 672): getProfileConnectionPolicy: C7:44:13:5B:41:8C, profile=1, connectionPolicy = -1
03-19 11:16:07.508 V/BluetoothDatabase( 672): getProfileConnectionPolicy: C7:44:13:5B:41:8C, profile=4, connectionPolicy = 100
03-19 11:16:07.508 V/BluetoothDatabase( 672): getProfileConnectionPolicy: C7:44:13:5B:41:8C, profile=4, connectionPolicy = 100
03-19 11:16:07.509 I/BluetoothAdapterService( 672): connectEnabledProfiles: Connecting Hid Host Profile
03-19 11:16:07.509 E/BluetoothHidHostService( 672): Hid Device not disconnected: C7:44:13:5B:41:8C
03-19 11:16:07.776 E/bt_stack( 672): [ERROR:bta_gattc_api.cc(729)] BTA_GATTC_DeregisterForNotifications registration not found bd_addr=c7:44:13:5b:41:8c
03-19 11:16:07.776 E/bt_stack( 672): [ERROR:bta_gattc_api.cc(729)] BTA_GATTC_DeregisterForNotifications registration not found bd_addr=c7:44:13:5b:41:8c
03-19 11:16:07.777 W/bt_btif ( 672): system/bt/main/bte_logmsg.cc:194 LogMsg: btif_hh_upstreams_evt: BTA_HH_OPN_EVT: handle=16, status =0
03-19 11:16:07.777 W/bt_btif ( 672): system/bt/main/bte_logmsg.cc:194 LogMsg: BTA_HH_OPEN_EVT: Found device...Getting dscp info for handle ... 16
03-19 11:16:07.777 I/bt_btif_dm( 672): system/bt/btif/src/btif_dm.cc:384 get_cod: get_cod remote_cod = 0x00001f00
03-19 11:16:07.778 I/bt_btif_dm( 672): system/bt/btif/src/btif_dm.cc:384 get_cod: get_cod remote_cod = 0x00001f00
03-19 11:16:07.778 W/bt_btif ( 672): system/bt/main/bte_logmsg.cc:194 LogMsg: btif_hh_upstreams_evt: name = Dangbei
03-19 11:16:07.778 W/bt_btif ( 672): system/bt/main/bte_logmsg.cc:194 LogMsg: bta_hh_co_send_hid_info: fd = 96, name = [Dangbei], dscp_len = 122
03-19 11:16:07.778 W/bt_btif ( 672): system/bt/main/bte_logmsg.cc:194 LogMsg: bta_hh_co_send_hid_info: vendor_id = 0x1d5a, product_id = 0xc081, version= 0x0101,ctry_code=0x00
03-19 11:16:07.779 D/BluetoothHidHostService( 672): Connection state C7:44:13:5B:41:8C: 1->2
03-19 11:16:07.781 D/XM_HIDREAD( 318): add@ add@/devices/virtual/misc/uhid/0005:1D5A:C081.0087
03-19 11:16:07.784 W/bt_btif ( 672): system/bt/main/bte_logmsg.cc:194 LogMsg: bta_hh_co_send_hid_info: wrote descriptor to fd = 96, dscp_len = 122, result = 0
03-19 11:16:07.784 W/bt_stack( 672): [WARNING:btif_hh.cc(403)] Added device c7:44:13:5b:41:8c
03-19 11:16:07.784 D/XM_HIDREAD( 318): add@ add@/devices/virtual/misc/uhid/0005:1D5A:C081.0087/input/input402
03-19 11:16:07.785 W/bt_btif ( 672): system/bt/main/bte_logmsg.cc:194 LogMsg: BTA_HH_GET_DSCP_EVT: Called add device
03-19 11:16:07.785 W/bt_btif ( 672): system/bt/main/bte_logmsg.cc:194 LogMsg: BTA_HH_ADD_DEV_EVT: status = 0, handle = 16
03-19 11:16:07.787 D/BluetoothAdapterService( 672): enable() - Enable called with quiet mode status = false
03-19 11:16:07.787 D/XM_HIDREAD( 318): add@ add@/devices/virtual/misc/uhid/0005:1D5A:C081.0087/input/input402/input402::numlock
03-19 11:16:07.791 I/input ( 34): Dangbei Keyboard as /devices/virtual/misc/uhid/0005:1D5A:C081.0087/input/input402
03-19 11:16:07.789 D/AdapterProperties( 672): PROFILE_CONNECTION_STATE_CHANGE: profile=4, device=C7:44:13:5B:41:8C, 1 -> 2
03-19 11:16:07.789 D/XM_HIDREAD( 318): add@ add@/devices/virtual/misc/uhid/0005:1D5A:C081.0087/input/input402/input402::capslock
03-19 11:16:07.791 D/XM_HIDREAD( 318): add@ add@/devices/virtual/misc/uhid/0005:1D5A:C081.0087/input/input402/input402::scrolllock
03-19 11:16:07.793 I/AdapterState( 672): ON : Unhandled message - BLE_TURN_ON
03-19 11:16:07.793 D/XM_HIDREAD( 318): add@ add@/devices/virtual/misc/uhid/0005:1D5A:C081.0087/input/input402/input402::compose
03-19 11:16:07.794 D/AdapterProperties( 672): ADAPTER_CONNECTION_STATE_CHANGE: C7:44:13:5B:41:8C: 1 -> 2
03-19 11:16:07.795 D/XM_HIDREAD( 318): add@ add@/devices/virtual/misc/uhid/0005:1D5A:C081.0087/input/input402/input402::kana
03-19 11:16:07.798 D/XM_HIDREAD( 318): add@ add@/devices/virtual/misc/uhid/0005:1D5A:C081.0087/input/input402/event3
03-19 11:16:07.800 D/XM_HIDREAD( 318): add@ add@/devices/virtual/misc/uhid/0005:1D5A:C081.0087/input/input403
03-19 11:16:07.802 D/CachedBluetoothDevice( 679): onProfileStateChanged: profile HID, device Dangbei, newProfileState 2
03-19 11:16:07.802 D/XM_HIDREAD( 318): add@ add@/devices/virtual/misc/uhid/0005:1D5A:C081.0087/input/input403/event4
03-19 11:16:07.804 D/XM_HIDREAD( 318): add@ add@/devices/virtual/misc/uhid/0005:1D5A:C081.0087/input/input404
03-19 11:16:07.807 I/input ( 34): Dangbei Consumer Control as /devices/virtual/misc/uhid/0005:1D5A:C081.0087/input/input403
03-19 11:16:07.810 I/input ( 34): Dangbei as /devices/virtual/misc/uhid/0005:1D5A:C081.0087/input/input404
03-19 11:16:07.806 D/XM_HIDREAD( 318): add@ add@/devices/virtual/misc/uhid/0005:1D5A:C081.0087/input/input404/event5
03-19 11:16:07.812 I/hid-generic 0005( 34): 1D5A:C081.0087: input: BLUETOOTH HID v1.01 Keyboard [Dangbei] on
03-19 11:16:07.817 D/EventHub( 487): No input device configuration file found for device 'Dangbei Keyboard'.
03-19 11:16:07.826 D/XM_HIDREAD( 318): add@ add@/devices/virtual/wakeup/wakeup27
03-19 11:16:07.826 I/EventHub( 487): usingClockIoctl=true
03-19 11:16:07.826 I/EventHub( 487): New device: id=403, fd=280, path='/dev/input/event3', name='Dangbei Keyboard', classes=KEYBOARD | EXTERNAL, configuration='', keyLayout='/system/usr/keylayout/Vendor_1d5a_Product_c081.kl', keyCharacterMap='/system/usr/keychars/Generic.kcm', builtinKeyboard=false,
03-19 11:16:07.827 I/InputReader( 487): Device added: id=138, eventHubId=403, name='Dangbei Keyboard', descriptor='142719f68ba1f1336fc48aa2b25b032b200b64b0',sources=0x00000101
03-19 11:16:07.828 D/EventHub( 487): No input device configuration file found for device 'Dangbei Consumer Control'.
03-19 11:16:07.834 D/XM_HIDREAD( 318): add@ add@/devices/virtual/wakeup/wakeup28
03-19 11:16:07.834 W/EventHub( 487): Unable to disable kernel key repeat for /dev/input/event4: Function not implemented
03-19 11:16:07.834 I/EventHub( 487): usingClockIoctl=true
03-19 11:16:07.834 I/EventHub( 487): New device: id=404, fd=288, path='/dev/input/event4', name='Dangbei Consumer Control', classes=KEYBOARD | JOYSTICK | EXTERNAL, configuration='', keyLayout='/system/usr/keylayout/Vendor_1d5a_Product_c081.kl', keyCharacterMap='/system/usr/keychars/Generic.kcm', builtinKeyboard=false,
03-19 11:16:07.835 I/InputReader( 487): Device added: id=138, eventHubId=404, name='Dangbei Consumer Control', descriptor='142719f68ba1f1336fc48aa2b25b032b200b64b0',sources=0x01000111
03-19 11:16:07.836 D/EventHub( 487): No input device configuration file found for device 'Dangbei'.
03-19 11:16:08.455 W/IorapForwardingService( 487): No service published for: iorapd
03-19 11:16:08.463 I/bt_stack( 672): [INFO:gatt_api.cc(1286)] GATT_Disconnect conn_id=0x0003
03-19 11:16:08.516 E/dangbei111( 1047): cccccc 检查遥控器是否连接: Dangbei C9:B5:96:5C:E3:ED
03-19 11:16:08.519 E/dangbei111( 1047): cccccc 检查遥控器是否连接: 蓝牙的结果 Dangbei C9:B5:96:5C:E3:ED false
03-19 11:16:08.521 E/dangbei111( 1047): cccccc 确实有遥控器 存在 取消check任务
03-19 11:16:08.521 E/dangbei111( 1047): cccccc 确实有遥控器 存在 重置beeGatt
03-19 11:16:08.524 E/dangbei111( 1047): cccccc 检查遥控器是否连接: Dangbei C7:44:13:5B:41:8C
03-19 11:16:08.527 E/dangbei111( 1047): cccccc 检查遥控器是否连接: 蓝牙的结果 Dangbei C7:44:13:5B:41:8C true
03-19 11:16:08.528 E/dangbei111( 1047): cccccc 确实有遥控器 存在 取消check任务
03-19 11:16:08.528 E/dangbei111( 1047): cccccc 确实有遥控器 存在 重置beeGatt
03-19 11:16:08.528 E/dangbei111( 1047): cccccc 尝试 stopBleScan
03-19 11:16:08.530 D/BluetoothAdapter( 1047): isLeEnabled(): ON
03-19 11:16:08.530 D/BluetoothLeScanner( 1047): could not find callback wrapper
03-19 11:16:08.530 E/dangbei111( 1047): cccccc stopBleScanInner null
03-19 11:16:08.530 E/dangbei111( 1047): cccccc rc is connected, stop scan =C7:44:13:5B:41:8C
03-19 11:16:08.531 E/dangbei111( 1047): cccccc 准备cancelPair Dangbei C9:B5:96:5C:E3:ED
03-19 11:16:08.536 E/dangbei111( 1047): cccccc 取消pair Dangbei C9:B5:96:5C:E3:ED 12
03-19 11:16:08.536 I/BluetoothDevice( 1047): removeBond() for device C9:B5:96:5C:E3:ED called by pid: 1047 tid: 1047
03-19 11:16:08.538 I/bt_btif_config( 672): system/bt/btif/src/btif_config.cc:137 btif_get_device_type: Device [c9:b5:96:5c:e3:ed] device type 2
03-19 11:16:08.538 I/BluetoothBondStateMachine( 672): Entering PendingCommandState State
03-19 11:16:08.538 I/bt_btif_dm( 672): system/bt/btif/src/btif_dm.cc:384 get_cod: get_cod remote_cod = 0x00001f00
03-19 11:16:08.538 E/bt_btif ( 672): system/bt/main/bte_logmsg.cc:191 LogMsg: btif_hh_virtual_unplug: Error, device c9:b5:96:5c:e3:ed not opened, status = 5
03-19 11:16:08.538 I/bt_stack( 672): [INFO:btif_hh.cc(428)] btif_hh_remove_device: bda = c9:b5:96:5c:e3:ed
03-19 11:16:08.539 I/bt_btif_storage( 672): system/bt/btif/src/btif_storage.cc:839 btif_storage_remove_bonded_device: Removing bonded device addr:c9:b5:96:5c:e3:ed
03-19 11:16:08.540 I/bt_btif_storage( 672): system/bt/btif/src/btif_storage.cc:1138 btif_storage_remove_ble_bonding_keys: Removing bonding keys for bd addr:c9:b5:96:5c:e3:ed
03-19 11:16:08.549 W/BluetoothHidHostService( 672): no state change: 0
03-19 11:16:08.551 I/bt_btif_config( 672): system/bt/btif/src/btif_config.cc:137 btif_get_device_type: Device [c9:b5:96:5c:e3:ed] device type 2
03-19 11:16:08.551 I/bt_btif_dm( 672): system/bt/btif/src/btif_dm.cc:384 get_cod: get_cod remote_cod = 0x00001f00
03-19 11:16:08.551 I/bt_btif_dm( 672): system/bt/btif/src/btif_dm.cc:451 bond_state_changed: Bond state changed to state=0 [0:none, 1:bonding, 2:bonded], prev_state=0, sdp_attempts = 0
03-19 11:16:08.552 I/bt_btif_config( 672): system/bt/btif/src/btif_config.cc:137 btif_get_device_type: Device [c9:b5:96:5c:e3:ed] device type 2
03-19 11:16:08.552 I/bt_stack( 672): [INFO:gatt_api.cc(1231)] GATT_CancelConnect: gatt_if:0, address: c9:b5:96:5c:e3:ed, direct:0
03-19 11:16:08.553 E/bt_stack( 672): [ERROR:bta_gattc_api.cc(729)] BTA_GATTC_DeregisterForNotifications registration not found bd_addr=c9:b5:96:5c:e3:ed
03-19 11:16:08.553 E/bt_stack( 672): [ERROR:bta_gattc_api.cc(729)] BTA_GATTC_DeregisterForNotifications registration not found bd_addr=c9:b5:96:5c:e3:ed
03-19 11:16:08.553 E/bt_stack( 672): [ERROR:bta_gattc_api.cc(729)] BTA_GATTC_DeregisterForNotifications registration not found bd_addr=c9:b5:96:5c:e3:ed
03-19 11:16:08.553 E/bt_stack( 672): [ERROR:bta_gattc_api.cc(729)] BTA_GATTC_DeregisterForNotifications registration not found bd_addr=c9:b5:96:5c:e3:ed
03-19 11:16:08.553 E/bt_stack( 672): [ERROR:bta_gattc_api.cc(729)] BTA_GATTC_DeregisterForNotifications registration not found bd_addr=c9:b5:96:5c:e3:ed
03-19 11:16:08.553 I/bt_bta_sys_main( 672): system/bt/bta/sys/bta_sys_main.cc:99 bta_sys_event: Ignoring receipt of unregistered event id:HID Human interface device
03-19 11:16:08.553 E/bt_stack( 672): [ERROR:bta_gattc_utils.cc(441)] bta_gattc_mark_bg_conn unable to find the bg connection mask for bd_addr=c9:b5:96:5c:e3:ed
03-19 11:16:08.556 D/BluetoothGatt( 1047): discoverServices() - device: C7:44:13:5B:41:8C
03-19 11:16:08.557 E/BtGatt.GattService( 672): discoverServices() - No connection for C7:44:13:5B:41:8C...
03-19 11:16:08.557 E/dangbei111( 1047): getBattery delay 0
03-19 11:16:08.561 I/BluetoothBondStateMachine( 672): bondStateChangeCallback: Status: 0 Address: C9:B5:96:5C:E3:ED newState: 0
03-19 11:16:08.561 I/bt_btif_config( 672): system/bt/btif/src/btif_config.cc:137 btif_get_device_type: Device [c7:44:13:5b:41:8c] device type 2
03-19 11:16:08.562 D/BluetoothGatt( 1047): onClientConnectionState() - status=0 clientIf=5 device=C7:44:13:5B:41:8C
03-19 11:16:08.562 D/BluetoothGatt( 1047): discoverServices() - device: C7:44:13:5B:41:8C
03-19 11:16:08.565 I/bt_bta_gattc( 672): system/bt/bta/gatt/bta_gattc_cache.cc:902 bta_gattc_get_gatt_db: bta_gattc_get_gatt_db
03-19 11:16:08.566 D/AdapterProperties( 672): Removing bonded device:C9:B5:96:5C:E3:ED
03-19 11:16:08.567 D/BluetoothGatt( 1047): discoverServices() - device: C7:44:13:5B:41:8C
03-19 11:16:08.568 I/bt_btif_config( 672): system/bt/btif/src/btif_config.cc:137 btif_get_device_type: Device [c7:44:13:5b:41:8c] device type 2
03-19 11:16:08.569 D/BluetoothGatt( 1047): onSearchComplete() = Device=C7:44:13:5B:41:8C Status=0
03-19 11:16:08.569 D/BluetoothGatt( 1047): onClientConnectionState() - status=0 clientIf=6 device=C7:44:13:5B:41:8C
03-19 11:16:08.569 D/BluetoothGatt( 1047): discoverServices() - device: C7:44:13:5B:41:8C
03-19 11:16:08.571 E/dangbei111( 1047): 5mins后会再次获取电量
03-19 11:16:08.571 E/dangbei111( 1047): getBattery delay 300000
03-19 11:16:08.572 I/bt_bta_gattc( 672): system/bt/bta/gatt/bta_gattc_cache.cc:902 bta_gattc_get_gatt_db: bta_gattc_get_gatt_db
03-19 11:16:08.575 I/bt_bta_gattc( 672): system/bt/bta/gatt/bta_gattc_cache.cc:902 bta_gattc_get_gatt_db: bta_gattc_get_gatt_db
03-19 11:16:08.576 D/BluetoothGatt( 1047): onSearchComplete() = Device=C7:44:13:5B:41:8C Status=0
03-19 11:16:08.576 I/BluetoothBondStateMachine( 672): Bond State Change Intent:C9:B5:96:5C:E3:ED BOND_BONDED => BOND_NONE
03-19 11:16:08.578 W/HeadsetClientService( 672): getHeadsetClientService(): service is null
03-19 11:16:08.578 W/PbapClientService( 672): getPbapClientService(): service is null
03-19 11:16:08.578 D/A2dpService( 672): Saved connectionPolicy C9:B5:96:5C:E3:ED = -1
03-19 11:16:08.578 I/HeadsetService( 672): setConnectionPolicy: device=C9:B5:96:5C:E3:ED, connectionPolicy=-1, uid/pid=1002/672
03-19 11:16:08.578 I/BluetoothBondStateMachine( 672): StableState(): Entering Off State
03-19 11:16:08.578 W/BroadcastQueue( 487): Background execution not allowed: receiving Intent { act=android.bluetooth.device.action.BOND_STATE_CHANGED flg=0x10 (has extras) } to com.dangbei.lerad.etna.haqu/com.dangbei.remotecontroller.RemoteControllerReceiver
