03-19 11:26:14.770 E/WifiVendorHal( 487): getWifiLinkLayerStats_1_5_Internal(l.1191) failed {.code = ERROR_INVALID_ARGS, .description = }
03-19 11:26:14.830 W/IorapForwardingService( 487): No service published for: iorapd
03-19 11:26:15.832 W/IorapForwardingService( 487): No service published for: iorapd
03-19 11:26:16.835 W/IorapForwardingService( 487): No service published for: iorapd
03-19 11:26:17.223 W/hdr10p_Configure( 363): 128 callbacks suppressed
03-19 11:26:17.223 I/ ( 363): DVI mode selected: packets not configured
03-19 11:26:17.223 W/set_vsif_config( 363): 128 callbacks suppressed
03-19 11:26:17.223 I/ ( 363): Error: set vsif failed
03-19 11:26:17.223 I/ ( 363): DVI mode selected: packets not configured
03-19 11:26:17.223 I/ ( 363): Error: set vsif failed
03-19 11:26:17.249 I/ ( 363): DVI mode selected: packets not configured
03-19 11:26:17.249 I/ ( 363): Error: set vsif failed
03-19 11:26:17.249 I/ ( 363): DVI mode selected: packets not configured
03-19 11:26:17.249 I/ ( 363): Error: set vsif failed
03-19 11:26:17.273 I/ ( 363): DVI mode selected: packets not configured
03-19 11:26:17.273 I/ ( 363): Error: set vsif failed
03-19 11:26:17.273 I/ ( 363): DVI mode selected: packets not configured
03-19 11:26:17.273 I/ ( 363): Error: set vsif failed
03-19 11:26:17.298 I/ ( 363): DVI mode selected: packets not configured
03-19 11:26:17.298 I/ ( 363): Error: set vsif failed
03-19 11:26:17.298 I/ ( 363): DVI mode selected: packets not configured
03-19 11:26:17.298 I/ ( 363): Error: set vsif failed
03-19 11:26:17.310 I/ ( 363): DVI mode selected: packets not configured
03-19 11:26:17.310 I/ ( 363): Error: set vsif failed
03-19 11:26:17.310 I/ ( 363): DVI mode selected: packets not configured
03-19 11:26:17.310 I/ ( 363): Error: set vsif failed
03-19 11:26:17.785 E/WifiHAL ( 663): wifi_get_link_stats: requestResponse Error:-5
03-19 11:26:17.786 E/WifiVendorHal( 487): getWifiLinkLayerStats_1_5_Internal(l.1191) failed {.code = ERROR_INVALID_ARGS, .description = }
03-19 11:26:17.837 W/IorapForwardingService( 487): No service published for: iorapd
03-19 11:26:18.839 W/IorapForwardingService( 487): No service published for: iorapd
03-19 11:26:19.776 I/BLEAudioDrive_HV410( 248): select timeout!
03-19 11:26:19.841 W/IorapForwardingService( 487): No service published for: iorapd
03-19 11:26:20.799 E/WifiHAL ( 663): wifi_get_link_stats: requestResponse Error:-5
03-19 11:26:20.800 E/WifiVendorHal( 487): getWifiLinkLayerStats_1_5_Internal(l.1191) failed {.code = ERROR_INVALID_ARGS, .description = }
03-19 11:26:20.843 W/IorapForwardingService( 487): No service published for: iorapd
03-19 11:26:21.237 D/aaa ( 7639): LedStatusService onStartCommand begin
03-19 11:26:21.239 D/aaa ( 7639): topPkg is -------------- :com.dangbei.haqusetting
03-19 11:26:21.242 D/bbb ( 1203): onStartCommand begin !!!!!!! data分区剩余 24948MB
03-19 11:26:21.845 W/IorapForwardingService( 487): No service published for: iorapd
03-19 11:26:22.848 W/IorapForwardingService( 487): No service published for: iorapd
03-19 11:26:23.225 W/hdr10p_Configure( 363): 134 callbacks suppressed
03-19 11:26:23.225 I/ ( 363): DVI mode selected: packets not configured
03-19 11:26:23.225 W/set_vsif_config( 363): 134 callbacks suppressed
03-19 11:26:23.225 I/ ( 363): Error: set vsif failed
03-19 11:26:23.225 I/ ( 363): DVI mode selected: packets not configured
03-19 11:26:23.225 I/ ( 363): Error: set vsif failed
03-19 11:26:23.251 I/ ( 363): DVI mode selected: packets not configured
03-19 11:26:23.251 I/ ( 363): Error: set vsif failed
03-19 11:26:23.251 I/ ( 363): DVI mode selected: packets not configured
03-19 11:26:23.251 I/ ( 363): Error: set vsif failed
03-19 11:26:23.275 I/ ( 363): DVI mode selected: packets not configured
03-19 11:26:23.275 I/ ( 363): Error: set vsif failed
03-19 11:26:23.275 I/ ( 363): DVI mode selected: packets not configured
03-19 11:26:23.275 I/ ( 363): Error: set vsif failed
03-19 11:26:23.300 I/ ( 363): DVI mode selected: packets not configured
03-19 11:26:23.300 I/ ( 363): Error: set vsif failed
03-19 11:26:23.300 I/ ( 363): DVI mode selected: packets not configured
03-19 11:26:23.300 I/ ( 363): Error: set vsif failed
03-19 11:26:23.311 I/ ( 363): DVI mode selected: packets not configured
03-19 11:26:23.311 I/ ( 363): Error: set vsif failed
03-19 11:26:23.311 I/ ( 363): DVI mode selected: packets not configured
03-19 11:26:23.311 I/ ( 363): Error: set vsif failed
03-19 11:26:23.813 E/WifiHAL ( 663): wifi_get_link_stats: requestResponse Error:-5
03-19 11:26:23.813 E/WifiVendorHal( 487): getWifiLinkLayerStats_1_5_Internal(l.1191) failed {.code = ERROR_INVALID_ARGS, .description = }
03-19 11:26:23.849 W/IorapForwardingService( 487): No service published for: iorapd
03-19 11:26:24.851 W/IorapForwardingService( 487): No service published for: iorapd
03-19 11:26:25.854 W/IorapForwardingService( 487): No service published for: iorapd
03-19 11:26:26.825 E/WifiHAL ( 663): wifi_get_link_stats: requestResponse Error:-5
03-19 11:26:26.826 E/WifiVendorHal( 487): getWifiLinkLayerStats_1_5_Internal(l.1191) failed {.code = ERROR_INVALID_ARGS, .description = }
03-19 11:26:26.842 I/WifiService( 487): startScan uid=1000
03-19 11:26:26.843 E/ccc ( 2949): cccccc i will start scan
03-19 11:26:26.856 W/IorapForwardingService( 487): No service published for: iorapd
03-19 11:26:27.858 W/IorapForwardingService( 487): No service published for: iorapd
03-19 11:26:28.639 D/WifiNl80211Manager( 487): Scan result ready event
03-19 11:26:28.639 D/WifiNative( 487): Scan result ready event
03-19 11:26:28.690 E/ccc ( 2949): cccccc SCAN_RESULTS_AVAILABLE_ACTION hhhh
03-19 11:26:28.690 E/hq ( 1119): NetWorkStateReceiver:::NetWorkStateReceiver onReceive: 网络变化广播 >>>> intent.action=android.net.wifi.SCAN_RESULTS
03-19 11:26:28.692 D/PasspointManager( 487): ANQP entry not found for: f8:14:fe:4f:93:01:
03-19 11:26:28.696 E/WifiHAL ( 663): wifi_get_link_stats: requestResponse Error:-5
03-19 11:26:28.697 E/WifiVendorHal( 487): getWifiLinkLayerStats_1_5_Internal(l.1191) failed {.code = ERROR_INVALID_ARGS, .description = }
03-19 11:26:28.709 W/eventbuscore( 1119): post Event:com.dangbei.leard.base.entity.event.NetWifiRssiEvent
03-19 11:26:28.714 E/ccc ( 2949): cccccc result is not empty call back
03-19 11:26:28.714 E/ccc ( 2949): cccccc 666666666666666
03-19 11:26:28.730 E/ccc ( 2949): cccccc sort 2 53
03-19 11:26:28.820 W/hdr10p_Configure( 363): 130 callbacks suppressed
03-19 11:26:28.820 I/ ( 363): DVI mode selected: packets not configured
03-19 11:26:28.820 W/set_vsif_config( 363): 130 callbacks suppressed
03-19 11:26:28.820 I/ ( 363): Error: set vsif failed
03-19 11:26:28.820 I/ ( 363): DVI mode selected: packets not configured
03-19 11:26:28.820 I/ ( 363): Error: set vsif failed
03-19 11:26:28.861 W/IorapForwardingService( 487): No service published for: iorapd
03-19 11:26:29.156 D/hdmi-cec( 261): receive invalid cec message!
03-19 11:26:29.156 D/hdmi-cec( 261): receive poll message [04], skip!
03-19 11:26:29.244 I/ ( 363): DVI mode selected: packets not configured
03-19 11:26:29.244 I/ ( 363): Error: set vsif failed
03-19 11:26:29.244 I/ ( 363): DVI mode selected: packets not configured
03-19 11:26:29.244 I/ ( 363): Error: set vsif failed
03-19 11:26:29.254 D/bbb ( 1203): onStartCommand begin !!!!!!! data分区剩余 24948MB
03-19 11:26:29.264 D/aaa ( 7639): LedStatusService onStartCommand begin
03-19 11:26:29.271 I/ ( 363): DVI mode selected: packets not configured
03-19 11:26:29.271 I/ ( 363): Error: set vsif failed
03-19 11:26:29.271 I/ ( 363): DVI mode selected: packets not configured
03-19 11:26:29.269 D/aaa ( 7639): topPkg is -------------- :com.dangbei.haqusetting
03-19 11:26:29.271 I/ ( 363): Error: set vsif failed
03-19 11:26:29.296 I/ ( 363): DVI mode selected: packets not configured
03-19 11:26:29.296 I/ ( 363): Error: set vsif failed
03-19 11:26:29.296 I/ ( 363): DVI mode selected: packets not configured
03-19 11:26:29.296 I/ ( 363): Error: set vsif failed
03-19 11:26:29.321 I/ ( 363): DVI mode selected: packets not configured
03-19 11:26:29.321 I/ ( 363): Error: set vsif failed
03-19 11:26:29.321 I/ ( 363): DVI mode selected: packets not configured
03-19 11:26:29.321 I/ ( 363): Error: set vsif failed
03-19 11:26:29.785 I/BLEAudioDrive_HV410( 248): select timeout!
03-19 11:26:29.839 E/WifiHAL ( 663): wifi_get_link_stats: requestResponse Error:-5
03-19 11:26:29.840 E/WifiVendorHal( 487): getWifiLinkLayerStats_1_5_Internal(l.1191) failed {.code = ERROR_INVALID_ARGS, .description = }
03-19 11:26:29.863 W/IorapForwardingService( 487): No service published for: iorapd
03-19 11:26:30.865 W/IorapForwardingService( 487): No service published for: iorapd
03-19 11:26:31.868 W/IorapForwardingService( 487): No service published for: iorapd
03-19 11:26:32.852 E/WifiHAL ( 663): wifi_get_link_stats: requestResponse Error:-5
03-19 11:26:32.853 E/WifiVendorHal( 487): getWifiLinkLayerStats_1_5_Internal(l.1191) failed {.code = ERROR_INVALID_ARGS, .description = }
03-19 11:26:32.869 W/IorapForwardingService( 487): No service published for: iorapd
03-19 11:26:33.872 W/IorapForwardingService( 487): No service published for: iorapd
03-19 11:26:34.874 W/IorapForwardingService( 487): No service published for: iorapd
03-19 11:26:35.244 W/hdr10p_Configure( 363): 128 callbacks suppressed
03-19 11:26:35.244 I/ ( 363): DVI mode selected: packets not configured
03-19 11:26:35.244 W/set_vsif_config( 363): 128 callbacks suppressed
03-19 11:26:35.244 I/ ( 363): Error: set vsif failed
03-19 11:26:35.244 I/ ( 363): DVI mode selected: packets not configured
03-19 11:26:35.244 I/ ( 363): Error: set vsif failed
03-19 11:26:35.270 I/ ( 363): DVI mode selected: packets not configured
03-19 11:26:35.270 I/ ( 363): Error: set vsif failed
03-19 11:26:35.270 I/ ( 363): DVI mode selected: packets not configured
03-19 11:26:35.270 I/ ( 363): Error: set vsif failed
03-19 11:26:35.295 I/ ( 363): DVI mode selected: packets not configured
03-19 11:26:35.295 I/ ( 363): Error: set vsif failed
03-19 11:26:35.295 I/ ( 363): DVI mode selected: packets not configured
03-19 11:26:35.295 I/ ( 363): Error: set vsif failed
03-19 11:26:35.320 I/ ( 363): DVI mode selected: packets not configured
03-19 11:26:35.320 I/ ( 363): Error: set vsif failed
03-19 11:26:35.320 I/ ( 363): DVI mode selected: packets not configured
03-19 11:26:35.320 I/ ( 363): Error: set vsif failed
03-19 11:26:35.342 I/ ( 363): DVI mode selected: packets not configured
03-19 11:26:35.342 I/ ( 363): Error: set vsif failed
03-19 11:26:35.342 I/ ( 363): DVI mode selected: packets not configured
03-19 11:26:35.342 I/ ( 363): Error: set vsif failed
03-19 11:26:35.683 I/logd ( 188): logdr: UID=2000 GID=2000 PID=13523 b tail=0 logMask=99 pid=0 start=0ns deadline=0ns
03-19 11:26:35.865 E/WifiHAL ( 663): wifi_get_link_stats: requestResponse Error:-5
03-19 11:26:35.866 E/WifiVendorHal( 487): getWifiLinkLayerStats_1_5_Internal(l.1191) failed {.code = ERROR_INVALID_ARGS, .description = }
03-19 11:26:35.876 W/IorapForwardingService( 487): No service published for: iorapd
03-19 11:26:36.877 W/IorapForwardingService( 487): No service published for: iorapd
03-19 11:26:37.261 D/aaa ( 7639): LedStatusService onStartCommand begin
03-19 11:26:37.263 D/aaa ( 7639): topPkg is -------------- :com.dangbei.haqusetting
03-19 11:26:37.266 D/bbb ( 1203): onStartCommand begin !!!!!!! data分区剩余 24948MB
03-19 11:26:37.756 I/cling--ap-5( 3238): type=1400 audit(0.0:2017): avc: denied { read } for name="address" dev="sysfs" ino=16905 scontext=u:r:platform_app:s0:c512,c768 tcontext=u:object_r:sysfs_net:s0 tclass=file permissive=1 app=com.dangbei.screencast
03-19 11:26:37.756 I/cling--ap-5( 3238): type=1400 audit(0.0:2018): avc: denied { open } for path="/sys/devices/virtual/net/dummy0/address" dev="sysfs" ino=16905 scontext=u:r:platform_app:s0:c512,c768 tcontext=u:object_r:sysfs_net:s0 tclass=file permissive=1 app=com.dangbei.screencast
03-19 11:26:37.756 I/cling--ap-5( 3238): type=1400 audit(0.0:2019): avc: denied { getattr } for path="/sys/devices/virtual/net/dummy0/address" dev="sysfs" ino=16905 scontext=u:r:platform_app:s0:c512,c768 tcontext=u:object_r:sysfs_net:s0 tclass=file permissive=1 app=com.dangbei.screencast
03-19 11:26:37.879 W/IorapForwardingService( 487): No service published for: iorapd
03-19 11:26:38.877 E/WifiHAL ( 663): wifi_get_link_stats: requestResponse Error:-5
03-19 11:26:38.879 E/WifiVendorHal( 487): getWifiLinkLayerStats_1_5_Internal(l.1191) failed {.code = ERROR_INVALID_ARGS, .description = }
03-19 11:26:38.882 W/IorapForwardingService( 487): No service published for: iorapd
03-19 11:26:39.786 I/BLEAudioDrive_HV410( 248): select timeout!
03-19 11:26:39.884 W/IorapForwardingService( 487): No service published for: iorapd
03-19 11:26:40.748 W/ZramWriteback( 487): Writeback device is not set
03-19 11:26:40.748 D/ZramWriteback( 487): wait to flush
03-19 11:26:40.886 W/IorapForwardingService( 487): No service published for: iorapd
03-19 11:26:41.246 W/hdr10p_Configure( 363): 130 callbacks suppressed
03-19 11:26:41.246 I/ ( 363): DVI mode selected: packets not configured
03-19 11:26:41.246 W/set_vsif_config( 363): 130 callbacks suppressed
03-19 11:26:41.246 I/ ( 363): Error: set vsif failed
03-19 11:26:41.246 I/ ( 363): DVI mode selected: packets not configured
03-19 11:26:41.246 I/ ( 363): Error: set vsif failed
03-19 11:26:41.273 I/ ( 363): DVI mode selected: packets not configured
03-19 11:26:41.273 I/ ( 363): Error: set vsif failed
03-19 11:26:41.273 I/ ( 363): DVI mode selected: packets not configured
03-19 11:26:41.273 I/ ( 363): Error: set vsif failed
03-19 11:26:41.297 I/ ( 363): DVI mode selected: packets not configured
03-19 11:26:41.297 I/ ( 363): Error: set vsif failed
03-19 11:26:41.297 I/ ( 363): DVI mode selected: packets not configured
03-19 11:26:41.297 I/ ( 363): Error: set vsif failed
03-19 11:26:41.322 I/ ( 363): DVI mode selected: packets not configured
03-19 11:26:41.322 I/ ( 363): Error: set vsif failed
03-19 11:26:41.322 I/ ( 363): DVI mode selected: packets not configured
03-19 11:26:41.322 I/ ( 363): Error: set vsif failed
03-19 11:26:41.342 I/ ( 363): DVI mode selected: packets not configured
03-19 11:26:41.342 I/ ( 363): Error: set vsif failed
03-19 11:26:41.342 I/ ( 363): DVI mode selected: packets not configured
03-19 11:26:41.342 I/ ( 363): Error: set vsif failed
03-19 11:26:41.889 W/IorapForwardingService( 487): No service published for: iorapd
03-19 11:26:41.894 E/WifiHAL ( 663): wifi_get_link_stats: requestResponse Error:-5
03-19 11:26:41.895 E/WifiVendorHal( 487): getWifiLinkLayerStats_1_5_Internal(l.1191) failed {.code = ERROR_INVALID_ARGS, .description = }
03-19 11:26:42.891 W/IorapForwardingService( 487): No service published for: iorapd
03-19 11:26:43.894 W/IorapForwardingService( 487): No service published for: iorapd
03-19 11:26:44.183 D/hdmi-cec( 261): receive invalid cec message!
03-19 11:26:44.183 D/hdmi-cec( 261): receive poll message [04], skip!
03-19 11:26:44.896 W/IorapForwardingService( 487): No service published for: iorapd
03-19 11:26:44.909 E/WifiHAL ( 663): wifi_get_link_stats: requestResponse Error:-5
03-19 11:26:44.910 E/WifiVendorHal( 487): getWifiLinkLayerStats_1_5_Internal(l.1191) failed {.code = ERROR_INVALID_ARGS, .description = }
03-19 11:26:45.313 D/bbb ( 1203): onStartCommand begin !!!!!!! data分区剩余 24948MB
03-19 11:26:45.320 D/aaa ( 7639): LedStatusService onStartCommand begin
03-19 11:26:45.324 D/aaa ( 7639): topPkg is -------------- :com.dangbei.haqusetting
03-19 11:26:45.348 I/ModuleDataForwa( 3238): type=1400 audit(0.0:2020): avc: denied { lock } for path="/data/user/0/com.dangbei.screencast/files/TD__Env_Synchronous_Lock__" dev="mmcblk0p25" ino=2692 scontext=u:r:platform_app:s0:c512,c768 tcontext=u:object_r:app_data_file:s0:c512,c768 tclass=file permissive=1 app=com.dangbei.screencast
03-19 11:26:45.898 W/IorapForwardingService( 487): No service published for: iorapd
03-19 11:26:46.900 W/IorapForwardingService( 487): No service published for: iorapd
03-19 11:26:47.274 W/hdr10p_Configure( 363): 128 callbacks suppressed
03-19 11:26:47.274 I/ ( 363): DVI mode selected: packets not configured
03-19 11:26:47.274 W/set_vsif_config( 363): 128 callbacks suppressed
03-19 11:26:47.274 I/ ( 363): Error: set vsif failed
03-19 11:26:47.274 I/ ( 363): DVI mode selected: packets not configured
03-19 11:26:47.274 I/ ( 363): Error: set vsif failed
03-19 11:26:47.300 I/ ( 363): DVI mode selected: packets not configured
03-19 11:26:47.300 I/ ( 363): Error: set vsif failed
03-19 11:26:47.300 I/ ( 363): DVI mode selected: packets not configured
03-19 11:26:47.300 I/ ( 363): Error: set vsif failed
03-19 11:26:47.325 I/ ( 363): DVI mode selected: packets not configured
03-19 11:26:47.325 I/ ( 363): Error: set vsif failed
03-19 11:26:47.325 I/ ( 363): DVI mode selected: packets not configured
03-19 11:26:47.325 I/ ( 363): Error: set vsif failed
03-19 11:26:47.349 I/ ( 363): DVI mode selected: packets not configured
03-19 11:26:47.349 I/ ( 363): Error: set vsif failed
03-19 11:26:47.349 I/ ( 363): DVI mode selected: packets not configured
03-19 11:26:47.349 I/ ( 363): Error: set vsif failed
03-19 11:26:47.360 I/ ( 363): DVI mode selected: packets not configured
03-19 11:26:47.360 I/ ( 363): Error: set vsif failed
03-19 11:26:47.360 I/ ( 363): DVI mode selected: packets not configured
03-19 11:26:47.360 I/ ( 363): Error: set vsif failed
03-19 11:26:47.902 W/IorapForwardingService( 487): No service published for: iorapd
03-19 11:26:47.916 E/WifiHAL ( 663): wifi_get_link_stats: requestResponse Error:-5
03-19 11:26:47.917 E/WifiVendorHal( 487): getWifiLinkLayerStats_1_5_Internal(l.1191) failed {.code = ERROR_INVALID_ARGS, .description = }
03-19 11:26:48.904 W/IorapForwardingService( 487): No service published for: iorapd
03-19 11:26:49.795 I/BLEAudioDrive_HV410( 248): select timeout!
03-19 11:26:49.906 W/IorapForwardingService( 487): No service published for: iorapd
03-19 11:26:50.908 W/IorapForwardingService( 487): No service published for: iorapd
03-19 11:26:50.926 E/WifiHAL ( 663): wifi_get_link_stats: requestResponse Error:-5
03-19 11:26:50.927 E/WifiVendorHal( 487): getWifiLinkLayerStats_1_5_Internal(l.1191) failed {.code = ERROR_INVALID_ARGS, .description = }
03-19 11:26:51.910 W/IorapForwardingService( 487): No service published for: iorapd
03-19 11:26:52.912 W/IorapForwardingService( 487): No service published for: iorapd
03-19 11:26:53.265 W/hdr10p_Configure( 363): 126 callbacks suppressed
03-19 11:26:53.265 I/ ( 363): DVI mode selected: packets not configured
03-19 11:26:53.265 W/set_vsif_config( 363): 126 callbacks suppressed
03-19 11:26:53.265 I/ ( 363): Error: set vsif failed
03-19 11:26:53.265 I/ ( 363): DVI mode selected: packets not configured
03-19 11:26:53.265 I/ ( 363): Error: set vsif failed
03-19 11:26:53.291 I/ ( 363): DVI mode selected: packets not configured
03-19 11:26:53.291 I/ ( 363): Error: set vsif failed
03-19 11:26:53.291 I/ ( 363): DVI mode selected: packets not configured
03-19 11:26:53.291 I/ ( 363): Error: set vsif failed
03-19 11:26:53.316 I/ ( 363): DVI mode selected: packets not configured
03-19 11:26:53.316 I/ ( 363): Error: set vsif failed
03-19 11:26:53.316 I/ ( 363): DVI mode selected: packets not configured
03-19 11:26:53.316 I/ ( 363): Error: set vsif failed
03-19 11:26:53.340 I/ ( 363): DVI mode selected: packets not configured
03-19 11:26:53.340 I/ ( 363): Error: set vsif failed
03-19 11:26:53.340 I/ ( 363): DVI mode selected: packets not configured
03-19 11:26:53.340 I/ ( 363): Error: set vsif failed
03-19 11:26:53.360 I/ ( 363): DVI mode selected: packets not configured
03-19 11:26:53.360 I/ ( 363): Error: set vsif failed
03-19 11:26:53.360 I/ ( 363): DVI mode selected: packets not configured
03-19 11:26:53.360 I/ ( 363): Error: set vsif failed
03-19 11:26:53.365 D/bbb ( 1203): onStartCommand begin !!!!!!! data分区剩余 24948MB
03-19 11:26:53.376 D/aaa ( 7639): LedStatusService onStartCommand begin
03-19 11:26:53.386 D/aaa ( 7639): topPkg is -------------- :com.dangbei.haqusetting
03-19 11:26:53.914 W/IorapForwardingService( 487): No service published for: iorapd
03-19 11:26:53.940 E/WifiHAL ( 663): wifi_get_link_stats: requestResponse Error:-5
03-19 11:26:53.941 E/WifiVendorHal( 487): getWifiLinkLayerStats_1_5_Internal(l.1191) failed {.code = ERROR_INVALID_ARGS, .description = }
03-19 11:26:54.916 W/IorapForwardingService( 487): No service published for: iorapd
03-19 11:26:55.918 W/IorapForwardingService( 487): No service published for: iorapd
03-19 11:26:56.920 W/IorapForwardingService( 487): No service published for: iorapd
03-19 11:26:56.948 E/WifiHAL ( 663): wifi_get_link_stats: requestResponse Error:-5
03-19 11:26:56.950 E/WifiVendorHal( 487): getWifiLinkLayerStats_1_5_Internal(l.1191) failed {.code = ERROR_INVALID_ARGS, .description = }
03-19 11:26:57.923 W/IorapForwardingService( 487): No service published for: iorapd
03-19 11:26:58.765 I/WifiService( 487): startScan uid=1000
03-19 11:26:58.767 E/ccc ( 2949): cccccc i will start scan
03-19 11:26:58.925 W/IorapForwardingService( 487): No service published for: iorapd
03-19 11:26:59.206 D/hdmi-cec( 261): receive invalid cec message!
03-19 11:26:59.206 D/hdmi-cec( 261): receive poll message [04], skip!
03-19 11:26:59.293 W/hdr10p_Configure( 363): 134 callbacks suppressed
03-19 11:26:59.293 I/ ( 363): DVI mode selected: packets not configured
03-19 11:26:59.293 W/set_vsif_config( 363): 134 callbacks suppressed
03-19 11:26:59.293 I/ ( 363): Error: set vsif failed
03-19 11:26:59.293 I/ ( 363): DVI mode selected: packets not configured
03-19 11:26:59.293 I/ ( 363): Error: set vsif failed
03-19 11:26:59.319 I/ ( 363): DVI mode selected: packets not configured
03-19 11:26:59.319 I/ ( 363): Error: set vsif failed
03-19 11:26:59.319 I/ ( 363): DVI mode selected: packets not configured
03-19 11:26:59.319 I/ ( 363): Error: set vsif failed
03-19 11:26:59.344 I/ ( 363): DVI mode selected: packets not configured
03-19 11:26:59.344 I/ ( 363): Error: set vsif failed
03-19 11:26:59.344 I/ ( 363): DVI mode selected: packets not configured
03-19 11:26:59.344 I/ ( 363): Error: set vsif failed
03-19 11:26:59.368 I/ ( 363): DVI mode selected: packets not configured
03-19 11:26:59.368 I/ ( 363): Error: set vsif failed
03-19 11:26:59.368 I/ ( 363): DVI mode selected: packets not configured
03-19 11:26:59.368 I/ ( 363): Error: set vsif failed
03-19 11:26:59.376 I/ ( 363): DVI mode selected: packets not configured
03-19 11:26:59.376 I/ ( 363): Error: set vsif failed
03-19 11:26:59.376 I/ ( 363): DVI mode selected: packets not configured
03-19 11:26:59.376 I/ ( 363): Error: set vsif failed
03-19 11:26:59.803 I/BLEAudioDrive_HV410( 248): select timeout!
03-19 11:26:59.927 W/IorapForwardingService( 487): No service published for: iorapd
03-19 11:26:59.962 E/WifiHAL ( 663): wifi_get_link_stats: requestResponse Error:-5
03-19 11:26:59.963 E/WifiVendorHal( 487): getWifiLinkLayerStats_1_5_Internal(l.1191) failed {.code = ERROR_INVALID_ARGS, .description = }
03-19 11:27:00.564 D/WifiNl80211Manager( 487): Scan result ready event
03-19 11:27:00.564 D/WifiNative( 487): Scan result ready event
03-19 11:27:00.612 E/ccc ( 2949): cccccc SCAN_RESULTS_AVAILABLE_ACTION hhhh
03-19 11:27:00.614 E/hq ( 1119): NetWorkStateReceiver:::NetWorkStateReceiver onReceive: 网络变化广播 >>>> intent.action=android.net.wifi.SCAN_RESULTS
03-19 11:27:00.614 D/PasspointManager( 487): ANQP entry not found for: f8:14:fe:4f:93:01:
03-19 11:27:00.619 E/WifiHAL ( 663): wifi_get_link_stats: requestResponse Error:-5
03-19 11:27:00.620 E/WifiVendorHal( 487): getWifiLinkLayerStats_1_5_Internal(l.1191) failed {.code = ERROR_INVALID_ARGS, .description = }
03-19 11:27:00.636 W/eventbuscore( 1119): post Event:com.dangbei.leard.base.entity.event.NetWifiRssiEvent
03-19 11:27:00.646 E/ccc ( 2949): cccccc result is not empty call back
03-19 11:27:00.646 E/ccc ( 2949): cccccc 666666666666666
03-19 11:27:00.662 E/ccc ( 2949): cccccc sort 2 47
03-19 11:27:00.930 W/IorapForwardingService( 487): No service published for: iorapd
03-19 11:27:01.402 D/aaa ( 7639): LedStatusService onStartCommand begin
03-19 11:27:01.405 D/bbb ( 1203): onStartCommand begin !!!!!!! data分区剩余 24948MB
03-19 11:27:01.407 D/aaa ( 7639): topPkg is -------------- :com.dangbei.haqusetting
03-19 11:27:01.932 W/IorapForwardingService( 487): No service published for: iorapd
03-19 11:27:02.934 W/IorapForwardingService( 487): No service published for: iorapd
03-19 11:27:02.973 E/WifiHAL ( 663): wifi_get_link_stats: requestResponse Error:-5
03-19 11:27:02.976 E/WifiVendorHal( 487): getWifiLinkLayerStats_1_5_Internal(l.1191) failed {.code = ERROR_INVALID_ARGS, .description = }
03-19 11:27:03.937 W/IorapForwardingService( 487): No service published for: iorapd
03-19 11:27:04.939 W/IorapForwardingService( 487): No service published for: iorapd
03-19 11:27:05.294 W/hdr10p_Configure( 363): 130 callbacks suppressed
03-19 11:27:05.294 I/ ( 363): DVI mode selected: packets not configured
03-19 11:27:05.294 W/set_vsif_config( 363): 130 callbacks suppressed
03-19 11:27:05.294 I/ ( 363): Error: set vsif failed
03-19 11:27:05.294 I/ ( 363): DVI mode selected: packets not configured
03-19 11:27:05.294 I/ ( 363): Error: set vsif failed
03-19 11:27:05.320 I/ ( 363): DVI mode selected: packets not configured
03-19 11:27:05.320 I/ ( 363): Error: set vsif failed
03-19 11:27:05.320 I/ ( 363): DVI mode selected: packets not configured
03-19 11:27:05.320 I/ ( 363): Error: set vsif failed
03-19 11:27:05.344 I/ ( 363): DVI mode selected: packets not configured
03-19 11:27:05.345 I/ ( 363): Error: set vsif failed
03-19 11:27:05.345 I/ ( 363): DVI mode selected: packets not configured
03-19 11:27:05.345 I/ ( 363): Error: set vsif failed
03-19 11:27:05.369 I/ ( 363): DVI mode selected: packets not configured
03-19 11:27:05.369 I/ ( 363): Error: set vsif failed
03-19 11:27:05.369 I/ ( 363): DVI mode selected: packets not configured
03-19 11:27:05.369 I/ ( 363): Error: set vsif failed
03-19 11:27:05.376 I/ ( 363): DVI mode selected: packets not configured
03-19 11:27:05.376 I/ ( 363): Error: set vsif failed
03-19 11:27:05.376 I/ ( 363): DVI mode selected: packets not configured
03-19 11:27:05.376 I/ ( 363): Error: set vsif failed
03-19 11:27:05.941 W/IorapForwardingService( 487): No service published for: iorapd
03-19 11:27:05.988 E/WifiHAL ( 663): wifi_get_link_stats: requestResponse Error:-5
03-19 11:27:05.990 E/WifiVendorHal( 487): getWifiLinkLayerStats_1_5_Internal(l.1191) failed {.code = ERROR_INVALID_ARGS, .description = }