03-19 11:16:35.383 I/bt_stack( 672): [INFO:gatt_api.cc(708)] GATTC_Discover conn_id=0x0003, disc_type=5, s_handle=0x0035, e_handle=0x0036
03-19 11:16:35.406 I/bt_stack( 672): [INFO:gatt_api.cc(708)] GATTC_Discover conn_id=0x0003, disc_type=5, s_handle=0x0039, e_handle=0x003a
03-19 11:16:35.429 I/bt_stack( 672): [INFO:gatt_api.cc(708)] GATTC_Discover conn_id=0x0003, disc_type=5, s_handle=0x003d, e_handle=0x003d
03-19 11:16:35.458 I/bt_stack( 672): [INFO:gatt_api.cc(708)] GATTC_Discover conn_id=0x0003, disc_type=5, s_handle=0x0040, e_handle=0x0040
03-19 11:16:35.473 I/bt_stack( 672): [INFO:gatt_api.cc(708)] GATTC_Discover conn_id=0x0003, disc_type=3, s_handle=0x0043, e_handle=0x0051
03-19 11:16:35.488 I/bt_stack( 672): [INFO:gatt_api.cc(708)] GATTC_Discover conn_id=0x0003, disc_type=4, s_handle=0x0043, e_handle=0x0051
03-19 11:16:35.529 W/IorapForwardingService( 487): No service published for: iorapd
03-19 11:16:35.541 I/bt_stack( 672): [INFO:hearing_aid.cc(1796)] GetDeviceCount: Not initialized yet
03-19 11:16:35.555 I/bt_stack( 672): [INFO:btsnoop.cc(338)] clear_l2cap_allowlist: Clearing acceptlist from l2cap channel. conn_handle=16 cid=4:4
03-19 11:16:35.556 W/bt_stack( 672): [WARNING:l2c_ble.cc(139)] L2CA_EnableUpdateBleConnParams - unknown BD_ADDR c9:b5:96:5c:e3:ed
03-19 11:16:35.556 I/bluetooth( 672): system/bt/stack/gap/gap_ble.cc:298 client_connect_cback: No active GAP service found for peer:xx:xx:xx:xx:e3:ed callback:Disconnected
03-19 11:16:35.556 I/bt_bta_gattc( 672): system/bt/bta/gatt/bta_gattc_act.cc:1115 bta_gattc_conn_cback: Disconnected att_id:3 transport:le reason:GATT_CONN_TERMINATE_PEER_USER
03-19 11:16:35.556 I/bt_bta_gattc( 672): system/bt/bta/gatt/bta_gattc_act.cc:1115 bta_gattc_conn_cback: Disconnected att_id:4 transport:le reason:GATT_CONN_TERMINATE_PEER_USER
03-19 11:16:35.556 I/bt_bta_gattc( 672): system/bt/bta/gatt/bta_gattc_act.cc:1115 bta_gattc_conn_cback: Disconnected att_id:5 transport:le reason:GATT_CONN_TERMINATE_PEER_USER
03-19 11:16:35.556 I/bt_bta_gattc( 672): system/bt/bta/gatt/bta_gattc_act.cc:1115 bta_gattc_conn_cback: Disconnected att_id:6 transport:le reason:GATT_CONN_TERMINATE_PEER_USER
03-19 11:16:35.556 I/btif_av ( 672): system/bt/btif/src/btif_av.cc:3352 btif_av_acl_disconnected: btif_av_acl_disconnected: Peer c9:b5:96:5c:e3:ed : ACL Disconnected
03-19 11:16:35.556 I/bt_bta_gattc( 672): system/bt/bta/gatt/bta_gattc_cache.cc:902 bta_gattc_get_gatt_db: bta_gattc_get_gatt_db
03-19 11:16:35.556 E/bt_stack( 672): [ERROR:bta_gattc_cache.cc(904)] Unknown conn_id=0x0003
03-19 11:16:35.556 I/bt_bta_dm( 672): system/bt/bta/dm/bta_dm_act.cc:1293 bta_dm_search_cmpl: Empty GATT database - no BLE services discovered
03-19 11:16:35.556 I/btif_av ( 672): system/bt/btif/src/btif_av.cc:1078 FindOrCreatePeer: BtifAvPeer *BtifAvSource::FindOrCreatePeer(const RawAddress &, tBTA_AV_HNDL): Create peer: peer_address=c9:b5:96:5c:e3:ed bta_handle=0x41 peer_id=0
03-19 11:16:35.556 I/btif_av ( 672): system/bt/btif/src/btif_av.cc:3279 btif_av_get_peer_sep: No active sink or source peer found
03-19 11:16:35.556 I/bt_btif_a2dp_source( 672): system/bt/btif/src/btif_a2dp_source.cc:691 btif_a2dp_source_on_idle: btif_a2dp_source_on_idle: state=STATE_OFF
03-19 11:16:35.556 I/btif_av ( 672): system/bt/btif/src/btif_av.cc:3279 btif_av_get_peer_sep: No active sink or source peer found
03-19 11:16:35.556 I/bt_btif_a2dp_source( 672): system/bt/btif/src/btif_a2dp_source.cc:691 btif_a2dp_source_on_idle: btif_a2dp_source_on_idle: state=STATE_OFF
03-19 11:16:35.557 I/btif_av ( 672): system/bt/btif/src/btif_av.cc:1123 DeleteIdlePeers: DeleteIdlePeers: Deleting idle peer: c9:b5:96:5c:e3:ed bta_handle=0x41
03-19 11:16:35.560 W/bt_btif ( 672): system/bt/main/bte_logmsg.cc:194 LogMsg: btif_hh_upstreams_evt: BTA_HH_OPN_EVT: handle=32, status =6
03-19 11:16:35.561 D/BluetoothHidHostService( 672): Connection state C9:B5:96:5C:E3:ED: 1->0
03-19 11:16:35.566 E/bond ( 2949): name=Dangbei,state=12,action=android.bluetooth.device.action.ACL_DISCONNECTED
03-19 11:16:35.566 D/AdapterProperties( 672): PROFILE_CONNECTION_STATE_CHANGE: profile=4, device=C9:B5:96:5C:E3:ED, 1 -> 0
03-19 11:16:35.568 I/LocalBluetoothProfileManager( 679): Failed to connect HID device
03-19 11:16:35.569 D/AdapterProperties( 672): ADAPTER_CONNECTION_STATE_CHANGE: C9:B5:96:5C:E3:ED: 1 -> 0
03-19 11:16:35.569 I/dangbei111( 1047): cccccc on receiver=android.bluetooth.device.action.ACL_DISCONNECTED,mac=C9:B5:96:5C:E3:ED
03-19 11:16:35.577 D/CachedBluetoothDevice( 679): onProfileStateChanged: profile HID, device Dangbei, newProfileState 0
03-19 11:16:35.604 I/DefaultIMS( 2890): onStartInput attribute=android.view.inputmethod.EditorInfo@fd43849 restarting=false inputType: 0
03-19 11:16:36.061 E/WifiHAL ( 663): wifi_get_link_stats: requestResponse Error:-5
03-19 11:16:36.063 E/WifiVendorHal( 487): getWifiLinkLayerStats_1_5_Internal(l.1191) failed {.code = ERROR_INVALID_ARGS, .description = }
03-19 11:16:36.531 W/IorapForwardingService( 487): No service published for: iorapd
03-19 11:16:36.656 E/dangbei111( 1047): cccccc 检查遥控器是否连接: Dangbei C9:B5:96:5C:E3:ED
03-19 11:16:36.659 E/dangbei111( 1047): cccccc 检查遥控器是否连接: 蓝牙的结果 Dangbei C9:B5:96:5C:E3:ED false
03-19 11:16:36.659 E/dangbei111( 1047): cccccc input中没有遥控器存在
03-19 11:16:36.659 E/dangbei111( 1047): cccccc 蓝牙状态连接 不是连接状态 啥都不干
03-19 11:16:36.661 E/dangbei111( 1047): cccccc 蓝牙状态连接 配对状态 啥都不做
03-19 11:16:36.665 E/dangbei111( 1047): cccccc 检查遥控器是否连接: Dangbei C7:44:13:5B:41:8C
03-19 11:16:36.668 E/dangbei111( 1047): cccccc 检查遥控器是否连接: 蓝牙的结果 Dangbei C7:44:13:5B:41:8C false
03-19 11:16:36.668 E/dangbei111( 1047): cccccc input中没有遥控器存在
03-19 11:16:36.668 E/dangbei111( 1047): cccccc 蓝牙状态连接 不是连接状态 啥都不干
03-19 11:16:36.670 E/dangbei111( 1047): cccccc 蓝牙状态连接 配对状态 啥都不做
03-19 11:16:36.670 E/dangbei111( 1047): cccccc 没有遥控器连接 不进行 getRCInfo return
03-19 11:16:36.670 E/dangbei111( 1047): getBattery delay 0
03-19 11:16:36.677 E/dangbei111( 1047): 5mins后会再次获取电量
03-19 11:16:36.677 E/dangbei111( 1047): getBattery delay 300000
03-19 11:16:37.123 W/hdr10p_Configure( 363): 126 callbacks suppressed
03-19 11:16:37.123 I/ ( 363): DVI mode selected: packets not configured
03-19 11:16:37.123 W/set_vsif_config( 363): 126 callbacks suppressed
03-19 11:16:37.123 I/ ( 363): Error: set vsif failed
03-19 11:16:37.123 I/ ( 363): DVI mode selected: packets not configured
03-19 11:16:37.123 I/ ( 363): Error: set vsif failed
03-19 11:16:37.149 I/ ( 363): DVI mode selected: packets not configured
03-19 11:16:37.149 I/ ( 363): Error: set vsif failed
03-19 11:16:37.149 I/ ( 363): DVI mode selected: packets not configured
03-19 11:16:37.149 I/ ( 363): Error: set vsif failed
03-19 11:16:37.174 I/ ( 363): DVI mode selected: packets not configured
03-19 11:16:37.174 I/ ( 363): Error: set vsif failed
03-19 11:16:37.174 I/ ( 363): DVI mode selected: packets not configured
03-19 11:16:37.174 I/ ( 363): Error: set vsif failed
03-19 11:16:37.199 I/ ( 363): DVI mode selected: packets not configured
03-19 11:16:37.199 I/ ( 363): Error: set vsif failed
03-19 11:16:37.199 I/ ( 363): DVI mode selected: packets not configured
03-19 11:16:37.199 I/ ( 363): Error: set vsif failed
03-19 11:16:37.209 I/ ( 363): DVI mode selected: packets not configured
03-19 11:16:37.209 I/ ( 363): Error: set vsif failed
03-19 11:16:37.210 I/ ( 363): DVI mode selected: packets not configured
03-19 11:16:37.210 I/ ( 363): Error: set vsif failed
03-19 11:16:37.533 W/IorapForwardingService( 487): No service published for: iorapd
03-19 11:16:38.535 W/IorapForwardingService( 487): No service published for: iorapd
03-19 11:16:38.556 E/bt_upio ( 249): upio_set : /proc/bluetooth/sleep/btwrite(-1) incorrent
03-19 11:16:38.653 E/dangbei111( 1047): cccccc 检测到网络 准备请求遥控器ota信息
03-19 11:16:38.654 W/ContextImpl( 1047): Calling a method in the system process without a qualified user: android.app.ContextImpl.sendBroadcast:1173 android.content.ContextWrapper.sendBroadcast:479 com.dangbei.remotecontroller.RemoteControllerReceiver.sendMessageToUpdateHelper:122 com.dangbei.remotecontroller.RemoteControllerReceiver.access$100:28 com.dangbei.remotecontroller.RemoteControllerReceiver$1.handleMessage:41
03-19 11:16:38.656 E/ActivityManager( 487): Sending non-protected broadcast com.dangbei.remote.connected from system 1047:com.dangbei.lerad.etna.haqu/1000 pkg com.dangbei.lerad.etna.haqu
03-19 11:16:38.656 E/ActivityManager( 487): java.lang.Throwable
03-19 11:16:38.656 E/ActivityManager( 487): at com.android.server.am.ActivityManagerService.checkBroadcastFromSystem(ActivityManagerService.java:12816)
03-19 11:16:38.656 E/ActivityManager( 487): at com.android.server.am.ActivityManagerService.broadcastIntentLocked(ActivityManagerService.java:13416)
03-19 11:16:38.656 E/ActivityManager( 487): at com.android.server.am.ActivityManagerService.broadcastIntentLocked(ActivityManagerService.java:12833)
03-19 11:16:38.656 E/ActivityManager( 487): at com.android.server.am.ActivityManagerService.broadcastIntentWithFeature(ActivityManagerService.java:13670)
03-19 11:16:38.656 E/ActivityManager( 487): at android.app.IActivityManager$Stub.onTransact(IActivityManager.java:2326)
03-19 11:16:38.656 E/ActivityManager( 487): at com.android.server.am.ActivityManagerService.onTransact(ActivityManagerService.java:2509)
03-19 11:16:38.656 E/ActivityManager( 487): at android.os.Binder.execTransactInternal(Binder.java:1179)
03-19 11:16:38.656 E/ActivityManager( 487): at android.os.Binder.execTransact(Binder.java:1143)
03-19 11:16:38.658 E/ActivityManager( 487): Sending non-protected broadcast com.dangbei.remote.connected from system 1047:com.dangbei.lerad.etna.haqu/1000 pkg com.dangbei.lerad.etna.haqu
03-19 11:16:38.658 E/ActivityManager( 487): java.lang.Throwable
03-19 11:16:38.658 E/ActivityManager( 487): at com.android.server.am.ActivityManagerService.checkBroadcastFromSystem(ActivityManagerService.java:12816)
03-19 11:16:38.658 E/ActivityManager( 487): at com.android.server.am.ActivityManagerService.broadcastIntentLocked(ActivityManagerService.java:13513)
03-19 11:16:38.658 E/ActivityManager( 487): at com.android.server.am.ActivityManagerService.broadcastIntentLocked(ActivityManagerService.java:12833)
03-19 11:16:38.658 E/ActivityManager( 487): at com.android.server.am.ActivityManagerService.broadcastIntentWithFeature(ActivityManagerService.java:13670)
03-19 11:16:38.658 E/ActivityManager( 487): at android.app.IActivityManager$Stub.onTransact(IActivityManager.java:2326)
03-19 11:16:38.658 E/ActivityManager( 487): at com.android.server.am.ActivityManagerService.onTransact(ActivityManagerService.java:2509)
03-19 11:16:38.658 E/ActivityManager( 487): at android.os.Binder.execTransactInternal(Binder.java:1179)
03-19 11:16:38.658 E/ActivityManager( 487): at android.os.Binder.execTransact(Binder.java:1143)
03-19 11:16:38.659 I/DropBoxManagerService( 487): add tag=system_server_wtf isTagEnabled=true flags=0x2
03-19 11:16:38.664 I/DropBoxManagerService( 487): add tag=system_server_wtf isTagEnabled=true flags=0x2
03-19 11:16:38.666 E/dangbei111( 1047): 读出来的遥控器版本不是空 CSH251028
03-19 11:16:38.666 E/dangbei111( 1047): cccccc requestRemoteInfoInner factory NA version CSH251028
03-19 11:16:38.686 I/okhttp.OkHttpClient( 1047): --> POST http://tymsgapi.qun7.com/v1/core/ykota (620-byte body)
03-19 11:16:38.761 I/okhttp.OkHttpClient( 1047): <-- 200 OK http://tymsgapi.qun7.com/v1/core/ykota (74ms, unknown-length body)
03-19 11:16:38.765 E/dangbei111( 1047): cccccc requestRemoteInfoInner BaseResponse{message='success', data=null, code=0}
03-19 11:16:38.766 W/System.err( 1047): java.lang.NullPointerException: Attempt to invoke virtual method 'java.lang.String com.etna.haqu.model.business.bean.db.remote.RemoteUpdateBean.getDownloadId()' on a null object reference
03-19 11:16:38.766 W/System.err( 1047): at com.dangbei.etna.update.remote.RemoteUpdateHelper$requestRemoteInfoInner$1$2.invoke(RemoteUpdateHelper.kt:199)
03-19 11:16:38.766 W/System.err( 1047): at com.dangbei.etna.update.remote.RemoteUpdateHelper$requestRemoteInfoInner$1$2.invoke(RemoteUpdateHelper.kt:188)
03-19 11:16:38.766 W/System.err( 1047): at com.etna.haqu.support.ext.FlowExtKt$safeCollect$3.emit(FlowExt.kt:52)
03-19 11:16:38.766 W/System.err( 1047): at kotlinx.coroutines.flow.FlowKt__ErrorsKt$catchImpl$2.emit(Errors.kt:158)
03-19 11:16:38.767 W/System.err( 1047): at kotlinx.coroutines.flow.FlowKt__ChannelsKt.emitAllImpl$FlowKt__ChannelsKt(Channels.kt:62)
03-19 11:16:38.767 W/System.err( 1047): at kotlinx.coroutines.flow.FlowKt__ChannelsKt.access$emitAllImpl$FlowKt__ChannelsKt(Channels.kt:1)
03-19 11:16:38.767 W/System.err( 1047): at kotlinx.coroutines.flow.FlowKt__ChannelsKt$emitAllImpl$1.invokeSuspend(Unknown Source:14)
03-19 11:16:38.767 W/System.err( 1047): at kotlin.coroutines.jvm.internal.BaseContinuationImpl.resumeWith(ContinuationImpl.kt:33)
03-19 11:16:38.767 W/System.err( 1047): at kotlinx.coroutines.DispatchedTask.run(DispatchedTask.kt:106)
03-19 11:16:38.767 W/System.err( 1047): at android.os.Handler.handleCallback(Handler.java:938)
03-19 11:16:38.767 W/System.err( 1047): at android.os.Handler.dispatchMessage(Handler.java:99)
03-19 11:16:38.767 W/System.err( 1047): at android.os.Looper.loopOnce(Looper.java:201)
03-19 11:16:38.767 W/System.err( 1047): at android.os.Looper.loop(Looper.java:288)
03-19 11:16:38.767 W/System.err( 1047): at android.app.ActivityThread.main(ActivityThread.java:7854)
03-19 11:16:38.767 W/System.err( 1047): at java.lang.reflect.Method.invoke(Native Method)
03-19 11:16:38.767 W/System.err( 1047): at com.android.internal.os.RuntimeInit$MethodAndArgsCaller.run(RuntimeInit.java:548)
03-19 11:16:38.767 W/System.err( 1047): at com.android.internal.os.ZygoteInit.main(ZygoteInit.java:1182)
03-19 11:16:38.771 E/ccc ( 2949): cccccc notifyUpdateChanged {"code":1,"data":{"hasUpdate":false,"what":2,"why":-1},"message":"更新状态变化"}
03-19 11:16:38.772 E/ccc ( 2949): cccccc EtnaSendUpdateStatusChangeBean.remoteUpdateChanged
03-19 11:16:38.773 E/ccc ( 2949): cccccc event HomeActivity REMOTE_UPDATE_STATUS_CHANGED
03-19 11:16:38.773 E/ccc ( 1047): cccccc updateHelper 通知更新
03-19 11:16:38.773 E/dangbei111( 1047): cccccc requestRemoteInfoInner 出现异常 Attempt to invoke virtual method 'java.lang.String com.etna.haqu.model.business.bean.db.remote.RemoteUpdateBean.getDownloadId()' on a null object reference
03-19 11:16:39.077 E/WifiHAL ( 663): wifi_get_link_stats: requestResponse Error:-5
03-19 11:16:39.079 E/WifiVendorHal( 487): getWifiLinkLayerStats_1_5_Internal(l.1191) failed {.code = ERROR_INVALID_ARGS, .description = }
03-19 11:16:39.393 I/BLEAudioDrive_HV410( 248): select timeout!
03-19 11:16:39.538 W/IorapForwardingService( 487): No service published for: iorapd
03-19 11:16:39.670 E/dangbei111( 1047): cccccc 准备开始进行 startScanInner
03-19 11:16:39.670 E/dangbei111( 1047): cccccc 小于10s 由于之前已经开始扫描了 不在开启新的扫描
03-19 11:16:40.540 W/IorapForwardingService( 487): No service published for: iorapd
03-19 11:16:40.709 W/ZramWriteback( 487): Writeback device is not set
03-19 11:16:40.710 D/ZramWriteback( 487): wait to flush
03-19 11:16:41.542 W/IorapForwardingService( 487): No service published for: iorapd
03-19 11:16:42.090 E/WifiHAL ( 663): wifi_get_link_stats: requestResponse Error:-5
03-19 11:16:42.091 E/WifiVendorHal( 487): getWifiLinkLayerStats_1_5_Internal(l.1191) failed {.code = ERROR_INVALID_ARGS, .description = }
03-19 11:16:42.545 W/IorapForwardingService( 487): No service published for: iorapd
03-19 11:16:42.588 D/bbb ( 1203): onStartCommand begin !!!!!!! data分区剩余 24948MB
03-19 11:16:42.590 D/aaa ( 7639): LedStatusService onStartCommand begin
03-19 11:16:42.592 D/aaa ( 7639): topPkg is -------------- :com.dangbei.haqusetting
03-19 11:16:43.118 W/hdr10p_Configure( 363): 128 callbacks suppressed
03-19 11:16:43.118 I/ ( 363): DVI mode selected: packets not configured
03-19 11:16:43.118 W/set_vsif_config( 363): 128 callbacks suppressed
03-19 11:16:43.118 I/ ( 363): Error: set vsif failed
03-19 11:16:43.118 I/ ( 363): DVI mode selected: packets not configured
03-19 11:16:43.118 I/ ( 363): Error: set vsif failed
03-19 11:16:43.144 I/ ( 363): DVI mode selected: packets not configured
03-19 11:16:43.144 I/ ( 363): Error: set vsif failed
03-19 11:16:43.144 I/ ( 363): DVI mode selected: packets not configured
03-19 11:16:43.144 I/ ( 363): Error: set vsif failed
03-19 11:16:43.168 I/ ( 363): DVI mode selected: packets not configured
03-19 11:16:43.168 I/ ( 363): Error: set vsif failed
03-19 11:16:43.168 I/ ( 363): DVI mode selected: packets not configured
03-19 11:16:43.168 I/ ( 363): Error: set vsif failed
03-19 11:16:43.193 I/ ( 363): DVI mode selected: packets not configured
03-19 11:16:43.193 I/ ( 363): Error: set vsif failed
03-19 11:16:43.193 I/ ( 363): DVI mode selected: packets not configured
03-19 11:16:43.193 I/ ( 363): Error: set vsif failed
03-19 11:16:43.209 I/ ( 363): DVI mode selected: packets not configured
03-19 11:16:43.209 I/ ( 363): Error: set vsif failed
03-19 11:16:43.210 I/ ( 363): DVI mode selected: packets not configured
03-19 11:16:43.210 I/ ( 363): Error: set vsif failed
03-19 11:16:43.547 W/IorapForwardingService( 487): No service published for: iorapd
03-19 11:16:44.185 D/hdmi-cec( 261): receive invalid cec message!
03-19 11:16:44.185 D/hdmi-cec( 261): receive poll message [04], skip!
03-19 11:16:44.549 W/IorapForwardingService( 487): No service published for: iorapd
03-19 11:16:45.103 E/WifiHAL ( 663): wifi_get_link_stats: requestResponse Error:-5
03-19 11:16:45.105 E/WifiVendorHal( 487): getWifiLinkLayerStats_1_5_Internal(l.1191) failed {.code = ERROR_INVALID_ARGS, .description = }
03-19 11:16:45.551 W/IorapForwardingService( 487): No service published for: iorapd
03-19 11:16:46.553 W/IorapForwardingService( 487): No service published for: iorapd
03-19 11:16:47.555 W/IorapForwardingService( 487): No service published for: iorapd
03-19 11:16:48.119 E/WifiHAL ( 663): wifi_get_link_stats: requestResponse Error:-5
03-19 11:16:48.121 E/WifiVendorHal( 487): getWifiLinkLayerStats_1_5_Internal(l.1191) failed {.code = ERROR_INVALID_ARGS, .description = }
03-19 11:16:48.558 W/IorapForwardingService( 487): No service published for: iorapd
03-19 11:16:49.144 W/hdr10p_Configure( 363): 128 callbacks suppressed
03-19 11:16:49.144 I/ ( 363): DVI mode selected: packets not configured
03-19 11:16:49.144 W/set_vsif_config( 363): 128 callbacks suppressed
03-19 11:16:49.144 I/ ( 363): Error: set vsif failed
03-19 11:16:49.144 I/ ( 363): DVI mode selected: packets not configured
03-19 11:16:49.144 I/ ( 363): Error: set vsif failed
03-19 11:16:49.170 I/ ( 363): DVI mode selected: packets not configured
03-19 11:16:49.170 I/ ( 363): Error: set vsif failed
03-19 11:16:49.170 I/ ( 363): DVI mode selected: packets not configured
03-19 11:16:49.171 I/ ( 363): Error: set vsif failed
03-19 11:16:49.195 I/ ( 363): DVI mode selected: packets not configured
03-19 11:16:49.195 I/ ( 363): Error: set vsif failed
03-19 11:16:49.195 I/ ( 363): DVI mode selected: packets not configured
03-19 11:16:49.195 I/ ( 363): Error: set vsif failed
03-19 11:16:49.219 I/ ( 363): DVI mode selected: packets not configured
03-19 11:16:49.219 I/ ( 363): Error: set vsif failed
03-19 11:16:49.219 I/ ( 363): DVI mode selected: packets not configured
03-19 11:16:49.219 I/ ( 363): Error: set vsif failed
03-19 11:16:49.225 I/ ( 363): DVI mode selected: packets not configured
03-19 11:16:49.225 I/ ( 363): Error: set vsif failed
03-19 11:16:49.225 I/ ( 363): DVI mode selected: packets not configured
03-19 11:16:49.225 I/ ( 363): Error: set vsif failed
03-19 11:16:49.402 I/BLEAudioDrive_HV410( 248): select timeout!
03-19 11:16:49.560 W/IorapForwardingService( 487): No service published for: iorapd
03-19 11:16:50.562 W/IorapForwardingService( 487): No service published for: iorapd
03-19 11:16:50.602 D/aaa ( 7639): LedStatusService onStartCommand begin
03-19 11:16:50.604 D/aaa ( 7639): topPkg is -------------- :com.dangbei.haqusetting
03-19 11:16:50.605 D/bbb ( 1203): onStartCommand begin !!!!!!! data分区剩余 24948MB
03-19 11:16:51.134 E/WifiHAL ( 663): wifi_get_link_stats: requestResponse Error:-5
03-19 11:16:51.135 E/WifiVendorHal( 487): getWifiLinkLayerStats_1_5_Internal(l.1191) failed {.code = ERROR_INVALID_ARGS, .description = }
03-19 11:16:51.564 W/IorapForwardingService( 487): No service published for: iorapd
03-19 11:16:51.972 I/WifiService( 487): startScan uid=1000
03-19 11:16:51.974 E/ccc ( 2949): cccccc i will start scan
03-19 11:16:52.567 W/IorapForwardingService( 487): No service published for: iorapd
03-19 11:16:53.569 W/IorapForwardingService( 487): No service published for: iorapd
03-19 11:16:53.765 D/WifiNl80211Manager( 487): Scan result ready event
03-19 11:16:53.765 D/WifiNative( 487): Scan result ready event
03-19 11:16:53.804 E/ccc ( 2949): cccccc SCAN_RESULTS_AVAILABLE_ACTION hhhh
03-19 11:16:53.805 E/hq ( 1119): NetWorkStateReceiver:::NetWorkStateReceiver onReceive: 网络变化广播 >>>> intent.action=android.net.wifi.SCAN_RESULTS
03-19 11:16:53.809 E/WifiHAL ( 663): wifi_get_link_stats: requestResponse Error:-5
03-19 11:16:53.810 E/WifiVendorHal( 487): getWifiLinkLayerStats_1_5_Internal(l.1191) failed {.code = ERROR_INVALID_ARGS, .description = }
03-19 11:16:53.821 W/eventbuscore( 1119): post Event:com.dangbei.leard.base.entity.event.NetWifiRssiEvent
03-19 11:16:53.825 E/ccc ( 2949): cccccc result is not empty call back
03-19 11:16:53.825 E/ccc ( 2949): cccccc 666666666666666
03-19 11:16:53.839 E/ccc ( 2949): cccccc sort 2 37
03-19 11:16:54.147 E/WifiHAL ( 663): wifi_get_link_stats: requestResponse Error:-5
03-19 11:16:54.149 E/WifiVendorHal( 487): getWifiLinkLayerStats_1_5_Internal(l.1191) failed {.code = ERROR_INVALID_ARGS, .description = }
03-19 11:16:54.570 W/IorapForwardingService( 487): No service published for: iorapd
03-19 11:16:55.154 W/hdr10p_Configure( 363): 132 callbacks suppressed
03-19 11:16:55.154 I/ ( 363): DVI mode selected: packets not configured
03-19 11:16:55.154 W/set_vsif_config( 363): 132 callbacks suppressed
03-19 11:16:55.154 I/ ( 363): Error: set vsif failed
03-19 11:16:55.154 I/ ( 363): DVI mode selected: packets not configured
03-19 11:16:55.154 I/ ( 363): Error: set vsif failed
03-19 11:16:55.180 I/ ( 363): DVI mode selected: packets not configured
03-19 11:16:55.180 I/ ( 363): Error: set vsif failed
03-19 11:16:55.180 I/ ( 363): DVI mode selected: packets not configured
03-19 11:16:55.180 I/ ( 363): Error: set vsif failed
03-19 11:16:55.205 I/ ( 363): DVI mode selected: packets not configured
03-19 11:16:55.205 I/ ( 363): Error: set vsif failed
03-19 11:16:55.205 I/ ( 363): DVI mode selected: packets not configured
03-19 11:16:55.205 I/ ( 363): Error: set vsif failed
03-19 11:16:55.228 I/ ( 363): DVI mode selected: packets not configured
03-19 11:16:55.228 I/ ( 363): Error: set vsif failed
03-19 11:16:55.228 I/ ( 363): DVI mode selected: packets not configured
03-19 11:16:55.228 I/ ( 363): Error: set vsif failed
03-19 11:16:55.243 I/ ( 363): DVI mode selected: packets not configured
03-19 11:16:55.243 I/ ( 363): Error: set vsif failed
03-19 11:16:55.244 I/ ( 363): DVI mode selected: packets not configured
03-19 11:16:55.244 I/ ( 363): Error: set vsif failed
03-19 11:16:55.573 W/IorapForwardingService( 487): No service published for: iorapd
03-19 11:16:56.575 W/IorapForwardingService( 487): No service published for: iorapd
03-19 11:16:57.161 E/WifiHAL ( 663): wifi_get_link_stats: requestResponse Error:-5
03-19 11:16:57.162 E/WifiVendorHal( 487): getWifiLinkLayerStats_1_5_Internal(l.1191) failed {.code = ERROR_INVALID_ARGS, .description = }
03-19 11:16:57.578 W/IorapForwardingService( 487): No service published for: iorapd
03-19 11:16:58.580 W/IorapForwardingService( 487): No service published for: iorapd
03-19 11:16:58.658 D/aaa ( 7639): LedStatusService onStartCommand begin
03-19 11:16:58.659 D/bbb ( 1203): onStartCommand begin !!!!!!! data分区剩余 24948MB
03-19 11:16:58.660 D/aaa ( 7639): topPkg is -------------- :com.dangbei.haqusetting
03-19 11:16:59.209 D/hdmi-cec( 261): receive invalid cec message!
03-19 11:16:59.210 D/hdmi-cec( 261): receive poll message [04], skip!
03-19 11:16:59.412 I/BLEAudioDrive_HV410( 248): select timeout!
03-19 11:16:59.582 W/IorapForwardingService( 487): No service published for: iorapd
03-19 11:17:00.175 E/WifiHAL ( 663): wifi_get_link_stats: requestResponse Error:-5
03-19 11:17:00.177 E/WifiVendorHal( 487): getWifiLinkLayerStats_1_5_Internal(l.1191) failed {.code = ERROR_INVALID_ARGS, .description = }
03-19 11:17:00.585 W/IorapForwardingService( 487): No service published for: iorapd
03-19 11:17:01.170 W/hdr10p_Configure( 363): 128 callbacks suppressed
03-19 11:17:01.170 I/ ( 363): DVI mode selected: packets not configured
03-19 11:17:01.170 W/set_vsif_config( 363): 128 callbacks suppressed
03-19 11:17:01.170 I/ ( 363): Error: set vsif failed
03-19 11:17:01.170 I/ ( 363): DVI mode selected: packets not configured
03-19 11:17:01.170 I/ ( 363): Error: set vsif failed
03-19 11:17:01.196 I/ ( 363): DVI mode selected: packets not configured
03-19 11:17:01.196 I/ ( 363): Error: set vsif failed
03-19 11:17:01.196 I/ ( 363): DVI mode selected: packets not configured
03-19 11:17:01.196 I/ ( 363): Error: set vsif failed
03-19 11:17:01.220 I/ ( 363): DVI mode selected: packets not configured
03-19 11:17:01.220 I/ ( 363): Error: set vsif failed
03-19 11:17:01.220 I/ ( 363): DVI mode selected: packets not configured
03-19 11:17:01.220 I/ ( 363): Error: set vsif failed
03-19 11:17:01.245 I/ ( 363): DVI mode selected: packets not configured
03-19 11:17:01.245 I/ ( 363): Error: set vsif failed
03-19 11:17:01.245 I/ ( 363): DVI mode selected: packets not configured
03-19 11:17:01.245 I/ ( 363): Error: set vsif failed
03-19 11:17:01.259 I/ ( 363): DVI mode selected: packets not configured
03-19 11:17:01.259 I/ ( 363): Error: set vsif failed
03-19 11:17:01.260 I/ ( 363): DVI mode selected: packets not configured
03-19 11:17:01.260 I/ ( 363): Error: set vsif failed
03-19 11:17:01.327 I/logd ( 188): logdr: UID=2000 GID=2000 PID=12422 b tail=0 logMask=99 pid=0 start=0ns deadline=0ns
03-19 11:17:01.587 W/IorapForwardingService( 487): No service published for: iorapd
03-19 11:17:01.596 I/cling--ap-5( 3238): type=1400 audit(0.0:1977): avc: denied { read } for name="address" dev="sysfs" ino=16905 scontext=u:r:platform_app:s0:c512,c768 tcontext=u:object_r:sysfs_net:s0 tclass=file permissive=1 app=com.dangbei.screencast
03-19 11:17:01.596 I/cling--ap-5( 3238): type=1400 audit(0.0:1978): avc: denied { open } for path="/sys/devices/virtual/net/dummy0/address" dev="sysfs" ino=16905 scontext=u:r:platform_app:s0:c512,c768 tcontext=u:object_r:sysfs_net:s0 tclass=file permissive=1 app=com.dangbei.screencast
03-19 11:17:01.596 I/cling--ap-5( 3238): type=1400 audit(0.0:1979): avc: denied { getattr } for path="/sys/devices/virtual/net/dummy0/address" dev="sysfs" ino=16905 scontext=u:r:platform_app:s0:c512,c768 tcontext=u:object_r:sysfs_net:s0 tclass=file permissive=1 app=com.dangbei.screencast
03-19 11:17:02.589 W/IorapForwardingService( 487): No service published for: iorapd
03-19 11:17:03.191 E/WifiHAL ( 663): wifi_get_link_stats: requestResponse Error:-5
03-19 11:17:03.193 E/WifiVendorHal( 487): getWifiLinkLayerStats_1_5_Internal(l.1191) failed {.code = ERROR_INVALID_ARGS, .description = }
03-19 11:17:03.591 W/IorapForwardingService( 487): No service published for: iorapd
03-19 11:17:04.594 W/IorapForwardingService( 487): No service published for: iorapd
03-19 11:17:05.596 W/IorapForwardingService( 487): No service published for: iorapd
03-19 11:17:06.203 E/WifiHAL ( 663): wifi_get_link_stats: requestResponse Error:-5
03-19 11:17:06.204 E/WifiVendorHal( 487): getWifiLinkLayerStats_1_5_Internal(l.1191) failed {.code = ERROR_INVALID_ARGS, .description = }
03-19 11:17:06.599 W/IorapForwardingService( 487): No service published for: iorapd
03-19 11:17:06.701 D/bbb ( 1203): onStartCommand begin !!!!!!! data分区剩余 24948MB
03-19 11:17:06.703 D/aaa ( 7639): LedStatusService onStartCommand begin
03-19 11:17:06.707 D/aaa ( 7639): topPkg is -------------- :com.dangbei.haqusetting
03-19 11:17:07.173 W/hdr10p_Configure( 363): 126 callbacks suppressed
03-19 11:17:07.174 I/ ( 363): DVI mode selected: packets not configured
03-19 11:17:07.174 W/set_vsif_config( 363): 126 callbacks suppressed
03-19 11:17:07.174 I/ ( 363): Error: set vsif failed
03-19 11:17:07.174 I/ ( 363): DVI mode selected: packets not configured
03-19 11:17:07.174 I/ ( 363): Error: set vsif failed
03-19 11:17:07.200 I/ ( 363): DVI mode selected: packets not configured
03-19 11:17:07.200 I/ ( 363): Error: set vsif failed
03-19 11:17:07.200 I/ ( 363): DVI mode selected: packets not configured
03-19 11:17:07.200 I/ ( 363): Error: set vsif failed
03-19 11:17:07.224 I/ ( 363): DVI mode selected: packets not configured
03-19 11:17:07.224 I/ ( 363): Error: set vsif failed
03-19 11:17:07.224 I/ ( 363): DVI mode selected: packets not configured
03-19 11:17:07.224 I/ ( 363): Error: set vsif failed
03-19 11:17:07.249 I/ ( 363): DVI mode selected: packets not configured
03-19 11:17:07.249 I/ ( 363): Error: set vsif failed
03-19 11:17:07.249 I/ ( 363): DVI mode selected: packets not configured
03-19 11:17:07.249 I/ ( 363): Error: set vsif failed
03-19 11:17:07.260 I/ ( 363): DVI mode selected: packets not configured
03-19 11:17:07.260 I/ ( 363): Error: set vsif failed
03-19 11:17:07.260 I/ ( 363): DVI mode selected: packets not configured
03-19 11:17:07.260 I/ ( 363): Error: set vsif failed
03-19 11:17:07.601 W/IorapForwardingService( 487): No service published for: iorapd
03-19 11:17:08.188 W/bt_btm ( 672): system/bt/main/bte_logmsg.cc:194 LogMsg: btm_sec_pairing_timeout not processed state: IDLE
03-19 11:17:08.603 W/IorapForwardingService( 487): No service published for: iorapd
03-19 11:17:09.215 E/WifiHAL ( 663): wifi_get_link_stats: requestResponse Error:-5
03-19 11:17:09.217 E/WifiVendorHal( 487): getWifiLinkLayerStats_1_5_Internal(l.1191) failed {.code = ERROR_INVALID_ARGS, .description = }
03-19 11:17:09.423 I/BLEAudioDrive_HV410( 248): select timeout!
03-19 11:17:09.606 W/IorapForwardingService( 487): No service published for: iorapd
03-19 11:17:10.609 W/IorapForwardingService( 487): No service published for: iorapd
03-19 11:17:10.711 W/ZramWriteback( 487): Writeback device is not set
03-19 11:17:10.711 D/ZramWriteback( 487): wait to flush
03-19 11:17:11.611 W/IorapForwardingService( 487): No service published for: iorapd
03-19 11:17:12.230 E/WifiHAL ( 663): wifi_get_link_stats: requestResponse Error:-5
03-19 11:17:12.231 E/WifiVendorHal( 487): getWifiLinkLayerStats_1_5_Internal(l.1191) failed {.code = ERROR_INVALID_ARGS, .description = }
03-19 11:17:12.613 W/IorapForwardingService( 487): No service published for: iorapd
03-19 11:17:13.189 W/hdr10p_Configure( 363): 122 callbacks suppressed
03-19 11:17:13.189 I/ ( 363): DVI mode selected: packets not configured
03-19 11:17:13.189 W/set_vsif_config( 363): 122 callbacks suppressed
03-19 11:17:13.189 I/ ( 363): Error: set vsif failed
03-19 11:17:13.190 I/ ( 363): DVI mode selected: packets not configured
03-19 11:17:13.190 I/ ( 363): Error: set vsif failed
03-19 11:17:13.215 I/ ( 363): DVI mode selected: packets not configured
03-19 11:17:13.215 I/ ( 363): Error: set vsif failed
03-19 11:17:13.215 I/ ( 363): DVI mode selected: packets not configured
03-19 11:17:13.215 I/ ( 363): Error: set vsif failed
03-19 11:17:13.239 I/ ( 363): DVI mode selected: packets not configured
03-19 11:17:13.239 I/ ( 363): Error: set vsif failed
03-19 11:17:13.240 I/ ( 363): DVI mode selected: packets not configured
03-19 11:17:13.240 I/ ( 363): Error: set vsif failed
03-19 11:17:13.265 I/ ( 363): DVI mode selected: packets not configured
03-19 11:17:13.265 I/ ( 363): Error: set vsif failed
03-19 11:17:13.265 I/ ( 363): DVI mode selected: packets not configured
03-19 11:17:13.265 I/ ( 363): Error: set vsif failed
03-19 11:17:13.276 I/ ( 363): DVI mode selected: packets not configured
03-19 11:17:13.276 I/ ( 363): Error: set vsif failed
03-19 11:17:13.276 I/ ( 363): DVI mode selected: packets not configured
03-19 11:17:13.276 I/ ( 363): Error: set vsif failed
03-19 11:17:13.456 I/ModuleDataForwa( 3238): type=1400 audit(0.0:1980): avc: denied { lock } for path="/data/user/0/com.dangbei.screencast/files/TD__Env_Synchronous_Lock__" dev="mmcblk0p25" ino=2692 scontext=u:r:platform_app:s0:c512,c768 tcontext=u:object_r:app_data_file:s0:c512,c768 tclass=file permissive=1 app=com.dangbei.screencast
03-19 11:17:13.615 W/IorapForwardingService( 487): No service published for: iorapd
03-19 11:17:14.233 D/hdmi-cec( 261): receive invalid cec message!
03-19 11:17:14.233 D/hdmi-cec( 261): receive poll message [04], skip!
03-19 11:17:14.618 W/IorapForwardingService( 487): No service published for: iorapd
03-19 11:17:14.743 D/aaa ( 7639): LedStatusService onStartCommand begin
03-19 11:17:14.745 D/aaa ( 7639): topPkg is -------------- :com.dangbei.haqusetting
03-19 11:17:14.747 D/bbb ( 1203): onStartCommand begin !!!!!!! data分区剩余 24948MB
03-19 11:17:15.243 E/WifiHAL ( 663): wifi_get_link_stats: requestResponse Error:-5
03-19 11:17:15.244 E/WifiVendorHal( 487): getWifiLinkLayerStats_1_5_Internal(l.1191) failed {.code = ERROR_INVALID_ARGS, .description = }
03-19 11:17:15.620 W/IorapForwardingService( 487): No service published for: iorapd
03-19 11:17:16.623 W/IorapForwardingService( 487): No service published for: iorapd
03-19 11:17:16.793 I/gbei.screencas( 3238): Background concurrent copying GC freed 45543(5481KB) AllocSpace objects, 0(0B) LOS objects, 49% free, 6062KB/11MB, paused 158us total 163.739ms
03-19 11:17:17.625 W/IorapForwardingService( 487): No service published for: iorapd
03-19 11:17:18.253 W/hdr10p_Configure( 363): 130 callbacks suppressed
03-19 11:17:18.253 I/ ( 363): DVI mode selected: packets not configured
03-19 11:17:18.253 W/set_vsif_config( 363): 130 callbacks suppressed
03-19 11:17:18.253 I/ ( 363): Error: set vsif failed
03-19 11:17:18.253 I/ ( 363): DVI mode selected: packets not configured
03-19 11:17:18.253 I/ ( 363): Error: set vsif failed
03-19 11:17:18.256 E/WifiHAL ( 663): wifi_get_link_stats: requestResponse Error:-5
03-19 11:17:18.258 E/WifiVendorHal( 487): getWifiLinkLayerStats_1_5_Internal(l.1191) failed {.code = ERROR_INVALID_ARGS, .description = }
03-19 11:17:18.627 W/IorapForwardingService( 487): No service published for: iorapd
03-19 11:17:19.186 I/ ( 363): DVI mode selected: packets not configured
03-19 11:17:19.186 I/ ( 363): Error: set vsif failed
03-19 11:17:19.186 I/ ( 363): DVI mode selected: packets not configured
03-19 11:17:19.186 I/ ( 363): Error: set vsif failed
03-19 11:17:19.212 I/ ( 363): DVI mode selected: packets not configured
03-19 11:17:19.212 I/ ( 363): Error: set vsif failed
03-19 11:17:19.212 I/ ( 363): DVI mode selected: packets not configured
03-19 11:17:19.212 I/ ( 363): Error: set vsif failed
03-19 11:17:19.238 I/ ( 363): DVI mode selected: packets not configured
03-19 11:17:19.238 I/ ( 363): Error: set vsif failed
03-19 11:17:19.238 I/ ( 363): DVI mode selected: packets not configured
03-19 11:17:19.238 I/ ( 363): Error: set vsif failed
03-19 11:17:19.262 I/ ( 363): DVI mode selected: packets not configured
03-19 11:17:19.262 I/ ( 363): Error: set vsif failed
03-19 11:17:19.262 I/ ( 363): DVI mode selected: packets not configured
03-19 11:17:19.262 I/ ( 363): Error: set vsif failed
03-19 11:17:19.433 I/BLEAudioDrive_HV410( 248): select timeout!
03-19 11:17:19.629 W/IorapForwardingService( 487): No service published for: iorapd
03-19 11:17:20.631 W/IorapForwardingService( 487): No service published for: iorapd
03-19 11:17:21.268 E/WifiHAL ( 663): wifi_get_link_stats: requestResponse Error:-5
03-19 11:17:21.269 E/WifiVendorHal( 487): getWifiLinkLayerStats_1_5_Internal(l.1191) failed {.code = ERROR_INVALID_ARGS, .description = }
03-19 11:17:21.634 W/IorapForwardingService( 487): No service published for: iorapd
03-19 11:17:22.636 W/IorapForwardingService( 487): No service published for: iorapd
03-19 11:17:22.800 D/bbb ( 1203): onStartCommand begin !!!!!!! data分区剩余 24948MB
03-19 11:17:22.806 D/aaa ( 7639): LedStatusService onStartCommand begin
03-19 11:17:22.811 D/aaa ( 7639): topPkg is -------------- :com.dangbei.haqusetting
03-19 11:17:23.640 W/IorapForwardingService( 487): No service published for: iorapd
03-19 11:17:23.857 I/WifiService( 487): startScan uid=1000
03-19 11:17:23.860 E/ccc ( 2949): cccccc i will start scan
03-19 11:17:24.283 E/WifiHAL ( 663): wifi_get_link_stats: requestResponse Error:-5
03-19 11:17:24.284 E/WifiVendorHal( 487): getWifiLinkLayerStats_1_5_Internal(l.1191) failed {.code = ERROR_INVALID_ARGS, .description = }
03-19 11:17:24.642 W/IorapForwardingService( 487): No service published for: iorapd
03-19 11:17:25.202 W/hdr10p_Configure( 363): 134 callbacks suppressed
03-19 11:17:25.202 I/ ( 363): DVI mode selected: packets not configured
03-19 11:17:25.202 W/set_vsif_config( 363): 134 callbacks suppressed
03-19 11:17:25.202 I/ ( 363): Error: set vsif failed
03-19 11:17:25.202 I/ ( 363): DVI mode selected: packets not configured
03-19 11:17:25.202 I/ ( 363): Error: set vsif failed
03-19 11:17:25.228 I/ ( 363): DVI mode selected: packets not configured
03-19 11:17:25.228 I/ ( 363): Error: set vsif failed
03-19 11:17:25.228 I/ ( 363): DVI mode selected: packets not configured
03-19 11:17:25.228 I/ ( 363): Error: set vsif failed
03-19 11:17:25.253 I/ ( 363): DVI mode selected: packets not configured
03-19 11:17:25.253 I/ ( 363): Error: set vsif failed
03-19 11:17:25.253 I/ ( 363): DVI mode selected: packets not configured
03-19 11:17:25.253 I/ ( 363): Error: set vsif failed
03-19 11:17:25.277 I/ ( 363): DVI mode selected: packets not configured
03-19 11:17:25.277 I/ ( 363): Error: set vsif failed
03-19 11:17:25.278 I/ ( 363): DVI mode selected: packets not configured
03-19 11:17:25.278 I/ ( 363): Error: set vsif failed
03-19 11:17:25.293 I/ ( 363): DVI mode selected: packets not configured
03-19 11:17:25.293 I/ ( 363): Error: set vsif failed
03-19 11:17:25.293 I/ ( 363): DVI mode selected: packets not configured
03-19 11:17:25.293 I/ ( 363): Error: set vsif failed
03-19 11:17:25.610 D/WifiNl80211Manager( 487): Scan result ready event
03-19 11:17:25.610 D/WifiNative( 487): Scan result ready event
03-19 11:17:25.646 W/IorapForwardingService( 487): No service published for: iorapd
03-19 11:17:25.659 W/IE_Capabilities( 487): Unknown RSN cipher suite: 6ac0f00
03-19 11:17:25.711 E/ccc ( 2949): cccccc SCAN_RESULTS_AVAILABLE_ACTION hhhh
03-19 11:17:25.721 D/PasspointManager( 487): ANQP entry not found for: f8:14:fe:4f:93:01:
03-19 11:17:25.726 E/hq ( 1119): NetWorkStateReceiver:::NetWorkStateReceiver onReceive: 网络变化广播 >>>> intent.action=android.net.wifi.SCAN_RESULTS
03-19 11:17:25.726 E/WifiHAL ( 663): wifi_get_link_stats: requestResponse Error:-5
03-19 11:17:25.728 E/WifiVendorHal( 487): getWifiLinkLayerStats_1_5_Internal(l.1191) failed {.code = ERROR_INVALID_ARGS, .description = }
03-19 11:17:25.748 W/eventbuscore( 1119): post Event:com.dangbei.leard.base.entity.event.NetWifiRssiEvent
03-19 11:17:25.760 E/ccc ( 2949): cccccc result is not empty call back
03-19 11:17:25.761 E/ccc ( 2949): cccccc 666666666666666
03-19 11:17:25.775 E/ccc ( 2949): cccccc sort 2 63
03-19 11:17:26.650 W/IorapForwardingService( 487): No service published for: iorapd
03-19 11:17:27.295 E/WifiHAL ( 663): wifi_get_link_stats: requestResponse Error:-5
03-19 11:17:27.297 E/WifiVendorHal( 487): getWifiLinkLayerStats_1_5_Internal(l.1191) failed {.code = ERROR_INVALID_ARGS, .description = }
03-19 11:17:27.652 W/IorapForwardingService( 487): No service published for: iorapd
03-19 11:17:28.655 W/IorapForwardingService( 487): No service published for: iorapd
03-19 11:17:29.259 D/hdmi-cec( 261): receive invalid cec message!
03-19 11:17:29.259 D/hdmi-cec( 261): receive poll message [04], skip!
03-19 11:17:29.437 I/BLEAudioDrive_HV410( 248): select timeout!
03-19 11:17:29.657 W/IorapForwardingService( 487): No service published for: iorapd
03-19 11:17:30.311 E/WifiHAL ( 663): wifi_get_link_stats: requestResponse Error:-5
03-19 11:17:30.313 E/WifiVendorHal( 487): getWifiLinkLayerStats_1_5_Internal(l.1191) failed {.code = ERROR_INVALID_ARGS, .description = }
03-19 11:17:30.658 W/IorapForwardingService( 487): No service published for: iorapd
03-19 11:17:30.840 D/aaa ( 7639): LedStatusService onStartCommand begin
03-19 11:17:30.842 D/aaa ( 7639): topPkg is -------------- :com.dangbei.haqusetting
03-19 11:17:30.843 D/bbb ( 1203): onStartCommand begin !!!!!!! data分区剩余 24948MB
03-19 11:17:31.223 W/hdr10p_Configure( 363): 120 callbacks suppressed
03-19 11:17:31.223 I/ ( 363): DVI mode selected: packets not configured
03-19 11:17:31.223 W/set_vsif_config( 363): 120 callbacks suppressed
03-19 11:17:31.223 I/ ( 363): Error: set vsif failed
03-19 11:17:31.223 I/ ( 363): DVI mode selected: packets not configured
03-19 11:17:31.223 I/ ( 363): Error: set vsif failed
03-19 11:17:31.249 I/ ( 363): DVI mode selected: packets not configured
03-19 11:17:31.249 I/ ( 363): Error: set vsif failed
03-19 11:17:31.249 I/ ( 363): DVI mode selected: packets not configured
03-19 11:17:31.249 I/ ( 363): Error: set vsif failed
03-19 11:17:31.274 I/ ( 363): DVI mode selected: packets not configured
03-19 11:17:31.274 I/ ( 363): Error: set vsif failed
03-19 11:17:31.274 I/ ( 363): DVI mode selected: packets not configured
03-19 11:17:31.274 I/ ( 363): Error: set vsif failed
03-19 11:17:31.299 I/ ( 363): DVI mode selected: packets not configured
03-19 11:17:31.299 I/ ( 363): Error: set vsif failed
03-19 11:17:31.299 I/ ( 363): DVI mode selected: packets not configured
03-19 11:17:31.299 I/ ( 363): Error: set vsif failed
03-19 11:17:31.309 I/ ( 363): DVI mode selected: packets not configured
03-19 11:17:31.309 I/ ( 363): Error: set vsif failed
03-19 11:17:31.309 I/ ( 363): DVI mode selected: packets not configured
03-19 11:17:31.309 I/ ( 363): Error: set vsif failed
03-19 11:17:31.660 W/IorapForwardingService( 487): No service published for: iorapd
03-19 11:17:32.661 W/IorapForwardingService( 487): No service published for: iorapd
03-19 11:17:33.325 E/WifiHAL ( 663): wifi_get_link_stats: requestResponse Error:-5
03-19 11:17:33.326 E/WifiVendorHal( 487): getWifiLinkLayerStats_1_5_Internal(l.1191) failed {.code = ERROR_INVALID_ARGS, .description = }
03-19 11:17:33.663 W/IorapForwardingService( 487): No service published for: iorapd
03-19 11:17:34.664 W/IorapForwardingService( 487): No service published for: iorapd
03-19 11:17:35.666 W/IorapForwardingService( 487): No service published for: iorapd
03-19 11:17:36.337 E/WifiHAL ( 663): wifi_get_link_stats: requestResponse Error:-5
03-19 11:17:36.338 E/WifiVendorHal( 487): getWifiLinkLayerStats_1_5_Internal(l.1191) failed {.code = ERROR_INVALID_ARGS, .description = }
03-19 11:17:36.526 E/sunxi-i2c5(11028): engine-mode: xfer timeout(dev addr:0x36)
03-19 11:17:36.536 E/ ( 0): [ C0] sunxi-i2c sunxi-i2c5: Bus error
03-19 11:17:36.668 W/IorapForwardingService( 487): No service published for: iorapd
03-19 11:17:37.240 W/hdr10p_Configure( 363): 130 callbacks suppressed
03-19 11:17:37.240 I/ ( 363): DVI mode selected: packets not configured
03-19 11:17:37.240 W/set_vsif_config( 363): 130 callbacks suppressed
03-19 11:17:37.240 I/ ( 363): Error: set vsif failed
03-19 11:17:37.240 I/ ( 363): DVI mode selected: packets not configured
03-19 11:17:37.240 I/ ( 363): Error: set vsif failed
03-19 11:17:37.265 I/ ( 363): DVI mode selected: packets not configured
03-19 11:17:37.265 I/ ( 363): Error: set vsif failed
03-19 11:17:37.265 I/ ( 363): DVI mode selected: packets not configured
03-19 11:17:37.265 I/ ( 363): Error: set vsif failed
03-19 11:17:37.290 I/ ( 363): DVI mode selected: packets not configured
03-19 11:17:37.290 I/ ( 363): Error: set vsif failed
03-19 11:17:37.290 I/ ( 363): DVI mode selected: packets not configured
03-19 11:17:37.290 I/ ( 363): Error: set vsif failed
03-19 11:17:37.314 I/ ( 363): DVI mode selected: packets not configured
03-19 11:17:37.314 I/ ( 363): Error: set vsif failed
03-19 11:17:37.314 I/ ( 363): DVI mode selected: packets not configured
03-19 11:17:37.314 I/ ( 363): Error: set vsif failed
03-19 11:17:37.327 I/ ( 363): DVI mode selected: packets not configured
03-19 11:17:37.327 I/ ( 363): Error: set vsif failed
03-19 11:17:37.327 I/ ( 363): DVI mode selected: packets not configured
03-19 11:17:37.327 I/ ( 363): Error: set vsif failed
03-19 11:17:37.670 W/IorapForwardingService( 487): No service published for: iorapd
03-19 11:17:38.673 W/IorapForwardingService( 487): No service published for: iorapd
03-19 11:17:38.865 D/aaa ( 7639): LedStatusService onStartCommand begin
03-19 11:17:38.867 D/aaa ( 7639): topPkg is -------------- :com.dangbei.haqusetting
03-19 11:17:38.868 D/bbb ( 1203): onStartCommand begin !!!!!!! data分区剩余 24948MB
03-19 11:17:39.348 E/WifiHAL ( 663): wifi_get_link_stats: requestResponse Error:-5
03-19 11:17:39.350 E/WifiVendorHal( 487): getWifiLinkLayerStats_1_5_Internal(l.1191) failed {.code = ERROR_INVALID_ARGS, .description = }
03-19 11:17:39.447 I/BLEAudioDrive_HV410( 248): select timeout!
03-19 11:17:39.675 W/IorapForwardingService( 487): No service published for: iorapd
03-19 11:17:40.678 W/IorapForwardingService( 487): No service published for: iorapd
03-19 11:17:40.713 W/ZramWriteback( 487): Writeback device is not set
03-19 11:17:40.713 D/ZramWriteback( 487): wait to flush
03-19 11:17:41.680 W/IorapForwardingService( 487): No service published for: iorapd
03-19 11:17:42.361 E/WifiHAL ( 663): wifi_get_link_stats: requestResponse Error:-5
03-19 11:17:42.363 E/WifiVendorHal( 487): getWifiLinkLayerStats_1_5_Internal(l.1191) failed {.code = ERROR_INVALID_ARGS, .description = }
03-19 11:17:42.683 W/IorapForwardingService( 487): No service published for: iorapd
03-19 11:17:43.245 W/hdr10p_Configure( 363): 128 callbacks suppressed
03-19 11:17:43.245 I/ ( 363): DVI mode selected: packets not configured
03-19 11:17:43.245 W/set_vsif_config( 363): 128 callbacks suppressed
03-19 11:17:43.245 I/ ( 363): Error: set vsif failed
03-19 11:17:43.245 I/ ( 363): DVI mode selected: packets not configured
03-19 11:17:43.245 I/ ( 363): Error: set vsif failed
03-19 11:17:43.271 I/ ( 363): DVI mode selected: packets not configured
03-19 11:17:43.271 I/ ( 363): Error: set vsif failed
03-19 11:17:43.271 I/ ( 363): DVI mode selected: packets not configured
03-19 11:17:43.271 I/ ( 363): Error: set vsif failed
03-19 11:17:43.295 I/ ( 363): DVI mode selected: packets not configured
03-19 11:17:43.295 I/ ( 363): Error: set vsif failed
03-19 11:17:43.296 I/ ( 363): DVI mode selected: packets not configured
03-19 11:17:43.296 I/ ( 363): Error: set vsif failed
03-19 11:17:43.320 I/ ( 363): DVI mode selected: packets not configured
03-19 11:17:43.321 I/ ( 363): Error: set vsif failed
03-19 11:17:43.321 I/ ( 363): DVI mode selected: packets not configured
03-19 11:17:43.321 I/ ( 363): Error: set vsif failed
03-19 11:17:43.343 I/ ( 363): DVI mode selected: packets not configured
03-19 11:17:43.343 I/ ( 363): Error: set vsif failed
03-19 11:17:43.343 I/ ( 363): DVI mode selected: packets not configured
03-19 11:17:43.343 I/ ( 363): Error: set vsif failed
03-19 11:17:43.686 W/IorapForwardingService( 487): No service published for: iorapd
03-19 11:17:44.282 D/hdmi-cec( 261): receive invalid cec message!
03-19 11:17:44.282 D/hdmi-cec( 261): receive poll message [04], skip!
03-19 11:17:44.689 W/IorapForwardingService( 487): No service published for: iorapd
03-19 11:17:45.375 E/WifiHAL ( 663): wifi_get_link_stats: requestResponse Error:-5
03-19 11:17:45.377 E/WifiVendorHal( 487): getWifiLinkLayerStats_1_5_Internal(l.1191) failed {.code = ERROR_INVALID_ARGS, .description = }
03-19 11:17:45.692 W/IorapForwardingService( 487): No service published for: iorapd
03-19 11:17:46.693 W/IorapForwardingService( 487): No service published for: iorapd
03-19 11:17:46.909 D/aaa ( 7639): LedStatusService onStartCommand begin
03-19 11:17:46.911 D/bbb ( 1203): onStartCommand begin !!!!!!! data分区剩余 24948MB
03-19 11:17:46.911 D/aaa ( 7639): topPkg is -------------- :com.dangbei.haqusetting
03-19 11:17:47.696 W/IorapForwardingService( 487): No service published for: iorapd
03-19 11:17:48.391 E/WifiHAL ( 663): wifi_get_link_stats: requestResponse Error:-5
03-19 11:17:48.393 E/WifiVendorHal( 487): getWifiLinkLayerStats_1_5_Internal(l.1191) failed {.code = ERROR_INVALID_ARGS, .description = }
03-19 11:17:48.698 W/IorapForwardingService( 487): No service published for: iorapd
03-19 11:17:49.260 W/hdr10p_Configure( 363): 124 callbacks suppressed
03-19 11:17:49.260 I/ ( 363): DVI mode selected: packets not configured
03-19 11:17:49.260 W/set_vsif_config( 363): 124 callbacks suppressed
03-19 11:17:49.260 I/ ( 363): Error: set vsif failed
03-19 11:17:49.260 I/ ( 363): DVI mode selected: packets not configured
03-19 11:17:49.260 I/ ( 363): Error: set vsif failed
03-19 11:17:49.286 I/ ( 363): DVI mode selected: packets not configured
03-19 11:17:49.286 I/ ( 363): Error: set vsif failed
03-19 11:17:49.286 I/ ( 363): DVI mode selected: packets not configured
03-19 11:17:49.286 I/ ( 363): Error: set vsif failed
03-19 11:17:49.311 I/ ( 363): DVI mode selected: packets not configured
03-19 11:17:49.311 I/ ( 363): Error: set vsif failed
03-19 11:17:49.311 I/ ( 363): DVI mode selected: packets not configured
03-19 11:17:49.311 I/ ( 363): Error: set vsif failed
03-19 11:17:49.335 I/ ( 363): DVI mode selected: packets not configured
03-19 11:17:49.335 I/ ( 363): Error: set vsif failed
03-19 11:17:49.335 I/ ( 363): DVI mode selected: packets not configured
03-19 11:17:49.335 I/ ( 363): Error: set vsif failed
03-19 11:17:49.343 I/ ( 363): DVI mode selected: packets not configured
03-19 11:17:49.343 I/ ( 363): Error: set vsif failed
03-19 11:17:49.343 I/ ( 363): DVI mode selected: packets not configured
03-19 11:17:49.343 I/ ( 363): Error: set vsif failed
03-19 11:17:49.456 I/BLEAudioDrive_HV410( 248): select timeout!
03-19 11:17:49.701 W/IorapForwardingService( 487): No service published for: iorapd
