03-19 11:18:31.628 I/bt_stack( 672): [INFO:gatt_api.cc(708)] GATTC_Discover conn_id=0x0003, disc_type=5, s_handle=0x000d, e_handle=0x000d
03-19 11:18:31.650 I/bt_stack( 672): [INFO:gatt_api.cc(708)] GATTC_Discover conn_id=0x0003, disc_type=3, s_handle=0x000e, e_handle=0x0011
03-19 11:18:31.683 I/bt_stack( 672): [INFO:gatt_api.cc(708)] GATTC_Discover conn_id=0x0003, disc_type=4, s_handle=0x000e, e_handle=0x0011
03-19 11:18:31.728 I/bt_stack( 672): [INFO:gatt_api.cc(708)] GATTC_Discover conn_id=0x0003, disc_type=5, s_handle=0x0011, e_handle=0x0011
03-19 11:18:31.752 I/bt_stack( 672): [INFO:gatt_api.cc(708)] GATTC_Discover conn_id=0x0003, disc_type=3, s_handle=0x0012, e_handle=0x001e
03-19 11:18:31.760 I/gbei.screencas( 3238): Background concurrent copying GC freed 55696(6136KB) AllocSpace objects, 0(0B) LOS objects, 49% free, 5896KB/11MB, paused 187us total 171.784ms
03-19 11:18:31.773 I/bt_stack( 672): [INFO:gatt_api.cc(708)] GATTC_Discover conn_id=0x0003, disc_type=4, s_handle=0x0012, e_handle=0x001e
03-19 11:18:31.792 W/IorapForwardingService( 487): No service published for: iorapd
03-19 11:18:31.863 I/bt_stack( 672): [INFO:gatt_api.cc(708)] GATTC_Discover conn_id=0x0003, disc_type=3, s_handle=0x001f, e_handle=0x0042
03-19 11:18:31.886 I/bt_stack( 672): [INFO:gatt_api.cc(708)] GATTC_Discover conn_id=0x0003, disc_type=4, s_handle=0x001f, e_handle=0x0042
03-19 11:18:32.044 I/bt_stack( 672): [INFO:gatt_api.cc(708)] GATTC_Discover conn_id=0x0003, disc_type=5, s_handle=0x0024, e_handle=0x0024
03-19 11:18:32.066 I/bt_stack( 672): [INFO:gatt_api.cc(708)] GATTC_Discover conn_id=0x0003, disc_type=5, s_handle=0x0029, e_handle=0x0029
03-19 11:18:32.089 I/bt_stack( 672): [INFO:gatt_api.cc(708)] GATTC_Discover conn_id=0x0003, disc_type=5, s_handle=0x002e, e_handle=0x002e
03-19 11:18:32.111 I/bt_stack( 672): [INFO:gatt_api.cc(708)] GATTC_Discover conn_id=0x0003, disc_type=5, s_handle=0x0031, e_handle=0x0032
03-19 11:18:32.134 I/bt_stack( 672): [INFO:gatt_api.cc(708)] GATTC_Discover conn_id=0x0003, disc_type=5, s_handle=0x0035, e_handle=0x0036
03-19 11:18:32.156 I/bt_stack( 672): [INFO:gatt_api.cc(708)] GATTC_Discover conn_id=0x0003, disc_type=5, s_handle=0x0039, e_handle=0x003a
03-19 11:18:32.186 I/bt_stack( 672): [INFO:gatt_api.cc(708)] GATTC_Discover conn_id=0x0003, disc_type=5, s_handle=0x003d, e_handle=0x003d
03-19 11:18:32.201 I/bt_stack( 672): [INFO:gatt_api.cc(708)] GATTC_Discover conn_id=0x0003, disc_type=5, s_handle=0x0040, e_handle=0x0040
03-19 11:18:32.216 I/bt_stack( 672): [INFO:gatt_api.cc(708)] GATTC_Discover conn_id=0x0003, disc_type=3, s_handle=0x0043, e_handle=0x0051
03-19 11:18:32.231 I/bt_stack( 672): [INFO:gatt_api.cc(708)] GATTC_Discover conn_id=0x0003, disc_type=4, s_handle=0x0043, e_handle=0x0051
03-19 11:18:32.232 I/efs-base( 3238): type=1400 audit(0.0:1996): avc: denied { search } for name="com.dangbei.screencast" dev="mmcblk0p25" ino=893 scontext=u:r:platform_app:s0:c512,c768 tcontext=u:object_r:app_data_file:s0:c512,c768 tclass=dir permissive=1 app=com.dangbei.screencast
03-19 11:18:32.232 I/efs-base( 3238): type=1400 audit(0.0:1997): avc: denied { getattr } for path="/data/user/0/com.dangbei.screencast/app_UApm/5fc60c21094d637f3130af19/ready" dev="mmcblk0p25" ino=2095 scontext=u:r:platform_app:s0:c512,c768 tcontext=u:object_r:app_data_file:s0:c512,c768 tclass=dir permissive=1 app=com.dangbei.screencast
03-19 11:18:32.232 I/efs-base( 3238): type=1400 audit(0.0:1998): avc: denied { read } for name="ready" dev="mmcblk0p25" ino=2095 scontext=u:r:platform_app:s0:c512,c768 tcontext=u:object_r:app_data_file:s0:c512,c768 tclass=dir permissive=1 app=com.dangbei.screencast
03-19 11:18:32.232 I/efs-base( 3238): type=1400 audit(0.0:1999): avc: denied { open } for path="/data/user/0/com.dangbei.screencast/app_UApm/5fc60c21094d637f3130af19/ready" dev="mmcblk0p25" ino=2095 scontext=u:r:platform_app:s0:c512,c768 tcontext=u:object_r:app_data_file:s0:c512,c768 tclass=dir permissive=1 app=com.dangbei.screencast
03-19 11:18:32.284 I/bt_stack( 672): [INFO:hearing_aid.cc(1796)] GetDeviceCount: Not initialized yet
03-19 11:18:32.292 I/bt_stack( 672): [INFO:gatt_api.cc(708)] GATTC_Discover conn_id=0x0003, disc_type=5, s_handle=0x0046, e_handle=0x0046
03-19 11:18:32.306 I/bt_stack( 672): [INFO:gatt_api.cc(708)] GATTC_Discover conn_id=0x0003, disc_type=5, s_handle=0x0049, e_handle=0x0049
03-19 11:18:32.321 I/bt_stack( 672): [INFO:gatt_api.cc(708)] GATTC_Discover conn_id=0x0003, disc_type=5, s_handle=0x004c, e_handle=0x004c
03-19 11:18:32.336 I/bt_stack( 672): [INFO:gatt_api.cc(708)] GATTC_Discover conn_id=0x0003, disc_type=5, s_handle=0x004f, e_handle=0x004f
03-19 11:18:32.351 I/bt_stack( 672): [INFO:bta_gattc_cache.cc(219)] bta_gattc_explore_srvc_finished: service discovery finished
03-19 11:18:32.352 I/bt_bta_hh( 672): system/bt/bta/hh/bta_hh_le.cc:1367 bta_hh_le_search_hid_chars: bta_hh_le_search_hid_chars: GATT_UUID_HID_INFORMATION 00002a4a-0000-1000-8000-00805f9b34fb
03-19 11:18:32.353 I/bt_bta_hh( 672): system/bt/bta/hh/bta_hh_le.cc:1367 bta_hh_le_search_hid_chars: bta_hh_le_search_hid_chars: GATT_UUID_HID_REPORT_MAP 00002a4b-0000-1000-8000-00805f9b34fb
03-19 11:18:32.353 I/bt_bta_hh( 672): system/bt/bta/hh/bta_hh_le.cc:1367 bta_hh_le_search_hid_chars: bta_hh_le_search_hid_chars: GATT_UUID_HID_CONTROL_POINT 00002a4c-0000-1000-8000-00805f9b34fb
03-19 11:18:32.353 I/bt_bta_hh( 672): system/bt/bta/hh/bta_hh_le.cc:1367 bta_hh_le_search_hid_chars: bta_hh_le_search_hid_chars: GATT_UUID_HID_BT_KB_INPUT 00002a22-0000-1000-8000-00805f9b34fb
03-19 11:18:32.353 I/bt_bta_hh( 672): system/bt/bta/hh/bta_hh_le.cc:1367 bta_hh_le_search_hid_chars: bta_hh_le_search_hid_chars: GATT_UUID_HID_BT_KB_OUTPUT 00002a32-0000-1000-8000-00805f9b34fb
03-19 11:18:32.353 I/bt_bta_hh( 672): system/bt/bta/hh/bta_hh_le.cc:1367 bta_hh_le_search_hid_chars: bta_hh_le_search_hid_chars: GATT_UUID_HID_BT_MOUSE_INPUT 00002a33-0000-1000-8000-00805f9b34fb
03-19 11:18:32.353 I/bt_bta_hh( 672): system/bt/bta/hh/bta_hh_le.cc:1367 bta_hh_le_search_hid_chars: bta_hh_le_search_hid_chars: GATT_UUID_HID_REPORT 00002a4d-0000-1000-8000-00805f9b34fb
03-19 11:18:32.353 I/bt_bta_hh( 672): system/bt/bta/hh/bta_hh_le.cc:1367 bta_hh_le_search_hid_chars: bta_hh_le_search_hid_chars: GATT_UUID_HID_REPORT 00002a4d-0000-1000-8000-00805f9b34fb
03-19 11:18:32.353 I/bt_bta_hh( 672): system/bt/bta/hh/bta_hh_le.cc:1367 bta_hh_le_search_hid_chars: bta_hh_le_search_hid_chars: GATT_UUID_HID_REPORT 00002a4d-0000-1000-8000-00805f9b34fb
03-19 11:18:32.353 I/bt_bta_hh( 672): system/bt/bta/hh/bta_hh_le.cc:1367 bta_hh_le_search_hid_chars: bta_hh_le_search_hid_chars: GATT_UUID_HID_REPORT 00002a4d-0000-1000-8000-00805f9b34fb
03-19 11:18:32.353 I/bt_bta_hh( 672): system/bt/bta/hh/bta_hh_le.cc:1367 bta_hh_le_search_hid_chars: bta_hh_le_search_hid_chars: GATT_UUID_HID_REPORT 00002a4d-0000-1000-8000-00805f9b34fb
03-19 11:18:32.353 I/bt_bta_hh( 672): system/bt/bta/hh/bta_hh_le.cc:1367 bta_hh_le_search_hid_chars: bta_hh_le_search_hid_chars: GATT_UUID_HID_PROTO_MODE 00002a4e-0000-1000-8000-00805f9b34fb
03-19 11:18:32.353 I/bt_bta_gattc( 672): system/bt/bta/gatt/bta_gattc_cache.cc:902 bta_gattc_get_gatt_db: bta_gattc_get_gatt_db
03-19 11:18:32.354 I/bt_bta_dm( 672): system/bt/bta/dm/bta_dm_act.cc:1314 bta_dm_search_cmpl: GATT services discovered using LE Transport
03-19 11:18:32.369 I/BluetoothPhonePolicy( 672): Received ACTION_UUID for device C9:B5:96:5C:E3:ED
03-19 11:18:32.369 I/BluetoothPhonePolicy( 672): index=0uuid=00001812-0000-1000-8000-00805f9b34fb
03-19 11:18:32.369 I/BluetoothPhonePolicy( 672): processInitProfilePriorities() - device C9:B5:96:5C:E3:ED
03-19 11:18:32.370 W/HearingAidService( 672): getHearingAidService(): service is NULL
03-19 11:18:32.370 V/BluetoothDatabase( 672): getProfileConnectionPolicy: C9:B5:96:5C:E3:ED, profile=4, connectionPolicy = -1
03-19 11:18:32.370 D/BluetoothDatabase( 672): updateDatabase C9:B5:96:5C:E3:ED
03-19 11:18:32.371 D/LocalBluetoothProfileManager( 679): Current Profiles[]
03-19 11:18:32.372 D/BluetoothMap( 679): getConnectionState(C9:B5:96:5C:E3:ED)
03-19 11:18:32.373 D/BluetoothPbapService( 672): getConnectionState: C9:B5:96:5C:E3:ED
03-19 11:18:32.373 D/LocalBluetoothProfileManager( 679): New Profiles[HID]
03-19 11:18:32.374 D/CachedBluetoothDevice( 679): updating profiles for Dangbei
03-19 11:18:32.375 V/CachedBluetoothDevice( 679): Class: 1f00
03-19 11:18:32.375 V/CachedBluetoothDevice( 679): UUID:
03-19 11:18:32.375 V/CachedBluetoothDevice( 679): 00001812-0000-1000-8000-00805f9b34fb
03-19 11:18:32.377 D/CachedBluetoothDevice( 679): onUuidChanged: Time since last connect=1205
03-19 11:18:32.377 D/CachedBluetoothDevice( 679): onUuidChanged: triggering connectAllEnabledProfiles
03-19 11:18:32.378 V/BluetoothDatabase( 672): getProfileConnectionPolicy: C9:B5:96:5C:E3:ED, profile=2, connectionPolicy = -1
03-19 11:18:32.378 V/BluetoothDatabase( 672): getProfileConnectionPolicy: C9:B5:96:5C:E3:ED, profile=1, connectionPolicy = -1
03-19 11:18:32.378 V/BluetoothDatabase( 672): getProfileConnectionPolicy: C9:B5:96:5C:E3:ED, profile=4, connectionPolicy = 100
03-19 11:18:32.378 V/BluetoothDatabase( 672): getProfileConnectionPolicy: C9:B5:96:5C:E3:ED, profile=4, connectionPolicy = 100
03-19 11:18:32.378 I/BluetoothAdapterService( 672): connectEnabledProfiles: Connecting Hid Host Profile
03-19 11:18:32.378 E/BluetoothHidHostService( 672): Hid Device not disconnected: C9:B5:96:5C:E3:ED
03-19 11:18:32.381 I/bt_stack( 672): [INFO:hearing_aid.cc(1796)] GetDeviceCount: Not initialized yet
03-19 11:18:32.675 E/bt_stack( 672): [ERROR:bta_gattc_api.cc(729)] BTA_GATTC_DeregisterForNotifications registration not found bd_addr=c9:b5:96:5c:e3:ed
03-19 11:18:32.675 E/bt_stack( 672): [ERROR:bta_gattc_api.cc(729)] BTA_GATTC_DeregisterForNotifications registration not found bd_addr=c9:b5:96:5c:e3:ed
03-19 11:18:32.676 W/bt_btif ( 672): system/bt/main/bte_logmsg.cc:194 LogMsg: btif_hh_upstreams_evt: BTA_HH_OPN_EVT: handle=32, status =0
03-19 11:18:32.676 W/bt_btif ( 672): system/bt/main/bte_logmsg.cc:194 LogMsg: BTA_HH_OPEN_EVT: Found device...Getting dscp info for handle ... 32
03-19 11:18:32.676 I/bt_btif_dm( 672): system/bt/btif/src/btif_dm.cc:384 get_cod: get_cod remote_cod = 0x00001f00
03-19 11:18:32.676 I/bt_btif_dm( 672): system/bt/btif/src/btif_dm.cc:384 get_cod: get_cod remote_cod = 0x00001f00
03-19 11:18:32.677 W/bt_btif ( 672): system/bt/main/bte_logmsg.cc:194 LogMsg: btif_hh_upstreams_evt: name = Dangbei
03-19 11:18:32.677 W/bt_btif ( 672): system/bt/main/bte_logmsg.cc:194 LogMsg: bta_hh_co_send_hid_info: fd = 4, name = [Dangbei], dscp_len = 122
03-19 11:18:32.677 W/bt_btif ( 672): system/bt/main/bte_logmsg.cc:194 LogMsg: bta_hh_co_send_hid_info: vendor_id = 0x1d5a, product_id = 0xc081, version= 0x0101,ctry_code=0x00
03-19 11:18:32.677 D/BluetoothHidHostService( 672): Connection state C9:B5:96:5C:E3:ED: 1->2
03-19 11:18:32.681 D/XM_HIDREAD( 318): add@ add@/devices/virtual/misc/uhid/0005:1D5A:C081.0088
03-19 11:18:32.680 I/xiriservice_All( 323): type=1400 audit(0.0:2000): avc: denied { read } for scontext=u:r:init:s0 tcontext=u:r:init:s0 tclass=netlink_kobject_uevent_socket permissive=1
03-19 11:18:32.682 W/bt_btif ( 672): system/bt/main/bte_logmsg.cc:194 LogMsg: bta_hh_co_send_hid_info: wrote descriptor to fd = 4, dscp_len = 122, result = 0
03-19 11:18:32.682 W/bt_stack( 672): [WARNING:btif_hh.cc(403)] Added device c9:b5:96:5c:e3:ed
03-19 11:18:32.682 W/bt_btif ( 672): system/bt/main/bte_logmsg.cc:194 LogMsg: BTA_HH_GET_DSCP_EVT: Called add device
03-19 11:18:32.682 W/bt_btif ( 672): system/bt/main/bte_logmsg.cc:194 LogMsg: BTA_HH_ADD_DEV_EVT: status = 0, handle = 32
03-19 11:18:32.683 D/BluetoothAdapterService( 672): enable() - Enable called with quiet mode status = false
03-19 11:18:32.684 I/AdapterState( 672): ON : Unhandled message - BLE_TURN_ON
03-19 11:18:32.687 D/AdapterProperties( 672): PROFILE_CONNECTION_STATE_CHANGE: profile=4, device=C9:B5:96:5C:E3:ED, 1 -> 2
03-19 11:18:32.689 D/XM_HIDREAD( 318): add@ add@/devices/virtual/misc/uhid/0005:1D5A:C081.0088/input/input405
03-19 11:18:32.690 D/XM_HIDREAD( 318): add@ add@/devices/virtual/misc/uhid/0005:1D5A:C081.0088/input/input405/input405::numlock
03-19 11:18:32.691 D/AdapterProperties( 672): ADAPTER_CONNECTION_STATE_CHANGE: C9:B5:96:5C:E3:ED: 1 -> 2
03-19 11:18:32.691 D/XM_HIDREAD( 318): add@ add@/devices/virtual/misc/uhid/0005:1D5A:C081.0088/input/input405/input405::capslock
03-19 11:18:32.692 D/XM_HIDREAD( 318): add@ add@/devices/virtual/misc/uhid/0005:1D5A:C081.0088/input/input405/input405::scrolllock
03-19 11:18:32.695 I/input ( 34): Dangbei Keyboard as /devices/virtual/misc/uhid/0005:1D5A:C081.0088/input/input405
03-19 11:18:32.693 D/XM_HIDREAD( 318): add@ add@/devices/virtual/misc/uhid/0005:1D5A:C081.0088/input/input405/input405::compose
03-19 11:18:32.694 D/XM_HIDREAD( 318): add@ add@/devices/virtual/misc/uhid/0005:1D5A:C081.0088/input/input405/input405::kana
03-19 11:18:32.696 D/XM_HIDREAD( 318): add@ add@/devices/virtual/misc/uhid/0005:1D5A:C081.0088/input/input405/event3
03-19 11:18:32.697 D/XM_HIDREAD( 318): add@ add@/devices/virtual/misc/uhid/0005:1D5A:C081.0088/input/input406
03-19 11:18:32.699 D/CachedBluetoothDevice( 679): onProfileStateChanged: profile HID, device Dangbei, newProfileState 2
03-19 11:18:32.699 D/XM_HIDREAD( 318): add@ add@/devices/virtual/misc/uhid/0005:1D5A:C081.0088/input/input406/event4
03-19 11:18:32.700 D/XM_HIDREAD( 318): add@ add@/devices/virtual/misc/uhid/0005:1D5A:C081.0088/input/input407
03-19 11:18:32.704 I/input ( 34): Dangbei Consumer Control as /devices/virtual/misc/uhid/0005:1D5A:C081.0088/input/input406
03-19 11:18:32.706 I/input ( 34): Dangbei as /devices/virtual/misc/uhid/0005:1D5A:C081.0088/input/input407
03-19 11:18:32.702 D/XM_HIDREAD( 318): add@ add@/devices/virtual/misc/uhid/0005:1D5A:C081.0088/input/input407/event5
03-19 11:18:32.707 I/hid-generic 0005( 34): 1D5A:C081.0088: input: BLUETOOTH HID v1.01 Keyboard [Dangbei] on
03-19 11:18:32.714 D/EventHub( 487): No input device configuration file found for device 'Dangbei Keyboard'.
03-19 11:18:32.720 D/XM_HIDREAD( 318): add@ add@/devices/virtual/wakeup/wakeup27
03-19 11:18:32.720 I/EventHub( 487): usingClockIoctl=true
03-19 11:18:32.720 I/EventHub( 487): New device: id=406, fd=280, path='/dev/input/event3', name='Dangbei Keyboard', classes=KEYBOARD | EXTERNAL, configuration='', keyLayout='/system/usr/keylayout/Vendor_1d5a_Product_c081.kl', keyCharacterMap='/system/usr/keychars/Generic.kcm', builtinKeyboard=false,
03-19 11:18:32.721 I/InputReader( 487): Device added: id=139, eventHubId=406, name='Dangbei Keyboard', descriptor='b5b64510cdcd0655bbdd1229f1efd599026f5f75',sources=0x00000101
03-19 11:18:32.722 D/EventHub( 487): No input device configuration file found for device 'Dangbei Consumer Control'.
03-19 11:18:32.728 D/XM_HIDREAD( 318): add@ add@/devices/virtual/wakeup/wakeup28
03-19 11:18:32.728 W/EventHub( 487): Unable to disable kernel key repeat for /dev/input/event4: Function not implemented
03-19 11:18:32.728 I/EventHub( 487): usingClockIoctl=true
03-19 11:18:32.729 I/EventHub( 487): New device: id=407, fd=288, path='/dev/input/event4', name='Dangbei Consumer Control', classes=KEYBOARD | JOYSTICK | EXTERNAL, configuration='', keyLayout='/system/usr/keylayout/Vendor_1d5a_Product_c081.kl', keyCharacterMap='/system/usr/keychars/Generic.kcm', builtinKeyboard=false,
03-19 11:18:32.729 I/InputReader( 487): Device added: id=139, eventHubId=407, name='Dangbei Consumer Control', descriptor='b5b64510cdcd0655bbdd1229f1efd599026f5f75',sources=0x01000111
03-19 11:18:32.730 D/EventHub( 487): No input device configuration file found for device 'Dangbei'.
03-19 11:18:32.793 W/IorapForwardingService( 487): No service published for: iorapd
03-19 11:18:33.047 D/TvWindowManager( 487): key event key = KEYCODE_DPAD_UP down = true
03-19 11:18:33.048 D/GpioService( 487): mFlickerEnable = true
03-19 11:18:33.050 I/SogouIME( 2890): onKeyDown: keyoCode=19
03-19 11:18:33.050 I/DefaultIMS( 2890): onKeyDown: keyoCode=19
03-19 11:18:33.077 I/DefaultIMS( 2890): onStartInput attribute=android.view.inputmethod.EditorInfo@7f8654e restarting=false inputType: 0
03-19 11:18:33.249 D/TvWindowManager( 487): key event key = KEYCODE_DPAD_UP down = false
03-19 11:18:33.252 I/SogouIME( 2890): onKeyUp: keyoCode=19
03-19 11:18:33.252 I/DefaultIMS( 2890): onKeyUp: keyoCode=19
03-19 11:18:33.352 I/bt_stack( 672): [INFO:gatt_api.cc(1286)] GATT_Disconnect conn_id=0x0003
03-19 11:18:33.368 E/dangbei111( 1047): cccccc 检查遥控器是否连接: Dangbei C9:B5:96:5C:E3:ED
03-19 11:18:33.371 E/dangbei111( 1047): cccccc 检查遥控器是否连接: 蓝牙的结果 Dangbei C9:B5:96:5C:E3:ED true
03-19 11:18:33.373 E/dangbei111( 1047): cccccc 确实有遥控器 存在 取消check任务
03-19 11:18:33.373 E/dangbei111( 1047): cccccc 确实有遥控器 存在 重置beeGatt
03-19 11:18:33.373 E/dangbei111( 1047): cccccc 尝试 stopBleScan
03-19 11:18:33.375 D/BluetoothAdapter( 1047): isLeEnabled(): ON
03-19 11:18:33.375 D/BluetoothLeScanner( 1047): could not find callback wrapper
03-19 11:18:33.375 E/dangbei111( 1047): cccccc stopBleScanInner null
03-19 11:18:33.375 E/dangbei111( 1047): cccccc rc is connected, stop scan =C9:B5:96:5C:E3:ED
03-19 11:18:33.378 E/dangbei111( 1047): cccccc 检查遥控器是否连接: Dangbei C7:44:13:5B:41:8C
03-19 11:18:33.381 E/dangbei111( 1047): cccccc 检查遥控器是否连接: 蓝牙的结果 Dangbei C7:44:13:5B:41:8C false
03-19 11:18:33.382 E/dangbei111( 1047): cccccc 确实有遥控器 存在 取消check任务
03-19 11:18:33.382 E/dangbei111( 1047): cccccc 确实有遥控器 存在 重置beeGatt
03-19 11:18:33.383 E/dangbei111( 1047): cccccc 准备cancelPair Dangbei C7:44:13:5B:41:8C
03-19 11:18:33.388 E/dangbei111( 1047): cccccc 取消pair Dangbei C7:44:13:5B:41:8C 12
03-19 11:18:33.388 I/BluetoothDevice( 1047): removeBond() for device C7:44:13:5B:41:8C called by pid: 1047 tid: 1047
03-19 11:18:33.390 I/bt_btif_config( 672): system/bt/btif/src/btif_config.cc:137 btif_get_device_type: Device [c7:44:13:5b:41:8c] device type 2
03-19 11:18:33.390 I/BluetoothBondStateMachine( 672): Entering PendingCommandState State
03-19 11:18:33.390 I/bt_btif_dm( 672): system/bt/btif/src/btif_dm.cc:384 get_cod: get_cod remote_cod = 0x00001f00
03-19 11:18:33.390 E/bt_btif ( 672): system/bt/main/bte_logmsg.cc:191 LogMsg: btif_hh_virtual_unplug: Error, device c7:44:13:5b:41:8c not opened, status = 5
03-19 11:18:33.391 I/bt_stack( 672): [INFO:btif_hh.cc(428)] btif_hh_remove_device: bda = c7:44:13:5b:41:8c
03-19 11:18:33.392 I/bt_btif_storage( 672): system/bt/btif/src/btif_storage.cc:839 btif_storage_remove_bonded_device: Removing bonded device addr:c7:44:13:5b:41:8c
03-19 11:18:33.392 I/bt_btif_storage( 672): system/bt/btif/src/btif_storage.cc:1138 btif_storage_remove_ble_bonding_keys: Removing bonding keys for bd addr:c7:44:13:5b:41:8c
03-19 11:18:33.396 W/BluetoothHidHostService( 672): no state change: 0
03-19 11:18:33.402 I/bt_btif_config( 672): system/bt/btif/src/btif_config.cc:137 btif_get_device_type: Device [c7:44:13:5b:41:8c] device type 2
03-19 11:18:33.402 I/bt_btif_dm( 672): system/bt/btif/src/btif_dm.cc:384 get_cod: get_cod remote_cod = 0x00001f00
03-19 11:18:33.402 I/bt_btif_dm( 672): system/bt/btif/src/btif_dm.cc:451 bond_state_changed: Bond state changed to state=0 [0:none, 1:bonding, 2:bonded], prev_state=0, sdp_attempts = 0
03-19 11:18:33.402 I/bt_btif_config( 672): system/bt/btif/src/btif_config.cc:137 btif_get_device_type: Device [c7:44:13:5b:41:8c] device type 2
03-19 11:18:33.403 I/bt_stack( 672): [INFO:gatt_api.cc(1231)] GATT_CancelConnect: gatt_if:0, address: c7:44:13:5b:41:8c, direct:0
03-19 11:18:33.403 E/bt_stack( 672): [ERROR:bta_gattc_api.cc(729)] BTA_GATTC_DeregisterForNotifications registration not found bd_addr=c7:44:13:5b:41:8c
03-19 11:18:33.404 E/bt_stack( 672): [ERROR:bta_gattc_api.cc(729)] BTA_GATTC_DeregisterForNotifications registration not found bd_addr=c7:44:13:5b:41:8c
03-19 11:18:33.404 E/bt_stack( 672): [ERROR:bta_gattc_api.cc(729)] BTA_GATTC_DeregisterForNotifications registration not found bd_addr=c7:44:13:5b:41:8c
03-19 11:18:33.404 E/bt_stack( 672): [ERROR:bta_gattc_api.cc(729)] BTA_GATTC_DeregisterForNotifications registration not found bd_addr=c7:44:13:5b:41:8c
03-19 11:18:33.404 E/bt_stack( 672): [ERROR:bta_gattc_api.cc(729)] BTA_GATTC_DeregisterForNotifications registration not found bd_addr=c7:44:13:5b:41:8c
03-19 11:18:33.404 I/bt_bta_sys_main( 672): system/bt/bta/sys/bta_sys_main.cc:99 bta_sys_event: Ignoring receipt of unregistered event id:HID Human interface device
03-19 11:18:33.404 E/bt_stack( 672): [ERROR:bta_gattc_utils.cc(441)] bta_gattc_mark_bg_conn unable to find the bg connection mask for bd_addr=c7:44:13:5b:41:8c
03-19 11:18:33.409 D/BluetoothGatt( 1047): discoverServices() - device: C7:44:13:5B:41:8C
03-19 11:18:33.410 E/BtGatt.GattService( 672): discoverServices() - No connection for C7:44:13:5B:41:8C...
03-19 11:18:33.410 E/dangbei111( 1047): getBattery delay 0
03-19 11:18:33.411 I/BluetoothBondStateMachine( 672): bondStateChangeCallback: Status: 0 Address: C7:44:13:5B:41:8C newState: 0
03-19 11:18:33.411 I/bt_btif_config( 672): system/bt/btif/src/btif_config.cc:137 btif_get_device_type: Device [c7:44:13:5b:41:8c] device type 2
03-19 11:18:33.415 D/AdapterProperties( 672): Removing bonded device:C7:44:13:5B:41:8C
03-19 11:18:33.418 I/bt_btif_config( 672): system/bt/btif/src/btif_config.cc:137 btif_get_device_type: Device [c7:44:13:5b:41:8c] device type 2
03-19 11:18:33.418 D/BluetoothGatt( 1047): discoverServices() - device: C7:44:13:5B:41:8C
03-19 11:18:33.419 E/BtGatt.GattService( 672): discoverServices() - No connection for C7:44:13:5B:41:8C...
03-19 11:18:33.420 E/dangbei111( 1047): 5mins后会再次获取电量
03-19 11:18:33.420 E/dangbei111( 1047): getBattery delay 300000
03-19 11:18:33.420 I/BluetoothBondStateMachine( 672): Bond State Change Intent:C7:44:13:5B:41:8C BOND_BONDED => BOND_NONE
03-19 11:18:33.423 W/HeadsetClientService( 672): getHeadsetClientService(): service is null
03-19 11:18:33.423 W/PbapClientService( 672): getPbapClientService(): service is null
03-19 11:18:33.423 D/BluetoothDatabase( 672): updateDatabase C7:44:13:5B:41:8C
03-19 11:18:33.426 I/dangbei111( 1047): cccccc on receiver=android.bluetooth.device.action.BOND_STATE_CHANGED,mac=C7:44:13:5B:41:8C
03-19 11:18:33.426 I/dangbei111( 1047): Wait for auto connection, processBondStateChange: bondState: 12 --> 10 C7:44:13:5B:41:8C
03-19 11:18:33.426 W/BroadcastQueue( 487): Background execution not allowed: receiving Intent { act=android.bluetooth.device.action.BOND_STATE_CHANGED flg=0x10 (has extras) } to com.dangbei.lerad.etna.haqu/com.dangbei.remotecontroller.RemoteControllerReceiver
03-19 11:18:33.428 D/A2dpService( 672): Bond state changed for device: C7:44:13:5B:41:8C state: 10
03-19 11:18:33.429 E/bond ( 2949): name=Dangbei,state=10,action=android.bluetooth.device.action.BOND_STATE_CHANGED
03-19 11:18:33.431 D/A2dpService( 672): Saved connectionPolicy C7:44:13:5B:41:8C = -1
03-19 11:18:33.431 I/HeadsetService( 672): setConnectionPolicy: device=C7:44:13:5B:41:8C, connectionPolicy=-1, uid/pid=1002/672
03-19 11:18:33.431 I/BluetoothBondStateMachine( 672): StableState(): Entering Off State
03-19 11:18:33.434 D/BluetoothDatabase( 672): getCustomMeta: device C7:44:13:5B:41:8C is not in cache
03-19 11:18:33.435 D/BluetoothDatabase( 672): getCustomMeta: device C7:44:13:5B:41:8C is not in cache
03-19 11:18:33.437 W/BluetoothEventManager( 679): showUnbondMessage: Not displaying any message for reason: 9
03-19 11:18:33.595 E/WifiHAL ( 663): wifi_get_link_stats: requestResponse Error:-5
03-19 11:18:33.596 E/WifiVendorHal( 487): getWifiLinkLayerStats_1_5_Internal(l.1191) failed {.code = ERROR_INVALID_ARGS, .description = }
03-19 11:18:33.796 W/IorapForwardingService( 487): No service published for: iorapd
03-19 11:18:33.990 D/TvWindowManager( 487): key event key = KEYCODE_DPAD_DOWN down = true
03-19 11:18:33.992 D/GpioService( 487): mFlickerEnable = true
03-19 11:18:34.140 D/GpioService( 487): mFlickerEnable = true
03-19 11:18:34.142 I/SogouIME( 2890): onKeyDown: keyoCode=20
03-19 11:18:34.143 I/DefaultIMS( 2890): onKeyDown: keyoCode=20
03-19 11:18:34.148 D/TvWindowManager( 487): key event key = KEYCODE_DPAD_DOWN down = false
03-19 11:18:34.151 I/SogouIME( 2890): onKeyUp: keyoCode=20
03-19 11:18:34.151 I/DefaultIMS( 2890): onKeyUp: keyoCode=20
03-19 11:18:34.159 I/DefaultIMS( 2890): onStartInput attribute=android.view.inputmethod.EditorInfo@ab7d026 restarting=false inputType: 0
03-19 11:18:34.596 I/cling--ap-5( 3238): type=1400 audit(0.0:2001): avc: denied { read } for name="address" dev="sysfs" ino=16905 scontext=u:r:platform_app:s0:c512,c768 tcontext=u:object_r:sysfs_net:s0 tclass=file permissive=1 app=com.dangbei.screencast
03-19 11:18:34.596 I/cling--ap-5( 3238): type=1400 audit(0.0:2002): avc: denied { open } for path="/sys/devices/virtual/net/dummy0/address" dev="sysfs" ino=16905 scontext=u:r:platform_app:s0:c512,c768 tcontext=u:object_r:sysfs_net:s0 tclass=file permissive=1 app=com.dangbei.screencast
03-19 11:18:34.596 I/cling--ap-5( 3238): type=1400 audit(0.0:2003): avc: denied { getattr } for path="/sys/devices/virtual/net/dummy0/address" dev="sysfs" ino=16905 scontext=u:r:platform_app:s0:c512,c768 tcontext=u:object_r:sysfs_net:s0 tclass=file permissive=1 app=com.dangbei.screencast
03-19 11:18:34.798 W/IorapForwardingService( 487): No service published for: iorapd
03-19 11:18:35.161 D/bbb ( 1203): onStartCommand begin !!!!!!! data分区剩余 24948MB
03-19 11:18:35.163 D/aaa ( 7639): LedStatusService onStartCommand begin
03-19 11:18:35.164 D/aaa ( 7639): topPkg is -------------- :com.dangbei.haqusetting
03-19 11:18:35.365 E/dangbei111( 1047): cccccc 检测到网络 准备请求遥控器ota信息
03-19 11:18:35.366 W/ContextImpl( 1047): Calling a method in the system process without a qualified user: android.app.ContextImpl.sendBroadcast:1173 android.content.ContextWrapper.sendBroadcast:479 com.dangbei.remotecontroller.RemoteControllerReceiver.sendMessageToUpdateHelper:122 com.dangbei.remotecontroller.RemoteControllerReceiver.access$100:28 com.dangbei.remotecontroller.RemoteControllerReceiver$1.handleMessage:41
03-19 11:18:35.368 E/ActivityManager( 487): Sending non-protected broadcast com.dangbei.remote.connected from system 1047:com.dangbei.lerad.etna.haqu/1000 pkg com.dangbei.lerad.etna.haqu
03-19 11:18:35.368 E/ActivityManager( 487): java.lang.Throwable
03-19 11:18:35.368 E/ActivityManager( 487): at com.android.server.am.ActivityManagerService.checkBroadcastFromSystem(ActivityManagerService.java:12816)
03-19 11:18:35.368 E/ActivityManager( 487): at com.android.server.am.ActivityManagerService.broadcastIntentLocked(ActivityManagerService.java:13416)
03-19 11:18:35.368 E/ActivityManager( 487): at com.android.server.am.ActivityManagerService.broadcastIntentLocked(ActivityManagerService.java:12833)
03-19 11:18:35.368 E/ActivityManager( 487): at com.android.server.am.ActivityManagerService.broadcastIntentWithFeature(ActivityManagerService.java:13670)
03-19 11:18:35.368 E/ActivityManager( 487): at android.app.IActivityManager$Stub.onTransact(IActivityManager.java:2326)
03-19 11:18:35.368 E/ActivityManager( 487): at com.android.server.am.ActivityManagerService.onTransact(ActivityManagerService.java:2509)
03-19 11:18:35.368 E/ActivityManager( 487): at android.os.Binder.execTransactInternal(Binder.java:1179)
03-19 11:18:35.368 E/ActivityManager( 487): at android.os.Binder.execTransact(Binder.java:1143)
03-19 11:18:35.370 E/ActivityManager( 487): Sending non-protected broadcast com.dangbei.remote.connected from system 1047:com.dangbei.lerad.etna.haqu/1000 pkg com.dangbei.lerad.etna.haqu
03-19 11:18:35.370 E/ActivityManager( 487): java.lang.Throwable
03-19 11:18:35.370 E/ActivityManager( 487): at com.android.server.am.ActivityManagerService.checkBroadcastFromSystem(ActivityManagerService.java:12816)
03-19 11:18:35.370 E/ActivityManager( 487): at com.android.server.am.ActivityManagerService.broadcastIntentLocked(ActivityManagerService.java:13513)
03-19 11:18:35.370 E/ActivityManager( 487): at com.android.server.am.ActivityManagerService.broadcastIntentLocked(ActivityManagerService.java:12833)
03-19 11:18:35.370 E/ActivityManager( 487): at com.android.server.am.ActivityManagerService.broadcastIntentWithFeature(ActivityManagerService.java:13670)
03-19 11:18:35.370 E/ActivityManager( 487): at android.app.IActivityManager$Stub.onTransact(IActivityManager.java:2326)
03-19 11:18:35.370 E/ActivityManager( 487): at com.android.server.am.ActivityManagerService.onTransact(ActivityManagerService.java:2509)
03-19 11:18:35.370 E/ActivityManager( 487): at android.os.Binder.execTransactInternal(Binder.java:1179)
03-19 11:18:35.370 E/ActivityManager( 487): at android.os.Binder.execTransact(Binder.java:1143)
03-19 11:18:35.371 I/DropBoxManagerService( 487): add tag=system_server_wtf isTagEnabled=true flags=0x2
03-19 11:18:35.375 I/DropBoxManagerService( 487): add tag=system_server_wtf isTagEnabled=true flags=0x2
03-19 11:18:35.378 E/dangbei111( 1047): 读出来的遥控器版本不是空 CSH251028
03-19 11:18:35.378 E/dangbei111( 1047): cccccc requestRemoteInfoInner factory BK version CSH251028
03-19 11:18:35.398 I/okhttp.OkHttpClient( 1047): --> POST http://tymsgapi.qun7.com/v1/core/ykota (622-byte body)
03-19 11:18:35.462 I/okhttp.OkHttpClient( 1047): <-- 200 OK http://tymsgapi.qun7.com/v1/core/ykota (63ms, unknown-length body)
03-19 11:18:35.467 E/dangbei111( 1047): cccccc requestRemoteInfoInner BaseResponse{message='success', data=null, code=0}
03-19 11:18:35.468 W/System.err( 1047): java.lang.NullPointerException: Attempt to invoke virtual method 'java.lang.String com.etna.haqu.model.business.bean.db.remote.RemoteUpdateBean.getDownloadId()' on a null object reference
03-19 11:18:35.468 W/System.err( 1047): at com.dangbei.etna.update.remote.RemoteUpdateHelper$requestRemoteInfoInner$1$2.invoke(RemoteUpdateHelper.kt:199)
03-19 11:18:35.469 W/System.err( 1047): at com.dangbei.etna.update.remote.RemoteUpdateHelper$requestRemoteInfoInner$1$2.invoke(RemoteUpdateHelper.kt:188)
03-19 11:18:35.469 W/System.err( 1047): at com.etna.haqu.support.ext.FlowExtKt$safeCollect$3.emit(FlowExt.kt:52)
03-19 11:18:35.469 W/System.err( 1047): at kotlinx.coroutines.flow.FlowKt__ErrorsKt$catchImpl$2.emit(Errors.kt:158)
03-19 11:18:35.469 W/System.err( 1047): at kotlinx.coroutines.flow.FlowKt__ChannelsKt.emitAllImpl$FlowKt__ChannelsKt(Channels.kt:62)
03-19 11:18:35.469 W/System.err( 1047): at kotlinx.coroutines.flow.FlowKt__ChannelsKt.access$emitAllImpl$FlowKt__ChannelsKt(Channels.kt:1)
03-19 11:18:35.469 W/System.err( 1047): at kotlinx.coroutines.flow.FlowKt__ChannelsKt$emitAllImpl$1.invokeSuspend(Unknown Source:14)
03-19 11:18:35.469 W/System.err( 1047): at kotlin.coroutines.jvm.internal.BaseContinuationImpl.resumeWith(ContinuationImpl.kt:33)
03-19 11:18:35.469 W/System.err( 1047): at kotlinx.coroutines.DispatchedTask.run(DispatchedTask.kt:106)
03-19 11:18:35.469 W/System.err( 1047): at android.os.Handler.handleCallback(Handler.java:938)
03-19 11:18:35.469 W/System.err( 1047): at android.os.Handler.dispatchMessage(Handler.java:99)
03-19 11:18:35.469 W/System.err( 1047): at android.os.Looper.loopOnce(Looper.java:201)
03-19 11:18:35.470 W/System.err( 1047): at android.os.Looper.loop(Looper.java:288)
03-19 11:18:35.470 W/System.err( 1047): at android.app.ActivityThread.main(ActivityThread.java:7854)
03-19 11:18:35.470 W/System.err( 1047): at java.lang.reflect.Method.invoke(Native Method)
03-19 11:18:35.470 W/System.err( 1047): at com.android.internal.os.RuntimeInit$MethodAndArgsCaller.run(RuntimeInit.java:548)
03-19 11:18:35.470 W/System.err( 1047): at com.android.internal.os.ZygoteInit.main(ZygoteInit.java:1182)
03-19 11:18:35.474 E/ccc ( 2949): cccccc notifyUpdateChanged {"code":1,"data":{"hasUpdate":false,"what":2,"why":-1},"message":"更新状态变化"}
03-19 11:18:35.476 E/ccc ( 2949): cccccc EtnaSendUpdateStatusChangeBean.remoteUpdateChanged
03-19 11:18:35.477 E/ccc ( 1047): cccccc updateHelper 通知更新
03-19 11:18:35.477 E/ccc ( 2949): cccccc event HomeActivity REMOTE_UPDATE_STATUS_CHANGED
03-19 11:18:35.477 E/dangbei111( 1047): cccccc requestRemoteInfoInner 出现异常 Attempt to invoke virtual method 'java.lang.String com.etna.haqu.model.business.bean.db.remote.RemoteUpdateBean.getDownloadId()' on a null object reference
03-19 11:18:35.800 W/IorapForwardingService( 487): No service published for: iorapd
03-19 11:18:36.429 E/dangbei111( 1047): cccccc 准备开始进行 startScanInner
03-19 11:18:36.429 E/dangbei111( 1047): cccccc 真正开始进入扫描流程啦
03-19 11:18:36.434 E/dangbei111( 1047): cccccc 检查遥控器是否连接: Dangbei C9:B5:96:5C:E3:ED
03-19 11:18:36.436 E/dangbei111( 1047): cccccc 检查遥控器是否连接: 蓝牙的结果 Dangbei C9:B5:96:5C:E3:ED true
03-19 11:18:36.436 E/dangbei111( 1047): cccccc 确实有遥控器 存在 取消check任务
03-19 11:18:36.436 E/dangbei111( 1047): cccccc 确实有遥控器 存在 重置beeGatt
03-19 11:18:36.436 E/dangbei111( 1047): cccccc 尝试 stopBleScan
03-19 11:18:36.438 D/BluetoothAdapter( 1047): isLeEnabled(): ON
03-19 11:18:36.438 D/BluetoothLeScanner( 1047): could not find callback wrapper
03-19 11:18:36.438 E/dangbei111( 1047): cccccc stopBleScanInner null
03-19 11:18:36.438 E/dangbei111( 1047): cccccc rc is connected, stop scan =C9:B5:96:5C:E3:ED
03-19 11:18:36.438 E/dangbei111( 1047): cccccc 遥控器有连接 不做 scan
03-19 11:18:36.438 E/dangbei111( 1047): 开始扫描 com.dangbei.remotecontroller.RCHelper$3@576bb70
03-19 11:18:36.438 D/BluetoothAdapter( 1047): isLeEnabled(): ON
03-19 11:18:36.441 I/bluetooth( 672): system/bt/stack/gatt/gatt_api.cc:1019 GATT_Register: Allocated name:GattClient uuid:8fbc14b5-7352-6c3a-eeaf-a1dbb27ea3a0 gatt_if:8 eatt_support:0
03-19 11:18:36.441 I/bt_bta_gattc( 672): system/bt/bta/gatt/bta_gattc_act.cc:1110 bta_gattc_conn_cback: Connected att_id:8 transport:le reason:GATT_CONN_OK
03-19 11:18:36.443 D/BluetoothLeScanner( 1047): onScannerRegistered() - status=0 scannerId=8 mScannerId=0
03-19 11:18:36.608 E/WifiHAL ( 663): wifi_get_link_stats: requestResponse Error:-5
03-19 11:18:36.610 E/WifiVendorHal( 487): getWifiLinkLayerStats_1_5_Internal(l.1191) failed {.code = ERROR_INVALID_ARGS, .description = }
03-19 11:18:36.803 W/IorapForwardingService( 487): No service published for: iorapd
03-19 11:18:37.342 W/hdr10p_Configure( 363): 134 callbacks suppressed
03-19 11:18:37.342 I/ ( 363): DVI mode selected: packets not configured
03-19 11:18:37.342 W/set_vsif_config( 363): 134 callbacks suppressed
03-19 11:18:37.342 I/ ( 363): Error: set vsif failed
03-19 11:18:37.343 I/ ( 363): DVI mode selected: packets not configured
03-19 11:18:37.343 I/ ( 363): Error: set vsif failed
03-19 11:18:37.369 I/ ( 363): DVI mode selected: packets not configured
03-19 11:18:37.369 I/ ( 363): Error: set vsif failed
03-19 11:18:37.369 I/ ( 363): DVI mode selected: packets not configured
03-19 11:18:37.369 I/ ( 363): Error: set vsif failed
03-19 11:18:37.393 I/ ( 363): DVI mode selected: packets not configured
03-19 11:18:37.393 I/ ( 363): Error: set vsif failed
03-19 11:18:37.393 I/ ( 363): DVI mode selected: packets not configured
03-19 11:18:37.393 I/ ( 363): Error: set vsif failed
03-19 11:18:37.418 I/ ( 363): DVI mode selected: packets not configured
03-19 11:18:37.418 I/ ( 363): Error: set vsif failed
03-19 11:18:37.418 I/ ( 363): DVI mode selected: packets not configured
03-19 11:18:37.418 I/ ( 363): Error: set vsif failed
03-19 11:18:37.426 I/ ( 363): DVI mode selected: packets not configured
03-19 11:18:37.426 I/ ( 363): Error: set vsif failed
03-19 11:18:37.426 I/ ( 363): DVI mode selected: packets not configured
03-19 11:18:37.426 I/ ( 363): Error: set vsif failed
03-19 11:18:37.804 W/IorapForwardingService( 487): No service published for: iorapd
03-19 11:18:38.806 W/IorapForwardingService( 487): No service published for: iorapd
03-19 11:18:39.491 I/BLEAudioDrive_HV410( 248): select timeout!
03-19 11:18:39.623 E/WifiHAL ( 663): wifi_get_link_stats: requestResponse Error:-5
03-19 11:18:39.625 E/WifiVendorHal( 487): getWifiLinkLayerStats_1_5_Internal(l.1191) failed {.code = ERROR_INVALID_ARGS, .description = }
03-19 11:18:39.808 W/IorapForwardingService( 487): No service published for: iorapd
03-19 11:18:40.637 I/rkstack.proces( 775): Background concurrent copying GC freed 31950(1159KB) AllocSpace objects, 32(1920KB) LOS objects, 49% free, 3158KB/6316KB, paused 138us total 111.694ms
03-19 11:18:40.716 W/ZramWriteback( 487): Writeback device is not set
03-19 11:18:40.716 D/ZramWriteback( 487): wait to flush
03-19 11:18:40.810 W/IorapForwardingService( 487): No service published for: iorapd
03-19 11:18:41.812 W/IorapForwardingService( 487): No service published for: iorapd
03-19 11:18:42.396 E/bt_upio ( 249): upio_set : /proc/bluetooth/sleep/btwrite(-1) incorrent
03-19 11:18:42.638 E/WifiHAL ( 663): wifi_get_link_stats: requestResponse Error:-5
03-19 11:18:42.639 E/WifiVendorHal( 487): getWifiLinkLayerStats_1_5_Internal(l.1191) failed {.code = ERROR_INVALID_ARGS, .description = }
03-19 11:18:42.814 W/IorapForwardingService( 487): No service published for: iorapd
03-19 11:18:43.205 D/aaa ( 7639): LedStatusService onStartCommand begin
03-19 11:18:43.207 D/aaa ( 7639): topPkg is -------------- :com.dangbei.haqusetting
03-19 11:18:43.209 D/bbb ( 1203): onStartCommand begin !!!!!!! data分区剩余 24948MB
03-19 11:18:43.356 W/hdr10p_Configure( 363): 130 callbacks suppressed
03-19 11:18:43.356 I/ ( 363): DVI mode selected: packets not configured
03-19 11:18:43.356 W/set_vsif_config( 363): 130 callbacks suppressed
03-19 11:18:43.356 I/ ( 363): Error: set vsif failed
03-19 11:18:43.357 I/ ( 363): DVI mode selected: packets not configured
03-19 11:18:43.357 I/ ( 363): Error: set vsif failed
03-19 11:18:43.383 I/ ( 363): DVI mode selected: packets not configured
03-19 11:18:43.383 I/ ( 363): Error: set vsif failed
03-19 11:18:43.383 I/ ( 363): DVI mode selected: packets not configured
03-19 11:18:43.383 I/ ( 363): Error: set vsif failed
03-19 11:18:43.408 I/ ( 363): DVI mode selected: packets not configured
03-19 11:18:43.408 I/ ( 363): Error: set vsif failed
03-19 11:18:43.408 I/ ( 363): DVI mode selected: packets not configured
03-19 11:18:43.408 I/ ( 363): Error: set vsif failed
03-19 11:18:43.433 I/ ( 363): DVI mode selected: packets not configured
03-19 11:18:43.433 I/ ( 363): Error: set vsif failed
03-19 11:18:43.433 I/ ( 363): DVI mode selected: packets not configured
03-19 11:18:43.433 I/ ( 363): Error: set vsif failed
03-19 11:18:43.444 I/ ( 363): DVI mode selected: packets not configured
03-19 11:18:43.444 I/ ( 363): Error: set vsif failed
03-19 11:18:43.444 I/ ( 363): DVI mode selected: packets not configured
03-19 11:18:43.444 I/ ( 363): Error: set vsif failed
03-19 11:18:43.772 I/ModuleDataForwa( 3238): type=1400 audit(0.0:2004): avc: denied { lock } for path="/data/user/0/com.dangbei.screencast/files/TD__Env_Synchronous_Lock__" dev="mmcblk0p25" ino=2692 scontext=u:r:platform_app:s0:c512,c768 tcontext=u:object_r:app_data_file:s0:c512,c768 tclass=file permissive=1 app=com.dangbei.screencast
03-19 11:18:43.815 W/IorapForwardingService( 487): No service published for: iorapd
03-19 11:18:44.382 D/hdmi-cec( 261): receive invalid cec message!
03-19 11:18:44.382 D/hdmi-cec( 261): receive poll message [04], skip!
03-19 11:18:44.818 W/IorapForwardingService( 487): No service published for: iorapd
03-19 11:18:45.650 E/WifiHAL ( 663): wifi_get_link_stats: requestResponse Error:-5
03-19 11:18:45.651 E/WifiVendorHal( 487): getWifiLinkLayerStats_1_5_Internal(l.1191) failed {.code = ERROR_INVALID_ARGS, .description = }
03-19 11:18:45.820 W/IorapForwardingService( 487): No service published for: iorapd
03-19 11:18:46.823 W/IorapForwardingService( 487): No service published for: iorapd
03-19 11:18:47.825 W/IorapForwardingService( 487): No service published for: iorapd
03-19 11:18:48.658 E/WifiHAL ( 663): wifi_get_link_stats: requestResponse Error:-5
03-19 11:18:48.660 E/WifiVendorHal( 487): getWifiLinkLayerStats_1_5_Internal(l.1191) failed {.code = ERROR_INVALID_ARGS, .description = }
03-19 11:18:48.828 W/IorapForwardingService( 487): No service published for: iorapd
03-19 11:18:49.371 W/hdr10p_Configure( 363): 126 callbacks suppressed
03-19 11:18:49.371 I/ ( 363): DVI mode selected: packets not configured
03-19 11:18:49.371 W/set_vsif_config( 363): 126 callbacks suppressed
03-19 11:18:49.371 I/ ( 363): Error: set vsif failed
03-19 11:18:49.371 I/ ( 363): DVI mode selected: packets not configured
03-19 11:18:49.371 I/ ( 363): Error: set vsif failed
03-19 11:18:49.397 I/ ( 363): DVI mode selected: packets not configured
03-19 11:18:49.397 I/ ( 363): Error: set vsif failed
03-19 11:18:49.397 I/ ( 363): DVI mode selected: packets not configured
03-19 11:18:49.397 I/ ( 363): Error: set vsif failed
03-19 11:18:49.421 I/ ( 363): DVI mode selected: packets not configured
03-19 11:18:49.421 I/ ( 363): Error: set vsif failed
03-19 11:18:49.421 I/ ( 363): DVI mode selected: packets not configured
03-19 11:18:49.421 I/ ( 363): Error: set vsif failed
03-19 11:18:49.446 I/ ( 363): DVI mode selected: packets not configured
03-19 11:18:49.446 I/ ( 363): Error: set vsif failed
03-19 11:18:49.447 I/ ( 363): DVI mode selected: packets not configured
03-19 11:18:49.447 I/ ( 363): Error: set vsif failed
03-19 11:18:49.459 I/ ( 363): DVI mode selected: packets not configured
03-19 11:18:49.459 I/ ( 363): Error: set vsif failed
03-19 11:18:49.460 I/ ( 363): DVI mode selected: packets not configured
03-19 11:18:49.460 I/ ( 363): Error: set vsif failed
03-19 11:18:49.501 I/BLEAudioDrive_HV410( 248): select timeout!
03-19 11:18:49.829 W/IorapForwardingService( 487): No service published for: iorapd
03-19 11:18:50.832 W/IorapForwardingService( 487): No service published for: iorapd
03-19 11:18:51.251 D/aaa ( 7639): LedStatusService onStartCommand begin
03-19 11:18:51.253 D/aaa ( 7639): topPkg is -------------- :com.dangbei.haqusetting
03-19 11:18:51.256 D/bbb ( 1203): onStartCommand begin !!!!!!! data分区剩余 24948MB
03-19 11:18:51.675 E/WifiHAL ( 663): wifi_get_link_stats: requestResponse Error:-5
03-19 11:18:51.676 E/WifiVendorHal( 487): getWifiLinkLayerStats_1_5_Internal(l.1191) failed {.code = ERROR_INVALID_ARGS, .description = }
03-19 11:18:51.834 W/IorapForwardingService( 487): No service published for: iorapd
03-19 11:18:52.836 W/IorapForwardingService( 487): No service published for: iorapd
03-19 11:18:53.839 W/IorapForwardingService( 487): No service published for: iorapd
03-19 11:18:54.688 E/WifiHAL ( 663): wifi_get_link_stats: requestResponse Error:-5
03-19 11:18:54.689 E/WifiVendorHal( 487): getWifiLinkLayerStats_1_5_Internal(l.1191) failed {.code = ERROR_INVALID_ARGS, .description = }
03-19 11:18:54.841 W/IorapForwardingService( 487): No service published for: iorapd
03-19 11:18:55.378 W/hdr10p_Configure( 363): 132 callbacks suppressed
03-19 11:18:55.378 I/ ( 363): DVI mode selected: packets not configured
03-19 11:18:55.378 W/set_vsif_config( 363): 132 callbacks suppressed
03-19 11:18:55.378 I/ ( 363): Error: set vsif failed
03-19 11:18:55.378 I/ ( 363): DVI mode selected: packets not configured
03-19 11:18:55.378 I/ ( 363): Error: set vsif failed
03-19 11:18:55.404 I/ ( 363): DVI mode selected: packets not configured
03-19 11:18:55.404 I/ ( 363): Error: set vsif failed
03-19 11:18:55.404 I/ ( 363): DVI mode selected: packets not configured
03-19 11:18:55.404 I/ ( 363): Error: set vsif failed
03-19 11:18:55.429 I/ ( 363): DVI mode selected: packets not configured
03-19 11:18:55.429 I/ ( 363): Error: set vsif failed
03-19 11:18:55.429 I/ ( 363): DVI mode selected: packets not configured
03-19 11:18:55.429 I/ ( 363): Error: set vsif failed
03-19 11:18:55.453 I/ ( 363): DVI mode selected: packets not configured
03-19 11:18:55.453 I/ ( 363): Error: set vsif failed
03-19 11:18:55.453 I/ ( 363): DVI mode selected: packets not configured
03-19 11:18:55.453 I/ ( 363): Error: set vsif failed
03-19 11:18:55.476 I/ ( 363): DVI mode selected: packets not configured
03-19 11:18:55.476 I/ ( 363): Error: set vsif failed
03-19 11:18:55.476 I/ ( 363): DVI mode selected: packets not configured
03-19 11:18:55.476 I/ ( 363): Error: set vsif failed
03-19 11:18:55.843 W/IorapForwardingService( 487): No service published for: iorapd
03-19 11:18:56.846 W/IorapForwardingService( 487): No service published for: iorapd
03-19 11:18:57.701 E/WifiHAL ( 663): wifi_get_link_stats: requestResponse Error:-5
03-19 11:18:57.703 E/WifiVendorHal( 487): getWifiLinkLayerStats_1_5_Internal(l.1191) failed {.code = ERROR_INVALID_ARGS, .description = }
03-19 11:18:57.848 W/IorapForwardingService( 487): No service published for: iorapd
03-19 11:18:58.849 W/IorapForwardingService( 487): No service published for: iorapd
03-19 11:18:59.270 D/bbb ( 1203): onStartCommand begin !!!!!!! data分区剩余 24948MB
03-19 11:18:59.275 D/aaa ( 7639): LedStatusService onStartCommand begin
03-19 11:18:59.277 D/aaa ( 7639): topPkg is -------------- :com.dangbei.haqusetting
03-19 11:18:59.406 D/hdmi-cec( 261): receive invalid cec message!
03-19 11:18:59.406 D/hdmi-cec( 261): receive poll message [04], skip!
03-19 11:18:59.507 I/BLEAudioDrive_HV410( 248): select timeout!
03-19 11:18:59.724 I/WifiService( 487): startScan uid=1000
03-19 11:18:59.726 E/ccc ( 2949): cccccc i will start scan
03-19 11:18:59.852 W/IorapForwardingService( 487): No service published for: iorapd
03-19 11:19:00.713 E/WifiHAL ( 663): wifi_get_link_stats: requestResponse Error:-5
03-19 11:19:00.714 E/WifiVendorHal( 487): getWifiLinkLayerStats_1_5_Internal(l.1191) failed {.code = ERROR_INVALID_ARGS, .description = }
03-19 11:19:00.854 W/IorapForwardingService( 487): No service published for: iorapd
03-19 11:19:01.390 W/hdr10p_Configure( 363): 124 callbacks suppressed
03-19 11:19:01.390 I/ ( 363): DVI mode selected: packets not configured
03-19 11:19:01.390 W/set_vsif_config( 363): 124 callbacks suppressed
03-19 11:19:01.390 I/ ( 363): Error: set vsif failed
03-19 11:19:01.390 I/ ( 363): DVI mode selected: packets not configured
03-19 11:19:01.390 I/ ( 363): Error: set vsif failed
03-19 11:19:01.416 I/ ( 363): DVI mode selected: packets not configured
03-19 11:19:01.416 I/ ( 363): Error: set vsif failed
03-19 11:19:01.416 I/ ( 363): DVI mode selected: packets not configured
03-19 11:19:01.416 I/ ( 363): Error: set vsif failed
03-19 11:19:01.440 I/ ( 363): DVI mode selected: packets not configured
03-19 11:19:01.440 I/ ( 363): Error: set vsif failed
03-19 11:19:01.440 I/ ( 363): DVI mode selected: packets not configured
03-19 11:19:01.440 I/ ( 363): Error: set vsif failed
03-19 11:19:01.466 I/ ( 363): DVI mode selected: packets not configured
03-19 11:19:01.466 I/ ( 363): Error: set vsif failed
03-19 11:19:01.466 I/ ( 363): DVI mode selected: packets not configured
03-19 11:19:01.466 I/ ( 363): Error: set vsif failed
03-19 11:19:01.477 I/ ( 363): DVI mode selected: packets not configured
03-19 11:19:01.477 I/ ( 363): Error: set vsif failed
03-19 11:19:01.477 I/ ( 363): DVI mode selected: packets not configured
03-19 11:19:01.477 I/ ( 363): Error: set vsif failed
03-19 11:19:01.560 D/WifiNl80211Manager( 487): Scan result ready event
03-19 11:19:01.560 D/WifiNative( 487): Scan result ready event
03-19 11:19:01.646 E/ccc ( 2949): cccccc SCAN_RESULTS_AVAILABLE_ACTION hhhh
03-19 11:19:01.650 D/PasspointManager( 487): ANQP entry not found for: f8:14:fe:4f:93:01:
03-19 11:19:01.655 E/hq ( 1119): NetWorkStateReceiver:::NetWorkStateReceiver onReceive: 网络变化广播 >>>> intent.action=android.net.wifi.SCAN_RESULTS
03-19 11:19:01.657 E/WifiHAL ( 663): wifi_get_link_stats: requestResponse Error:-5
03-19 11:19:01.659 E/WifiVendorHal( 487): getWifiLinkLayerStats_1_5_Internal(l.1191) failed {.code = ERROR_INVALID_ARGS, .description = }
03-19 11:19:01.678 W/eventbuscore( 1119): post Event:com.dangbei.leard.base.entity.event.NetWifiRssiEvent
03-19 11:19:01.686 E/ccc ( 2949): cccccc result is not empty call back
03-19 11:19:01.686 E/ccc ( 2949): cccccc 666666666666666
03-19 11:19:01.700 E/ccc ( 2949): cccccc sort 2 70
03-19 11:19:01.857 W/IorapForwardingService( 487): No service published for: iorapd
03-19 11:19:02.859 W/IorapForwardingService( 487): No service published for: iorapd
03-19 11:19:03.722 E/WifiHAL ( 663): wifi_get_link_stats: requestResponse Error:-5
03-19 11:19:03.723 E/WifiVendorHal( 487): getWifiLinkLayerStats_1_5_Internal(l.1191) failed {.code = ERROR_INVALID_ARGS, .description = }
03-19 11:19:03.862 W/IorapForwardingService( 487): No service published for: iorapd
03-19 11:19:04.708 W/bt_btm ( 672): system/bt/main/bte_logmsg.cc:194 LogMsg: btm_sec_pairing_timeout not processed state: IDLE
03-19 11:19:04.864 W/IorapForwardingService( 487): No service published for: iorapd
03-19 11:19:05.866 W/IorapForwardingService( 487): No service published for: iorapd
03-19 11:19:06.737 E/WifiHAL ( 663): wifi_get_link_stats: requestResponse Error:-5
03-19 11:19:06.738 E/WifiVendorHal( 487): getWifiLinkLayerStats_1_5_Internal(l.1191) failed {.code = ERROR_INVALID_ARGS, .description = }
03-19 11:19:06.868 W/IorapForwardingService( 487): No service published for: iorapd
03-19 11:19:07.287 D/aaa ( 7639): LedStatusService onStartCommand begin
03-19 11:19:07.289 D/aaa ( 7639): topPkg is -------------- :com.dangbei.haqusetting
03-19 11:19:07.289 D/bbb ( 1203): onStartCommand begin !!!!!!! data分区剩余 24948MB
03-19 11:19:07.386 W/hdr10p_Configure( 363): 120 callbacks suppressed
03-19 11:19:07.386 I/ ( 363): DVI mode selected: packets not configured
03-19 11:19:07.386 W/set_vsif_config( 363): 120 callbacks suppressed
03-19 11:19:07.386 I/ ( 363): Error: set vsif failed
03-19 11:19:07.387 I/ ( 363): DVI mode selected: packets not configured
03-19 11:19:07.387 I/ ( 363): Error: set vsif failed
03-19 11:19:07.412 I/ ( 363): DVI mode selected: packets not configured
03-19 11:19:07.412 I/ ( 363): Error: set vsif failed
03-19 11:19:07.413 I/ ( 363): DVI mode selected: packets not configured
03-19 11:19:07.413 I/ ( 363): Error: set vsif failed
03-19 11:19:07.437 I/ ( 363): DVI mode selected: packets not configured
03-19 11:19:07.437 I/ ( 363): Error: set vsif failed
03-19 11:19:07.437 I/ ( 363): DVI mode selected: packets not configured
03-19 11:19:07.437 I/ ( 363): Error: set vsif failed
03-19 11:19:07.462 I/ ( 363): DVI mode selected: packets not configured
