03-19 11:21:00.012 D/A2dpService( 672): Bond state changed for device: C7:44:13:5B:41:8C state: 12
03-19 11:21:00.013 I/dangbei111( 1047): cccccc on receiver=android.bluetooth.device.action.BOND_STATE_CHANGED,mac=C7:44:13:5B:41:8C
03-19 11:21:00.014 I/dangbei111( 1047): Wait for auto connection, processBondStateChange: bondState: 11 --> 12 C7:44:13:5B:41:8C
03-19 11:21:00.014 D/CachedBluetoothDevice( 679): No profiles. Maybe we will connect later for device C7:44:13:5B:41:8C
03-19 11:21:00.015 E/bond ( 2949): name=Dangbei,state=12,action=android.bluetooth.device.action.BOND_STATE_CHANGED
03-19 11:21:00.020 D/BluetoothHidHost( 2949): Binding service...
03-19 11:21:00.028 D/BluetoothHidHost( 2949): Proxy object connected
03-19 11:21:00.028 D/BluetoothHidHost( 2949): connect(C7:44:13:5B:41:8C)
03-19 11:21:00.030 V/BluetoothDatabase( 672): getProfileConnectionPolicy: C7:44:13:5B:41:8C, profile=4, connectionPolicy = -1
03-19 11:21:00.031 E/bt_stack( 672): [ERROR:srvc_eng.cc(397)] DIS already initalized
03-19 11:21:00.031 D/BluetoothHidHost( 2949): Unbinding service...
03-19 11:21:00.031 D/BluetoothHidHostService( 672): Connection state C7:44:13:5B:41:8C: 0->1
03-19 11:21:00.034 W/BluetoothHidHostService( 672): no state change: 1
03-19 11:21:00.035 D/AdapterProperties( 672): PROFILE_CONNECTION_STATE_CHANGE: profile=4, device=C7:44:13:5B:41:8C, 0 -> 1
03-19 11:21:00.039 D/AdapterProperties( 672): ADAPTER_CONNECTION_STATE_CHANGE: C7:44:13:5B:41:8C: 0 -> 1
03-19 11:21:00.042 D/CachedBluetoothDevice( 679): onProfileStateChanged: profile HID, device Dangbei, newProfileState 1
03-19 11:21:00.069 I/bt_stack( 672): [INFO:gatt_api.cc(708)] GATTC_Discover conn_id=0x0001, disc_type=4, s_handle=0x0001, e_handle=0x000d
03-19 11:21:00.092 I/bt_stack( 672): [INFO:gatt_api.cc(1286)] GATT_Disconnect conn_id=0x0007
03-19 11:21:00.092 I/bt_srvc ( 672): system/bt/stack/srvc/srvc_dis.cc:201 dis_gatt_c_read_dis_value_cmpl: dis_gatt_c_read_dis_value_cmpl conn_id:7 attr_mask = 0x0100
03-19 11:21:00.135 W/IorapForwardingService( 487): No service published for: iorapd
03-19 11:21:00.204 I/bt_stack( 672): [INFO:gatt_api.cc(708)] GATTC_Discover conn_id=0x0003, disc_type=3, s_handle=0x0001, e_handle=0x0009
03-19 11:21:00.249 I/bt_stack( 672): [INFO:gatt_api.cc(708)] GATTC_Discover conn_id=0x0003, disc_type=4, s_handle=0x0001, e_handle=0x0009
03-19 11:21:00.271 I/bt_stack( 672): [INFO:gatt_api.cc(708)] GATTC_Discover conn_id=0x0001, disc_type=5, s_handle=0x000c, e_handle=0x000d
03-19 11:21:00.384 I/bt_stack( 672): [INFO:gatt_api.cc(708)] GATTC_Discover conn_id=0x0003, disc_type=3, s_handle=0x000a, e_handle=0x000d
03-19 11:21:00.407 I/bt_stack( 672): [INFO:gatt_api.cc(708)] GATTC_Discover conn_id=0x0003, disc_type=4, s_handle=0x000a, e_handle=0x000d
03-19 11:21:00.451 I/bt_stack( 672): [INFO:gatt_api.cc(708)] GATTC_Discover conn_id=0x0003, disc_type=5, s_handle=0x000d, e_handle=0x000d
03-19 11:21:00.474 I/bt_stack( 672): [INFO:gatt_api.cc(708)] GATTC_Discover conn_id=0x0003, disc_type=3, s_handle=0x000e, e_handle=0x0011
03-19 11:21:00.496 I/bt_stack( 672): [INFO:gatt_api.cc(708)] GATTC_Discover conn_id=0x0003, disc_type=4, s_handle=0x000e, e_handle=0x0011
03-19 11:21:00.542 I/bt_stack( 672): [INFO:gatt_api.cc(708)] GATTC_Discover conn_id=0x0003, disc_type=5, s_handle=0x0011, e_handle=0x0011
03-19 11:21:00.564 I/bt_stack( 672): [INFO:gatt_api.cc(708)] GATTC_Discover conn_id=0x0003, disc_type=3, s_handle=0x0012, e_handle=0x001e
03-19 11:21:00.587 I/bt_stack( 672): [INFO:gatt_api.cc(708)] GATTC_Discover conn_id=0x0003, disc_type=4, s_handle=0x0012, e_handle=0x001e
03-19 11:21:00.677 I/bt_stack( 672): [INFO:gatt_api.cc(708)] GATTC_Discover conn_id=0x0003, disc_type=3, s_handle=0x001f, e_handle=0x0042
03-19 11:21:00.699 I/bt_stack( 672): [INFO:gatt_api.cc(708)] GATTC_Discover conn_id=0x0003, disc_type=4, s_handle=0x001f, e_handle=0x0042
03-19 11:21:00.856 I/bt_stack( 672): [INFO:gatt_api.cc(708)] GATTC_Discover conn_id=0x0003, disc_type=5, s_handle=0x0024, e_handle=0x0024
03-19 11:21:00.879 I/bt_stack( 672): [INFO:gatt_api.cc(708)] GATTC_Discover conn_id=0x0003, disc_type=5, s_handle=0x0029, e_handle=0x0029
03-19 11:21:00.901 I/bt_stack( 672): [INFO:gatt_api.cc(708)] GATTC_Discover conn_id=0x0003, disc_type=5, s_handle=0x002e, e_handle=0x002e
03-19 11:21:00.924 I/bt_stack( 672): [INFO:gatt_api.cc(708)] GATTC_Discover conn_id=0x0003, disc_type=5, s_handle=0x0031, e_handle=0x0032
03-19 11:21:00.947 I/bt_stack( 672): [INFO:gatt_api.cc(708)] GATTC_Discover conn_id=0x0003, disc_type=5, s_handle=0x0035, e_handle=0x0036
03-19 11:21:00.969 I/bt_stack( 672): [INFO:gatt_api.cc(708)] GATTC_Discover conn_id=0x0003, disc_type=5, s_handle=0x0039, e_handle=0x003a
03-19 11:21:00.991 I/bt_stack( 672): [INFO:gatt_api.cc(708)] GATTC_Discover conn_id=0x0003, disc_type=5, s_handle=0x003d, e_handle=0x003d
03-19 11:21:01.029 I/bt_stack( 672): [INFO:gatt_api.cc(708)] GATTC_Discover conn_id=0x0003, disc_type=5, s_handle=0x0040, e_handle=0x0040
03-19 11:21:01.044 I/bt_stack( 672): [INFO:gatt_api.cc(708)] GATTC_Discover conn_id=0x0003, disc_type=3, s_handle=0x0043, e_handle=0x0051
03-19 11:21:01.059 I/bt_stack( 672): [INFO:gatt_api.cc(708)] GATTC_Discover conn_id=0x0003, disc_type=4, s_handle=0x0043, e_handle=0x0051
03-19 11:21:01.082 I/bt_stack( 672): [INFO:hearing_aid.cc(1796)] GetDeviceCount: Not initialized yet
03-19 11:21:01.119 I/bt_stack( 672): [INFO:gatt_api.cc(708)] GATTC_Discover conn_id=0x0003, disc_type=5, s_handle=0x0046, e_handle=0x0046
03-19 11:21:01.134 I/bt_stack( 672): [INFO:gatt_api.cc(708)] GATTC_Discover conn_id=0x0003, disc_type=5, s_handle=0x0049, e_handle=0x0049
03-19 11:21:01.136 W/IorapForwardingService( 487): No service published for: iorapd
03-19 11:21:01.148 I/bt_stack( 672): [INFO:gatt_api.cc(708)] GATTC_Discover conn_id=0x0003, disc_type=5, s_handle=0x004c, e_handle=0x004c
03-19 11:21:01.164 I/bt_stack( 672): [INFO:gatt_api.cc(708)] GATTC_Discover conn_id=0x0003, disc_type=5, s_handle=0x004f, e_handle=0x004f
03-19 11:21:01.179 I/bt_stack( 672): [INFO:bta_gattc_cache.cc(219)] bta_gattc_explore_srvc_finished: service discovery finished
03-19 11:21:01.181 I/bt_bta_hh( 672): system/bt/bta/hh/bta_hh_le.cc:1367 bta_hh_le_search_hid_chars: bta_hh_le_search_hid_chars: GATT_UUID_HID_INFORMATION 00002a4a-0000-1000-8000-00805f9b34fb
03-19 11:21:01.181 I/bt_bta_hh( 672): system/bt/bta/hh/bta_hh_le.cc:1367 bta_hh_le_search_hid_chars: bta_hh_le_search_hid_chars: GATT_UUID_HID_REPORT_MAP 00002a4b-0000-1000-8000-00805f9b34fb
03-19 11:21:01.181 I/bt_bta_hh( 672): system/bt/bta/hh/bta_hh_le.cc:1367 bta_hh_le_search_hid_chars: bta_hh_le_search_hid_chars: GATT_UUID_HID_CONTROL_POINT 00002a4c-0000-1000-8000-00805f9b34fb
03-19 11:21:01.181 I/bt_bta_hh( 672): system/bt/bta/hh/bta_hh_le.cc:1367 bta_hh_le_search_hid_chars: bta_hh_le_search_hid_chars: GATT_UUID_HID_BT_KB_INPUT 00002a22-0000-1000-8000-00805f9b34fb
03-19 11:21:01.181 I/bt_bta_hh( 672): system/bt/bta/hh/bta_hh_le.cc:1367 bta_hh_le_search_hid_chars: bta_hh_le_search_hid_chars: GATT_UUID_HID_BT_KB_OUTPUT 00002a32-0000-1000-8000-00805f9b34fb
03-19 11:21:01.181 I/bt_bta_hh( 672): system/bt/bta/hh/bta_hh_le.cc:1367 bta_hh_le_search_hid_chars: bta_hh_le_search_hid_chars: GATT_UUID_HID_BT_MOUSE_INPUT 00002a33-0000-1000-8000-00805f9b34fb
03-19 11:21:01.181 I/bt_bta_hh( 672): system/bt/bta/hh/bta_hh_le.cc:1367 bta_hh_le_search_hid_chars: bta_hh_le_search_hid_chars: GATT_UUID_HID_REPORT 00002a4d-0000-1000-8000-00805f9b34fb
03-19 11:21:01.181 I/bt_bta_hh( 672): system/bt/bta/hh/bta_hh_le.cc:1367 bta_hh_le_search_hid_chars: bta_hh_le_search_hid_chars: GATT_UUID_HID_REPORT 00002a4d-0000-1000-8000-00805f9b34fb
03-19 11:21:01.181 I/bt_bta_hh( 672): system/bt/bta/hh/bta_hh_le.cc:1367 bta_hh_le_search_hid_chars: bta_hh_le_search_hid_chars: GATT_UUID_HID_REPORT 00002a4d-0000-1000-8000-00805f9b34fb
03-19 11:21:01.181 I/bt_bta_hh( 672): system/bt/bta/hh/bta_hh_le.cc:1367 bta_hh_le_search_hid_chars: bta_hh_le_search_hid_chars: GATT_UUID_HID_REPORT 00002a4d-0000-1000-8000-00805f9b34fb
03-19 11:21:01.181 I/bt_bta_hh( 672): system/bt/bta/hh/bta_hh_le.cc:1367 bta_hh_le_search_hid_chars: bta_hh_le_search_hid_chars: GATT_UUID_HID_REPORT 00002a4d-0000-1000-8000-00805f9b34fb
03-19 11:21:01.181 I/bt_bta_hh( 672): system/bt/bta/hh/bta_hh_le.cc:1367 bta_hh_le_search_hid_chars: bta_hh_le_search_hid_chars: GATT_UUID_HID_PROTO_MODE 00002a4e-0000-1000-8000-00805f9b34fb
03-19 11:21:01.182 I/bt_bta_gattc( 672): system/bt/bta/gatt/bta_gattc_cache.cc:902 bta_gattc_get_gatt_db: bta_gattc_get_gatt_db
03-19 11:21:01.182 I/bt_bta_dm( 672): system/bt/bta/dm/bta_dm_act.cc:1314 bta_dm_search_cmpl: GATT services discovered using LE Transport
03-19 11:21:01.194 I/BluetoothPhonePolicy( 672): Received ACTION_UUID for device C7:44:13:5B:41:8C
03-19 11:21:01.194 I/BluetoothPhonePolicy( 672): index=0uuid=00001812-0000-1000-8000-00805f9b34fb
03-19 11:21:01.194 I/BluetoothPhonePolicy( 672): processInitProfilePriorities() - device C7:44:13:5B:41:8C
03-19 11:21:01.194 W/HearingAidService( 672): getHearingAidService(): service is NULL
03-19 11:21:01.195 V/BluetoothDatabase( 672): getProfileConnectionPolicy: C7:44:13:5B:41:8C, profile=4, connectionPolicy = -1
03-19 11:21:01.195 D/BluetoothDatabase( 672): updateDatabase C7:44:13:5B:41:8C
03-19 11:21:01.197 D/LocalBluetoothProfileManager( 679): Current Profiles[]
03-19 11:21:01.198 D/BluetoothMap( 679): getConnectionState(C7:44:13:5B:41:8C)
03-19 11:21:01.199 D/BluetoothPbapService( 672): getConnectionState: C7:44:13:5B:41:8C
03-19 11:21:01.200 D/LocalBluetoothProfileManager( 679): New Profiles[HID]
03-19 11:21:01.202 I/bt_stack( 672): [INFO:hearing_aid.cc(1796)] GetDeviceCount: Not initialized yet
03-19 11:21:01.205 D/CachedBluetoothDevice( 679): updating profiles for Dangbei
03-19 11:21:01.206 V/CachedBluetoothDevice( 679): Class: 1f00
03-19 11:21:01.206 V/CachedBluetoothDevice( 679): UUID:
03-19 11:21:01.206 V/CachedBluetoothDevice( 679): 00001812-0000-1000-8000-00805f9b34fb
03-19 11:21:01.207 D/CachedBluetoothDevice( 679): onUuidChanged: Time since last connect=1194
03-19 11:21:01.208 D/CachedBluetoothDevice( 679): onUuidChanged: triggering connectAllEnabledProfiles
03-19 11:21:01.209 V/BluetoothDatabase( 672): getProfileConnectionPolicy: C7:44:13:5B:41:8C, profile=2, connectionPolicy = -1
03-19 11:21:01.209 V/BluetoothDatabase( 672): getProfileConnectionPolicy: C7:44:13:5B:41:8C, profile=1, connectionPolicy = -1
03-19 11:21:01.209 V/BluetoothDatabase( 672): getProfileConnectionPolicy: C7:44:13:5B:41:8C, profile=4, connectionPolicy = 100
03-19 11:21:01.210 V/BluetoothDatabase( 672): getProfileConnectionPolicy: C7:44:13:5B:41:8C, profile=4, connectionPolicy = 100
03-19 11:21:01.211 I/BluetoothAdapterService( 672): connectEnabledProfiles: Connecting Hid Host Profile
03-19 11:21:01.211 E/BluetoothHidHostService( 672): Hid Device not disconnected: C7:44:13:5B:41:8C
03-19 11:21:01.268 E/WifiHAL ( 663): wifi_get_link_stats: requestResponse Error:-5
03-19 11:21:01.269 E/WifiVendorHal( 487): getWifiLinkLayerStats_1_5_Internal(l.1191) failed {.code = ERROR_INVALID_ARGS, .description = }
03-19 11:21:01.464 E/bt_stack( 672): [ERROR:bta_gattc_api.cc(729)] BTA_GATTC_DeregisterForNotifications registration not found bd_addr=c7:44:13:5b:41:8c
03-19 11:21:01.465 E/bt_stack( 672): [ERROR:bta_gattc_api.cc(729)] BTA_GATTC_DeregisterForNotifications registration not found bd_addr=c7:44:13:5b:41:8c
03-19 11:21:01.466 W/bt_btif ( 672): system/bt/main/bte_logmsg.cc:194 LogMsg: btif_hh_upstreams_evt: BTA_HH_OPN_EVT: handle=16, status =0
03-19 11:21:01.466 W/bt_btif ( 672): system/bt/main/bte_logmsg.cc:194 LogMsg: BTA_HH_OPEN_EVT: Found device...Getting dscp info for handle ... 16
03-19 11:21:01.466 I/bt_btif_dm( 672): system/bt/btif/src/btif_dm.cc:384 get_cod: get_cod remote_cod = 0x00001f00
03-19 11:21:01.466 I/bt_btif_dm( 672): system/bt/btif/src/btif_dm.cc:384 get_cod: get_cod remote_cod = 0x00001f00
03-19 11:21:01.466 W/bt_btif ( 672): system/bt/main/bte_logmsg.cc:194 LogMsg: btif_hh_upstreams_evt: name = Dangbei
03-19 11:21:01.467 W/bt_btif ( 672): system/bt/main/bte_logmsg.cc:194 LogMsg: bta_hh_co_send_hid_info: fd = 96, name = [Dangbei], dscp_len = 122
03-19 11:21:01.467 W/bt_btif ( 672): system/bt/main/bte_logmsg.cc:194 LogMsg: bta_hh_co_send_hid_info: vendor_id = 0x1d5a, product_id = 0xc081, version= 0x0101,ctry_code=0x00
03-19 11:21:01.467 D/BluetoothHidHostService( 672): Connection state C7:44:13:5B:41:8C: 1->2
03-19 11:21:01.468 W/bt_btif ( 672): system/bt/main/bte_logmsg.cc:194 LogMsg: bta_hh_co_send_hid_info: wrote descriptor to fd = 96, dscp_len = 122, result = 0
03-19 11:21:01.468 W/bt_stack( 672): [WARNING:btif_hh.cc(403)] Added device c7:44:13:5b:41:8c
03-19 11:21:01.468 W/bt_btif ( 672): system/bt/main/bte_logmsg.cc:194 LogMsg: BTA_HH_GET_DSCP_EVT: Called add device
03-19 11:21:01.469 W/bt_btif ( 672): system/bt/main/bte_logmsg.cc:194 LogMsg: BTA_HH_ADD_DEV_EVT: status = 0, handle = 16
03-19 11:21:01.470 D/XM_HIDREAD( 318): add@ add@/devices/virtual/misc/uhid/0005:1D5A:C081.0089
03-19 11:21:01.472 D/BluetoothAdapterService( 672): enable() - Enable called with quiet mode status = false
03-19 11:21:01.472 I/AdapterState( 672): ON : Unhandled message - BLE_TURN_ON
03-19 11:21:01.475 D/XM_HIDREAD( 318): add@ add@/devices/virtual/misc/uhid/0005:1D5A:C081.0089/input/input408
03-19 11:21:01.481 I/input ( 5496): Dangbei Keyboard as /devices/virtual/misc/uhid/0005:1D5A:C081.0089/input/input408
03-19 11:21:01.477 D/AdapterProperties( 672): PROFILE_CONNECTION_STATE_CHANGE: profile=4, device=C7:44:13:5B:41:8C, 1 -> 2
03-19 11:21:01.478 D/XM_HIDREAD( 318): add@ add@/devices/virtual/misc/uhid/0005:1D5A:C081.0089/input/input408/input408::numlock
03-19 11:21:01.479 D/XM_HIDREAD( 318): add@ add@/devices/virtual/misc/uhid/0005:1D5A:C081.0089/input/input408/input408::capslock
03-19 11:21:01.480 D/XM_HIDREAD( 318): add@ add@/devices/virtual/misc/uhid/0005:1D5A:C081.0089/input/input408/input408::scrolllock
03-19 11:21:01.480 D/XM_HIDREAD( 318): add@ add@/devices/virtual/misc/uhid/0005:1D5A:C081.0089/input/input408/input408::compose
03-19 11:21:01.481 D/XM_HIDREAD( 318): add@ add@/devices/virtual/misc/uhid/0005:1D5A:C081.0089/input/input408/input408::kana
03-19 11:21:01.481 D/AdapterProperties( 672): ADAPTER_CONNECTION_STATE_CHANGE: C7:44:13:5B:41:8C: 1 -> 2
03-19 11:21:01.482 D/XM_HIDREAD( 318): add@ add@/devices/virtual/misc/uhid/0005:1D5A:C081.0089/input/input408/event3
03-19 11:21:01.483 D/XM_HIDREAD( 318): add@ add@/devices/virtual/misc/uhid/0005:1D5A:C081.0089/input/input409
03-19 11:21:01.484 D/CachedBluetoothDevice( 679): onProfileStateChanged: profile HID, device Dangbei, newProfileState 2
03-19 11:21:01.485 D/XM_HIDREAD( 318): add@ add@/devices/virtual/misc/uhid/0005:1D5A:C081.0089/input/input409/event4
03-19 11:21:01.489 I/input ( 5496): Dangbei Consumer Control as /devices/virtual/misc/uhid/0005:1D5A:C081.0089/input/input409
03-19 11:21:01.487 D/XM_HIDREAD( 318): add@ add@/devices/virtual/misc/uhid/0005:1D5A:C081.0089/input/input410
03-19 11:21:01.493 I/input ( 5496): Dangbei as /devices/virtual/misc/uhid/0005:1D5A:C081.0089/input/input410
03-19 11:21:01.489 D/XM_HIDREAD( 318): add@ add@/devices/virtual/misc/uhid/0005:1D5A:C081.0089/input/input410/event5
03-19 11:21:01.495 I/hid-generic 0005( 5496): 1D5A:C081.0089: input: BLUETOOTH HID v1.01 Keyboard [Dangbei] on
03-19 11:21:01.499 D/EventHub( 487): No input device configuration file found for device 'Dangbei Keyboard'.
03-19 11:21:01.506 D/XM_HIDREAD( 318): add@ add@/devices/virtual/wakeup/wakeup27
03-19 11:21:01.506 I/EventHub( 487): usingClockIoctl=true
03-19 11:21:01.506 I/EventHub( 487): New device: id=409, fd=280, path='/dev/input/event3', name='Dangbei Keyboard', classes=KEYBOARD | EXTERNAL, configuration='', keyLayout='/system/usr/keylayout/Vendor_1d5a_Product_c081.kl', keyCharacterMap='/system/usr/keychars/Generic.kcm', builtinKeyboard=false,
03-19 11:21:01.507 I/InputReader( 487): Device added: id=140, eventHubId=409, name='Dangbei Keyboard', descriptor='142719f68ba1f1336fc48aa2b25b032b200b64b0',sources=0x00000101
03-19 11:21:01.510 D/EventHub( 487): No input device configuration file found for device 'Dangbei Consumer Control'.
03-19 11:21:01.517 D/XM_HIDREAD( 318): add@ add@/devices/virtual/wakeup/wakeup28
03-19 11:21:01.517 W/EventHub( 487): Unable to disable kernel key repeat for /dev/input/event4: Function not implemented
03-19 11:21:01.517 I/EventHub( 487): usingClockIoctl=true
03-19 11:21:01.517 I/EventHub( 487): New device: id=410, fd=288, path='/dev/input/event4', name='Dangbei Consumer Control', classes=KEYBOARD | JOYSTICK | EXTERNAL, configuration='', keyLayout='/system/usr/keylayout/Vendor_1d5a_Product_c081.kl', keyCharacterMap='/system/usr/keychars/Generic.kcm', builtinKeyboard=false,
03-19 11:21:01.518 I/InputReader( 487): Device added: id=140, eventHubId=410, name='Dangbei Consumer Control', descriptor='142719f68ba1f1336fc48aa2b25b032b200b64b0',sources=0x01000111
03-19 11:21:01.519 D/EventHub( 487): No input device configuration file found for device 'Dangbei'.
03-19 11:21:01.603 W/hdr10p_Configure( 363): 128 callbacks suppressed
03-19 11:21:01.603 I/ ( 363): DVI mode selected: packets not configured
03-19 11:21:01.603 W/set_vsif_config( 363): 128 callbacks suppressed
03-19 11:21:01.603 I/ ( 363): Error: set vsif failed
03-19 11:21:01.603 I/ ( 363): DVI mode selected: packets not configured
03-19 11:21:01.603 I/ ( 363): Error: set vsif failed
03-19 11:21:01.629 I/ ( 363): DVI mode selected: packets not configured
03-19 11:21:01.629 I/ ( 363): Error: set vsif failed
03-19 11:21:01.629 I/ ( 363): DVI mode selected: packets not configured
03-19 11:21:01.629 I/ ( 363): Error: set vsif failed
03-19 11:21:01.654 I/ ( 363): DVI mode selected: packets not configured
03-19 11:21:01.654 I/ ( 363): Error: set vsif failed
03-19 11:21:01.654 I/ ( 363): DVI mode selected: packets not configured
03-19 11:21:01.654 I/ ( 363): Error: set vsif failed
03-19 11:21:01.679 I/ ( 363): DVI mode selected: packets not configured
03-19 11:21:01.679 I/ ( 363): Error: set vsif failed
03-19 11:21:01.679 I/ ( 363): DVI mode selected: packets not configured
03-19 11:21:01.679 I/ ( 363): Error: set vsif failed
03-19 11:21:01.694 I/ ( 363): DVI mode selected: packets not configured
03-19 11:21:01.694 I/ ( 363): Error: set vsif failed
03-19 11:21:01.694 I/ ( 363): DVI mode selected: packets not configured
03-19 11:21:01.694 I/ ( 363): Error: set vsif failed
03-19 11:21:02.038 D/TvWindowManager( 487): key event key = KEYCODE_DPAD_UP down = true
03-19 11:21:02.039 D/GpioService( 487): mFlickerEnable = true
03-19 11:21:02.041 I/SogouIME( 2890): onKeyDown: keyoCode=19
03-19 11:21:02.041 I/DefaultIMS( 2890): onKeyDown: keyoCode=19
03-19 11:21:02.062 I/DefaultIMS( 2890): onStartInput attribute=android.view.inputmethod.EditorInfo@efe795f restarting=false inputType: 0
03-19 11:21:02.139 W/IorapForwardingService( 487): No service published for: iorapd
03-19 11:21:02.181 I/bt_stack( 672): [INFO:gatt_api.cc(1286)] GATT_Disconnect conn_id=0x0003
03-19 11:21:02.230 D/TvWindowManager( 487): key event key = KEYCODE_DPAD_UP down = false
03-19 11:21:02.230 E/dangbei111( 1047): cccccc 检查遥控器是否连接: Dangbei C9:B5:96:5C:E3:ED
03-19 11:21:02.232 I/SogouIME( 2890): onKeyUp: keyoCode=19
03-19 11:21:02.232 I/DefaultIMS( 2890): onKeyUp: keyoCode=19
03-19 11:21:02.234 E/dangbei111( 1047): cccccc 检查遥控器是否连接: 蓝牙的结果 Dangbei C9:B5:96:5C:E3:ED false
03-19 11:21:02.236 E/dangbei111( 1047): cccccc 确实有遥控器 存在 取消check任务
03-19 11:21:02.239 E/dangbei111( 1047): cccccc 检查遥控器是否连接: Dangbei C7:44:13:5B:41:8C
03-19 11:21:02.242 E/dangbei111( 1047): cccccc 检查遥控器是否连接: 蓝牙的结果 Dangbei C7:44:13:5B:41:8C true
03-19 11:21:02.242 E/dangbei111( 1047): cccccc 确实有遥控器 存在 取消check任务
03-19 11:21:02.242 E/dangbei111( 1047): cccccc 确实有遥控器 存在 重置beeGatt
03-19 11:21:02.242 E/dangbei111( 1047): cccccc 尝试 stopBleScan
03-19 11:21:02.244 D/BluetoothAdapter( 1047): isLeEnabled(): ON
03-19 11:21:02.244 D/BluetoothLeScanner( 1047): could not find callback wrapper
03-19 11:21:02.244 E/dangbei111( 1047): cccccc stopBleScanInner null
03-19 11:21:02.244 E/dangbei111( 1047): cccccc rc is connected, stop scan =C7:44:13:5B:41:8C
03-19 11:21:02.246 E/dangbei111( 1047): cccccc 准备cancelPair Dangbei C9:B5:96:5C:E3:ED
03-19 11:21:02.250 E/dangbei111( 1047): cccccc 取消pair Dangbei C9:B5:96:5C:E3:ED 12
03-19 11:21:02.250 I/BluetoothDevice( 1047): removeBond() for device C9:B5:96:5C:E3:ED called by pid: 1047 tid: 1047
03-19 11:21:02.251 I/bt_btif_config( 672): system/bt/btif/src/btif_config.cc:137 btif_get_device_type: Device [c9:b5:96:5c:e3:ed] device type 2
03-19 11:21:02.251 I/bt_btif_dm( 672): system/bt/btif/src/btif_dm.cc:384 get_cod: get_cod remote_cod = 0x00001f00
03-19 11:21:02.251 E/bt_btif ( 672): system/bt/main/bte_logmsg.cc:191 LogMsg: btif_hh_virtual_unplug: Error, device c9:b5:96:5c:e3:ed not opened, status = 5
03-19 11:21:02.252 I/bt_stack( 672): [INFO:btif_hh.cc(428)] btif_hh_remove_device: bda = c9:b5:96:5c:e3:ed
03-19 11:21:02.253 I/bt_btif_storage( 672): system/bt/btif/src/btif_storage.cc:839 btif_storage_remove_bonded_device: Removing bonded device addr:c9:b5:96:5c:e3:ed
03-19 11:21:02.253 I/bt_btif_storage( 672): system/bt/btif/src/btif_storage.cc:1138 btif_storage_remove_ble_bonding_keys: Removing bonding keys for bd addr:c9:b5:96:5c:e3:ed
03-19 11:21:02.256 I/BluetoothBondStateMachine( 672): Entering PendingCommandState State
03-19 11:21:02.258 W/BluetoothHidHostService( 672): no state change: 0
03-19 11:21:02.262 I/bt_btif_config( 672): system/bt/btif/src/btif_config.cc:137 btif_get_device_type: Device [c9:b5:96:5c:e3:ed] device type 2
03-19 11:21:02.262 I/bt_btif_dm( 672): system/bt/btif/src/btif_dm.cc:384 get_cod: get_cod remote_cod = 0x00001f00
03-19 11:21:02.262 I/bt_btif_dm( 672): system/bt/btif/src/btif_dm.cc:451 bond_state_changed: Bond state changed to state=0 [0:none, 1:bonding, 2:bonded], prev_state=0, sdp_attempts = 0
03-19 11:21:02.262 I/bt_btif_config( 672): system/bt/btif/src/btif_config.cc:137 btif_get_device_type: Device [c9:b5:96:5c:e3:ed] device type 2
03-19 11:21:02.262 I/bt_stack( 672): [INFO:gatt_api.cc(1231)] GATT_CancelConnect: gatt_if:0, address: c9:b5:96:5c:e3:ed, direct:0
03-19 11:21:02.263 E/bt_stack( 672): [ERROR:bta_gattc_api.cc(729)] BTA_GATTC_DeregisterForNotifications registration not found bd_addr=c9:b5:96:5c:e3:ed
03-19 11:21:02.263 E/bt_stack( 672): [ERROR:bta_gattc_api.cc(729)] BTA_GATTC_DeregisterForNotifications registration not found bd_addr=c9:b5:96:5c:e3:ed
03-19 11:21:02.263 E/bt_stack( 672): [ERROR:bta_gattc_api.cc(729)] BTA_GATTC_DeregisterForNotifications registration not found bd_addr=c9:b5:96:5c:e3:ed
03-19 11:21:02.263 E/bt_stack( 672): [ERROR:bta_gattc_api.cc(729)] BTA_GATTC_DeregisterForNotifications registration not found bd_addr=c9:b5:96:5c:e3:ed
03-19 11:21:02.263 E/bt_stack( 672): [ERROR:bta_gattc_api.cc(729)] BTA_GATTC_DeregisterForNotifications registration not found bd_addr=c9:b5:96:5c:e3:ed
03-19 11:21:02.263 I/bt_bta_sys_main( 672): system/bt/bta/sys/bta_sys_main.cc:99 bta_sys_event: Ignoring receipt of unregistered event id:HID Human interface device
03-19 11:21:02.263 E/bt_stack( 672): [ERROR:bta_gattc_utils.cc(441)] bta_gattc_mark_bg_conn unable to find the bg connection mask for bd_addr=c9:b5:96:5c:e3:ed
03-19 11:21:02.266 D/BluetoothGatt( 1047): discoverServices() - device: C7:44:13:5B:41:8C
03-19 11:21:02.269 E/BtGatt.GattService( 672): discoverServices() - No connection for C7:44:13:5B:41:8C...
03-19 11:21:02.269 E/dangbei111( 1047): getBattery delay 0
03-19 11:21:02.272 I/BluetoothBondStateMachine( 672): bondStateChangeCallback: Status: 0 Address: C9:B5:96:5C:E3:ED newState: 0
03-19 11:21:02.276 D/AdapterProperties( 672): Removing bonded device:C9:B5:96:5C:E3:ED
03-19 11:21:02.276 I/bt_btif_config( 672): system/bt/btif/src/btif_config.cc:137 btif_get_device_type: Device [c7:44:13:5b:41:8c] device type 2
03-19 11:21:02.277 D/BluetoothGatt( 1047): onClientConnectionState() - status=0 clientIf=5 device=C7:44:13:5B:41:8C
03-19 11:21:02.277 D/BluetoothGatt( 1047): discoverServices() - device: C7:44:13:5B:41:8C
03-19 11:21:02.279 I/bt_btif_config( 672): system/bt/btif/src/btif_config.cc:137 btif_get_device_type: Device [c7:44:13:5b:41:8c] device type 2
03-19 11:21:02.279 D/BluetoothGatt( 1047): discoverServices() - device: C7:44:13:5B:41:8C
03-19 11:21:02.280 E/BtGatt.GattService( 672): discoverServices() - No connection for C7:44:13:5B:41:8C...
03-19 11:21:02.281 E/dangbei111( 1047): 5mins后会再次获取电量
03-19 11:21:02.281 E/dangbei111( 1047): getBattery delay 300000
03-19 11:21:02.281 I/bt_bta_gattc( 672): system/bt/bta/gatt/bta_gattc_cache.cc:902 bta_gattc_get_gatt_db: bta_gattc_get_gatt_db
03-19 11:21:02.281 I/BluetoothBondStateMachine( 672): Bond State Change Intent:C9:B5:96:5C:E3:ED BOND_BONDED => BOND_NONE
03-19 11:21:02.283 W/HeadsetClientService( 672): getHeadsetClientService(): service is null
03-19 11:21:02.283 W/PbapClientService( 672): getPbapClientService(): service is null
03-19 11:21:02.283 D/BluetoothGatt( 1047): onClientConnectionState() - status=0 clientIf=6 device=C7:44:13:5B:41:8C
03-19 11:21:02.283 D/BluetoothDatabase( 672): updateDatabase C9:B5:96:5C:E3:ED
03-19 11:21:02.283 D/BluetoothGatt( 1047): discoverServices() - device: C7:44:13:5B:41:8C
03-19 11:21:02.283 D/BluetoothGatt( 1047): onSearchComplete() = Device=C7:44:13:5B:41:8C Status=0
03-19 11:21:02.284 D/A2dpService( 672): Saved connectionPolicy C9:B5:96:5C:E3:ED = -1
03-19 11:21:02.284 V/BluetoothDatabase( 672): setProfileConnectionPolicy connection policy not changed.
03-19 11:21:02.284 I/HeadsetService( 672): setConnectionPolicy: device=C9:B5:96:5C:E3:ED, connectionPolicy=-1, uid/pid=1002/672
03-19 11:21:02.284 V/BluetoothDatabase( 672): setProfileConnectionPolicy connection policy not changed.
03-19 11:21:02.284 I/BluetoothBondStateMachine( 672): StableState(): Entering Off State
03-19 11:21:02.284 W/BroadcastQueue( 487): Background execution not allowed: receiving Intent { act=android.bluetooth.device.action.BOND_STATE_CHANGED flg=0x10 (has extras) } to com.dangbei.lerad.etna.haqu/com.dangbei.remotecontroller.RemoteControllerReceiver
03-19 11:21:02.286 D/A2dpService( 672): Bond state changed for device: C9:B5:96:5C:E3:ED state: 10
03-19 11:21:02.287 E/bond ( 2949): name=Dangbei,state=10,action=android.bluetooth.device.action.BOND_STATE_CHANGED
03-19 11:21:02.289 I/bt_bta_gattc( 672): system/bt/bta/gatt/bta_gattc_cache.cc:902 bta_gattc_get_gatt_db: bta_gattc_get_gatt_db
03-19 11:21:02.292 I/dangbei111( 1047): cccccc on receiver=android.bluetooth.device.action.BOND_STATE_CHANGED,mac=C9:B5:96:5C:E3:ED
03-19 11:21:02.292 I/dangbei111( 1047): Wait for auto connection, processBondStateChange: bondState: 12 --> 10 C9:B5:96:5C:E3:ED
03-19 11:21:02.292 D/BluetoothGatt( 1047): onSearchComplete() = Device=C7:44:13:5B:41:8C Status=0
03-19 11:21:02.297 D/BluetoothDatabase( 672): getCustomMeta: device C9:B5:96:5C:E3:ED is not in cache
03-19 11:21:02.298 D/BluetoothDatabase( 672): getCustomMeta: device C9:B5:96:5C:E3:ED is not in cache
03-19 11:21:02.298 W/BluetoothEventManager( 679): showUnbondMessage: Not displaying any message for reason: 9
03-19 11:21:02.353 E/dangbei111( 1047): battery level=100
03-19 11:21:03.142 W/IorapForwardingService( 487): No service published for: iorapd
03-19 11:21:04.144 W/IorapForwardingService( 487): No service published for: iorapd
03-19 11:21:04.227 E/dangbei111( 1047): cccccc 检测到网络 准备请求遥控器ota信息
03-19 11:21:04.228 W/ContextImpl( 1047): Calling a method in the system process without a qualified user: android.app.ContextImpl.sendBroadcast:1173 android.content.ContextWrapper.sendBroadcast:479 com.dangbei.remotecontroller.RemoteControllerReceiver.sendMessageToUpdateHelper:122 com.dangbei.remotecontroller.RemoteControllerReceiver.access$100:28 com.dangbei.remotecontroller.RemoteControllerReceiver$1.handleMessage:41
03-19 11:21:04.230 E/ActivityManager( 487): Sending non-protected broadcast com.dangbei.remote.connected from system 1047:com.dangbei.lerad.etna.haqu/1000 pkg com.dangbei.lerad.etna.haqu
03-19 11:21:04.230 E/ActivityManager( 487): java.lang.Throwable
03-19 11:21:04.230 E/ActivityManager( 487): at com.android.server.am.ActivityManagerService.checkBroadcastFromSystem(ActivityManagerService.java:12816)
03-19 11:21:04.230 E/ActivityManager( 487): at com.android.server.am.ActivityManagerService.broadcastIntentLocked(ActivityManagerService.java:13416)
03-19 11:21:04.230 E/ActivityManager( 487): at com.android.server.am.ActivityManagerService.broadcastIntentLocked(ActivityManagerService.java:12833)
03-19 11:21:04.230 E/ActivityManager( 487): at com.android.server.am.ActivityManagerService.broadcastIntentWithFeature(ActivityManagerService.java:13670)
03-19 11:21:04.230 E/ActivityManager( 487): at android.app.IActivityManager$Stub.onTransact(IActivityManager.java:2326)
03-19 11:21:04.230 E/ActivityManager( 487): at com.android.server.am.ActivityManagerService.onTransact(ActivityManagerService.java:2509)
03-19 11:21:04.230 E/ActivityManager( 487): at android.os.Binder.execTransactInternal(Binder.java:1179)
03-19 11:21:04.230 E/ActivityManager( 487): at android.os.Binder.execTransact(Binder.java:1143)
03-19 11:21:04.232 E/ActivityManager( 487): Sending non-protected broadcast com.dangbei.remote.connected from system 1047:com.dangbei.lerad.etna.haqu/1000 pkg com.dangbei.lerad.etna.haqu
03-19 11:21:04.232 E/ActivityManager( 487): java.lang.Throwable
03-19 11:21:04.232 E/ActivityManager( 487): at com.android.server.am.ActivityManagerService.checkBroadcastFromSystem(ActivityManagerService.java:12816)
03-19 11:21:04.232 E/ActivityManager( 487): at com.android.server.am.ActivityManagerService.broadcastIntentLocked(ActivityManagerService.java:13513)
03-19 11:21:04.232 E/ActivityManager( 487): at com.android.server.am.ActivityManagerService.broadcastIntentLocked(ActivityManagerService.java:12833)
03-19 11:21:04.232 E/ActivityManager( 487): at com.android.server.am.ActivityManagerService.broadcastIntentWithFeature(ActivityManagerService.java:13670)
03-19 11:21:04.232 E/ActivityManager( 487): at android.app.IActivityManager$Stub.onTransact(IActivityManager.java:2326)
03-19 11:21:04.232 E/ActivityManager( 487): at com.android.server.am.ActivityManagerService.onTransact(ActivityManagerService.java:2509)
03-19 11:21:04.232 E/ActivityManager( 487): at android.os.Binder.execTransactInternal(Binder.java:1179)
03-19 11:21:04.232 E/ActivityManager( 487): at android.os.Binder.execTransact(Binder.java:1143)
03-19 11:21:04.233 I/DropBoxManagerService( 487): add tag=system_server_wtf isTagEnabled=true flags=0x2
03-19 11:21:04.238 I/DropBoxManagerService( 487): add tag=system_server_wtf isTagEnabled=true flags=0x2
03-19 11:21:04.240 E/dangbei111( 1047): 读出来的遥控器版本不是空 CSH251028
03-19 11:21:04.241 E/dangbei111( 1047): cccccc requestRemoteInfoInner factory BK version CSH251028
03-19 11:21:04.261 I/okhttp.OkHttpClient( 1047): --> POST http://tymsgapi.qun7.com/v1/core/ykota (622-byte body)
03-19 11:21:04.282 E/WifiHAL ( 663): wifi_get_link_stats: requestResponse Error:-5
03-19 11:21:04.283 E/WifiVendorHal( 487): getWifiLinkLayerStats_1_5_Internal(l.1191) failed {.code = ERROR_INVALID_ARGS, .description = }
03-19 11:21:04.335 I/okhttp.OkHttpClient( 1047): <-- 200 OK http://tymsgapi.qun7.com/v1/core/ykota (73ms, unknown-length body)
03-19 11:21:04.340 E/dangbei111( 1047): cccccc requestRemoteInfoInner BaseResponse{message='success', data=null, code=0}
03-19 11:21:04.341 W/System.err( 1047): java.lang.NullPointerException: Attempt to invoke virtual method 'java.lang.String com.etna.haqu.model.business.bean.db.remote.RemoteUpdateBean.getDownloadId()' on a null object reference
03-19 11:21:04.341 W/System.err( 1047): at com.dangbei.etna.update.remote.RemoteUpdateHelper$requestRemoteInfoInner$1$2.invoke(RemoteUpdateHelper.kt:199)
03-19 11:21:04.341 W/System.err( 1047): at com.dangbei.etna.update.remote.RemoteUpdateHelper$requestRemoteInfoInner$1$2.invoke(RemoteUpdateHelper.kt:188)
03-19 11:21:04.341 W/System.err( 1047): at com.etna.haqu.support.ext.FlowExtKt$safeCollect$3.emit(FlowExt.kt:52)
03-19 11:21:04.342 W/System.err( 1047): at kotlinx.coroutines.flow.FlowKt__ErrorsKt$catchImpl$2.emit(Errors.kt:158)
03-19 11:21:04.342 W/System.err( 1047): at kotlinx.coroutines.flow.FlowKt__ChannelsKt.emitAllImpl$FlowKt__ChannelsKt(Channels.kt:62)
03-19 11:21:04.342 W/System.err( 1047): at kotlinx.coroutines.flow.FlowKt__ChannelsKt.access$emitAllImpl$FlowKt__ChannelsKt(Channels.kt:1)
03-19 11:21:04.342 W/System.err( 1047): at kotlinx.coroutines.flow.FlowKt__ChannelsKt$emitAllImpl$1.invokeSuspend(Unknown Source:14)
03-19 11:21:04.342 W/System.err( 1047): at kotlin.coroutines.jvm.internal.BaseContinuationImpl.resumeWith(ContinuationImpl.kt:33)
03-19 11:21:04.342 W/System.err( 1047): at kotlinx.coroutines.DispatchedTask.run(DispatchedTask.kt:106)
03-19 11:21:04.342 W/System.err( 1047): at android.os.Handler.handleCallback(Handler.java:938)
03-19 11:21:04.342 W/System.err( 1047): at android.os.Handler.dispatchMessage(Handler.java:99)
03-19 11:21:04.342 W/System.err( 1047): at android.os.Looper.loopOnce(Looper.java:201)
03-19 11:21:04.342 W/System.err( 1047): at android.os.Looper.loop(Looper.java:288)
03-19 11:21:04.343 W/System.err( 1047): at android.app.ActivityThread.main(ActivityThread.java:7854)
03-19 11:21:04.343 W/System.err( 1047): at java.lang.reflect.Method.invoke(Native Method)
03-19 11:21:04.343 W/System.err( 1047): at com.android.internal.os.RuntimeInit$MethodAndArgsCaller.run(RuntimeInit.java:548)
03-19 11:21:04.343 W/System.err( 1047): at com.android.internal.os.ZygoteInit.main(ZygoteInit.java:1182)
03-19 11:21:04.347 E/ccc ( 2949): cccccc notifyUpdateChanged {"code":1,"data":{"hasUpdate":false,"what":2,"why":-1},"message":"更新状态变化"}
03-19 11:21:04.349 E/ccc ( 2949): cccccc EtnaSendUpdateStatusChangeBean.remoteUpdateChanged
03-19 11:21:04.349 E/ccc ( 2949): cccccc event HomeActivity REMOTE_UPDATE_STATUS_CHANGED
03-19 11:21:04.349 E/ccc ( 1047): cccccc updateHelper 通知更新
03-19 11:21:04.349 E/dangbei111( 1047): cccccc requestRemoteInfoInner 出现异常 Attempt to invoke virtual method 'java.lang.String com.etna.haqu.model.business.bean.db.remote.RemoteUpdateBean.getDownloadId()' on a null object reference
03-19 11:21:05.147 W/IorapForwardingService( 487): No service published for: iorapd
03-19 11:21:05.296 E/dangbei111( 1047): cccccc 准备开始进行 startScanInner
03-19 11:21:05.296 E/dangbei111( 1047): cccccc 真正开始进入扫描流程啦
03-19 11:21:05.300 E/dangbei111( 1047): cccccc 检查遥控器是否连接: Dangbei C7:44:13:5B:41:8C
03-19 11:21:05.304 E/dangbei111( 1047): cccccc 检查遥控器是否连接: 蓝牙的结果 Dangbei C7:44:13:5B:41:8C true
03-19 11:21:05.304 E/dangbei111( 1047): cccccc 确实有遥控器 存在 取消check任务
03-19 11:21:05.304 E/dangbei111( 1047): cccccc 尝试 stopBleScan
03-19 11:21:05.306 D/BluetoothAdapter( 1047): isLeEnabled(): ON
03-19 11:21:05.306 D/BluetoothLeScanner( 1047): could not find callback wrapper
03-19 11:21:05.306 E/dangbei111( 1047): cccccc stopBleScanInner null
03-19 11:21:05.306 E/dangbei111( 1047): cccccc rc is connected, stop scan =C7:44:13:5B:41:8C
03-19 11:21:05.306 E/dangbei111( 1047): cccccc 遥控器有连接 不做 scan
03-19 11:21:05.306 E/dangbei111( 1047): 开始扫描 com.dangbei.remotecontroller.RCHelper$3@192b553
03-19 11:21:05.306 D/BluetoothAdapter( 1047): isLeEnabled(): ON
03-19 11:21:05.309 I/bluetooth( 672): system/bt/stack/gatt/gatt_api.cc:1019 GATT_Register: Allocated name:GattClient uuid:59a8502e-1d4c-c916-a2c8-ce26eb719213 gatt_if:8 eatt_support:0
03-19 11:21:05.309 I/bt_bta_gattc( 672): system/bt/bta/gatt/bta_gattc_act.cc:1110 bta_gattc_conn_cback: Connected att_id:8 transport:le reason:GATT_CONN_OK
03-19 11:21:05.310 D/BluetoothLeScanner( 1047): onScannerRegistered() - status=0 scannerId=8 mScannerId=0
03-19 11:21:06.149 W/IorapForwardingService( 487): No service published for: iorapd
03-19 11:21:07.152 W/IorapForwardingService( 487): No service published for: iorapd
03-19 11:21:07.180 I/bt_stack( 672): [INFO:btsnoop.cc(338)] clear_l2cap_allowlist: Clearing acceptlist from l2cap channel. conn_handle=16 cid=4:4
03-19 11:21:07.180 I/bluetooth( 672): system/bt/stack/gap/gap_ble.cc:298 client_connect_cback: No active GAP service found for peer:xx:xx:xx:xx:41:8c callback:Disconnected
03-19 11:21:07.181 I/bt_bta_gattc( 672): system/bt/bta/gatt/bta_gattc_act.cc:1115 bta_gattc_conn_cback: Disconnected att_id:3 transport:le reason:GATT_CONN_TIMEOUT
03-19 11:21:07.181 I/bt_bta_gattc( 672): system/bt/bta/gatt/bta_gattc_act.cc:1115 bta_gattc_conn_cback: Disconnected att_id:4 transport:le reason:GATT_CONN_TIMEOUT
03-19 11:21:07.181 I/bt_bta_gattc( 672): system/bt/bta/gatt/bta_gattc_act.cc:1115 bta_gattc_conn_cback: Disconnected att_id:5 transport:le reason:GATT_CONN_TIMEOUT
03-19 11:21:07.181 I/bt_bta_gattc( 672): system/bt/bta/gatt/bta_gattc_act.cc:1115 bta_gattc_conn_cback: Disconnected att_id:6 transport:le reason:GATT_CONN_TIMEOUT
03-19 11:21:07.181 I/bt_bta_gattc( 672): system/bt/bta/gatt/bta_gattc_act.cc:1115 bta_gattc_conn_cback: Disconnected att_id:8 transport:le reason:GATT_CONN_TIMEOUT
03-19 11:21:07.181 W/bt_btm_sec( 672): system/bt/stack/btm/btm_sec.cc:3685 btm_sec_disconnected: Got uncommon disconnection reason:Connection Timeout handle:0x0010
03-19 11:21:07.183 I/btif_av ( 672): system/bt/btif/src/btif_av.cc:3352 btif_av_acl_disconnected: btif_av_acl_disconnected: Peer c7:44:13:5b:41:8c : ACL Disconnected
03-19 11:21:07.183 E/bt_stack( 672): [ERROR:bta_gattc_api.cc(729)] BTA_GATTC_DeregisterForNotifications registration not found bd_addr=c7:44:13:5b:41:8c
03-19 11:21:07.183 E/bt_stack( 672): [ERROR:bta_gattc_api.cc(729)] BTA_GATTC_DeregisterForNotifications registration not found bd_addr=c7:44:13:5b:41:8c
03-19 11:21:07.183 W/bt_btif ( 672): system/bt/main/bte_logmsg.cc:194 LogMsg: bta_hh_co_close: dev_handle = 16, app_id = 255
03-19 11:21:07.184 W/bt_btif ( 672): system/bt/main/bte_logmsg.cc:194 LogMsg: bta_hh_co_close: Found an existing device with the same handle dev_status = 0, dev_handle =16
03-19 11:21:07.184 I/btif_av ( 672): system/bt/btif/src/btif_av.cc:1078 FindOrCreatePeer: BtifAvPeer *BtifAvSource::FindOrCreatePeer(const RawAddress &, tBTA_AV_HNDL): Create peer: peer_address=c7:44:13:5b:41:8c bta_handle=0x41 peer_id=0
03-19 11:21:07.184 I/btif_av ( 672): system/bt/btif/src/btif_av.cc:3279 btif_av_get_peer_sep: No active sink or source peer found
03-19 11:21:07.184 I/bt_btif_a2dp_source( 672): system/bt/btif/src/btif_a2dp_source.cc:691 btif_a2dp_source_on_idle: btif_a2dp_source_on_idle: state=STATE_OFF
03-19 11:21:07.184 D/BluetoothGatt( 1047): onClientConnectionState() - status=0 clientIf=5 device=C7:44:13:5B:41:8C
03-19 11:21:07.184 I/btif_av ( 672): system/bt/btif/src/btif_av.cc:3279 btif_av_get_peer_sep: No active sink or source peer found
03-19 11:21:07.184 I/bt_btif_a2dp_source( 672): system/bt/btif/src/btif_a2dp_source.cc:691 btif_a2dp_source_on_idle: btif_a2dp_source_on_idle: state=STATE_OFF
03-19 11:21:07.184 I/btif_av ( 672): system/bt/btif/src/btif_av.cc:1123 DeleteIdlePeers: DeleteIdlePeers: Deleting idle peer: c7:44:13:5b:41:8c bta_handle=0x41
03-19 11:21:07.184 D/BluetoothGatt( 1047): onClientConnectionState() - status=0 clientIf=6 device=C7:44:13:5B:41:8C
03-19 11:21:07.193 E/dangbei111( 1047): cccccc 检查遥控器是否连接: Dangbei C7:44:13:5B:41:8C
03-19 11:21:07.198 D/XM_HIDREAD( 318): remove@ remove@/devices/virtual/misc/uhid/0005:1D5A:C081.0089/input/input408/input408::numlock
03-19 11:21:07.198 E/dangbei111( 1047): cccccc 检查遥控器是否连接: 蓝牙的结果 Dangbei C7:44:13:5B:41:8C false
03-19 11:21:07.198 E/dangbei111( 1047): cccccc 确实有遥控器 存在 取消check任务
03-19 11:21:07.200 D/XM_HIDREAD( 318): remove@ remove@/devices/virtual/misc/uhid/0005:1D5A:C081.0089/input/input408/input408::capslock
03-19 11:21:07.200 E/dangbei111( 1047): scan get device,state=10
03-19 11:21:07.200 E/dangbei111( 1047): ble scan find the device C9:B5:96:5C:E3:ED
03-19 11:21:07.202 E/dangbei111( 1047): cccccc 扫描到了设备 Dangbei C9:B5:96:5C:E3:ED
03-19 11:21:07.202 D/XM_HIDREAD( 318): remove@ remove@/devices/virtual/misc/uhid/0005:1D5A:C081.0089/input/input408/input408::scrolllock
03-19 11:21:07.202 E/bond ( 2949): name=Dangbei,state=12,action=android.bluetooth.device.action.ACL_DISCONNECTED
03-19 11:21:07.203 D/XM_HIDREAD( 318): remove@ remove@/devices/virtual/misc/uhid/0005:1D5A:C081.0089/input/input408/input408::compose
03-19 11:21:07.204 D/XM_HIDREAD( 318): remove@ remove@/devices/virtual/misc/uhid/0005:1D5A:C081.0089/input/input408/input408::kana
03-19 11:21:07.205 E/dangbei111( 1047): cccccc 检查遥控器是否连接: Dangbei C7:44:13:5B:41:8C
03-19 11:21:07.206 E/dangbei111( 1047): cccccc 检查遥控器是否连接: 蓝牙的结果 Dangbei C7:44:13:5B:41:8C false
03-19 11:21:07.206 E/dangbei111( 1047): cccccc 确实有遥控器 存在 取消check任务
03-19 11:21:07.208 E/dangbei111( 1047): cccccc 检查遥控器是否连接: Dangbei C7:44:13:5B:41:8C
03-19 11:21:07.209 E/dangbei111( 1047): cccccc 检查遥控器是否连接: 蓝牙的结果 Dangbei C7:44:13:5B:41:8C false
03-19 11:21:07.209 E/dangbei111( 1047): cccccc 确实有遥控器 存在 取消check任务
03-19 11:21:07.209 E/dangbei111( 1047): bondOrConnect state=10
03-19 11:21:07.209 E/dangbei111( 1047): 500ms后 开始配对 先去停止scan
03-19 11:21:07.209 E/dangbei111( 1047): cccccc 尝试 stopBleScan
03-19 11:21:07.210 D/BluetoothAdapter( 1047): isLeEnabled(): ON
03-19 11:21:07.214 I/bt_stack( 672): [INFO:gatt_api.cc(1042)] GATT_Deregister gatt_if=8
03-19 11:21:07.214 E/dangbei111( 1047): cccccc stopBleScanInner com.dangbei.remotecontroller.RCHelper$3@192b553
03-19 11:21:07.217 I/dangbei111( 1047): cccccc on receiver=android.bluetooth.device.action.ACL_DISCONNECTED,mac=C7:44:13:5B:41:8C
03-19 11:21:07.237 D/XM_HIDREAD( 318): remove@ remove@/devices/virtual/misc/uhid/0005:1D5A:C081.0089/input/input408/event3
03-19 11:21:07.238 I/EventHub( 487): Removing device Dangbei Keyboard due to epoll hang-up event.
03-19 11:21:07.238 I/EventHub( 487): Removed device: path=/dev/input/event3 name=Dangbei Keyboard id=409 fd=280 classes=KEYBOARD | EXTERNAL
03-19 11:21:07.239 D/XM_HIDREAD( 318): remove@ remove@/devices/virtual/wakeup/wakeup27
03-19 11:21:07.260 W/hdr10p_Configure( 363): 136 callbacks suppressed
03-19 11:21:07.260 I/ ( 363): DVI mode selected: packets not configured
03-19 11:21:07.260 W/set_vsif_config( 363): 136 callbacks suppressed
03-19 11:21:07.260 I/ ( 363): Error: set vsif failed
03-19 11:21:07.260 I/ ( 363): DVI mode selected: packets not configured
03-19 11:21:07.260 I/ ( 363): Error: set vsif failed
03-19 11:21:07.261 I/InputReader( 487): Device removed: id=140, eventHubId=409, name='Dangbei Keyboard', descriptor='142719f68ba1f1336fc48aa2b25b032b200b64b0', sources=0x01000111
03-19 11:21:07.262 I/EventHub( 487): Removing device '/dev/input/event3' due to inotify event
03-19 11:21:07.269 D/XM_HIDREAD( 318): remove@ remove@/devices/virtual/misc/uhid/0005:1D5A:C081.0089/input/input408
03-19 11:21:07.269 D/XM_HIDREAD( 318): remove@ remove@/devices/virtual/misc/uhid/0005:1D5A:C081.0089/input/input409/event4
03-19 11:21:07.270 I/EventHub( 487): Removing device Dangbei Consumer Control due to epoll hang-up event.
03-19 11:21:07.270 I/EventHub( 487): Removed device: path=/dev/input/event4 name=Dangbei Consumer Control id=410 fd=288 classes=KEYBOARD | JOYSTICK | EXTERNAL
03-19 11:21:07.271 D/XM_HIDREAD( 318): remove@ remove@/devices/virtual/wakeup/wakeup28
03-19 11:21:07.289 I/InputReader( 487): Device removed: id=140, eventHubId=410, name='Dangbei Keyboard', descriptor='142719f68ba1f1336fc48aa2b25b032b200b64b0', sources=0x01000111
03-19 11:21:07.290 I/EventHub( 487): Removing device '/dev/input/event4' due to inotify event
03-19 11:21:07.290 D/XM_HIDREAD( 318): remove@ remove@/devices/virtual/misc/uhid/0005:1D5A:C081.0089/input/input409
03-19 11:21:07.292 E/WifiHAL ( 663): wifi_get_link_stats: requestResponse Error:-5
03-19 11:21:07.293 D/XM_HIDREAD( 318): remove@ remove@/devices/virtual/misc/uhid/0005:1D5A:C081.0089/input/input410/event5
03-19 11:21:07.294 E/WifiVendorHal( 487): getWifiLinkLayerStats_1_5_Internal(l.1191) failed {.code = ERROR_INVALID_ARGS, .description = }
03-19 11:21:07.296 I/EventHub( 487): Removing device '/dev/input/event5' due to inotify event
03-19 11:21:07.317 D/XM_HIDREAD( 318): remove@ remove@/devices/virtual/misc/uhid/0005:1D5A:C081.0089/input/input410
03-19 11:21:07.318 D/XM_HIDREAD( 318): remove@ remove@/devices/virtual/misc/uhid/0005:1D5A:C081.0089
03-19 11:21:07.320 D/BluetoothHidHostService( 672): Connection state C7:44:13:5B:41:8C: 2->0
03-19 11:21:07.323 D/AdapterProperties( 672): PROFILE_CONNECTION_STATE_CHANGE: profile=4, device=C7:44:13:5B:41:8C, 2 -> 0
03-19 11:21:07.324 W/AdapterProperties( 672): PROFILE_CONNECTION_STATE_CHANGE: unexpected transition for profile=4, device=C7:44:13:5B:41:8C, 2 -> 0
03-19 11:21:07.328 D/AdapterProperties( 672): ADAPTER_CONNECTION_STATE_CHANGE: C7:44:13:5B:41:8C: 2 -> 0
03-19 11:21:07.328 W/AdapterProperties( 672): ADAPTER_CONNECTION_STATE_CHANGE: unexpected transition for profile=4, device=C7:44:13:5B:41:8C, 2 -> 0
03-19 11:21:07.335 D/CachedBluetoothDevice( 679): onProfileStateChanged: profile HID, device Dangbei, newProfileState 0
03-19 11:21:07.464 I/WifiService( 487): startScan uid=1000
03-19 11:21:07.466 E/ccc ( 2949): cccccc i will start scan
03-19 11:21:07.613 I/ ( 363): DVI mode selected: packets not configured
03-19 11:21:07.613 I/ ( 363): Error: set vsif failed
03-19 11:21:07.613 I/ ( 363): DVI mode selected: packets not configured
03-19 11:21:07.613 I/ ( 363): Error: set vsif failed
03-19 11:21:07.639 I/ ( 363): DVI mode selected: packets not configured
03-19 11:21:07.639 I/ ( 363): Error: set vsif failed
03-19 11:21:07.640 I/ ( 363): DVI mode selected: packets not configured
03-19 11:21:07.640 I/ ( 363): Error: set vsif failed
03-19 11:21:07.663 I/ ( 363): DVI mode selected: packets not configured
03-19 11:21:07.663 I/ ( 363): Error: set vsif failed
03-19 11:21:07.663 I/ ( 363): DVI mode selected: packets not configured
03-19 11:21:07.663 I/ ( 363): Error: set vsif failed
03-19 11:21:07.688 I/ ( 363): DVI mode selected: packets not configured
03-19 11:21:07.688 I/ ( 363): Error: set vsif failed
03-19 11:21:07.689 I/ ( 363): DVI mode selected: packets not configured
03-19 11:21:07.689 I/ ( 363): Error: set vsif failed
03-19 11:21:07.723 I/bt_btif_dm( 672): system/bt/btif/src/btif_dm.cc:1884 btif_dm_cancel_discovery: Cancel search
03-19 11:21:07.725 I/BluetoothBondStateMachine( 672): Bond address is:C9:B5:96:5C:E3:ED
03-19 11:21:07.726 I/bt_btif_config( 672): system/bt/btif/src/btif_config.cc:137 btif_get_device_type: Device [c9:b5:96:5c:e3:ed] device type 2
03-19 11:21:07.726 I/bt_btif_dm( 672): system/bt/btif/src/btif_dm.cc:384 get_cod: get_cod remote_cod = 0x00001f00
03-19 11:21:07.726 I/bt_btif_dm( 672): system/bt/btif/src/btif_dm.cc:384 get_cod: get_cod remote_cod = 0x00001f00
03-19 11:21:07.726 I/bt_btif_config( 672): system/bt/btif/src/btif_config.cc:137 btif_get_device_type: Device [c9:b5:96:5c:e3:ed] device type 2
03-19 11:21:07.726 I/bt_btif_dm( 672): system/bt/btif/src/btif_dm.cc:384 get_cod: get_cod remote_cod = 0x00001f00
03-19 11:21:07.726 I/bt_btif_dm( 672): system/bt/btif/src/btif_dm.cc:451 bond_state_changed: Bond state changed to state=1 [0:none, 1:bonding, 2:bonded], prev_state=0, sdp_attempts = 0
03-19 11:21:07.727 I/bt_btif_config( 672): system/bt/btif/src/btif_config.cc:137 btif_get_device_type: Device [c9:b5:96:5c:e3:ed] device type 2
03-19 11:21:07.728 I/BluetoothBondStateMachine( 672): bondStateChangeCallback: Status: 0 Address: C9:B5:96:5C:E3:ED newState: 1
03-19 11:21:07.729 I/BluetoothBondStateMachine( 672): Entering PendingCommandState State
03-19 11:21:07.761 D/BluetoothDatabase( 672): getCustomMeta: device C9:B5:96:5C:E3:ED is not in cache
03-19 11:21:07.762 D/BluetoothDatabase( 672): updateDatabase C9:B5:96:5C:E3:ED
03-19 11:21:07.765 I/dangbei111( 1047): cccccc on receiver=android.bluetooth.device.action.BOND_STATE_CHANGED,mac=C9:B5:96:5C:E3:ED
03-19 11:21:07.765 I/dangbei111( 1047): Wait for auto connection, processBondStateChange: bondState: 10 --> 11 C9:B5:96:5C:E3:ED
03-19 11:21:07.766 D/A2dpService( 672): Bond state changed for device: C9:B5:96:5C:E3:ED state: 11
03-19 11:21:07.766 W/BroadcastQueue( 487): Background execution not allowed: receiving Intent { act=android.bluetooth.device.action.BOND_STATE_CHANGED flg=0x10 (has extras) } to com.dangbei.lerad.etna.haqu/com.dangbei.remotecontroller.RemoteControllerReceiver
03-19 11:21:07.766 I/BluetoothBondStateMachine( 672): Bond State Change Intent:C9:B5:96:5C:E3:ED BOND_NONE => BOND_BONDING
03-19 11:21:07.769 E/bond ( 2949): name=Dangbei,state=11,action=android.bluetooth.device.action.BOND_STATE_CHANGED
03-19 11:21:07.854 D/bbb ( 1203): onStartCommand begin !!!!!!! data分区剩余 24948MB
03-19 11:21:07.858 D/aaa ( 7639): LedStatusService onStartCommand begin
03-19 11:21:07.861 D/aaa ( 7639): topPkg is -------------- :com.dangbei.haqusetting
03-19 11:21:08.074 I/bluetooth( 672): system/bt/stack/gatt/connection_manager.cc:185 on_connection_complete: Le connection completed to device:c9:b5:96:5c:e3:ed
03-19 11:21:08.074 I/bt_btm_ble( 672): system/bt/stack/btm/btm_ble.cc:1699 btm_ble_connected: Updating device record timestamp for existing ble connection
03-19 11:21:08.154 W/IorapForwardingService( 487): No service published for: iorapd
03-19 11:21:08.163 I/bt_stack( 672): [INFO:gatt_attr.cc(880)] gatt_sr_init_cl_status: bda=c9:b5:96:5c:e3:ed, cl_supp_feat=0000, aware=1
03-19 11:21:08.163 I/bluetooth( 672): system/bt/stack/gap/gap_ble.cc:298 client_connect_cback: No active GAP service found for peer:xx:xx:xx:xx:e3:ed callback:Connected
03-19 11:21:08.163 I/bt_bta_gattc( 672): system/bt/bta/gatt/bta_gattc_act.cc:1110 bta_gattc_conn_cback: Connected att_id:3 transport:le reason:GATT_CONN_OK
03-19 11:21:08.163 I/bt_bta_gattc( 672): system/bt/bta/gatt/bta_gattc_act.cc:1110 bta_gattc_conn_cback: Connected att_id:4 transport:le reason:GATT_CONN_OK
03-19 11:21:08.163 I/bt_bta_gattc( 672): system/bt/bta/gatt/bta_gattc_act.cc:1110 bta_gattc_conn_cback: Connected att_id:5 transport:le reason:GATT_CONN_OK
