03-19 11:17:50.704 W/IorapForwardingService( 487): No service published for: iorapd
03-19 11:17:51.407 E/WifiHAL ( 663): wifi_get_link_stats: requestResponse Error:-5
03-19 11:17:51.409 E/WifiVendorHal( 487): getWifiLinkLayerStats_1_5_Internal(l.1191) failed {.code = ERROR_INVALID_ARGS, .description = }
03-19 11:17:51.706 W/IorapForwardingService( 487): No service published for: iorapd
03-19 11:17:52.708 W/IorapForwardingService( 487): No service published for: iorapd
03-19 11:17:53.711 W/IorapForwardingService( 487): No service published for: iorapd
03-19 11:17:54.178 E/WifiHAL ( 663): wifi_get_link_stats: requestResponse Error:-5
03-19 11:17:54.180 E/WifiVendorHal( 487): getWifiLinkLayerStats_1_5_Internal(l.1191) failed {.code = ERROR_INVALID_ARGS, .description = }
03-19 11:17:54.183 W/BatteryExternalStatsWorker( 487): error reading modem stats:ERROR_PHONE_NOT_AVAILABLE
03-19 11:17:54.192 W/KernelCpuProcStringReader( 487): File not found. It's normal if not implemented: /proc/uid_time_in_state
03-19 11:17:54.193 W/KernelCpuProcStringReader( 487): File not found. It's normal if not implemented: /proc/uid_concurrent_active_time
03-19 11:17:54.193 W/KernelCpuProcStringReader( 487): File not found. It's normal if not implemented: /proc/uid_concurrent_policy_time
03-19 11:17:54.194 E/KernelCpuSpeedReader( 487): Failed to read cpu-freq: /sys/devices/system/cpu/cpu0/cpufreq/stats/time_in_state: open failed: ENOENT (No such file or directory)
03-19 11:17:54.195 E/system_server( 487): Cannot read thread CPU times for PID 487
03-19 11:17:54.196 I/Binder:205_2( 205): type=1400 audit(0.0:1981): avc: denied { read } for name="event_count" dev="sysfs" ino=22108 scontext=u:r:system_suspend:s0 tcontext=u:object_r:sysfs:s0 tclass=file permissive=1
03-19 11:17:54.196 I/Binder:205_2( 205): type=1400 audit(0.0:1982): avc: denied { open } for path="/sys/devices/platform/soc@3000000/7040000.s_cir/wakeup/wakeup4/event_count" dev="sysfs" ino=22108 scontext=u:r:system_suspend:s0 tcontext=u:object_r:sysfs:s0 tclass=file permissive=1
03-19 11:17:54.196 I/Binder:205_2( 205): type=1400 audit(0.0:1983): avc: denied { getattr } for path="/sys/devices/platform/soc@3000000/7040000.s_cir/wakeup/wakeup4/event_count" dev="sysfs" ino=22108 scontext=u:r:system_suspend:s0 tcontext=u:object_r:sysfs:s0 tclass=file permissive=1
03-19 11:17:54.296 I/EventThread( 261): type=1400 audit(0.0:1984): avc: denied { search } for name="extcon" dev="sysfs" ino=18102 scontext=u:r:hal_tv_cec_default:s0 tcontext=u:object_r:sysfs_extcon:s0 tclass=dir permissive=1
03-19 11:17:54.420 E/WifiHAL ( 663): wifi_get_link_stats: requestResponse Error:-5
03-19 11:17:54.422 E/WifiVendorHal( 487): getWifiLinkLayerStats_1_5_Internal(l.1191) failed {.code = ERROR_INVALID_ARGS, .description = }
03-19 11:17:54.713 W/IorapForwardingService( 487): No service published for: iorapd
03-19 11:17:54.966 D/aaa ( 7639): LedStatusService onStartCommand begin
03-19 11:17:54.967 D/bbb ( 1203): onStartCommand begin !!!!!!! data分区剩余 24948MB
03-19 11:17:54.967 D/aaa ( 7639): topPkg is -------------- :com.dangbei.haqusetting
03-19 11:17:55.270 W/hdr10p_Configure( 363): 130 callbacks suppressed
03-19 11:17:55.270 I/ ( 363): DVI mode selected: packets not configured
03-19 11:17:55.270 W/set_vsif_config( 363): 130 callbacks suppressed
03-19 11:17:55.270 I/ ( 363): Error: set vsif failed
03-19 11:17:55.271 I/ ( 363): DVI mode selected: packets not configured
03-19 11:17:55.271 I/ ( 363): Error: set vsif failed
03-19 11:17:55.297 I/ ( 363): DVI mode selected: packets not configured
03-19 11:17:55.297 I/ ( 363): Error: set vsif failed
03-19 11:17:55.297 I/ ( 363): DVI mode selected: packets not configured
03-19 11:17:55.297 I/ ( 363): Error: set vsif failed
03-19 11:17:55.321 I/ ( 363): DVI mode selected: packets not configured
03-19 11:17:55.321 I/ ( 363): Error: set vsif failed
03-19 11:17:55.321 I/ ( 363): DVI mode selected: packets not configured
03-19 11:17:55.321 I/ ( 363): Error: set vsif failed
03-19 11:17:55.345 I/ ( 363): DVI mode selected: packets not configured
03-19 11:17:55.345 I/ ( 363): Error: set vsif failed
03-19 11:17:55.346 I/ ( 363): DVI mode selected: packets not configured
03-19 11:17:55.346 I/ ( 363): Error: set vsif failed
03-19 11:17:55.360 I/ ( 363): DVI mode selected: packets not configured
03-19 11:17:55.360 I/ ( 363): Error: set vsif failed
03-19 11:17:55.360 I/ ( 363): DVI mode selected: packets not configured
03-19 11:17:55.360 I/ ( 363): Error: set vsif failed
03-19 11:17:55.714 W/IorapForwardingService( 487): No service published for: iorapd
03-19 11:17:55.811 I/WifiService( 487): startScan uid=1000
03-19 11:17:55.813 E/ccc ( 2949): cccccc i will start scan
03-19 11:17:56.717 W/IorapForwardingService( 487): No service published for: iorapd
03-19 11:17:57.433 E/WifiHAL ( 663): wifi_get_link_stats: requestResponse Error:-5
03-19 11:17:57.434 E/WifiVendorHal( 487): getWifiLinkLayerStats_1_5_Internal(l.1191) failed {.code = ERROR_INVALID_ARGS, .description = }
03-19 11:17:57.617 D/WifiNl80211Manager( 487): Scan result ready event
03-19 11:17:57.617 D/WifiNative( 487): Scan result ready event
03-19 11:17:57.673 E/ccc ( 2949): cccccc SCAN_RESULTS_AVAILABLE_ACTION hhhh
03-19 11:17:57.673 E/hq ( 1119): NetWorkStateReceiver:::NetWorkStateReceiver onReceive: 网络变化广播 >>>> intent.action=android.net.wifi.SCAN_RESULTS
03-19 11:17:57.677 D/PasspointManager( 487): ANQP entry not found for: f8:14:fe:4f:93:01:
03-19 11:17:57.682 E/WifiHAL ( 663): wifi_get_link_stats: requestResponse Error:-5
03-19 11:17:57.683 E/WifiVendorHal( 487): getWifiLinkLayerStats_1_5_Internal(l.1191) failed {.code = ERROR_INVALID_ARGS, .description = }
03-19 11:17:57.697 W/eventbuscore( 1119): post Event:com.dangbei.leard.base.entity.event.NetWifiRssiEvent
03-19 11:17:57.705 E/ccc ( 2949): cccccc result is not empty call back
03-19 11:17:57.705 E/ccc ( 2949): cccccc 666666666666666
03-19 11:17:57.719 W/IorapForwardingService( 487): No service published for: iorapd
03-19 11:17:57.722 E/ccc ( 2949): cccccc sort 2 52
03-19 11:17:58.723 W/IorapForwardingService( 487): No service published for: iorapd
03-19 11:17:59.308 D/hdmi-cec( 261): receive invalid cec message!
03-19 11:17:59.308 D/hdmi-cec( 261): receive poll message [04], skip!
03-19 11:17:59.312 I/rainbow_flow( 9822): type=1400 audit(0.0:1985): avc: denied { ioctl } for path="/dev/spidev1.0" dev="tmpfs" ino=274 ioctlcmd=0x6b00 scontext=u:r:init:s0 tcontext=u:object_r:device:s0 tclass=chr_file permissive=1
03-19 11:17:59.465 I/BLEAudioDrive_HV410( 248): select timeout!
03-19 11:17:59.725 W/IorapForwardingService( 487): No service published for: iorapd
03-19 11:18:00.444 E/WifiHAL ( 663): wifi_get_link_stats: requestResponse Error:-5
03-19 11:18:00.446 E/WifiVendorHal( 487): getWifiLinkLayerStats_1_5_Internal(l.1191) failed {.code = ERROR_INVALID_ARGS, .description = }
03-19 11:18:00.728 W/IorapForwardingService( 487): No service published for: iorapd
03-19 11:18:01.273 W/hdr10p_Configure( 363): 134 callbacks suppressed
03-19 11:18:01.273 I/ ( 363): DVI mode selected: packets not configured
03-19 11:18:01.273 W/set_vsif_config( 363): 134 callbacks suppressed
03-19 11:18:01.273 I/ ( 363): Error: set vsif failed
03-19 11:18:01.273 I/ ( 363): DVI mode selected: packets not configured
03-19 11:18:01.273 I/ ( 363): Error: set vsif failed
03-19 11:18:01.299 I/ ( 363): DVI mode selected: packets not configured
03-19 11:18:01.299 I/ ( 363): Error: set vsif failed
03-19 11:18:01.299 I/ ( 363): DVI mode selected: packets not configured
03-19 11:18:01.299 I/ ( 363): Error: set vsif failed
03-19 11:18:01.324 I/ ( 363): DVI mode selected: packets not configured
03-19 11:18:01.324 I/ ( 363): Error: set vsif failed
03-19 11:18:01.324 I/ ( 363): DVI mode selected: packets not configured
03-19 11:18:01.324 I/ ( 363): Error: set vsif failed
03-19 11:18:01.349 I/ ( 363): DVI mode selected: packets not configured
03-19 11:18:01.349 I/ ( 363): Error: set vsif failed
03-19 11:18:01.349 I/ ( 363): DVI mode selected: packets not configured
03-19 11:18:01.349 I/ ( 363): Error: set vsif failed
03-19 11:18:01.360 I/ ( 363): DVI mode selected: packets not configured
03-19 11:18:01.360 I/ ( 363): Error: set vsif failed
03-19 11:18:01.361 I/ ( 363): DVI mode selected: packets not configured
03-19 11:18:01.361 I/ ( 363): Error: set vsif failed
03-19 11:18:01.624 I/cling--ap-5( 3238): type=1400 audit(0.0:1986): avc: denied { read } for name="address" dev="sysfs" ino=27682 scontext=u:r:platform_app:s0:c512,c768 tcontext=u:object_r:sysfs:s0 tclass=file permissive=1 app=com.dangbei.screencast
03-19 11:18:01.624 I/cling--ap-5( 3238): type=1400 audit(0.0:1987): avc: denied { open } for path="/sys/devices/platform/unisoc_wifi/net/wlan1/address" dev="sysfs" ino=27682 scontext=u:r:platform_app:s0:c512,c768 tcontext=u:object_r:sysfs:s0 tclass=file permissive=1 app=com.dangbei.screencast
03-19 11:18:01.628 I/cling--ap-5( 3238): type=1400 audit(0.0:1988): avc: denied { getattr } for path="/sys/devices/platform/unisoc_wifi/net/wlan1/address" dev="sysfs" ino=27682 scontext=u:r:platform_app:s0:c512,c768 tcontext=u:object_r:sysfs:s0 tclass=file permissive=1 app=com.dangbei.screencast
03-19 11:18:01.729 W/IorapForwardingService( 487): No service published for: iorapd
03-19 11:18:02.732 W/IorapForwardingService( 487): No service published for: iorapd
03-19 11:18:03.006 D/aaa ( 7639): LedStatusService onStartCommand begin
03-19 11:18:03.008 D/bbb ( 1203): onStartCommand begin !!!!!!! data分区剩余 24948MB
03-19 11:18:03.009 D/aaa ( 7639): topPkg is -------------- :com.dangbei.haqusetting
03-19 11:18:03.460 E/WifiHAL ( 663): wifi_get_link_stats: requestResponse Error:-5
03-19 11:18:03.461 E/WifiVendorHal( 487): getWifiLinkLayerStats_1_5_Internal(l.1191) failed {.code = ERROR_INVALID_ARGS, .description = }
03-19 11:18:03.734 W/IorapForwardingService( 487): No service published for: iorapd
03-19 11:18:04.737 W/IorapForwardingService( 487): No service published for: iorapd
03-19 11:18:05.739 W/IorapForwardingService( 487): No service published for: iorapd
03-19 11:18:05.941 D/AudioAnalytics( 371): expiring previous audio state after 3600 seconds.
03-19 11:18:06.476 E/WifiHAL ( 663): wifi_get_link_stats: requestResponse Error:-5
03-19 11:18:06.477 E/WifiVendorHal( 487): getWifiLinkLayerStats_1_5_Internal(l.1191) failed {.code = ERROR_INVALID_ARGS, .description = }
03-19 11:18:06.741 W/IorapForwardingService( 487): No service published for: iorapd
03-19 11:18:07.050 I/UsageStatsService( 487): User[0] Flushing usage stats to disk
03-19 11:18:07.293 W/hdr10p_Configure( 363): 126 callbacks suppressed
03-19 11:18:07.293 I/ ( 363): DVI mode selected: packets not configured
03-19 11:18:07.293 W/set_vsif_config( 363): 126 callbacks suppressed
03-19 11:18:07.293 I/ ( 363): Error: set vsif failed
03-19 11:18:07.293 I/ ( 363): DVI mode selected: packets not configured
03-19 11:18:07.293 I/ ( 363): Error: set vsif failed
03-19 11:18:07.319 I/ ( 363): DVI mode selected: packets not configured
03-19 11:18:07.319 I/ ( 363): Error: set vsif failed
03-19 11:18:07.319 I/ ( 363): DVI mode selected: packets not configured
03-19 11:18:07.319 I/ ( 363): Error: set vsif failed
03-19 11:18:07.344 I/ ( 363): DVI mode selected: packets not configured
03-19 11:18:07.344 I/ ( 363): Error: set vsif failed
03-19 11:18:07.344 I/ ( 363): DVI mode selected: packets not configured
03-19 11:18:07.344 I/ ( 363): Error: set vsif failed
03-19 11:18:07.368 I/ ( 363): DVI mode selected: packets not configured
03-19 11:18:07.368 I/ ( 363): Error: set vsif failed
03-19 11:18:07.368 I/ ( 363): DVI mode selected: packets not configured
03-19 11:18:07.368 I/ ( 363): Error: set vsif failed
03-19 11:18:07.375 I/ ( 363): DVI mode selected: packets not configured
03-19 11:18:07.375 I/ ( 363): Error: set vsif failed
03-19 11:18:07.375 I/ ( 363): DVI mode selected: packets not configured
03-19 11:18:07.375 I/ ( 363): Error: set vsif failed
03-19 11:18:07.742 W/IorapForwardingService( 487): No service published for: iorapd
03-19 11:18:08.744 W/IorapForwardingService( 487): No service published for: iorapd
03-19 11:18:09.475 I/BLEAudioDrive_HV410( 248): select timeout!
03-19 11:18:09.488 E/WifiHAL ( 663): wifi_get_link_stats: requestResponse Error:-5
03-19 11:18:09.489 E/WifiVendorHal( 487): getWifiLinkLayerStats_1_5_Internal(l.1191) failed {.code = ERROR_INVALID_ARGS, .description = }
03-19 11:18:09.746 W/IorapForwardingService( 487): No service published for: iorapd
03-19 11:18:10.715 W/ZramWriteback( 487): Writeback device is not set
03-19 11:18:10.715 D/ZramWriteback( 487): wait to flush
03-19 11:18:10.748 W/IorapForwardingService( 487): No service published for: iorapd
03-19 11:18:11.051 D/bbb ( 1203): onStartCommand begin !!!!!!! data分区剩余 24948MB
03-19 11:18:11.053 I/ActivityManager( 487): Process PhantomProcessRecord {c85915d 12524:826:cmd/1000} died
03-19 11:18:11.056 I/ActivityManager( 487): Process PhantomProcessRecord {2176ad2 12522:826:sh/1000} died
03-19 11:18:11.061 D/aaa ( 7639): LedStatusService onStartCommand begin
03-19 11:18:11.064 I/ActivityManager( 487): Process PhantomProcessRecord {29d3aa0 12523:826:cmd/1000} died
03-19 11:18:11.067 D/aaa ( 7639): topPkg is -------------- :com.dangbei.haqusetting
03-19 11:18:11.067 I/ActivityManager( 487): Process PhantomProcessRecord {c8ee659 12521:826:sh/1000} died
03-19 11:18:11.750 W/IorapForwardingService( 487): No service published for: iorapd
03-19 11:18:12.497 E/WifiHAL ( 663): wifi_get_link_stats: requestResponse Error:-5
03-19 11:18:12.498 E/WifiVendorHal( 487): getWifiLinkLayerStats_1_5_Internal(l.1191) failed {.code = ERROR_INVALID_ARGS, .description = }
03-19 11:18:12.752 W/IorapForwardingService( 487): No service published for: iorapd
03-19 11:18:13.298 W/hdr10p_Configure( 363): 128 callbacks suppressed
03-19 11:18:13.298 I/ ( 363): DVI mode selected: packets not configured
03-19 11:18:13.298 W/set_vsif_config( 363): 128 callbacks suppressed
03-19 11:18:13.298 I/ ( 363): Error: set vsif failed
03-19 11:18:13.299 I/ ( 363): DVI mode selected: packets not configured
03-19 11:18:13.299 I/ ( 363): Error: set vsif failed
03-19 11:18:13.324 I/ ( 363): DVI mode selected: packets not configured
03-19 11:18:13.324 I/ ( 363): Error: set vsif failed
03-19 11:18:13.324 I/ ( 363): DVI mode selected: packets not configured
03-19 11:18:13.324 I/ ( 363): Error: set vsif failed
03-19 11:18:13.349 I/ ( 363): DVI mode selected: packets not configured
03-19 11:18:13.349 I/ ( 363): Error: set vsif failed
03-19 11:18:13.349 I/ ( 363): DVI mode selected: packets not configured
03-19 11:18:13.349 I/ ( 363): Error: set vsif failed
03-19 11:18:13.373 I/ ( 363): DVI mode selected: packets not configured
03-19 11:18:13.373 I/ ( 363): Error: set vsif failed
03-19 11:18:13.373 I/ ( 363): DVI mode selected: packets not configured
03-19 11:18:13.373 I/ ( 363): Error: set vsif failed
03-19 11:18:13.393 I/ ( 363): DVI mode selected: packets not configured
03-19 11:18:13.393 I/ ( 363): Error: set vsif failed
03-19 11:18:13.393 I/ ( 363): DVI mode selected: packets not configured
03-19 11:18:13.393 I/ ( 363): Error: set vsif failed
03-19 11:18:13.754 W/IorapForwardingService( 487): No service published for: iorapd
03-19 11:18:14.058 E/dangbei111( 1047): cccccc 检查遥控器是否连接: Dangbei C9:B5:96:5C:E3:ED
03-19 11:18:14.061 E/dangbei111( 1047): cccccc 检查遥控器是否连接: 蓝牙的结果 Dangbei C9:B5:96:5C:E3:ED false
03-19 11:18:14.061 E/dangbei111( 1047): cccccc input中没有遥控器存在
03-19 11:18:14.061 E/dangbei111( 1047): cccccc 蓝牙状态连接 不是连接状态 啥都不干
03-19 11:18:14.060 I/Timer-3 ( 1047): type=1400 audit(0.0:1989): avc: denied { read } for name="devices" dev="proc" ino=4026532014 scontext=u:r:system_app:s0 tcontext=u:object_r:proc:s0 tclass=file permissive=1
03-19 11:18:14.060 I/Timer-3 ( 1047): type=1400 audit(0.0:1990): avc: denied { open } for path="/proc/bus/input/devices" dev="proc" ino=4026532014 scontext=u:r:system_app:s0 tcontext=u:object_r:proc:s0 tclass=file permissive=1
03-19 11:18:14.064 E/dangbei111( 1047): cccccc 蓝牙状态连接 配对状态 啥都不做
03-19 11:18:14.060 I/Timer-3 ( 1047): type=1400 audit(0.0:1991): avc: denied { getattr } for path="/proc/bus/input/devices" dev="proc" ino=4026532014 scontext=u:r:system_app:s0 tcontext=u:object_r:proc:s0 tclass=file permissive=1
03-19 11:18:14.068 E/dangbei111( 1047): cccccc 检查遥控器是否连接: Dangbei C7:44:13:5B:41:8C
03-19 11:18:14.071 E/dangbei111( 1047): cccccc 检查遥控器是否连接: 蓝牙的结果 Dangbei C7:44:13:5B:41:8C false
03-19 11:18:14.071 E/dangbei111( 1047): cccccc input中没有遥控器存在
03-19 11:18:14.071 E/dangbei111( 1047): cccccc 蓝牙状态连接 不是连接状态 啥都不干
03-19 11:18:14.073 E/dangbei111( 1047): cccccc 蓝牙状态连接 配对状态 啥都不做
03-19 11:18:14.333 D/hdmi-cec( 261): receive invalid cec message!
03-19 11:18:14.333 D/hdmi-cec( 261): receive poll message [04], skip!
03-19 11:18:14.756 W/IorapForwardingService( 487): No service published for: iorapd
03-19 11:18:15.369 E/ccc ( 1047): cccccc sendCycleCheckBroadcast
03-19 11:18:15.370 W/ContextImpl( 1047): Calling a method in the system process without a qualified user: android.app.ContextImpl.sendBroadcast:1173 android.content.ContextWrapper.sendBroadcast:479 com.dangbei.etna.setting.core.SettingHelper.sendCycleToProjector:250 com.dangbei.etna.setting.core.SettingHelper.sendCycleCheckBroadcast:219 com.dangbei.etna.setting.core.SettingHelper.startLoop$lambda-0:177
03-19 11:18:15.373 W/ContextImpl( 1047): Calling a method in the system process without a qualified user: android.app.ContextImpl.sendBroadcast:1173 android.content.ContextWrapper.sendBroadcast:479 com.dangbei.etna.setting.core.SettingHelper.sendCycleToVoice:235 com.dangbei.etna.setting.core.SettingHelper.sendCycleCheckBroadcast:220 com.dangbei.etna.setting.core.SettingHelper.startLoop$lambda-0:177
03-19 11:18:15.376 E/ActivityManager( 487): Sending non-protected broadcast com.dangbei.etna.setting.action_cycle_check_broadcast from system 1047:com.dangbei.lerad.etna.haqu/1000 pkg com.dangbei.lerad.etna.haqu
03-19 11:18:15.376 E/ActivityManager( 487): java.lang.Throwable
03-19 11:18:15.376 E/ActivityManager( 487): at com.android.server.am.ActivityManagerService.checkBroadcastFromSystem(ActivityManagerService.java:12816)
03-19 11:18:15.376 E/ActivityManager( 487): at com.android.server.am.ActivityManagerService.broadcastIntentLocked(ActivityManagerService.java:13513)
03-19 11:18:15.376 E/ActivityManager( 487): at com.android.server.am.ActivityManagerService.broadcastIntentLocked(ActivityManagerService.java:12833)
03-19 11:18:15.376 E/ActivityManager( 487): at com.android.server.am.ActivityManagerService.broadcastIntentWithFeature(ActivityManagerService.java:13670)
03-19 11:18:15.376 E/ActivityManager( 487): at android.app.IActivityManager$Stub.onTransact(IActivityManager.java:2326)
03-19 11:18:15.376 E/ActivityManager( 487): at com.android.server.am.ActivityManagerService.onTransact(ActivityManagerService.java:2509)
03-19 11:18:15.376 E/ActivityManager( 487): at android.os.Binder.execTransactInternal(Binder.java:1179)
03-19 11:18:15.376 E/ActivityManager( 487): at android.os.Binder.execTransact(Binder.java:1143)
03-19 11:18:15.379 I/DropBoxManagerService( 487): add tag=system_server_wtf isTagEnabled=true flags=0x2
03-19 11:18:15.384 D/RockyVoice( 1262): RestartReceiver onReceive
03-19 11:18:15.512 E/WifiHAL ( 663): wifi_get_link_stats: requestResponse Error:-5
03-19 11:18:15.513 E/WifiVendorHal( 487): getWifiLinkLayerStats_1_5_Internal(l.1191) failed {.code = ERROR_INVALID_ARGS, .description = }
03-19 11:18:15.758 W/IorapForwardingService( 487): No service published for: iorapd
03-19 11:18:16.760 W/IorapForwardingService( 487): No service published for: iorapd
03-19 11:18:17.077 E/dangbei111( 1047): cccccc 准备开始进行 startScanInner
03-19 11:18:17.077 E/dangbei111( 1047): cccccc 真正开始进入扫描流程啦
03-19 11:18:17.083 E/dangbei111( 1047): cccccc 检查遥控器是否连接: Dangbei C9:B5:96:5C:E3:ED
03-19 11:18:17.086 E/dangbei111( 1047): cccccc 检查遥控器是否连接: 蓝牙的结果 Dangbei C9:B5:96:5C:E3:ED false
03-19 11:18:17.086 E/dangbei111( 1047): cccccc input中没有遥控器存在
03-19 11:18:17.086 E/dangbei111( 1047): cccccc 蓝牙状态连接 不是连接状态 啥都不干
03-19 11:18:17.089 E/dangbei111( 1047): cccccc 蓝牙状态连接 配对状态 啥都不做
03-19 11:18:17.093 E/dangbei111( 1047): cccccc 检查遥控器是否连接: Dangbei C7:44:13:5B:41:8C
03-19 11:18:17.096 E/dangbei111( 1047): cccccc 检查遥控器是否连接: 蓝牙的结果 Dangbei C7:44:13:5B:41:8C false
03-19 11:18:17.096 E/dangbei111( 1047): cccccc input中没有遥控器存在
03-19 11:18:17.096 E/dangbei111( 1047): cccccc 蓝牙状态连接 不是连接状态 啥都不干
03-19 11:18:17.098 E/dangbei111( 1047): cccccc 蓝牙状态连接 配对状态 啥都不做
03-19 11:18:17.099 E/dangbei111( 1047): 开始扫描 com.dangbei.remotecontroller.RCHelper$3@dc8f227
03-19 11:18:17.099 D/BluetoothAdapter( 1047): isLeEnabled(): ON
03-19 11:18:17.102 I/bluetooth( 672): system/bt/stack/gatt/gatt_api.cc:1019 GATT_Register: Allocated name:GattClient uuid:4491946d-6ac8-b518-859a-092d94ecb925 gatt_if:8 eatt_support:0
03-19 11:18:17.103 D/BluetoothLeScanner( 1047): onScannerRegistered() - status=0 scannerId=8 mScannerId=0
03-19 11:18:17.110 E/bt_upio ( 249): upio_set : /proc/bluetooth/sleep/btwrite(-1) incorrent
03-19 11:18:17.762 W/IorapForwardingService( 487): No service published for: iorapd
03-19 11:18:18.323 W/hdr10p_Configure( 363): 130 callbacks suppressed
03-19 11:18:18.323 I/ ( 363): DVI mode selected: packets not configured
03-19 11:18:18.323 W/set_vsif_config( 363): 130 callbacks suppressed
03-19 11:18:18.323 I/ ( 363): Error: set vsif failed
03-19 11:18:18.323 I/ ( 363): DVI mode selected: packets not configured
03-19 11:18:18.323 I/ ( 363): Error: set vsif failed
03-19 11:18:18.527 E/WifiHAL ( 663): wifi_get_link_stats: requestResponse Error:-5
03-19 11:18:18.529 E/WifiVendorHal( 487): getWifiLinkLayerStats_1_5_Internal(l.1191) failed {.code = ERROR_INVALID_ARGS, .description = }
03-19 11:18:18.750 W/ZramWriteback( 487): Writeback device is not set
03-19 11:18:18.763 W/IorapForwardingService( 487): No service published for: iorapd
03-19 11:18:19.016 I/Thread-2(12535): type=1400 audit(0.0:1992): avc: denied { execute } for name="am" dev="dm-1" ino=1164 scontext=u:r:system_app:s0 tcontext=u:object_r:vendor_file:s0 tclass=file permissive=1
03-19 11:18:19.016 I/Thread-2(12535): type=1400 audit(0.0:1993): avc: denied { read open } for path="/vendor/xbin/am" dev="dm-1" ino=1164 scontext=u:r:system_app:s0 tcontext=u:object_r:vendor_file:s0 tclass=file permissive=1
03-19 11:18:19.016 I/Thread-2(12535): type=1400 audit(0.0:1994): avc: denied { execute_no_trans } for path="/vendor/xbin/am" dev="dm-1" ino=1164 scontext=u:r:system_app:s0 tcontext=u:object_r:vendor_file:s0 tclass=file permissive=1
03-19 11:18:19.078 D/bbb ( 1203): onStartCommand begin !!!!!!! data分区剩余 24948MB
03-19 11:18:19.078 D/aaa ( 7639): LedStatusService onStartCommand begin
03-19 11:18:19.081 D/aaa ( 7639): topPkg is -------------- :com.dangbei.haqusetting
03-19 11:18:19.310 I/ ( 363): DVI mode selected: packets not configured
03-19 11:18:19.310 I/ ( 363): Error: set vsif failed
03-19 11:18:19.310 I/ ( 363): DVI mode selected: packets not configured
03-19 11:18:19.310 I/ ( 363): Error: set vsif failed
03-19 11:18:19.336 I/ ( 363): DVI mode selected: packets not configured
03-19 11:18:19.336 I/ ( 363): Error: set vsif failed
03-19 11:18:19.337 I/ ( 363): DVI mode selected: packets not configured
03-19 11:18:19.337 I/ ( 363): Error: set vsif failed
03-19 11:18:19.361 I/ ( 363): DVI mode selected: packets not configured
03-19 11:18:19.361 I/ ( 363): Error: set vsif failed
03-19 11:18:19.361 I/ ( 363): DVI mode selected: packets not configured
03-19 11:18:19.361 I/ ( 363): Error: set vsif failed
03-19 11:18:19.385 I/ ( 363): DVI mode selected: packets not configured
03-19 11:18:19.385 I/ ( 363): Error: set vsif failed
03-19 11:18:19.385 I/ ( 363): DVI mode selected: packets not configured
03-19 11:18:19.385 I/ ( 363): Error: set vsif failed
03-19 11:18:19.484 I/BLEAudioDrive_HV410( 248): select timeout!
03-19 11:18:19.765 W/IorapForwardingService( 487): No service published for: iorapd
03-19 11:18:20.101 E/dangbei111( 1047): cccccc 准备开始进行 startScanInner
03-19 11:18:20.101 E/dangbei111( 1047): cccccc 小于10s 由于之前已经开始扫描了 不在开启新的扫描
03-19 11:18:20.712 E/hq ( 1119): WeatherRefresh:::请求网络地址后,更新的地理位置为:null
03-19 11:18:20.766 W/IorapForwardingService( 487): No service published for: iorapd
03-19 11:18:20.821 E/hq ( 1119): WeatherRefresh:::请求网络地址后,更新的地理位置为:101280601
03-19 11:18:20.909 I/d.leradlaunche( 1119): Background young concurrent copying GC freed 90878(4637KB) AllocSpace objects, 13(1380KB) LOS objects, 15% free, 31MB/36MB, paused 318us total 103.618ms
03-19 11:18:20.987 E/hq ( 1119): 当小贝:::message list add complete data.messageList:[]
03-19 11:18:20.987 E/hq ( 1119): data.tabList=[]
03-19 11:18:20.987 I/hq ( 1119): 当小贝:::showMessage from=requestGetMessageRemind
03-19 11:18:20.990 I/hq ( 1119): 当小贝:::showMessage 没有消息需要显示
03-19 11:18:21.540 E/WifiHAL ( 663): wifi_get_link_stats: requestResponse Error:-5
03-19 11:18:21.542 E/WifiVendorHal( 487): getWifiLinkLayerStats_1_5_Internal(l.1191) failed {.code = ERROR_INVALID_ARGS, .description = }
03-19 11:18:21.768 W/IorapForwardingService( 487): No service published for: iorapd
03-19 11:18:22.067 E/bt_upio ( 249): upio_set : /proc/bluetooth/sleep/btwrite(-1) incorrent
03-19 11:18:22.770 W/IorapForwardingService( 487): No service published for: iorapd
03-19 11:18:23.773 W/IorapForwardingService( 487): No service published for: iorapd
03-19 11:18:24.551 E/WifiHAL ( 663): wifi_get_link_stats: requestResponse Error:-5
03-19 11:18:24.553 E/WifiVendorHal( 487): getWifiLinkLayerStats_1_5_Internal(l.1191) failed {.code = ERROR_INVALID_ARGS, .description = }
03-19 11:18:24.775 W/IorapForwardingService( 487): No service published for: iorapd
03-19 11:18:25.322 W/hdr10p_Configure( 363): 124 callbacks suppressed
03-19 11:18:25.322 I/ ( 363): DVI mode selected: packets not configured
03-19 11:18:25.322 W/set_vsif_config( 363): 124 callbacks suppressed
03-19 11:18:25.322 I/ ( 363): Error: set vsif failed
03-19 11:18:25.322 I/ ( 363): DVI mode selected: packets not configured
03-19 11:18:25.322 I/ ( 363): Error: set vsif failed
03-19 11:18:25.348 I/ ( 363): DVI mode selected: packets not configured
03-19 11:18:25.348 I/ ( 363): Error: set vsif failed
03-19 11:18:25.348 I/ ( 363): DVI mode selected: packets not configured
03-19 11:18:25.348 I/ ( 363): Error: set vsif failed
03-19 11:18:25.373 I/ ( 363): DVI mode selected: packets not configured
03-19 11:18:25.373 I/ ( 363): Error: set vsif failed
03-19 11:18:25.373 I/ ( 363): DVI mode selected: packets not configured
03-19 11:18:25.373 I/ ( 363): Error: set vsif failed
03-19 11:18:25.397 I/ ( 363): DVI mode selected: packets not configured
03-19 11:18:25.397 I/ ( 363): Error: set vsif failed
03-19 11:18:25.397 I/ ( 363): DVI mode selected: packets not configured
03-19 11:18:25.397 I/ ( 363): Error: set vsif failed
03-19 11:18:25.410 I/ ( 363): DVI mode selected: packets not configured
03-19 11:18:25.410 I/ ( 363): Error: set vsif failed
03-19 11:18:25.410 I/ ( 363): DVI mode selected: packets not configured
03-19 11:18:25.410 I/ ( 363): Error: set vsif failed
03-19 11:18:25.777 W/IorapForwardingService( 487): No service published for: iorapd
03-19 11:18:26.780 W/IorapForwardingService( 487): No service published for: iorapd
03-19 11:18:27.120 D/bbb ( 1203): onStartCommand begin !!!!!!! data分区剩余 24948MB
03-19 11:18:27.120 D/aaa ( 7639): LedStatusService onStartCommand begin
03-19 11:18:27.122 D/aaa ( 7639): topPkg is -------------- :com.dangbei.haqusetting
03-19 11:18:27.566 E/WifiHAL ( 663): wifi_get_link_stats: requestResponse Error:-5
03-19 11:18:27.567 E/WifiVendorHal( 487): getWifiLinkLayerStats_1_5_Internal(l.1191) failed {.code = ERROR_INVALID_ARGS, .description = }
03-19 11:18:27.760 I/WifiService( 487): startScan uid=1000
03-19 11:18:27.763 E/ccc ( 2949): cccccc i will start scan
03-19 11:18:27.781 W/IorapForwardingService( 487): No service published for: iorapd
03-19 11:18:28.785 W/IorapForwardingService( 487): No service published for: iorapd
03-19 11:18:29.074 E/dangbei111( 1047): cccccc 检查遥控器是否连接: Dangbei C9:B5:96:5C:E3:ED
03-19 11:18:29.076 E/dangbei111( 1047): cccccc 检查遥控器是否连接: 蓝牙的结果 Dangbei C9:B5:96:5C:E3:ED false
03-19 11:18:29.076 E/dangbei111( 1047): cccccc input中没有遥控器存在
03-19 11:18:29.076 E/dangbei111( 1047): cccccc 蓝牙状态连接 不是连接状态 啥都不干
03-19 11:18:29.078 E/dangbei111( 1047): cccccc 蓝牙状态连接 配对状态 啥都不做
03-19 11:18:29.080 E/dangbei111( 1047): cccccc 检查遥控器是否连接: Dangbei C7:44:13:5B:41:8C
03-19 11:18:29.083 E/dangbei111( 1047): cccccc 检查遥控器是否连接: 蓝牙的结果 Dangbei C7:44:13:5B:41:8C false
03-19 11:18:29.083 E/dangbei111( 1047): cccccc input中没有遥控器存在
03-19 11:18:29.083 E/dangbei111( 1047): cccccc 蓝牙状态连接 不是连接状态 啥都不干
03-19 11:18:29.085 E/dangbei111( 1047): cccccc 蓝牙状态连接 配对状态 啥都不做
03-19 11:18:29.088 E/dangbei111( 1047): scan get device,state=12
03-19 11:18:29.088 E/dangbei111( 1047): cccc ble 扫描中出现的 需要取消配对 这是在 ? C9:B5:96:5C:E3:ED
03-19 11:18:29.091 E/dangbei111( 1047): cccccc 取消pair Dangbei C9:B5:96:5C:E3:ED 12
03-19 11:18:29.091 I/BluetoothDevice( 1047): removeBond() for device C9:B5:96:5C:E3:ED called by pid: 1047 tid: 1047
03-19 11:18:29.093 I/bt_btif_config( 672): system/bt/btif/src/btif_config.cc:137 btif_get_device_type: Device [c9:b5:96:5c:e3:ed] device type 2
03-19 11:18:29.093 I/BluetoothBondStateMachine( 672): Entering PendingCommandState State
03-19 11:18:29.093 I/bt_btif_dm( 672): system/bt/btif/src/btif_dm.cc:384 get_cod: get_cod remote_cod = 0x00001f00
03-19 11:18:29.093 E/bt_btif ( 672): system/bt/main/bte_logmsg.cc:191 LogMsg: btif_hh_virtual_unplug: Error, device c9:b5:96:5c:e3:ed not opened, status = 3
03-19 11:18:29.094 E/bt_upio ( 249): upio_set : /proc/bluetooth/sleep/btwrite(-1) incorrent
03-19 11:18:29.094 I/bt_stack( 672): [INFO:btif_hh.cc(428)] btif_hh_remove_device: bda = c9:b5:96:5c:e3:ed
03-19 11:18:29.094 W/bt_stack( 672): [WARNING:btif_hh.cc(443)] Oops, can't find device c9:b5:96:5c:e3:ed
03-19 11:18:29.094 I/bt_btif_storage( 672): system/bt/btif/src/btif_storage.cc:839 btif_storage_remove_bonded_device: Removing bonded device addr:c9:b5:96:5c:e3:ed
03-19 11:18:29.094 I/bt_btif_storage( 672): system/bt/btif/src/btif_storage.cc:1138 btif_storage_remove_ble_bonding_keys: Removing bonding keys for bd addr:c9:b5:96:5c:e3:ed
03-19 11:18:29.102 E/dangbei111( 1047): cccccc 搜索到bond Dangbei C9:B5:96:5C:E3:ED 啥都不做
03-19 11:18:29.102 I/bt_btif_config( 672): system/bt/btif/src/btif_config.cc:137 btif_get_device_type: Device [c9:b5:96:5c:e3:ed] device type 2
03-19 11:18:29.102 I/bt_btif_dm( 672): system/bt/btif/src/btif_dm.cc:384 get_cod: get_cod remote_cod = 0x00001f00
03-19 11:18:29.102 I/bt_btif_dm( 672): system/bt/btif/src/btif_dm.cc:451 bond_state_changed: Bond state changed to state=0 [0:none, 1:bonding, 2:bonded], prev_state=0, sdp_attempts = 0
03-19 11:18:29.102 I/bt_btif_config( 672): system/bt/btif/src/btif_config.cc:137 btif_get_device_type: Device [c9:b5:96:5c:e3:ed] device type 2
03-19 11:18:29.103 E/bt_stack( 672): [ERROR:bta_gattc_utils.cc(441)] bta_gattc_mark_bg_conn unable to find the bg connection mask for bd_addr=c9:b5:96:5c:e3:ed
03-19 11:18:29.103 I/bt_bta_sys_main( 672): system/bt/bta/sys/bta_sys_main.cc:99 bta_sys_event: Ignoring receipt of unregistered event id:HID Human interface device
03-19 11:18:29.112 I/BluetoothBondStateMachine( 672): bondStateChangeCallback: Status: 0 Address: C9:B5:96:5C:E3:ED newState: 0
03-19 11:18:29.115 D/AdapterProperties( 672): Removing bonded device:C9:B5:96:5C:E3:ED
03-19 11:18:29.119 I/BluetoothBondStateMachine( 672): Bond State Change Intent:C9:B5:96:5C:E3:ED BOND_BONDED => BOND_NONE
03-19 11:18:29.122 W/HeadsetClientService( 672): getHeadsetClientService(): service is null
03-19 11:18:29.122 W/PbapClientService( 672): getPbapClientService(): service is null
03-19 11:18:29.122 V/BluetoothDatabase( 672): setProfileConnectionPolicy connection policy not changed.
03-19 11:18:29.123 D/A2dpService( 672): Saved connectionPolicy C9:B5:96:5C:E3:ED = -1
03-19 11:18:29.123 V/BluetoothDatabase( 672): setProfileConnectionPolicy connection policy not changed.
03-19 11:18:29.123 I/HeadsetService( 672): setConnectionPolicy: device=C9:B5:96:5C:E3:ED, connectionPolicy=-1, uid/pid=1002/672
03-19 11:18:29.123 V/BluetoothDatabase( 672): setProfileConnectionPolicy connection policy not changed.
03-19 11:18:29.123 I/BluetoothBondStateMachine( 672): StableState(): Entering Off State
03-19 11:18:29.132 I/dangbei111( 1047): cccccc on receiver=android.bluetooth.device.action.BOND_STATE_CHANGED,mac=C9:B5:96:5C:E3:ED
03-19 11:18:29.133 I/dangbei111( 1047): Wait for auto connection, processBondStateChange: bondState: 12 --> 10 C9:B5:96:5C:E3:ED
03-19 11:18:29.134 D/A2dpService( 672): Bond state changed for device: C9:B5:96:5C:E3:ED state: 10
03-19 11:18:29.137 W/BroadcastQueue( 487): Background execution not allowed: receiving Intent { act=android.bluetooth.device.action.BOND_STATE_CHANGED flg=0x10 (has extras) } to com.dangbei.lerad.etna.haqu/com.dangbei.remotecontroller.RemoteControllerReceiver
03-19 11:18:29.138 E/bond ( 2949): name=Dangbei,state=10,action=android.bluetooth.device.action.BOND_STATE_CHANGED
03-19 11:18:29.144 D/BluetoothDatabase( 672): getCustomMeta: device C9:B5:96:5C:E3:ED is not in cache
03-19 11:18:29.145 D/BluetoothDatabase( 672): getCustomMeta: device C9:B5:96:5C:E3:ED is not in cache
03-19 11:18:29.147 W/BluetoothEventManager( 679): showUnbondMessage: Not displaying any message for reason: 9
03-19 11:18:29.184 E/dangbei111( 1047): cccccc 检查遥控器是否连接: Dangbei C7:44:13:5B:41:8C
03-19 11:18:29.185 E/dangbei111( 1047): cccccc 检查遥控器是否连接: 蓝牙的结果 Dangbei C7:44:13:5B:41:8C false
03-19 11:18:29.185 E/dangbei111( 1047): cccccc input中没有遥控器存在
03-19 11:18:29.185 E/dangbei111( 1047): cccccc 蓝牙状态连接 不是连接状态 啥都不干
03-19 11:18:29.186 E/dangbei111( 1047): cccccc 蓝牙状态连接 配对状态 啥都不做
03-19 11:18:29.187 E/dangbei111( 1047): scan get device,state=10
03-19 11:18:29.187 E/dangbei111( 1047): ble scan find the device C9:B5:96:5C:E3:ED
03-19 11:18:29.188 E/dangbei111( 1047): cccccc 扫描到了设备 Dangbei C9:B5:96:5C:E3:ED
03-19 11:18:29.189 E/dangbei111( 1047): cccccc 检查遥控器是否连接: Dangbei C7:44:13:5B:41:8C
03-19 11:18:29.190 E/dangbei111( 1047): cccccc 检查遥控器是否连接: 蓝牙的结果 Dangbei C7:44:13:5B:41:8C false
03-19 11:18:29.191 E/dangbei111( 1047): cccccc input中没有遥控器存在
03-19 11:18:29.191 E/dangbei111( 1047): cccccc 蓝牙状态连接 不是连接状态 啥都不干
03-19 11:18:29.192 E/dangbei111( 1047): cccccc 蓝牙状态连接 配对状态 啥都不做
03-19 11:18:29.193 E/dangbei111( 1047): cccccc 检查遥控器是否连接: Dangbei C7:44:13:5B:41:8C
03-19 11:18:29.194 E/dangbei111( 1047): cccccc 检查遥控器是否连接: 蓝牙的结果 Dangbei C7:44:13:5B:41:8C false
03-19 11:18:29.195 E/dangbei111( 1047): cccccc input中没有遥控器存在
03-19 11:18:29.195 E/dangbei111( 1047): cccccc 蓝牙状态连接 不是连接状态 啥都不干
03-19 11:18:29.196 E/dangbei111( 1047): cccccc 蓝牙状态连接 配对状态 啥都不做
03-19 11:18:29.196 E/dangbei111( 1047): bondOrConnect state=10
03-19 11:18:29.196 E/dangbei111( 1047): 500ms后 开始配对 先去停止scan
03-19 11:18:29.196 E/dangbei111( 1047): cccccc 尝试 stopBleScan
03-19 11:18:29.196 D/BluetoothAdapter( 1047): isLeEnabled(): ON
03-19 11:18:29.200 I/bt_stack( 672): [INFO:gatt_api.cc(1042)] GATT_Deregister gatt_if=8
03-19 11:18:29.201 E/dangbei111( 1047): cccccc stopBleScanInner com.dangbei.remotecontroller.RCHelper$3@dc8f227
03-19 11:18:29.357 D/hdmi-cec( 261): receive invalid cec message!
03-19 11:18:29.357 D/hdmi-cec( 261): receive poll message [04], skip!
03-19 11:18:29.488 I/BLEAudioDrive_HV410( 248): select timeout!
03-19 11:18:29.562 D/WifiNl80211Manager( 487): Scan result ready event
03-19 11:18:29.562 D/WifiNative( 487): Scan result ready event
03-19 11:18:29.627 E/ccc ( 2949): cccccc SCAN_RESULTS_AVAILABLE_ACTION hhhh
03-19 11:18:29.629 E/hq ( 1119): NetWorkStateReceiver:::NetWorkStateReceiver onReceive: 网络变化广播 >>>> intent.action=android.net.wifi.SCAN_RESULTS
03-19 11:18:29.637 D/PasspointManager( 487): ANQP entry not found for: f8:14:fe:4f:93:01:
03-19 11:18:29.645 E/WifiHAL ( 663): wifi_get_link_stats: requestResponse Error:-5
03-19 11:18:29.647 E/WifiVendorHal( 487): getWifiLinkLayerStats_1_5_Internal(l.1191) failed {.code = ERROR_INVALID_ARGS, .description = }
03-19 11:18:29.673 E/ccc ( 2949): cccccc result is not empty call back
03-19 11:18:29.673 E/ccc ( 2949): cccccc 666666666666666
03-19 11:18:29.675 W/eventbuscore( 1119): post Event:com.dangbei.leard.base.entity.event.NetWifiRssiEvent
03-19 11:18:29.699 E/ccc ( 2949): cccccc sort 2 60
03-19 11:18:29.706 I/bt_btif_dm( 672): system/bt/btif/src/btif_dm.cc:1884 btif_dm_cancel_discovery: Cancel search
03-19 11:18:29.707 I/BluetoothBondStateMachine( 672): Bond address is:C9:B5:96:5C:E3:ED
03-19 11:18:29.707 I/bt_btif_config( 672): system/bt/btif/src/btif_config.cc:137 btif_get_device_type: Device [c9:b5:96:5c:e3:ed] device type 2
03-19 11:18:29.707 I/bt_btif_dm( 672): system/bt/btif/src/btif_dm.cc:384 get_cod: get_cod remote_cod = 0x00001f00
03-19 11:18:29.707 I/bt_btif_dm( 672): system/bt/btif/src/btif_dm.cc:384 get_cod: get_cod remote_cod = 0x00001f00
03-19 11:18:29.707 I/bt_btif_config( 672): system/bt/btif/src/btif_config.cc:137 btif_get_device_type: Device [c9:b5:96:5c:e3:ed] device type 2
03-19 11:18:29.707 I/bt_btif_dm( 672): system/bt/btif/src/btif_dm.cc:384 get_cod: get_cod remote_cod = 0x00001f00
03-19 11:18:29.708 I/bt_btif_dm( 672): system/bt/btif/src/btif_dm.cc:451 bond_state_changed: Bond state changed to state=1 [0:none, 1:bonding, 2:bonded], prev_state=0, sdp_attempts = 0
03-19 11:18:29.708 I/bt_btif_config( 672): system/bt/btif/src/btif_config.cc:137 btif_get_device_type: Device [c9:b5:96:5c:e3:ed] device type 2
03-19 11:18:29.709 I/BluetoothBondStateMachine( 672): Entering PendingCommandState State
03-19 11:18:29.710 I/BluetoothBondStateMachine( 672): bondStateChangeCallback: Status: 0 Address: C9:B5:96:5C:E3:ED newState: 1
03-19 11:18:29.723 I/BluetoothBondStateMachine( 672): Bond State Change Intent:C9:B5:96:5C:E3:ED BOND_NONE => BOND_BONDING
03-19 11:18:29.725 D/BluetoothDatabase( 672): updateDatabase C9:B5:96:5C:E3:ED
03-19 11:18:29.729 D/A2dpService( 672): Bond state changed for device: C9:B5:96:5C:E3:ED state: 11
03-19 11:18:29.730 W/BroadcastQueue( 487): Background execution not allowed: receiving Intent { act=android.bluetooth.device.action.BOND_STATE_CHANGED flg=0x10 (has extras) } to com.dangbei.lerad.etna.haqu/com.dangbei.remotecontroller.RemoteControllerReceiver
03-19 11:18:29.730 I/dangbei111( 1047): cccccc on receiver=android.bluetooth.device.action.BOND_STATE_CHANGED,mac=C9:B5:96:5C:E3:ED
03-19 11:18:29.731 I/dangbei111( 1047): Wait for auto connection, processBondStateChange: bondState: 10 --> 11 C9:B5:96:5C:E3:ED
03-19 11:18:29.736 E/bond ( 2949): name=Dangbei,state=11,action=android.bluetooth.device.action.BOND_STATE_CHANGED
03-19 11:18:29.788 W/IorapForwardingService( 487): No service published for: iorapd
03-19 11:18:29.830 I/system_server( 487): Background young concurrent copying GC freed 198216(7836KB) AllocSpace objects, 72(1684KB) LOS objects, 37% free, 14MB/22MB, paused 440us total 235.184ms
03-19 11:18:30.245 I/bluetooth( 672): system/bt/stack/gatt/connection_manager.cc:185 on_connection_complete: Le connection completed to device:c9:b5:96:5c:e3:ed
03-19 11:18:30.246 I/bt_btm_ble( 672): system/bt/stack/btm/btm_ble.cc:1699 btm_ble_connected: Updating device record timestamp for existing ble connection
03-19 11:18:30.335 I/bt_stack( 672): [INFO:gatt_attr.cc(880)] gatt_sr_init_cl_status: bda=c9:b5:96:5c:e3:ed, cl_supp_feat=0000, aware=1
03-19 11:18:30.335 I/bluetooth( 672): system/bt/stack/gap/gap_ble.cc:298 client_connect_cback: No active GAP service found for peer:xx:xx:xx:xx:e3:ed callback:Connected
03-19 11:18:30.335 I/bt_bta_gattc( 672): system/bt/bta/gatt/bta_gattc_act.cc:1110 bta_gattc_conn_cback: Connected att_id:3 transport:le reason:GATT_CONN_OK
03-19 11:18:30.335 I/bt_bta_gattc( 672): system/bt/bta/gatt/bta_gattc_act.cc:1110 bta_gattc_conn_cback: Connected att_id:4 transport:le reason:GATT_CONN_OK
03-19 11:18:30.335 I/bt_bta_gattc( 672): system/bt/bta/gatt/bta_gattc_act.cc:1110 bta_gattc_conn_cback: Connected att_id:5 transport:le reason:GATT_CONN_OK
03-19 11:18:30.335 I/bt_bta_gattc( 672): system/bt/bta/gatt/bta_gattc_act.cc:1110 bta_gattc_conn_cback: Connected att_id:6 transport:le reason:GATT_CONN_OK
03-19 11:18:30.335 I/bluetooth( 672): system/bt/stack/gatt/connection_manager.cc:185 on_connection_complete: Le connection completed to device:c9:b5:96:5c:e3:ed
03-19 11:18:30.335 I/bt_stack( 672): [INFO:eatt_impl.h(634)] connect device c9:b5:96:5c:e3:ed rolecentral
03-19 11:18:30.336 I/bt_btif_dm( 672): system/bt/btif/src/btif_dm.cc:497 btif_update_remote_version_property: Remote version info valid:true [xx:xx:xx:xx:e3:ed]: 8, 50e, 8
03-19 11:18:30.355 E/BluetoothPhonePolicy( 672): Received unexpected intent, action=android.bluetooth.device.action.ACL_CONNECTED
03-19 11:18:30.355 I/BluetoothPhonePolicy( 672): processDeviceConnected, device=C9:B5:96:5C:E3:ED
03-19 11:18:30.355 D/BluetoothDatabase( 672): setConnection: device=C9:B5:96:5C:E3:ED and isA2dpDevice=false
03-19 11:18:30.356 D/BluetoothDatabase( 672): Updating last connected time for device: C9:B5:96:5C:E3:ED to 190
03-19 11:18:30.356 D/BluetoothDatabase( 672): updateDatabase C9:B5:96:5C:E3:ED
03-19 11:18:30.358 E/bond ( 2949): name=Dangbei,state=11,action=android.bluetooth.device.action.ACL_CONNECTED
03-19 11:18:30.361 I/dangbei111( 1047): cccccc on receiver=android.bluetooth.device.action.ACL_CONNECTED,mac=C9:B5:96:5C:E3:ED
03-19 11:18:30.361 I/dangbei111( 1047): cccccc 收到 ACTION_ACL_CONNECTED 的广播
03-19 11:18:30.361 E/dangbei111( 1047): 5s后准备进行遥控器ota信息检测
03-19 11:18:30.364 I/bt_stack( 672): [INFO:eatt_impl.h(578)] supported_features_cb c9:b5:96:5c:e3:ed is_eatt_supported = 0
03-19 11:18:30.379 E/smp_act ( 672): system/bt/stack/smp/smp_act.cc:135 smp_send_app_cback: Unexpected event:14
03-19 11:18:30.379 I/bt_btif_config( 672): system/bt/btif/src/btif_config.cc:137 btif_get_device_type: Device [c9:b5:96:5c:e3:ed] device type 2
03-19 11:18:30.387 I/bt_btif_config( 672): system/bt/btif/src/btif_config.cc:137 btif_get_device_type: Device [c9:b5:96:5c:e3:ed] device type 2
03-19 11:18:30.387 I/bt_btif_dm( 672): system/bt/btif/src/btif_dm.cc:384 get_cod: get_cod remote_cod = 0x00001f00
03-19 11:18:30.388 E/smp_act ( 672): system/bt/stack/smp/smp_act.cc:228 smp_send_app_cback: Unexpected event: 14
03-19 11:18:30.389 I/BluetoothBondStateMachine( 672): sspRequestCallback: [B@48d0fbc name: [B@2432b45 cod: 7936 pairingVariant 2 passkey: 0
03-19 11:18:30.399 D/BluetoothPairingRequest( 826): onPair: null
03-19 11:18:30.579 E/WifiHAL ( 663): wifi_get_link_stats: requestResponse Error:-5
03-19 11:18:30.580 E/WifiVendorHal( 487): getWifiLinkLayerStats_1_5_Internal(l.1191) failed {.code = ERROR_INVALID_ARGS, .description = }
03-19 11:18:30.589 I/bt_stack( 672): [INFO:gatt_sr.cc(815)] MTU request PDU with MTU size 140
03-19 11:18:30.590 W/bt_stack( 672): [WARNING:gatt_utils.cc(790)] Call back not found for application conn_id=3
03-19 11:18:30.590 W/bt_stack( 672): [WARNING:gatt_utils.cc(790)] Call back not found for application conn_id=4
03-19 11:18:30.590 W/bt_stack( 672): [WARNING:gatt_utils.cc(790)] Call back not found for application conn_id=5
03-19 11:18:30.590 W/bt_stack( 672): [WARNING:gatt_utils.cc(790)] Call back not found for application conn_id=6
03-19 11:18:30.754 I/bt_stack( 672): [INFO:hearing_aid.cc(1796)] GetDeviceCount: Not initialized yet
03-19 11:18:30.790 W/IorapForwardingService( 487): No service published for: iorapd
03-19 11:18:31.149 I/bt_stack( 672): [INFO:btsnoop.cc(338)] clear_l2cap_allowlist: Clearing acceptlist from l2cap channel. conn_handle=16 cid=6:6
03-19 11:18:31.150 I/bt_stack( 672): [INFO:gatt_api.cc(1178)] GATT_Connect: Registered for opportunistic connection gatt_if=1
03-19 11:18:31.150 I/bt_stack( 672): [INFO:gatt_api.cc(708)] GATTC_Discover conn_id=0x0001, disc_type=2, s_handle=0x0001, e_handle=0xffff
03-19 11:18:31.151 I/bt_btif_config( 672): system/bt/btif/src/btif_config.cc:137 btif_get_device_type: Device [c9:b5:96:5c:e3:ed] device type 2
03-19 11:18:31.151 I/bt_btif_dm( 672): system/bt/btif/src/btif_dm.cc:384 get_cod: get_cod remote_cod = 0x00001f00
03-19 11:18:31.151 I/bt_btif_dm( 672): system/bt/btif/src/btif_dm.cc:451 bond_state_changed: Bond state changed to state=2 [0:none, 1:bonding, 2:bonded], prev_state=1, sdp_attempts = 0
03-19 11:18:31.151 I/bt_btif_config( 672): system/bt/btif/src/btif_config.cc:137 btif_get_device_type: Device [c9:b5:96:5c:e3:ed] device type 2
03-19 11:18:31.152 I/bt_stack( 672): [INFO:gatt_api.cc(1178)] GATT_Connect: Registered for opportunistic connection gatt_if=3
03-19 11:18:31.152 E/bt_stack( 672): [ERROR:bta_gattc_cache.cc(940)] bta_gattc_cache_load: can't open GATT cache file /data/misc/bluetooth/gatt_cache_c9b5965ce3ed for reading, error: No such file or directory
03-19 11:18:31.153 I/bt_stack( 672): [INFO:hearing_aid.cc(1796)] GetDeviceCount: Not initialized yet
03-19 11:18:31.153 I/bt_stack( 672): [INFO:gatt_api.cc(708)] GATTC_Discover conn_id=0x0003, disc_type=1, s_handle=0x0001, e_handle=0xffff
03-19 11:18:31.154 I/BluetoothBondStateMachine( 672): bondStateChangeCallback: Status: 0 Address: C9:B5:96:5C:E3:ED newState: 2
03-19 11:18:31.160 D/AdapterProperties( 672): Adding bonded device:C9:B5:96:5C:E3:ED
03-19 11:18:31.165 I/BluetoothBondStateMachine( 672): Bond State Change Intent:C9:B5:96:5C:E3:ED BOND_BONDING => BOND_BONDED
03-19 11:18:31.166 I/BluetoothBondStateMachine( 672): StableState(): Entering Off State
03-19 11:18:31.169 D/A2dpService( 672): Bond state changed for device: C9:B5:96:5C:E3:ED state: 12
03-19 11:18:31.170 W/BroadcastQueue( 487): Background execution not allowed: receiving Intent { act=android.bluetooth.device.action.BOND_STATE_CHANGED flg=0x10 (has extras) } to com.dangbei.lerad.etna.haqu/com.dangbei.remotecontroller.RemoteControllerReceiver
03-19 11:18:31.172 D/CachedBluetoothDevice( 679): No profiles. Maybe we will connect later for device C9:B5:96:5C:E3:ED
03-19 11:18:31.173 I/dangbei111( 1047): cccccc on receiver=android.bluetooth.device.action.BOND_STATE_CHANGED,mac=C9:B5:96:5C:E3:ED
03-19 11:18:31.173 I/dangbei111( 1047): Wait for auto connection, processBondStateChange: bondState: 11 --> 12 C9:B5:96:5C:E3:ED
03-19 11:18:31.173 E/bond ( 2949): name=Dangbei,state=12,action=android.bluetooth.device.action.BOND_STATE_CHANGED
03-19 11:18:31.177 D/BluetoothHidHost( 2949): Binding service...
03-19 11:18:31.185 D/BluetoothHidHost( 2949): Proxy object connected
03-19 11:18:31.186 D/BluetoothHidHost( 2949): connect(C9:B5:96:5C:E3:ED)
03-19 11:18:31.187 V/BluetoothDatabase( 672): getProfileConnectionPolicy: C9:B5:96:5C:E3:ED, profile=4, connectionPolicy = -1
03-19 11:18:31.188 E/bt_stack( 672): [ERROR:srvc_eng.cc(397)] DIS already initalized
03-19 11:18:31.188 D/BluetoothHidHost( 2949): Unbinding service...
03-19 11:18:31.189 D/BluetoothHidHostService( 672): Connection state C9:B5:96:5C:E3:ED: 0->1
03-19 11:18:31.192 W/BluetoothHidHostService( 672): no state change: 1
03-19 11:18:31.194 D/AdapterProperties( 672): PROFILE_CONNECTION_STATE_CHANGE: profile=4, device=C9:B5:96:5C:E3:ED, 0 -> 1
03-19 11:18:31.197 D/AdapterProperties( 672): ADAPTER_CONNECTION_STATE_CHANGE: C9:B5:96:5C:E3:ED: 0 -> 1
03-19 11:18:31.198 D/CachedBluetoothDevice( 679): onProfileStateChanged: profile HID, device Dangbei, newProfileState 1
03-19 11:18:31.224 I/bt_stack( 672): [INFO:gatt_api.cc(708)] GATTC_Discover conn_id=0x0001, disc_type=4, s_handle=0x0001, e_handle=0x000d
03-19 11:18:31.256 I/bt_stack( 672): [INFO:gatt_api.cc(1286)] GATT_Disconnect conn_id=0x0007
03-19 11:18:31.256 I/bt_srvc ( 672): system/bt/stack/srvc/srvc_dis.cc:201 dis_gatt_c_read_dis_value_cmpl: dis_gatt_c_read_dis_value_cmpl conn_id:7 attr_mask = 0x0100
03-19 11:18:31.259 W/hdr10p_Configure( 363): 134 callbacks suppressed
03-19 11:18:31.259 I/ ( 363): DVI mode selected: packets not configured
03-19 11:18:31.259 W/set_vsif_config( 363): 134 callbacks suppressed
03-19 11:18:31.259 I/ ( 363): Error: set vsif failed
03-19 11:18:31.260 I/ ( 363): DVI mode selected: packets not configured
03-19 11:18:31.260 I/ ( 363): Error: set vsif failed
03-19 11:18:31.329 I/ ( 363): DVI mode selected: packets not configured
03-19 11:18:31.329 I/ ( 363): Error: set vsif failed
03-19 11:18:31.329 I/ ( 363): DVI mode selected: packets not configured
03-19 11:18:31.329 I/ ( 363): Error: set vsif failed
03-19 11:18:31.356 I/ ( 363): DVI mode selected: packets not configured
03-19 11:18:31.356 I/ ( 363): Error: set vsif failed
03-19 11:18:31.356 I/ ( 363): DVI mode selected: packets not configured
03-19 11:18:31.356 I/ ( 363): Error: set vsif failed
03-19 11:18:31.380 I/ ( 363): DVI mode selected: packets not configured
03-19 11:18:31.380 I/ ( 363): Error: set vsif failed
03-19 11:18:31.380 I/ ( 363): DVI mode selected: packets not configured
03-19 11:18:31.380 I/ ( 363): Error: set vsif failed
03-19 11:18:31.380 I/bt_stack( 672): [INFO:gatt_api.cc(708)] GATTC_Discover conn_id=0x0003, disc_type=3, s_handle=0x0001, e_handle=0x0009
03-19 11:18:31.404 I/ ( 363): DVI mode selected: packets not configured
03-19 11:18:31.404 I/ ( 363): Error: set vsif failed
03-19 11:18:31.405 I/ ( 363): DVI mode selected: packets not configured
03-19 11:18:31.405 I/ ( 363): Error: set vsif failed
03-19 11:18:31.425 I/bt_stack( 672): [INFO:gatt_api.cc(708)] GATTC_Discover conn_id=0x0003, disc_type=4, s_handle=0x0001, e_handle=0x0009
03-19 11:18:31.447 I/bt_stack( 672): [INFO:gatt_api.cc(708)] GATTC_Discover conn_id=0x0001, disc_type=5, s_handle=0x000c, e_handle=0x000d
03-19 11:18:31.560 I/bt_stack( 672): [INFO:gatt_api.cc(708)] GATTC_Discover conn_id=0x0003, disc_type=3, s_handle=0x000a, e_handle=0x000d
03-19 11:18:31.560 I/cling--ap-5( 3238): type=1400 audit(0.0:1995): avc: denied { search } for name="net" dev="sysfs" ino=10441 scontext=u:r:platform_app:s0:c512,c768 tcontext=u:object_r:sysfs_net:s0 tclass=dir permissive=1 app=com.dangbei.screencast
03-19 11:18:31.583 I/bt_stack( 672): [INFO:gatt_api.cc(708)] GATTC_Discover conn_id=0x0003, disc_type=4, s_handle=0x000a, e_handle=0x000d
