03-19 11:21:08.163 I/bt_bta_gattc( 672): system/bt/bta/gatt/bta_gattc_act.cc:1110 bta_gattc_conn_cback: Connected att_id:6 transport:le reason:GATT_CONN_OK
03-19 11:21:08.164 I/bluetooth( 672): system/bt/stack/gatt/connection_manager.cc:185 on_connection_complete: Le connection completed to device:c9:b5:96:5c:e3:ed
03-19 11:21:08.164 I/bt_stack( 672): [INFO:eatt_impl.h(634)] connect device c9:b5:96:5c:e3:ed rolecentral
03-19 11:21:08.165 I/bt_btif_dm( 672): system/bt/btif/src/btif_dm.cc:497 btif_update_remote_version_property: Remote version info valid:true [xx:xx:xx:xx:e3:ed]: 8, 50e, 8
03-19 11:21:08.192 E/BluetoothPhonePolicy( 672): Received unexpected intent, action=android.bluetooth.device.action.ACL_CONNECTED
03-19 11:21:08.193 I/BluetoothPhonePolicy( 672): processDeviceConnected, device=C9:B5:96:5C:E3:ED
03-19 11:21:08.194 I/bt_stack( 672): [INFO:eatt_impl.h(578)] supported_features_cb c9:b5:96:5c:e3:ed is_eatt_supported = 0
03-19 11:21:08.194 D/BluetoothDatabase( 672): setConnection: device=C9:B5:96:5C:E3:ED and isA2dpDevice=false
03-19 11:21:08.194 D/BluetoothDatabase( 672): Updating last connected time for device: C9:B5:96:5C:E3:ED to 207
03-19 11:21:08.194 D/BluetoothDatabase( 672): updateDatabase C9:B5:96:5C:E3:ED
03-19 11:21:08.196 E/bond ( 2949): name=Dangbei,state=11,action=android.bluetooth.device.action.ACL_CONNECTED
03-19 11:21:08.199 I/dangbei111( 1047): cccccc on receiver=android.bluetooth.device.action.ACL_CONNECTED,mac=C9:B5:96:5C:E3:ED
03-19 11:21:08.199 I/dangbei111( 1047): cccccc 收到 ACTION_ACL_CONNECTED 的广播
03-19 11:21:08.199 E/dangbei111( 1047): 5s后准备进行遥控器ota信息检测
03-19 11:21:08.208 E/smp_act ( 672): system/bt/stack/smp/smp_act.cc:135 smp_send_app_cback: Unexpected event:14
03-19 11:21:08.208 I/bt_btif_config( 672): system/bt/btif/src/btif_config.cc:137 btif_get_device_type: Device [c9:b5:96:5c:e3:ed] device type 2
03-19 11:21:08.215 I/bt_btif_config( 672): system/bt/btif/src/btif_config.cc:137 btif_get_device_type: Device [c9:b5:96:5c:e3:ed] device type 2
03-19 11:21:08.215 I/bt_btif_dm( 672): system/bt/btif/src/btif_dm.cc:384 get_cod: get_cod remote_cod = 0x00001f00
03-19 11:21:08.215 E/smp_act ( 672): system/bt/stack/smp/smp_act.cc:228 smp_send_app_cback: Unexpected event: 14
03-19 11:21:08.216 I/BluetoothBondStateMachine( 672): sspRequestCallback: [B@13e7a9e name: [B@52a897f cod: 7936 pairingVariant 2 passkey: 0
03-19 11:21:08.228 D/BluetoothPairingRequest( 826): onPair: null
03-19 11:21:08.418 I/bt_stack( 672): [INFO:gatt_sr.cc(815)] MTU request PDU with MTU size 140
03-19 11:21:08.419 W/bt_stack( 672): [WARNING:gatt_utils.cc(790)] Call back not found for application conn_id=3
03-19 11:21:08.419 W/bt_stack( 672): [WARNING:gatt_utils.cc(790)] Call back not found for application conn_id=4
03-19 11:21:08.419 W/bt_stack( 672): [WARNING:gatt_utils.cc(790)] Call back not found for application conn_id=5
03-19 11:21:08.419 W/bt_stack( 672): [WARNING:gatt_utils.cc(790)] Call back not found for application conn_id=6
03-19 11:21:08.568 I/bt_stack( 672): [INFO:hearing_aid.cc(1796)] GetDeviceCount: Not initialized yet
03-19 11:21:08.964 I/bt_stack( 672): [INFO:btsnoop.cc(338)] clear_l2cap_allowlist: Clearing acceptlist from l2cap channel. conn_handle=16 cid=6:6
03-19 11:21:08.965 I/bt_stack( 672): [INFO:gatt_api.cc(1178)] GATT_Connect: Registered for opportunistic connection gatt_if=1
03-19 11:21:08.965 I/bt_stack( 672): [INFO:gatt_api.cc(708)] GATTC_Discover conn_id=0x0001, disc_type=2, s_handle=0x0001, e_handle=0xffff
03-19 11:21:08.966 I/bt_btif_config( 672): system/bt/btif/src/btif_config.cc:137 btif_get_device_type: Device [c9:b5:96:5c:e3:ed] device type 2
03-19 11:21:08.966 I/bt_btif_dm( 672): system/bt/btif/src/btif_dm.cc:384 get_cod: get_cod remote_cod = 0x00001f00
03-19 11:21:08.966 I/bt_btif_dm( 672): system/bt/btif/src/btif_dm.cc:451 bond_state_changed: Bond state changed to state=2 [0:none, 1:bonding, 2:bonded], prev_state=1, sdp_attempts = 0
03-19 11:21:08.966 I/bt_btif_config( 672): system/bt/btif/src/btif_config.cc:137 btif_get_device_type: Device [c9:b5:96:5c:e3:ed] device type 2
03-19 11:21:08.967 I/bt_stack( 672): [INFO:gatt_api.cc(1178)] GATT_Connect: Registered for opportunistic connection gatt_if=3
03-19 11:21:08.967 E/bt_stack( 672): [ERROR:bta_gattc_cache.cc(940)] bta_gattc_cache_load: can't open GATT cache file /data/misc/bluetooth/gatt_cache_c9b5965ce3ed for reading, error: No such file or directory
03-19 11:21:08.967 I/bt_stack( 672): [INFO:hearing_aid.cc(1796)] GetDeviceCount: Not initialized yet
03-19 11:21:08.968 I/bt_stack( 672): [INFO:gatt_api.cc(708)] GATTC_Discover conn_id=0x0003, disc_type=1, s_handle=0x0001, e_handle=0xffff
03-19 11:21:08.971 I/BluetoothBondStateMachine( 672): bondStateChangeCallback: Status: 0 Address: C9:B5:96:5C:E3:ED newState: 2
03-19 11:21:08.975 D/AdapterProperties( 672): Adding bonded device:C9:B5:96:5C:E3:ED
03-19 11:21:08.982 I/BluetoothBondStateMachine( 672): Bond State Change Intent:C9:B5:96:5C:E3:ED BOND_BONDING => BOND_BONDED
03-19 11:21:08.982 I/BluetoothBondStateMachine( 672): StableState(): Entering Off State
03-19 11:21:08.984 D/A2dpService( 672): Bond state changed for device: C9:B5:96:5C:E3:ED state: 12
03-19 11:21:08.985 W/BroadcastQueue( 487): Background execution not allowed: receiving Intent { act=android.bluetooth.device.action.BOND_STATE_CHANGED flg=0x10 (has extras) } to com.dangbei.lerad.etna.haqu/com.dangbei.remotecontroller.RemoteControllerReceiver
03-19 11:21:08.986 I/dangbei111( 1047): cccccc on receiver=android.bluetooth.device.action.BOND_STATE_CHANGED,mac=C9:B5:96:5C:E3:ED
03-19 11:21:08.986 I/dangbei111( 1047): Wait for auto connection, processBondStateChange: bondState: 11 --> 12 C9:B5:96:5C:E3:ED
03-19 11:21:08.987 D/CachedBluetoothDevice( 679): No profiles. Maybe we will connect later for device C9:B5:96:5C:E3:ED
03-19 11:21:08.987 E/bond ( 2949): name=Dangbei,state=12,action=android.bluetooth.device.action.BOND_STATE_CHANGED
03-19 11:21:08.992 D/BluetoothHidHost( 2949): Binding service...
03-19 11:21:09.001 D/BluetoothHidHost( 2949): Proxy object connected
03-19 11:21:09.002 D/BluetoothHidHost( 2949): connect(C9:B5:96:5C:E3:ED)
03-19 11:21:09.004 V/BluetoothDatabase( 672): getProfileConnectionPolicy: C9:B5:96:5C:E3:ED, profile=4, connectionPolicy = -1
03-19 11:21:09.005 D/BluetoothHidHost( 2949): Unbinding service...
03-19 11:21:09.005 E/bt_stack( 672): [ERROR:srvc_eng.cc(397)] DIS already initalized
03-19 11:21:09.006 D/BluetoothHidHostService( 672): Connection state C9:B5:96:5C:E3:ED: 0->1
03-19 11:21:09.009 W/BluetoothHidHostService( 672): no state change: 1
03-19 11:21:09.010 D/AdapterProperties( 672): PROFILE_CONNECTION_STATE_CHANGE: profile=4, device=C9:B5:96:5C:E3:ED, 0 -> 1
03-19 11:21:09.014 D/AdapterProperties( 672): ADAPTER_CONNECTION_STATE_CHANGE: C9:B5:96:5C:E3:ED: 0 -> 1
03-19 11:21:09.017 D/CachedBluetoothDevice( 679): onProfileStateChanged: profile HID, device Dangbei, newProfileState 1
03-19 11:21:09.035 I/bt_stack( 672): [INFO:gatt_api.cc(708)] GATTC_Discover conn_id=0x0001, disc_type=4, s_handle=0x0001, e_handle=0x000d
03-19 11:21:09.058 I/bt_stack( 672): [INFO:gatt_api.cc(1286)] GATT_Disconnect conn_id=0x0007
03-19 11:21:09.058 I/bt_srvc ( 672): system/bt/stack/srvc/srvc_dis.cc:201 dis_gatt_c_read_dis_value_cmpl: dis_gatt_c_read_dis_value_cmpl conn_id:7 attr_mask = 0x0100
03-19 11:21:09.156 W/IorapForwardingService( 487): No service published for: iorapd
03-19 11:21:09.170 I/bt_stack( 672): [INFO:gatt_api.cc(708)] GATTC_Discover conn_id=0x0003, disc_type=3, s_handle=0x0001, e_handle=0x0009
03-19 11:21:09.215 I/bt_stack( 672): [INFO:gatt_api.cc(708)] GATTC_Discover conn_id=0x0003, disc_type=4, s_handle=0x0001, e_handle=0x0009
03-19 11:21:09.237 I/bt_stack( 672): [INFO:gatt_api.cc(708)] GATTC_Discover conn_id=0x0001, disc_type=5, s_handle=0x000c, e_handle=0x000d
03-19 11:21:09.314 D/WifiNl80211Manager( 487): Scan result ready event
03-19 11:21:09.314 D/WifiNative( 487): Scan result ready event
03-19 11:21:09.361 I/bt_stack( 672): [INFO:gatt_api.cc(708)] GATTC_Discover conn_id=0x0003, disc_type=3, s_handle=0x000a, e_handle=0x000d
03-19 11:21:09.364 E/ccc ( 2949): cccccc SCAN_RESULTS_AVAILABLE_ACTION hhhh
03-19 11:21:09.364 E/hq ( 1119): NetWorkStateReceiver:::NetWorkStateReceiver onReceive: 网络变化广播 >>>> intent.action=android.net.wifi.SCAN_RESULTS
03-19 11:21:09.369 D/PasspointManager( 487): ANQP entry not found for: f8:14:fe:4f:93:01:
03-19 11:21:09.374 E/WifiHAL ( 663): wifi_get_link_stats: requestResponse Error:-5
03-19 11:21:09.376 E/WifiVendorHal( 487): getWifiLinkLayerStats_1_5_Internal(l.1191) failed {.code = ERROR_INVALID_ARGS, .description = }
03-19 11:21:09.384 I/bt_stack( 672): [INFO:gatt_api.cc(708)] GATTC_Discover conn_id=0x0003, disc_type=4, s_handle=0x000a, e_handle=0x000d
03-19 11:21:09.394 W/eventbuscore( 1119): post Event:com.dangbei.leard.base.entity.event.NetWifiRssiEvent
03-19 11:21:09.400 E/ccc ( 2949): cccccc result is not empty call back
03-19 11:21:09.400 E/ccc ( 2949): cccccc 666666666666666
03-19 11:21:09.411 E/ccc ( 2949): cccccc sort 2 51
03-19 11:21:09.429 I/bt_stack( 672): [INFO:gatt_api.cc(708)] GATTC_Discover conn_id=0x0003, disc_type=5, s_handle=0x000d, e_handle=0x000d
03-19 11:21:09.452 I/bt_stack( 672): [INFO:gatt_api.cc(708)] GATTC_Discover conn_id=0x0003, disc_type=3, s_handle=0x000e, e_handle=0x0011
03-19 11:21:09.474 I/bt_stack( 672): [INFO:gatt_api.cc(708)] GATTC_Discover conn_id=0x0003, disc_type=4, s_handle=0x000e, e_handle=0x0011
03-19 11:21:09.519 I/bt_stack( 672): [INFO:gatt_api.cc(708)] GATTC_Discover conn_id=0x0003, disc_type=5, s_handle=0x0011, e_handle=0x0011
03-19 11:21:09.554 I/bt_stack( 672): [INFO:gatt_api.cc(708)] GATTC_Discover conn_id=0x0003, disc_type=3, s_handle=0x0012, e_handle=0x001e
03-19 11:21:09.575 I/bt_stack( 672): [INFO:gatt_api.cc(708)] GATTC_Discover conn_id=0x0003, disc_type=4, s_handle=0x0012, e_handle=0x001e
03-19 11:21:09.603 I/BLEAudioDrive_HV410( 248): select timeout!
03-19 11:21:09.665 I/bt_stack( 672): [INFO:gatt_api.cc(708)] GATTC_Discover conn_id=0x0003, disc_type=3, s_handle=0x001f, e_handle=0x0042
03-19 11:21:09.689 I/bt_stack( 672): [INFO:gatt_api.cc(708)] GATTC_Discover conn_id=0x0003, disc_type=4, s_handle=0x001f, e_handle=0x0042
03-19 11:21:09.845 I/bt_stack( 672): [INFO:gatt_api.cc(708)] GATTC_Discover conn_id=0x0003, disc_type=5, s_handle=0x0024, e_handle=0x0024
03-19 11:21:09.869 I/bt_stack( 672): [INFO:gatt_api.cc(708)] GATTC_Discover conn_id=0x0003, disc_type=5, s_handle=0x0029, e_handle=0x0029
03-19 11:21:09.890 I/bt_stack( 672): [INFO:gatt_api.cc(708)] GATTC_Discover conn_id=0x0003, disc_type=5, s_handle=0x002e, e_handle=0x002e
03-19 11:21:09.913 I/bt_stack( 672): [INFO:gatt_api.cc(708)] GATTC_Discover conn_id=0x0003, disc_type=5, s_handle=0x0031, e_handle=0x0032
03-19 11:21:09.935 I/bt_stack( 672): [INFO:gatt_api.cc(708)] GATTC_Discover conn_id=0x0003, disc_type=5, s_handle=0x0035, e_handle=0x0036
03-19 11:21:09.958 I/bt_stack( 672): [INFO:gatt_api.cc(708)] GATTC_Discover conn_id=0x0003, disc_type=5, s_handle=0x0039, e_handle=0x003a
03-19 11:21:09.991 I/bt_stack( 672): [INFO:gatt_api.cc(708)] GATTC_Discover conn_id=0x0003, disc_type=5, s_handle=0x003d, e_handle=0x003d
03-19 11:21:10.006 I/bt_stack( 672): [INFO:gatt_api.cc(708)] GATTC_Discover conn_id=0x0003, disc_type=5, s_handle=0x0040, e_handle=0x0040
03-19 11:21:10.021 I/bt_stack( 672): [INFO:gatt_api.cc(708)] GATTC_Discover conn_id=0x0003, disc_type=3, s_handle=0x0043, e_handle=0x0051
03-19 11:21:10.036 I/bt_stack( 672): [INFO:gatt_api.cc(708)] GATTC_Discover conn_id=0x0003, disc_type=4, s_handle=0x0043, e_handle=0x0051
03-19 11:21:10.096 I/bt_stack( 672): [INFO:gatt_api.cc(708)] GATTC_Discover conn_id=0x0003, disc_type=5, s_handle=0x0046, e_handle=0x0046
03-19 11:21:10.111 I/bt_stack( 672): [INFO:gatt_api.cc(708)] GATTC_Discover conn_id=0x0003, disc_type=5, s_handle=0x0049, e_handle=0x0049
03-19 11:21:10.119 I/bt_stack( 672): [INFO:hearing_aid.cc(1796)] GetDeviceCount: Not initialized yet
03-19 11:21:10.127 I/bt_stack( 672): [INFO:gatt_api.cc(708)] GATTC_Discover conn_id=0x0003, disc_type=5, s_handle=0x004c, e_handle=0x004c
03-19 11:21:10.141 I/bt_stack( 672): [INFO:gatt_api.cc(708)] GATTC_Discover conn_id=0x0003, disc_type=5, s_handle=0x004f, e_handle=0x004f
03-19 11:21:10.156 I/bt_stack( 672): [INFO:bta_gattc_cache.cc(219)] bta_gattc_explore_srvc_finished: service discovery finished
03-19 11:21:10.157 I/bt_bta_hh( 672): system/bt/bta/hh/bta_hh_le.cc:1367 bta_hh_le_search_hid_chars: bta_hh_le_search_hid_chars: GATT_UUID_HID_INFORMATION 00002a4a-0000-1000-8000-00805f9b34fb
03-19 11:21:10.157 I/bt_bta_hh( 672): system/bt/bta/hh/bta_hh_le.cc:1367 bta_hh_le_search_hid_chars: bta_hh_le_search_hid_chars: GATT_UUID_HID_REPORT_MAP 00002a4b-0000-1000-8000-00805f9b34fb
03-19 11:21:10.158 I/bt_bta_hh( 672): system/bt/bta/hh/bta_hh_le.cc:1367 bta_hh_le_search_hid_chars: bta_hh_le_search_hid_chars: GATT_UUID_HID_CONTROL_POINT 00002a4c-0000-1000-8000-00805f9b34fb
03-19 11:21:10.158 I/bt_bta_hh( 672): system/bt/bta/hh/bta_hh_le.cc:1367 bta_hh_le_search_hid_chars: bta_hh_le_search_hid_chars: GATT_UUID_HID_BT_KB_INPUT 00002a22-0000-1000-8000-00805f9b34fb
03-19 11:21:10.158 I/bt_bta_hh( 672): system/bt/bta/hh/bta_hh_le.cc:1367 bta_hh_le_search_hid_chars: bta_hh_le_search_hid_chars: GATT_UUID_HID_BT_KB_OUTPUT 00002a32-0000-1000-8000-00805f9b34fb
03-19 11:21:10.158 I/bt_bta_hh( 672): system/bt/bta/hh/bta_hh_le.cc:1367 bta_hh_le_search_hid_chars: bta_hh_le_search_hid_chars: GATT_UUID_HID_BT_MOUSE_INPUT 00002a33-0000-1000-8000-00805f9b34fb
03-19 11:21:10.158 W/IorapForwardingService( 487): No service published for: iorapd
03-19 11:21:10.158 I/bt_bta_hh( 672): system/bt/bta/hh/bta_hh_le.cc:1367 bta_hh_le_search_hid_chars: bta_hh_le_search_hid_chars: GATT_UUID_HID_REPORT 00002a4d-0000-1000-8000-00805f9b34fb
03-19 11:21:10.158 I/bt_bta_hh( 672): system/bt/bta/hh/bta_hh_le.cc:1367 bta_hh_le_search_hid_chars: bta_hh_le_search_hid_chars: GATT_UUID_HID_REPORT 00002a4d-0000-1000-8000-00805f9b34fb
03-19 11:21:10.158 I/bt_bta_hh( 672): system/bt/bta/hh/bta_hh_le.cc:1367 bta_hh_le_search_hid_chars: bta_hh_le_search_hid_chars: GATT_UUID_HID_REPORT 00002a4d-0000-1000-8000-00805f9b34fb
03-19 11:21:10.158 I/bt_bta_hh( 672): system/bt/bta/hh/bta_hh_le.cc:1367 bta_hh_le_search_hid_chars: bta_hh_le_search_hid_chars: GATT_UUID_HID_REPORT 00002a4d-0000-1000-8000-00805f9b34fb
03-19 11:21:10.158 I/bt_bta_hh( 672): system/bt/bta/hh/bta_hh_le.cc:1367 bta_hh_le_search_hid_chars: bta_hh_le_search_hid_chars: GATT_UUID_HID_REPORT 00002a4d-0000-1000-8000-00805f9b34fb
03-19 11:21:10.158 I/bt_bta_hh( 672): system/bt/bta/hh/bta_hh_le.cc:1367 bta_hh_le_search_hid_chars: bta_hh_le_search_hid_chars: GATT_UUID_HID_PROTO_MODE 00002a4e-0000-1000-8000-00805f9b34fb
03-19 11:21:10.158 I/bt_bta_gattc( 672): system/bt/bta/gatt/bta_gattc_cache.cc:902 bta_gattc_get_gatt_db: bta_gattc_get_gatt_db
03-19 11:21:10.158 I/bt_bta_dm( 672): system/bt/bta/dm/bta_dm_act.cc:1314 bta_dm_search_cmpl: GATT services discovered using LE Transport
03-19 11:21:10.175 I/BluetoothPhonePolicy( 672): Received ACTION_UUID for device C9:B5:96:5C:E3:ED
03-19 11:21:10.175 I/BluetoothPhonePolicy( 672): index=0uuid=00001812-0000-1000-8000-00805f9b34fb
03-19 11:21:10.175 I/BluetoothPhonePolicy( 672): processInitProfilePriorities() - device C9:B5:96:5C:E3:ED
03-19 11:21:10.175 W/HearingAidService( 672): getHearingAidService(): service is NULL
03-19 11:21:10.175 V/BluetoothDatabase( 672): getProfileConnectionPolicy: C9:B5:96:5C:E3:ED, profile=4, connectionPolicy = -1
03-19 11:21:10.176 D/BluetoothDatabase( 672): updateDatabase C9:B5:96:5C:E3:ED
03-19 11:21:10.181 D/LocalBluetoothProfileManager( 679): Current Profiles[]
03-19 11:21:10.182 D/BluetoothMap( 679): getConnectionState(C9:B5:96:5C:E3:ED)
03-19 11:21:10.184 D/BluetoothPbapService( 672): getConnectionState: C9:B5:96:5C:E3:ED
03-19 11:21:10.185 D/LocalBluetoothProfileManager( 679): New Profiles[HID]
03-19 11:21:10.187 I/bt_stack( 672): [INFO:hearing_aid.cc(1796)] GetDeviceCount: Not initialized yet
03-19 11:21:10.188 D/CachedBluetoothDevice( 679): updating profiles for Dangbei
03-19 11:21:10.189 V/CachedBluetoothDevice( 679): Class: 1f00
03-19 11:21:10.189 V/CachedBluetoothDevice( 679): UUID:
03-19 11:21:10.189 V/CachedBluetoothDevice( 679): 00001812-0000-1000-8000-00805f9b34fb
03-19 11:21:10.190 D/CachedBluetoothDevice( 679): onUuidChanged: Time since last connect=1203
03-19 11:21:10.190 D/CachedBluetoothDevice( 679): onUuidChanged: triggering connectAllEnabledProfiles
03-19 11:21:10.190 V/BluetoothDatabase( 672): getProfileConnectionPolicy: C9:B5:96:5C:E3:ED, profile=2, connectionPolicy = -1
03-19 11:21:10.190 V/BluetoothDatabase( 672): getProfileConnectionPolicy: C9:B5:96:5C:E3:ED, profile=1, connectionPolicy = -1
03-19 11:21:10.190 V/BluetoothDatabase( 672): getProfileConnectionPolicy: C9:B5:96:5C:E3:ED, profile=4, connectionPolicy = 100
03-19 11:21:10.190 V/BluetoothDatabase( 672): getProfileConnectionPolicy: C9:B5:96:5C:E3:ED, profile=4, connectionPolicy = 100
03-19 11:21:10.190 I/BluetoothAdapterService( 672): connectEnabledProfiles: Connecting Hid Host Profile
03-19 11:21:10.190 E/BluetoothHidHostService( 672): Hid Device not disconnected: C9:B5:96:5C:E3:ED
03-19 11:21:10.306 E/WifiHAL ( 663): wifi_get_link_stats: requestResponse Error:-5
03-19 11:21:10.308 E/WifiVendorHal( 487): getWifiLinkLayerStats_1_5_Internal(l.1191) failed {.code = ERROR_INVALID_ARGS, .description = }
03-19 11:21:10.430 E/bt_stack( 672): [ERROR:bta_gattc_api.cc(729)] BTA_GATTC_DeregisterForNotifications registration not found bd_addr=c9:b5:96:5c:e3:ed
03-19 11:21:10.430 E/bt_stack( 672): [ERROR:bta_gattc_api.cc(729)] BTA_GATTC_DeregisterForNotifications registration not found bd_addr=c9:b5:96:5c:e3:ed
03-19 11:21:10.431 W/bt_btif ( 672): system/bt/main/bte_logmsg.cc:194 LogMsg: btif_hh_upstreams_evt: BTA_HH_OPN_EVT: handle=32, status =0
03-19 11:21:10.431 W/bt_btif ( 672): system/bt/main/bte_logmsg.cc:194 LogMsg: BTA_HH_OPEN_EVT: Found device...Getting dscp info for handle ... 32
03-19 11:21:10.431 I/bt_btif_dm( 672): system/bt/btif/src/btif_dm.cc:384 get_cod: get_cod remote_cod = 0x00001f00
03-19 11:21:10.431 I/bt_btif_dm( 672): system/bt/btif/src/btif_dm.cc:384 get_cod: get_cod remote_cod = 0x00001f00
03-19 11:21:10.432 W/bt_btif ( 672): system/bt/main/bte_logmsg.cc:194 LogMsg: btif_hh_upstreams_evt: name = Dangbei
03-19 11:21:10.432 W/bt_btif ( 672): system/bt/main/bte_logmsg.cc:194 LogMsg: bta_hh_co_send_hid_info: fd = 199, name = [Dangbei], dscp_len = 122
03-19 11:21:10.432 W/bt_btif ( 672): system/bt/main/bte_logmsg.cc:194 LogMsg: bta_hh_co_send_hid_info: vendor_id = 0x1d5a, product_id = 0xc081, version= 0x0101,ctry_code=0x00
03-19 11:21:10.432 D/BluetoothHidHostService( 672): Connection state C9:B5:96:5C:E3:ED: 1->2
03-19 11:21:10.433 W/bt_btif ( 672): system/bt/main/bte_logmsg.cc:194 LogMsg: bta_hh_co_send_hid_info: wrote descriptor to fd = 199, dscp_len = 122, result = 0
03-19 11:21:10.434 W/bt_stack( 672): [WARNING:btif_hh.cc(403)] Added device c9:b5:96:5c:e3:ed
03-19 11:21:10.434 W/bt_btif ( 672): system/bt/main/bte_logmsg.cc:194 LogMsg: BTA_HH_GET_DSCP_EVT: Called add device
03-19 11:21:10.434 W/bt_btif ( 672): system/bt/main/bte_logmsg.cc:194 LogMsg: BTA_HH_ADD_DEV_EVT: status = 0, handle = 32
03-19 11:21:10.435 D/XM_HIDREAD( 318): add@ add@/devices/virtual/misc/uhid/0005:1D5A:C081.008A
03-19 11:21:10.439 D/BluetoothAdapterService( 672): enable() - Enable called with quiet mode status = false
03-19 11:21:10.440 I/AdapterState( 672): ON : Unhandled message - BLE_TURN_ON
03-19 11:21:10.441 D/XM_HIDREAD( 318): add@ add@/devices/virtual/misc/uhid/0005:1D5A:C081.008A/input/input411
03-19 11:21:10.442 D/AdapterProperties( 672): PROFILE_CONNECTION_STATE_CHANGE: profile=4, device=C9:B5:96:5C:E3:ED, 1 -> 2
03-19 11:21:10.447 I/input ( 34): Dangbei Keyboard as /devices/virtual/misc/uhid/0005:1D5A:C081.008A/input/input411
03-19 11:21:10.445 D/XM_HIDREAD( 318): add@ add@/devices/virtual/misc/uhid/0005:1D5A:C081.008A/input/input411/input411::numlock
03-19 11:21:10.445 D/AdapterProperties( 672): ADAPTER_CONNECTION_STATE_CHANGE: C9:B5:96:5C:E3:ED: 1 -> 2
03-19 11:21:10.447 D/XM_HIDREAD( 318): add@ add@/devices/virtual/misc/uhid/0005:1D5A:C081.008A/input/input411/input411::capslock
03-19 11:21:10.449 D/XM_HIDREAD( 318): add@ add@/devices/virtual/misc/uhid/0005:1D5A:C081.008A/input/input411/input411::scrolllock
03-19 11:21:10.450 D/XM_HIDREAD( 318): add@ add@/devices/virtual/misc/uhid/0005:1D5A:C081.008A/input/input411/input411::compose
03-19 11:21:10.451 D/XM_HIDREAD( 318): add@ add@/devices/virtual/misc/uhid/0005:1D5A:C081.008A/input/input411/input411::kana
03-19 11:21:10.452 D/CachedBluetoothDevice( 679): onProfileStateChanged: profile HID, device Dangbei, newProfileState 2
03-19 11:21:10.457 D/XM_HIDREAD( 318): add@ add@/devices/virtual/misc/uhid/0005:1D5A:C081.008A/input/input411/event3
03-19 11:21:10.459 D/XM_HIDREAD( 318): add@ add@/devices/virtual/misc/uhid/0005:1D5A:C081.008A/input/input412
03-19 11:21:10.460 D/XM_HIDREAD( 318): add@ add@/devices/virtual/misc/uhid/0005:1D5A:C081.008A/input/input412/event4
03-19 11:21:10.460 D/XM_HIDREAD( 318): add@ add@/devices/virtual/misc/uhid/0005:1D5A:C081.008A/input/input413
03-19 11:21:10.465 I/input ( 34): Dangbei Consumer Control as /devices/virtual/misc/uhid/0005:1D5A:C081.008A/input/input412
03-19 11:21:10.466 I/input ( 34): Dangbei as /devices/virtual/misc/uhid/0005:1D5A:C081.008A/input/input413
03-19 11:21:10.461 D/XM_HIDREAD( 318): add@ add@/devices/virtual/misc/uhid/0005:1D5A:C081.008A/input/input413/event5
03-19 11:21:10.467 I/hid-generic 0005( 34): 1D5A:C081.008A: input: BLUETOOTH HID v1.01 Keyboard [Dangbei] on
03-19 11:21:10.477 D/EventHub( 487): No input device configuration file found for device 'Dangbei Keyboard'.
03-19 11:21:10.484 D/XM_HIDREAD( 318): add@ add@/devices/virtual/wakeup/wakeup27
03-19 11:21:10.484 I/EventHub( 487): usingClockIoctl=true
03-19 11:21:10.484 I/EventHub( 487): New device: id=412, fd=280, path='/dev/input/event3', name='Dangbei Keyboard', classes=KEYBOARD | EXTERNAL, configuration='', keyLayout='/system/usr/keylayout/Vendor_1d5a_Product_c081.kl', keyCharacterMap='/system/usr/keychars/Generic.kcm', builtinKeyboard=false,
03-19 11:21:10.484 I/InputReader( 487): Device added: id=141, eventHubId=412, name='Dangbei Keyboard', descriptor='b5b64510cdcd0655bbdd1229f1efd599026f5f75',sources=0x00000101
03-19 11:21:10.485 D/EventHub( 487): No input device configuration file found for device 'Dangbei Consumer Control'.
03-19 11:21:10.492 D/XM_HIDREAD( 318): add@ add@/devices/virtual/wakeup/wakeup28
03-19 11:21:10.492 W/EventHub( 487): Unable to disable kernel key repeat for /dev/input/event4: Function not implemented
03-19 11:21:10.492 I/EventHub( 487): usingClockIoctl=true
03-19 11:21:10.492 I/EventHub( 487): New device: id=413, fd=288, path='/dev/input/event4', name='Dangbei Consumer Control', classes=KEYBOARD | JOYSTICK | EXTERNAL, configuration='', keyLayout='/system/usr/keylayout/Vendor_1d5a_Product_c081.kl', keyCharacterMap='/system/usr/keychars/Generic.kcm', builtinKeyboard=false,
03-19 11:21:10.493 I/InputReader( 487): Device added: id=141, eventHubId=413, name='Dangbei Consumer Control', descriptor='b5b64510cdcd0655bbdd1229f1efd599026f5f75',sources=0x01000111
03-19 11:21:10.494 D/EventHub( 487): No input device configuration file found for device 'Dangbei'.
03-19 11:21:10.541 D/TvWindowManager( 487): key event key = KEYCODE_DPAD_UP down = true
03-19 11:21:10.542 D/GpioService( 487): mFlickerEnable = true
03-19 11:21:10.543 I/SogouIME( 2890): onKeyDown: keyoCode=19
03-19 11:21:10.543 I/DefaultIMS( 2890): onKeyDown: keyoCode=19
03-19 11:21:10.561 I/DefaultIMS( 2890): onStartInput attribute=android.view.inputmethod.EditorInfo@fa83557 restarting=false inputType: 0
03-19 11:21:10.612 D/TvWindowManager( 487): key event key = KEYCODE_DPAD_UP down = false
03-19 11:21:10.617 I/SogouIME( 2890): onKeyUp: keyoCode=19
03-19 11:21:10.617 I/DefaultIMS( 2890): onKeyUp: keyoCode=19
03-19 11:21:10.728 W/ZramWriteback( 487): Writeback device is not set
03-19 11:21:10.728 D/ZramWriteback( 487): wait to flush
03-19 11:21:11.157 I/bt_stack( 672): [INFO:gatt_api.cc(1286)] GATT_Disconnect conn_id=0x0003
03-19 11:21:11.160 W/IorapForwardingService( 487): No service published for: iorapd
03-19 11:21:11.206 E/dangbei111( 1047): cccccc 检查遥控器是否连接: Dangbei C9:B5:96:5C:E3:ED
03-19 11:21:11.208 E/dangbei111( 1047): cccccc 检查遥控器是否连接: 蓝牙的结果 Dangbei C9:B5:96:5C:E3:ED true
03-19 11:21:11.210 E/dangbei111( 1047): cccccc 确实有遥控器 存在 取消check任务
03-19 11:21:11.210 E/dangbei111( 1047): cccccc 确实有遥控器 存在 重置beeGatt
03-19 11:21:11.210 E/dangbei111( 1047): cccccc 尝试 stopBleScan
03-19 11:21:11.212 D/BluetoothAdapter( 1047): isLeEnabled(): ON
03-19 11:21:11.212 D/BluetoothLeScanner( 1047): could not find callback wrapper
03-19 11:21:11.212 E/dangbei111( 1047): cccccc stopBleScanInner null
03-19 11:21:11.212 E/dangbei111( 1047): cccccc rc is connected, stop scan =C9:B5:96:5C:E3:ED
03-19 11:21:11.215 E/dangbei111( 1047): cccccc 检查遥控器是否连接: Dangbei C7:44:13:5B:41:8C
03-19 11:21:11.218 E/dangbei111( 1047): cccccc 检查遥控器是否连接: 蓝牙的结果 Dangbei C7:44:13:5B:41:8C false
03-19 11:21:11.218 E/dangbei111( 1047): cccccc 确实有遥控器 存在 取消check任务
03-19 11:21:11.218 E/dangbei111( 1047): cccccc 确实有遥控器 存在 重置beeGatt
03-19 11:21:11.219 E/dangbei111( 1047): cccccc 准备cancelPair Dangbei C7:44:13:5B:41:8C
03-19 11:21:11.222 E/dangbei111( 1047): cccccc 取消pair Dangbei C7:44:13:5B:41:8C 12
03-19 11:21:11.222 I/BluetoothDevice( 1047): removeBond() for device C7:44:13:5B:41:8C called by pid: 1047 tid: 1047
03-19 11:21:11.224 I/bt_btif_config( 672): system/bt/btif/src/btif_config.cc:137 btif_get_device_type: Device [c7:44:13:5b:41:8c] device type 2
03-19 11:21:11.224 I/BluetoothBondStateMachine( 672): Entering PendingCommandState State
03-19 11:21:11.224 I/bt_btif_dm( 672): system/bt/btif/src/btif_dm.cc:384 get_cod: get_cod remote_cod = 0x00001f00
03-19 11:21:11.224 E/bt_btif ( 672): system/bt/main/bte_logmsg.cc:191 LogMsg: btif_hh_virtual_unplug: Error, device c7:44:13:5b:41:8c not opened, status = 5
03-19 11:21:11.225 I/bt_stack( 672): [INFO:btif_hh.cc(428)] btif_hh_remove_device: bda = c7:44:13:5b:41:8c
03-19 11:21:11.225 I/bt_btif_storage( 672): system/bt/btif/src/btif_storage.cc:839 btif_storage_remove_bonded_device: Removing bonded device addr:c7:44:13:5b:41:8c
03-19 11:21:11.225 I/bt_btif_storage( 672): system/bt/btif/src/btif_storage.cc:1138 btif_storage_remove_ble_bonding_keys: Removing bonding keys for bd addr:c7:44:13:5b:41:8c
03-19 11:21:11.230 I/bt_btif_config( 672): system/bt/btif/src/btif_config.cc:137 btif_get_device_type: Device [c7:44:13:5b:41:8c] device type 2
03-19 11:21:11.230 I/bt_btif_dm( 672): system/bt/btif/src/btif_dm.cc:384 get_cod: get_cod remote_cod = 0x00001f00
03-19 11:21:11.230 I/bt_btif_dm( 672): system/bt/btif/src/btif_dm.cc:451 bond_state_changed: Bond state changed to state=0 [0:none, 1:bonding, 2:bonded], prev_state=0, sdp_attempts = 0
03-19 11:21:11.230 I/bt_btif_config( 672): system/bt/btif/src/btif_config.cc:137 btif_get_device_type: Device [c7:44:13:5b:41:8c] device type 2
03-19 11:21:11.231 I/bt_stack( 672): [INFO:gatt_api.cc(1231)] GATT_CancelConnect: gatt_if:0, address: c7:44:13:5b:41:8c, direct:0
03-19 11:21:11.231 E/bt_stack( 672): [ERROR:bta_gattc_api.cc(729)] BTA_GATTC_DeregisterForNotifications registration not found bd_addr=c7:44:13:5b:41:8c
03-19 11:21:11.232 E/bt_stack( 672): [ERROR:bta_gattc_api.cc(729)] BTA_GATTC_DeregisterForNotifications registration not found bd_addr=c7:44:13:5b:41:8c
03-19 11:21:11.232 E/bt_stack( 672): [ERROR:bta_gattc_api.cc(729)] BTA_GATTC_DeregisterForNotifications registration not found bd_addr=c7:44:13:5b:41:8c
03-19 11:21:11.232 E/bt_stack( 672): [ERROR:bta_gattc_api.cc(729)] BTA_GATTC_DeregisterForNotifications registration not found bd_addr=c7:44:13:5b:41:8c
03-19 11:21:11.232 E/bt_stack( 672): [ERROR:bta_gattc_api.cc(729)] BTA_GATTC_DeregisterForNotifications registration not found bd_addr=c7:44:13:5b:41:8c
03-19 11:21:11.232 I/bt_bta_sys_main( 672): system/bt/bta/sys/bta_sys_main.cc:99 bta_sys_event: Ignoring receipt of unregistered event id:HID Human interface device
03-19 11:21:11.233 E/bt_stack( 672): [ERROR:bta_gattc_utils.cc(441)] bta_gattc_mark_bg_conn unable to find the bg connection mask for bd_addr=c7:44:13:5b:41:8c
03-19 11:21:11.235 W/BluetoothHidHostService( 672): no state change: 0
03-19 11:21:11.243 I/BluetoothBondStateMachine( 672): bondStateChangeCallback: Status: 0 Address: C7:44:13:5B:41:8C newState: 0
03-19 11:21:11.247 D/AdapterProperties( 672): Removing bonded device:C7:44:13:5B:41:8C
03-19 11:21:11.248 D/BluetoothGatt( 1047): discoverServices() - device: C7:44:13:5B:41:8C
03-19 11:21:11.250 E/BtGatt.GattService( 672): discoverServices() - No connection for C7:44:13:5B:41:8C...
03-19 11:21:11.251 E/dangbei111( 1047): getBattery delay 0
03-19 11:21:11.253 I/BluetoothBondStateMachine( 672): Bond State Change Intent:C7:44:13:5B:41:8C BOND_BONDED => BOND_NONE
03-19 11:21:11.256 W/HeadsetClientService( 672): getHeadsetClientService(): service is null
03-19 11:21:11.257 W/PbapClientService( 672): getPbapClientService(): service is null
03-19 11:21:11.257 W/BroadcastQueue( 487): Background execution not allowed: receiving Intent { act=android.bluetooth.device.action.BOND_STATE_CHANGED flg=0x10 (has extras) } to com.dangbei.lerad.etna.haqu/com.dangbei.remotecontroller.RemoteControllerReceiver
03-19 11:21:11.259 D/BluetoothDatabase( 672): updateDatabase C7:44:13:5B:41:8C
03-19 11:21:11.260 E/bond ( 2949): name=Dangbei,state=10,action=android.bluetooth.device.action.BOND_STATE_CHANGED
03-19 11:21:11.260 D/A2dpService( 672): Saved connectionPolicy C7:44:13:5B:41:8C = -1
03-19 11:21:11.261 I/HeadsetService( 672): setConnectionPolicy: device=C7:44:13:5B:41:8C, connectionPolicy=-1, uid/pid=1002/672
03-19 11:21:11.261 D/A2dpService( 672): Bond state changed for device: C7:44:13:5B:41:8C state: 10
03-19 11:21:11.261 I/BluetoothBondStateMachine( 672): StableState(): Entering Off State
03-19 11:21:11.261 I/bt_btif_config( 672): system/bt/btif/src/btif_config.cc:137 btif_get_device_type: Device [c7:44:13:5b:41:8c] device type 2
03-19 11:21:11.266 D/BluetoothGatt( 1047): discoverServices() - device: C7:44:13:5B:41:8C
03-19 11:21:11.266 I/bt_btif_config( 672): system/bt/btif/src/btif_config.cc:137 btif_get_device_type: Device [c7:44:13:5b:41:8c] device type 2
03-19 11:21:11.267 E/BtGatt.GattService( 672): discoverServices() - No connection for C7:44:13:5B:41:8C...
03-19 11:21:11.267 E/dangbei111( 1047): 5mins后会再次获取电量
03-19 11:21:11.267 E/dangbei111( 1047): getBattery delay 300000
03-19 11:21:11.269 I/dangbei111( 1047): cccccc on receiver=android.bluetooth.device.action.BOND_STATE_CHANGED,mac=C7:44:13:5B:41:8C
03-19 11:21:11.270 I/dangbei111( 1047): Wait for auto connection, processBondStateChange: bondState: 12 --> 10 C7:44:13:5B:41:8C
03-19 11:21:11.276 D/BluetoothDatabase( 672): getCustomMeta: device C7:44:13:5B:41:8C is not in cache
03-19 11:21:11.277 D/BluetoothDatabase( 672): getCustomMeta: device C7:44:13:5B:41:8C is not in cache
03-19 11:21:11.278 W/BluetoothEventManager( 679): showUnbondMessage: Not displaying any message for reason: 9
03-19 11:21:12.163 W/IorapForwardingService( 487): No service published for: iorapd
03-19 11:21:13.165 W/IorapForwardingService( 487): No service published for: iorapd
03-19 11:21:13.203 E/dangbei111( 1047): cccccc 检测到网络 准备请求遥控器ota信息
03-19 11:21:13.204 W/ContextImpl( 1047): Calling a method in the system process without a qualified user: android.app.ContextImpl.sendBroadcast:1173 android.content.ContextWrapper.sendBroadcast:479 com.dangbei.remotecontroller.RemoteControllerReceiver.sendMessageToUpdateHelper:122 com.dangbei.remotecontroller.RemoteControllerReceiver.access$100:28 com.dangbei.remotecontroller.RemoteControllerReceiver$1.handleMessage:41
03-19 11:21:13.206 E/ActivityManager( 487): Sending non-protected broadcast com.dangbei.remote.connected from system 1047:com.dangbei.lerad.etna.haqu/1000 pkg com.dangbei.lerad.etna.haqu
03-19 11:21:13.206 E/ActivityManager( 487): java.lang.Throwable
03-19 11:21:13.206 E/ActivityManager( 487): at com.android.server.am.ActivityManagerService.checkBroadcastFromSystem(ActivityManagerService.java:12816)
03-19 11:21:13.206 E/ActivityManager( 487): at com.android.server.am.ActivityManagerService.broadcastIntentLocked(ActivityManagerService.java:13416)
03-19 11:21:13.206 E/ActivityManager( 487): at com.android.server.am.ActivityManagerService.broadcastIntentLocked(ActivityManagerService.java:12833)
03-19 11:21:13.206 E/ActivityManager( 487): at com.android.server.am.ActivityManagerService.broadcastIntentWithFeature(ActivityManagerService.java:13670)
03-19 11:21:13.206 E/ActivityManager( 487): at android.app.IActivityManager$Stub.onTransact(IActivityManager.java:2326)
03-19 11:21:13.206 E/ActivityManager( 487): at com.android.server.am.ActivityManagerService.onTransact(ActivityManagerService.java:2509)
03-19 11:21:13.206 E/ActivityManager( 487): at android.os.Binder.execTransactInternal(Binder.java:1179)
03-19 11:21:13.206 E/ActivityManager( 487): at android.os.Binder.execTransact(Binder.java:1143)
03-19 11:21:13.208 E/ActivityManager( 487): Sending non-protected broadcast com.dangbei.remote.connected from system 1047:com.dangbei.lerad.etna.haqu/1000 pkg com.dangbei.lerad.etna.haqu
03-19 11:21:13.208 E/ActivityManager( 487): java.lang.Throwable
03-19 11:21:13.208 E/ActivityManager( 487): at com.android.server.am.ActivityManagerService.checkBroadcastFromSystem(ActivityManagerService.java:12816)
03-19 11:21:13.208 E/ActivityManager( 487): at com.android.server.am.ActivityManagerService.broadcastIntentLocked(ActivityManagerService.java:13513)
03-19 11:21:13.208 E/ActivityManager( 487): at com.android.server.am.ActivityManagerService.broadcastIntentLocked(ActivityManagerService.java:12833)
03-19 11:21:13.208 E/ActivityManager( 487): at com.android.server.am.ActivityManagerService.broadcastIntentWithFeature(ActivityManagerService.java:13670)
03-19 11:21:13.208 E/ActivityManager( 487): at android.app.IActivityManager$Stub.onTransact(IActivityManager.java:2326)
03-19 11:21:13.208 E/ActivityManager( 487): at com.android.server.am.ActivityManagerService.onTransact(ActivityManagerService.java:2509)
03-19 11:21:13.208 E/ActivityManager( 487): at android.os.Binder.execTransactInternal(Binder.java:1179)
03-19 11:21:13.208 E/ActivityManager( 487): at android.os.Binder.execTransact(Binder.java:1143)
03-19 11:21:13.209 I/DropBoxManagerService( 487): add tag=system_server_wtf isTagEnabled=true flags=0x2
03-19 11:21:13.213 I/DropBoxManagerService( 487): add tag=system_server_wtf isTagEnabled=true flags=0x2
03-19 11:21:13.215 E/dangbei111( 1047): 读出来的遥控器版本不是空 CSH251028
03-19 11:21:13.215 E/dangbei111( 1047): cccccc requestRemoteInfoInner factory BK version CSH251028
03-19 11:21:13.236 I/okhttp.OkHttpClient( 1047): --> POST http://tymsgapi.qun7.com/v1/core/ykota (622-byte body)
03-19 11:21:13.304 I/okhttp.OkHttpClient( 1047): <-- 200 OK http://tymsgapi.qun7.com/v1/core/ykota (67ms, unknown-length body)
03-19 11:21:13.308 E/dangbei111( 1047): cccccc requestRemoteInfoInner BaseResponse{message='success', data=null, code=0}
03-19 11:21:13.309 W/System.err( 1047): java.lang.NullPointerException: Attempt to invoke virtual method 'java.lang.String com.etna.haqu.model.business.bean.db.remote.RemoteUpdateBean.getDownloadId()' on a null object reference
03-19 11:21:13.309 W/System.err( 1047): at com.dangbei.etna.update.remote.RemoteUpdateHelper$requestRemoteInfoInner$1$2.invoke(RemoteUpdateHelper.kt:199)
03-19 11:21:13.309 W/System.err( 1047): at com.dangbei.etna.update.remote.RemoteUpdateHelper$requestRemoteInfoInner$1$2.invoke(RemoteUpdateHelper.kt:188)
03-19 11:21:13.309 W/System.err( 1047): at com.etna.haqu.support.ext.FlowExtKt$safeCollect$3.emit(FlowExt.kt:52)
03-19 11:21:13.309 W/System.err( 1047): at kotlinx.coroutines.flow.FlowKt__ErrorsKt$catchImpl$2.emit(Errors.kt:158)
03-19 11:21:13.309 W/System.err( 1047): at kotlinx.coroutines.flow.FlowKt__ChannelsKt.emitAllImpl$FlowKt__ChannelsKt(Channels.kt:62)
03-19 11:21:13.309 W/System.err( 1047): at kotlinx.coroutines.flow.FlowKt__ChannelsKt.access$emitAllImpl$FlowKt__ChannelsKt(Channels.kt:1)
03-19 11:21:13.310 W/System.err( 1047): at kotlinx.coroutines.flow.FlowKt__ChannelsKt$emitAllImpl$1.invokeSuspend(Unknown Source:14)
03-19 11:21:13.310 W/System.err( 1047): at kotlin.coroutines.jvm.internal.BaseContinuationImpl.resumeWith(ContinuationImpl.kt:33)
03-19 11:21:13.310 W/System.err( 1047): at kotlinx.coroutines.DispatchedTask.run(DispatchedTask.kt:106)
03-19 11:21:13.310 W/System.err( 1047): at android.os.Handler.handleCallback(Handler.java:938)
03-19 11:21:13.310 W/System.err( 1047): at android.os.Handler.dispatchMessage(Handler.java:99)
03-19 11:21:13.310 W/System.err( 1047): at android.os.Looper.loopOnce(Looper.java:201)
03-19 11:21:13.310 W/System.err( 1047): at android.os.Looper.loop(Looper.java:288)
03-19 11:21:13.310 W/System.err( 1047): at android.app.ActivityThread.main(ActivityThread.java:7854)
03-19 11:21:13.310 W/System.err( 1047): at java.lang.reflect.Method.invoke(Native Method)
03-19 11:21:13.310 W/System.err( 1047): at com.android.internal.os.RuntimeInit$MethodAndArgsCaller.run(RuntimeInit.java:548)
03-19 11:21:13.310 W/System.err( 1047): at com.android.internal.os.ZygoteInit.main(ZygoteInit.java:1182)
03-19 11:21:13.314 E/ccc ( 2949): cccccc notifyUpdateChanged {"code":1,"data":{"hasUpdate":false,"what":2,"why":-1},"message":"更新状态变化"}
03-19 11:21:13.315 E/ccc ( 2949): cccccc EtnaSendUpdateStatusChangeBean.remoteUpdateChanged
03-19 11:21:13.315 E/ccc ( 2949): cccccc event HomeActivity REMOTE_UPDATE_STATUS_CHANGED
03-19 11:21:13.315 E/ccc ( 1047): cccccc updateHelper 通知更新
03-19 11:21:13.315 E/dangbei111( 1047): cccccc requestRemoteInfoInner 出现异常 Attempt to invoke virtual method 'java.lang.String com.etna.haqu.model.business.bean.db.remote.RemoteUpdateBean.getDownloadId()' on a null object reference
03-19 11:21:13.322 E/WifiHAL ( 663): wifi_get_link_stats: requestResponse Error:-5
03-19 11:21:13.324 E/WifiVendorHal( 487): getWifiLinkLayerStats_1_5_Internal(l.1191) failed {.code = ERROR_INVALID_ARGS, .description = }
03-19 11:21:13.360 W/hdr10p_Configure( 363): 134 callbacks suppressed
03-19 11:21:13.360 I/ ( 363): DVI mode selected: packets not configured
03-19 11:21:13.360 W/set_vsif_config( 363): 134 callbacks suppressed
03-19 11:21:13.360 I/ ( 363): Error: set vsif failed
03-19 11:21:13.360 I/ ( 363): DVI mode selected: packets not configured
03-19 11:21:13.360 I/ ( 363): Error: set vsif failed
03-19 11:21:13.625 I/ ( 363): DVI mode selected: packets not configured
03-19 11:21:13.625 I/ ( 363): Error: set vsif failed
03-19 11:21:13.625 I/ ( 363): DVI mode selected: packets not configured
03-19 11:21:13.625 I/ ( 363): Error: set vsif failed
03-19 11:21:13.652 I/ ( 363): DVI mode selected: packets not configured
03-19 11:21:13.652 I/ ( 363): Error: set vsif failed
03-19 11:21:13.652 I/ ( 363): DVI mode selected: packets not configured
03-19 11:21:13.652 I/ ( 363): Error: set vsif failed
03-19 11:21:13.676 I/ ( 363): DVI mode selected: packets not configured
03-19 11:21:13.676 I/ ( 363): Error: set vsif failed
03-19 11:21:13.677 I/ ( 363): DVI mode selected: packets not configured
03-19 11:21:13.677 I/ ( 363): Error: set vsif failed
03-19 11:21:13.702 I/ ( 363): DVI mode selected: packets not configured
03-19 11:21:13.702 I/ ( 363): Error: set vsif failed
03-19 11:21:13.702 I/ ( 363): DVI mode selected: packets not configured
03-19 11:21:13.702 I/ ( 363): Error: set vsif failed
03-19 11:21:14.060 E/dangbei111( 1047): cccccc 检查遥控器是否连接: Dangbei C9:B5:96:5C:E3:ED
03-19 11:21:14.063 E/dangbei111( 1047): cccccc 检查遥控器是否连接: 蓝牙的结果 Dangbei C9:B5:96:5C:E3:ED true
03-19 11:21:14.063 E/dangbei111( 1047): cccccc 确实有遥控器 存在 取消check任务
03-19 11:21:14.063 E/dangbei111( 1047): cccccc 确实有遥控器 存在 重置beeGatt
03-19 11:21:14.063 E/dangbei111( 1047): cccccc 尝试 stopBleScan
03-19 11:21:14.065 D/BluetoothAdapter( 1047): isLeEnabled(): ON
03-19 11:21:14.065 D/BluetoothLeScanner( 1047): could not find callback wrapper
03-19 11:21:14.065 E/dangbei111( 1047): cccccc stopBleScanInner null
03-19 11:21:14.065 E/dangbei111( 1047): cccccc rc is connected, stop scan =C9:B5:96:5C:E3:ED
03-19 11:21:14.129 D/hdmi-cec( 261): receive invalid cec message!
03-19 11:21:14.129 D/hdmi-cec( 261): receive poll message [04], skip!
03-19 11:21:14.169 W/IorapForwardingService( 487): No service published for: iorapd
03-19 11:21:14.265 E/bt_upio ( 249): upio_set : /proc/bluetooth/sleep/btwrite(-1) incorrent
03-19 11:21:14.273 E/dangbei111( 1047): cccccc 准备开始进行 startScanInner
03-19 11:21:14.273 E/dangbei111( 1047): cccccc 小于10s 由于之前已经开始扫描了 不在开启新的扫描
03-19 11:21:14.885 I/bluetooth( 672): system/bt/stack/gatt/connection_manager.cc:185 on_connection_complete: Le connection completed to device:c7:44:13:5b:41:8c
03-19 11:21:14.885 I/bt_btm_ble( 672): system/bt/stack/btm/btm_ble.cc:1699 btm_ble_connected: Updating device record timestamp for existing ble connection
03-19 11:21:14.886 E/bt_upio ( 249): upio_set : /proc/bluetooth/sleep/btwrite(-1) incorrent
03-19 11:21:14.957 I/bt_stack( 672): [INFO:gatt_attr.cc(880)] gatt_sr_init_cl_status: bda=c7:44:13:5b:41:8c, cl_supp_feat=0000, aware=1
03-19 11:21:14.957 I/bluetooth( 672): system/bt/stack/gap/gap_ble.cc:298 client_connect_cback: No active GAP service found for peer:xx:xx:xx:xx:41:8c callback:Connected
03-19 11:21:14.957 I/bt_bta_gattc( 672): system/bt/bta/gatt/bta_gattc_act.cc:1110 bta_gattc_conn_cback: Connected att_id:3 transport:le reason:GATT_CONN_OK
03-19 11:21:14.957 I/bt_bta_gattc( 672): system/bt/bta/gatt/bta_gattc_act.cc:1110 bta_gattc_conn_cback: Connected att_id:4 transport:le reason:GATT_CONN_OK
03-19 11:21:14.957 I/bt_bta_gattc( 672): system/bt/bta/gatt/bta_gattc_act.cc:1110 bta_gattc_conn_cback: Connected att_id:5 transport:le reason:GATT_CONN_OK
03-19 11:21:14.957 I/bt_bta_gattc( 672): system/bt/bta/gatt/bta_gattc_act.cc:1110 bta_gattc_conn_cback: Connected att_id:6 transport:le reason:GATT_CONN_OK
03-19 11:21:14.957 I/bluetooth( 672): system/bt/stack/gatt/connection_manager.cc:185 on_connection_complete: Le connection completed to device:c7:44:13:5b:41:8c
03-19 11:21:14.958 I/bt_stack( 672): [INFO:eatt_impl.h(634)] connect device c7:44:13:5b:41:8c rolecentral
03-19 11:21:14.958 I/bt_btif_dm( 672): system/bt/btif/src/btif_dm.cc:497 btif_update_remote_version_property: Remote version info valid:true [xx:xx:xx:xx:41:8c]: 8, 50e, 8
03-19 11:21:14.967 E/bt_stack( 672): [ERROR:bta_gattc_cache.cc(940)] bta_gattc_cache_load: can't open GATT cache file /data/misc/bluetooth/gatt_cache_c744135b418c for reading, error: No such file or directory
03-19 11:21:14.967 I/bt_stack( 672): [INFO:hearing_aid.cc(1796)] GetDeviceCount: Not initialized yet
03-19 11:21:14.967 I/bt_stack( 672): [INFO:gatt_api.cc(708)] GATTC_Discover conn_id=0x0105, disc_type=1, s_handle=0x0001, e_handle=0xffff
03-19 11:21:14.973 D/BluetoothGatt( 1047): onClientConnectionState() - status=0 clientIf=5 device=C7:44:13:5B:41:8C
03-19 11:21:14.973 D/BluetoothGatt( 1047): discoverServices() - device: C7:44:13:5B:41:8C
03-19 11:21:14.974 D/BluetoothGatt( 1047): onClientConnectionState() - status=0 clientIf=6 device=C7:44:13:5B:41:8C
03-19 11:21:14.974 D/BluetoothGatt( 1047): discoverServices() - device: C7:44:13:5B:41:8C
03-19 11:21:14.977 E/BluetoothPhonePolicy( 672): Received unexpected intent, action=android.bluetooth.device.action.ACL_CONNECTED
03-19 11:21:14.977 I/BluetoothPhonePolicy( 672): processDeviceConnected, device=C7:44:13:5B:41:8C
03-19 11:21:14.978 D/BluetoothDatabase( 672): setConnection: device=C7:44:13:5B:41:8C and isA2dpDevice=false
03-19 11:21:14.978 D/BluetoothDatabase( 672): setConnection: Creating new metadata entry for device: C7:44:13:5B:41:8C
03-19 11:21:14.978 D/BluetoothDatabase( 672): updateDatabase C7:44:13:5B:41:8C
03-19 11:21:14.981 E/bond ( 2949): name=Dangbei,state=10,action=android.bluetooth.device.action.ACL_CONNECTED
03-19 11:21:14.983 I/dangbei111( 1047): cccccc on receiver=android.bluetooth.device.action.ACL_CONNECTED,mac=C7:44:13:5B:41:8C
03-19 11:21:14.983 I/dangbei111( 1047): cccccc 收到 ACTION_ACL_CONNECTED 的广播
03-19 11:21:14.983 E/dangbei111( 1047): 5s后准备进行遥控器ota信息检测
03-19 11:21:15.002 I/bt_stack( 672): [INFO:eatt_impl.h(578)] supported_features_cb c7:44:13:5b:41:8c is_eatt_supported = 0
03-19 11:21:15.092 D/BluetoothGatt( 1047): onConnectionUpdated() - Device=C7:44:13:5B:41:8C interval=6 latency=0 timeout=200 status=0
03-19 11:21:15.093 D/BluetoothGatt( 1047): onConnectionUpdated() - Device=C7:44:13:5B:41:8C interval=6 latency=0 timeout=200 status=0
03-19 11:21:15.130 I/bt_stack( 672): [INFO:gatt_api.cc(708)] GATTC_Discover conn_id=0x0105, disc_type=3, s_handle=0x0001, e_handle=0x0009
03-19 11:21:15.145 I/bt_stack( 672): [INFO:gatt_api.cc(708)] GATTC_Discover conn_id=0x0105, disc_type=4, s_handle=0x0001, e_handle=0x0009
03-19 11:21:15.171 W/IorapForwardingService( 487): No service published for: iorapd
03-19 11:21:15.190 I/bt_stack( 672): [INFO:gatt_api.cc(708)] GATTC_Discover conn_id=0x0105, disc_type=3, s_handle=0x000a, e_handle=0x000d
03-19 11:21:15.205 I/bt_stack( 672): [INFO:gatt_api.cc(708)] GATTC_Discover conn_id=0x0105, disc_type=4, s_handle=0x000a, e_handle=0x000d
03-19 11:21:15.235 I/bt_stack( 672): [INFO:gatt_api.cc(708)] GATTC_Discover conn_id=0x0105, disc_type=5, s_handle=0x000d, e_handle=0x000d
03-19 11:21:15.250 I/bt_stack( 672): [INFO:gatt_api.cc(708)] GATTC_Discover conn_id=0x0105, disc_type=3, s_handle=0x000e, e_handle=0x0011
03-19 11:21:15.265 I/bt_stack( 672): [INFO:gatt_api.cc(708)] GATTC_Discover conn_id=0x0105, disc_type=4, s_handle=0x000e, e_handle=0x0011
03-19 11:21:15.295 I/bt_stack( 672): [INFO:gatt_api.cc(708)] GATTC_Discover conn_id=0x0105, disc_type=5, s_handle=0x0011, e_handle=0x0011
03-19 11:21:15.310 I/bt_stack( 672): [INFO:gatt_api.cc(708)] GATTC_Discover conn_id=0x0105, disc_type=3, s_handle=0x0012, e_handle=0x001e
03-19 11:21:15.325 I/bt_stack( 672): [INFO:gatt_api.cc(708)] GATTC_Discover conn_id=0x0105, disc_type=4, s_handle=0x0012, e_handle=0x001e
03-19 11:21:15.385 I/bt_stack( 672): [INFO:gatt_api.cc(708)] GATTC_Discover conn_id=0x0105, disc_type=3, s_handle=0x001f, e_handle=0x0042
03-19 11:21:15.400 I/bt_stack( 672): [INFO:gatt_api.cc(708)] GATTC_Discover conn_id=0x0105, disc_type=4, s_handle=0x001f, e_handle=0x0042
03-19 11:21:15.472 E/ccc ( 1047): cccccc sendCycleCheckBroadcast
03-19 11:21:15.473 W/ContextImpl( 1047): Calling a method in the system process without a qualified user: android.app.ContextImpl.sendBroadcast:1173 android.content.ContextWrapper.sendBroadcast:479 com.dangbei.etna.setting.core.SettingHelper.sendCycleToProjector:250 com.dangbei.etna.setting.core.SettingHelper.sendCycleCheckBroadcast:219 com.dangbei.etna.setting.core.SettingHelper.startLoop$lambda-0:177
03-19 11:21:15.477 W/ContextImpl( 1047): Calling a method in the system process without a qualified user: android.app.ContextImpl.sendBroadcast:1173 android.content.ContextWrapper.sendBroadcast:479 com.dangbei.etna.setting.core.SettingHelper.sendCycleToVoice:235 com.dangbei.etna.setting.core.SettingHelper.sendCycleCheckBroadcast:220 com.dangbei.etna.setting.core.SettingHelper.startLoop$lambda-0:177
03-19 11:21:15.481 E/ActivityManager( 487): Sending non-protected broadcast com.dangbei.etna.setting.action_cycle_check_broadcast from system 1047:com.dangbei.lerad.etna.haqu/1000 pkg com.dangbei.lerad.etna.haqu
03-19 11:21:15.481 E/ActivityManager( 487): java.lang.Throwable
03-19 11:21:15.481 E/ActivityManager( 487): at com.android.server.am.ActivityManagerService.checkBroadcastFromSystem(ActivityManagerService.java:12816)
03-19 11:21:15.481 E/ActivityManager( 487): at com.android.server.am.ActivityManagerService.broadcastIntentLocked(ActivityManagerService.java:13513)
03-19 11:21:15.481 E/ActivityManager( 487): at com.android.server.am.ActivityManagerService.broadcastIntentLocked(ActivityManagerService.java:12833)
03-19 11:21:15.481 E/ActivityManager( 487): at com.android.server.am.ActivityManagerService.broadcastIntentWithFeature(ActivityManagerService.java:13670)
03-19 11:21:15.481 E/ActivityManager( 487): at android.app.IActivityManager$Stub.onTransact(IActivityManager.java:2326)
03-19 11:21:15.481 E/ActivityManager( 487): at com.android.server.am.ActivityManagerService.onTransact(ActivityManagerService.java:2509)
03-19 11:21:15.481 E/ActivityManager( 487): at android.os.Binder.execTransactInternal(Binder.java:1179)
03-19 11:21:15.481 E/ActivityManager( 487): at android.os.Binder.execTransact(Binder.java:1143)
03-19 11:21:15.484 I/DropBoxManagerService( 487): add tag=system_server_wtf isTagEnabled=true flags=0x2
03-19 11:21:15.490 D/RockyVoice( 1262): RestartReceiver onReceive
03-19 11:21:15.505 I/bt_stack( 672): [INFO:gatt_api.cc(708)] GATTC_Discover conn_id=0x0105, disc_type=5, s_handle=0x0024, e_handle=0x0024
03-19 11:21:15.519 I/bt_stack( 672): [INFO:gatt_api.cc(708)] GATTC_Discover conn_id=0x0105, disc_type=5, s_handle=0x0029, e_handle=0x0029
03-19 11:21:15.535 I/bt_stack( 672): [INFO:gatt_api.cc(708)] GATTC_Discover conn_id=0x0105, disc_type=5, s_handle=0x002e, e_handle=0x002e
03-19 11:21:15.550 I/bt_stack( 672): [INFO:gatt_api.cc(708)] GATTC_Discover conn_id=0x0105, disc_type=5, s_handle=0x0031, e_handle=0x0032
03-19 11:21:15.565 I/bt_stack( 672): [INFO:gatt_api.cc(708)] GATTC_Discover conn_id=0x0105, disc_type=5, s_handle=0x0035, e_handle=0x0036
03-19 11:21:15.580 I/bt_stack( 672): [INFO:gatt_api.cc(708)] GATTC_Discover conn_id=0x0105, disc_type=5, s_handle=0x0039, e_handle=0x003a
03-19 11:21:15.595 I/bt_stack( 672): [INFO:gatt_api.cc(708)] GATTC_Discover conn_id=0x0105, disc_type=5, s_handle=0x003d, e_handle=0x003d
03-19 11:21:15.619 I/bt_stack( 672): [INFO:gatt_api.cc(708)] GATTC_Discover conn_id=0x0105, disc_type=5, s_handle=0x0040, e_handle=0x0040
