03-19 11:24:50.953 E/dangbei111( 1047): cccccc 检查遥控器是否连接: 蓝牙的结果 Dangbei C7:44:13:5B:41:8C false
03-19 11:24:50.953 E/dangbei111( 1047): cccccc input中没有遥控器存在
03-19 11:24:50.953 E/dangbei111( 1047): cccccc 蓝牙状态连接 不是连接状态 啥都不干
03-19 11:24:50.954 E/dangbei111( 1047): cccccc 蓝牙状态连接 配对状态 啥都不做
03-19 11:24:50.954 E/dangbei111( 1047): scan get device,state=11
03-19 11:24:51.045 I/WifiService( 487): startScan uid=1000
03-19 11:24:51.048 E/ccc ( 2949): cccccc i will start scan
03-19 11:24:51.646 W/IorapForwardingService( 487): No service published for: iorapd
03-19 11:24:52.648 W/IorapForwardingService( 487): No service published for: iorapd
03-19 11:24:52.825 D/bbb ( 1203): onStartCommand begin !!!!!!! data分区剩余 24948MB
03-19 11:24:52.831 D/aaa ( 7639): LedStatusService onStartCommand begin
03-19 11:24:52.833 D/aaa ( 7639): topPkg is -------------- :com.dangbei.haqusetting
03-19 11:24:52.847 D/WifiNl80211Manager( 487): Scan result ready event
03-19 11:24:52.847 D/WifiNative( 487): Scan result ready event
03-19 11:24:52.905 E/ccc ( 2949): cccccc SCAN_RESULTS_AVAILABLE_ACTION hhhh
03-19 11:24:52.905 E/hq ( 1119): NetWorkStateReceiver:::NetWorkStateReceiver onReceive: 网络变化广播 >>>> intent.action=android.net.wifi.SCAN_RESULTS
03-19 11:24:52.909 D/PasspointManager( 487): ANQP entry not found for: f8:14:fe:4f:93:01:
03-19 11:24:52.915 E/WifiHAL ( 663): wifi_get_link_stats: requestResponse Error:-5
03-19 11:24:52.916 E/WifiVendorHal( 487): getWifiLinkLayerStats_1_5_Internal(l.1191) failed {.code = ERROR_INVALID_ARGS, .description = }
03-19 11:24:52.932 W/eventbuscore( 1119): post Event:com.dangbei.leard.base.entity.event.NetWifiRssiEvent
03-19 11:24:52.941 E/ccc ( 2949): cccccc result is not empty call back
03-19 11:24:52.941 E/ccc ( 2949): cccccc 666666666666666
03-19 11:24:52.957 E/ccc ( 2949): cccccc sort 2 44
03-19 11:24:53.049 W/hdr10p_Configure( 363): 130 callbacks suppressed
03-19 11:24:53.049 I/ ( 363): DVI mode selected: packets not configured
03-19 11:24:53.049 W/set_vsif_config( 363): 130 callbacks suppressed
03-19 11:24:53.049 I/ ( 363): Error: set vsif failed
03-19 11:24:53.049 I/ ( 363): DVI mode selected: packets not configured
03-19 11:24:53.049 I/ ( 363): Error: set vsif failed
03-19 11:24:53.074 I/ ( 363): DVI mode selected: packets not configured
03-19 11:24:53.074 I/ ( 363): Error: set vsif failed
03-19 11:24:53.074 I/ ( 363): DVI mode selected: packets not configured
03-19 11:24:53.074 I/ ( 363): Error: set vsif failed
03-19 11:24:53.100 I/ ( 363): DVI mode selected: packets not configured
03-19 11:24:53.100 I/ ( 363): Error: set vsif failed
03-19 11:24:53.100 I/ ( 363): DVI mode selected: packets not configured
03-19 11:24:53.100 I/ ( 363): Error: set vsif failed
03-19 11:24:53.124 I/ ( 363): DVI mode selected: packets not configured
03-19 11:24:53.124 I/ ( 363): Error: set vsif failed
03-19 11:24:53.124 I/ ( 363): DVI mode selected: packets not configured
03-19 11:24:53.124 I/ ( 363): Error: set vsif failed
03-19 11:24:53.143 I/ ( 363): DVI mode selected: packets not configured
03-19 11:24:53.143 I/ ( 363): Error: set vsif failed
03-19 11:24:53.143 I/ ( 363): DVI mode selected: packets not configured
03-19 11:24:53.143 I/ ( 363): Error: set vsif failed
03-19 11:24:53.356 E/WifiHAL ( 663): wifi_get_link_stats: requestResponse Error:-5
03-19 11:24:53.358 E/WifiVendorHal( 487): getWifiLinkLayerStats_1_5_Internal(l.1191) failed {.code = ERROR_INVALID_ARGS, .description = }
03-19 11:24:53.651 W/IorapForwardingService( 487): No service published for: iorapd
03-19 11:24:53.957 E/dangbei111( 1047): cccccc 准备开始进行 startScanInner
03-19 11:24:53.957 E/dangbei111( 1047): cccccc 小于10s 由于之前已经开始扫描了 不在开启新的扫描
03-19 11:24:54.652 W/IorapForwardingService( 487): No service published for: iorapd
03-19 11:24:55.654 W/IorapForwardingService( 487): No service published for: iorapd
03-19 11:24:56.371 E/WifiHAL ( 663): wifi_get_link_stats: requestResponse Error:-5
03-19 11:24:56.373 E/WifiVendorHal( 487): getWifiLinkLayerStats_1_5_Internal(l.1191) failed {.code = ERROR_INVALID_ARGS, .description = }
03-19 11:24:56.656 W/IorapForwardingService( 487): No service published for: iorapd
03-19 11:24:57.659 W/IorapForwardingService( 487): No service published for: iorapd
03-19 11:24:57.703 E/dangbei111( 1047): cccccc 检查遥控器是否连接: Dangbei C7:44:13:5B:41:8C
03-19 11:24:57.704 E/dangbei111( 1047): cccccc 检查遥控器是否连接: 蓝牙的结果 Dangbei C7:44:13:5B:41:8C false
03-19 11:24:57.704 E/dangbei111( 1047): cccccc input中没有遥控器存在
03-19 11:24:57.704 E/dangbei111( 1047): cccccc 蓝牙状态连接 不是连接状态 啥都不干
03-19 11:24:57.705 E/dangbei111( 1047): cccccc 蓝牙状态连接 配对状态 啥都不做
03-19 11:24:57.706 E/dangbei111( 1047): scan get device,state=11
03-19 11:24:58.661 W/IorapForwardingService( 487): No service published for: iorapd
03-19 11:24:59.009 D/hdmi-cec( 261): receive invalid cec message!
03-19 11:24:59.009 D/hdmi-cec( 261): receive poll message [04], skip!
03-19 11:24:59.077 W/hdr10p_Configure( 363): 132 callbacks suppressed
03-19 11:24:59.077 I/ ( 363): DVI mode selected: packets not configured
03-19 11:24:59.077 W/set_vsif_config( 363): 132 callbacks suppressed
03-19 11:24:59.077 I/ ( 363): Error: set vsif failed
03-19 11:24:59.077 I/ ( 363): DVI mode selected: packets not configured
03-19 11:24:59.077 I/ ( 363): Error: set vsif failed
03-19 11:24:59.103 I/ ( 363): DVI mode selected: packets not configured
03-19 11:24:59.103 I/ ( 363): Error: set vsif failed
03-19 11:24:59.103 I/ ( 363): DVI mode selected: packets not configured
03-19 11:24:59.103 I/ ( 363): Error: set vsif failed
03-19 11:24:59.127 I/ ( 363): DVI mode selected: packets not configured
03-19 11:24:59.127 I/ ( 363): Error: set vsif failed
03-19 11:24:59.127 I/ ( 363): DVI mode selected: packets not configured
03-19 11:24:59.127 I/ ( 363): Error: set vsif failed
03-19 11:24:59.152 I/ ( 363): DVI mode selected: packets not configured
03-19 11:24:59.152 I/ ( 363): Error: set vsif failed
03-19 11:24:59.152 I/ ( 363): DVI mode selected: packets not configured
03-19 11:24:59.152 I/ ( 363): Error: set vsif failed
03-19 11:24:59.160 I/ ( 363): DVI mode selected: packets not configured
03-19 11:24:59.160 I/ ( 363): Error: set vsif failed
03-19 11:24:59.160 I/ ( 363): DVI mode selected: packets not configured
03-19 11:24:59.160 I/ ( 363): Error: set vsif failed
03-19 11:24:59.384 E/WifiHAL ( 663): wifi_get_link_stats: requestResponse Error:-5
03-19 11:24:59.386 E/WifiVendorHal( 487): getWifiLinkLayerStats_1_5_Internal(l.1191) failed {.code = ERROR_INVALID_ARGS, .description = }
03-19 11:24:59.664 W/IorapForwardingService( 487): No service published for: iorapd
03-19 11:24:59.746 I/BLEAudioDrive_HV410( 248): select timeout!
03-19 11:25:00.589 E/dangbei111( 1047): cccccc 检查遥控器是否连接: Dangbei C7:44:13:5B:41:8C
03-19 11:25:00.592 E/dangbei111( 1047): cccccc 检查遥控器是否连接: 蓝牙的结果 Dangbei C7:44:13:5B:41:8C false
03-19 11:25:00.592 E/dangbei111( 1047): cccccc input中没有遥控器存在
03-19 11:25:00.592 E/dangbei111( 1047): cccccc 蓝牙状态连接 不是连接状态 啥都不干
03-19 11:25:00.594 E/dangbei111( 1047): cccccc 蓝牙状态连接 配对状态 啥都不做
03-19 11:25:00.595 E/dangbei111( 1047): scan get device,state=11
03-19 11:25:00.666 W/IorapForwardingService( 487): No service published for: iorapd
03-19 11:25:00.863 D/aaa ( 7639): LedStatusService onStartCommand begin
03-19 11:25:00.865 D/aaa ( 7639): topPkg is -------------- :com.dangbei.haqusetting
03-19 11:25:00.867 D/bbb ( 1203): onStartCommand begin !!!!!!! data分区剩余 24948MB
03-19 11:25:01.668 W/IorapForwardingService( 487): No service published for: iorapd
03-19 11:25:02.209 E/dangbei111( 1047): cccccc 检查遥控器是否连接: Dangbei C7:44:13:5B:41:8C
03-19 11:25:02.210 E/dangbei111( 1047): cccccc 检查遥控器是否连接: 蓝牙的结果 Dangbei C7:44:13:5B:41:8C false
03-19 11:25:02.210 E/dangbei111( 1047): cccccc input中没有遥控器存在
03-19 11:25:02.210 E/dangbei111( 1047): cccccc 蓝牙状态连接 不是连接状态 啥都不干
03-19 11:25:02.212 E/dangbei111( 1047): cccccc 蓝牙状态连接 配对状态 啥都不做
03-19 11:25:02.212 E/dangbei111( 1047): scan get device,state=11
03-19 11:25:02.397 E/WifiHAL ( 663): wifi_get_link_stats: requestResponse Error:-5
03-19 11:25:02.398 E/WifiVendorHal( 487): getWifiLinkLayerStats_1_5_Internal(l.1191) failed {.code = ERROR_INVALID_ARGS, .description = }
03-19 11:25:02.671 W/IorapForwardingService( 487): No service published for: iorapd
03-19 11:25:03.673 W/IorapForwardingService( 487): No service published for: iorapd
03-19 11:25:04.675 W/IorapForwardingService( 487): No service published for: iorapd
03-19 11:25:05.091 W/hdr10p_Configure( 363): 124 callbacks suppressed
03-19 11:25:05.091 I/ ( 363): DVI mode selected: packets not configured
03-19 11:25:05.091 W/set_vsif_config( 363): 124 callbacks suppressed
03-19 11:25:05.091 I/ ( 363): Error: set vsif failed
03-19 11:25:05.091 I/ ( 363): DVI mode selected: packets not configured
03-19 11:25:05.091 I/ ( 363): Error: set vsif failed
03-19 11:25:05.116 I/ ( 363): DVI mode selected: packets not configured
03-19 11:25:05.116 I/ ( 363): Error: set vsif failed
03-19 11:25:05.116 I/ ( 363): DVI mode selected: packets not configured
03-19 11:25:05.116 I/ ( 363): Error: set vsif failed
03-19 11:25:05.140 I/ ( 363): DVI mode selected: packets not configured
03-19 11:25:05.140 I/ ( 363): Error: set vsif failed
03-19 11:25:05.141 I/ ( 363): DVI mode selected: packets not configured
03-19 11:25:05.141 I/ ( 363): Error: set vsif failed
03-19 11:25:05.165 I/ ( 363): DVI mode selected: packets not configured
03-19 11:25:05.165 I/ ( 363): Error: set vsif failed
03-19 11:25:05.166 I/ ( 363): DVI mode selected: packets not configured
03-19 11:25:05.166 I/ ( 363): Error: set vsif failed
03-19 11:25:05.176 I/ ( 363): DVI mode selected: packets not configured
03-19 11:25:05.176 I/ ( 363): Error: set vsif failed
03-19 11:25:05.176 I/ ( 363): DVI mode selected: packets not configured
03-19 11:25:05.176 I/ ( 363): Error: set vsif failed
03-19 11:25:05.214 E/dangbei111( 1047): cccccc 准备开始进行 startScanInner
03-19 11:25:05.214 E/dangbei111( 1047): cccccc 真正开始进入扫描流程啦
03-19 11:25:05.222 E/dangbei111( 1047): cccccc 检查遥控器是否连接: Dangbei C7:44:13:5B:41:8C
03-19 11:25:05.223 E/dangbei111( 1047): cccccc 检查遥控器是否连接: 蓝牙的结果 Dangbei C7:44:13:5B:41:8C false
03-19 11:25:05.223 E/dangbei111( 1047): cccccc input中没有遥控器存在
03-19 11:25:05.223 E/dangbei111( 1047): cccccc 蓝牙状态连接 不是连接状态 啥都不干
03-19 11:25:05.225 E/dangbei111( 1047): cccccc 蓝牙状态连接 配对状态 啥都不做
03-19 11:25:05.225 E/dangbei111( 1047): 开始扫描 com.dangbei.remotecontroller.RCHelper$3@a7c2fd4
03-19 11:25:05.225 D/BluetoothAdapter( 1047): isLeEnabled(): ON
03-19 11:25:05.411 E/WifiHAL ( 663): wifi_get_link_stats: requestResponse Error:-5
03-19 11:25:05.413 E/WifiVendorHal( 487): getWifiLinkLayerStats_1_5_Internal(l.1191) failed {.code = ERROR_INVALID_ARGS, .description = }
03-19 11:25:05.677 W/IorapForwardingService( 487): No service published for: iorapd
03-19 11:25:06.679 W/IorapForwardingService( 487): No service published for: iorapd
03-19 11:25:07.680 W/IorapForwardingService( 487): No service published for: iorapd
03-19 11:25:08.228 E/dangbei111( 1047): cccccc 准备开始进行 startScanInner
03-19 11:25:08.229 E/dangbei111( 1047): cccccc 小于10s 由于之前已经开始扫描了 不在开启新的扫描
03-19 11:25:08.428 E/WifiHAL ( 663): wifi_get_link_stats: requestResponse Error:-5
03-19 11:25:08.429 E/WifiVendorHal( 487): getWifiLinkLayerStats_1_5_Internal(l.1191) failed {.code = ERROR_INVALID_ARGS, .description = }
03-19 11:25:08.682 W/IorapForwardingService( 487): No service published for: iorapd
03-19 11:25:08.914 D/bbb ( 1203): onStartCommand begin !!!!!!! data分区剩余 24948MB
03-19 11:25:08.915 D/aaa ( 7639): LedStatusService onStartCommand begin
03-19 11:25:08.916 D/aaa ( 7639): topPkg is -------------- :com.dangbei.haqusetting
03-19 11:25:09.685 W/IorapForwardingService( 487): No service published for: iorapd
03-19 11:25:09.749 I/BLEAudioDrive_HV410( 248): select timeout!
03-19 11:25:10.687 W/IorapForwardingService( 487): No service published for: iorapd
03-19 11:25:10.742 W/ZramWriteback( 487): Writeback device is not set
03-19 11:25:10.742 D/ZramWriteback( 487): wait to flush
03-19 11:25:11.098 W/hdr10p_Configure( 363): 126 callbacks suppressed
03-19 11:25:11.098 I/ ( 363): DVI mode selected: packets not configured
03-19 11:25:11.098 W/set_vsif_config( 363): 126 callbacks suppressed
03-19 11:25:11.098 I/ ( 363): Error: set vsif failed
03-19 11:25:11.099 I/ ( 363): DVI mode selected: packets not configured
03-19 11:25:11.099 I/ ( 363): Error: set vsif failed
03-19 11:25:11.124 I/ ( 363): DVI mode selected: packets not configured
03-19 11:25:11.124 I/ ( 363): Error: set vsif failed
03-19 11:25:11.124 I/ ( 363): DVI mode selected: packets not configured
03-19 11:25:11.124 I/ ( 363): Error: set vsif failed
03-19 11:25:11.149 I/ ( 363): DVI mode selected: packets not configured
03-19 11:25:11.149 I/ ( 363): Error: set vsif failed
03-19 11:25:11.149 I/ ( 363): DVI mode selected: packets not configured
03-19 11:25:11.149 I/ ( 363): Error: set vsif failed
03-19 11:25:11.174 I/ ( 363): DVI mode selected: packets not configured
03-19 11:25:11.174 I/ ( 363): Error: set vsif failed
03-19 11:25:11.174 I/ ( 363): DVI mode selected: packets not configured
03-19 11:25:11.174 I/ ( 363): Error: set vsif failed
03-19 11:25:11.193 I/ ( 363): DVI mode selected: packets not configured
03-19 11:25:11.193 I/ ( 363): Error: set vsif failed
03-19 11:25:11.194 I/ ( 363): DVI mode selected: packets not configured
03-19 11:25:11.194 I/ ( 363): Error: set vsif failed
03-19 11:25:11.445 E/WifiHAL ( 663): wifi_get_link_stats: requestResponse Error:-5
03-19 11:25:11.446 E/WifiVendorHal( 487): getWifiLinkLayerStats_1_5_Internal(l.1191) failed {.code = ERROR_INVALID_ARGS, .description = }
03-19 11:25:11.689 W/IorapForwardingService( 487): No service published for: iorapd
03-19 11:25:12.692 W/IorapForwardingService( 487): No service published for: iorapd
03-19 11:25:13.451 E/dangbei111( 1047): cccccc 检查遥控器是否连接: Dangbei C7:44:13:5B:41:8C
03-19 11:25:13.452 E/dangbei111( 1047): cccccc 检查遥控器是否连接: 蓝牙的结果 Dangbei C7:44:13:5B:41:8C false
03-19 11:25:13.452 E/dangbei111( 1047): cccccc input中没有遥控器存在
03-19 11:25:13.452 E/dangbei111( 1047): cccccc 蓝牙状态连接 不是连接状态 啥都不干
03-19 11:25:13.453 E/dangbei111( 1047): cccccc 蓝牙状态连接 配对状态 啥都不做
03-19 11:25:13.454 E/dangbei111( 1047): scan get device,state=11
03-19 11:25:13.694 W/IorapForwardingService( 487): No service published for: iorapd
03-19 11:25:14.033 D/hdmi-cec( 261): receive invalid cec message!
03-19 11:25:14.033 D/hdmi-cec( 261): receive poll message [04], skip!
03-19 11:25:14.458 E/WifiHAL ( 663): wifi_get_link_stats: requestResponse Error:-5
03-19 11:25:14.459 E/WifiVendorHal( 487): getWifiLinkLayerStats_1_5_Internal(l.1191) failed {.code = ERROR_INVALID_ARGS, .description = }
03-19 11:25:14.697 W/IorapForwardingService( 487): No service published for: iorapd
03-19 11:25:15.698 W/IorapForwardingService( 487): No service published for: iorapd
03-19 11:25:16.456 E/dangbei111( 1047): cccccc 准备开始进行 startScanInner
03-19 11:25:16.456 E/dangbei111( 1047): cccccc 真正开始进入扫描流程啦
03-19 11:25:16.461 E/dangbei111( 1047): cccccc 检查遥控器是否连接: Dangbei C7:44:13:5B:41:8C
03-19 11:25:16.464 E/dangbei111( 1047): cccccc 检查遥控器是否连接: 蓝牙的结果 Dangbei C7:44:13:5B:41:8C false
03-19 11:25:16.465 E/dangbei111( 1047): cccccc input中没有遥控器存在
03-19 11:25:16.465 E/dangbei111( 1047): cccccc 蓝牙状态连接 不是连接状态 啥都不干
03-19 11:25:16.467 E/dangbei111( 1047): cccccc 蓝牙状态连接 配对状态 啥都不做
03-19 11:25:16.467 E/dangbei111( 1047): 开始扫描 com.dangbei.remotecontroller.RCHelper$3@a7c2fd4
03-19 11:25:16.467 D/BluetoothAdapter( 1047): isLeEnabled(): ON
03-19 11:25:16.701 W/IorapForwardingService( 487): No service published for: iorapd
03-19 11:25:16.960 D/bbb ( 1203): onStartCommand begin !!!!!!! data分区剩余 24948MB
03-19 11:25:16.963 D/aaa ( 7639): LedStatusService onStartCommand begin
03-19 11:25:16.965 D/aaa ( 7639): topPkg is -------------- :com.dangbei.haqusetting
03-19 11:25:17.110 W/hdr10p_Configure( 363): 124 callbacks suppressed
03-19 11:25:17.110 I/ ( 363): DVI mode selected: packets not configured
03-19 11:25:17.110 W/set_vsif_config( 363): 124 callbacks suppressed
03-19 11:25:17.110 I/ ( 363): Error: set vsif failed
03-19 11:25:17.110 I/ ( 363): DVI mode selected: packets not configured
03-19 11:25:17.110 I/ ( 363): Error: set vsif failed
03-19 11:25:17.136 I/ ( 363): DVI mode selected: packets not configured
03-19 11:25:17.136 I/ ( 363): Error: set vsif failed
03-19 11:25:17.136 I/ ( 363): DVI mode selected: packets not configured
03-19 11:25:17.136 I/ ( 363): Error: set vsif failed
03-19 11:25:17.161 I/ ( 363): DVI mode selected: packets not configured
03-19 11:25:17.161 I/ ( 363): Error: set vsif failed
03-19 11:25:17.161 I/ ( 363): DVI mode selected: packets not configured
03-19 11:25:17.161 I/ ( 363): Error: set vsif failed
03-19 11:25:17.185 I/ ( 363): DVI mode selected: packets not configured
03-19 11:25:17.185 I/ ( 363): Error: set vsif failed
03-19 11:25:17.186 I/ ( 363): DVI mode selected: packets not configured
03-19 11:25:17.186 I/ ( 363): Error: set vsif failed
03-19 11:25:17.193 I/ ( 363): DVI mode selected: packets not configured
03-19 11:25:17.193 I/ ( 363): Error: set vsif failed
03-19 11:25:17.194 I/ ( 363): DVI mode selected: packets not configured
03-19 11:25:17.194 I/ ( 363): Error: set vsif failed
03-19 11:25:17.472 E/WifiHAL ( 663): wifi_get_link_stats: requestResponse Error:-5
03-19 11:25:17.474 E/WifiVendorHal( 487): getWifiLinkLayerStats_1_5_Internal(l.1191) failed {.code = ERROR_INVALID_ARGS, .description = }
03-19 11:25:17.703 W/IorapForwardingService( 487): No service published for: iorapd
03-19 11:25:18.587 E/dangbei111( 1047): cccccc 检查遥控器是否连接: Dangbei C7:44:13:5B:41:8C
03-19 11:25:18.588 E/dangbei111( 1047): cccccc 检查遥控器是否连接: 蓝牙的结果 Dangbei C7:44:13:5B:41:8C false
03-19 11:25:18.588 E/dangbei111( 1047): cccccc input中没有遥控器存在
03-19 11:25:18.588 E/dangbei111( 1047): cccccc 蓝牙状态连接 不是连接状态 啥都不干
03-19 11:25:18.589 E/dangbei111( 1047): cccccc 蓝牙状态连接 配对状态 啥都不做
03-19 11:25:18.589 E/dangbei111( 1047): scan get device,state=11
03-19 11:25:18.705 W/IorapForwardingService( 487): No service published for: iorapd
03-19 11:25:19.707 W/IorapForwardingService( 487): No service published for: iorapd
03-19 11:25:19.751 I/BLEAudioDrive_HV410( 248): select timeout!
03-19 11:25:20.078 E/dangbei111( 1047): cccccc 检查遥控器是否连接: Dangbei C7:44:13:5B:41:8C
03-19 11:25:20.082 E/dangbei111( 1047): cccccc 检查遥控器是否连接: 蓝牙的结果 Dangbei C7:44:13:5B:41:8C false
03-19 11:25:20.082 E/dangbei111( 1047): cccccc input中没有遥控器存在
03-19 11:25:20.082 E/dangbei111( 1047): cccccc 蓝牙状态连接 不是连接状态 啥都不干
03-19 11:25:20.086 E/dangbei111( 1047): cccccc 蓝牙状态连接 配对状态 啥都不做
03-19 11:25:20.090 E/dangbei111( 1047): scan get device,state=11
03-19 11:25:20.487 E/WifiHAL ( 663): wifi_get_link_stats: requestResponse Error:-5
03-19 11:25:20.489 E/WifiVendorHal( 487): getWifiLinkLayerStats_1_5_Internal(l.1191) failed {.code = ERROR_INVALID_ARGS, .description = }
03-19 11:25:20.710 W/IorapForwardingService( 487): No service published for: iorapd
03-19 11:25:21.713 W/IorapForwardingService( 487): No service published for: iorapd
03-19 11:25:22.715 W/IorapForwardingService( 487): No service published for: iorapd
03-19 11:25:22.989 I/WifiService( 487): startScan uid=1000
03-19 11:25:22.991 E/ccc ( 2949): cccccc i will start scan
03-19 11:25:23.090 E/dangbei111( 1047): cccccc 准备开始进行 startScanInner
03-19 11:25:23.090 E/dangbei111( 1047): cccccc 小于10s 由于之前已经开始扫描了 不在开启新的扫描
03-19 11:25:23.115 W/hdr10p_Configure( 363): 132 callbacks suppressed
03-19 11:25:23.116 I/ ( 363): DVI mode selected: packets not configured
03-19 11:25:23.116 W/set_vsif_config( 363): 132 callbacks suppressed
03-19 11:25:23.116 I/ ( 363): Error: set vsif failed
03-19 11:25:23.116 I/ ( 363): DVI mode selected: packets not configured
03-19 11:25:23.116 I/ ( 363): Error: set vsif failed
03-19 11:25:23.142 I/ ( 363): DVI mode selected: packets not configured
03-19 11:25:23.142 I/ ( 363): Error: set vsif failed
03-19 11:25:23.142 I/ ( 363): DVI mode selected: packets not configured
03-19 11:25:23.142 I/ ( 363): Error: set vsif failed
03-19 11:25:23.166 I/ ( 363): DVI mode selected: packets not configured
03-19 11:25:23.166 I/ ( 363): Error: set vsif failed
03-19 11:25:23.166 I/ ( 363): DVI mode selected: packets not configured
03-19 11:25:23.166 I/ ( 363): Error: set vsif failed
03-19 11:25:23.191 I/ ( 363): DVI mode selected: packets not configured
03-19 11:25:23.191 I/ ( 363): Error: set vsif failed
03-19 11:25:23.191 I/ ( 363): DVI mode selected: packets not configured
03-19 11:25:23.191 I/ ( 363): Error: set vsif failed
03-19 11:25:23.209 I/ ( 363): DVI mode selected: packets not configured
03-19 11:25:23.209 I/ ( 363): Error: set vsif failed
03-19 11:25:23.209 I/ ( 363): DVI mode selected: packets not configured
03-19 11:25:23.209 I/ ( 363): Error: set vsif failed
03-19 11:25:23.501 E/WifiHAL ( 663): wifi_get_link_stats: requestResponse Error:-5
03-19 11:25:23.505 E/WifiVendorHal( 487): getWifiLinkLayerStats_1_5_Internal(l.1191) failed {.code = ERROR_INVALID_ARGS, .description = }
03-19 11:25:23.718 W/IorapForwardingService( 487): No service published for: iorapd
03-19 11:25:24.720 W/IorapForwardingService( 487): No service published for: iorapd
03-19 11:25:24.819 D/WifiNl80211Manager( 487): Scan result ready event
03-19 11:25:24.820 D/WifiNative( 487): Scan result ready event
03-19 11:25:24.869 E/ccc ( 2949): cccccc SCAN_RESULTS_AVAILABLE_ACTION hhhh
03-19 11:25:24.869 E/hq ( 1119): NetWorkStateReceiver:::NetWorkStateReceiver onReceive: 网络变化广播 >>>> intent.action=android.net.wifi.SCAN_RESULTS
03-19 11:25:24.870 D/PasspointManager( 487): ANQP entry not found for: f8:14:fe:4f:93:01:
03-19 11:25:24.876 E/WifiHAL ( 663): wifi_get_link_stats: requestResponse Error:-5
03-19 11:25:24.877 E/WifiVendorHal( 487): getWifiLinkLayerStats_1_5_Internal(l.1191) failed {.code = ERROR_INVALID_ARGS, .description = }
03-19 11:25:24.895 W/eventbuscore( 1119): post Event:com.dangbei.leard.base.entity.event.NetWifiRssiEvent
03-19 11:25:24.905 E/ccc ( 2949): cccccc result is not empty call back
03-19 11:25:24.905 E/ccc ( 2949): cccccc 666666666666666
03-19 11:25:24.919 E/ccc ( 2949): cccccc sort 2 50
03-19 11:25:25.006 D/bbb ( 1203): onStartCommand begin !!!!!!! data分区剩余 24948MB
03-19 11:25:25.007 D/aaa ( 7639): LedStatusService onStartCommand begin
03-19 11:25:25.012 D/aaa ( 7639): topPkg is -------------- :com.dangbei.haqusetting
03-19 11:25:25.721 W/IorapForwardingService( 487): No service published for: iorapd
03-19 11:25:26.515 E/WifiHAL ( 663): wifi_get_link_stats: requestResponse Error:-5
03-19 11:25:26.516 E/WifiVendorHal( 487): getWifiLinkLayerStats_1_5_Internal(l.1191) failed {.code = ERROR_INVALID_ARGS, .description = }
03-19 11:25:26.722 W/IorapForwardingService( 487): No service published for: iorapd
03-19 11:25:27.724 W/IorapForwardingService( 487): No service published for: iorapd
03-19 11:25:28.725 W/IorapForwardingService( 487): No service published for: iorapd
03-19 11:25:29.058 D/hdmi-cec( 261): receive invalid cec message!
03-19 11:25:29.058 D/hdmi-cec( 261): receive poll message [04], skip!
03-19 11:25:29.138 W/hdr10p_Configure( 363): 130 callbacks suppressed
03-19 11:25:29.138 I/ ( 363): DVI mode selected: packets not configured
03-19 11:25:29.138 W/set_vsif_config( 363): 130 callbacks suppressed
03-19 11:25:29.138 I/ ( 363): Error: set vsif failed
03-19 11:25:29.138 I/ ( 363): DVI mode selected: packets not configured
03-19 11:25:29.138 I/ ( 363): Error: set vsif failed
03-19 11:25:29.164 I/ ( 363): DVI mode selected: packets not configured
03-19 11:25:29.164 I/ ( 363): Error: set vsif failed
03-19 11:25:29.164 I/ ( 363): DVI mode selected: packets not configured
03-19 11:25:29.164 I/ ( 363): Error: set vsif failed
03-19 11:25:29.188 I/ ( 363): DVI mode selected: packets not configured
03-19 11:25:29.188 I/ ( 363): Error: set vsif failed
03-19 11:25:29.188 I/ ( 363): DVI mode selected: packets not configured
03-19 11:25:29.188 I/ ( 363): Error: set vsif failed
03-19 11:25:29.213 I/ ( 363): DVI mode selected: packets not configured
03-19 11:25:29.213 I/ ( 363): Error: set vsif failed
03-19 11:25:29.213 I/ ( 363): DVI mode selected: packets not configured
03-19 11:25:29.213 I/ ( 363): Error: set vsif failed
03-19 11:25:29.226 I/ ( 363): DVI mode selected: packets not configured
03-19 11:25:29.226 I/ ( 363): Error: set vsif failed
03-19 11:25:29.226 I/ ( 363): DVI mode selected: packets not configured
03-19 11:25:29.226 I/ ( 363): Error: set vsif failed
03-19 11:25:29.531 E/WifiHAL ( 663): wifi_get_link_stats: requestResponse Error:-5
03-19 11:25:29.532 E/WifiVendorHal( 487): getWifiLinkLayerStats_1_5_Internal(l.1191) failed {.code = ERROR_INVALID_ARGS, .description = }
03-19 11:25:29.727 W/IorapForwardingService( 487): No service published for: iorapd
03-19 11:25:29.753 I/BLEAudioDrive_HV410( 248): select timeout!
03-19 11:25:30.729 W/IorapForwardingService( 487): No service published for: iorapd
03-19 11:25:31.732 W/IorapForwardingService( 487): No service published for: iorapd
03-19 11:25:32.091 E/dangbei111( 1047): cccccc 检查遥控器是否连接: Dangbei C7:44:13:5B:41:8C
03-19 11:25:32.095 E/dangbei111( 1047): cccccc 检查遥控器是否连接: 蓝牙的结果 Dangbei C7:44:13:5B:41:8C false
03-19 11:25:32.095 E/dangbei111( 1047): cccccc input中没有遥控器存在
03-19 11:25:32.095 E/dangbei111( 1047): cccccc 蓝牙状态连接 不是连接状态 啥都不干
03-19 11:25:32.098 E/dangbei111( 1047): cccccc 蓝牙状态连接 配对状态 啥都不做
03-19 11:25:32.099 E/dangbei111( 1047): scan get device,state=11
03-19 11:25:32.545 E/WifiHAL ( 663): wifi_get_link_stats: requestResponse Error:-5
03-19 11:25:32.546 E/WifiVendorHal( 487): getWifiLinkLayerStats_1_5_Internal(l.1191) failed {.code = ERROR_INVALID_ARGS, .description = }
03-19 11:25:32.734 W/IorapForwardingService( 487): No service published for: iorapd
03-19 11:25:33.045 D/bbb ( 1203): onStartCommand begin !!!!!!! data分区剩余 24948MB
03-19 11:25:33.049 D/aaa ( 7639): LedStatusService onStartCommand begin
03-19 11:25:33.050 D/aaa ( 7639): topPkg is -------------- :com.dangbei.haqusetting
03-19 11:25:33.737 W/IorapForwardingService( 487): No service published for: iorapd
03-19 11:25:34.739 W/IorapForwardingService( 487): No service published for: iorapd
03-19 11:25:35.101 E/dangbei111( 1047): cccccc 准备开始进行 startScanInner
03-19 11:25:35.101 E/dangbei111( 1047): cccccc 真正开始进入扫描流程啦
03-19 11:25:35.106 E/dangbei111( 1047): cccccc 检查遥控器是否连接: Dangbei C7:44:13:5B:41:8C
03-19 11:25:35.108 E/dangbei111( 1047): cccccc 检查遥控器是否连接: 蓝牙的结果 Dangbei C7:44:13:5B:41:8C false
03-19 11:25:35.109 E/dangbei111( 1047): cccccc input中没有遥控器存在
03-19 11:25:35.109 E/dangbei111( 1047): cccccc 蓝牙状态连接 不是连接状态 啥都不干
03-19 11:25:35.111 E/dangbei111( 1047): cccccc 蓝牙状态连接 配对状态 啥都不做
03-19 11:25:35.111 E/dangbei111( 1047): 开始扫描 com.dangbei.remotecontroller.RCHelper$3@a7c2fd4
03-19 11:25:35.111 D/BluetoothAdapter( 1047): isLeEnabled(): ON
03-19 11:25:35.148 W/hdr10p_Configure( 363): 126 callbacks suppressed
03-19 11:25:35.148 I/ ( 363): DVI mode selected: packets not configured
03-19 11:25:35.148 W/set_vsif_config( 363): 126 callbacks suppressed
03-19 11:25:35.148 I/ ( 363): Error: set vsif failed
03-19 11:25:35.148 I/ ( 363): DVI mode selected: packets not configured
03-19 11:25:35.148 I/ ( 363): Error: set vsif failed
03-19 11:25:35.174 I/ ( 363): DVI mode selected: packets not configured
03-19 11:25:35.174 I/ ( 363): Error: set vsif failed
03-19 11:25:35.174 I/ ( 363): DVI mode selected: packets not configured
03-19 11:25:35.174 I/ ( 363): Error: set vsif failed
03-19 11:25:35.198 I/ ( 363): DVI mode selected: packets not configured
03-19 11:25:35.198 I/ ( 363): Error: set vsif failed
03-19 11:25:35.198 I/ ( 363): DVI mode selected: packets not configured
03-19 11:25:35.198 I/ ( 363): Error: set vsif failed
03-19 11:25:35.223 I/ ( 363): DVI mode selected: packets not configured
03-19 11:25:35.223 I/ ( 363): Error: set vsif failed
03-19 11:25:35.223 I/ ( 363): DVI mode selected: packets not configured
03-19 11:25:35.223 I/ ( 363): Error: set vsif failed
03-19 11:25:35.244 I/ ( 363): DVI mode selected: packets not configured
03-19 11:25:35.244 I/ ( 363): Error: set vsif failed
03-19 11:25:35.244 I/ ( 363): DVI mode selected: packets not configured
03-19 11:25:35.244 I/ ( 363): Error: set vsif failed
03-19 11:25:35.561 E/WifiHAL ( 663): wifi_get_link_stats: requestResponse Error:-5
03-19 11:25:35.562 E/WifiVendorHal( 487): getWifiLinkLayerStats_1_5_Internal(l.1191) failed {.code = ERROR_INVALID_ARGS, .description = }
03-19 11:25:35.742 W/IorapForwardingService( 487): No service published for: iorapd
03-19 11:25:36.744 W/IorapForwardingService( 487): No service published for: iorapd
03-19 11:25:37.746 W/IorapForwardingService( 487): No service published for: iorapd
03-19 11:25:38.113 E/dangbei111( 1047): cccccc 准备开始进行 startScanInner
03-19 11:25:38.113 E/dangbei111( 1047): cccccc 小于10s 由于之前已经开始扫描了 不在开启新的扫描
03-19 11:25:38.577 E/WifiHAL ( 663): wifi_get_link_stats: requestResponse Error:-5
03-19 11:25:38.579 E/WifiVendorHal( 487): getWifiLinkLayerStats_1_5_Internal(l.1191) failed {.code = ERROR_INVALID_ARGS, .description = }
03-19 11:25:38.748 W/IorapForwardingService( 487): No service published for: iorapd
03-19 11:25:39.750 W/IorapForwardingService( 487): No service published for: iorapd
03-19 11:25:39.758 I/BLEAudioDrive_HV410( 248): select timeout!
03-19 11:25:40.744 W/ZramWriteback( 487): Writeback device is not set
03-19 11:25:40.745 D/ZramWriteback( 487): wait to flush
03-19 11:25:40.753 W/IorapForwardingService( 487): No service published for: iorapd
03-19 11:25:41.091 D/aaa ( 7639): LedStatusService onStartCommand begin
03-19 11:25:41.094 D/aaa ( 7639): topPkg is -------------- :com.dangbei.haqusetting
03-19 11:25:41.095 D/bbb ( 1203): onStartCommand begin !!!!!!! data分区剩余 24948MB
03-19 11:25:41.157 W/hdr10p_Configure( 363): 128 callbacks suppressed
03-19 11:25:41.157 I/ ( 363): DVI mode selected: packets not configured
03-19 11:25:41.157 W/set_vsif_config( 363): 128 callbacks suppressed
03-19 11:25:41.157 I/ ( 363): Error: set vsif failed
03-19 11:25:41.158 I/ ( 363): DVI mode selected: packets not configured
03-19 11:25:41.158 I/ ( 363): Error: set vsif failed
03-19 11:25:41.183 I/ ( 363): DVI mode selected: packets not configured
03-19 11:25:41.183 I/ ( 363): Error: set vsif failed
03-19 11:25:41.183 I/ ( 363): DVI mode selected: packets not configured
03-19 11:25:41.183 I/ ( 363): Error: set vsif failed
03-19 11:25:41.208 I/ ( 363): DVI mode selected: packets not configured
03-19 11:25:41.208 I/ ( 363): Error: set vsif failed
03-19 11:25:41.208 I/ ( 363): DVI mode selected: packets not configured
03-19 11:25:41.208 I/ ( 363): Error: set vsif failed
03-19 11:25:41.232 I/ ( 363): DVI mode selected: packets not configured
03-19 11:25:41.232 I/ ( 363): Error: set vsif failed
03-19 11:25:41.232 I/ ( 363): DVI mode selected: packets not configured
03-19 11:25:41.232 I/ ( 363): Error: set vsif failed
03-19 11:25:41.243 I/ ( 363): DVI mode selected: packets not configured
03-19 11:25:41.243 I/ ( 363): Error: set vsif failed
03-19 11:25:41.243 I/ ( 363): DVI mode selected: packets not configured
03-19 11:25:41.243 I/ ( 363): Error: set vsif failed
03-19 11:25:41.592 E/WifiHAL ( 663): wifi_get_link_stats: requestResponse Error:-5
03-19 11:25:41.594 E/WifiVendorHal( 487): getWifiLinkLayerStats_1_5_Internal(l.1191) failed {.code = ERROR_INVALID_ARGS, .description = }
03-19 11:25:41.754 W/IorapForwardingService( 487): No service published for: iorapd
03-19 11:25:42.756 W/IorapForwardingService( 487): No service published for: iorapd
03-19 11:25:43.758 W/IorapForwardingService( 487): No service published for: iorapd
03-19 11:25:44.082 D/hdmi-cec( 261): receive invalid cec message!
03-19 11:25:44.082 D/hdmi-cec( 261): receive poll message [04], skip!
03-19 11:25:44.608 E/WifiHAL ( 663): wifi_get_link_stats: requestResponse Error:-5
03-19 11:25:44.609 E/WifiVendorHal( 487): getWifiLinkLayerStats_1_5_Internal(l.1191) failed {.code = ERROR_INVALID_ARGS, .description = }
03-19 11:25:44.760 W/IorapForwardingService( 487): No service published for: iorapd
03-19 11:25:45.763 W/IorapForwardingService( 487): No service published for: iorapd
03-19 11:25:46.765 W/IorapForwardingService( 487): No service published for: iorapd
03-19 11:25:47.174 W/hdr10p_Configure( 363): 126 callbacks suppressed
03-19 11:25:47.174 I/ ( 363): DVI mode selected: packets not configured
03-19 11:25:47.174 W/set_vsif_config( 363): 126 callbacks suppressed
03-19 11:25:47.174 I/ ( 363): Error: set vsif failed
03-19 11:25:47.174 I/ ( 363): DVI mode selected: packets not configured
03-19 11:25:47.174 I/ ( 363): Error: set vsif failed
03-19 11:25:47.200 I/ ( 363): DVI mode selected: packets not configured
03-19 11:25:47.200 I/ ( 363): Error: set vsif failed
03-19 11:25:47.200 I/ ( 363): DVI mode selected: packets not configured
03-19 11:25:47.200 I/ ( 363): Error: set vsif failed
03-19 11:25:47.224 I/ ( 363): DVI mode selected: packets not configured
03-19 11:25:47.224 I/ ( 363): Error: set vsif failed
03-19 11:25:47.224 I/ ( 363): DVI mode selected: packets not configured
03-19 11:25:47.224 I/ ( 363): Error: set vsif failed
03-19 11:25:47.249 I/ ( 363): DVI mode selected: packets not configured
03-19 11:25:47.249 I/ ( 363): Error: set vsif failed
03-19 11:25:47.249 I/ ( 363): DVI mode selected: packets not configured
03-19 11:25:47.249 I/ ( 363): Error: set vsif failed
03-19 11:25:47.260 I/ ( 363): DVI mode selected: packets not configured
03-19 11:25:47.260 I/ ( 363): Error: set vsif failed
03-19 11:25:47.260 I/ ( 363): DVI mode selected: packets not configured
03-19 11:25:47.260 I/ ( 363): Error: set vsif failed
03-19 11:25:47.623 E/WifiHAL ( 663): wifi_get_link_stats: requestResponse Error:-5
03-19 11:25:47.624 E/WifiVendorHal( 487): getWifiLinkLayerStats_1_5_Internal(l.1191) failed {.code = ERROR_INVALID_ARGS, .description = }
03-19 11:25:47.768 W/IorapForwardingService( 487): No service published for: iorapd
03-19 11:25:48.771 W/IorapForwardingService( 487): No service published for: iorapd
03-19 11:25:49.132 D/aaa ( 7639): LedStatusService onStartCommand begin
03-19 11:25:49.134 D/aaa ( 7639): topPkg is -------------- :com.dangbei.haqusetting
03-19 11:25:49.137 D/bbb ( 1203): onStartCommand begin !!!!!!! data分区剩余 24948MB
03-19 11:25:49.759 I/BLEAudioDrive_HV410( 248): select timeout!
03-19 11:25:49.773 W/IorapForwardingService( 487): No service published for: iorapd
03-19 11:25:50.638 E/WifiHAL ( 663): wifi_get_link_stats: requestResponse Error:-5
03-19 11:25:50.639 E/WifiVendorHal( 487): getWifiLinkLayerStats_1_5_Internal(l.1191) failed {.code = ERROR_INVALID_ARGS, .description = }
03-19 11:25:50.776 W/IorapForwardingService( 487): No service published for: iorapd
03-19 11:25:51.699 E/dangbei111( 1047): cccccc 检查遥控器是否连接: Dangbei C7:44:13:5B:41:8C
03-19 11:25:51.700 E/dangbei111( 1047): cccccc 检查遥控器是否连接: 蓝牙的结果 Dangbei C7:44:13:5B:41:8C false
03-19 11:25:51.700 E/dangbei111( 1047): cccccc input中没有遥控器存在
03-19 11:25:51.700 E/dangbei111( 1047): cccccc 蓝牙状态连接 不是连接状态 啥都不干
03-19 11:25:51.701 E/dangbei111( 1047): cccccc 蓝牙状态连接 配对状态 啥都不做
03-19 11:25:51.702 E/dangbei111( 1047): scan get device,state=11
03-19 11:25:51.778 W/IorapForwardingService( 487): No service published for: iorapd
03-19 11:25:52.781 W/IorapForwardingService( 487): No service published for: iorapd
03-19 11:25:53.177 W/hdr10p_Configure( 363): 128 callbacks suppressed
03-19 11:25:53.177 I/ ( 363): DVI mode selected: packets not configured
03-19 11:25:53.177 W/set_vsif_config( 363): 128 callbacks suppressed
03-19 11:25:53.177 I/ ( 363): Error: set vsif failed
03-19 11:25:53.177 I/ ( 363): DVI mode selected: packets not configured
03-19 11:25:53.178 I/ ( 363): Error: set vsif failed
03-19 11:25:53.204 I/ ( 363): DVI mode selected: packets not configured
03-19 11:25:53.204 I/ ( 363): Error: set vsif failed
03-19 11:25:53.204 I/ ( 363): DVI mode selected: packets not configured
03-19 11:25:53.204 I/ ( 363): Error: set vsif failed
03-19 11:25:53.228 I/ ( 363): DVI mode selected: packets not configured
03-19 11:25:53.228 I/ ( 363): Error: set vsif failed
03-19 11:25:53.228 I/ ( 363): DVI mode selected: packets not configured
03-19 11:25:53.228 I/ ( 363): Error: set vsif failed
03-19 11:25:53.253 I/ ( 363): DVI mode selected: packets not configured
03-19 11:25:53.253 I/ ( 363): Error: set vsif failed
03-19 11:25:53.253 I/ ( 363): DVI mode selected: packets not configured
03-19 11:25:53.253 I/ ( 363): Error: set vsif failed
03-19 11:25:53.259 I/ ( 363): DVI mode selected: packets not configured
03-19 11:25:53.259 I/ ( 363): Error: set vsif failed
03-19 11:25:53.260 I/ ( 363): DVI mode selected: packets not configured
03-19 11:25:53.260 I/ ( 363): Error: set vsif failed
03-19 11:25:53.655 E/WifiHAL ( 663): wifi_get_link_stats: requestResponse Error:-5
03-19 11:25:53.656 E/WifiVendorHal( 487): getWifiLinkLayerStats_1_5_Internal(l.1191) failed {.code = ERROR_INVALID_ARGS, .description = }
03-19 11:25:53.783 W/IorapForwardingService( 487): No service published for: iorapd
03-19 11:25:54.703 E/dangbei111( 1047): cccccc 准备开始进行 startScanInner
03-19 11:25:54.703 E/dangbei111( 1047): cccccc 真正开始进入扫描流程啦
03-19 11:25:54.709 E/dangbei111( 1047): cccccc 检查遥控器是否连接: Dangbei C7:44:13:5B:41:8C
03-19 11:25:54.712 E/dangbei111( 1047): cccccc 检查遥控器是否连接: 蓝牙的结果 Dangbei C7:44:13:5B:41:8C false
03-19 11:25:54.712 E/dangbei111( 1047): cccccc input中没有遥控器存在
03-19 11:25:54.712 E/dangbei111( 1047): cccccc 蓝牙状态连接 不是连接状态 啥都不干
03-19 11:25:54.715 E/dangbei111( 1047): cccccc 蓝牙状态连接 配对状态 啥都不做
03-19 11:25:54.715 E/dangbei111( 1047): 开始扫描 com.dangbei.remotecontroller.RCHelper$3@a7c2fd4
03-19 11:25:54.715 D/BluetoothAdapter( 1047): isLeEnabled(): ON
03-19 11:25:54.785 W/IorapForwardingService( 487): No service published for: iorapd
03-19 11:25:54.925 I/WifiService( 487): startScan uid=1000
03-19 11:25:54.927 E/ccc ( 2949): cccccc i will start scan
03-19 11:25:55.786 W/IorapForwardingService( 487): No service published for: iorapd
03-19 11:25:56.204 E/dangbei111( 1047): cccccc 检查遥控器是否连接: Dangbei C7:44:13:5B:41:8C
03-19 11:25:56.207 E/dangbei111( 1047): cccccc 检查遥控器是否连接: 蓝牙的结果 Dangbei C7:44:13:5B:41:8C false
03-19 11:25:56.207 E/dangbei111( 1047): cccccc input中没有遥控器存在
03-19 11:25:56.207 E/dangbei111( 1047): cccccc 蓝牙状态连接 不是连接状态 啥都不干
03-19 11:25:56.211 E/dangbei111( 1047): cccccc 蓝牙状态连接 配对状态 啥都不做
03-19 11:25:56.214 E/dangbei111( 1047): scan get device,state=11
03-19 11:25:56.671 E/WifiHAL ( 663): wifi_get_link_stats: requestResponse Error:-5
03-19 11:25:56.672 E/WifiVendorHal( 487): getWifiLinkLayerStats_1_5_Internal(l.1191) failed {.code = ERROR_INVALID_ARGS, .description = }
03-19 11:25:56.690 D/WifiNl80211Manager( 487): Scan result ready event
03-19 11:25:56.690 D/WifiNative( 487): Scan result ready event
03-19 11:25:56.755 E/ccc ( 2949): cccccc SCAN_RESULTS_AVAILABLE_ACTION hhhh
03-19 11:25:56.759 E/hq ( 1119): NetWorkStateReceiver:::NetWorkStateReceiver onReceive: 网络变化广播 >>>> intent.action=android.net.wifi.SCAN_RESULTS
03-19 11:25:56.760 D/PasspointManager( 487): ANQP entry not found for: f8:14:fe:4f:93:01:
03-19 11:25:56.768 E/WifiHAL ( 663): wifi_get_link_stats: requestResponse Error:-5
03-19 11:25:56.770 E/WifiVendorHal( 487): getWifiLinkLayerStats_1_5_Internal(l.1191) failed {.code = ERROR_INVALID_ARGS, .description = }
03-19 11:25:56.787 W/eventbuscore( 1119): post Event:com.dangbei.leard.base.entity.event.NetWifiRssiEvent
03-19 11:25:56.789 W/IorapForwardingService( 487): No service published for: iorapd
03-19 11:25:56.794 E/ccc ( 2949): cccccc result is not empty call back
03-19 11:25:56.794 E/ccc ( 2949): cccccc 666666666666666
03-19 11:25:56.812 E/ccc ( 2949): cccccc sort 2 63
03-19 11:25:57.174 D/bbb ( 1203): onStartCommand begin !!!!!!! data分区剩余 24948MB
03-19 11:25:57.177 D/aaa ( 7639): LedStatusService onStartCommand begin
03-19 11:25:57.180 D/aaa ( 7639): topPkg is -------------- :com.dangbei.haqusetting
03-19 11:25:57.337 I/system_server( 487): Background young concurrent copying GC freed 176574(6326KB) AllocSpace objects, 44(880KB) LOS objects, 32% free, 15MB/22MB, paused 864us total 170.533ms
03-19 11:25:57.791 W/IorapForwardingService( 487): No service published for: iorapd
03-19 11:25:58.452 E/dangbei111( 1047): cccccc 检查遥控器是否连接: Dangbei C7:44:13:5B:41:8C
03-19 11:25:58.453 E/dangbei111( 1047): cccccc 检查遥控器是否连接: 蓝牙的结果 Dangbei C7:44:13:5B:41:8C false
03-19 11:25:58.453 E/dangbei111( 1047): cccccc input中没有遥控器存在
03-19 11:25:58.453 E/dangbei111( 1047): cccccc 蓝牙状态连接 不是连接状态 啥都不干
03-19 11:25:58.454 E/dangbei111( 1047): cccccc 蓝牙状态连接 配对状态 啥都不做
03-19 11:25:58.455 E/dangbei111( 1047): scan get device,state=11
03-19 11:25:58.794 W/IorapForwardingService( 487): No service published for: iorapd
03-19 11:25:59.108 D/hdmi-cec( 261): receive invalid cec message!
03-19 11:25:59.109 D/hdmi-cec( 261): receive poll message [04], skip!
03-19 11:25:59.178 W/hdr10p_Configure( 363): 130 callbacks suppressed
03-19 11:25:59.178 I/ ( 363): DVI mode selected: packets not configured
03-19 11:25:59.178 W/set_vsif_config( 363): 130 callbacks suppressed
03-19 11:25:59.178 I/ ( 363): Error: set vsif failed
03-19 11:25:59.178 I/ ( 363): DVI mode selected: packets not configured
03-19 11:25:59.178 I/ ( 363): Error: set vsif failed
03-19 11:25:59.204 I/ ( 363): DVI mode selected: packets not configured
03-19 11:25:59.204 I/ ( 363): Error: set vsif failed
03-19 11:25:59.204 I/ ( 363): DVI mode selected: packets not configured
03-19 11:25:59.204 I/ ( 363): Error: set vsif failed
03-19 11:25:59.229 I/ ( 363): DVI mode selected: packets not configured
03-19 11:25:59.229 I/ ( 363): Error: set vsif failed
03-19 11:25:59.229 I/ ( 363): DVI mode selected: packets not configured
03-19 11:25:59.229 I/ ( 363): Error: set vsif failed
03-19 11:25:59.254 I/ ( 363): DVI mode selected: packets not configured
03-19 11:25:59.254 I/ ( 363): Error: set vsif failed
03-19 11:25:59.254 I/ ( 363): DVI mode selected: packets not configured
03-19 11:25:59.254 I/ ( 363): Error: set vsif failed
03-19 11:25:59.276 I/ ( 363): DVI mode selected: packets not configured
03-19 11:25:59.276 I/ ( 363): Error: set vsif failed
03-19 11:25:59.276 I/ ( 363): DVI mode selected: packets not configured
03-19 11:25:59.276 I/ ( 363): Error: set vsif failed
03-19 11:25:59.686 E/WifiHAL ( 663): wifi_get_link_stats: requestResponse Error:-5
03-19 11:25:59.688 E/WifiVendorHal( 487): getWifiLinkLayerStats_1_5_Internal(l.1191) failed {.code = ERROR_INVALID_ARGS, .description = }
03-19 11:25:59.768 I/BLEAudioDrive_HV410( 248): select timeout!
03-19 11:25:59.797 W/IorapForwardingService( 487): No service published for: iorapd
03-19 11:26:00.699 E/dangbei111( 1047): cccccc 检查遥控器是否连接: Dangbei C7:44:13:5B:41:8C
03-19 11:26:00.700 E/dangbei111( 1047): cccccc 检查遥控器是否连接: 蓝牙的结果 Dangbei C7:44:13:5B:41:8C false
03-19 11:26:00.700 E/dangbei111( 1047): cccccc input中没有遥控器存在
03-19 11:26:00.700 E/dangbei111( 1047): cccccc 蓝牙状态连接 不是连接状态 啥都不干
03-19 11:26:00.701 E/dangbei111( 1047): cccccc 蓝牙状态连接 配对状态 啥都不做
03-19 11:26:00.702 E/dangbei111( 1047): scan get device,state=11
03-19 11:26:00.799 W/IorapForwardingService( 487): No service published for: iorapd
03-19 11:26:01.801 W/IorapForwardingService( 487): No service published for: iorapd
03-19 11:26:02.705 E/WifiHAL ( 663): wifi_get_link_stats: requestResponse Error:-5
03-19 11:26:02.706 E/WifiVendorHal( 487): getWifiLinkLayerStats_1_5_Internal(l.1191) failed {.code = ERROR_INVALID_ARGS, .description = }
03-19 11:26:02.804 W/IorapForwardingService( 487): No service published for: iorapd
03-19 11:26:03.705 E/dangbei111( 1047): cccccc 准备开始进行 startScanInner
03-19 11:26:03.705 E/dangbei111( 1047): cccccc 小于10s 由于之前已经开始扫描了 不在开启新的扫描
03-19 11:26:03.806 W/IorapForwardingService( 487): No service published for: iorapd
03-19 11:26:04.808 W/IorapForwardingService( 487): No service published for: iorapd
03-19 11:26:05.192 W/hdr10p_Configure( 363): 130 callbacks suppressed
03-19 11:26:05.192 I/ ( 363): DVI mode selected: packets not configured
03-19 11:26:05.192 W/set_vsif_config( 363): 130 callbacks suppressed
03-19 11:26:05.192 I/ ( 363): Error: set vsif failed
03-19 11:26:05.192 I/ ( 363): DVI mode selected: packets not configured
03-19 11:26:05.192 I/ ( 363): Error: set vsif failed
03-19 11:26:05.208 D/aaa ( 7639): LedStatusService onStartCommand begin
03-19 11:26:05.210 E/dangbei111( 1047): cccccc 检查遥控器是否连接: Dangbei C7:44:13:5B:41:8C
03-19 11:26:05.210 D/aaa ( 7639): topPkg is -------------- :com.dangbei.haqusetting
03-19 11:26:05.212 D/bbb ( 1203): onStartCommand begin !!!!!!! data分区剩余 24948MB
03-19 11:26:05.217 E/dangbei111( 1047): cccccc 检查遥控器是否连接: 蓝牙的结果 Dangbei C7:44:13:5B:41:8C false
03-19 11:26:05.217 E/dangbei111( 1047): cccccc input中没有遥控器存在
03-19 11:26:05.217 E/dangbei111( 1047): cccccc 蓝牙状态连接 不是连接状态 啥都不干
03-19 11:26:05.224 I/ ( 363): DVI mode selected: packets not configured
03-19 11:26:05.224 I/ ( 363): Error: set vsif failed
03-19 11:26:05.225 I/ ( 363): DVI mode selected: packets not configured
03-19 11:26:05.225 I/ ( 363): Error: set vsif failed
03-19 11:26:05.225 E/dangbei111( 1047): cccccc 蓝牙状态连接 配对状态 啥都不做
03-19 11:26:05.228 E/dangbei111( 1047): scan get device,state=11
03-19 11:26:05.249 I/ ( 363): DVI mode selected: packets not configured
03-19 11:26:05.249 I/ ( 363): Error: set vsif failed
03-19 11:26:05.249 I/ ( 363): DVI mode selected: packets not configured
03-19 11:26:05.249 I/ ( 363): Error: set vsif failed
03-19 11:26:05.274 I/ ( 363): DVI mode selected: packets not configured
03-19 11:26:05.274 I/ ( 363): Error: set vsif failed
03-19 11:26:05.274 I/ ( 363): DVI mode selected: packets not configured
03-19 11:26:05.274 I/ ( 363): Error: set vsif failed
03-19 11:26:05.294 I/ ( 363): DVI mode selected: packets not configured
03-19 11:26:05.294 I/ ( 363): Error: set vsif failed
03-19 11:26:05.294 I/ ( 363): DVI mode selected: packets not configured
03-19 11:26:05.294 I/ ( 363): Error: set vsif failed
03-19 11:26:05.719 E/WifiHAL ( 663): wifi_get_link_stats: requestResponse Error:-5
03-19 11:26:05.721 E/WifiVendorHal( 487): getWifiLinkLayerStats_1_5_Internal(l.1191) failed {.code = ERROR_INVALID_ARGS, .description = }
03-19 11:26:05.811 W/IorapForwardingService( 487): No service published for: iorapd
03-19 11:26:06.813 W/IorapForwardingService( 487): No service published for: iorapd
03-19 11:26:07.816 W/IorapForwardingService( 487): No service published for: iorapd
03-19 11:26:08.227 E/dangbei111( 1047): cccccc 准备开始进行 startScanInner
03-19 11:26:08.227 E/dangbei111( 1047): cccccc 真正开始进入扫描流程啦
03-19 11:26:08.239 E/dangbei111( 1047): cccccc 检查遥控器是否连接: Dangbei C7:44:13:5B:41:8C
03-19 11:26:08.243 E/dangbei111( 1047): cccccc 检查遥控器是否连接: 蓝牙的结果 Dangbei C7:44:13:5B:41:8C false
03-19 11:26:08.243 E/dangbei111( 1047): cccccc input中没有遥控器存在
03-19 11:26:08.243 E/dangbei111( 1047): cccccc 蓝牙状态连接 不是连接状态 啥都不干
03-19 11:26:08.246 E/dangbei111( 1047): cccccc 蓝牙状态连接 配对状态 啥都不做
03-19 11:26:08.246 E/dangbei111( 1047): 开始扫描 com.dangbei.remotecontroller.RCHelper$3@a7c2fd4
03-19 11:26:08.246 D/BluetoothAdapter( 1047): isLeEnabled(): ON
03-19 11:26:08.737 E/WifiHAL ( 663): wifi_get_link_stats: requestResponse Error:-5
03-19 11:26:08.740 E/WifiVendorHal( 487): getWifiLinkLayerStats_1_5_Internal(l.1191) failed {.code = ERROR_INVALID_ARGS, .description = }
03-19 11:26:08.817 W/IorapForwardingService( 487): No service published for: iorapd
03-19 11:26:09.774 I/BLEAudioDrive_HV410( 248): select timeout!
03-19 11:26:09.820 W/IorapForwardingService( 487): No service published for: iorapd
03-19 11:26:10.746 W/ZramWriteback( 487): Writeback device is not set
03-19 11:26:10.747 D/ZramWriteback( 487): wait to flush
03-19 11:26:10.822 W/IorapForwardingService( 487): No service published for: iorapd
03-19 11:26:11.210 W/hdr10p_Configure( 363): 124 callbacks suppressed
03-19 11:26:11.210 I/ ( 363): DVI mode selected: packets not configured
03-19 11:26:11.210 W/set_vsif_config( 363): 124 callbacks suppressed
03-19 11:26:11.210 I/ ( 363): Error: set vsif failed
03-19 11:26:11.210 I/ ( 363): DVI mode selected: packets not configured
03-19 11:26:11.210 I/ ( 363): Error: set vsif failed
03-19 11:26:11.236 I/ ( 363): DVI mode selected: packets not configured
03-19 11:26:11.236 I/ ( 363): Error: set vsif failed
03-19 11:26:11.236 I/ ( 363): DVI mode selected: packets not configured
03-19 11:26:11.236 I/ ( 363): Error: set vsif failed
03-19 11:26:11.249 E/dangbei111( 1047): cccccc 准备开始进行 startScanInner
03-19 11:26:11.249 E/dangbei111( 1047): cccccc 小于10s 由于之前已经开始扫描了 不在开启新的扫描
03-19 11:26:11.260 I/ ( 363): DVI mode selected: packets not configured
03-19 11:26:11.260 I/ ( 363): Error: set vsif failed
03-19 11:26:11.260 I/ ( 363): DVI mode selected: packets not configured
03-19 11:26:11.260 I/ ( 363): Error: set vsif failed
03-19 11:26:11.285 I/ ( 363): DVI mode selected: packets not configured
03-19 11:26:11.285 I/ ( 363): Error: set vsif failed
03-19 11:26:11.285 I/ ( 363): DVI mode selected: packets not configured
03-19 11:26:11.285 I/ ( 363): Error: set vsif failed
03-19 11:26:11.293 I/ ( 363): DVI mode selected: packets not configured
03-19 11:26:11.293 I/ ( 363): Error: set vsif failed
03-19 11:26:11.293 I/ ( 363): DVI mode selected: packets not configured
03-19 11:26:11.293 I/ ( 363): Error: set vsif failed
03-19 11:26:11.755 E/WifiHAL ( 663): wifi_get_link_stats: requestResponse Error:-5
03-19 11:26:11.756 E/WifiVendorHal( 487): getWifiLinkLayerStats_1_5_Internal(l.1191) failed {.code = ERROR_INVALID_ARGS, .description = }
03-19 11:26:11.824 W/IorapForwardingService( 487): No service published for: iorapd
03-19 11:26:12.826 W/IorapForwardingService( 487): No service published for: iorapd
03-19 11:26:13.189 D/aaa ( 7639): LedStatusService onStartCommand begin
03-19 11:26:13.190 D/bbb ( 1203): onStartCommand begin !!!!!!! data分区剩余 24948MB
03-19 11:26:13.191 D/aaa ( 7639): topPkg is -------------- :com.dangbei.haqusetting
03-19 11:26:13.828 W/IorapForwardingService( 487): No service published for: iorapd
03-19 11:26:14.133 D/hdmi-cec( 261): receive invalid cec message!
03-19 11:26:14.133 D/hdmi-cec( 261): receive poll message [04], skip!
03-19 11:26:14.769 E/WifiHAL ( 663): wifi_get_link_stats: requestResponse Error:-5
