--------- beginning of main
03-19 11:15:40.393 W/IorapForwardingService( 487): No service published for: iorapd
03-19 11:15:40.545 E/bt_upio ( 249): upio_set : /proc/bluetooth/sleep/btwrite(-1) incorrent --------- beginning of system
03-19 11:15:40.705 W/ZramWriteback( 487): Writeback device is not set
03-19 11:15:40.706 D/ZramWriteback( 487): wait to flush
03-19 11:15:41.395 W/IorapForwardingService( 487): No service published for: iorapd
03-19 11:15:41.819 E/WifiHAL ( 663): wifi_get_link_stats: requestResponse Error:-5
03-19 11:15:41.820 E/WifiVendorHal( 487): getWifiLinkLayerStats_1_5_Internal(l.1191) failed {.code = ERROR_INVALID_ARGS, .description = }
03-19 11:15:42.397 W/IorapForwardingService( 487): No service published for: iorapd --------- beginning of kernel
03-19 11:15:43.025 W/hdr10p_Configure( 363): 142 callbacks suppressed
03-19 11:15:43.025 I/ ( 363): DVI mode selected: packets not configured
03-19 11:15:43.025 W/set_vsif_config( 363): 142 callbacks suppressed
03-19 11:15:43.026 I/ ( 363): Error: set vsif failed
03-19 11:15:43.026 I/ ( 363): DVI mode selected: packets not configured
03-19 11:15:43.026 I/ ( 363): Error: set vsif failed
03-19 11:15:43.051 I/ ( 363): DVI mode selected: packets not configured
03-19 11:15:43.051 I/ ( 363): Error: set vsif failed
03-19 11:15:43.051 I/ ( 363): DVI mode selected: packets not configured
03-19 11:15:43.051 I/ ( 363): Error: set vsif failed
03-19 11:15:43.076 I/ ( 363): DVI mode selected: packets not configured
03-19 11:15:43.076 I/ ( 363): Error: set vsif failed
03-19 11:15:43.076 I/ ( 363): DVI mode selected: packets not configured
03-19 11:15:43.076 I/ ( 363): Error: set vsif failed
03-19 11:15:43.100 I/ ( 363): DVI mode selected: packets not configured
03-19 11:15:43.100 I/ ( 363): Error: set vsif failed
03-19 11:15:43.100 I/ ( 363): DVI mode selected: packets not configured
03-19 11:15:43.100 I/ ( 363): Error: set vsif failed
03-19 11:15:43.109 I/ ( 363): DVI mode selected: packets not configured
03-19 11:15:43.109 I/ ( 363): Error: set vsif failed
03-19 11:15:43.109 I/ ( 363): DVI mode selected: packets not configured
03-19 11:15:43.109 I/ ( 363): Error: set vsif failed
03-19 11:15:43.400 W/IorapForwardingService( 487): No service published for: iorapd
03-19 11:15:44.085 D/hdmi-cec( 261): receive invalid cec message!
03-19 11:15:44.085 D/hdmi-cec( 261): receive poll message [04], skip!
03-19 11:15:44.403 W/IorapForwardingService( 487): No service published for: iorapd
03-19 11:15:44.458 I/bt_stack( 672): [INFO:btsnoop.cc(338)] clear_l2cap_allowlist: Clearing acceptlist from l2cap channel. conn_handle=16 cid=4:4
03-19 11:15:44.458 I/bluetooth( 672): system/bt/stack/gap/gap_ble.cc:298 client_connect_cback: No active GAP service found for peer:xx:xx:xx:xx:e3:ed callback:Disconnected
03-19 11:15:44.458 I/bt_bta_gattc( 672): system/bt/bta/gatt/bta_gattc_act.cc:1115 bta_gattc_conn_cback: Disconnected att_id:3 transport:le reason:GATT_CONN_TIMEOUT
03-19 11:15:44.458 I/bt_bta_gattc( 672): system/bt/bta/gatt/bta_gattc_act.cc:1115 bta_gattc_conn_cback: Disconnected att_id:4 transport:le reason:GATT_CONN_TIMEOUT
03-19 11:15:44.459 I/bt_bta_gattc( 672): system/bt/bta/gatt/bta_gattc_act.cc:1115 bta_gattc_conn_cback: Disconnected att_id:5 transport:le reason:GATT_CONN_TIMEOUT
03-19 11:15:44.459 I/bt_bta_gattc( 672): system/bt/bta/gatt/bta_gattc_act.cc:1115 bta_gattc_conn_cback: Disconnected att_id:6 transport:le reason:GATT_CONN_TIMEOUT
03-19 11:15:44.459 W/bt_btm_sec( 672): system/bt/stack/btm/btm_sec.cc:3685 btm_sec_disconnected: Got uncommon disconnection reason:Connection Timeout handle:0x0010
03-19 11:15:44.459 I/btif_av ( 672): system/bt/btif/src/btif_av.cc:3352 btif_av_acl_disconnected: btif_av_acl_disconnected: Peer c9:b5:96:5c:e3:ed : ACL Disconnected
03-19 11:15:44.459 E/bt_upio ( 249): upio_set : /proc/bluetooth/sleep/btwrite(-1) incorrent
03-19 11:15:44.459 E/bt_stack( 672): [ERROR:bta_gattc_api.cc(729)] BTA_GATTC_DeregisterForNotifications registration not found bd_addr=c9:b5:96:5c:e3:ed
03-19 11:15:44.460 E/bt_stack( 672): [ERROR:bta_gattc_api.cc(729)] BTA_GATTC_DeregisterForNotifications registration not found bd_addr=c9:b5:96:5c:e3:ed
03-19 11:15:44.460 W/bt_btif ( 672): system/bt/main/bte_logmsg.cc:194 LogMsg: bta_hh_co_close: dev_handle = 32, app_id = 255
03-19 11:15:44.460 W/bt_btif ( 672): system/bt/main/bte_logmsg.cc:194 LogMsg: bta_hh_co_close: Found an existing device with the same handle dev_status = 0, dev_handle =32
03-19 11:15:44.460 I/btif_av ( 672): system/bt/btif/src/btif_av.cc:1078 FindOrCreatePeer: BtifAvPeer *BtifAvSource::FindOrCreatePeer(const RawAddress &, tBTA_AV_HNDL): Create peer: peer_address=c9:b5:96:5c:e3:ed bta_handle=0x41 peer_id=0
03-19 11:15:44.460 I/btif_av ( 672): system/bt/btif/src/btif_av.cc:3279 btif_av_get_peer_sep: No active sink or source peer found
03-19 11:15:44.460 I/bt_btif_a2dp_source( 672): system/bt/btif/src/btif_a2dp_source.cc:691 btif_a2dp_source_on_idle: btif_a2dp_source_on_idle: state=STATE_OFF
03-19 11:15:44.460 I/btif_av ( 672): system/bt/btif/src/btif_av.cc:3279 btif_av_get_peer_sep: No active sink or source peer found
03-19 11:15:44.460 I/bt_btif_a2dp_source( 672): system/bt/btif/src/btif_a2dp_source.cc:691 btif_a2dp_source_on_idle: btif_a2dp_source_on_idle: state=STATE_OFF
03-19 11:15:44.460 I/btif_av ( 672): system/bt/btif/src/btif_av.cc:1123 DeleteIdlePeers: DeleteIdlePeers: Deleting idle peer: c9:b5:96:5c:e3:ed bta_handle=0x41
03-19 11:15:44.472 D/XM_HIDREAD( 318): remove@ remove@/devices/virtual/misc/uhid/0005:1D5A:C081.0086/input/input399/input399::numlock
03-19 11:15:44.473 E/bond ( 2949): name=Dangbei,state=12,action=android.bluetooth.device.action.ACL_DISCONNECTED
03-19 11:15:44.473 D/XM_HIDREAD( 318): remove@ remove@/devices/virtual/misc/uhid/0005:1D5A:C081.0086/input/input399/input399::capslock
03-19 11:15:44.474 I/dangbei111( 1047): cccccc on receiver=android.bluetooth.device.action.ACL_DISCONNECTED,mac=C9:B5:96:5C:E3:ED
03-19 11:15:44.474 D/XM_HIDREAD( 318): remove@ remove@/devices/virtual/misc/uhid/0005:1D5A:C081.0086/input/input399/input399::scrolllock
03-19 11:15:44.475 D/XM_HIDREAD( 318): remove@ remove@/devices/virtual/misc/uhid/0005:1D5A:C081.0086/input/input399/input399::compose
03-19 11:15:44.476 D/XM_HIDREAD( 318): remove@ remove@/devices/virtual/misc/uhid/0005:1D5A:C081.0086/input/input399/input399::kana
03-19 11:15:44.502 D/XM_HIDREAD( 318): remove@ remove@/devices/virtual/misc/uhid/0005:1D5A:C081.0086/input/input399/event3
03-19 11:15:44.502 I/EventHub( 487): Removing device Dangbei Keyboard due to epoll hang-up event.
03-19 11:15:44.503 I/EventHub( 487): Removed device: path=/dev/input/event3 name=Dangbei Keyboard id=400 fd=280 classes=KEYBOARD | EXTERNAL
03-19 11:15:44.509 D/XM_HIDREAD( 318): remove@ remove@/devices/virtual/wakeup/wakeup27
03-19 11:15:44.510 I/DefaultIMS( 2890): onStartInput attribute=android.view.inputmethod.EditorInfo@39f9811 restarting=false inputType: 0
03-19 11:15:44.533 I/InputReader( 487): Device removed: id=137, eventHubId=400, name='Dangbei Keyboard', descriptor='b5b64510cdcd0655bbdd1229f1efd599026f5f75', sources=0x01000111
03-19 11:15:44.533 D/XM_HIDREAD( 318): remove@ remove@/devices/virtual/misc/uhid/0005:1D5A:C081.0086/input/input399
03-19 11:15:44.534 I/EventHub( 487): Removing device '/dev/input/event3' due to inotify event
03-19 11:15:44.535 D/XM_HIDREAD( 318): remove@ remove@/devices/virtual/misc/uhid/0005:1D5A:C081.0086/input/input400/event4
03-19 11:15:44.537 I/EventHub( 487): Removing device '/dev/input/event4' due to inotify event
03-19 11:15:44.537 I/EventHub( 487): Removed device: path=/dev/input/event4 name=Dangbei Consumer Control id=401 fd=288 classes=KEYBOARD | JOYSTICK | EXTERNAL
03-19 11:15:44.538 D/XM_HIDREAD( 318): remove@ remove@/devices/virtual/wakeup/wakeup28
03-19 11:15:44.561 I/InputReader( 487): Device removed: id=137, eventHubId=401, name='Dangbei Keyboard', descriptor='b5b64510cdcd0655bbdd1229f1efd599026f5f75', sources=0x01000111
03-19 11:15:44.562 D/XM_HIDREAD( 318): remove@ remove@/devices/virtual/misc/uhid/0005:1D5A:C081.0086/input/input400
03-19 11:15:44.564 D/XM_HIDREAD( 318): remove@ remove@/devices/virtual/misc/uhid/0005:1D5A:C081.0086/input/input401/event5
03-19 11:15:44.565 I/EventHub( 487): Removing device '/dev/input/event5' due to inotify event
03-19 11:15:44.586 D/XM_HIDREAD( 318): remove@ remove@/devices/virtual/misc/uhid/0005:1D5A:C081.0086/input/input401
03-19 11:15:44.587 D/XM_HIDREAD( 318): remove@ remove@/devices/virtual/misc/uhid/0005:1D5A:C081.0086
03-19 11:15:44.588 D/BluetoothHidHostService( 672): Connection state C9:B5:96:5C:E3:ED: 2->0
03-19 11:15:44.592 D/AdapterProperties( 672): PROFILE_CONNECTION_STATE_CHANGE: profile=4, device=C9:B5:96:5C:E3:ED, 2 -> 0
03-19 11:15:44.594 W/AdapterProperties( 672): PROFILE_CONNECTION_STATE_CHANGE: unexpected transition for profile=4, device=C9:B5:96:5C:E3:ED, 2 -> 0
03-19 11:15:44.597 D/AdapterProperties( 672): ADAPTER_CONNECTION_STATE_CHANGE: C9:B5:96:5C:E3:ED: 2 -> 0
03-19 11:15:44.598 W/AdapterProperties( 672): ADAPTER_CONNECTION_STATE_CHANGE: unexpected transition for profile=4, device=C9:B5:96:5C:E3:ED, 2 -> 0
03-19 11:15:44.601 D/CachedBluetoothDevice( 679): onProfileStateChanged: profile HID, device Dangbei, newProfileState 0
03-19 11:15:44.832 E/WifiHAL ( 663): wifi_get_link_stats: requestResponse Error:-5
03-19 11:15:44.833 E/WifiVendorHal( 487): getWifiLinkLayerStats_1_5_Internal(l.1191) failed {.code = ERROR_INVALID_ARGS, .description = }
03-19 11:15:45.406 W/IorapForwardingService( 487): No service published for: iorapd
03-19 11:15:46.365 D/bbb ( 1203): onStartCommand begin !!!!!!! data分区剩余 24948MB
03-19 11:15:46.368 D/aaa ( 7639): LedStatusService onStartCommand begin
03-19 11:15:46.371 D/aaa ( 7639): topPkg is -------------- :com.dangbei.haqusetting
03-19 11:15:46.408 W/IorapForwardingService( 487): No service published for: iorapd
03-19 11:15:47.410 W/IorapForwardingService( 487): No service published for: iorapd
03-19 11:15:47.469 E/bt_upio ( 249): upio_set : /proc/bluetooth/sleep/btwrite(-1) incorrent
03-19 11:15:47.477 E/dangbei111( 1047): cccccc 准备开始进行 startScanInner
03-19 11:15:47.478 E/dangbei111( 1047): cccccc 真正开始进入扫描流程啦
03-19 11:15:47.483 E/dangbei111( 1047): cccccc 检查遥控器是否连接: Dangbei C9:B5:96:5C:E3:ED
03-19 11:15:47.487 E/dangbei111( 1047): cccccc 检查遥控器是否连接: 蓝牙的结果 Dangbei C9:B5:96:5C:E3:ED false
03-19 11:15:47.487 E/dangbei111( 1047): cccccc input中没有遥控器存在
03-19 11:15:47.487 E/dangbei111( 1047): cccccc 蓝牙状态连接 不是连接状态 啥都不干
03-19 11:15:47.490 E/dangbei111( 1047): cccccc 蓝牙状态连接 配对状态 啥都不做
03-19 11:15:47.490 E/dangbei111( 1047): 开始扫描 com.dangbei.remotecontroller.RCHelper$3@786b675
03-19 11:15:47.490 D/BluetoothAdapter( 1047): isLeEnabled(): ON
03-19 11:15:47.494 I/bluetooth( 672): system/bt/stack/gatt/gatt_api.cc:1019 GATT_Register: Allocated name:GattClient uuid:80f0b082-2896-1ca9-f3eb-364f9b4cd12b gatt_if:8 eatt_support:0
03-19 11:15:47.494 D/BluetoothLeScanner( 1047): onScannerRegistered() - status=0 scannerId=8 mScannerId=0
03-19 11:15:47.501 E/bt_upio ( 249): upio_set : /proc/bluetooth/sleep/btwrite(-1) incorrent
03-19 11:15:47.649 I/bluetooth( 672): system/bt/stack/gatt/connection_manager.cc:185 on_connection_complete: Le connection completed to device:c7:44:13:5b:41:8c
03-19 11:15:47.649 I/bt_btm_ble( 672): system/bt/stack/btm/btm_ble.cc:1699 btm_ble_connected: Updating device record timestamp for existing ble connection
03-19 11:15:47.723 I/bt_stack( 672): [INFO:gatt_attr.cc(880)] gatt_sr_init_cl_status: bda=c7:44:13:5b:41:8c, cl_supp_feat=0000, aware=1
03-19 11:15:47.723 I/bluetooth( 672): system/bt/stack/gap/gap_ble.cc:298 client_connect_cback: No active GAP service found for peer:xx:xx:xx:xx:41:8c callback:Connected
03-19 11:15:47.723 I/bt_bta_gattc( 672): system/bt/bta/gatt/bta_gattc_act.cc:1110 bta_gattc_conn_cback: Connected att_id:3 transport:le reason:GATT_CONN_OK
03-19 11:15:47.723 I/bt_bta_gattc( 672): system/bt/bta/gatt/bta_gattc_act.cc:1110 bta_gattc_conn_cback: Connected att_id:4 transport:le reason:GATT_CONN_OK
03-19 11:15:47.723 I/bt_bta_gattc( 672): system/bt/bta/gatt/bta_gattc_act.cc:1110 bta_gattc_conn_cback: Connected att_id:5 transport:le reason:GATT_CONN_OK
03-19 11:15:47.723 I/bt_bta_gattc( 672): system/bt/bta/gatt/bta_gattc_act.cc:1110 bta_gattc_conn_cback: Connected att_id:6 transport:le reason:GATT_CONN_OK
03-19 11:15:47.723 I/bt_bta_gattc( 672): system/bt/bta/gatt/bta_gattc_act.cc:1110 bta_gattc_conn_cback: Connected att_id:8 transport:le reason:GATT_CONN_OK
03-19 11:15:47.723 I/bluetooth( 672): system/bt/stack/gatt/connection_manager.cc:185 on_connection_complete: Le connection completed to device:c7:44:13:5b:41:8c
03-19 11:15:47.723 I/bt_stack( 672): [INFO:eatt_impl.h(634)] connect device c7:44:13:5b:41:8c rolecentral
03-19 11:15:47.723 I/bt_btif_dm( 672): system/bt/btif/src/btif_dm.cc:497 btif_update_remote_version_property: Remote version info valid:true [xx:xx:xx:xx:41:8c]: 8, 50e, 8
03-19 11:15:47.732 E/bt_stack( 672): [ERROR:bta_gattc_cache.cc(940)] bta_gattc_cache_load: can't open GATT cache file /data/misc/bluetooth/gatt_cache_c744135b418c for reading, error: No such file or directory
03-19 11:15:47.732 I/bt_stack( 672): [INFO:hearing_aid.cc(1796)] GetDeviceCount: Not initialized yet
03-19 11:15:47.733 I/bt_stack( 672): [INFO:gatt_api.cc(708)] GATTC_Discover conn_id=0x0005, disc_type=1, s_handle=0x0001, e_handle=0xffff
03-19 11:15:47.739 D/BluetoothGatt( 1047): onClientConnectionState() - status=0 clientIf=5 device=C7:44:13:5B:41:8C
03-19 11:15:47.739 D/BluetoothGatt( 1047): onClientConnectionState() - status=0 clientIf=6 device=C7:44:13:5B:41:8C
03-19 11:15:47.739 D/BluetoothGatt( 1047): discoverServices() - device: C7:44:13:5B:41:8C
03-19 11:15:47.739 D/BluetoothGatt( 1047): discoverServices() - device: C7:44:13:5B:41:8C
03-19 11:15:47.742 E/BluetoothPhonePolicy( 672): Received unexpected intent, action=android.bluetooth.device.action.ACL_CONNECTED
03-19 11:15:47.743 I/BluetoothPhonePolicy( 672): processDeviceConnected, device=C7:44:13:5B:41:8C
03-19 11:15:47.743 D/BluetoothDatabase( 672): setConnection: device=C7:44:13:5B:41:8C and isA2dpDevice=false
03-19 11:15:47.743 D/BluetoothDatabase( 672): setConnection: Creating new metadata entry for device: C7:44:13:5B:41:8C
03-19 11:15:47.743 D/BluetoothDatabase( 672): updateDatabase C7:44:13:5B:41:8C
03-19 11:15:47.745 E/bond ( 2949): name=Dangbei,state=10,action=android.bluetooth.device.action.ACL_CONNECTED
03-19 11:15:47.749 I/dangbei111( 1047): cccccc on receiver=android.bluetooth.device.action.ACL_CONNECTED,mac=C7:44:13:5B:41:8C
03-19 11:15:47.749 I/dangbei111( 1047): cccccc 收到 ACTION_ACL_CONNECTED 的广播
03-19 11:15:47.749 E/dangbei111( 1047): 5s后准备进行遥控器ota信息检测
03-19 11:15:47.768 I/bt_stack( 672): [INFO:eatt_impl.h(578)] supported_features_cb c7:44:13:5b:41:8c is_eatt_supported = 0
03-19 11:15:47.845 E/WifiHAL ( 663): wifi_get_link_stats: requestResponse Error:-5
03-19 11:15:47.847 E/WifiVendorHal( 487): getWifiLinkLayerStats_1_5_Internal(l.1191) failed {.code = ERROR_INVALID_ARGS, .description = }
03-19 11:15:47.858 D/BluetoothGatt( 1047): onConnectionUpdated() - Device=C7:44:13:5B:41:8C interval=6 latency=0 timeout=200 status=0
03-19 11:15:47.859 D/BluetoothGatt( 1047): onConnectionUpdated() - Device=C7:44:13:5B:41:8C interval=6 latency=0 timeout=200 status=0
03-19 11:15:47.894 I/bt_stack( 672): [INFO:gatt_api.cc(708)] GATTC_Discover conn_id=0x0005, disc_type=3, s_handle=0x0001, e_handle=0x0009
03-19 11:15:47.909 I/bt_stack( 672): [INFO:gatt_api.cc(708)] GATTC_Discover conn_id=0x0005, disc_type=4, s_handle=0x0001, e_handle=0x0009
03-19 11:15:47.954 I/bt_stack( 672): [INFO:gatt_api.cc(708)] GATTC_Discover conn_id=0x0005, disc_type=3, s_handle=0x000a, e_handle=0x000d
03-19 11:15:47.969 I/bt_stack( 672): [INFO:gatt_api.cc(708)] GATTC_Discover conn_id=0x0005, disc_type=4, s_handle=0x000a, e_handle=0x000d
03-19 11:15:47.999 I/bt_stack( 672): [INFO:gatt_api.cc(708)] GATTC_Discover conn_id=0x0005, disc_type=5, s_handle=0x000d, e_handle=0x000d
03-19 11:15:48.014 I/bt_stack( 672): [INFO:gatt_api.cc(708)] GATTC_Discover conn_id=0x0005, disc_type=3, s_handle=0x000e, e_handle=0x0011
03-19 11:15:48.029 I/bt_stack( 672): [INFO:gatt_api.cc(708)] GATTC_Discover conn_id=0x0005, disc_type=4, s_handle=0x000e, e_handle=0x0011
03-19 11:15:48.059 I/bt_stack( 672): [INFO:gatt_api.cc(708)] GATTC_Discover conn_id=0x0005, disc_type=5, s_handle=0x0011, e_handle=0x0011
03-19 11:15:48.074 I/bt_stack( 672): [INFO:gatt_api.cc(708)] GATTC_Discover conn_id=0x0005, disc_type=3, s_handle=0x0012, e_handle=0x001e
03-19 11:15:48.089 I/bt_stack( 672): [INFO:gatt_api.cc(708)] GATTC_Discover conn_id=0x0005, disc_type=4, s_handle=0x0012, e_handle=0x001e
03-19 11:15:48.114 I/WifiService( 487): startScan uid=1000
03-19 11:15:48.116 E/ccc ( 2949): cccccc i will start scan
03-19 11:15:48.149 I/bt_stack( 672): [INFO:gatt_api.cc(708)] GATTC_Discover conn_id=0x0005, disc_type=3, s_handle=0x001f, e_handle=0x0042
03-19 11:15:48.164 I/bt_stack( 672): [INFO:gatt_api.cc(708)] GATTC_Discover conn_id=0x0005, disc_type=4, s_handle=0x001f, e_handle=0x0042
03-19 11:15:48.269 I/bt_stack( 672): [INFO:gatt_api.cc(708)] GATTC_Discover conn_id=0x0005, disc_type=5, s_handle=0x0024, e_handle=0x0024
03-19 11:15:48.284 I/bt_stack( 672): [INFO:gatt_api.cc(708)] GATTC_Discover conn_id=0x0005, disc_type=5, s_handle=0x0029, e_handle=0x0029
03-19 11:15:48.298 I/bt_stack( 672): [INFO:gatt_api.cc(708)] GATTC_Discover conn_id=0x0005, disc_type=5, s_handle=0x002e, e_handle=0x002e
03-19 11:15:48.315 I/bt_stack( 672): [INFO:gatt_api.cc(708)] GATTC_Discover conn_id=0x0005, disc_type=5, s_handle=0x0031, e_handle=0x0032
03-19 11:15:48.329 I/bt_stack( 672): [INFO:gatt_api.cc(708)] GATTC_Discover conn_id=0x0005, disc_type=5, s_handle=0x0035, e_handle=0x0036
03-19 11:15:48.343 I/bt_stack( 672): [INFO:gatt_api.cc(708)] GATTC_Discover conn_id=0x0005, disc_type=5, s_handle=0x0039, e_handle=0x003a
03-19 11:15:48.359 I/bt_stack( 672): [INFO:gatt_api.cc(708)] GATTC_Discover conn_id=0x0005, disc_type=5, s_handle=0x003d, e_handle=0x003d
03-19 11:15:48.375 I/bt_stack( 672): [INFO:gatt_api.cc(708)] GATTC_Discover conn_id=0x0005, disc_type=5, s_handle=0x0040, e_handle=0x0040
03-19 11:15:48.388 I/bt_stack( 672): [INFO:gatt_api.cc(708)] GATTC_Discover conn_id=0x0005, disc_type=3, s_handle=0x0043, e_handle=0x0051
03-19 11:15:48.404 I/bt_stack( 672): [INFO:gatt_api.cc(708)] GATTC_Discover conn_id=0x0005, disc_type=4, s_handle=0x0043, e_handle=0x0051
03-19 11:15:48.412 W/IorapForwardingService( 487): No service published for: iorapd
03-19 11:15:48.465 I/bt_stack( 672): [INFO:gatt_api.cc(708)] GATTC_Discover conn_id=0x0005, disc_type=5, s_handle=0x0046, e_handle=0x0046
03-19 11:15:48.478 I/bt_stack( 672): [INFO:gatt_api.cc(708)] GATTC_Discover conn_id=0x0005, disc_type=5, s_handle=0x0049, e_handle=0x0049
03-19 11:15:48.494 I/bt_stack( 672): [INFO:gatt_api.cc(708)] GATTC_Discover conn_id=0x0005, disc_type=5, s_handle=0x004c, e_handle=0x004c
03-19 11:15:48.509 I/bt_stack( 672): [INFO:gatt_api.cc(708)] GATTC_Discover conn_id=0x0005, disc_type=5, s_handle=0x004f, e_handle=0x004f
03-19 11:15:48.523 I/bt_stack( 672): [INFO:bta_gattc_cache.cc(219)] bta_gattc_explore_srvc_finished: service discovery finished
03-19 11:15:48.526 I/bt_bta_gattc( 672): system/bt/bta/gatt/bta_gattc_cache.cc:902 bta_gattc_get_gatt_db: bta_gattc_get_gatt_db
03-19 11:15:48.528 I/bt_bta_gattc( 672): system/bt/bta/gatt/bta_gattc_cache.cc:902 bta_gattc_get_gatt_db: bta_gattc_get_gatt_db
03-19 11:15:48.528 D/BluetoothGatt( 1047): onSearchComplete() = Device=C7:44:13:5B:41:8C Status=0
03-19 11:15:48.532 D/BluetoothGatt( 1047): onSearchComplete() = Device=C7:44:13:5B:41:8C Status=0
03-19 11:15:48.562 E/dangbei111( 1047): battery level=100
03-19 11:15:48.593 D/BluetoothGatt( 1047): onConnectionUpdated() - Device=C7:44:13:5B:41:8C interval=12 latency=0 timeout=200 status=0
03-19 11:15:48.593 D/BluetoothGatt( 1047): onConnectionUpdated() - Device=C7:44:13:5B:41:8C interval=12 latency=0 timeout=200 status=0
03-19 11:15:49.041 W/hdr10p_Configure( 363): 130 callbacks suppressed
03-19 11:15:49.041 I/ ( 363): DVI mode selected: packets not configured
03-19 11:15:49.041 W/set_vsif_config( 363): 130 callbacks suppressed
03-19 11:15:49.041 I/ ( 363): Error: set vsif failed
03-19 11:15:49.041 I/ ( 363): DVI mode selected: packets not configured
03-19 11:15:49.041 I/ ( 363): Error: set vsif failed
03-19 11:15:49.067 I/ ( 363): DVI mode selected: packets not configured
03-19 11:15:49.067 I/ ( 363): Error: set vsif failed
03-19 11:15:49.067 I/ ( 363): DVI mode selected: packets not configured
03-19 11:15:49.067 I/ ( 363): Error: set vsif failed
03-19 11:15:49.092 I/ ( 363): DVI mode selected: packets not configured
03-19 11:15:49.092 I/ ( 363): Error: set vsif failed
03-19 11:15:49.092 I/ ( 363): DVI mode selected: packets not configured
03-19 11:15:49.092 I/ ( 363): Error: set vsif failed
03-19 11:15:49.117 I/ ( 363): DVI mode selected: packets not configured
03-19 11:15:49.117 I/ ( 363): Error: set vsif failed
03-19 11:15:49.117 I/ ( 363): DVI mode selected: packets not configured
03-19 11:15:49.117 I/ ( 363): Error: set vsif failed
03-19 11:15:49.126 I/ ( 363): DVI mode selected: packets not configured
03-19 11:15:49.126 I/ ( 363): Error: set vsif failed
03-19 11:15:49.126 I/ ( 363): DVI mode selected: packets not configured
03-19 11:15:49.126 I/ ( 363): Error: set vsif failed
03-19 11:15:49.358 I/BLEAudioDrive_HV410( 248): select timeout!
03-19 11:15:49.414 W/IorapForwardingService( 487): No service published for: iorapd
03-19 11:15:49.568 I/cling--ap-5( 3238): type=1400 audit(0.0:1972): avc: denied { search } for name="net" dev="sysfs" ino=10441 scontext=u:r:platform_app:s0:c512,c768 tcontext=u:object_r:sysfs_net:s0 tclass=dir permissive=1 app=com.dangbei.screencast
03-19 11:15:49.627 I/bt_stack( 672): [INFO:hearing_aid.cc(1796)] GetDeviceCount: Not initialized yet
03-19 11:15:49.762 D/BluetoothGatt( 1047): onConnectionUpdated() - Device=C7:44:13:5B:41:8C interval=9 latency=79 timeout=300 status=0
03-19 11:15:49.762 D/BluetoothGatt( 1047): onConnectionUpdated() - Device=C7:44:13:5B:41:8C interval=9 latency=79 timeout=300 status=0
03-19 11:15:49.924 D/WifiNl80211Manager( 487): Scan result ready event
03-19 11:15:49.924 D/WifiNative( 487): Scan result ready event
03-19 11:15:49.992 E/ccc ( 2949): cccccc SCAN_RESULTS_AVAILABLE_ACTION hhhh
03-19 11:15:49.993 E/hq ( 1119): NetWorkStateReceiver:::NetWorkStateReceiver onReceive: 网络变化广播 >>>> intent.action=android.net.wifi.SCAN_RESULTS
03-19 11:15:49.998 D/PasspointManager( 487): ANQP entry not found for: f8:14:fe:4f:93:01:
03-19 11:15:50.002 E/WifiHAL ( 663): wifi_get_link_stats: requestResponse Error:-5
03-19 11:15:50.004 E/WifiVendorHal( 487): getWifiLinkLayerStats_1_5_Internal(l.1191) failed {.code = ERROR_INVALID_ARGS, .description = }
03-19 11:15:50.026 W/eventbuscore( 1119): post Event:com.dangbei.leard.base.entity.event.NetWifiRssiEvent
03-19 11:15:50.036 E/ccc ( 2949): cccccc result is not empty call back
03-19 11:15:50.036 E/ccc ( 2949): cccccc 666666666666666
03-19 11:15:50.054 E/ccc ( 2949): cccccc sort 2 58
03-19 11:15:50.416 W/IorapForwardingService( 487): No service published for: iorapd
03-19 11:15:50.566 I/bt_stack( 672): [INFO:gatt_sr.cc(815)] MTU request PDU with MTU size 140
03-19 11:15:50.566 W/bt_stack( 672): [WARNING:gatt_utils.cc(790)] Call back not found for application conn_id=3
03-19 11:15:50.566 W/bt_stack( 672): [WARNING:gatt_utils.cc(790)] Call back not found for application conn_id=4
03-19 11:15:50.566 W/bt_stack( 672): [WARNING:gatt_utils.cc(790)] Call back not found for application conn_id=5
03-19 11:15:50.566 W/bt_stack( 672): [WARNING:gatt_utils.cc(790)] Call back not found for application conn_id=6
03-19 11:15:50.566 W/bt_stack( 672): [WARNING:gatt_utils.cc(790)] Call back not found for application conn_id=8
03-19 11:15:50.757 E/dangbei111( 1047): cccccc 检查遥控器是否连接: Dangbei C9:B5:96:5C:E3:ED
03-19 11:15:50.761 E/dangbei111( 1047): cccccc 检查遥控器是否连接: 蓝牙的结果 Dangbei C9:B5:96:5C:E3:ED false
03-19 11:15:50.761 E/dangbei111( 1047): cccccc input中没有遥控器存在
03-19 11:15:50.761 E/dangbei111( 1047): cccccc 蓝牙状态连接 不是连接状态 啥都不干
03-19 11:15:50.763 E/dangbei111( 1047): cccccc 蓝牙状态连接 配对状态 啥都不做
03-19 11:15:50.763 E/dangbei111( 1047): cccccc 没有遥控器连接 不进行 getRCInfo return
03-19 11:15:50.764 E/dangbei111( 1047): getBattery delay 0
03-19 11:15:50.768 E/dangbei111( 1047): 5mins后会再次获取电量
03-19 11:15:50.768 E/dangbei111( 1047): getBattery delay 300000
03-19 11:15:50.856 E/WifiHAL ( 663): wifi_get_link_stats: requestResponse Error:-5
03-19 11:15:50.857 E/WifiVendorHal( 487): getWifiLinkLayerStats_1_5_Internal(l.1191) failed {.code = ERROR_INVALID_ARGS, .description = }
03-19 11:15:51.419 W/IorapForwardingService( 487): No service published for: iorapd
03-19 11:15:51.748 I/efs-base( 3238): type=1400 audit(0.0:1973): avc: denied { search } for name="com.dangbei.screencast" dev="mmcblk0p25" ino=893 scontext=u:r:platform_app:s0:c512,c768 tcontext=u:object_r:app_data_file:s0:c512,c768 tclass=dir permissive=1 app=com.dangbei.screencast
03-19 11:15:51.748 I/efs-base( 3238): type=1400 audit(0.0:1974): avc: denied { getattr } for path="/data/user/0/com.dangbei.screencast/app_UApm/5fc60c21094d637f3130af19/ready" dev="mmcblk0p25" ino=2095 scontext=u:r:platform_app:s0:c512,c768 tcontext=u:object_r:app_data_file:s0:c512,c768 tclass=dir permissive=1 app=com.dangbei.screencast
03-19 11:15:51.748 I/efs-base( 3238): type=1400 audit(0.0:1975): avc: denied { read } for name="ready" dev="mmcblk0p25" ino=2095 scontext=u:r:platform_app:s0:c512,c768 tcontext=u:object_r:app_data_file:s0:c512,c768 tclass=dir permissive=1 app=com.dangbei.screencast
03-19 11:15:51.748 I/efs-base( 3238): type=1400 audit(0.0:1976): avc: denied { open } for path="/data/user/0/com.dangbei.screencast/app_UApm/5fc60c21094d637f3130af19/ready" dev="mmcblk0p25" ino=2095 scontext=u:r:platform_app:s0:c512,c768 tcontext=u:object_r:app_data_file:s0:c512,c768 tclass=dir permissive=1 app=com.dangbei.screencast
03-19 11:15:51.915 I/bt_stack( 672): [INFO:btsnoop.cc(338)] clear_l2cap_allowlist: Clearing acceptlist from l2cap channel. conn_handle=16 cid=4:4
03-19 11:15:51.916 I/bt_stack( 672): [INFO:gatt_attr.cc(338)] gatt_connect_cback: remove untrusted client status, bda=c7:44:13:5b:41:8c
03-19 11:15:51.916 I/bluetooth( 672): system/bt/stack/gap/gap_ble.cc:298 client_connect_cback: No active GAP service found for peer:xx:xx:xx:xx:41:8c callback:Disconnected
03-19 11:15:51.916 I/bt_bta_gattc( 672): system/bt/bta/gatt/bta_gattc_act.cc:1115 bta_gattc_conn_cback: Disconnected att_id:3 transport:le reason:GATT_CONN_TERMINATE_PEER_USER
03-19 11:15:51.916 I/bt_bta_gattc( 672): system/bt/bta/gatt/bta_gattc_act.cc:1115 bta_gattc_conn_cback: Disconnected att_id:4 transport:le reason:GATT_CONN_TERMINATE_PEER_USER
03-19 11:15:51.916 I/bt_bta_gattc( 672): system/bt/bta/gatt/bta_gattc_act.cc:1115 bta_gattc_conn_cback: Disconnected att_id:5 transport:le reason:GATT_CONN_TERMINATE_PEER_USER
03-19 11:15:51.916 I/bt_bta_gattc( 672): system/bt/bta/gatt/bta_gattc_act.cc:1115 bta_gattc_conn_cback: Disconnected att_id:6 transport:le reason:GATT_CONN_TERMINATE_PEER_USER
03-19 11:15:51.916 I/bt_bta_gattc( 672): system/bt/bta/gatt/bta_gattc_act.cc:1115 bta_gattc_conn_cback: Disconnected att_id:8 transport:le reason:GATT_CONN_TERMINATE_PEER_USER
03-19 11:15:51.917 I/btif_av ( 672): system/bt/btif/src/btif_av.cc:3352 btif_av_acl_disconnected: btif_av_acl_disconnected: Peer c7:44:13:5b:41:8c : ACL Disconnected
03-19 11:15:51.917 I/btif_av ( 672): system/bt/btif/src/btif_av.cc:1078 FindOrCreatePeer: BtifAvPeer *BtifAvSource::FindOrCreatePeer(const RawAddress &, tBTA_AV_HNDL): Create peer: peer_address=c7:44:13:5b:41:8c bta_handle=0x41 peer_id=0
03-19 11:15:51.917 I/btif_av ( 672): system/bt/btif/src/btif_av.cc:3279 btif_av_get_peer_sep: No active sink or source peer found
03-19 11:15:51.917 I/bt_btif_a2dp_source( 672): system/bt/btif/src/btif_a2dp_source.cc:691 btif_a2dp_source_on_idle: btif_a2dp_source_on_idle: state=STATE_OFF
03-19 11:15:51.917 I/btif_av ( 672): system/bt/btif/src/btif_av.cc:3279 btif_av_get_peer_sep: No active sink or source peer found
03-19 11:15:51.917 I/bt_btif_a2dp_source( 672): system/bt/btif/src/btif_a2dp_source.cc:691 btif_a2dp_source_on_idle: btif_a2dp_source_on_idle: state=STATE_OFF
03-19 11:15:51.917 I/btif_av ( 672): system/bt/btif/src/btif_av.cc:1123 DeleteIdlePeers: DeleteIdlePeers: Deleting idle peer: c7:44:13:5b:41:8c bta_handle=0x41
03-19 11:15:51.918 D/BluetoothGatt( 1047): onClientConnectionState() - status=0 clientIf=5 device=C7:44:13:5B:41:8C
03-19 11:15:51.918 D/BluetoothGatt( 1047): onClientConnectionState() - status=0 clientIf=6 device=C7:44:13:5B:41:8C
03-19 11:15:51.930 E/bond ( 2949): name=Dangbei,state=10,action=android.bluetooth.device.action.ACL_DISCONNECTED
03-19 11:15:51.931 I/dangbei111( 1047): cccccc on receiver=android.bluetooth.device.action.ACL_DISCONNECTED,mac=C7:44:13:5B:41:8C
03-19 11:15:52.147 I/bluetooth( 672): system/bt/stack/gatt/connection_manager.cc:185 on_connection_complete: Le connection completed to device:c7:44:13:5b:41:8c
03-19 11:15:52.147 I/bt_btm_ble( 672): system/bt/stack/btm/btm_ble.cc:1699 btm_ble_connected: Updating device record timestamp for existing ble connection
03-19 11:15:52.222 I/bt_stack( 672): [INFO:gatt_attr.cc(880)] gatt_sr_init_cl_status: bda=c7:44:13:5b:41:8c, cl_supp_feat=0000, aware=1
03-19 11:15:52.223 I/bluetooth( 672): system/bt/stack/gap/gap_ble.cc:298 client_connect_cback: No active GAP service found for peer:xx:xx:xx:xx:41:8c callback:Connected
03-19 11:15:52.223 I/bt_bta_gattc( 672): system/bt/bta/gatt/bta_gattc_act.cc:1110 bta_gattc_conn_cback: Connected att_id:3 transport:le reason:GATT_CONN_OK
03-19 11:15:52.223 I/bt_bta_gattc( 672): system/bt/bta/gatt/bta_gattc_act.cc:1110 bta_gattc_conn_cback: Connected att_id:4 transport:le reason:GATT_CONN_OK
03-19 11:15:52.223 I/bt_bta_gattc( 672): system/bt/bta/gatt/bta_gattc_act.cc:1110 bta_gattc_conn_cback: Connected att_id:5 transport:le reason:GATT_CONN_OK
03-19 11:15:52.223 I/bt_bta_gattc( 672): system/bt/bta/gatt/bta_gattc_act.cc:1110 bta_gattc_conn_cback: Connected att_id:6 transport:le reason:GATT_CONN_OK
03-19 11:15:52.223 I/bt_bta_gattc( 672): system/bt/bta/gatt/bta_gattc_act.cc:1110 bta_gattc_conn_cback: Connected att_id:8 transport:le reason:GATT_CONN_OK
03-19 11:15:52.223 I/bluetooth( 672): system/bt/stack/gatt/connection_manager.cc:185 on_connection_complete: Le connection completed to device:c7:44:13:5b:41:8c
03-19 11:15:52.223 I/bt_stack( 672): [INFO:eatt_impl.h(634)] connect device c7:44:13:5b:41:8c rolecentral
03-19 11:15:52.224 I/bt_btif_dm( 672): system/bt/btif/src/btif_dm.cc:497 btif_update_remote_version_property: Remote version info valid:true [xx:xx:xx:xx:41:8c]: 8, 50e, 8
03-19 11:15:52.236 E/bt_stack( 672): [ERROR:bta_gattc_cache.cc(940)] bta_gattc_cache_load: can't open GATT cache file /data/misc/bluetooth/gatt_cache_c744135b418c for reading, error: No such file or directory
03-19 11:15:52.236 I/bt_stack( 672): [INFO:hearing_aid.cc(1796)] GetDeviceCount: Not initialized yet
03-19 11:15:52.236 I/bt_stack( 672): [INFO:gatt_api.cc(708)] GATTC_Discover conn_id=0x0005, disc_type=1, s_handle=0x0001, e_handle=0xffff
03-19 11:15:52.242 D/BluetoothGatt( 1047): onClientConnectionState() - status=0 clientIf=5 device=C7:44:13:5B:41:8C
03-19 11:15:52.242 D/BluetoothGatt( 1047): onClientConnectionState() - status=0 clientIf=6 device=C7:44:13:5B:41:8C
03-19 11:15:52.242 D/BluetoothGatt( 1047): discoverServices() - device: C7:44:13:5B:41:8C
03-19 11:15:52.243 E/BluetoothPhonePolicy( 672): Received unexpected intent, action=android.bluetooth.device.action.ACL_CONNECTED
03-19 11:15:52.243 I/BluetoothPhonePolicy( 672): processDeviceConnected, device=C7:44:13:5B:41:8C
03-19 11:15:52.243 D/BluetoothDatabase( 672): setConnection: device=C7:44:13:5B:41:8C and isA2dpDevice=false
03-19 11:15:52.243 D/BluetoothDatabase( 672): Updating last connected time for device: C7:44:13:5B:41:8C to 184
03-19 11:15:52.243 D/BluetoothDatabase( 672): updateDatabase C7:44:13:5B:41:8C
03-19 11:15:52.246 D/BluetoothGatt( 1047): discoverServices() - device: C7:44:13:5B:41:8C
03-19 11:15:52.250 I/dangbei111( 1047): cccccc on receiver=android.bluetooth.device.action.ACL_CONNECTED,mac=C7:44:13:5B:41:8C
03-19 11:15:52.251 I/dangbei111( 1047): cccccc 收到 ACTION_ACL_CONNECTED 的广播
03-19 11:15:52.251 E/dangbei111( 1047): 5s后准备进行遥控器ota信息检测
03-19 11:15:52.252 I/bt_stack( 672): [INFO:eatt_impl.h(578)] supported_features_cb c7:44:13:5b:41:8c is_eatt_supported = 0
03-19 11:15:52.255 E/bond ( 2949): name=Dangbei,state=10,action=android.bluetooth.device.action.ACL_CONNECTED
03-19 11:15:52.372 I/bt_stack( 672): [INFO:gatt_api.cc(708)] GATTC_Discover conn_id=0x0005, disc_type=3, s_handle=0x0001, e_handle=0x0009
03-19 11:15:52.373 D/BluetoothGatt( 1047): onConnectionUpdated() - Device=C7:44:13:5B:41:8C interval=6 latency=0 timeout=200 status=0
03-19 11:15:52.373 D/BluetoothGatt( 1047): onConnectionUpdated() - Device=C7:44:13:5B:41:8C interval=6 latency=0 timeout=200 status=0
03-19 11:15:52.409 I/bt_stack( 672): [INFO:gatt_api.cc(708)] GATTC_Discover conn_id=0x0005, disc_type=4, s_handle=0x0001, e_handle=0x0009
03-19 11:15:52.421 W/IorapForwardingService( 487): No service published for: iorapd
03-19 11:15:52.454 I/bt_stack( 672): [INFO:gatt_api.cc(708)] GATTC_Discover conn_id=0x0005, disc_type=3, s_handle=0x000a, e_handle=0x000d
03-19 11:15:52.470 I/bt_stack( 672): [INFO:gatt_api.cc(708)] GATTC_Discover conn_id=0x0005, disc_type=4, s_handle=0x000a, e_handle=0x000d
03-19 11:15:52.499 I/bt_stack( 672): [INFO:gatt_api.cc(708)] GATTC_Discover conn_id=0x0005, disc_type=5, s_handle=0x000d, e_handle=0x000d
03-19 11:15:52.514 I/bt_stack( 672): [INFO:gatt_api.cc(708)] GATTC_Discover conn_id=0x0005, disc_type=3, s_handle=0x000e, e_handle=0x0011
03-19 11:15:52.529 I/bt_stack( 672): [INFO:gatt_api.cc(708)] GATTC_Discover conn_id=0x0005, disc_type=4, s_handle=0x000e, e_handle=0x0011
03-19 11:15:52.559 I/bt_stack( 672): [INFO:gatt_api.cc(708)] GATTC_Discover conn_id=0x0005, disc_type=5, s_handle=0x0011, e_handle=0x0011
03-19 11:15:52.574 I/bt_stack( 672): [INFO:gatt_api.cc(708)] GATTC_Discover conn_id=0x0005, disc_type=3, s_handle=0x0012, e_handle=0x001e
03-19 11:15:52.589 I/bt_stack( 672): [INFO:gatt_api.cc(708)] GATTC_Discover conn_id=0x0005, disc_type=4, s_handle=0x0012, e_handle=0x001e
03-19 11:15:52.649 I/bt_stack( 672): [INFO:gatt_api.cc(708)] GATTC_Discover conn_id=0x0005, disc_type=3, s_handle=0x001f, e_handle=0x0042
03-19 11:15:52.664 I/bt_stack( 672): [INFO:gatt_api.cc(708)] GATTC_Discover conn_id=0x0005, disc_type=4, s_handle=0x001f, e_handle=0x0042
03-19 11:15:52.752 E/dangbei111( 1047): cccccc 检测到网络 准备请求遥控器ota信息
03-19 11:15:52.754 W/ContextImpl( 1047): Calling a method in the system process without a qualified user: android.app.ContextImpl.sendBroadcast:1173 android.content.ContextWrapper.sendBroadcast:479 com.dangbei.remotecontroller.RemoteControllerReceiver.sendMessageToUpdateHelper:122 com.dangbei.remotecontroller.RemoteControllerReceiver.access$100:28 com.dangbei.remotecontroller.RemoteControllerReceiver$1.handleMessage:41
03-19 11:15:52.757 E/ActivityManager( 487): Sending non-protected broadcast com.dangbei.remote.connected from system 1047:com.dangbei.lerad.etna.haqu/1000 pkg com.dangbei.lerad.etna.haqu
03-19 11:15:52.757 E/ActivityManager( 487): java.lang.Throwable
03-19 11:15:52.757 E/ActivityManager( 487): at com.android.server.am.ActivityManagerService.checkBroadcastFromSystem(ActivityManagerService.java:12816)
03-19 11:15:52.757 E/ActivityManager( 487): at com.android.server.am.ActivityManagerService.broadcastIntentLocked(ActivityManagerService.java:13416)
03-19 11:15:52.757 E/ActivityManager( 487): at com.android.server.am.ActivityManagerService.broadcastIntentLocked(ActivityManagerService.java:12833)
03-19 11:15:52.757 E/ActivityManager( 487): at com.android.server.am.ActivityManagerService.broadcastIntentWithFeature(ActivityManagerService.java:13670)
03-19 11:15:52.757 E/ActivityManager( 487): at android.app.IActivityManager$Stub.onTransact(IActivityManager.java:2326)
03-19 11:15:52.757 E/ActivityManager( 487): at com.android.server.am.ActivityManagerService.onTransact(ActivityManagerService.java:2509)
03-19 11:15:52.757 E/ActivityManager( 487): at android.os.Binder.execTransactInternal(Binder.java:1179)
03-19 11:15:52.757 E/ActivityManager( 487): at android.os.Binder.execTransact(Binder.java:1143)
03-19 11:15:52.759 E/ActivityManager( 487): Sending non-protected broadcast com.dangbei.remote.connected from system 1047:com.dangbei.lerad.etna.haqu/1000 pkg com.dangbei.lerad.etna.haqu
03-19 11:15:52.759 E/ActivityManager( 487): java.lang.Throwable
03-19 11:15:52.759 E/ActivityManager( 487): at com.android.server.am.ActivityManagerService.checkBroadcastFromSystem(ActivityManagerService.java:12816)
03-19 11:15:52.759 E/ActivityManager( 487): at com.android.server.am.ActivityManagerService.broadcastIntentLocked(ActivityManagerService.java:13513)
03-19 11:15:52.759 E/ActivityManager( 487): at com.android.server.am.ActivityManagerService.broadcastIntentLocked(ActivityManagerService.java:12833)
03-19 11:15:52.759 E/ActivityManager( 487): at com.android.server.am.ActivityManagerService.broadcastIntentWithFeature(ActivityManagerService.java:13670)
03-19 11:15:52.759 E/ActivityManager( 487): at android.app.IActivityManager$Stub.onTransact(IActivityManager.java:2326)
03-19 11:15:52.759 E/ActivityManager( 487): at com.android.server.am.ActivityManagerService.onTransact(ActivityManagerService.java:2509)
03-19 11:15:52.759 E/ActivityManager( 487): at android.os.Binder.execTransactInternal(Binder.java:1179)
03-19 11:15:52.759 E/ActivityManager( 487): at android.os.Binder.execTransact(Binder.java:1143)
03-19 11:15:52.760 I/DropBoxManagerService( 487): add tag=system_server_wtf isTagEnabled=true flags=0x2
03-19 11:15:52.765 I/DropBoxManagerService( 487): add tag=system_server_wtf isTagEnabled=true flags=0x2
03-19 11:15:52.768 E/dangbei111( 1047): 读出来的遥控器版本为空
03-19 11:15:52.770 I/bt_stack( 672): [INFO:gatt_api.cc(708)] GATTC_Discover conn_id=0x0005, disc_type=5, s_handle=0x0024, e_handle=0x0024
03-19 11:15:52.774 E/dangbei111( 1047): cccccc 检查遥控器是否连接: Dangbei C9:B5:96:5C:E3:ED
03-19 11:15:52.777 E/dangbei111( 1047): cccccc 检查遥控器是否连接: 蓝牙的结果 Dangbei C9:B5:96:5C:E3:ED false
03-19 11:15:52.777 E/dangbei111( 1047): cccccc input中没有遥控器存在
03-19 11:15:52.777 E/dangbei111( 1047): cccccc 蓝牙状态连接 不是连接状态 啥都不干
03-19 11:15:52.779 E/dangbei111( 1047): cccccc 蓝牙状态连接 配对状态 啥都不做
03-19 11:15:52.779 E/dangbei111( 1047): cccccc 没有遥控器连接 不进行 getRCInfo return
03-19 11:15:52.784 I/bt_stack( 672): [INFO:gatt_api.cc(708)] GATTC_Discover conn_id=0x0005, disc_type=5, s_handle=0x0029, e_handle=0x0029
03-19 11:15:52.799 I/bt_stack( 672): [INFO:gatt_api.cc(708)] GATTC_Discover conn_id=0x0005, disc_type=5, s_handle=0x002e, e_handle=0x002e
03-19 11:15:52.814 I/bt_stack( 672): [INFO:gatt_api.cc(708)] GATTC_Discover conn_id=0x0005, disc_type=5, s_handle=0x0031, e_handle=0x0032
03-19 11:15:52.829 I/bt_stack( 672): [INFO:gatt_api.cc(708)] GATTC_Discover conn_id=0x0005, disc_type=5, s_handle=0x0035, e_handle=0x0036
03-19 11:15:52.844 I/bt_stack( 672): [INFO:gatt_api.cc(708)] GATTC_Discover conn_id=0x0005, disc_type=5, s_handle=0x0039, e_handle=0x003a
03-19 11:15:52.859 I/bt_stack( 672): [INFO:gatt_api.cc(708)] GATTC_Discover conn_id=0x0005, disc_type=5, s_handle=0x003d, e_handle=0x003d
03-19 11:15:52.874 I/bt_stack( 672): [INFO:gatt_api.cc(708)] GATTC_Discover conn_id=0x0005, disc_type=5, s_handle=0x0040, e_handle=0x0040
03-19 11:15:52.889 I/bt_stack( 672): [INFO:gatt_api.cc(708)] GATTC_Discover conn_id=0x0005, disc_type=3, s_handle=0x0043, e_handle=0x0051
03-19 11:15:52.904 I/bt_stack( 672): [INFO:gatt_api.cc(708)] GATTC_Discover conn_id=0x0005, disc_type=4, s_handle=0x0043, e_handle=0x0051
03-19 11:15:52.963 I/bt_stack( 672): [INFO:gatt_api.cc(708)] GATTC_Discover conn_id=0x0005, disc_type=5, s_handle=0x0046, e_handle=0x0046
03-19 11:15:52.979 I/bt_stack( 672): [INFO:gatt_api.cc(708)] GATTC_Discover conn_id=0x0005, disc_type=5, s_handle=0x0049, e_handle=0x0049
03-19 11:15:52.994 I/bt_stack( 672): [INFO:gatt_api.cc(708)] GATTC_Discover conn_id=0x0005, disc_type=5, s_handle=0x004c, e_handle=0x004c
03-19 11:15:53.008 I/bt_stack( 672): [INFO:gatt_api.cc(708)] GATTC_Discover conn_id=0x0005, disc_type=5, s_handle=0x004f, e_handle=0x004f
03-19 11:15:53.024 I/bt_stack( 672): [INFO:bta_gattc_cache.cc(219)] bta_gattc_explore_srvc_finished: service discovery finished
03-19 11:15:53.029 I/bt_bta_gattc( 672): system/bt/bta/gatt/bta_gattc_cache.cc:902 bta_gattc_get_gatt_db: bta_gattc_get_gatt_db
03-19 11:15:53.033 I/bt_bta_gattc( 672): system/bt/bta/gatt/bta_gattc_cache.cc:902 bta_gattc_get_gatt_db: bta_gattc_get_gatt_db
03-19 11:15:53.034 D/BluetoothGatt( 1047): onSearchComplete() = Device=C7:44:13:5B:41:8C Status=0
03-19 11:15:53.037 D/BluetoothGatt( 1047): onSearchComplete() = Device=C7:44:13:5B:41:8C Status=0
03-19 11:15:53.070 E/dangbei111( 1047): battery level=100
03-19 11:15:53.093 D/BluetoothGatt( 1047): onConnectionUpdated() - Device=C7:44:13:5B:41:8C interval=12 latency=0 timeout=200 status=0
03-19 11:15:53.093 D/BluetoothGatt( 1047): onConnectionUpdated() - Device=C7:44:13:5B:41:8C interval=12 latency=0 timeout=200 status=0
03-19 11:15:53.424 W/IorapForwardingService( 487): No service published for: iorapd
03-19 11:15:53.868 E/WifiHAL ( 663): wifi_get_link_stats: requestResponse Error:-5
03-19 11:15:53.870 E/WifiVendorHal( 487): getWifiLinkLayerStats_1_5_Internal(l.1191) failed {.code = ERROR_INVALID_ARGS, .description = }
03-19 11:15:54.112 I/bt_stack( 672): [INFO:hearing_aid.cc(1796)] GetDeviceCount: Not initialized yet
03-19 11:15:54.247 D/BluetoothGatt( 1047): onConnectionUpdated() - Device=C7:44:13:5B:41:8C interval=9 latency=79 timeout=300 status=0
03-19 11:15:54.248 D/BluetoothGatt( 1047): onConnectionUpdated() - Device=C7:44:13:5B:41:8C interval=9 latency=79 timeout=300 status=0
03-19 11:15:54.382 D/aaa ( 7639): LedStatusService onStartCommand begin
03-19 11:15:54.386 D/aaa ( 7639): topPkg is -------------- :com.dangbei.haqusetting
03-19 11:15:54.387 D/bbb ( 1203): onStartCommand begin !!!!!!! data分区剩余 24948MB
03-19 11:15:54.425 W/IorapForwardingService( 487): No service published for: iorapd
03-19 11:15:55.042 W/hdr10p_Configure( 363): 128 callbacks suppressed
03-19 11:15:55.042 I/ ( 363): DVI mode selected: packets not configured
03-19 11:15:55.042 W/set_vsif_config( 363): 128 callbacks suppressed
03-19 11:15:55.042 I/ ( 363): Error: set vsif failed
03-19 11:15:55.042 I/ ( 363): DVI mode selected: packets not configured
03-19 11:15:55.042 I/ ( 363): Error: set vsif failed
03-19 11:15:55.069 I/ ( 363): DVI mode selected: packets not configured
03-19 11:15:55.069 I/ ( 363): Error: set vsif failed
03-19 11:15:55.069 I/ ( 363): DVI mode selected: packets not configured
03-19 11:15:55.069 I/ ( 363): Error: set vsif failed
03-19 11:15:55.065 I/bt_stack( 672): [INFO:gatt_sr.cc(815)] MTU request PDU with MTU size 140
03-19 11:15:55.065 W/bt_stack( 672): [WARNING:gatt_utils.cc(790)] Call back not found for application conn_id=3
03-19 11:15:55.066 W/bt_stack( 672): [WARNING:gatt_utils.cc(790)] Call back not found for application conn_id=4
03-19 11:15:55.066 W/bt_stack( 672): [WARNING:gatt_utils.cc(790)] Call back not found for application conn_id=5
03-19 11:15:55.066 W/bt_stack( 672): [WARNING:gatt_utils.cc(790)] Call back not found for application conn_id=6
03-19 11:15:55.066 W/bt_stack( 672): [WARNING:gatt_utils.cc(790)] Call back not found for application conn_id=8
03-19 11:15:55.093 I/ ( 363): DVI mode selected: packets not configured
03-19 11:15:55.093 I/ ( 363): Error: set vsif failed
03-19 11:15:55.094 I/ ( 363): DVI mode selected: packets not configured
03-19 11:15:55.094 I/ ( 363): Error: set vsif failed
03-19 11:15:55.118 I/ ( 363): DVI mode selected: packets not configured
03-19 11:15:55.118 I/ ( 363): Error: set vsif failed
03-19 11:15:55.118 I/ ( 363): DVI mode selected: packets not configured
03-19 11:15:55.118 I/ ( 363): Error: set vsif failed
03-19 11:15:55.126 I/ ( 363): DVI mode selected: packets not configured
03-19 11:15:55.126 I/ ( 363): Error: set vsif failed
03-19 11:15:55.126 I/ ( 363): DVI mode selected: packets not configured
03-19 11:15:55.126 I/ ( 363): Error: set vsif failed
03-19 11:15:55.258 E/dangbei111( 1047): cccccc 检查遥控器是否连接: Dangbei C9:B5:96:5C:E3:ED
03-19 11:15:55.260 E/dangbei111( 1047): cccccc 检查遥控器是否连接: 蓝牙的结果 Dangbei C9:B5:96:5C:E3:ED false
03-19 11:15:55.260 E/dangbei111( 1047): cccccc input中没有遥控器存在
03-19 11:15:55.260 E/dangbei111( 1047): cccccc 蓝牙状态连接 不是连接状态 啥都不干
03-19 11:15:55.263 E/dangbei111( 1047): cccccc 蓝牙状态连接 配对状态 啥都不做
03-19 11:15:55.264 E/dangbei111( 1047): cccccc 没有遥控器连接 不进行 getRCInfo return
03-19 11:15:55.264 E/dangbei111( 1047): getBattery delay 0
03-19 11:15:55.274 E/dangbei111( 1047): 5mins后会再次获取电量
03-19 11:15:55.274 E/dangbei111( 1047): getBattery delay 300000
03-19 11:15:55.427 W/IorapForwardingService( 487): No service published for: iorapd
03-19 11:15:56.430 W/IorapForwardingService( 487): No service published for: iorapd
03-19 11:15:56.883 E/WifiHAL ( 663): wifi_get_link_stats: requestResponse Error:-5
03-19 11:15:56.885 E/WifiVendorHal( 487): getWifiLinkLayerStats_1_5_Internal(l.1191) failed {.code = ERROR_INVALID_ARGS, .description = }
03-19 11:15:57.254 E/dangbei111( 1047): cccccc 检测到网络 准备请求遥控器ota信息
03-19 11:15:57.255 W/ContextImpl( 1047): Calling a method in the system process without a qualified user: android.app.ContextImpl.sendBroadcast:1173 android.content.ContextWrapper.sendBroadcast:479 com.dangbei.remotecontroller.RemoteControllerReceiver.sendMessageToUpdateHelper:122 com.dangbei.remotecontroller.RemoteControllerReceiver.access$100:28 com.dangbei.remotecontroller.RemoteControllerReceiver$1.handleMessage:41
03-19 11:15:57.257 E/ActivityManager( 487): Sending non-protected broadcast com.dangbei.remote.connected from system 1047:com.dangbei.lerad.etna.haqu/1000 pkg com.dangbei.lerad.etna.haqu
03-19 11:15:57.257 E/ActivityManager( 487): java.lang.Throwable
03-19 11:15:57.257 E/ActivityManager( 487): at com.android.server.am.ActivityManagerService.checkBroadcastFromSystem(ActivityManagerService.java:12816)
03-19 11:15:57.257 E/ActivityManager( 487): at com.android.server.am.ActivityManagerService.broadcastIntentLocked(ActivityManagerService.java:13416)
03-19 11:15:57.257 E/ActivityManager( 487): at com.android.server.am.ActivityManagerService.broadcastIntentLocked(ActivityManagerService.java:12833)
03-19 11:15:57.257 E/ActivityManager( 487): at com.android.server.am.ActivityManagerService.broadcastIntentWithFeature(ActivityManagerService.java:13670)
03-19 11:15:57.257 E/ActivityManager( 487): at android.app.IActivityManager$Stub.onTransact(IActivityManager.java:2326)
03-19 11:15:57.257 E/ActivityManager( 487): at com.android.server.am.ActivityManagerService.onTransact(ActivityManagerService.java:2509)
03-19 11:15:57.257 E/ActivityManager( 487): at android.os.Binder.execTransactInternal(Binder.java:1179)
03-19 11:15:57.257 E/ActivityManager( 487): at android.os.Binder.execTransact(Binder.java:1143)
03-19 11:15:57.259 E/ActivityManager( 487): Sending non-protected broadcast com.dangbei.remote.connected from system 1047:com.dangbei.lerad.etna.haqu/1000 pkg com.dangbei.lerad.etna.haqu
03-19 11:15:57.259 E/ActivityManager( 487): java.lang.Throwable
03-19 11:15:57.259 E/ActivityManager( 487): at com.android.server.am.ActivityManagerService.checkBroadcastFromSystem(ActivityManagerService.java:12816)
03-19 11:15:57.259 E/ActivityManager( 487): at com.android.server.am.ActivityManagerService.broadcastIntentLocked(ActivityManagerService.java:13513)
03-19 11:15:57.259 E/ActivityManager( 487): at com.android.server.am.ActivityManagerService.broadcastIntentLocked(ActivityManagerService.java:12833)
03-19 11:15:57.259 E/ActivityManager( 487): at com.android.server.am.ActivityManagerService.broadcastIntentWithFeature(ActivityManagerService.java:13670)
03-19 11:15:57.259 E/ActivityManager( 487): at android.app.IActivityManager$Stub.onTransact(IActivityManager.java:2326)
03-19 11:15:57.259 E/ActivityManager( 487): at com.android.server.am.ActivityManagerService.onTransact(ActivityManagerService.java:2509)
03-19 11:15:57.259 E/ActivityManager( 487): at android.os.Binder.execTransactInternal(Binder.java:1179)
03-19 11:15:57.259 E/ActivityManager( 487): at android.os.Binder.execTransact(Binder.java:1143)
03-19 11:15:57.260 I/DropBoxManagerService( 487): add tag=system_server_wtf isTagEnabled=true flags=0x2
03-19 11:15:57.264 I/DropBoxManagerService( 487): add tag=system_server_wtf isTagEnabled=true flags=0x2
03-19 11:15:57.266 E/dangbei111( 1047): 读出来的遥控器版本为空
03-19 11:15:57.271 E/dangbei111( 1047): cccccc 检查遥控器是否连接: Dangbei C9:B5:96:5C:E3:ED
03-19 11:15:57.274 E/dangbei111( 1047): cccccc 检查遥控器是否连接: 蓝牙的结果 Dangbei C9:B5:96:5C:E3:ED false
03-19 11:15:57.274 E/dangbei111( 1047): cccccc input中没有遥控器存在
03-19 11:15:57.274 E/dangbei111( 1047): cccccc 蓝牙状态连接 不是连接状态 啥都不干
03-19 11:15:57.277 E/dangbei111( 1047): cccccc 蓝牙状态连接 配对状态 啥都不做
03-19 11:15:57.277 E/dangbei111( 1047): cccccc 没有遥控器连接 不进行 getRCInfo return
03-19 11:15:57.432 W/IorapForwardingService( 487): No service published for: iorapd
03-19 11:15:57.612 E/dangbei111( 1047): cccccc 检查遥控器是否连接: Dangbei C9:B5:96:5C:E3:ED
03-19 11:15:57.615 E/dangbei111( 1047): cccccc 检查遥控器是否连接: 蓝牙的结果 Dangbei C9:B5:96:5C:E3:ED false
03-19 11:15:57.615 E/dangbei111( 1047): cccccc input中没有遥控器存在
03-19 11:15:57.615 E/dangbei111( 1047): cccccc 蓝牙状态连接 不是连接状态 啥都不干
03-19 11:15:57.617 E/dangbei111( 1047): cccccc 蓝牙状态连接 配对状态 啥都不做
03-19 11:15:57.619 E/dangbei111( 1047): scan get device,state=10
03-19 11:15:57.619 E/dangbei111( 1047): ble scan find the device C7:44:13:5B:41:8C
03-19 11:15:57.621 E/dangbei111( 1047): cccccc 扫描到了设备 Dangbei C7:44:13:5B:41:8C
03-19 11:15:57.625 E/dangbei111( 1047): cccccc 检查遥控器是否连接: Dangbei C9:B5:96:5C:E3:ED
