03-19 11:21:46.760 E/ActivityManager( 487): at android.app.IActivityManager$Stub.onTransact(IActivityManager.java:2326)
03-19 11:21:46.760 E/ActivityManager( 487): at com.android.server.am.ActivityManagerService.onTransact(ActivityManagerService.java:2509)
03-19 11:21:46.760 E/ActivityManager( 487): at android.os.Binder.execTransactInternal(Binder.java:1179)
03-19 11:21:46.760 E/ActivityManager( 487): at android.os.Binder.execTransact(Binder.java:1143)
03-19 11:21:46.761 E/ActivityManager( 487): Sending non-protected broadcast com.dangbei.remote.connected from system 1047:com.dangbei.lerad.etna.haqu/1000 pkg com.dangbei.lerad.etna.haqu
03-19 11:21:46.761 E/ActivityManager( 487): java.lang.Throwable
03-19 11:21:46.761 E/ActivityManager( 487): at com.android.server.am.ActivityManagerService.checkBroadcastFromSystem(ActivityManagerService.java:12816)
03-19 11:21:46.761 E/ActivityManager( 487): at com.android.server.am.ActivityManagerService.broadcastIntentLocked(ActivityManagerService.java:13513)
03-19 11:21:46.761 E/ActivityManager( 487): at com.android.server.am.ActivityManagerService.broadcastIntentLocked(ActivityManagerService.java:12833)
03-19 11:21:46.761 E/ActivityManager( 487): at com.android.server.am.ActivityManagerService.broadcastIntentWithFeature(ActivityManagerService.java:13670)
03-19 11:21:46.761 E/ActivityManager( 487): at android.app.IActivityManager$Stub.onTransact(IActivityManager.java:2326)
03-19 11:21:46.761 E/ActivityManager( 487): at com.android.server.am.ActivityManagerService.onTransact(ActivityManagerService.java:2509)
03-19 11:21:46.761 E/ActivityManager( 487): at android.os.Binder.execTransactInternal(Binder.java:1179)
03-19 11:21:46.761 E/ActivityManager( 487): at android.os.Binder.execTransact(Binder.java:1143)
03-19 11:21:46.762 I/DropBoxManagerService( 487): add tag=system_server_wtf isTagEnabled=true flags=0x2
03-19 11:21:46.765 I/DropBoxManagerService( 487): add tag=system_server_wtf isTagEnabled=true flags=0x2
03-19 11:21:46.766 E/dangbei111( 1047): 读出来的遥控器版本为空
03-19 11:21:46.769 E/dangbei111( 1047): cccccc 检查遥控器是否连接: Dangbei C9:B5:96:5C:E3:ED
03-19 11:21:46.772 E/dangbei111( 1047): cccccc 检查遥控器是否连接: 蓝牙的结果 Dangbei C9:B5:96:5C:E3:ED false
03-19 11:21:46.773 E/dangbei111( 1047): cccccc input中没有遥控器存在
03-19 11:21:46.773 E/dangbei111( 1047): cccccc 蓝牙状态连接 不是连接状态 啥都不干
03-19 11:21:46.775 E/dangbei111( 1047): cccccc 蓝牙状态连接 配对状态 啥都不做
03-19 11:21:46.775 E/dangbei111( 1047): cccccc 没有遥控器连接 不进行 getRCInfo return
03-19 11:21:46.816 D/BluetoothGatt( 1047): onConnectionUpdated() - Device=C7:44:13:5B:41:8C interval=6 latency=0 timeout=200 status=0
03-19 11:21:46.816 D/BluetoothGatt( 1047): onConnectionUpdated() - Device=C7:44:13:5B:41:8C interval=6 latency=0 timeout=200 status=0
03-19 11:21:46.853 I/bt_stack( 672): [INFO:gatt_api.cc(708)] GATTC_Discover conn_id=0x0005, disc_type=3, s_handle=0x0001, e_handle=0x0009
03-19 11:21:46.869 I/bt_stack( 672): [INFO:gatt_api.cc(708)] GATTC_Discover conn_id=0x0005, disc_type=4, s_handle=0x0001, e_handle=0x0009
03-19 11:21:46.913 I/bt_stack( 672): [INFO:gatt_api.cc(708)] GATTC_Discover conn_id=0x0005, disc_type=3, s_handle=0x000a, e_handle=0x000d
03-19 11:21:46.928 I/bt_stack( 672): [INFO:gatt_api.cc(708)] GATTC_Discover conn_id=0x0005, disc_type=4, s_handle=0x000a, e_handle=0x000d
03-19 11:21:46.958 I/bt_stack( 672): [INFO:gatt_api.cc(708)] GATTC_Discover conn_id=0x0005, disc_type=5, s_handle=0x000d, e_handle=0x000d
03-19 11:21:46.973 I/bt_stack( 672): [INFO:gatt_api.cc(708)] GATTC_Discover conn_id=0x0005, disc_type=3, s_handle=0x000e, e_handle=0x0011
03-19 11:21:46.988 I/bt_stack( 672): [INFO:gatt_api.cc(708)] GATTC_Discover conn_id=0x0005, disc_type=4, s_handle=0x000e, e_handle=0x0011
03-19 11:21:47.018 I/bt_stack( 672): [INFO:gatt_api.cc(708)] GATTC_Discover conn_id=0x0005, disc_type=5, s_handle=0x0011, e_handle=0x0011
03-19 11:21:47.033 I/bt_stack( 672): [INFO:gatt_api.cc(708)] GATTC_Discover conn_id=0x0005, disc_type=3, s_handle=0x0012, e_handle=0x001e
03-19 11:21:47.048 I/bt_stack( 672): [INFO:gatt_api.cc(708)] GATTC_Discover conn_id=0x0005, disc_type=4, s_handle=0x0012, e_handle=0x001e
03-19 11:21:47.108 I/bt_stack( 672): [INFO:gatt_api.cc(708)] GATTC_Discover conn_id=0x0005, disc_type=3, s_handle=0x001f, e_handle=0x0042
03-19 11:21:47.131 I/bt_stack( 672): [INFO:gatt_api.cc(708)] GATTC_Discover conn_id=0x0005, disc_type=4, s_handle=0x001f, e_handle=0x0042
03-19 11:21:47.236 I/bt_stack( 672): [INFO:gatt_api.cc(708)] GATTC_Discover conn_id=0x0005, disc_type=5, s_handle=0x0024, e_handle=0x0024
03-19 11:21:47.240 W/IorapForwardingService( 487): No service published for: iorapd
03-19 11:21:47.252 I/bt_stack( 672): [INFO:gatt_api.cc(708)] GATTC_Discover conn_id=0x0005, disc_type=5, s_handle=0x0029, e_handle=0x0029
03-19 11:21:47.265 I/bt_stack( 672): [INFO:gatt_api.cc(708)] GATTC_Discover conn_id=0x0005, disc_type=5, s_handle=0x002e, e_handle=0x002e
03-19 11:21:47.281 I/bt_stack( 672): [INFO:gatt_api.cc(708)] GATTC_Discover conn_id=0x0005, disc_type=5, s_handle=0x0031, e_handle=0x0032
03-19 11:21:47.295 I/bt_stack( 672): [INFO:gatt_api.cc(708)] GATTC_Discover conn_id=0x0005, disc_type=5, s_handle=0x0035, e_handle=0x0036
03-19 11:21:47.310 I/bt_stack( 672): [INFO:gatt_api.cc(708)] GATTC_Discover conn_id=0x0005, disc_type=5, s_handle=0x0039, e_handle=0x003a
03-19 11:21:47.325 I/bt_stack( 672): [INFO:gatt_api.cc(708)] GATTC_Discover conn_id=0x0005, disc_type=5, s_handle=0x003d, e_handle=0x003d
03-19 11:21:47.340 I/bt_stack( 672): [INFO:gatt_api.cc(708)] GATTC_Discover conn_id=0x0005, disc_type=5, s_handle=0x0040, e_handle=0x0040
03-19 11:21:47.356 I/bt_stack( 672): [INFO:gatt_api.cc(708)] GATTC_Discover conn_id=0x0005, disc_type=3, s_handle=0x0043, e_handle=0x0051
03-19 11:21:47.370 I/bt_stack( 672): [INFO:gatt_api.cc(708)] GATTC_Discover conn_id=0x0005, disc_type=4, s_handle=0x0043, e_handle=0x0051
03-19 11:21:47.431 I/bt_stack( 672): [INFO:gatt_api.cc(708)] GATTC_Discover conn_id=0x0005, disc_type=5, s_handle=0x0046, e_handle=0x0046
03-19 11:21:47.446 I/bt_stack( 672): [INFO:gatt_api.cc(708)] GATTC_Discover conn_id=0x0005, disc_type=5, s_handle=0x0049, e_handle=0x0049
03-19 11:21:47.460 I/bt_stack( 672): [INFO:gatt_api.cc(708)] GATTC_Discover conn_id=0x0005, disc_type=5, s_handle=0x004c, e_handle=0x004c
03-19 11:21:47.476 I/bt_stack( 672): [INFO:gatt_api.cc(708)] GATTC_Discover conn_id=0x0005, disc_type=5, s_handle=0x004f, e_handle=0x004f
03-19 11:21:47.490 I/bt_stack( 672): [INFO:bta_gattc_cache.cc(219)] bta_gattc_explore_srvc_finished: service discovery finished
03-19 11:21:47.494 I/bt_bta_gattc( 672): system/bt/bta/gatt/bta_gattc_cache.cc:902 bta_gattc_get_gatt_db: bta_gattc_get_gatt_db
03-19 11:21:47.496 I/bt_bta_gattc( 672): system/bt/bta/gatt/bta_gattc_cache.cc:902 bta_gattc_get_gatt_db: bta_gattc_get_gatt_db
03-19 11:21:47.496 D/BluetoothGatt( 1047): onSearchComplete() = Device=C7:44:13:5B:41:8C Status=0
03-19 11:21:47.497 D/BluetoothGatt( 1047): onSearchComplete() = Device=C7:44:13:5B:41:8C Status=0
03-19 11:21:47.529 E/dangbei111( 1047): battery level=100
03-19 11:21:47.559 D/BluetoothGatt( 1047): onConnectionUpdated() - Device=C7:44:13:5B:41:8C interval=12 latency=0 timeout=200 status=0
03-19 11:21:47.559 D/BluetoothGatt( 1047): onConnectionUpdated() - Device=C7:44:13:5B:41:8C interval=12 latency=0 timeout=200 status=0
03-19 11:21:48.040 D/bbb ( 1203): onStartCommand begin !!!!!!! data分区剩余 24948MB
03-19 11:21:48.043 D/aaa ( 7639): LedStatusService onStartCommand begin
03-19 11:21:48.044 D/aaa ( 7639): topPkg is -------------- :com.dangbei.haqusetting
03-19 11:21:48.242 W/IorapForwardingService( 487): No service published for: iorapd
03-19 11:21:48.587 I/bt_stack( 672): [INFO:hearing_aid.cc(1796)] GetDeviceCount: Not initialized yet
03-19 11:21:48.722 D/BluetoothGatt( 1047): onConnectionUpdated() - Device=C7:44:13:5B:41:8C interval=9 latency=79 timeout=300 status=0
03-19 11:21:48.722 D/BluetoothGatt( 1047): onConnectionUpdated() - Device=C7:44:13:5B:41:8C interval=9 latency=79 timeout=300 status=0
03-19 11:21:49.244 W/IorapForwardingService( 487): No service published for: iorapd
03-19 11:21:49.488 E/WifiHAL ( 663): wifi_get_link_stats: requestResponse Error:-5
03-19 11:21:49.489 E/WifiVendorHal( 487): getWifiLinkLayerStats_1_5_Internal(l.1191) failed {.code = ERROR_INVALID_ARGS, .description = }
03-19 11:21:49.524 I/bt_stack( 672): [INFO:gatt_sr.cc(815)] MTU request PDU with MTU size 140
03-19 11:21:49.524 W/bt_stack( 672): [WARNING:gatt_utils.cc(790)] Call back not found for application conn_id=3
03-19 11:21:49.524 W/bt_stack( 672): [WARNING:gatt_utils.cc(790)] Call back not found for application conn_id=4
03-19 11:21:49.524 W/bt_stack( 672): [WARNING:gatt_utils.cc(790)] Call back not found for application conn_id=5
03-19 11:21:49.524 W/bt_stack( 672): [WARNING:gatt_utils.cc(790)] Call back not found for application conn_id=6
03-19 11:21:49.632 I/BLEAudioDrive_HV410( 248): select timeout!
03-19 11:21:49.694 W/hdr10p_Configure( 363): 122 callbacks suppressed
03-19 11:21:49.694 I/ ( 363): DVI mode selected: packets not configured
03-19 11:21:49.694 W/set_vsif_config( 363): 122 callbacks suppressed
03-19 11:21:49.694 I/ ( 363): Error: set vsif failed
03-19 11:21:49.694 I/ ( 363): DVI mode selected: packets not configured
03-19 11:21:49.694 I/ ( 363): Error: set vsif failed
03-19 11:21:49.720 I/ ( 363): DVI mode selected: packets not configured
03-19 11:21:49.720 I/ ( 363): Error: set vsif failed
03-19 11:21:49.720 I/ ( 363): DVI mode selected: packets not configured
03-19 11:21:49.720 I/ ( 363): Error: set vsif failed
03-19 11:21:49.723 E/dangbei111( 1047): cccccc 检查遥控器是否连接: Dangbei C9:B5:96:5C:E3:ED
03-19 11:21:49.727 E/dangbei111( 1047): cccccc 检查遥控器是否连接: 蓝牙的结果 Dangbei C9:B5:96:5C:E3:ED false
03-19 11:21:49.727 E/dangbei111( 1047): cccccc input中没有遥控器存在
03-19 11:21:49.727 E/dangbei111( 1047): cccccc 蓝牙状态连接 不是连接状态 啥都不干
03-19 11:21:49.730 E/dangbei111( 1047): cccccc 蓝牙状态连接 配对状态 啥都不做
03-19 11:21:49.730 E/dangbei111( 1047): cccccc 没有遥控器连接 不进行 getRCInfo return
03-19 11:21:49.730 E/dangbei111( 1047): getBattery delay 0
03-19 11:21:49.734 E/dangbei111( 1047): 5mins后会再次获取电量
03-19 11:21:49.734 E/dangbei111( 1047): getBattery delay 300000
03-19 11:21:49.744 I/ ( 363): DVI mode selected: packets not configured
03-19 11:21:49.744 I/ ( 363): Error: set vsif failed
03-19 11:21:49.745 I/ ( 363): DVI mode selected: packets not configured
03-19 11:21:49.745 I/ ( 363): Error: set vsif failed
03-19 11:21:49.769 I/ ( 363): DVI mode selected: packets not configured
03-19 11:21:49.769 I/ ( 363): Error: set vsif failed
03-19 11:21:49.769 I/ ( 363): DVI mode selected: packets not configured
03-19 11:21:49.770 I/ ( 363): Error: set vsif failed
03-19 11:21:49.792 I/ ( 363): DVI mode selected: packets not configured
03-19 11:21:49.792 I/ ( 363): Error: set vsif failed
03-19 11:21:49.792 I/ ( 363): DVI mode selected: packets not configured
03-19 11:21:49.792 I/ ( 363): Error: set vsif failed
03-19 11:21:50.246 W/IorapForwardingService( 487): No service published for: iorapd
03-19 11:21:51.247 W/IorapForwardingService( 487): No service published for: iorapd
03-19 11:21:51.719 E/dangbei111( 1047): cccccc 检测到网络 准备请求遥控器ota信息
03-19 11:21:51.720 W/ContextImpl( 1047): Calling a method in the system process without a qualified user: android.app.ContextImpl.sendBroadcast:1173 android.content.ContextWrapper.sendBroadcast:479 com.dangbei.remotecontroller.RemoteControllerReceiver.sendMessageToUpdateHelper:122 com.dangbei.remotecontroller.RemoteControllerReceiver.access$100:28 com.dangbei.remotecontroller.RemoteControllerReceiver$1.handleMessage:41
03-19 11:21:51.722 E/ActivityManager( 487): Sending non-protected broadcast com.dangbei.remote.connected from system 1047:com.dangbei.lerad.etna.haqu/1000 pkg com.dangbei.lerad.etna.haqu
03-19 11:21:51.722 E/ActivityManager( 487): java.lang.Throwable
03-19 11:21:51.722 E/ActivityManager( 487): at com.android.server.am.ActivityManagerService.checkBroadcastFromSystem(ActivityManagerService.java:12816)
03-19 11:21:51.722 E/ActivityManager( 487): at com.android.server.am.ActivityManagerService.broadcastIntentLocked(ActivityManagerService.java:13416)
03-19 11:21:51.722 E/ActivityManager( 487): at com.android.server.am.ActivityManagerService.broadcastIntentLocked(ActivityManagerService.java:12833)
03-19 11:21:51.722 E/ActivityManager( 487): at com.android.server.am.ActivityManagerService.broadcastIntentWithFeature(ActivityManagerService.java:13670)
03-19 11:21:51.722 E/ActivityManager( 487): at android.app.IActivityManager$Stub.onTransact(IActivityManager.java:2326)
03-19 11:21:51.722 E/ActivityManager( 487): at com.android.server.am.ActivityManagerService.onTransact(ActivityManagerService.java:2509)
03-19 11:21:51.722 E/ActivityManager( 487): at android.os.Binder.execTransactInternal(Binder.java:1179)
03-19 11:21:51.722 E/ActivityManager( 487): at android.os.Binder.execTransact(Binder.java:1143)
03-19 11:21:51.724 E/ActivityManager( 487): Sending non-protected broadcast com.dangbei.remote.connected from system 1047:com.dangbei.lerad.etna.haqu/1000 pkg com.dangbei.lerad.etna.haqu
03-19 11:21:51.724 E/ActivityManager( 487): java.lang.Throwable
03-19 11:21:51.724 E/ActivityManager( 487): at com.android.server.am.ActivityManagerService.checkBroadcastFromSystem(ActivityManagerService.java:12816)
03-19 11:21:51.724 E/ActivityManager( 487): at com.android.server.am.ActivityManagerService.broadcastIntentLocked(ActivityManagerService.java:13513)
03-19 11:21:51.724 E/ActivityManager( 487): at com.android.server.am.ActivityManagerService.broadcastIntentLocked(ActivityManagerService.java:12833)
03-19 11:21:51.724 E/ActivityManager( 487): at com.android.server.am.ActivityManagerService.broadcastIntentWithFeature(ActivityManagerService.java:13670)
03-19 11:21:51.724 E/ActivityManager( 487): at android.app.IActivityManager$Stub.onTransact(IActivityManager.java:2326)
03-19 11:21:51.724 E/ActivityManager( 487): at com.android.server.am.ActivityManagerService.onTransact(ActivityManagerService.java:2509)
03-19 11:21:51.724 E/ActivityManager( 487): at android.os.Binder.execTransactInternal(Binder.java:1179)
03-19 11:21:51.724 E/ActivityManager( 487): at android.os.Binder.execTransact(Binder.java:1143)
03-19 11:21:51.725 I/DropBoxManagerService( 487): add tag=system_server_wtf isTagEnabled=true flags=0x2
03-19 11:21:51.730 I/DropBoxManagerService( 487): add tag=system_server_wtf isTagEnabled=true flags=0x2
03-19 11:21:51.731 E/dangbei111( 1047): 读出来的遥控器版本为空
03-19 11:21:51.736 E/dangbei111( 1047): cccccc 检查遥控器是否连接: Dangbei C9:B5:96:5C:E3:ED
03-19 11:21:51.739 E/dangbei111( 1047): cccccc 检查遥控器是否连接: 蓝牙的结果 Dangbei C9:B5:96:5C:E3:ED false
03-19 11:21:51.739 E/dangbei111( 1047): cccccc input中没有遥控器存在
03-19 11:21:51.739 E/dangbei111( 1047): cccccc 蓝牙状态连接 不是连接状态 啥都不干
03-19 11:21:51.742 E/dangbei111( 1047): cccccc 蓝牙状态连接 配对状态 啥都不做
03-19 11:21:51.742 E/dangbei111( 1047): cccccc 没有遥控器连接 不进行 getRCInfo return
03-19 11:21:52.250 W/IorapForwardingService( 487): No service published for: iorapd
03-19 11:21:52.503 E/WifiHAL ( 663): wifi_get_link_stats: requestResponse Error:-5
03-19 11:21:52.504 E/WifiVendorHal( 487): getWifiLinkLayerStats_1_5_Internal(l.1191) failed {.code = ERROR_INVALID_ARGS, .description = }
03-19 11:21:52.547 E/bt_upio ( 249): upio_set : /proc/bluetooth/sleep/btwrite(-1) incorrent
03-19 11:21:53.253 W/IorapForwardingService( 487): No service published for: iorapd
03-19 11:21:53.722 I/bt_stack( 672): [INFO:btsnoop.cc(338)] clear_l2cap_allowlist: Clearing acceptlist from l2cap channel. conn_handle=16 cid=4:4
03-19 11:21:53.722 I/bt_stack( 672): [INFO:gatt_attr.cc(338)] gatt_connect_cback: remove untrusted client status, bda=c7:44:13:5b:41:8c
03-19 11:21:53.722 I/bluetooth( 672): system/bt/stack/gap/gap_ble.cc:298 client_connect_cback: No active GAP service found for peer:xx:xx:xx:xx:41:8c callback:Disconnected
03-19 11:21:53.722 I/bt_bta_gattc( 672): system/bt/bta/gatt/bta_gattc_act.cc:1115 bta_gattc_conn_cback: Disconnected att_id:3 transport:le reason:GATT_CONN_TIMEOUT
03-19 11:21:53.722 I/bt_bta_gattc( 672): system/bt/bta/gatt/bta_gattc_act.cc:1115 bta_gattc_conn_cback: Disconnected att_id:4 transport:le reason:GATT_CONN_TIMEOUT
03-19 11:21:53.723 I/bt_bta_gattc( 672): system/bt/bta/gatt/bta_gattc_act.cc:1115 bta_gattc_conn_cback: Disconnected att_id:5 transport:le reason:GATT_CONN_TIMEOUT
03-19 11:21:53.723 I/bt_bta_gattc( 672): system/bt/bta/gatt/bta_gattc_act.cc:1115 bta_gattc_conn_cback: Disconnected att_id:6 transport:le reason:GATT_CONN_TIMEOUT
03-19 11:21:53.723 W/bt_btm_sec( 672): system/bt/stack/btm/btm_sec.cc:3685 btm_sec_disconnected: Got uncommon disconnection reason:Connection Timeout handle:0x0010
03-19 11:21:53.723 I/btif_av ( 672): system/bt/btif/src/btif_av.cc:3352 btif_av_acl_disconnected: btif_av_acl_disconnected: Peer c7:44:13:5b:41:8c : ACL Disconnected
03-19 11:21:53.723 I/btif_av ( 672): system/bt/btif/src/btif_av.cc:1078 FindOrCreatePeer: BtifAvPeer *BtifAvSource::FindOrCreatePeer(const RawAddress &, tBTA_AV_HNDL): Create peer: peer_address=c7:44:13:5b:41:8c bta_handle=0x41 peer_id=0
03-19 11:21:53.723 E/bt_upio ( 249): upio_set : /proc/bluetooth/sleep/btwrite(-1) incorrent
03-19 11:21:53.723 I/btif_av ( 672): system/bt/btif/src/btif_av.cc:3279 btif_av_get_peer_sep: No active sink or source peer found
03-19 11:21:53.723 I/bt_btif_a2dp_source( 672): system/bt/btif/src/btif_a2dp_source.cc:691 btif_a2dp_source_on_idle: btif_a2dp_source_on_idle: state=STATE_OFF
03-19 11:21:53.723 I/btif_av ( 672): system/bt/btif/src/btif_av.cc:3279 btif_av_get_peer_sep: No active sink or source peer found
03-19 11:21:53.724 I/bt_btif_a2dp_source( 672): system/bt/btif/src/btif_a2dp_source.cc:691 btif_a2dp_source_on_idle: btif_a2dp_source_on_idle: state=STATE_OFF
03-19 11:21:53.724 I/btif_av ( 672): system/bt/btif/src/btif_av.cc:1123 DeleteIdlePeers: DeleteIdlePeers: Deleting idle peer: c7:44:13:5b:41:8c bta_handle=0x41
03-19 11:21:53.724 D/BluetoothGatt( 1047): onClientConnectionState() - status=0 clientIf=5 device=C7:44:13:5B:41:8C
03-19 11:21:53.724 D/BluetoothGatt( 1047): onClientConnectionState() - status=0 clientIf=6 device=C7:44:13:5B:41:8C
03-19 11:21:53.738 E/bond ( 2949): name=Dangbei,state=10,action=android.bluetooth.device.action.ACL_DISCONNECTED
03-19 11:21:53.738 I/dangbei111( 1047): cccccc on receiver=android.bluetooth.device.action.ACL_DISCONNECTED,mac=C7:44:13:5B:41:8C
03-19 11:21:54.255 W/IorapForwardingService( 487): No service published for: iorapd
03-19 11:21:55.258 W/IorapForwardingService( 487): No service published for: iorapd
03-19 11:21:55.517 E/WifiHAL ( 663): wifi_get_link_stats: requestResponse Error:-5
03-19 11:21:55.518 E/WifiVendorHal( 487): getWifiLinkLayerStats_1_5_Internal(l.1191) failed {.code = ERROR_INVALID_ARGS, .description = }
03-19 11:21:55.705 W/hdr10p_Configure( 363): 126 callbacks suppressed
03-19 11:21:55.705 I/ ( 363): DVI mode selected: packets not configured
03-19 11:21:55.705 W/set_vsif_config( 363): 126 callbacks suppressed
03-19 11:21:55.705 I/ ( 363): Error: set vsif failed
03-19 11:21:55.705 I/ ( 363): DVI mode selected: packets not configured
03-19 11:21:55.705 I/ ( 363): Error: set vsif failed
03-19 11:21:55.731 I/ ( 363): DVI mode selected: packets not configured
03-19 11:21:55.731 I/ ( 363): Error: set vsif failed
03-19 11:21:55.731 I/ ( 363): DVI mode selected: packets not configured
03-19 11:21:55.731 I/ ( 363): Error: set vsif failed
03-19 11:21:55.755 I/ ( 363): DVI mode selected: packets not configured
03-19 11:21:55.755 I/ ( 363): Error: set vsif failed
03-19 11:21:55.755 I/ ( 363): DVI mode selected: packets not configured
03-19 11:21:55.755 I/ ( 363): Error: set vsif failed
03-19 11:21:55.779 I/ ( 363): DVI mode selected: packets not configured
03-19 11:21:55.779 I/ ( 363): Error: set vsif failed
03-19 11:21:55.779 I/ ( 363): DVI mode selected: packets not configured
03-19 11:21:55.779 I/ ( 363): Error: set vsif failed
03-19 11:21:55.794 I/ ( 363): DVI mode selected: packets not configured
03-19 11:21:55.794 I/ ( 363): Error: set vsif failed
03-19 11:21:55.794 I/ ( 363): DVI mode selected: packets not configured
03-19 11:21:55.794 I/ ( 363): Error: set vsif failed
03-19 11:21:56.088 D/aaa ( 7639): LedStatusService onStartCommand begin
03-19 11:21:56.090 D/aaa ( 7639): topPkg is -------------- :com.dangbei.haqusetting
03-19 11:21:56.091 D/bbb ( 1203): onStartCommand begin !!!!!!! data分区剩余 24948MB
03-19 11:21:56.259 W/IorapForwardingService( 487): No service published for: iorapd
03-19 11:21:56.737 E/bt_upio ( 249): upio_set : /proc/bluetooth/sleep/btwrite(-1) incorrent
03-19 11:21:56.738 E/dangbei111( 1047): cccccc 准备开始进行 startScanInner
03-19 11:21:56.738 E/dangbei111( 1047): cccccc 真正开始进入扫描流程啦
03-19 11:21:56.744 E/dangbei111( 1047): cccccc 检查遥控器是否连接: Dangbei C9:B5:96:5C:E3:ED
03-19 11:21:56.747 E/dangbei111( 1047): cccccc 检查遥控器是否连接: 蓝牙的结果 Dangbei C9:B5:96:5C:E3:ED false
03-19 11:21:56.747 E/dangbei111( 1047): cccccc input中没有遥控器存在
03-19 11:21:56.747 E/dangbei111( 1047): cccccc 蓝牙状态连接 不是连接状态 啥都不干
03-19 11:21:56.750 E/dangbei111( 1047): cccccc 蓝牙状态连接 配对状态 啥都不做
03-19 11:21:56.750 E/dangbei111( 1047): 开始扫描 com.dangbei.remotecontroller.RCHelper$3@9513a20
03-19 11:21:56.750 D/BluetoothAdapter( 1047): isLeEnabled(): ON
03-19 11:21:56.754 I/bluetooth( 672): system/bt/stack/gatt/gatt_api.cc:1019 GATT_Register: Allocated name:GattClient uuid:a6e6f6a2-7987-c488-05ce-148352432932 gatt_if:8 eatt_support:0
03-19 11:21:56.754 D/BluetoothLeScanner( 1047): onScannerRegistered() - status=0 scannerId=8 mScannerId=0
03-19 11:21:56.761 E/bt_upio ( 249): upio_set : /proc/bluetooth/sleep/btwrite(-1) incorrent
03-19 11:21:57.262 W/IorapForwardingService( 487): No service published for: iorapd
03-19 11:21:58.264 W/IorapForwardingService( 487): No service published for: iorapd
03-19 11:21:58.529 E/WifiHAL ( 663): wifi_get_link_stats: requestResponse Error:-5
03-19 11:21:58.531 E/WifiVendorHal( 487): getWifiLinkLayerStats_1_5_Internal(l.1191) failed {.code = ERROR_INVALID_ARGS, .description = }
03-19 11:21:58.819 I/bluetooth( 672): system/bt/stack/gatt/connection_manager.cc:185 on_connection_complete: Le connection completed to device:c7:44:13:5b:41:8c
03-19 11:21:58.819 I/bt_btm_ble( 672): system/bt/stack/btm/btm_ble.cc:1699 btm_ble_connected: Updating device record timestamp for existing ble connection
03-19 11:21:58.907 I/bt_stack( 672): [INFO:gatt_attr.cc(880)] gatt_sr_init_cl_status: bda=c7:44:13:5b:41:8c, cl_supp_feat=0000, aware=1
03-19 11:21:58.907 I/bluetooth( 672): system/bt/stack/gap/gap_ble.cc:298 client_connect_cback: No active GAP service found for peer:xx:xx:xx:xx:41:8c callback:Connected
03-19 11:21:58.907 I/bt_bta_gattc( 672): system/bt/bta/gatt/bta_gattc_act.cc:1110 bta_gattc_conn_cback: Connected att_id:3 transport:le reason:GATT_CONN_OK
03-19 11:21:58.907 I/bt_bta_gattc( 672): system/bt/bta/gatt/bta_gattc_act.cc:1110 bta_gattc_conn_cback: Connected att_id:4 transport:le reason:GATT_CONN_OK
03-19 11:21:58.907 I/bt_bta_gattc( 672): system/bt/bta/gatt/bta_gattc_act.cc:1110 bta_gattc_conn_cback: Connected att_id:5 transport:le reason:GATT_CONN_OK
03-19 11:21:58.907 I/bt_bta_gattc( 672): system/bt/bta/gatt/bta_gattc_act.cc:1110 bta_gattc_conn_cback: Connected att_id:6 transport:le reason:GATT_CONN_OK
03-19 11:21:58.907 I/bt_bta_gattc( 672): system/bt/bta/gatt/bta_gattc_act.cc:1110 bta_gattc_conn_cback: Connected att_id:8 transport:le reason:GATT_CONN_OK
03-19 11:21:58.907 I/bluetooth( 672): system/bt/stack/gatt/connection_manager.cc:185 on_connection_complete: Le connection completed to device:c7:44:13:5b:41:8c
03-19 11:21:58.907 I/bt_stack( 672): [INFO:eatt_impl.h(634)] connect device c7:44:13:5b:41:8c rolecentral
03-19 11:21:58.907 I/bt_btif_dm( 672): system/bt/btif/src/btif_dm.cc:497 btif_update_remote_version_property: Remote version info valid:true [xx:xx:xx:xx:41:8c]: 8, 50e, 8
03-19 11:21:58.917 E/bt_stack( 672): [ERROR:bta_gattc_cache.cc(940)] bta_gattc_cache_load: can't open GATT cache file /data/misc/bluetooth/gatt_cache_c744135b418c for reading, error: No such file or directory
03-19 11:21:58.917 I/bt_stack( 672): [INFO:hearing_aid.cc(1796)] GetDeviceCount: Not initialized yet
03-19 11:21:58.917 I/bt_stack( 672): [INFO:gatt_api.cc(708)] GATTC_Discover conn_id=0x0005, disc_type=1, s_handle=0x0001, e_handle=0xffff
03-19 11:21:58.929 D/BluetoothGatt( 1047): onClientConnectionState() - status=0 clientIf=5 device=C7:44:13:5B:41:8C
03-19 11:21:58.929 D/BluetoothGatt( 1047): discoverServices() - device: C7:44:13:5B:41:8C
03-19 11:21:58.931 D/BluetoothGatt( 1047): onClientConnectionState() - status=0 clientIf=6 device=C7:44:13:5B:41:8C
03-19 11:21:58.931 E/BluetoothPhonePolicy( 672): Received unexpected intent, action=android.bluetooth.device.action.ACL_CONNECTED
03-19 11:21:58.931 I/BluetoothPhonePolicy( 672): processDeviceConnected, device=C7:44:13:5B:41:8C
03-19 11:21:58.931 D/BluetoothDatabase( 672): setConnection: device=C7:44:13:5B:41:8C and isA2dpDevice=false
03-19 11:21:58.931 D/BluetoothDatabase( 672): Updating last connected time for device: C7:44:13:5B:41:8C to 214
03-19 11:21:58.931 D/BluetoothDatabase( 672): updateDatabase C7:44:13:5B:41:8C
03-19 11:21:58.931 D/BluetoothGatt( 1047): discoverServices() - device: C7:44:13:5B:41:8C
03-19 11:21:58.939 E/bond ( 2949): name=Dangbei,state=10,action=android.bluetooth.device.action.ACL_CONNECTED
03-19 11:21:58.941 I/dangbei111( 1047): cccccc on receiver=android.bluetooth.device.action.ACL_CONNECTED,mac=C7:44:13:5B:41:8C
03-19 11:21:58.941 I/dangbei111( 1047): cccccc 收到 ACTION_ACL_CONNECTED 的广播
03-19 11:21:58.941 E/dangbei111( 1047): 5s后准备进行遥控器ota信息检测
03-19 11:21:58.952 I/bt_stack( 672): [INFO:eatt_impl.h(578)] supported_features_cb c7:44:13:5b:41:8c is_eatt_supported = 0
03-19 11:21:59.042 D/BluetoothGatt( 1047): onConnectionUpdated() - Device=C7:44:13:5B:41:8C interval=6 latency=0 timeout=200 status=0
03-19 11:21:59.042 D/BluetoothGatt( 1047): onConnectionUpdated() - Device=C7:44:13:5B:41:8C interval=6 latency=0 timeout=200 status=0
03-19 11:21:59.078 I/bt_stack( 672): [INFO:gatt_api.cc(708)] GATTC_Discover conn_id=0x0005, disc_type=3, s_handle=0x0001, e_handle=0x0009
03-19 11:21:59.093 I/bt_stack( 672): [INFO:gatt_api.cc(708)] GATTC_Discover conn_id=0x0005, disc_type=4, s_handle=0x0001, e_handle=0x0009
03-19 11:21:59.138 I/bt_stack( 672): [INFO:gatt_api.cc(708)] GATTC_Discover conn_id=0x0005, disc_type=3, s_handle=0x000a, e_handle=0x000d
03-19 11:21:59.153 I/bt_stack( 672): [INFO:gatt_api.cc(708)] GATTC_Discover conn_id=0x0005, disc_type=4, s_handle=0x000a, e_handle=0x000d
03-19 11:21:59.183 I/bt_stack( 672): [INFO:gatt_api.cc(708)] GATTC_Discover conn_id=0x0005, disc_type=5, s_handle=0x000d, e_handle=0x000d
03-19 11:21:59.198 I/bt_stack( 672): [INFO:gatt_api.cc(708)] GATTC_Discover conn_id=0x0005, disc_type=3, s_handle=0x000e, e_handle=0x0011
03-19 11:21:59.203 D/hdmi-cec( 261): receive invalid cec message!
03-19 11:21:59.204 D/hdmi-cec( 261): receive poll message [04], skip!
03-19 11:21:59.221 I/bt_stack( 672): [INFO:gatt_api.cc(708)] GATTC_Discover conn_id=0x0005, disc_type=4, s_handle=0x000e, e_handle=0x0011
03-19 11:21:59.250 I/bt_stack( 672): [INFO:gatt_api.cc(708)] GATTC_Discover conn_id=0x0005, disc_type=5, s_handle=0x0011, e_handle=0x0011
03-19 11:21:59.266 I/bt_stack( 672): [INFO:gatt_api.cc(708)] GATTC_Discover conn_id=0x0005, disc_type=3, s_handle=0x0012, e_handle=0x001e
03-19 11:21:59.267 W/IorapForwardingService( 487): No service published for: iorapd
03-19 11:21:59.280 I/bt_stack( 672): [INFO:gatt_api.cc(708)] GATTC_Discover conn_id=0x0005, disc_type=4, s_handle=0x0012, e_handle=0x001e
03-19 11:21:59.340 I/bt_stack( 672): [INFO:gatt_api.cc(708)] GATTC_Discover conn_id=0x0005, disc_type=3, s_handle=0x001f, e_handle=0x0042
03-19 11:21:59.356 I/bt_stack( 672): [INFO:gatt_api.cc(708)] GATTC_Discover conn_id=0x0005, disc_type=4, s_handle=0x001f, e_handle=0x0042
03-19 11:21:59.461 I/bt_stack( 672): [INFO:gatt_api.cc(708)] GATTC_Discover conn_id=0x0005, disc_type=5, s_handle=0x0024, e_handle=0x0024
03-19 11:21:59.475 I/bt_stack( 672): [INFO:gatt_api.cc(708)] GATTC_Discover conn_id=0x0005, disc_type=5, s_handle=0x0029, e_handle=0x0029
03-19 11:21:59.491 I/bt_stack( 672): [INFO:gatt_api.cc(708)] GATTC_Discover conn_id=0x0005, disc_type=5, s_handle=0x002e, e_handle=0x002e
03-19 11:21:59.506 I/bt_stack( 672): [INFO:gatt_api.cc(708)] GATTC_Discover conn_id=0x0005, disc_type=5, s_handle=0x0031, e_handle=0x0032
03-19 11:21:59.520 I/bt_stack( 672): [INFO:gatt_api.cc(708)] GATTC_Discover conn_id=0x0005, disc_type=5, s_handle=0x0035, e_handle=0x0036
03-19 11:21:59.536 I/bt_stack( 672): [INFO:gatt_api.cc(708)] GATTC_Discover conn_id=0x0005, disc_type=5, s_handle=0x0039, e_handle=0x003a
03-19 11:21:59.551 I/bt_stack( 672): [INFO:gatt_api.cc(708)] GATTC_Discover conn_id=0x0005, disc_type=5, s_handle=0x003d, e_handle=0x003d
03-19 11:21:59.565 I/bt_stack( 672): [INFO:gatt_api.cc(708)] GATTC_Discover conn_id=0x0005, disc_type=5, s_handle=0x0040, e_handle=0x0040
03-19 11:21:59.580 I/bt_stack( 672): [INFO:gatt_api.cc(708)] GATTC_Discover conn_id=0x0005, disc_type=3, s_handle=0x0043, e_handle=0x0051
03-19 11:21:59.596 I/bt_stack( 672): [INFO:gatt_api.cc(708)] GATTC_Discover conn_id=0x0005, disc_type=4, s_handle=0x0043, e_handle=0x0051
03-19 11:21:59.642 I/BLEAudioDrive_HV410( 248): select timeout!
03-19 11:21:59.655 I/bt_stack( 672): [INFO:gatt_api.cc(708)] GATTC_Discover conn_id=0x0005, disc_type=5, s_handle=0x0046, e_handle=0x0046
03-19 11:21:59.671 I/bt_stack( 672): [INFO:gatt_api.cc(708)] GATTC_Discover conn_id=0x0005, disc_type=5, s_handle=0x0049, e_handle=0x0049
03-19 11:21:59.686 I/bt_stack( 672): [INFO:gatt_api.cc(708)] GATTC_Discover conn_id=0x0005, disc_type=5, s_handle=0x004c, e_handle=0x004c
03-19 11:21:59.700 I/bt_stack( 672): [INFO:gatt_api.cc(708)] GATTC_Discover conn_id=0x0005, disc_type=5, s_handle=0x004f, e_handle=0x004f
03-19 11:21:59.715 I/bt_stack( 672): [INFO:bta_gattc_cache.cc(219)] bta_gattc_explore_srvc_finished: service discovery finished
03-19 11:21:59.720 I/bt_bta_gattc( 672): system/bt/bta/gatt/bta_gattc_cache.cc:902 bta_gattc_get_gatt_db: bta_gattc_get_gatt_db
03-19 11:21:59.725 D/BluetoothGatt( 1047): onSearchComplete() = Device=C7:44:13:5B:41:8C Status=0
03-19 11:21:59.726 I/bt_bta_gattc( 672): system/bt/bta/gatt/bta_gattc_cache.cc:902 bta_gattc_get_gatt_db: bta_gattc_get_gatt_db
03-19 11:21:59.730 D/BluetoothGatt( 1047): onSearchComplete() = Device=C7:44:13:5B:41:8C Status=0
03-19 11:21:59.761 E/dangbei111( 1047): battery level=100
03-19 11:21:59.784 D/BluetoothGatt( 1047): onConnectionUpdated() - Device=C7:44:13:5B:41:8C interval=12 latency=0 timeout=200 status=0
03-19 11:21:59.784 D/BluetoothGatt( 1047): onConnectionUpdated() - Device=C7:44:13:5B:41:8C interval=12 latency=0 timeout=200 status=0
03-19 11:22:00.268 W/IorapForwardingService( 487): No service published for: iorapd
03-19 11:22:00.781 I/bt_stack( 672): [INFO:hearing_aid.cc(1796)] GetDeviceCount: Not initialized yet
03-19 11:22:00.916 D/BluetoothGatt( 1047): onConnectionUpdated() - Device=C7:44:13:5B:41:8C interval=9 latency=79 timeout=300 status=0
03-19 11:22:00.916 D/BluetoothGatt( 1047): onConnectionUpdated() - Device=C7:44:13:5B:41:8C interval=9 latency=79 timeout=300 status=0
03-19 11:22:01.271 W/IorapForwardingService( 487): No service published for: iorapd
03-19 11:22:01.545 E/WifiHAL ( 663): wifi_get_link_stats: requestResponse Error:-5
03-19 11:22:01.546 E/WifiVendorHal( 487): getWifiLinkLayerStats_1_5_Internal(l.1191) failed {.code = ERROR_INVALID_ARGS, .description = }
03-19 11:22:01.711 W/hdr10p_Configure( 363): 130 callbacks suppressed
03-19 11:22:01.711 I/ ( 363): DVI mode selected: packets not configured
03-19 11:22:01.711 W/set_vsif_config( 363): 130 callbacks suppressed
03-19 11:22:01.711 I/ ( 363): Error: set vsif failed
03-19 11:22:01.711 I/ ( 363): DVI mode selected: packets not configured
03-19 11:22:01.711 I/ ( 363): Error: set vsif failed
03-19 11:22:01.729 I/bt_stack( 672): [INFO:gatt_sr.cc(815)] MTU request PDU with MTU size 140
03-19 11:22:01.730 W/bt_stack( 672): [WARNING:gatt_utils.cc(790)] Call back not found for application conn_id=3
03-19 11:22:01.730 W/bt_stack( 672): [WARNING:gatt_utils.cc(790)] Call back not found for application conn_id=4
03-19 11:22:01.730 W/bt_stack( 672): [WARNING:gatt_utils.cc(790)] Call back not found for application conn_id=5
03-19 11:22:01.730 W/bt_stack( 672): [WARNING:gatt_utils.cc(790)] Call back not found for application conn_id=6
03-19 11:22:01.730 W/bt_stack( 672): [WARNING:gatt_utils.cc(790)] Call back not found for application conn_id=8
03-19 11:22:01.748 I/ ( 363): DVI mode selected: packets not configured
03-19 11:22:01.748 I/ ( 363): Error: set vsif failed
03-19 11:22:01.748 I/ ( 363): DVI mode selected: packets not configured
03-19 11:22:01.748 I/ ( 363): Error: set vsif failed
03-19 11:22:01.773 I/ ( 363): DVI mode selected: packets not configured
03-19 11:22:01.773 I/ ( 363): Error: set vsif failed
03-19 11:22:01.773 I/ ( 363): DVI mode selected: packets not configured
03-19 11:22:01.773 I/ ( 363): Error: set vsif failed
03-19 11:22:01.796 I/ ( 363): DVI mode selected: packets not configured
03-19 11:22:01.797 I/ ( 363): Error: set vsif failed
03-19 11:22:01.797 I/ ( 363): DVI mode selected: packets not configured
03-19 11:22:01.797 I/ ( 363): Error: set vsif failed
03-19 11:22:01.810 I/ ( 363): DVI mode selected: packets not configured
03-19 11:22:01.810 I/ ( 363): Error: set vsif failed
03-19 11:22:01.810 I/ ( 363): DVI mode selected: packets not configured
03-19 11:22:01.810 I/ ( 363): Error: set vsif failed
03-19 11:22:01.949 E/dangbei111( 1047): cccccc 检查遥控器是否连接: Dangbei C9:B5:96:5C:E3:ED
03-19 11:22:01.952 E/dangbei111( 1047): cccccc 检查遥控器是否连接: 蓝牙的结果 Dangbei C9:B5:96:5C:E3:ED false
03-19 11:22:01.953 E/dangbei111( 1047): cccccc input中没有遥控器存在
03-19 11:22:01.953 E/dangbei111( 1047): cccccc 蓝牙状态连接 不是连接状态 啥都不干
03-19 11:22:01.957 E/dangbei111( 1047): cccccc 蓝牙状态连接 配对状态 啥都不做
03-19 11:22:01.957 E/dangbei111( 1047): cccccc 没有遥控器连接 不进行 getRCInfo return
03-19 11:22:01.958 E/dangbei111( 1047): getBattery delay 0
03-19 11:22:01.961 E/dangbei111( 1047): 5mins后会再次获取电量
03-19 11:22:01.961 E/dangbei111( 1047): getBattery delay 300000
03-19 11:22:02.272 W/IorapForwardingService( 487): No service published for: iorapd
03-19 11:22:03.275 W/IorapForwardingService( 487): No service published for: iorapd
03-19 11:22:03.944 E/dangbei111( 1047): cccccc 检测到网络 准备请求遥控器ota信息
03-19 11:22:03.945 W/ContextImpl( 1047): Calling a method in the system process without a qualified user: android.app.ContextImpl.sendBroadcast:1173 android.content.ContextWrapper.sendBroadcast:479 com.dangbei.remotecontroller.RemoteControllerReceiver.sendMessageToUpdateHelper:122 com.dangbei.remotecontroller.RemoteControllerReceiver.access$100:28 com.dangbei.remotecontroller.RemoteControllerReceiver$1.handleMessage:41
03-19 11:22:03.947 E/ActivityManager( 487): Sending non-protected broadcast com.dangbei.remote.connected from system 1047:com.dangbei.lerad.etna.haqu/1000 pkg com.dangbei.lerad.etna.haqu
03-19 11:22:03.947 E/ActivityManager( 487): java.lang.Throwable
03-19 11:22:03.947 E/ActivityManager( 487): at com.android.server.am.ActivityManagerService.checkBroadcastFromSystem(ActivityManagerService.java:12816)
03-19 11:22:03.947 E/ActivityManager( 487): at com.android.server.am.ActivityManagerService.broadcastIntentLocked(ActivityManagerService.java:13416)
03-19 11:22:03.947 E/ActivityManager( 487): at com.android.server.am.ActivityManagerService.broadcastIntentLocked(ActivityManagerService.java:12833)
03-19 11:22:03.947 E/ActivityManager( 487): at com.android.server.am.ActivityManagerService.broadcastIntentWithFeature(ActivityManagerService.java:13670)
03-19 11:22:03.947 E/ActivityManager( 487): at android.app.IActivityManager$Stub.onTransact(IActivityManager.java:2326)
03-19 11:22:03.947 E/ActivityManager( 487): at com.android.server.am.ActivityManagerService.onTransact(ActivityManagerService.java:2509)
03-19 11:22:03.947 E/ActivityManager( 487): at android.os.Binder.execTransactInternal(Binder.java:1179)
03-19 11:22:03.947 E/ActivityManager( 487): at android.os.Binder.execTransact(Binder.java:1143)
03-19 11:22:03.949 E/ActivityManager( 487): Sending non-protected broadcast com.dangbei.remote.connected from system 1047:com.dangbei.lerad.etna.haqu/1000 pkg com.dangbei.lerad.etna.haqu
03-19 11:22:03.949 E/ActivityManager( 487): java.lang.Throwable
03-19 11:22:03.949 E/ActivityManager( 487): at com.android.server.am.ActivityManagerService.checkBroadcastFromSystem(ActivityManagerService.java:12816)
03-19 11:22:03.949 E/ActivityManager( 487): at com.android.server.am.ActivityManagerService.broadcastIntentLocked(ActivityManagerService.java:13513)
03-19 11:22:03.949 E/ActivityManager( 487): at com.android.server.am.ActivityManagerService.broadcastIntentLocked(ActivityManagerService.java:12833)
03-19 11:22:03.949 E/ActivityManager( 487): at com.android.server.am.ActivityManagerService.broadcastIntentWithFeature(ActivityManagerService.java:13670)
03-19 11:22:03.949 E/ActivityManager( 487): at android.app.IActivityManager$Stub.onTransact(IActivityManager.java:2326)
03-19 11:22:03.949 E/ActivityManager( 487): at com.android.server.am.ActivityManagerService.onTransact(ActivityManagerService.java:2509)
03-19 11:22:03.949 E/ActivityManager( 487): at android.os.Binder.execTransactInternal(Binder.java:1179)
03-19 11:22:03.949 E/ActivityManager( 487): at android.os.Binder.execTransact(Binder.java:1143)
03-19 11:22:03.950 I/DropBoxManagerService( 487): add tag=system_server_wtf isTagEnabled=true flags=0x2
03-19 11:22:03.955 I/DropBoxManagerService( 487): add tag=system_server_wtf isTagEnabled=true flags=0x2
03-19 11:22:03.956 E/dangbei111( 1047): 读出来的遥控器版本为空
03-19 11:22:03.961 E/dangbei111( 1047): cccccc 检查遥控器是否连接: Dangbei C9:B5:96:5C:E3:ED
03-19 11:22:03.964 E/dangbei111( 1047): cccccc 检查遥控器是否连接: 蓝牙的结果 Dangbei C9:B5:96:5C:E3:ED false
03-19 11:22:03.964 E/dangbei111( 1047): cccccc input中没有遥控器存在
03-19 11:22:03.965 E/dangbei111( 1047): cccccc 蓝牙状态连接 不是连接状态 啥都不干
03-19 11:22:03.967 E/dangbei111( 1047): cccccc 蓝牙状态连接 配对状态 啥都不做
03-19 11:22:03.967 E/dangbei111( 1047): cccccc 没有遥控器连接 不进行 getRCInfo return
03-19 11:22:04.103 D/bbb ( 1203): onStartCommand begin !!!!!!! data分区剩余 24948MB
03-19 11:22:04.105 D/aaa ( 7639): LedStatusService onStartCommand begin
03-19 11:22:04.107 D/aaa ( 7639): topPkg is -------------- :com.dangbei.haqusetting
03-19 11:22:04.277 W/IorapForwardingService( 487): No service published for: iorapd
03-19 11:22:04.365 E/dangbei111( 1047): cccccc 检查遥控器是否连接: Dangbei C9:B5:96:5C:E3:ED
03-19 11:22:04.367 E/dangbei111( 1047): cccccc 检查遥控器是否连接: 蓝牙的结果 Dangbei C9:B5:96:5C:E3:ED false
03-19 11:22:04.368 E/dangbei111( 1047): cccccc input中没有遥控器存在
03-19 11:22:04.368 E/dangbei111( 1047): cccccc 蓝牙状态连接 不是连接状态 啥都不干
03-19 11:22:04.370 E/dangbei111( 1047): cccccc 蓝牙状态连接 配对状态 啥都不做
03-19 11:22:04.371 E/dangbei111( 1047): scan get device,state=10
03-19 11:22:04.371 E/dangbei111( 1047): ble scan find the device C7:44:13:5B:41:8C
03-19 11:22:04.372 E/dangbei111( 1047): cccccc 扫描到了设备 Dangbei C7:44:13:5B:41:8C
03-19 11:22:04.377 E/dangbei111( 1047): cccccc 检查遥控器是否连接: Dangbei C9:B5:96:5C:E3:ED
03-19 11:22:04.379 E/dangbei111( 1047): cccccc 检查遥控器是否连接: 蓝牙的结果 Dangbei C9:B5:96:5C:E3:ED false
03-19 11:22:04.379 E/dangbei111( 1047): cccccc input中没有遥控器存在
03-19 11:22:04.380 E/dangbei111( 1047): cccccc 蓝牙状态连接 不是连接状态 啥都不干
03-19 11:22:04.382 E/dangbei111( 1047): cccccc 蓝牙状态连接 配对状态 啥都不做
03-19 11:22:04.387 E/dangbei111( 1047): cccccc 检查遥控器是否连接: Dangbei C9:B5:96:5C:E3:ED
03-19 11:22:04.389 E/dangbei111( 1047): cccccc 检查遥控器是否连接: 蓝牙的结果 Dangbei C9:B5:96:5C:E3:ED false
03-19 11:22:04.389 E/dangbei111( 1047): cccccc input中没有遥控器存在
03-19 11:22:04.390 E/dangbei111( 1047): cccccc 蓝牙状态连接 不是连接状态 啥都不干
03-19 11:22:04.392 E/dangbei111( 1047): cccccc 蓝牙状态连接 配对状态 啥都不做
03-19 11:22:04.392 E/dangbei111( 1047): bondOrConnect state=10
03-19 11:22:04.392 E/dangbei111( 1047): 500ms后 开始配对 先去停止scan
03-19 11:22:04.392 E/dangbei111( 1047): cccccc 尝试 stopBleScan
03-19 11:22:04.394 D/BluetoothAdapter( 1047): isLeEnabled(): ON
03-19 11:22:04.399 I/bt_stack( 672): [INFO:gatt_api.cc(1042)] GATT_Deregister gatt_if=8
03-19 11:22:04.399 E/dangbei111( 1047): cccccc stopBleScanInner com.dangbei.remotecontroller.RCHelper$3@9513a20
03-19 11:22:04.559 E/WifiHAL ( 663): wifi_get_link_stats: requestResponse Error:-5
03-19 11:22:04.560 E/WifiVendorHal( 487): getWifiLinkLayerStats_1_5_Internal(l.1191) failed {.code = ERROR_INVALID_ARGS, .description = }
03-19 11:22:04.903 I/bt_btif_dm( 672): system/bt/btif/src/btif_dm.cc:1884 btif_dm_cancel_discovery: Cancel search
03-19 11:22:04.906 I/BluetoothBondStateMachine( 672): Bond address is:C7:44:13:5B:41:8C
03-19 11:22:04.906 I/bt_btif_config( 672): system/bt/btif/src/btif_config.cc:137 btif_get_device_type: Device [c7:44:13:5b:41:8c] device type 2
03-19 11:22:04.907 I/bt_btif_dm( 672): system/bt/btif/src/btif_dm.cc:384 get_cod: get_cod remote_cod = 0x00001f00
03-19 11:22:04.907 I/bt_btif_dm( 672): system/bt/btif/src/btif_dm.cc:384 get_cod: get_cod remote_cod = 0x00001f00
03-19 11:22:04.907 I/bt_btif_config( 672): system/bt/btif/src/btif_config.cc:137 btif_get_device_type: Device [c7:44:13:5b:41:8c] device type 2
03-19 11:22:04.907 I/bt_btif_dm( 672): system/bt/btif/src/btif_dm.cc:384 get_cod: get_cod remote_cod = 0x00001f00
03-19 11:22:04.907 I/bt_btif_dm( 672): system/bt/btif/src/btif_dm.cc:451 bond_state_changed: Bond state changed to state=1 [0:none, 1:bonding, 2:bonded], prev_state=0, sdp_attempts = 0
03-19 11:22:04.907 I/bt_btif_config( 672): system/bt/btif/src/btif_config.cc:137 btif_get_device_type: Device [c7:44:13:5b:41:8c] device type 2
03-19 11:22:04.908 I/BluetoothBondStateMachine( 672): bondStateChangeCallback: Status: 0 Address: C7:44:13:5B:41:8C newState: 1
03-19 11:22:04.924 I/BluetoothBondStateMachine( 672): Entering PendingCommandState State
03-19 11:22:04.939 I/BluetoothBondStateMachine( 672): Bond State Change Intent:C7:44:13:5B:41:8C BOND_NONE => BOND_BONDING
03-19 11:22:04.943 W/BroadcastQueue( 487): Background execution not allowed: receiving Intent { act=android.bluetooth.device.action.BOND_STATE_CHANGED flg=0x10 (has extras) } to com.dangbei.lerad.etna.haqu/com.dangbei.remotecontroller.RemoteControllerReceiver
03-19 11:22:04.944 I/dangbei111( 1047): cccccc on receiver=android.bluetooth.device.action.BOND_STATE_CHANGED,mac=C7:44:13:5B:41:8C
03-19 11:22:04.944 I/dangbei111( 1047): Wait for auto connection, processBondStateChange: bondState: 10 --> 11 C7:44:13:5B:41:8C
03-19 11:22:04.944 D/A2dpService( 672): Bond state changed for device: C7:44:13:5B:41:8C state: 11
03-19 11:22:04.946 E/bond ( 2949): name=Dangbei,state=11,action=android.bluetooth.device.action.BOND_STATE_CHANGED
03-19 11:22:05.280 W/IorapForwardingService( 487): No service published for: iorapd
03-19 11:22:05.938 I/bt_stack( 672): [INFO:btsnoop.cc(338)] clear_l2cap_allowlist: Clearing acceptlist from l2cap channel. conn_handle=16 cid=4:4
03-19 11:22:05.939 I/bt_stack( 672): [INFO:gatt_attr.cc(338)] gatt_connect_cback: remove untrusted client status, bda=c7:44:13:5b:41:8c
03-19 11:22:05.939 I/bluetooth( 672): system/bt/stack/gap/gap_ble.cc:298 client_connect_cback: No active GAP service found for peer:xx:xx:xx:xx:41:8c callback:Disconnected
03-19 11:22:05.939 I/bt_bta_gattc( 672): system/bt/bta/gatt/bta_gattc_act.cc:1115 bta_gattc_conn_cback: Disconnected att_id:3 transport:le reason:GATT_CONN_TIMEOUT
03-19 11:22:05.939 I/bt_bta_gattc( 672): system/bt/bta/gatt/bta_gattc_act.cc:1115 bta_gattc_conn_cback: Disconnected att_id:4 transport:le reason:GATT_CONN_TIMEOUT
03-19 11:22:05.939 I/bt_bta_gattc( 672): system/bt/bta/gatt/bta_gattc_act.cc:1115 bta_gattc_conn_cback: Disconnected att_id:5 transport:le reason:GATT_CONN_TIMEOUT
03-19 11:22:05.939 I/bt_bta_gattc( 672): system/bt/bta/gatt/bta_gattc_act.cc:1115 bta_gattc_conn_cback: Disconnected att_id:6 transport:le reason:GATT_CONN_TIMEOUT
03-19 11:22:05.939 I/bt_stack( 672): [INFO:btsnoop.cc(338)] clear_l2cap_allowlist: Clearing acceptlist from l2cap channel. conn_handle=16 cid=6:6
03-19 11:22:05.940 W/bt_stack( 672): [WARNING:l2c_api.cc(1394)] L2CA_RemoveFixedChnl BDA: c7:44:13:5b:41:8c CID: 0x0006 not connected
03-19 11:22:05.940 I/bt_btif_storage( 672): system/bt/btif/src/btif_storage.cc:1138 btif_storage_remove_ble_bonding_keys: Removing bonding keys for bd addr:c7:44:13:5b:41:8c
03-19 11:22:05.940 I/bt_btif_config( 672): system/bt/btif/src/btif_config.cc:137 btif_get_device_type: Device [c7:44:13:5b:41:8c] device type 2
03-19 11:22:05.940 I/bt_btif_dm( 672): system/bt/btif/src/btif_dm.cc:384 get_cod: get_cod remote_cod = 0x00001f00
03-19 11:22:05.940 I/bt_btif_dm( 672): system/bt/btif/src/btif_dm.cc:451 bond_state_changed: Bond state changed to state=0 [0:none, 1:bonding, 2:bonded], prev_state=1, sdp_attempts = 0
03-19 11:22:05.940 E/bt_stack( 672): [ERROR:metric_id_allocator.cc(181)] BluetoothMetricIdAllocatorFailed to forget device because device is not in paired_device_cache_
03-19 11:22:05.941 I/bt_btif_config( 672): system/bt/btif/src/btif_config.cc:137 btif_get_device_type: Device [c7:44:13:5b:41:8c] device type 2
03-19 11:22:05.941 W/bt_btm_sec( 672): system/bt/stack/btm/btm_sec.cc:3685 btm_sec_disconnected: Got uncommon disconnection reason:Connection Timeout handle:0x0010
03-19 11:22:05.942 I/btif_av ( 672): system/bt/btif/src/btif_av.cc:3352 btif_av_acl_disconnected: btif_av_acl_disconnected: Peer c7:44:13:5b:41:8c : ACL Disconnected
03-19 11:22:05.942 I/bt_stack( 672): [INFO:gatt_api.cc(1231)] GATT_CancelConnect: gatt_if:0, address: c7:44:13:5b:41:8c, direct:0
03-19 11:22:05.942 I/BluetoothBondStateMachine( 672): bondStateChangeCallback: Status: 9 Address: C7:44:13:5B:41:8C newState: 0
03-19 11:22:05.942 I/btif_av ( 672): system/bt/btif/src/btif_av.cc:1078 FindOrCreatePeer: BtifAvPeer *BtifAvSource::FindOrCreatePeer(const RawAddress &, tBTA_AV_HNDL): Create peer: peer_address=c7:44:13:5b:41:8c bta_handle=0x41 peer_id=0
03-19 11:22:05.942 I/btif_av ( 672): system/bt/btif/src/btif_av.cc:3279 btif_av_get_peer_sep: No active sink or source peer found
03-19 11:22:05.942 I/bt_btif_a2dp_source( 672): system/bt/btif/src/btif_a2dp_source.cc:691 btif_a2dp_source_on_idle: btif_a2dp_source_on_idle: state=STATE_OFF
03-19 11:22:05.942 I/btif_av ( 672): system/bt/btif/src/btif_av.cc:3279 btif_av_get_peer_sep: No active sink or source peer found
03-19 11:22:05.942 I/bt_btif_a2dp_source( 672): system/bt/btif/src/btif_a2dp_source.cc:691 btif_a2dp_source_on_idle: btif_a2dp_source_on_idle: state=STATE_OFF
03-19 11:22:05.942 I/btif_av ( 672): system/bt/btif/src/btif_av.cc:1123 DeleteIdlePeers: DeleteIdlePeers: Deleting idle peer: c7:44:13:5b:41:8c bta_handle=0x41
03-19 11:22:05.943 D/BluetoothGatt( 1047): onClientConnectionState() - status=0 clientIf=5 device=C7:44:13:5B:41:8C
03-19 11:22:05.943 D/BluetoothGatt( 1047): onClientConnectionState() - status=0 clientIf=6 device=C7:44:13:5B:41:8C
03-19 11:22:05.946 D/AdapterProperties( 672): Failed to remove device: C7:44:13:5B:41:8C
03-19 11:22:05.952 I/BluetoothBondStateMachine( 672): Bond State Change Intent:C7:44:13:5B:41:8C BOND_BONDING => BOND_NONE
03-19 11:22:05.953 W/HeadsetClientService( 672): getHeadsetClientService(): service is null
03-19 11:22:05.953 W/PbapClientService( 672): getPbapClientService(): service is null
03-19 11:22:05.953 V/BluetoothDatabase( 672): setProfileConnectionPolicy connection policy not changed.
03-19 11:22:05.954 D/A2dpService( 672): Saved connectionPolicy C7:44:13:5B:41:8C = -1
03-19 11:22:05.954 V/BluetoothDatabase( 672): setProfileConnectionPolicy connection policy not changed.
03-19 11:22:05.954 I/HeadsetService( 672): setConnectionPolicy: device=C7:44:13:5B:41:8C, connectionPolicy=-1, uid/pid=1002/672
03-19 11:22:05.954 V/BluetoothDatabase( 672): setProfileConnectionPolicy connection policy not changed.
03-19 11:22:05.954 I/BluetoothBondStateMachine( 672): StableState(): Entering Off State
03-19 11:22:05.960 D/A2dpService( 672): Bond state changed for device: C7:44:13:5B:41:8C state: 10
03-19 11:22:05.961 W/BroadcastQueue( 487): Background execution not allowed: receiving Intent { act=android.bluetooth.device.action.BOND_STATE_CHANGED flg=0x10 (has extras) } to com.dangbei.lerad.etna.haqu/com.dangbei.remotecontroller.RemoteControllerReceiver
03-19 11:22:05.963 E/bond ( 2949): name=Dangbei,state=10,action=android.bluetooth.device.action.BOND_STATE_CHANGED
03-19 11:22:05.964 I/dangbei111( 1047): cccccc on receiver=android.bluetooth.device.action.BOND_STATE_CHANGED,mac=C7:44:13:5B:41:8C
03-19 11:22:05.964 I/dangbei111( 1047): Wait for auto connection, processBondStateChange: bondState: 11 --> 10 C7:44:13:5B:41:8C
03-19 11:22:05.968 E/bond ( 2949): name=Dangbei,state=10,action=android.bluetooth.device.action.ACL_DISCONNECTED
03-19 11:22:05.970 I/dangbei111( 1047): cccccc on receiver=android.bluetooth.device.action.ACL_DISCONNECTED,mac=C7:44:13:5B:41:8C
03-19 11:22:05.972 D/BluetoothDatabase( 672): getCustomMeta: device C7:44:13:5B:41:8C is not in cache
03-19 11:22:05.973 D/BluetoothDatabase( 672): getCustomMeta: device C7:44:13:5B:41:8C is not in cache
03-19 11:22:06.282 W/IorapForwardingService( 487): No service published for: iorapd
03-19 11:22:07.283 W/IorapForwardingService( 487): No service published for: iorapd
03-19 11:22:07.566 E/WifiHAL ( 663): wifi_get_link_stats: requestResponse Error:-5
03-19 11:22:07.567 E/WifiVendorHal( 487): getWifiLinkLayerStats_1_5_Internal(l.1191) failed {.code = ERROR_INVALID_ARGS, .description = }
03-19 11:22:07.724 W/hdr10p_Configure( 363): 122 callbacks suppressed
03-19 11:22:07.724 I/ ( 363): DVI mode selected: packets not configured
03-19 11:22:07.724 W/set_vsif_config( 363): 122 callbacks suppressed
03-19 11:22:07.724 I/ ( 363): Error: set vsif failed
03-19 11:22:07.724 I/ ( 363): DVI mode selected: packets not configured
03-19 11:22:07.724 I/ ( 363): Error: set vsif failed
03-19 11:22:07.752 I/ ( 363): DVI mode selected: packets not configured
