03-19 11:22:58.677 W/System.err( 1047): at com.etna.haqu.support.ext.FlowExtKt$safeCollect$3.emit(FlowExt.kt:52)
03-19 11:22:58.677 W/System.err( 1047): at kotlinx.coroutines.flow.FlowKt__ErrorsKt$catchImpl$2.emit(Errors.kt:158)
03-19 11:22:58.677 W/System.err( 1047): at kotlinx.coroutines.flow.FlowKt__ChannelsKt.emitAllImpl$FlowKt__ChannelsKt(Channels.kt:62)
03-19 11:22:58.677 W/System.err( 1047): at kotlinx.coroutines.flow.FlowKt__ChannelsKt.access$emitAllImpl$FlowKt__ChannelsKt(Channels.kt:1)
03-19 11:22:58.677 W/System.err( 1047): at kotlinx.coroutines.flow.FlowKt__ChannelsKt$emitAllImpl$1.invokeSuspend(Unknown Source:14)
03-19 11:22:58.677 W/System.err( 1047): at kotlin.coroutines.jvm.internal.BaseContinuationImpl.resumeWith(ContinuationImpl.kt:33)
03-19 11:22:58.677 W/System.err( 1047): at kotlinx.coroutines.DispatchedTask.run(DispatchedTask.kt:106)
03-19 11:22:58.677 W/System.err( 1047): at android.os.Handler.handleCallback(Handler.java:938)
03-19 11:22:58.677 W/System.err( 1047): at android.os.Handler.dispatchMessage(Handler.java:99)
03-19 11:22:58.678 W/System.err( 1047): at android.os.Looper.loopOnce(Looper.java:201)
03-19 11:22:58.678 W/System.err( 1047): at android.os.Looper.loop(Looper.java:288)
03-19 11:22:58.678 W/System.err( 1047): at android.app.ActivityThread.main(ActivityThread.java:7854)
03-19 11:22:58.678 W/System.err( 1047): at java.lang.reflect.Method.invoke(Native Method)
03-19 11:22:58.678 W/System.err( 1047): at com.android.internal.os.RuntimeInit$MethodAndArgsCaller.run(RuntimeInit.java:548)
03-19 11:22:58.678 W/System.err( 1047): at com.android.internal.os.ZygoteInit.main(ZygoteInit.java:1182)
03-19 11:22:58.681 E/ccc ( 2949): cccccc notifyUpdateChanged {"code":1,"data":{"hasUpdate":false,"what":2,"why":-1},"message":"更新状态变化"}
03-19 11:22:58.682 E/ccc ( 2949): cccccc EtnaSendUpdateStatusChangeBean.remoteUpdateChanged
03-19 11:22:58.682 E/ccc ( 2949): cccccc event HomeActivity REMOTE_UPDATE_STATUS_CHANGED
03-19 11:22:58.682 E/ccc ( 1047): cccccc updateHelper 通知更新
03-19 11:22:58.682 E/dangbei111( 1047): cccccc requestRemoteInfoInner 出现异常 Attempt to invoke virtual method 'java.lang.String com.etna.haqu.model.business.bean.db.remote.RemoteUpdateBean.getDownloadId()' on a null object reference
03-19 11:22:58.744 W/hdr10p_Configure( 363): 126 callbacks suppressed
03-19 11:22:58.744 I/ ( 363): DVI mode selected: packets not configured
03-19 11:22:58.744 W/set_vsif_config( 363): 126 callbacks suppressed
03-19 11:22:58.744 I/ ( 363): Error: set vsif failed
03-19 11:22:58.744 I/ ( 363): DVI mode selected: packets not configured
03-19 11:22:58.744 I/ ( 363): Error: set vsif failed
03-19 11:22:58.803 I/ ( 363): DVI mode selected: packets not configured
03-19 11:22:58.803 I/ ( 363): Error: set vsif failed
03-19 11:22:58.803 I/ ( 363): DVI mode selected: packets not configured
03-19 11:22:58.803 I/ ( 363): Error: set vsif failed
03-19 11:22:58.823 E/WifiHAL ( 663): wifi_get_link_stats: requestResponse Error:-5
03-19 11:22:58.829 I/ ( 363): DVI mode selected: packets not configured
03-19 11:22:58.829 I/ ( 363): Error: set vsif failed
03-19 11:22:58.829 I/ ( 363): DVI mode selected: packets not configured
03-19 11:22:58.829 I/ ( 363): Error: set vsif failed
03-19 11:22:58.826 E/WifiVendorHal( 487): getWifiLinkLayerStats_1_5_Internal(l.1191) failed {.code = ERROR_INVALID_ARGS, .description = }
03-19 11:22:58.854 I/ ( 363): DVI mode selected: packets not configured
03-19 11:22:58.854 I/ ( 363): Error: set vsif failed
03-19 11:22:58.854 I/ ( 363): DVI mode selected: packets not configured
03-19 11:22:58.854 I/ ( 363): Error: set vsif failed
03-19 11:22:58.878 I/ ( 363): DVI mode selected: packets not configured
03-19 11:22:58.878 I/ ( 363): Error: set vsif failed
03-19 11:22:58.878 I/ ( 363): DVI mode selected: packets not configured
03-19 11:22:58.878 I/ ( 363): Error: set vsif failed
03-19 11:22:59.306 D/hdmi-cec( 261): receive invalid cec message!
03-19 11:22:59.306 D/hdmi-cec( 261): receive poll message [04], skip!
03-19 11:22:59.397 W/IorapForwardingService( 487): No service published for: iorapd
03-19 11:22:59.645 E/dangbei111( 1047): cccccc 准备开始进行 startScanInner
03-19 11:22:59.645 E/dangbei111( 1047): cccccc 真正开始进入扫描流程啦
03-19 11:22:59.651 E/dangbei111( 1047): cccccc 检查遥控器是否连接: Dangbei C7:44:13:5B:41:8C
03-19 11:22:59.655 E/dangbei111( 1047): cccccc 检查遥控器是否连接: 蓝牙的结果 Dangbei C7:44:13:5B:41:8C true
03-19 11:22:59.655 E/dangbei111( 1047): cccccc 确实有遥控器 存在 取消check任务
03-19 11:22:59.655 E/dangbei111( 1047): cccccc 尝试 stopBleScan
03-19 11:22:59.657 D/BluetoothAdapter( 1047): isLeEnabled(): ON
03-19 11:22:59.657 D/BluetoothLeScanner( 1047): could not find callback wrapper
03-19 11:22:59.657 E/dangbei111( 1047): cccccc stopBleScanInner null
03-19 11:22:59.657 E/dangbei111( 1047): cccccc rc is connected, stop scan =C7:44:13:5B:41:8C
03-19 11:22:59.657 E/dangbei111( 1047): cccccc 遥控器有连接 不做 scan
03-19 11:22:59.657 E/dangbei111( 1047): 开始扫描 com.dangbei.remotecontroller.RCHelper$3@19e4d3
03-19 11:22:59.657 D/BluetoothAdapter( 1047): isLeEnabled(): ON
03-19 11:22:59.660 I/bluetooth( 672): system/bt/stack/gatt/gatt_api.cc:1019 GATT_Register: Allocated name:GattClient uuid:c7c1d41e-0fbb-6f00-57cb-b3901c9c11a3 gatt_if:8 eatt_support:0
03-19 11:22:59.661 I/bt_bta_gattc( 672): system/bt/bta/gatt/bta_gattc_act.cc:1110 bta_gattc_conn_cback: Connected att_id:8 transport:le reason:GATT_CONN_OK
03-19 11:22:59.661 D/BluetoothLeScanner( 1047): onScannerRegistered() - status=0 scannerId=8 mScannerId=0
03-19 11:22:59.681 I/BLEAudioDrive_HV410( 248): select timeout!
03-19 11:23:00.329 D/aaa ( 7639): LedStatusService onStartCommand begin
03-19 11:23:00.330 D/aaa ( 7639): topPkg is -------------- :com.dangbei.haqusetting
03-19 11:23:00.333 D/bbb ( 1203): onStartCommand begin !!!!!!! data分区剩余 24948MB
03-19 11:23:00.399 W/IorapForwardingService( 487): No service published for: iorapd
03-19 11:23:01.310 I/bt_stack( 672): [INFO:btsnoop.cc(338)] clear_l2cap_allowlist: Clearing acceptlist from l2cap channel. conn_handle=16 cid=4:4
03-19 11:23:01.311 I/bluetooth( 672): system/bt/stack/gap/gap_ble.cc:298 client_connect_cback: No active GAP service found for peer:xx:xx:xx:xx:41:8c callback:Disconnected
03-19 11:23:01.311 I/bt_bta_gattc( 672): system/bt/bta/gatt/bta_gattc_act.cc:1115 bta_gattc_conn_cback: Disconnected att_id:3 transport:le reason:GATT_CONN_TIMEOUT
03-19 11:23:01.311 I/bt_bta_gattc( 672): system/bt/bta/gatt/bta_gattc_act.cc:1115 bta_gattc_conn_cback: Disconnected att_id:4 transport:le reason:GATT_CONN_TIMEOUT
03-19 11:23:01.311 I/bt_bta_gattc( 672): system/bt/bta/gatt/bta_gattc_act.cc:1115 bta_gattc_conn_cback: Disconnected att_id:5 transport:le reason:GATT_CONN_TIMEOUT
03-19 11:23:01.311 I/bt_bta_gattc( 672): system/bt/bta/gatt/bta_gattc_act.cc:1115 bta_gattc_conn_cback: Disconnected att_id:6 transport:le reason:GATT_CONN_TIMEOUT
03-19 11:23:01.311 I/bt_bta_gattc( 672): system/bt/bta/gatt/bta_gattc_act.cc:1115 bta_gattc_conn_cback: Disconnected att_id:8 transport:le reason:GATT_CONN_TIMEOUT
03-19 11:23:01.311 W/bt_btm_sec( 672): system/bt/stack/btm/btm_sec.cc:3685 btm_sec_disconnected: Got uncommon disconnection reason:Connection Timeout handle:0x0010
03-19 11:23:01.312 I/btif_av ( 672): system/bt/btif/src/btif_av.cc:3352 btif_av_acl_disconnected: btif_av_acl_disconnected: Peer c7:44:13:5b:41:8c : ACL Disconnected
03-19 11:23:01.312 E/bt_stack( 672): [ERROR:bta_gattc_api.cc(729)] BTA_GATTC_DeregisterForNotifications registration not found bd_addr=c7:44:13:5b:41:8c
03-19 11:23:01.312 E/bt_stack( 672): [ERROR:bta_gattc_api.cc(729)] BTA_GATTC_DeregisterForNotifications registration not found bd_addr=c7:44:13:5b:41:8c
03-19 11:23:01.312 W/bt_btif ( 672): system/bt/main/bte_logmsg.cc:194 LogMsg: bta_hh_co_close: dev_handle = 16, app_id = 255
03-19 11:23:01.313 W/bt_btif ( 672): system/bt/main/bte_logmsg.cc:194 LogMsg: bta_hh_co_close: Found an existing device with the same handle dev_status = 0, dev_handle =16
03-19 11:23:01.313 I/btif_av ( 672): system/bt/btif/src/btif_av.cc:1078 FindOrCreatePeer: BtifAvPeer *BtifAvSource::FindOrCreatePeer(const RawAddress &, tBTA_AV_HNDL): Create peer: peer_address=c7:44:13:5b:41:8c bta_handle=0x41 peer_id=0
03-19 11:23:01.313 I/btif_av ( 672): system/bt/btif/src/btif_av.cc:3279 btif_av_get_peer_sep: No active sink or source peer found
03-19 11:23:01.313 I/bt_btif_a2dp_source( 672): system/bt/btif/src/btif_a2dp_source.cc:691 btif_a2dp_source_on_idle: btif_a2dp_source_on_idle: state=STATE_OFF
03-19 11:23:01.313 I/btif_av ( 672): system/bt/btif/src/btif_av.cc:3279 btif_av_get_peer_sep: No active sink or source peer found
03-19 11:23:01.313 I/bt_btif_a2dp_source( 672): system/bt/btif/src/btif_a2dp_source.cc:691 btif_a2dp_source_on_idle: btif_a2dp_source_on_idle: state=STATE_OFF
03-19 11:23:01.313 I/btif_av ( 672): system/bt/btif/src/btif_av.cc:1123 DeleteIdlePeers: DeleteIdlePeers: Deleting idle peer: c7:44:13:5b:41:8c bta_handle=0x41
03-19 11:23:01.314 D/BluetoothGatt( 1047): onClientConnectionState() - status=0 clientIf=5 device=C7:44:13:5B:41:8C
03-19 11:23:01.314 D/BluetoothGatt( 1047): onClientConnectionState() - status=0 clientIf=6 device=C7:44:13:5B:41:8C
03-19 11:23:01.324 D/XM_HIDREAD( 318): remove@ remove@/devices/virtual/misc/uhid/0005:1D5A:C081.008D/input/input420/input420::numlock
03-19 11:23:01.324 D/XM_HIDREAD( 318): remove@ remove@/devices/virtual/misc/uhid/0005:1D5A:C081.008D/input/input420/input420::capslock
03-19 11:23:01.326 D/XM_HIDREAD( 318): remove@ remove@/devices/virtual/misc/uhid/0005:1D5A:C081.008D/input/input420/input420::scrolllock
03-19 11:23:01.326 D/XM_HIDREAD( 318): remove@ remove@/devices/virtual/misc/uhid/0005:1D5A:C081.008D/input/input420/input420::compose
03-19 11:23:01.327 E/bond ( 2949): name=Dangbei,state=12,action=android.bluetooth.device.action.ACL_DISCONNECTED
03-19 11:23:01.327 I/dangbei111( 1047): cccccc on receiver=android.bluetooth.device.action.ACL_DISCONNECTED,mac=C7:44:13:5B:41:8C
03-19 11:23:01.327 D/XM_HIDREAD( 318): remove@ remove@/devices/virtual/misc/uhid/0005:1D5A:C081.008D/input/input420/input420::kana
03-19 11:23:01.342 D/XM_HIDREAD( 318): remove@ remove@/devices/virtual/misc/uhid/0005:1D5A:C081.008D/input/input420/event3
03-19 11:23:01.344 I/EventHub( 487): Removing device Dangbei Keyboard due to epoll hang-up event.
03-19 11:23:01.344 I/EventHub( 487): Removed device: path=/dev/input/event3 name=Dangbei Keyboard id=421 fd=280 classes=KEYBOARD | EXTERNAL
03-19 11:23:01.353 D/XM_HIDREAD( 318): remove@ remove@/devices/virtual/wakeup/wakeup27
03-19 11:23:01.369 I/EventHub( 487): Removing device '/dev/input/event3' due to inotify event
03-19 11:23:01.369 I/InputReader( 487): Device removed: id=144, eventHubId=421, name='Dangbei Keyboard', descriptor='142719f68ba1f1336fc48aa2b25b032b200b64b0', sources=0x01000111
03-19 11:23:01.370 D/XM_HIDREAD( 318): remove@ remove@/devices/virtual/misc/uhid/0005:1D5A:C081.008D/input/input420
03-19 11:23:01.372 D/XM_HIDREAD( 318): remove@ remove@/devices/virtual/misc/uhid/0005:1D5A:C081.008D/input/input421/event4
03-19 11:23:01.375 I/EventHub( 487): Removing device Dangbei Consumer Control due to epoll hang-up event.
03-19 11:23:01.375 I/EventHub( 487): Removed device: path=/dev/input/event4 name=Dangbei Consumer Control id=422 fd=288 classes=KEYBOARD | JOYSTICK | EXTERNAL
03-19 11:23:01.378 D/XM_HIDREAD( 318): remove@ remove@/devices/virtual/wakeup/wakeup28
03-19 11:23:01.397 I/EventHub( 487): Removing device '/dev/input/event4' due to inotify event
03-19 11:23:01.397 I/InputReader( 487): Device removed: id=144, eventHubId=422, name='Dangbei Keyboard', descriptor='142719f68ba1f1336fc48aa2b25b032b200b64b0', sources=0x01000111
03-19 11:23:01.398 D/XM_HIDREAD( 318): remove@ remove@/devices/virtual/misc/uhid/0005:1D5A:C081.008D/input/input421
03-19 11:23:01.400 D/XM_HIDREAD( 318): remove@ remove@/devices/virtual/misc/uhid/0005:1D5A:C081.008D/input/input422/event5
03-19 11:23:01.402 W/IorapForwardingService( 487): No service published for: iorapd
03-19 11:23:01.402 I/EventHub( 487): Removing device '/dev/input/event5' due to inotify event
03-19 11:23:01.421 D/XM_HIDREAD( 318): remove@ remove@/devices/virtual/misc/uhid/0005:1D5A:C081.008D/input/input422
03-19 11:23:01.422 D/XM_HIDREAD( 318): remove@ remove@/devices/virtual/misc/uhid/0005:1D5A:C081.008D
03-19 11:23:01.423 D/BluetoothHidHostService( 672): Connection state C7:44:13:5B:41:8C: 2->0
03-19 11:23:01.428 D/AdapterProperties( 672): PROFILE_CONNECTION_STATE_CHANGE: profile=4, device=C7:44:13:5B:41:8C, 2 -> 0
03-19 11:23:01.429 W/AdapterProperties( 672): PROFILE_CONNECTION_STATE_CHANGE: unexpected transition for profile=4, device=C7:44:13:5B:41:8C, 2 -> 0
03-19 11:23:01.431 D/AdapterProperties( 672): ADAPTER_CONNECTION_STATE_CHANGE: C7:44:13:5B:41:8C: 2 -> 0
03-19 11:23:01.431 W/AdapterProperties( 672): ADAPTER_CONNECTION_STATE_CHANGE: unexpected transition for profile=4, device=C7:44:13:5B:41:8C, 2 -> 0
03-19 11:23:01.433 D/CachedBluetoothDevice( 679): onProfileStateChanged: profile HID, device Dangbei, newProfileState 0
03-19 11:23:01.838 E/WifiHAL ( 663): wifi_get_link_stats: requestResponse Error:-5
03-19 11:23:01.840 E/WifiVendorHal( 487): getWifiLinkLayerStats_1_5_Internal(l.1191) failed {.code = ERROR_INVALID_ARGS, .description = }
03-19 11:23:02.404 W/IorapForwardingService( 487): No service published for: iorapd
03-19 11:23:03.407 W/IorapForwardingService( 487): No service published for: iorapd
03-19 11:23:03.518 E/dangbei111( 1047): cccccc 检查遥控器是否连接: Dangbei C7:44:13:5B:41:8C
03-19 11:23:03.520 E/dangbei111( 1047): cccccc 检查遥控器是否连接: 蓝牙的结果 Dangbei C7:44:13:5B:41:8C false
03-19 11:23:03.520 E/dangbei111( 1047): cccccc input中没有遥控器存在
03-19 11:23:03.520 E/dangbei111( 1047): cccccc 蓝牙状态连接 不是连接状态 啥都不干
03-19 11:23:03.522 E/dangbei111( 1047): cccccc 蓝牙状态连接 配对状态 啥都不做
03-19 11:23:03.523 E/dangbei111( 1047): scan get device,state=10
03-19 11:23:03.524 E/dangbei111( 1047): ble scan find the device C9:B5:96:5C:E3:ED
03-19 11:23:03.525 E/dangbei111( 1047): cccccc 扫描到了设备 Dangbei C9:B5:96:5C:E3:ED
03-19 11:23:03.530 E/dangbei111( 1047): cccccc 检查遥控器是否连接: Dangbei C7:44:13:5B:41:8C
03-19 11:23:03.532 E/dangbei111( 1047): cccccc 检查遥控器是否连接: 蓝牙的结果 Dangbei C7:44:13:5B:41:8C false
03-19 11:23:03.533 E/dangbei111( 1047): cccccc input中没有遥控器存在
03-19 11:23:03.533 E/dangbei111( 1047): cccccc 蓝牙状态连接 不是连接状态 啥都不干
03-19 11:23:03.535 E/dangbei111( 1047): cccccc 蓝牙状态连接 配对状态 啥都不做
03-19 11:23:03.539 E/dangbei111( 1047): cccccc 检查遥控器是否连接: Dangbei C7:44:13:5B:41:8C
03-19 11:23:03.541 E/dangbei111( 1047): cccccc 检查遥控器是否连接: 蓝牙的结果 Dangbei C7:44:13:5B:41:8C false
03-19 11:23:03.542 E/dangbei111( 1047): cccccc input中没有遥控器存在
03-19 11:23:03.542 E/dangbei111( 1047): cccccc 蓝牙状态连接 不是连接状态 啥都不干
03-19 11:23:03.544 E/dangbei111( 1047): cccccc 蓝牙状态连接 配对状态 啥都不做
03-19 11:23:03.544 E/dangbei111( 1047): bondOrConnect state=10
03-19 11:23:03.544 E/dangbei111( 1047): 500ms后 开始配对 先去停止scan
03-19 11:23:03.544 E/dangbei111( 1047): cccccc 尝试 stopBleScan
03-19 11:23:03.545 D/BluetoothAdapter( 1047): isLeEnabled(): ON
03-19 11:23:03.550 I/bt_stack( 672): [INFO:gatt_api.cc(1042)] GATT_Deregister gatt_if=8
03-19 11:23:03.550 E/dangbei111( 1047): cccccc stopBleScanInner com.dangbei.remotecontroller.RCHelper$3@19e4d3
03-19 11:23:04.055 I/bt_btif_dm( 672): system/bt/btif/src/btif_dm.cc:1884 btif_dm_cancel_discovery: Cancel search
03-19 11:23:04.056 I/BluetoothBondStateMachine( 672): Bond address is:C9:B5:96:5C:E3:ED
03-19 11:23:04.057 I/bt_btif_config( 672): system/bt/btif/src/btif_config.cc:137 btif_get_device_type: Device [c9:b5:96:5c:e3:ed] device type 2
03-19 11:23:04.057 I/bt_btif_dm( 672): system/bt/btif/src/btif_dm.cc:384 get_cod: get_cod remote_cod = 0x00001f00
03-19 11:23:04.057 I/bt_btif_dm( 672): system/bt/btif/src/btif_dm.cc:384 get_cod: get_cod remote_cod = 0x00001f00
03-19 11:23:04.057 I/bt_btif_config( 672): system/bt/btif/src/btif_config.cc:137 btif_get_device_type: Device [c9:b5:96:5c:e3:ed] device type 2
03-19 11:23:04.057 I/bt_btif_dm( 672): system/bt/btif/src/btif_dm.cc:384 get_cod: get_cod remote_cod = 0x00001f00
03-19 11:23:04.058 I/bt_btif_dm( 672): system/bt/btif/src/btif_dm.cc:451 bond_state_changed: Bond state changed to state=1 [0:none, 1:bonding, 2:bonded], prev_state=0, sdp_attempts = 0
03-19 11:23:04.058 I/bt_btif_config( 672): system/bt/btif/src/btif_config.cc:137 btif_get_device_type: Device [c9:b5:96:5c:e3:ed] device type 2
03-19 11:23:04.058 I/BluetoothBondStateMachine( 672): Entering PendingCommandState State
03-19 11:23:04.061 I/BluetoothBondStateMachine( 672): bondStateChangeCallback: Status: 0 Address: C9:B5:96:5C:E3:ED newState: 1
03-19 11:23:04.071 I/BluetoothBondStateMachine( 672): Bond State Change Intent:C9:B5:96:5C:E3:ED BOND_NONE => BOND_BONDING
03-19 11:23:04.073 D/BluetoothDatabase( 672): updateDatabase C9:B5:96:5C:E3:ED
03-19 11:23:04.077 W/BroadcastQueue( 487): Background execution not allowed: receiving Intent { act=android.bluetooth.device.action.BOND_STATE_CHANGED flg=0x10 (has extras) } to com.dangbei.lerad.etna.haqu/com.dangbei.remotecontroller.RemoteControllerReceiver
03-19 11:23:04.077 I/dangbei111( 1047): cccccc on receiver=android.bluetooth.device.action.BOND_STATE_CHANGED,mac=C9:B5:96:5C:E3:ED
03-19 11:23:04.077 I/dangbei111( 1047): Wait for auto connection, processBondStateChange: bondState: 10 --> 11 C9:B5:96:5C:E3:ED
03-19 11:23:04.078 D/A2dpService( 672): Bond state changed for device: C9:B5:96:5C:E3:ED state: 11
03-19 11:23:04.082 E/bond ( 2949): name=Dangbei,state=11,action=android.bluetooth.device.action.BOND_STATE_CHANGED
03-19 11:23:04.408 W/IorapForwardingService( 487): No service published for: iorapd
03-19 11:23:04.828 W/hdr10p_Configure( 363): 132 callbacks suppressed
03-19 11:23:04.829 I/ ( 363): DVI mode selected: packets not configured
03-19 11:23:04.829 W/set_vsif_config( 363): 132 callbacks suppressed
03-19 11:23:04.829 I/ ( 363): Error: set vsif failed
03-19 11:23:04.829 I/ ( 363): DVI mode selected: packets not configured
03-19 11:23:04.829 I/ ( 363): Error: set vsif failed
03-19 11:23:04.855 I/ ( 363): DVI mode selected: packets not configured
03-19 11:23:04.855 I/ ( 363): Error: set vsif failed
03-19 11:23:04.855 I/ ( 363): DVI mode selected: packets not configured
03-19 11:23:04.855 I/ ( 363): Error: set vsif failed
03-19 11:23:04.854 E/WifiHAL ( 663): wifi_get_link_stats: requestResponse Error:-5
03-19 11:23:04.856 E/WifiVendorHal( 487): getWifiLinkLayerStats_1_5_Internal(l.1191) failed {.code = ERROR_INVALID_ARGS, .description = }
03-19 11:23:04.880 I/ ( 363): DVI mode selected: packets not configured
03-19 11:23:04.880 I/ ( 363): Error: set vsif failed
03-19 11:23:04.880 I/ ( 363): DVI mode selected: packets not configured
03-19 11:23:04.880 I/ ( 363): Error: set vsif failed
03-19 11:23:04.904 I/ ( 363): DVI mode selected: packets not configured
03-19 11:23:04.904 I/ ( 363): Error: set vsif failed
03-19 11:23:04.904 I/ ( 363): DVI mode selected: packets not configured
03-19 11:23:04.904 I/ ( 363): Error: set vsif failed
03-19 11:23:04.927 I/ ( 363): DVI mode selected: packets not configured
03-19 11:23:04.927 I/ ( 363): Error: set vsif failed
03-19 11:23:04.927 I/ ( 363): DVI mode selected: packets not configured
03-19 11:23:04.927 I/ ( 363): Error: set vsif failed
03-19 11:23:05.342 I/bluetooth( 672): system/bt/stack/gatt/connection_manager.cc:185 on_connection_complete: Le connection completed to device:c9:b5:96:5c:e3:ed
03-19 11:23:05.342 I/bt_btm_ble( 672): system/bt/stack/btm/btm_ble.cc:1699 btm_ble_connected: Updating device record timestamp for existing ble connection
03-19 11:23:05.411 W/IorapForwardingService( 487): No service published for: iorapd
03-19 11:23:05.431 I/bt_stack( 672): [INFO:gatt_attr.cc(880)] gatt_sr_init_cl_status: bda=c9:b5:96:5c:e3:ed, cl_supp_feat=0000, aware=1
03-19 11:23:05.431 I/bluetooth( 672): system/bt/stack/gap/gap_ble.cc:298 client_connect_cback: No active GAP service found for peer:xx:xx:xx:xx:e3:ed callback:Connected
03-19 11:23:05.431 I/bt_bta_gattc( 672): system/bt/bta/gatt/bta_gattc_act.cc:1110 bta_gattc_conn_cback: Connected att_id:3 transport:le reason:GATT_CONN_OK
03-19 11:23:05.431 I/bt_bta_gattc( 672): system/bt/bta/gatt/bta_gattc_act.cc:1110 bta_gattc_conn_cback: Connected att_id:4 transport:le reason:GATT_CONN_OK
03-19 11:23:05.431 I/bt_bta_gattc( 672): system/bt/bta/gatt/bta_gattc_act.cc:1110 bta_gattc_conn_cback: Connected att_id:5 transport:le reason:GATT_CONN_OK
03-19 11:23:05.432 I/bt_bta_gattc( 672): system/bt/bta/gatt/bta_gattc_act.cc:1110 bta_gattc_conn_cback: Connected att_id:6 transport:le reason:GATT_CONN_OK
03-19 11:23:05.432 I/bluetooth( 672): system/bt/stack/gatt/connection_manager.cc:185 on_connection_complete: Le connection completed to device:c9:b5:96:5c:e3:ed
03-19 11:23:05.432 I/bt_stack( 672): [INFO:eatt_impl.h(634)] connect device c9:b5:96:5c:e3:ed rolecentral
03-19 11:23:05.433 I/bt_btif_dm( 672): system/bt/btif/src/btif_dm.cc:497 btif_update_remote_version_property: Remote version info valid:true [xx:xx:xx:xx:e3:ed]: 8, 50e, 8
03-19 11:23:05.458 E/BluetoothPhonePolicy( 672): Received unexpected intent, action=android.bluetooth.device.action.ACL_CONNECTED
03-19 11:23:05.458 I/BluetoothPhonePolicy( 672): processDeviceConnected, device=C9:B5:96:5C:E3:ED
03-19 11:23:05.458 D/BluetoothDatabase( 672): setConnection: device=C9:B5:96:5C:E3:ED and isA2dpDevice=false
03-19 11:23:05.458 D/BluetoothDatabase( 672): Updating last connected time for device: C9:B5:96:5C:E3:ED to 223
03-19 11:23:05.458 D/BluetoothDatabase( 672): updateDatabase C9:B5:96:5C:E3:ED
03-19 11:23:05.461 E/bond ( 2949): name=Dangbei,state=11,action=android.bluetooth.device.action.ACL_CONNECTED
03-19 11:23:05.461 I/bt_stack( 672): [INFO:eatt_impl.h(578)] supported_features_cb c9:b5:96:5c:e3:ed is_eatt_supported = 0
03-19 11:23:05.462 I/dangbei111( 1047): cccccc on receiver=android.bluetooth.device.action.ACL_CONNECTED,mac=C9:B5:96:5C:E3:ED
03-19 11:23:05.462 I/dangbei111( 1047): cccccc 收到 ACTION_ACL_CONNECTED 的广播
03-19 11:23:05.462 E/dangbei111( 1047): 5s后准备进行遥控器ota信息检测
03-19 11:23:05.476 E/smp_act ( 672): system/bt/stack/smp/smp_act.cc:135 smp_send_app_cback: Unexpected event:14
03-19 11:23:05.476 I/bt_btif_config( 672): system/bt/btif/src/btif_config.cc:137 btif_get_device_type: Device [c9:b5:96:5c:e3:ed] device type 2
03-19 11:23:05.484 I/bt_btif_config( 672): system/bt/btif/src/btif_config.cc:137 btif_get_device_type: Device [c9:b5:96:5c:e3:ed] device type 2
03-19 11:23:05.484 I/bt_btif_dm( 672): system/bt/btif/src/btif_dm.cc:384 get_cod: get_cod remote_cod = 0x00001f00
03-19 11:23:05.485 E/smp_act ( 672): system/bt/stack/smp/smp_act.cc:228 smp_send_app_cback: Unexpected event: 14
03-19 11:23:05.486 I/BluetoothBondStateMachine( 672): sspRequestCallback: [B@7ae98af name: [B@e3684bc cod: 7936 pairingVariant 2 passkey: 0
03-19 11:23:05.497 D/BluetoothPairingRequest( 826): onPair: null
03-19 11:23:05.686 I/bt_stack( 672): [INFO:gatt_sr.cc(815)] MTU request PDU with MTU size 140
03-19 11:23:05.686 W/bt_stack( 672): [WARNING:gatt_utils.cc(790)] Call back not found for application conn_id=3
03-19 11:23:05.686 W/bt_stack( 672): [WARNING:gatt_utils.cc(790)] Call back not found for application conn_id=4
03-19 11:23:05.687 W/bt_stack( 672): [WARNING:gatt_utils.cc(790)] Call back not found for application conn_id=5
03-19 11:23:05.687 W/bt_stack( 672): [WARNING:gatt_utils.cc(790)] Call back not found for application conn_id=6
03-19 11:23:05.836 I/bt_stack( 672): [INFO:hearing_aid.cc(1796)] GetDeviceCount: Not initialized yet
03-19 11:23:06.068 E/bt_stack( 672): [ERROR:bta_gattc_cache.cc(940)] bta_gattc_cache_load: can't open GATT cache file /data/misc/bluetooth/gatt_cache_c9b5965ce3ed for reading, error: No such file or directory
03-19 11:23:06.068 E/bt_stack( 672): [ERROR:bta_gattc_cache.cc(940)] bta_gattc_cache_load: can't open GATT cache file /data/misc/bluetooth/gatt_cache_c9b5965ce3ed for reading, error: No such file or directory
03-19 11:23:06.068 E/bt_stack( 672): [ERROR:bta_gattc_cache.cc(940)] bta_gattc_cache_load: can't open GATT cache file /data/misc/bluetooth/gatt_cache_c9b5965ce3ed for reading, error: No such file or directory
03-19 11:23:06.068 E/bt_stack( 672): [ERROR:bta_gattc_cache.cc(940)] bta_gattc_cache_load: can't open GATT cache file /data/misc/bluetooth/gatt_cache_c9b5965ce3ed for reading, error: No such file or directory
03-19 11:23:06.214 I/bt_stack( 672): [INFO:btsnoop.cc(338)] clear_l2cap_allowlist: Clearing acceptlist from l2cap channel. conn_handle=16 cid=4:4
03-19 11:23:06.215 I/bluetooth( 672): system/bt/stack/gap/gap_ble.cc:298 client_connect_cback: No active GAP service found for peer:xx:xx:xx:xx:e3:ed callback:Disconnected
03-19 11:23:06.215 I/bt_bta_gattc( 672): system/bt/bta/gatt/bta_gattc_act.cc:1115 bta_gattc_conn_cback: Disconnected att_id:3 transport:le reason:GATT_CONN_TERMINATE_PEER_USER
03-19 11:23:06.215 I/bt_bta_gattc( 672): system/bt/bta/gatt/bta_gattc_act.cc:1115 bta_gattc_conn_cback: Disconnected att_id:4 transport:le reason:GATT_CONN_TERMINATE_PEER_USER
03-19 11:23:06.215 I/bt_bta_gattc( 672): system/bt/bta/gatt/bta_gattc_act.cc:1115 bta_gattc_conn_cback: Disconnected att_id:5 transport:le reason:GATT_CONN_TERMINATE_PEER_USER
03-19 11:23:06.215 I/bt_bta_gattc( 672): system/bt/bta/gatt/bta_gattc_act.cc:1115 bta_gattc_conn_cback: Disconnected att_id:6 transport:le reason:GATT_CONN_TERMINATE_PEER_USER
03-19 11:23:06.215 I/bt_stack( 672): [INFO:btsnoop.cc(338)] clear_l2cap_allowlist: Clearing acceptlist from l2cap channel. conn_handle=16 cid=6:6
03-19 11:23:06.216 W/bt_stack( 672): [WARNING:l2c_api.cc(1394)] L2CA_RemoveFixedChnl BDA: c9:b5:96:5c:e3:ed CID: 0x0006 not connected
03-19 11:23:06.216 I/bt_stack( 672): [INFO:bta_dm_act.cc(3537)] bta_dm_ble_smp_cback: bonded device disconnected when encrypting - no reason to unbond
03-19 11:23:06.216 I/bt_stack( 672): [INFO:btif_dm.cc(2685)] btif_dm_ble_auth_cmpl_evt Bonded device addr=c9:b5:96:5c:e3:ed timed out - will not remove the keys
03-19 11:23:06.216 I/btif_av ( 672): system/bt/btif/src/btif_av.cc:3352 btif_av_acl_disconnected: btif_av_acl_disconnected: Peer c9:b5:96:5c:e3:ed : ACL Disconnected
03-19 11:23:06.216 I/btif_av ( 672): system/bt/btif/src/btif_av.cc:1078 FindOrCreatePeer: BtifAvPeer *BtifAvSource::FindOrCreatePeer(const RawAddress &, tBTA_AV_HNDL): Create peer: peer_address=c9:b5:96:5c:e3:ed bta_handle=0x41 peer_id=0
03-19 11:23:06.217 I/btif_av ( 672): system/bt/btif/src/btif_av.cc:3279 btif_av_get_peer_sep: No active sink or source peer found
03-19 11:23:06.217 I/bt_btif_a2dp_source( 672): system/bt/btif/src/btif_a2dp_source.cc:691 btif_a2dp_source_on_idle: btif_a2dp_source_on_idle: state=STATE_OFF
03-19 11:23:06.217 I/btif_av ( 672): system/bt/btif/src/btif_av.cc:3279 btif_av_get_peer_sep: No active sink or source peer found
03-19 11:23:06.217 I/bt_btif_a2dp_source( 672): system/bt/btif/src/btif_a2dp_source.cc:691 btif_a2dp_source_on_idle: btif_a2dp_source_on_idle: state=STATE_OFF
03-19 11:23:06.217 I/btif_av ( 672): system/bt/btif/src/btif_av.cc:1123 DeleteIdlePeers: DeleteIdlePeers: Deleting idle peer: c9:b5:96:5c:e3:ed bta_handle=0x41
03-19 11:23:06.227 E/bond ( 2949): name=Dangbei,state=11,action=android.bluetooth.device.action.ACL_DISCONNECTED
03-19 11:23:06.228 I/dangbei111( 1047): cccccc on receiver=android.bluetooth.device.action.ACL_DISCONNECTED,mac=C9:B5:96:5C:E3:ED
03-19 11:23:06.413 W/IorapForwardingService( 487): No service published for: iorapd
03-19 11:23:07.416 W/IorapForwardingService( 487): No service published for: iorapd
03-19 11:23:07.868 E/WifiHAL ( 663): wifi_get_link_stats: requestResponse Error:-5
03-19 11:23:07.869 E/WifiVendorHal( 487): getWifiLinkLayerStats_1_5_Internal(l.1191) failed {.code = ERROR_INVALID_ARGS, .description = }
03-19 11:23:08.389 D/bbb ( 1203): onStartCommand begin !!!!!!! data分区剩余 24948MB
03-19 11:23:08.390 D/aaa ( 7639): LedStatusService onStartCommand begin
03-19 11:23:08.392 D/aaa ( 7639): topPkg is -------------- :com.dangbei.haqusetting
03-19 11:23:08.418 W/IorapForwardingService( 487): No service published for: iorapd
03-19 11:23:08.466 E/dangbei111( 1047): cccccc 检查遥控器是否连接: Dangbei C7:44:13:5B:41:8C
03-19 11:23:08.469 E/dangbei111( 1047): cccccc 检查遥控器是否连接: 蓝牙的结果 Dangbei C7:44:13:5B:41:8C false
03-19 11:23:08.470 E/dangbei111( 1047): cccccc input中没有遥控器存在
03-19 11:23:08.470 E/dangbei111( 1047): cccccc 蓝牙状态连接 不是连接状态 啥都不干
03-19 11:23:08.472 E/dangbei111( 1047): cccccc 蓝牙状态连接 配对状态 啥都不做
03-19 11:23:08.472 E/dangbei111( 1047): cccccc 没有遥控器连接 不进行 getRCInfo return
03-19 11:23:08.472 E/dangbei111( 1047): getBattery delay 0
03-19 11:23:08.475 E/dangbei111( 1047): 5mins后会再次获取电量
03-19 11:23:08.475 E/dangbei111( 1047): getBattery delay 300000
03-19 11:23:09.214 E/bt_upio ( 249): upio_set : /proc/bluetooth/sleep/btwrite(-1) incorrent
03-19 11:23:09.421 W/IorapForwardingService( 487): No service published for: iorapd
03-19 11:23:09.682 I/BLEAudioDrive_HV410( 248): select timeout!
03-19 11:23:10.424 W/IorapForwardingService( 487): No service published for: iorapd
03-19 11:23:10.464 E/dangbei111( 1047): cccccc 检测到网络 准备请求遥控器ota信息
03-19 11:23:10.465 W/ContextImpl( 1047): Calling a method in the system process without a qualified user: android.app.ContextImpl.sendBroadcast:1173 android.content.ContextWrapper.sendBroadcast:479 com.dangbei.remotecontroller.RemoteControllerReceiver.sendMessageToUpdateHelper:122 com.dangbei.remotecontroller.RemoteControllerReceiver.access$100:28 com.dangbei.remotecontroller.RemoteControllerReceiver$1.handleMessage:41
03-19 11:23:10.467 E/ActivityManager( 487): Sending non-protected broadcast com.dangbei.remote.connected from system 1047:com.dangbei.lerad.etna.haqu/1000 pkg com.dangbei.lerad.etna.haqu
03-19 11:23:10.467 E/ActivityManager( 487): java.lang.Throwable
03-19 11:23:10.467 E/ActivityManager( 487): at com.android.server.am.ActivityManagerService.checkBroadcastFromSystem(ActivityManagerService.java:12816)
03-19 11:23:10.467 E/ActivityManager( 487): at com.android.server.am.ActivityManagerService.broadcastIntentLocked(ActivityManagerService.java:13416)
03-19 11:23:10.467 E/ActivityManager( 487): at com.android.server.am.ActivityManagerService.broadcastIntentLocked(ActivityManagerService.java:12833)
03-19 11:23:10.467 E/ActivityManager( 487): at com.android.server.am.ActivityManagerService.broadcastIntentWithFeature(ActivityManagerService.java:13670)
03-19 11:23:10.467 E/ActivityManager( 487): at android.app.IActivityManager$Stub.onTransact(IActivityManager.java:2326)
03-19 11:23:10.467 E/ActivityManager( 487): at com.android.server.am.ActivityManagerService.onTransact(ActivityManagerService.java:2509)
03-19 11:23:10.467 E/ActivityManager( 487): at android.os.Binder.execTransactInternal(Binder.java:1179)
03-19 11:23:10.467 E/ActivityManager( 487): at android.os.Binder.execTransact(Binder.java:1143)
03-19 11:23:10.469 E/ActivityManager( 487): Sending non-protected broadcast com.dangbei.remote.connected from system 1047:com.dangbei.lerad.etna.haqu/1000 pkg com.dangbei.lerad.etna.haqu
03-19 11:23:10.469 E/ActivityManager( 487): java.lang.Throwable
03-19 11:23:10.469 E/ActivityManager( 487): at com.android.server.am.ActivityManagerService.checkBroadcastFromSystem(ActivityManagerService.java:12816)
03-19 11:23:10.469 E/ActivityManager( 487): at com.android.server.am.ActivityManagerService.broadcastIntentLocked(ActivityManagerService.java:13513)
03-19 11:23:10.469 E/ActivityManager( 487): at com.android.server.am.ActivityManagerService.broadcastIntentLocked(ActivityManagerService.java:12833)
03-19 11:23:10.469 E/ActivityManager( 487): at com.android.server.am.ActivityManagerService.broadcastIntentWithFeature(ActivityManagerService.java:13670)
03-19 11:23:10.469 E/ActivityManager( 487): at android.app.IActivityManager$Stub.onTransact(IActivityManager.java:2326)
03-19 11:23:10.469 E/ActivityManager( 487): at com.android.server.am.ActivityManagerService.onTransact(ActivityManagerService.java:2509)
03-19 11:23:10.469 E/ActivityManager( 487): at android.os.Binder.execTransactInternal(Binder.java:1179)
03-19 11:23:10.469 E/ActivityManager( 487): at android.os.Binder.execTransact(Binder.java:1143)
03-19 11:23:10.470 I/DropBoxManagerService( 487): add tag=system_server_wtf isTagEnabled=true flags=0x2
03-19 11:23:10.475 I/DropBoxManagerService( 487): add tag=system_server_wtf isTagEnabled=true flags=0x2
03-19 11:23:10.476 E/dangbei111( 1047): 读出来的遥控器版本不是空 CSH251028
03-19 11:23:10.476 E/dangbei111( 1047): cccccc requestRemoteInfoInner factory NA version CSH251028
03-19 11:23:10.497 I/okhttp.OkHttpClient( 1047): --> POST http://tymsgapi.qun7.com/v1/core/ykota (620-byte body)
03-19 11:23:10.560 I/okhttp.OkHttpClient( 1047): <-- 200 OK http://tymsgapi.qun7.com/v1/core/ykota (62ms, unknown-length body)
03-19 11:23:10.564 E/dangbei111( 1047): cccccc requestRemoteInfoInner BaseResponse{message='success', data=null, code=0}
03-19 11:23:10.564 W/System.err( 1047): java.lang.NullPointerException: Attempt to invoke virtual method 'java.lang.String com.etna.haqu.model.business.bean.db.remote.RemoteUpdateBean.getDownloadId()' on a null object reference
03-19 11:23:10.565 W/System.err( 1047): at com.dangbei.etna.update.remote.RemoteUpdateHelper$requestRemoteInfoInner$1$2.invoke(RemoteUpdateHelper.kt:199)
03-19 11:23:10.565 W/System.err( 1047): at com.dangbei.etna.update.remote.RemoteUpdateHelper$requestRemoteInfoInner$1$2.invoke(RemoteUpdateHelper.kt:188)
03-19 11:23:10.565 W/System.err( 1047): at com.etna.haqu.support.ext.FlowExtKt$safeCollect$3.emit(FlowExt.kt:52)
03-19 11:23:10.565 W/System.err( 1047): at kotlinx.coroutines.flow.FlowKt__ErrorsKt$catchImpl$2.emit(Errors.kt:158)
03-19 11:23:10.565 W/System.err( 1047): at kotlinx.coroutines.flow.FlowKt__ChannelsKt.emitAllImpl$FlowKt__ChannelsKt(Channels.kt:62)
03-19 11:23:10.565 W/System.err( 1047): at kotlinx.coroutines.flow.FlowKt__ChannelsKt.access$emitAllImpl$FlowKt__ChannelsKt(Channels.kt:1)
03-19 11:23:10.565 W/System.err( 1047): at kotlinx.coroutines.flow.FlowKt__ChannelsKt$emitAllImpl$1.invokeSuspend(Unknown Source:14)
03-19 11:23:10.565 W/System.err( 1047): at kotlin.coroutines.jvm.internal.BaseContinuationImpl.resumeWith(ContinuationImpl.kt:33)
03-19 11:23:10.565 W/System.err( 1047): at kotlinx.coroutines.DispatchedTask.run(DispatchedTask.kt:106)
03-19 11:23:10.566 W/System.err( 1047): at android.os.Handler.handleCallback(Handler.java:938)
03-19 11:23:10.566 W/System.err( 1047): at android.os.Handler.dispatchMessage(Handler.java:99)
03-19 11:23:10.566 W/System.err( 1047): at android.os.Looper.loopOnce(Looper.java:201)
03-19 11:23:10.566 W/System.err( 1047): at android.os.Looper.loop(Looper.java:288)
03-19 11:23:10.566 W/System.err( 1047): at android.app.ActivityThread.main(ActivityThread.java:7854)
03-19 11:23:10.566 W/System.err( 1047): at java.lang.reflect.Method.invoke(Native Method)
03-19 11:23:10.566 W/System.err( 1047): at com.android.internal.os.RuntimeInit$MethodAndArgsCaller.run(RuntimeInit.java:548)
03-19 11:23:10.566 W/System.err( 1047): at com.android.internal.os.ZygoteInit.main(ZygoteInit.java:1182)
03-19 11:23:10.569 E/ccc ( 2949): cccccc notifyUpdateChanged {"code":1,"data":{"hasUpdate":false,"what":2,"why":-1},"message":"更新状态变化"}
03-19 11:23:10.570 E/ccc ( 2949): cccccc EtnaSendUpdateStatusChangeBean.remoteUpdateChanged
03-19 11:23:10.570 E/ccc ( 2949): cccccc event HomeActivity REMOTE_UPDATE_STATUS_CHANGED
03-19 11:23:10.570 E/ccc ( 1047): cccccc updateHelper 通知更新
03-19 11:23:10.570 E/dangbei111( 1047): cccccc requestRemoteInfoInner 出现异常 Attempt to invoke virtual method 'java.lang.String com.etna.haqu.model.business.bean.db.remote.RemoteUpdateBean.getDownloadId()' on a null object reference
03-19 11:23:10.612 W/hdr10p_Configure( 363): 128 callbacks suppressed
03-19 11:23:10.612 I/ ( 363): DVI mode selected: packets not configured
03-19 11:23:10.612 W/set_vsif_config( 363): 128 callbacks suppressed
03-19 11:23:10.612 I/ ( 363): Error: set vsif failed
03-19 11:23:10.612 I/ ( 363): DVI mode selected: packets not configured
03-19 11:23:10.612 I/ ( 363): Error: set vsif failed
03-19 11:23:10.736 W/ZramWriteback( 487): Writeback device is not set
03-19 11:23:10.736 D/ZramWriteback( 487): wait to flush
03-19 11:23:10.840 I/ ( 363): DVI mode selected: packets not configured
03-19 11:23:10.840 I/ ( 363): Error: set vsif failed
03-19 11:23:10.840 I/ ( 363): DVI mode selected: packets not configured
03-19 11:23:10.840 I/ ( 363): Error: set vsif failed
03-19 11:23:10.865 I/ ( 363): DVI mode selected: packets not configured
03-19 11:23:10.865 I/ ( 363): Error: set vsif failed
03-19 11:23:10.865 I/ ( 363): DVI mode selected: packets not configured
03-19 11:23:10.865 I/ ( 363): Error: set vsif failed
03-19 11:23:10.886 E/WifiHAL ( 663): wifi_get_link_stats: requestResponse Error:-5
03-19 11:23:10.889 I/ ( 363): DVI mode selected: packets not configured
03-19 11:23:10.889 I/ ( 363): Error: set vsif failed
03-19 11:23:10.890 I/ ( 363): DVI mode selected: packets not configured
03-19 11:23:10.890 I/ ( 363): Error: set vsif failed
03-19 11:23:10.888 E/WifiVendorHal( 487): getWifiLinkLayerStats_1_5_Internal(l.1191) failed {.code = ERROR_INVALID_ARGS, .description = }
03-19 11:23:10.914 I/ ( 363): DVI mode selected: packets not configured
03-19 11:23:10.914 I/ ( 363): Error: set vsif failed
03-19 11:23:10.914 I/ ( 363): DVI mode selected: packets not configured
03-19 11:23:10.914 I/ ( 363): Error: set vsif failed
03-19 11:23:11.426 W/IorapForwardingService( 487): No service published for: iorapd
03-19 11:23:11.473 E/dangbei111( 1047): cccccc 准备开始进行 startScanInner
03-19 11:23:11.473 E/dangbei111( 1047): cccccc 真正开始进入扫描流程啦
03-19 11:23:11.477 E/dangbei111( 1047): cccccc 检查遥控器是否连接: Dangbei C7:44:13:5B:41:8C
03-19 11:23:11.480 E/dangbei111( 1047): cccccc 检查遥控器是否连接: 蓝牙的结果 Dangbei C7:44:13:5B:41:8C false
03-19 11:23:11.480 E/dangbei111( 1047): cccccc input中没有遥控器存在
03-19 11:23:11.480 E/dangbei111( 1047): cccccc 蓝牙状态连接 不是连接状态 啥都不干
03-19 11:23:11.482 E/dangbei111( 1047): cccccc 蓝牙状态连接 配对状态 啥都不做
03-19 11:23:11.483 E/dangbei111( 1047): 开始扫描 com.dangbei.remotecontroller.RCHelper$3@a7c2fd4
03-19 11:23:11.483 D/BluetoothAdapter( 1047): isLeEnabled(): ON
03-19 11:23:11.485 I/bluetooth( 672): system/bt/stack/gatt/gatt_api.cc:1019 GATT_Register: Allocated name:GattClient uuid:f553bb2c-7fb9-c551-0f31-90bf4937906d gatt_if:8 eatt_support:0
03-19 11:23:11.486 D/BluetoothLeScanner( 1047): onScannerRegistered() - status=0 scannerId=8 mScannerId=0
03-19 11:23:11.492 E/bt_upio ( 249): upio_set : /proc/bluetooth/sleep/btwrite(-1) incorrent
03-19 11:23:12.428 W/IorapForwardingService( 487): No service published for: iorapd
03-19 11:23:12.606 E/dangbei111( 1047): cccccc 检查遥控器是否连接: Dangbei C7:44:13:5B:41:8C
03-19 11:23:12.609 E/dangbei111( 1047): cccccc 检查遥控器是否连接: 蓝牙的结果 Dangbei C7:44:13:5B:41:8C false
03-19 11:23:12.609 E/dangbei111( 1047): cccccc input中没有遥控器存在
03-19 11:23:12.609 E/dangbei111( 1047): cccccc 蓝牙状态连接 不是连接状态 啥都不干
03-19 11:23:12.611 E/dangbei111( 1047): cccccc 蓝牙状态连接 配对状态 啥都不做
03-19 11:23:12.613 E/dangbei111( 1047): scan get device,state=11
03-19 11:23:13.431 W/IorapForwardingService( 487): No service published for: iorapd
03-19 11:23:13.899 E/WifiHAL ( 663): wifi_get_link_stats: requestResponse Error:-5
03-19 11:23:13.900 E/WifiVendorHal( 487): getWifiLinkLayerStats_1_5_Internal(l.1191) failed {.code = ERROR_INVALID_ARGS, .description = }
03-19 11:23:14.331 D/hdmi-cec( 261): receive invalid cec message!
03-19 11:23:14.331 D/hdmi-cec( 261): receive poll message [04], skip!
03-19 11:23:14.433 W/IorapForwardingService( 487): No service published for: iorapd
03-19 11:23:14.832 E/dangbei111( 1047): cccccc 检查遥控器是否连接: Dangbei C7:44:13:5B:41:8C
03-19 11:23:14.833 E/dangbei111( 1047): cccccc 检查遥控器是否连接: 蓝牙的结果 Dangbei C7:44:13:5B:41:8C false
03-19 11:23:14.833 E/dangbei111( 1047): cccccc input中没有遥控器存在
03-19 11:23:14.833 E/dangbei111( 1047): cccccc 蓝牙状态连接 不是连接状态 啥都不干
03-19 11:23:14.834 E/dangbei111( 1047): cccccc 蓝牙状态连接 配对状态 啥都不做
03-19 11:23:14.834 E/dangbei111( 1047): scan get device,state=11
03-19 11:23:15.232 I/WifiService( 487): startScan uid=1000
03-19 11:23:15.235 E/ccc ( 2949): cccccc i will start scan
03-19 11:23:15.435 W/IorapForwardingService( 487): No service published for: iorapd
03-19 11:23:16.348 I/Thread-2(13221): type=1400 audit(0.0:2014): avc: denied { execute } for name="am" dev="dm-1" ino=1164 scontext=u:r:system_app:s0 tcontext=u:object_r:vendor_file:s0 tclass=file permissive=1
03-19 11:23:16.348 I/Thread-2(13221): type=1400 audit(0.0:2015): avc: denied { read open } for path="/vendor/xbin/am" dev="dm-1" ino=1164 scontext=u:r:system_app:s0 tcontext=u:object_r:vendor_file:s0 tclass=file permissive=1
03-19 11:23:16.348 I/Thread-2(13221): type=1400 audit(0.0:2016): avc: denied { execute_no_trans } for path="/vendor/xbin/am" dev="dm-1" ino=1164 scontext=u:r:system_app:s0 tcontext=u:object_r:vendor_file:s0 tclass=file permissive=1
03-19 11:23:16.421 D/bbb ( 1203): onStartCommand begin !!!!!!! data分区剩余 24948MB
03-19 11:23:16.421 D/aaa ( 7639): LedStatusService onStartCommand begin
03-19 11:23:16.423 D/aaa ( 7639): topPkg is -------------- :com.dangbei.haqusetting
03-19 11:23:16.437 W/IorapForwardingService( 487): No service published for: iorapd
03-19 11:23:16.452 E/dangbei111( 1047): cccccc 检查遥控器是否连接: Dangbei C7:44:13:5B:41:8C
03-19 11:23:16.454 E/dangbei111( 1047): cccccc 检查遥控器是否连接: 蓝牙的结果 Dangbei C7:44:13:5B:41:8C false
03-19 11:23:16.454 E/dangbei111( 1047): cccccc input中没有遥控器存在
03-19 11:23:16.454 E/dangbei111( 1047): cccccc 蓝牙状态连接 不是连接状态 啥都不干
03-19 11:23:16.456 E/dangbei111( 1047): cccccc 蓝牙状态连接 配对状态 啥都不做
03-19 11:23:16.458 E/dangbei111( 1047): scan get device,state=11
03-19 11:23:16.841 W/hdr10p_Configure( 363): 134 callbacks suppressed
03-19 11:23:16.841 I/ ( 363): DVI mode selected: packets not configured
03-19 11:23:16.841 W/set_vsif_config( 363): 134 callbacks suppressed
03-19 11:23:16.841 I/ ( 363): Error: set vsif failed
03-19 11:23:16.841 I/ ( 363): DVI mode selected: packets not configured
03-19 11:23:16.841 I/ ( 363): Error: set vsif failed
03-19 11:23:16.867 I/ ( 363): DVI mode selected: packets not configured
03-19 11:23:16.867 I/ ( 363): Error: set vsif failed
03-19 11:23:16.868 I/ ( 363): DVI mode selected: packets not configured
03-19 11:23:16.868 I/ ( 363): Error: set vsif failed
03-19 11:23:16.892 I/ ( 363): DVI mode selected: packets not configured
03-19 11:23:16.892 I/ ( 363): Error: set vsif failed
03-19 11:23:16.892 I/ ( 363): DVI mode selected: packets not configured
03-19 11:23:16.892 I/ ( 363): Error: set vsif failed
03-19 11:23:16.908 E/WifiHAL ( 663): wifi_get_link_stats: requestResponse Error:-5
03-19 11:23:16.909 E/WifiVendorHal( 487): getWifiLinkLayerStats_1_5_Internal(l.1191) failed {.code = ERROR_INVALID_ARGS, .description = }
03-19 11:23:16.917 I/ ( 363): DVI mode selected: packets not configured
03-19 11:23:16.917 I/ ( 363): Error: set vsif failed
03-19 11:23:16.917 I/ ( 363): DVI mode selected: packets not configured
03-19 11:23:16.917 I/ ( 363): Error: set vsif failed
03-19 11:23:16.926 I/ ( 363): DVI mode selected: packets not configured
03-19 11:23:16.926 I/ ( 363): Error: set vsif failed
03-19 11:23:16.926 I/ ( 363): DVI mode selected: packets not configured
03-19 11:23:16.926 I/ ( 363): Error: set vsif failed
03-19 11:23:17.030 D/WifiNl80211Manager( 487): Scan result ready event
03-19 11:23:17.030 D/WifiNative( 487): Scan result ready event
03-19 11:23:17.076 E/ccc ( 2949): cccccc SCAN_RESULTS_AVAILABLE_ACTION hhhh
03-19 11:23:17.078 D/PasspointManager( 487): ANQP entry not found for: f8:14:fe:4f:93:01:
03-19 11:23:17.081 E/hq ( 1119): NetWorkStateReceiver:::NetWorkStateReceiver onReceive: 网络变化广播 >>>> intent.action=android.net.wifi.SCAN_RESULTS
03-19 11:23:17.086 E/WifiHAL ( 663): wifi_get_link_stats: requestResponse Error:-5
03-19 11:23:17.088 E/WifiVendorHal( 487): getWifiLinkLayerStats_1_5_Internal(l.1191) failed {.code = ERROR_INVALID_ARGS, .description = }
03-19 11:23:17.102 W/eventbuscore( 1119): post Event:com.dangbei.leard.base.entity.event.NetWifiRssiEvent
03-19 11:23:17.106 E/ccc ( 2949): cccccc result is not empty call back
03-19 11:23:17.106 E/ccc ( 2949): cccccc 666666666666666
03-19 11:23:17.123 E/ccc ( 2949): cccccc sort 2 50
03-19 11:23:17.439 W/IorapForwardingService( 487): No service published for: iorapd
03-19 11:23:17.938 E/bt_upio ( 249): upio_set : /proc/bluetooth/sleep/btwrite(-1) incorrent
03-19 11:23:18.442 W/IorapForwardingService( 487): No service published for: iorapd
03-19 11:23:19.332 E/dangbei111( 1047): cccccc 检查遥控器是否连接: Dangbei C7:44:13:5B:41:8C
03-19 11:23:19.334 E/dangbei111( 1047): cccccc 检查遥控器是否连接: 蓝牙的结果 Dangbei C7:44:13:5B:41:8C false
03-19 11:23:19.334 E/dangbei111( 1047): cccccc input中没有遥控器存在
03-19 11:23:19.334 E/dangbei111( 1047): cccccc 蓝牙状态连接 不是连接状态 啥都不干
03-19 11:23:19.335 E/dangbei111( 1047): cccccc 蓝牙状态连接 配对状态 啥都不做
03-19 11:23:19.335 E/dangbei111( 1047): scan get device,state=11
03-19 11:23:19.444 W/IorapForwardingService( 487): No service published for: iorapd
03-19 11:23:19.688 I/BLEAudioDrive_HV410( 248): select timeout!
03-19 11:23:19.922 E/WifiHAL ( 663): wifi_get_link_stats: requestResponse Error:-5
03-19 11:23:19.923 E/WifiVendorHal( 487): getWifiLinkLayerStats_1_5_Internal(l.1191) failed {.code = ERROR_INVALID_ARGS, .description = }
03-19 11:23:20.446 W/IorapForwardingService( 487): No service published for: iorapd
03-19 11:23:21.448 W/IorapForwardingService( 487): No service published for: iorapd
03-19 11:23:22.338 E/dangbei111( 1047): cccccc 准备开始进行 startScanInner
03-19 11:23:22.339 E/dangbei111( 1047): cccccc 真正开始进入扫描流程啦
03-19 11:23:22.344 E/dangbei111( 1047): cccccc 检查遥控器是否连接: Dangbei C7:44:13:5B:41:8C
03-19 11:23:22.347 E/dangbei111( 1047): cccccc 检查遥控器是否连接: 蓝牙的结果 Dangbei C7:44:13:5B:41:8C false
03-19 11:23:22.347 E/dangbei111( 1047): cccccc input中没有遥控器存在
03-19 11:23:22.347 E/dangbei111( 1047): cccccc 蓝牙状态连接 不是连接状态 啥都不干
03-19 11:23:22.350 E/dangbei111( 1047): cccccc 蓝牙状态连接 配对状态 啥都不做
03-19 11:23:22.350 E/dangbei111( 1047): 开始扫描 com.dangbei.remotecontroller.RCHelper$3@a7c2fd4
03-19 11:23:22.351 D/BluetoothAdapter( 1047): isLeEnabled(): ON
03-19 11:23:22.450 W/IorapForwardingService( 487): No service published for: iorapd
03-19 11:23:22.856 W/hdr10p_Configure( 363): 122 callbacks suppressed
03-19 11:23:22.856 I/ ( 363): DVI mode selected: packets not configured
03-19 11:23:22.856 W/set_vsif_config( 363): 122 callbacks suppressed
03-19 11:23:22.856 I/ ( 363): Error: set vsif failed
03-19 11:23:22.856 I/ ( 363): DVI mode selected: packets not configured
03-19 11:23:22.856 I/ ( 363): Error: set vsif failed
03-19 11:23:22.882 I/ ( 363): DVI mode selected: packets not configured
03-19 11:23:22.882 I/ ( 363): Error: set vsif failed
03-19 11:23:22.882 I/ ( 363): DVI mode selected: packets not configured
03-19 11:23:22.882 I/ ( 363): Error: set vsif failed
03-19 11:23:22.907 I/ ( 363): DVI mode selected: packets not configured
03-19 11:23:22.907 I/ ( 363): Error: set vsif failed
03-19 11:23:22.907 I/ ( 363): DVI mode selected: packets not configured
03-19 11:23:22.907 I/ ( 363): Error: set vsif failed
03-19 11:23:22.932 I/ ( 363): DVI mode selected: packets not configured
03-19 11:23:22.932 I/ ( 363): Error: set vsif failed
03-19 11:23:22.932 I/ ( 363): DVI mode selected: packets not configured
03-19 11:23:22.932 I/ ( 363): Error: set vsif failed
03-19 11:23:22.936 E/WifiHAL ( 663): wifi_get_link_stats: requestResponse Error:-5
03-19 11:23:22.938 E/WifiVendorHal( 487): getWifiLinkLayerStats_1_5_Internal(l.1191) failed {.code = ERROR_INVALID_ARGS, .description = }
03-19 11:23:22.942 I/ ( 363): DVI mode selected: packets not configured
03-19 11:23:22.942 I/ ( 363): Error: set vsif failed
03-19 11:23:22.942 I/ ( 363): DVI mode selected: packets not configured
03-19 11:23:22.942 I/ ( 363): Error: set vsif failed
03-19 11:23:23.453 W/IorapForwardingService( 487): No service published for: iorapd
03-19 11:23:24.426 D/bbb ( 1203): onStartCommand begin !!!!!!! data分区剩余 24948MB
03-19 11:23:24.436 D/aaa ( 7639): LedStatusService onStartCommand begin
03-19 11:23:24.438 D/aaa ( 7639): topPkg is -------------- :com.dangbei.haqusetting
03-19 11:23:24.455 W/IorapForwardingService( 487): No service published for: iorapd
03-19 11:23:25.352 E/dangbei111( 1047): cccccc 准备开始进行 startScanInner
03-19 11:23:25.352 E/dangbei111( 1047): cccccc 小于10s 由于之前已经开始扫描了 不在开启新的扫描
03-19 11:23:25.457 W/IorapForwardingService( 487): No service published for: iorapd
03-19 11:23:25.947 E/WifiHAL ( 663): wifi_get_link_stats: requestResponse Error:-5
03-19 11:23:25.948 E/WifiVendorHal( 487): getWifiLinkLayerStats_1_5_Internal(l.1191) failed {.code = ERROR_INVALID_ARGS, .description = }
03-19 11:23:26.459 W/IorapForwardingService( 487): No service published for: iorapd
03-19 11:23:27.462 W/IorapForwardingService( 487): No service published for: iorapd
03-19 11:23:28.464 W/IorapForwardingService( 487): No service published for: iorapd
03-19 11:23:28.860 W/hdr10p_Configure( 363): 128 callbacks suppressed
03-19 11:23:28.860 I/ ( 363): DVI mode selected: packets not configured
03-19 11:23:28.860 W/set_vsif_config( 363): 128 callbacks suppressed
03-19 11:23:28.860 I/ ( 363): Error: set vsif failed
03-19 11:23:28.860 I/ ( 363): DVI mode selected: packets not configured
03-19 11:23:28.860 I/ ( 363): Error: set vsif failed
03-19 11:23:28.887 I/ ( 363): DVI mode selected: packets not configured
03-19 11:23:28.887 I/ ( 363): Error: set vsif failed
03-19 11:23:28.887 I/ ( 363): DVI mode selected: packets not configured
03-19 11:23:28.887 I/ ( 363): Error: set vsif failed
03-19 11:23:28.911 I/ ( 363): DVI mode selected: packets not configured
03-19 11:23:28.911 I/ ( 363): Error: set vsif failed
03-19 11:23:28.911 I/ ( 363): DVI mode selected: packets not configured
03-19 11:23:28.911 I/ ( 363): Error: set vsif failed
03-19 11:23:28.936 I/ ( 363): DVI mode selected: packets not configured
03-19 11:23:28.936 I/ ( 363): Error: set vsif failed
03-19 11:23:28.936 I/ ( 363): DVI mode selected: packets not configured
03-19 11:23:28.936 I/ ( 363): Error: set vsif failed
