03-19 11:22:07.752 I/ ( 363): Error: set vsif failed
03-19 11:22:07.752 I/ ( 363): DVI mode selected: packets not configured
03-19 11:22:07.752 I/ ( 363): Error: set vsif failed
03-19 11:22:07.776 I/ ( 363): DVI mode selected: packets not configured
03-19 11:22:07.776 I/ ( 363): Error: set vsif failed
03-19 11:22:07.776 I/ ( 363): DVI mode selected: packets not configured
03-19 11:22:07.776 I/ ( 363): Error: set vsif failed
03-19 11:22:07.802 I/ ( 363): DVI mode selected: packets not configured
03-19 11:22:07.802 I/ ( 363): Error: set vsif failed
03-19 11:22:07.802 I/ ( 363): DVI mode selected: packets not configured
03-19 11:22:07.802 I/ ( 363): Error: set vsif failed
03-19 11:22:07.809 I/ ( 363): DVI mode selected: packets not configured
03-19 11:22:07.809 I/ ( 363): Error: set vsif failed
03-19 11:22:07.809 I/ ( 363): DVI mode selected: packets not configured
03-19 11:22:07.809 I/ ( 363): Error: set vsif failed
03-19 11:22:08.285 W/IorapForwardingService( 487): No service published for: iorapd
03-19 11:22:08.963 E/bt_upio ( 249): upio_set : /proc/bluetooth/sleep/btwrite(-1) incorrent
03-19 11:22:08.973 E/dangbei111( 1047): cccccc 准备开始进行 startScanInner
03-19 11:22:08.973 E/dangbei111( 1047): cccccc 真正开始进入扫描流程啦
03-19 11:22:08.977 E/dangbei111( 1047): cccccc 检查遥控器是否连接: Dangbei C9:B5:96:5C:E3:ED
03-19 11:22:08.979 E/dangbei111( 1047): cccccc 检查遥控器是否连接: 蓝牙的结果 Dangbei C9:B5:96:5C:E3:ED false
03-19 11:22:08.979 E/dangbei111( 1047): cccccc input中没有遥控器存在
03-19 11:22:08.979 E/dangbei111( 1047): cccccc 蓝牙状态连接 不是连接状态 啥都不干
03-19 11:22:08.982 E/dangbei111( 1047): cccccc 蓝牙状态连接 配对状态 啥都不做
03-19 11:22:08.983 E/dangbei111( 1047): 开始扫描 com.dangbei.remotecontroller.RCHelper$3@91d1d4d
03-19 11:22:08.983 D/BluetoothAdapter( 1047): isLeEnabled(): ON
03-19 11:22:08.986 I/bluetooth( 672): system/bt/stack/gatt/gatt_api.cc:1019 GATT_Register: Allocated name:GattClient uuid:cf190172-2f3f-eacb-4074-03a4481e035b gatt_if:8 eatt_support:0
03-19 11:22:08.987 D/BluetoothLeScanner( 1047): onScannerRegistered() - status=0 scannerId=8 mScannerId=0
03-19 11:22:08.994 E/bt_upio ( 249): upio_set : /proc/bluetooth/sleep/btwrite(-1) incorrent
03-19 11:22:09.287 W/IorapForwardingService( 487): No service published for: iorapd
03-19 11:22:09.643 I/BLEAudioDrive_HV410( 248): select timeout!
03-19 11:22:10.290 W/IorapForwardingService( 487): No service published for: iorapd
03-19 11:22:10.580 E/WifiHAL ( 663): wifi_get_link_stats: requestResponse Error:-5
03-19 11:22:10.581 E/WifiVendorHal( 487): getWifiLinkLayerStats_1_5_Internal(l.1191) failed {.code = ERROR_INVALID_ARGS, .description = }
03-19 11:22:10.604 E/dangbei111( 1047): cccccc 检查遥控器是否连接: Dangbei C9:B5:96:5C:E3:ED
03-19 11:22:10.606 E/dangbei111( 1047): cccccc 检查遥控器是否连接: 蓝牙的结果 Dangbei C9:B5:96:5C:E3:ED false
03-19 11:22:10.606 E/dangbei111( 1047): cccccc input中没有遥控器存在
03-19 11:22:10.606 E/dangbei111( 1047): cccccc 蓝牙状态连接 不是连接状态 啥都不干
03-19 11:22:10.609 E/dangbei111( 1047): cccccc 蓝牙状态连接 配对状态 啥都不做
03-19 11:22:10.609 E/dangbei111( 1047): scan get device,state=10
03-19 11:22:10.609 E/dangbei111( 1047): ble scan find the device C7:44:13:5B:41:8C
03-19 11:22:10.610 E/dangbei111( 1047): cccccc 扫描到了设备 Dangbei C7:44:13:5B:41:8C
03-19 11:22:10.611 E/dangbei111( 1047): cccccc 检查遥控器是否连接: Dangbei C9:B5:96:5C:E3:ED
03-19 11:22:10.612 E/dangbei111( 1047): cccccc 检查遥控器是否连接: 蓝牙的结果 Dangbei C9:B5:96:5C:E3:ED false
03-19 11:22:10.612 E/dangbei111( 1047): cccccc input中没有遥控器存在
03-19 11:22:10.612 E/dangbei111( 1047): cccccc 蓝牙状态连接 不是连接状态 啥都不干
03-19 11:22:10.613 E/dangbei111( 1047): cccccc 蓝牙状态连接 配对状态 啥都不做
03-19 11:22:10.615 E/dangbei111( 1047): cccccc 检查遥控器是否连接: Dangbei C9:B5:96:5C:E3:ED
03-19 11:22:10.617 E/dangbei111( 1047): cccccc 检查遥控器是否连接: 蓝牙的结果 Dangbei C9:B5:96:5C:E3:ED false
03-19 11:22:10.617 E/dangbei111( 1047): cccccc input中没有遥控器存在
03-19 11:22:10.617 E/dangbei111( 1047): cccccc 蓝牙状态连接 不是连接状态 啥都不干
03-19 11:22:10.619 E/dangbei111( 1047): cccccc 蓝牙状态连接 配对状态 啥都不做
03-19 11:22:10.619 E/dangbei111( 1047): bondOrConnect state=10
03-19 11:22:10.619 E/dangbei111( 1047): 500ms后 开始配对 先去停止scan
03-19 11:22:10.619 E/dangbei111( 1047): cccccc 尝试 stopBleScan
03-19 11:22:10.620 D/BluetoothAdapter( 1047): isLeEnabled(): ON
03-19 11:22:10.625 E/dangbei111( 1047): cccccc stopBleScanInner com.dangbei.remotecontroller.RCHelper$3@91d1d4d
03-19 11:22:10.625 I/bt_stack( 672): [INFO:gatt_api.cc(1042)] GATT_Deregister gatt_if=8
03-19 11:22:10.732 W/ZramWriteback( 487): Writeback device is not set
03-19 11:22:10.732 D/ZramWriteback( 487): wait to flush
03-19 11:22:11.130 I/bt_btif_dm( 672): system/bt/btif/src/btif_dm.cc:1884 btif_dm_cancel_discovery: Cancel search
03-19 11:22:11.131 I/BluetoothBondStateMachine( 672): Bond address is:C7:44:13:5B:41:8C
03-19 11:22:11.131 I/bt_btif_config( 672): system/bt/btif/src/btif_config.cc:137 btif_get_device_type: Device [c7:44:13:5b:41:8c] device type 2
03-19 11:22:11.131 I/bt_btif_dm( 672): system/bt/btif/src/btif_dm.cc:384 get_cod: get_cod remote_cod = 0x00001f00
03-19 11:22:11.131 I/bt_btif_dm( 672): system/bt/btif/src/btif_dm.cc:384 get_cod: get_cod remote_cod = 0x00001f00
03-19 11:22:11.131 I/bt_btif_config( 672): system/bt/btif/src/btif_config.cc:137 btif_get_device_type: Device [c7:44:13:5b:41:8c] device type 2
03-19 11:22:11.131 I/bt_btif_dm( 672): system/bt/btif/src/btif_dm.cc:384 get_cod: get_cod remote_cod = 0x00001f00
03-19 11:22:11.132 I/bt_btif_dm( 672): system/bt/btif/src/btif_dm.cc:451 bond_state_changed: Bond state changed to state=1 [0:none, 1:bonding, 2:bonded], prev_state=0, sdp_attempts = 0
03-19 11:22:11.132 I/bt_btif_config( 672): system/bt/btif/src/btif_config.cc:137 btif_get_device_type: Device [c7:44:13:5b:41:8c] device type 2
03-19 11:22:11.134 I/BluetoothBondStateMachine( 672): bondStateChangeCallback: Status: 0 Address: C7:44:13:5B:41:8C newState: 1
03-19 11:22:11.136 I/BluetoothBondStateMachine( 672): Entering PendingCommandState State
03-19 11:22:11.156 I/BluetoothBondStateMachine( 672): Bond State Change Intent:C7:44:13:5B:41:8C BOND_NONE => BOND_BONDING
03-19 11:22:11.157 D/BluetoothDatabase( 672): updateDatabase C7:44:13:5B:41:8C
03-19 11:22:11.162 I/dangbei111( 1047): cccccc on receiver=android.bluetooth.device.action.BOND_STATE_CHANGED,mac=C7:44:13:5B:41:8C
03-19 11:22:11.162 I/dangbei111( 1047): Wait for auto connection, processBondStateChange: bondState: 10 --> 11 C7:44:13:5B:41:8C
03-19 11:22:11.163 D/A2dpService( 672): Bond state changed for device: C7:44:13:5B:41:8C state: 11
03-19 11:22:11.163 W/BroadcastQueue( 487): Background execution not allowed: receiving Intent { act=android.bluetooth.device.action.BOND_STATE_CHANGED flg=0x10 (has extras) } to com.dangbei.lerad.etna.haqu/com.dangbei.remotecontroller.RemoteControllerReceiver
03-19 11:22:11.169 E/bond ( 2949): name=Dangbei,state=11,action=android.bluetooth.device.action.BOND_STATE_CHANGED
03-19 11:22:11.293 W/IorapForwardingService( 487): No service published for: iorapd
03-19 11:22:11.296 I/bluetooth( 672): system/bt/stack/gatt/connection_manager.cc:185 on_connection_complete: Le connection completed to device:c7:44:13:5b:41:8c
03-19 11:22:11.297 I/bt_btm_ble( 672): system/bt/stack/btm/btm_ble.cc:1699 btm_ble_connected: Updating device record timestamp for existing ble connection
03-19 11:22:11.362 I/WifiService( 487): startScan uid=1000
03-19 11:22:11.363 E/ccc ( 2949): cccccc i will start scan
03-19 11:22:11.386 I/bt_stack( 672): [INFO:gatt_attr.cc(880)] gatt_sr_init_cl_status: bda=c7:44:13:5b:41:8c, cl_supp_feat=0000, aware=1
03-19 11:22:11.386 I/bluetooth( 672): system/bt/stack/gap/gap_ble.cc:298 client_connect_cback: No active GAP service found for peer:xx:xx:xx:xx:41:8c callback:Connected
03-19 11:22:11.386 I/bt_bta_gattc( 672): system/bt/bta/gatt/bta_gattc_act.cc:1110 bta_gattc_conn_cback: Connected att_id:3 transport:le reason:GATT_CONN_OK
03-19 11:22:11.386 I/bt_bta_gattc( 672): system/bt/bta/gatt/bta_gattc_act.cc:1110 bta_gattc_conn_cback: Connected att_id:4 transport:le reason:GATT_CONN_OK
03-19 11:22:11.386 I/bt_bta_gattc( 672): system/bt/bta/gatt/bta_gattc_act.cc:1110 bta_gattc_conn_cback: Connected att_id:5 transport:le reason:GATT_CONN_OK
03-19 11:22:11.386 I/bt_bta_gattc( 672): system/bt/bta/gatt/bta_gattc_act.cc:1110 bta_gattc_conn_cback: Connected att_id:6 transport:le reason:GATT_CONN_OK
03-19 11:22:11.387 I/bluetooth( 672): system/bt/stack/gatt/connection_manager.cc:185 on_connection_complete: Le connection completed to device:c7:44:13:5b:41:8c
03-19 11:22:11.387 I/bt_stack( 672): [INFO:eatt_impl.h(634)] connect device c7:44:13:5b:41:8c rolecentral
03-19 11:22:11.388 I/bt_btif_dm( 672): system/bt/btif/src/btif_dm.cc:497 btif_update_remote_version_property: Remote version info valid:true [xx:xx:xx:xx:41:8c]: 8, 50e, 8
03-19 11:22:11.411 E/BluetoothPhonePolicy( 672): Received unexpected intent, action=android.bluetooth.device.action.ACL_CONNECTED
03-19 11:22:11.412 I/BluetoothPhonePolicy( 672): processDeviceConnected, device=C7:44:13:5B:41:8C
03-19 11:22:11.412 D/BluetoothDatabase( 672): setConnection: device=C7:44:13:5B:41:8C and isA2dpDevice=false
03-19 11:22:11.412 D/BluetoothDatabase( 672): Updating last connected time for device: C7:44:13:5B:41:8C to 216
03-19 11:22:11.412 D/BluetoothDatabase( 672): updateDatabase C7:44:13:5B:41:8C
03-19 11:22:11.417 I/bt_stack( 672): [INFO:eatt_impl.h(578)] supported_features_cb c7:44:13:5b:41:8c is_eatt_supported = 0
03-19 11:22:11.417 E/bond ( 2949): name=Dangbei,state=11,action=android.bluetooth.device.action.ACL_CONNECTED
03-19 11:22:11.421 I/dangbei111( 1047): cccccc on receiver=android.bluetooth.device.action.ACL_CONNECTED,mac=C7:44:13:5B:41:8C
03-19 11:22:11.421 I/dangbei111( 1047): cccccc 收到 ACTION_ACL_CONNECTED 的广播
03-19 11:22:11.421 E/dangbei111( 1047): 5s后准备进行遥控器ota信息检测
03-19 11:22:11.430 E/smp_act ( 672): system/bt/stack/smp/smp_act.cc:135 smp_send_app_cback: Unexpected event:14
03-19 11:22:11.430 I/bt_btif_config( 672): system/bt/btif/src/btif_config.cc:137 btif_get_device_type: Device [c7:44:13:5b:41:8c] device type 2
03-19 11:22:11.436 I/bt_btif_config( 672): system/bt/btif/src/btif_config.cc:137 btif_get_device_type: Device [c7:44:13:5b:41:8c] device type 2
03-19 11:22:11.436 I/bt_btif_dm( 672): system/bt/btif/src/btif_dm.cc:384 get_cod: get_cod remote_cod = 0x00001f00
03-19 11:22:11.436 E/smp_act ( 672): system/bt/stack/smp/smp_act.cc:228 smp_send_app_cback: Unexpected event: 14
03-19 11:22:11.437 I/BluetoothBondStateMachine( 672): sspRequestCallback: [B@8092eb8 name: [B@2752491 cod: 7936 pairingVariant 2 passkey: 0
03-19 11:22:11.448 D/BluetoothPairingRequest( 826): onPair: null
03-19 11:22:11.640 I/bt_stack( 672): [INFO:gatt_sr.cc(815)] MTU request PDU with MTU size 140
03-19 11:22:11.641 W/bt_stack( 672): [WARNING:gatt_utils.cc(790)] Call back not found for application conn_id=3
03-19 11:22:11.641 W/bt_stack( 672): [WARNING:gatt_utils.cc(790)] Call back not found for application conn_id=4
03-19 11:22:11.641 W/bt_stack( 672): [WARNING:gatt_utils.cc(790)] Call back not found for application conn_id=5
03-19 11:22:11.641 W/bt_stack( 672): [WARNING:gatt_utils.cc(790)] Call back not found for application conn_id=6
03-19 11:22:11.791 I/bt_stack( 672): [INFO:hearing_aid.cc(1796)] GetDeviceCount: Not initialized yet
03-19 11:22:12.143 D/aaa ( 7639): LedStatusService onStartCommand begin
03-19 11:22:12.145 D/bbb ( 1203): onStartCommand begin !!!!!!! data分区剩余 24948MB
03-19 11:22:12.146 D/aaa ( 7639): topPkg is -------------- :com.dangbei.haqusetting
03-19 11:22:12.186 I/bt_stack( 672): [INFO:btsnoop.cc(338)] clear_l2cap_allowlist: Clearing acceptlist from l2cap channel. conn_handle=16 cid=6:6
03-19 11:22:12.187 I/bt_stack( 672): [INFO:gatt_api.cc(1178)] GATT_Connect: Registered for opportunistic connection gatt_if=1
03-19 11:22:12.187 I/bt_stack( 672): [INFO:gatt_api.cc(708)] GATTC_Discover conn_id=0x0001, disc_type=2, s_handle=0x0001, e_handle=0xffff
03-19 11:22:12.188 I/bt_btif_config( 672): system/bt/btif/src/btif_config.cc:137 btif_get_device_type: Device [c7:44:13:5b:41:8c] device type 2
03-19 11:22:12.188 I/bt_btif_dm( 672): system/bt/btif/src/btif_dm.cc:384 get_cod: get_cod remote_cod = 0x00001f00
03-19 11:22:12.188 I/bt_btif_dm( 672): system/bt/btif/src/btif_dm.cc:451 bond_state_changed: Bond state changed to state=2 [0:none, 1:bonding, 2:bonded], prev_state=1, sdp_attempts = 0
03-19 11:22:12.188 I/bt_btif_config( 672): system/bt/btif/src/btif_config.cc:137 btif_get_device_type: Device [c7:44:13:5b:41:8c] device type 2
03-19 11:22:12.189 I/bt_stack( 672): [INFO:gatt_api.cc(1178)] GATT_Connect: Registered for opportunistic connection gatt_if=3
03-19 11:22:12.189 E/bt_stack( 672): [ERROR:bta_gattc_cache.cc(940)] bta_gattc_cache_load: can't open GATT cache file /data/misc/bluetooth/gatt_cache_c744135b418c for reading, error: No such file or directory
03-19 11:22:12.190 I/bt_stack( 672): [INFO:hearing_aid.cc(1796)] GetDeviceCount: Not initialized yet
03-19 11:22:12.190 I/bt_stack( 672): [INFO:gatt_api.cc(708)] GATTC_Discover conn_id=0x0003, disc_type=1, s_handle=0x0001, e_handle=0xffff
03-19 11:22:12.190 I/BluetoothBondStateMachine( 672): bondStateChangeCallback: Status: 0 Address: C7:44:13:5B:41:8C newState: 2
03-19 11:22:12.196 D/AdapterProperties( 672): Adding bonded device:C7:44:13:5B:41:8C
03-19 11:22:12.202 I/BluetoothBondStateMachine( 672): Bond State Change Intent:C7:44:13:5B:41:8C BOND_BONDING => BOND_BONDED
03-19 11:22:12.203 I/BluetoothBondStateMachine( 672): StableState(): Entering Off State
03-19 11:22:12.207 W/BroadcastQueue( 487): Background execution not allowed: receiving Intent { act=android.bluetooth.device.action.BOND_STATE_CHANGED flg=0x10 (has extras) } to com.dangbei.lerad.etna.haqu/com.dangbei.remotecontroller.RemoteControllerReceiver
03-19 11:22:12.207 D/A2dpService( 672): Bond state changed for device: C7:44:13:5B:41:8C state: 12
03-19 11:22:12.209 D/CachedBluetoothDevice( 679): No profiles. Maybe we will connect later for device C7:44:13:5B:41:8C
03-19 11:22:12.209 I/dangbei111( 1047): cccccc on receiver=android.bluetooth.device.action.BOND_STATE_CHANGED,mac=C7:44:13:5B:41:8C
03-19 11:22:12.209 I/dangbei111( 1047): Wait for auto connection, processBondStateChange: bondState: 11 --> 12 C7:44:13:5B:41:8C
03-19 11:22:12.210 E/bond ( 2949): name=Dangbei,state=12,action=android.bluetooth.device.action.BOND_STATE_CHANGED
03-19 11:22:12.214 D/BluetoothHidHost( 2949): Binding service...
03-19 11:22:12.221 D/BluetoothHidHost( 2949): Proxy object connected
03-19 11:22:12.221 D/BluetoothHidHost( 2949): connect(C7:44:13:5B:41:8C)
03-19 11:22:12.223 V/BluetoothDatabase( 672): getProfileConnectionPolicy: C7:44:13:5B:41:8C, profile=4, connectionPolicy = -1
03-19 11:22:12.224 E/bt_stack( 672): [ERROR:srvc_eng.cc(397)] DIS already initalized
03-19 11:22:12.224 D/BluetoothHidHost( 2949): Unbinding service...
03-19 11:22:12.224 D/BluetoothHidHostService( 672): Connection state C7:44:13:5B:41:8C: 0->1
03-19 11:22:12.229 W/BluetoothHidHostService( 672): no state change: 1
03-19 11:22:12.229 D/AdapterProperties( 672): PROFILE_CONNECTION_STATE_CHANGE: profile=4, device=C7:44:13:5B:41:8C, 0 -> 1
03-19 11:22:12.233 D/AdapterProperties( 672): ADAPTER_CONNECTION_STATE_CHANGE: C7:44:13:5B:41:8C: 0 -> 1
03-19 11:22:12.238 D/CachedBluetoothDevice( 679): onProfileStateChanged: profile HID, device Dangbei, newProfileState 1
03-19 11:22:12.259 I/bt_stack( 672): [INFO:gatt_api.cc(708)] GATTC_Discover conn_id=0x0001, disc_type=4, s_handle=0x0001, e_handle=0x000d
03-19 11:22:12.281 I/bt_stack( 672): [INFO:gatt_api.cc(1286)] GATT_Disconnect conn_id=0x0007
03-19 11:22:12.282 I/bt_srvc ( 672): system/bt/stack/srvc/srvc_dis.cc:201 dis_gatt_c_read_dis_value_cmpl: dis_gatt_c_read_dis_value_cmpl conn_id:7 attr_mask = 0x0100
03-19 11:22:12.294 W/IorapForwardingService( 487): No service published for: iorapd
03-19 11:22:12.405 I/bt_stack( 672): [INFO:gatt_api.cc(708)] GATTC_Discover conn_id=0x0003, disc_type=3, s_handle=0x0001, e_handle=0x0009
03-19 11:22:12.450 I/bt_stack( 672): [INFO:gatt_api.cc(708)] GATTC_Discover conn_id=0x0003, disc_type=4, s_handle=0x0001, e_handle=0x0009
03-19 11:22:12.472 I/bt_stack( 672): [INFO:gatt_api.cc(708)] GATTC_Discover conn_id=0x0001, disc_type=5, s_handle=0x000c, e_handle=0x000d
03-19 11:22:12.585 I/bt_stack( 672): [INFO:gatt_api.cc(708)] GATTC_Discover conn_id=0x0003, disc_type=3, s_handle=0x000a, e_handle=0x000d
03-19 11:22:12.607 I/bt_stack( 672): [INFO:gatt_api.cc(708)] GATTC_Discover conn_id=0x0003, disc_type=4, s_handle=0x000a, e_handle=0x000d
03-19 11:22:12.652 I/bt_stack( 672): [INFO:gatt_api.cc(708)] GATTC_Discover conn_id=0x0003, disc_type=5, s_handle=0x000d, e_handle=0x000d
03-19 11:22:12.676 I/bt_stack( 672): [INFO:gatt_api.cc(708)] GATTC_Discover conn_id=0x0003, disc_type=3, s_handle=0x000e, e_handle=0x0011
03-19 11:22:12.698 I/bt_stack( 672): [INFO:gatt_api.cc(708)] GATTC_Discover conn_id=0x0003, disc_type=4, s_handle=0x000e, e_handle=0x0011
03-19 11:22:12.742 I/bt_stack( 672): [INFO:gatt_api.cc(708)] GATTC_Discover conn_id=0x0003, disc_type=5, s_handle=0x0011, e_handle=0x0011
03-19 11:22:12.765 I/bt_stack( 672): [INFO:gatt_api.cc(708)] GATTC_Discover conn_id=0x0003, disc_type=3, s_handle=0x0012, e_handle=0x001e
03-19 11:22:12.787 I/bt_stack( 672): [INFO:gatt_api.cc(708)] GATTC_Discover conn_id=0x0003, disc_type=4, s_handle=0x0012, e_handle=0x001e
03-19 11:22:12.877 I/bt_stack( 672): [INFO:gatt_api.cc(708)] GATTC_Discover conn_id=0x0003, disc_type=3, s_handle=0x001f, e_handle=0x0042
03-19 11:22:12.900 I/bt_stack( 672): [INFO:gatt_api.cc(708)] GATTC_Discover conn_id=0x0003, disc_type=4, s_handle=0x001f, e_handle=0x0042
03-19 11:22:13.057 I/bt_stack( 672): [INFO:gatt_api.cc(708)] GATTC_Discover conn_id=0x0003, disc_type=5, s_handle=0x0024, e_handle=0x0024
03-19 11:22:13.080 I/bt_stack( 672): [INFO:gatt_api.cc(708)] GATTC_Discover conn_id=0x0003, disc_type=5, s_handle=0x0029, e_handle=0x0029
03-19 11:22:13.102 I/bt_stack( 672): [INFO:gatt_api.cc(708)] GATTC_Discover conn_id=0x0003, disc_type=5, s_handle=0x002e, e_handle=0x002e
03-19 11:22:13.125 I/bt_stack( 672): [INFO:gatt_api.cc(708)] GATTC_Discover conn_id=0x0003, disc_type=5, s_handle=0x0031, e_handle=0x0032
03-19 11:22:13.147 I/bt_stack( 672): [INFO:gatt_api.cc(708)] GATTC_Discover conn_id=0x0003, disc_type=5, s_handle=0x0035, e_handle=0x0036
03-19 11:22:13.170 I/bt_stack( 672): [INFO:gatt_api.cc(708)] GATTC_Discover conn_id=0x0003, disc_type=5, s_handle=0x0039, e_handle=0x003a
03-19 11:22:13.193 I/bt_stack( 672): [INFO:gatt_api.cc(708)] GATTC_Discover conn_id=0x0003, disc_type=5, s_handle=0x003d, e_handle=0x003d
03-19 11:22:13.207 D/WifiNl80211Manager( 487): Scan result ready event
03-19 11:22:13.207 D/WifiNative( 487): Scan result ready event
03-19 11:22:13.224 I/bt_stack( 672): [INFO:gatt_api.cc(708)] GATTC_Discover conn_id=0x0003, disc_type=5, s_handle=0x0040, e_handle=0x0040
03-19 11:22:13.237 I/bt_stack( 672): [INFO:gatt_api.cc(708)] GATTC_Discover conn_id=0x0003, disc_type=3, s_handle=0x0043, e_handle=0x0051
03-19 11:22:13.253 I/bt_stack( 672): [INFO:gatt_api.cc(708)] GATTC_Discover conn_id=0x0003, disc_type=4, s_handle=0x0043, e_handle=0x0051
03-19 11:22:13.259 E/ccc ( 2949): cccccc SCAN_RESULTS_AVAILABLE_ACTION hhhh
03-19 11:22:13.260 E/hq ( 1119): NetWorkStateReceiver:::NetWorkStateReceiver onReceive: 网络变化广播 >>>> intent.action=android.net.wifi.SCAN_RESULTS
03-19 11:22:13.264 D/PasspointManager( 487): ANQP entry not found for: f8:14:fe:4f:93:01:
03-19 11:22:13.271 E/WifiHAL ( 663): wifi_get_link_stats: requestResponse Error:-5
03-19 11:22:13.272 E/WifiVendorHal( 487): getWifiLinkLayerStats_1_5_Internal(l.1191) failed {.code = ERROR_INVALID_ARGS, .description = }
03-19 11:22:13.284 W/eventbuscore( 1119): post Event:com.dangbei.leard.base.entity.event.NetWifiRssiEvent
03-19 11:22:13.290 E/ccc ( 2949): cccccc result is not empty call back
03-19 11:22:13.290 E/ccc ( 2949): cccccc 666666666666666
03-19 11:22:13.296 W/IorapForwardingService( 487): No service published for: iorapd
03-19 11:22:13.304 E/ccc ( 2949): cccccc sort 2 51
03-19 11:22:13.313 I/bt_stack( 672): [INFO:gatt_api.cc(708)] GATTC_Discover conn_id=0x0003, disc_type=5, s_handle=0x0046, e_handle=0x0046
03-19 11:22:13.328 I/bt_stack( 672): [INFO:gatt_api.cc(708)] GATTC_Discover conn_id=0x0003, disc_type=5, s_handle=0x0049, e_handle=0x0049
03-19 11:22:13.336 I/bt_stack( 672): [INFO:hearing_aid.cc(1796)] GetDeviceCount: Not initialized yet
03-19 11:22:13.344 I/bt_stack( 672): [INFO:gatt_api.cc(708)] GATTC_Discover conn_id=0x0003, disc_type=5, s_handle=0x004c, e_handle=0x004c
03-19 11:22:13.358 I/bt_stack( 672): [INFO:gatt_api.cc(708)] GATTC_Discover conn_id=0x0003, disc_type=5, s_handle=0x004f, e_handle=0x004f
03-19 11:22:13.373 I/bt_stack( 672): [INFO:bta_gattc_cache.cc(219)] bta_gattc_explore_srvc_finished: service discovery finished
03-19 11:22:13.374 I/bt_bta_hh( 672): system/bt/bta/hh/bta_hh_le.cc:1367 bta_hh_le_search_hid_chars: bta_hh_le_search_hid_chars: GATT_UUID_HID_INFORMATION 00002a4a-0000-1000-8000-00805f9b34fb
03-19 11:22:13.374 I/bt_bta_hh( 672): system/bt/bta/hh/bta_hh_le.cc:1367 bta_hh_le_search_hid_chars: bta_hh_le_search_hid_chars: GATT_UUID_HID_REPORT_MAP 00002a4b-0000-1000-8000-00805f9b34fb
03-19 11:22:13.374 I/bt_bta_hh( 672): system/bt/bta/hh/bta_hh_le.cc:1367 bta_hh_le_search_hid_chars: bta_hh_le_search_hid_chars: GATT_UUID_HID_CONTROL_POINT 00002a4c-0000-1000-8000-00805f9b34fb
03-19 11:22:13.374 I/bt_bta_hh( 672): system/bt/bta/hh/bta_hh_le.cc:1367 bta_hh_le_search_hid_chars: bta_hh_le_search_hid_chars: GATT_UUID_HID_BT_KB_INPUT 00002a22-0000-1000-8000-00805f9b34fb
03-19 11:22:13.374 I/bt_bta_hh( 672): system/bt/bta/hh/bta_hh_le.cc:1367 bta_hh_le_search_hid_chars: bta_hh_le_search_hid_chars: GATT_UUID_HID_BT_KB_OUTPUT 00002a32-0000-1000-8000-00805f9b34fb
03-19 11:22:13.374 I/bt_bta_hh( 672): system/bt/bta/hh/bta_hh_le.cc:1367 bta_hh_le_search_hid_chars: bta_hh_le_search_hid_chars: GATT_UUID_HID_BT_MOUSE_INPUT 00002a33-0000-1000-8000-00805f9b34fb
03-19 11:22:13.375 I/bt_bta_hh( 672): system/bt/bta/hh/bta_hh_le.cc:1367 bta_hh_le_search_hid_chars: bta_hh_le_search_hid_chars: GATT_UUID_HID_REPORT 00002a4d-0000-1000-8000-00805f9b34fb
03-19 11:22:13.375 I/bt_bta_hh( 672): system/bt/bta/hh/bta_hh_le.cc:1367 bta_hh_le_search_hid_chars: bta_hh_le_search_hid_chars: GATT_UUID_HID_REPORT 00002a4d-0000-1000-8000-00805f9b34fb
03-19 11:22:13.375 I/bt_bta_hh( 672): system/bt/bta/hh/bta_hh_le.cc:1367 bta_hh_le_search_hid_chars: bta_hh_le_search_hid_chars: GATT_UUID_HID_REPORT 00002a4d-0000-1000-8000-00805f9b34fb
03-19 11:22:13.375 I/bt_bta_hh( 672): system/bt/bta/hh/bta_hh_le.cc:1367 bta_hh_le_search_hid_chars: bta_hh_le_search_hid_chars: GATT_UUID_HID_REPORT 00002a4d-0000-1000-8000-00805f9b34fb
03-19 11:22:13.375 I/bt_bta_hh( 672): system/bt/bta/hh/bta_hh_le.cc:1367 bta_hh_le_search_hid_chars: bta_hh_le_search_hid_chars: GATT_UUID_HID_REPORT 00002a4d-0000-1000-8000-00805f9b34fb
03-19 11:22:13.375 I/bt_bta_hh( 672): system/bt/bta/hh/bta_hh_le.cc:1367 bta_hh_le_search_hid_chars: bta_hh_le_search_hid_chars: GATT_UUID_HID_PROTO_MODE 00002a4e-0000-1000-8000-00805f9b34fb
03-19 11:22:13.375 I/bt_bta_gattc( 672): system/bt/bta/gatt/bta_gattc_cache.cc:902 bta_gattc_get_gatt_db: bta_gattc_get_gatt_db
03-19 11:22:13.375 I/bt_bta_dm( 672): system/bt/bta/dm/bta_dm_act.cc:1314 bta_dm_search_cmpl: GATT services discovered using LE Transport
03-19 11:22:13.390 I/BluetoothPhonePolicy( 672): Received ACTION_UUID for device C7:44:13:5B:41:8C
03-19 11:22:13.391 I/BluetoothPhonePolicy( 672): index=0uuid=00001812-0000-1000-8000-00805f9b34fb
03-19 11:22:13.391 I/BluetoothPhonePolicy( 672): processInitProfilePriorities() - device C7:44:13:5B:41:8C
03-19 11:22:13.391 W/HearingAidService( 672): getHearingAidService(): service is NULL
03-19 11:22:13.391 V/BluetoothDatabase( 672): getProfileConnectionPolicy: C7:44:13:5B:41:8C, profile=4, connectionPolicy = -1
03-19 11:22:13.391 D/BluetoothDatabase( 672): updateDatabase C7:44:13:5B:41:8C
03-19 11:22:13.397 W/hdr10p_Configure( 363): 130 callbacks suppressed
03-19 11:22:13.397 I/ ( 363): DVI mode selected: packets not configured
03-19 11:22:13.397 W/set_vsif_config( 363): 130 callbacks suppressed
03-19 11:22:13.397 I/ ( 363): Error: set vsif failed
03-19 11:22:13.397 I/ ( 363): DVI mode selected: packets not configured
03-19 11:22:13.397 I/ ( 363): Error: set vsif failed
03-19 11:22:13.393 D/LocalBluetoothProfileManager( 679): Current Profiles[]
03-19 11:22:13.394 D/BluetoothMap( 679): getConnectionState(C7:44:13:5B:41:8C)
03-19 11:22:13.395 D/BluetoothPbapService( 672): getConnectionState: C7:44:13:5B:41:8C
03-19 11:22:13.396 D/LocalBluetoothProfileManager( 679): New Profiles[HID]
03-19 11:22:13.399 D/CachedBluetoothDevice( 679): updating profiles for Dangbei
03-19 11:22:13.400 V/CachedBluetoothDevice( 679): Class: 1f00
03-19 11:22:13.400 V/CachedBluetoothDevice( 679): UUID:
03-19 11:22:13.400 V/CachedBluetoothDevice( 679): 00001812-0000-1000-8000-00805f9b34fb
03-19 11:22:13.402 D/CachedBluetoothDevice( 679): onUuidChanged: Time since last connect=1193
03-19 11:22:13.402 D/CachedBluetoothDevice( 679): onUuidChanged: triggering connectAllEnabledProfiles
03-19 11:22:13.403 I/bt_stack( 672): [INFO:hearing_aid.cc(1796)] GetDeviceCount: Not initialized yet
03-19 11:22:13.403 V/BluetoothDatabase( 672): getProfileConnectionPolicy: C7:44:13:5B:41:8C, profile=2, connectionPolicy = -1
03-19 11:22:13.404 V/BluetoothDatabase( 672): getProfileConnectionPolicy: C7:44:13:5B:41:8C, profile=1, connectionPolicy = -1
03-19 11:22:13.404 V/BluetoothDatabase( 672): getProfileConnectionPolicy: C7:44:13:5B:41:8C, profile=4, connectionPolicy = 100
03-19 11:22:13.404 V/BluetoothDatabase( 672): getProfileConnectionPolicy: C7:44:13:5B:41:8C, profile=4, connectionPolicy = 100
03-19 11:22:13.404 I/BluetoothAdapterService( 672): connectEnabledProfiles: Connecting Hid Host Profile
03-19 11:22:13.404 E/BluetoothHidHostService( 672): Hid Device not disconnected: C7:44:13:5B:41:8C
03-19 11:22:13.592 E/WifiHAL ( 663): wifi_get_link_stats: requestResponse Error:-5
03-19 11:22:13.593 E/WifiVendorHal( 487): getWifiLinkLayerStats_1_5_Internal(l.1191) failed {.code = ERROR_INVALID_ARGS, .description = }
03-19 11:22:13.699 E/bt_stack( 672): [ERROR:bta_gattc_api.cc(729)] BTA_GATTC_DeregisterForNotifications registration not found bd_addr=c7:44:13:5b:41:8c
03-19 11:22:13.699 E/bt_stack( 672): [ERROR:bta_gattc_api.cc(729)] BTA_GATTC_DeregisterForNotifications registration not found bd_addr=c7:44:13:5b:41:8c
03-19 11:22:13.701 W/bt_btif ( 672): system/bt/main/bte_logmsg.cc:194 LogMsg: btif_hh_upstreams_evt: BTA_HH_OPN_EVT: handle=16, status =0
03-19 11:22:13.701 W/bt_btif ( 672): system/bt/main/bte_logmsg.cc:194 LogMsg: BTA_HH_OPEN_EVT: Found device...Getting dscp info for handle ... 16
03-19 11:22:13.701 I/bt_btif_dm( 672): system/bt/btif/src/btif_dm.cc:384 get_cod: get_cod remote_cod = 0x00001f00
03-19 11:22:13.701 I/bt_btif_dm( 672): system/bt/btif/src/btif_dm.cc:384 get_cod: get_cod remote_cod = 0x00001f00
03-19 11:22:13.701 W/bt_btif ( 672): system/bt/main/bte_logmsg.cc:194 LogMsg: btif_hh_upstreams_evt: name = Dangbei
03-19 11:22:13.702 W/bt_btif ( 672): system/bt/main/bte_logmsg.cc:194 LogMsg: bta_hh_co_send_hid_info: fd = 96, name = [Dangbei], dscp_len = 122
03-19 11:22:13.702 W/bt_btif ( 672): system/bt/main/bte_logmsg.cc:194 LogMsg: bta_hh_co_send_hid_info: vendor_id = 0x1d5a, product_id = 0xc081, version= 0x0101,ctry_code=0x00
03-19 11:22:13.702 D/BluetoothHidHostService( 672): Connection state C7:44:13:5B:41:8C: 1->2
03-19 11:22:13.706 D/XM_HIDREAD( 318): add@ add@/devices/virtual/misc/uhid/0005:1D5A:C081.008B
03-19 11:22:13.711 W/bt_btif ( 672): system/bt/main/bte_logmsg.cc:194 LogMsg: bta_hh_co_send_hid_info: wrote descriptor to fd = 96, dscp_len = 122, result = 0
03-19 11:22:13.712 W/bt_stack( 672): [WARNING:btif_hh.cc(403)] Added device c7:44:13:5b:41:8c
03-19 11:22:13.712 W/bt_btif ( 672): system/bt/main/bte_logmsg.cc:194 LogMsg: BTA_HH_GET_DSCP_EVT: Called add device
03-19 11:22:13.712 W/bt_btif ( 672): system/bt/main/bte_logmsg.cc:194 LogMsg: BTA_HH_ADD_DEV_EVT: status = 0, handle = 16
03-19 11:22:13.717 D/BluetoothAdapterService( 672): enable() - Enable called with quiet mode status = false
03-19 11:22:13.718 D/XM_HIDREAD( 318): add@ add@/devices/virtual/misc/uhid/0005:1D5A:C081.008B/input/input414
03-19 11:22:13.719 I/AdapterState( 672): ON : Unhandled message - BLE_TURN_ON
03-19 11:22:13.720 D/AdapterProperties( 672): PROFILE_CONNECTION_STATE_CHANGE: profile=4, device=C7:44:13:5B:41:8C, 1 -> 2
03-19 11:22:13.720 D/XM_HIDREAD( 318): add@ add@/devices/virtual/misc/uhid/0005:1D5A:C081.008B/input/input414/input414::numlock
03-19 11:22:13.724 I/input ( 7785): Dangbei Keyboard as /devices/virtual/misc/uhid/0005:1D5A:C081.008B/input/input414
03-19 11:22:13.724 D/XM_HIDREAD( 318): add@ add@/devices/virtual/misc/uhid/0005:1D5A:C081.008B/input/input414/input414::capslock
03-19 11:22:13.725 D/XM_HIDREAD( 318): add@ add@/devices/virtual/misc/uhid/0005:1D5A:C081.008B/input/input414/input414::scrolllock
03-19 11:22:13.726 D/XM_HIDREAD( 318): add@ add@/devices/virtual/misc/uhid/0005:1D5A:C081.008B/input/input414/input414::compose
03-19 11:22:13.727 D/AdapterProperties( 672): ADAPTER_CONNECTION_STATE_CHANGE: C7:44:13:5B:41:8C: 1 -> 2
03-19 11:22:13.727 D/XM_HIDREAD( 318): add@ add@/devices/virtual/misc/uhid/0005:1D5A:C081.008B/input/input414/input414::kana
03-19 11:22:13.724 I/rainbow_flow( 9822): type=1400 audit(0.0:2007): avc: denied { ioctl } for path="/dev/spidev1.0" dev="tmpfs" ino=274 ioctlcmd=0x6b00 scontext=u:r:init:s0 tcontext=u:object_r:device:s0 tclass=chr_file permissive=1
03-19 11:22:13.731 D/XM_HIDREAD( 318): add@ add@/devices/virtual/misc/uhid/0005:1D5A:C081.008B/input/input414/event3
03-19 11:22:13.735 I/ ( 363): DVI mode selected: packets not configured
03-19 11:22:13.735 I/ ( 363): Error: set vsif failed
03-19 11:22:13.735 I/ ( 363): DVI mode selected: packets not configured
03-19 11:22:13.735 I/ ( 363): Error: set vsif failed
03-19 11:22:13.733 D/XM_HIDREAD( 318): add@ add@/devices/virtual/misc/uhid/0005:1D5A:C081.008B/input/input415
03-19 11:22:13.734 D/XM_HIDREAD( 318): add@ add@/devices/virtual/misc/uhid/0005:1D5A:C081.008B/input/input415/event4
03-19 11:22:13.735 D/XM_HIDREAD( 318): add@ add@/devices/virtual/misc/uhid/0005:1D5A:C081.008B/input/input416
03-19 11:22:13.739 I/input ( 7785): Dangbei Consumer Control as /devices/virtual/misc/uhid/0005:1D5A:C081.008B/input/input415
03-19 11:22:13.741 I/input ( 7785): Dangbei as /devices/virtual/misc/uhid/0005:1D5A:C081.008B/input/input416
03-19 11:22:13.737 D/XM_HIDREAD( 318): add@ add@/devices/virtual/misc/uhid/0005:1D5A:C081.008B/input/input416/event5
03-19 11:22:13.743 I/hid-generic 0005( 7785): 1D5A:C081.008B: input: BLUETOOTH HID v1.01 Keyboard [Dangbei] on
03-19 11:22:13.748 D/EventHub( 487): No input device configuration file found for device 'Dangbei Keyboard'.
03-19 11:22:13.757 I/EventHub( 487): usingClockIoctl=true
03-19 11:22:13.757 D/XM_HIDREAD( 318): add@ add@/devices/virtual/wakeup/wakeup27
03-19 11:22:13.758 I/EventHub( 487): New device: id=415, fd=280, path='/dev/input/event3', name='Dangbei Keyboard', classes=KEYBOARD | EXTERNAL, configuration='', keyLayout='/system/usr/keylayout/Vendor_1d5a_Product_c081.kl', keyCharacterMap='/system/usr/keychars/Generic.kcm', builtinKeyboard=false,
03-19 11:22:13.759 I/InputReader( 487): Device added: id=142, eventHubId=415, name='Dangbei Keyboard', descriptor='142719f68ba1f1336fc48aa2b25b032b200b64b0',sources=0x00000101
03-19 11:22:13.764 D/CachedBluetoothDevice( 679): onProfileStateChanged: profile HID, device Dangbei, newProfileState 2
03-19 11:22:13.771 I/ ( 363): DVI mode selected: packets not configured
03-19 11:22:13.771 I/ ( 363): Error: set vsif failed
03-19 11:22:13.771 I/ ( 363): DVI mode selected: packets not configured
03-19 11:22:13.771 I/ ( 363): Error: set vsif failed
03-19 11:22:13.770 D/EventHub( 487): No input device configuration file found for device 'Dangbei Consumer Control'.
03-19 11:22:13.776 D/XM_HIDREAD( 318): add@ add@/devices/virtual/wakeup/wakeup28
03-19 11:22:13.779 W/EventHub( 487): Unable to disable kernel key repeat for /dev/input/event4: Function not implemented
03-19 11:22:13.779 I/EventHub( 487): usingClockIoctl=true
03-19 11:22:13.779 I/EventHub( 487): New device: id=416, fd=288, path='/dev/input/event4', name='Dangbei Consumer Control', classes=KEYBOARD | JOYSTICK | EXTERNAL, configuration='', keyLayout='/system/usr/keylayout/Vendor_1d5a_Product_c081.kl', keyCharacterMap='/system/usr/keychars/Generic.kcm', builtinKeyboard=false,
03-19 11:22:13.780 D/EventHub( 487): No input device configuration file found for device 'Dangbei'.
03-19 11:22:13.810 I/ ( 363): DVI mode selected: packets not configured
03-19 11:22:13.810 I/ ( 363): Error: set vsif failed
03-19 11:22:13.811 I/ ( 363): DVI mode selected: packets not configured
03-19 11:22:13.811 I/ ( 363): Error: set vsif failed
03-19 11:22:13.835 I/ ( 363): DVI mode selected: packets not configured
03-19 11:22:13.835 I/ ( 363): Error: set vsif failed
03-19 11:22:13.836 I/ ( 363): DVI mode selected: packets not configured
03-19 11:22:13.836 I/ ( 363): Error: set vsif failed
03-19 11:22:13.854 I/InputReader( 487): Device added: id=142, eventHubId=416, name='Dangbei Consumer Control', descriptor='142719f68ba1f1336fc48aa2b25b032b200b64b0',sources=0x01000111
03-19 11:22:14.231 D/hdmi-cec( 261): receive invalid cec message!
03-19 11:22:14.231 D/hdmi-cec( 261): receive poll message [04], skip!
03-19 11:22:14.297 W/IorapForwardingService( 487): No service published for: iorapd
03-19 11:22:14.374 I/bt_stack( 672): [INFO:gatt_api.cc(1286)] GATT_Disconnect conn_id=0x0003
03-19 11:22:14.427 E/dangbei111( 1047): cccccc 检查遥控器是否连接: Dangbei C9:B5:96:5C:E3:ED
03-19 11:22:14.431 E/dangbei111( 1047): cccccc 检查遥控器是否连接: 蓝牙的结果 Dangbei C9:B5:96:5C:E3:ED false
03-19 11:22:14.432 E/dangbei111( 1047): cccccc 确实有遥控器 存在 取消check任务
03-19 11:22:14.436 E/dangbei111( 1047): cccccc 检查遥控器是否连接: Dangbei C7:44:13:5B:41:8C
03-19 11:22:14.439 E/dangbei111( 1047): cccccc 检查遥控器是否连接: 蓝牙的结果 Dangbei C7:44:13:5B:41:8C true
03-19 11:22:14.439 E/dangbei111( 1047): cccccc 确实有遥控器 存在 取消check任务
03-19 11:22:14.439 E/dangbei111( 1047): cccccc 确实有遥控器 存在 重置beeGatt
03-19 11:22:14.439 E/dangbei111( 1047): cccccc 尝试 stopBleScan
03-19 11:22:14.441 D/BluetoothAdapter( 1047): isLeEnabled(): ON
03-19 11:22:14.441 D/BluetoothLeScanner( 1047): could not find callback wrapper
03-19 11:22:14.441 E/dangbei111( 1047): cccccc stopBleScanInner null
03-19 11:22:14.441 E/dangbei111( 1047): cccccc rc is connected, stop scan =C7:44:13:5B:41:8C
03-19 11:22:14.443 E/dangbei111( 1047): cccccc 准备cancelPair Dangbei C9:B5:96:5C:E3:ED
03-19 11:22:14.447 E/dangbei111( 1047): cccccc 取消pair Dangbei C9:B5:96:5C:E3:ED 12
03-19 11:22:14.447 I/BluetoothDevice( 1047): removeBond() for device C9:B5:96:5C:E3:ED called by pid: 1047 tid: 1047
03-19 11:22:14.449 I/BluetoothBondStateMachine( 672): Entering PendingCommandState State
03-19 11:22:14.449 I/bt_btif_config( 672): system/bt/btif/src/btif_config.cc:137 btif_get_device_type: Device [c9:b5:96:5c:e3:ed] device type 2
03-19 11:22:14.449 I/bt_btif_dm( 672): system/bt/btif/src/btif_dm.cc:384 get_cod: get_cod remote_cod = 0x00001f00
03-19 11:22:14.449 E/bt_btif ( 672): system/bt/main/bte_logmsg.cc:191 LogMsg: btif_hh_virtual_unplug: Error, device c9:b5:96:5c:e3:ed not opened, status = 5
03-19 11:22:14.448 I/lerad.etna.haqu( 1047): type=1400 audit(0.0:2008): avc: denied { read } for name="devices" dev="proc" ino=4026532014 scontext=u:r:system_app:s0 tcontext=u:object_r:proc:s0 tclass=file permissive=1
03-19 11:22:14.448 I/lerad.etna.haqu( 1047): type=1400 audit(0.0:2009): avc: denied { open } for path="/proc/bus/input/devices" dev="proc" ino=4026532014 scontext=u:r:system_app:s0 tcontext=u:object_r:proc:s0 tclass=file permissive=1
03-19 11:22:14.448 I/lerad.etna.haqu( 1047): type=1400 audit(0.0:2010): avc: denied { getattr } for path="/proc/bus/input/devices" dev="proc" ino=4026532014 scontext=u:r:system_app:s0 tcontext=u:object_r:proc:s0 tclass=file permissive=1
03-19 11:22:14.450 I/bt_stack( 672): [INFO:btif_hh.cc(428)] btif_hh_remove_device: bda = c9:b5:96:5c:e3:ed
03-19 11:22:14.451 I/bt_btif_storage( 672): system/bt/btif/src/btif_storage.cc:839 btif_storage_remove_bonded_device: Removing bonded device addr:c9:b5:96:5c:e3:ed
03-19 11:22:14.451 I/bt_btif_storage( 672): system/bt/btif/src/btif_storage.cc:1138 btif_storage_remove_ble_bonding_keys: Removing bonding keys for bd addr:c9:b5:96:5c:e3:ed
03-19 11:22:14.457 W/BluetoothHidHostService( 672): no state change: 0
03-19 11:22:14.462 I/bt_btif_config( 672): system/bt/btif/src/btif_config.cc:137 btif_get_device_type: Device [c9:b5:96:5c:e3:ed] device type 2
03-19 11:22:14.462 I/bt_btif_dm( 672): system/bt/btif/src/btif_dm.cc:384 get_cod: get_cod remote_cod = 0x00001f00
03-19 11:22:14.462 I/bt_btif_dm( 672): system/bt/btif/src/btif_dm.cc:451 bond_state_changed: Bond state changed to state=0 [0:none, 1:bonding, 2:bonded], prev_state=0, sdp_attempts = 0
03-19 11:22:14.462 I/bt_btif_config( 672): system/bt/btif/src/btif_config.cc:137 btif_get_device_type: Device [c9:b5:96:5c:e3:ed] device type 2
03-19 11:22:14.462 I/bt_stack( 672): [INFO:gatt_api.cc(1231)] GATT_CancelConnect: gatt_if:0, address: c9:b5:96:5c:e3:ed, direct:0
03-19 11:22:14.463 E/bt_stack( 672): [ERROR:bta_gattc_api.cc(729)] BTA_GATTC_DeregisterForNotifications registration not found bd_addr=c9:b5:96:5c:e3:ed
03-19 11:22:14.463 E/bt_stack( 672): [ERROR:bta_gattc_api.cc(729)] BTA_GATTC_DeregisterForNotifications registration not found bd_addr=c9:b5:96:5c:e3:ed
03-19 11:22:14.463 E/bt_stack( 672): [ERROR:bta_gattc_api.cc(729)] BTA_GATTC_DeregisterForNotifications registration not found bd_addr=c9:b5:96:5c:e3:ed
03-19 11:22:14.463 E/bt_stack( 672): [ERROR:bta_gattc_api.cc(729)] BTA_GATTC_DeregisterForNotifications registration not found bd_addr=c9:b5:96:5c:e3:ed
03-19 11:22:14.463 E/bt_stack( 672): [ERROR:bta_gattc_api.cc(729)] BTA_GATTC_DeregisterForNotifications registration not found bd_addr=c9:b5:96:5c:e3:ed
03-19 11:22:14.463 I/bt_bta_sys_main( 672): system/bt/bta/sys/bta_sys_main.cc:99 bta_sys_event: Ignoring receipt of unregistered event id:HID Human interface device
03-19 11:22:14.464 E/bt_stack( 672): [ERROR:bta_gattc_utils.cc(441)] bta_gattc_mark_bg_conn unable to find the bg connection mask for bd_addr=c9:b5:96:5c:e3:ed
03-19 11:22:14.466 D/BluetoothGatt( 1047): discoverServices() - device: C7:44:13:5B:41:8C
03-19 11:22:14.466 E/BtGatt.GattService( 672): discoverServices() - No connection for C7:44:13:5B:41:8C...
03-19 11:22:14.467 E/dangbei111( 1047): getBattery delay 0
03-19 11:22:14.472 I/BluetoothBondStateMachine( 672): bondStateChangeCallback: Status: 0 Address: C9:B5:96:5C:E3:ED newState: 0
03-19 11:22:14.472 I/bt_btif_config( 672): system/bt/btif/src/btif_config.cc:137 btif_get_device_type: Device [c7:44:13:5b:41:8c] device type 2
03-19 11:22:14.473 D/BluetoothGatt( 1047): onClientConnectionState() - status=0 clientIf=5 device=C7:44:13:5B:41:8C
03-19 11:22:14.473 I/bt_btif_config( 672): system/bt/btif/src/btif_config.cc:137 btif_get_device_type: Device [c7:44:13:5b:41:8c] device type 2
03-19 11:22:14.474 D/BluetoothGatt( 1047): discoverServices() - device: C7:44:13:5B:41:8C
03-19 11:22:14.474 D/BluetoothGatt( 1047): discoverServices() - device: C7:44:13:5B:41:8C
03-19 11:22:14.474 D/BluetoothGatt( 1047): onClientConnectionState() - status=0 clientIf=6 device=C7:44:13:5B:41:8C
03-19 11:22:14.474 D/BluetoothGatt( 1047): discoverServices() - device: C7:44:13:5B:41:8C
03-19 11:22:14.475 E/dangbei111( 1047): 5mins后会再次获取电量
03-19 11:22:14.475 E/dangbei111( 1047): getBattery delay 300000
03-19 11:22:14.477 I/bt_bta_gattc( 672): system/bt/bta/gatt/bta_gattc_cache.cc:902 bta_gattc_get_gatt_db: bta_gattc_get_gatt_db
03-19 11:22:14.478 D/AdapterProperties( 672): Removing bonded device:C9:B5:96:5C:E3:ED
03-19 11:22:14.482 D/BluetoothGatt( 1047): onSearchComplete() = Device=C7:44:13:5B:41:8C Status=0
03-19 11:22:14.482 I/bt_bta_gattc( 672): system/bt/bta/gatt/bta_gattc_cache.cc:902 bta_gattc_get_gatt_db: bta_gattc_get_gatt_db
03-19 11:22:14.485 I/bt_bta_gattc( 672): system/bt/bta/gatt/bta_gattc_cache.cc:902 bta_gattc_get_gatt_db: bta_gattc_get_gatt_db
03-19 11:22:14.486 D/BluetoothGatt( 1047): onSearchComplete() = Device=C7:44:13:5B:41:8C Status=0
03-19 11:22:14.487 I/dangbei111( 1047): cccccc on receiver=android.bluetooth.device.action.BOND_STATE_CHANGED,mac=C9:B5:96:5C:E3:ED
03-19 11:22:14.487 W/BroadcastQueue( 487): Background execution not allowed: receiving Intent { act=android.bluetooth.device.action.BOND_STATE_CHANGED flg=0x10 (has extras) } to com.dangbei.lerad.etna.haqu/com.dangbei.remotecontroller.RemoteControllerReceiver
03-19 11:22:14.487 I/dangbei111( 1047): Wait for auto connection, processBondStateChange: bondState: 12 --> 10 C9:B5:96:5C:E3:ED
03-19 11:22:14.487 D/A2dpService( 672): Bond state changed for device: C9:B5:96:5C:E3:ED state: 10
03-19 11:22:14.488 I/BluetoothBondStateMachine( 672): Bond State Change Intent:C9:B5:96:5C:E3:ED BOND_BONDED => BOND_NONE
03-19 11:22:14.489 D/BluetoothGatt( 1047): onSearchComplete() = Device=C7:44:13:5B:41:8C Status=0
03-19 11:22:14.491 E/bond ( 2949): name=Dangbei,state=10,action=android.bluetooth.device.action.BOND_STATE_CHANGED
03-19 11:22:14.494 W/HeadsetClientService( 672): getHeadsetClientService(): service is null
03-19 11:22:14.494 W/PbapClientService( 672): getPbapClientService(): service is null
03-19 11:22:14.495 D/A2dpService( 672): Saved connectionPolicy C9:B5:96:5C:E3:ED = -1
03-19 11:22:14.495 I/HeadsetService( 672): setConnectionPolicy: device=C9:B5:96:5C:E3:ED, connectionPolicy=-1, uid/pid=1002/672
03-19 11:22:14.495 I/BluetoothBondStateMachine( 672): StableState(): Entering Off State
03-19 11:22:14.497 D/BluetoothDatabase( 672): getCustomMeta: device C9:B5:96:5C:E3:ED is not in cache
03-19 11:22:14.498 D/BluetoothDatabase( 672): getCustomMeta: device C9:B5:96:5C:E3:ED is not in cache
03-19 11:22:14.499 W/BluetoothEventManager( 679): showUnbondMessage: Not displaying any message for reason: 9
03-19 11:22:14.521 E/dangbei111( 1047): battery level=100
03-19 11:22:15.299 W/IorapForwardingService( 487): No service published for: iorapd
03-19 11:22:15.388 D/TvWindowManager( 487): key event key = KEYCODE_DPAD_UP down = true
03-19 11:22:15.390 D/GpioService( 487): mFlickerEnable = true
03-19 11:22:15.391 I/SogouIME( 2890): onKeyDown: keyoCode=19
03-19 11:22:15.391 I/DefaultIMS( 2890): onKeyDown: keyoCode=19
03-19 11:22:15.407 I/DefaultIMS( 2890): onStartInput attribute=android.view.inputmethod.EditorInfo@e44a2ae restarting=false inputType: 0
03-19 11:22:15.557 D/TvWindowManager( 487): key event key = KEYCODE_DPAD_UP down = false
03-19 11:22:15.559 I/SogouIME( 2890): onKeyUp: keyoCode=19
03-19 11:22:15.559 I/DefaultIMS( 2890): onKeyUp: keyoCode=19
03-19 11:22:16.302 W/IorapForwardingService( 487): No service published for: iorapd
03-19 11:22:16.425 E/dangbei111( 1047): cccccc 检测到网络 准备请求遥控器ota信息
03-19 11:22:16.426 W/ContextImpl( 1047): Calling a method in the system process without a qualified user: android.app.ContextImpl.sendBroadcast:1173 android.content.ContextWrapper.sendBroadcast:479 com.dangbei.remotecontroller.RemoteControllerReceiver.sendMessageToUpdateHelper:122 com.dangbei.remotecontroller.RemoteControllerReceiver.access$100:28 com.dangbei.remotecontroller.RemoteControllerReceiver$1.handleMessage:41
03-19 11:22:16.428 E/ActivityManager( 487): Sending non-protected broadcast com.dangbei.remote.connected from system 1047:com.dangbei.lerad.etna.haqu/1000 pkg com.dangbei.lerad.etna.haqu
03-19 11:22:16.428 E/ActivityManager( 487): java.lang.Throwable
03-19 11:22:16.428 E/ActivityManager( 487): at com.android.server.am.ActivityManagerService.checkBroadcastFromSystem(ActivityManagerService.java:12816)
03-19 11:22:16.428 E/ActivityManager( 487): at com.android.server.am.ActivityManagerService.broadcastIntentLocked(ActivityManagerService.java:13416)
03-19 11:22:16.428 E/ActivityManager( 487): at com.android.server.am.ActivityManagerService.broadcastIntentLocked(ActivityManagerService.java:12833)
03-19 11:22:16.428 E/ActivityManager( 487): at com.android.server.am.ActivityManagerService.broadcastIntentWithFeature(ActivityManagerService.java:13670)
03-19 11:22:16.428 E/ActivityManager( 487): at android.app.IActivityManager$Stub.onTransact(IActivityManager.java:2326)
03-19 11:22:16.428 E/ActivityManager( 487): at com.android.server.am.ActivityManagerService.onTransact(ActivityManagerService.java:2509)
03-19 11:22:16.428 E/ActivityManager( 487): at android.os.Binder.execTransactInternal(Binder.java:1179)
03-19 11:22:16.428 E/ActivityManager( 487): at android.os.Binder.execTransact(Binder.java:1143)
03-19 11:22:16.430 E/ActivityManager( 487): Sending non-protected broadcast com.dangbei.remote.connected from system 1047:com.dangbei.lerad.etna.haqu/1000 pkg com.dangbei.lerad.etna.haqu
03-19 11:22:16.430 E/ActivityManager( 487): java.lang.Throwable
03-19 11:22:16.430 E/ActivityManager( 487): at com.android.server.am.ActivityManagerService.checkBroadcastFromSystem(ActivityManagerService.java:12816)
03-19 11:22:16.430 E/ActivityManager( 487): at com.android.server.am.ActivityManagerService.broadcastIntentLocked(ActivityManagerService.java:13513)
03-19 11:22:16.430 E/ActivityManager( 487): at com.android.server.am.ActivityManagerService.broadcastIntentLocked(ActivityManagerService.java:12833)
03-19 11:22:16.430 E/ActivityManager( 487): at com.android.server.am.ActivityManagerService.broadcastIntentWithFeature(ActivityManagerService.java:13670)
03-19 11:22:16.430 E/ActivityManager( 487): at android.app.IActivityManager$Stub.onTransact(IActivityManager.java:2326)
03-19 11:22:16.430 E/ActivityManager( 487): at com.android.server.am.ActivityManagerService.onTransact(ActivityManagerService.java:2509)
03-19 11:22:16.430 E/ActivityManager( 487): at android.os.Binder.execTransactInternal(Binder.java:1179)
03-19 11:22:16.430 E/ActivityManager( 487): at android.os.Binder.execTransact(Binder.java:1143)
03-19 11:22:16.431 I/DropBoxManagerService( 487): add tag=system_server_wtf isTagEnabled=true flags=0x2
03-19 11:22:16.435 I/DropBoxManagerService( 487): add tag=system_server_wtf isTagEnabled=true flags=0x2
03-19 11:22:16.438 E/dangbei111( 1047): 读出来的遥控器版本不是空 CSH251028
03-19 11:22:16.438 E/dangbei111( 1047): cccccc requestRemoteInfoInner factory BK version CSH251028
03-19 11:22:16.458 I/okhttp.OkHttpClient( 1047): --> POST http://tymsgapi.qun7.com/v1/core/ykota (622-byte body)
03-19 11:22:16.528 I/okhttp.OkHttpClient( 1047): <-- 200 OK http://tymsgapi.qun7.com/v1/core/ykota (69ms, unknown-length body)
03-19 11:22:16.533 E/dangbei111( 1047): cccccc requestRemoteInfoInner BaseResponse{message='success', data=null, code=0}
03-19 11:22:16.533 W/System.err( 1047): java.lang.NullPointerException: Attempt to invoke virtual method 'java.lang.String com.etna.haqu.model.business.bean.db.remote.RemoteUpdateBean.getDownloadId()' on a null object reference
03-19 11:22:16.534 W/System.err( 1047): at com.dangbei.etna.update.remote.RemoteUpdateHelper$requestRemoteInfoInner$1$2.invoke(RemoteUpdateHelper.kt:199)
03-19 11:22:16.534 W/System.err( 1047): at com.dangbei.etna.update.remote.RemoteUpdateHelper$requestRemoteInfoInner$1$2.invoke(RemoteUpdateHelper.kt:188)
03-19 11:22:16.534 W/System.err( 1047): at com.etna.haqu.support.ext.FlowExtKt$safeCollect$3.emit(FlowExt.kt:52)
03-19 11:22:16.534 W/System.err( 1047): at kotlinx.coroutines.flow.FlowKt__ErrorsKt$catchImpl$2.emit(Errors.kt:158)
03-19 11:22:16.534 W/System.err( 1047): at kotlinx.coroutines.flow.FlowKt__ChannelsKt.emitAllImpl$FlowKt__ChannelsKt(Channels.kt:62)
03-19 11:22:16.534 W/System.err( 1047): at kotlinx.coroutines.flow.FlowKt__ChannelsKt.access$emitAllImpl$FlowKt__ChannelsKt(Channels.kt:1)
03-19 11:22:16.534 W/System.err( 1047): at kotlinx.coroutines.flow.FlowKt__ChannelsKt$emitAllImpl$1.invokeSuspend(Unknown Source:14)
03-19 11:22:16.534 W/System.err( 1047): at kotlin.coroutines.jvm.internal.BaseContinuationImpl.resumeWith(ContinuationImpl.kt:33)
03-19 11:22:16.534 W/System.err( 1047): at kotlinx.coroutines.DispatchedTask.run(DispatchedTask.kt:106)
03-19 11:22:16.534 W/System.err( 1047): at android.os.Handler.handleCallback(Handler.java:938)
03-19 11:22:16.535 W/System.err( 1047): at android.os.Handler.dispatchMessage(Handler.java:99)
03-19 11:22:16.535 W/System.err( 1047): at android.os.Looper.loopOnce(Looper.java:201)
03-19 11:22:16.535 W/System.err( 1047): at android.os.Looper.loop(Looper.java:288)
03-19 11:22:16.535 W/System.err( 1047): at android.app.ActivityThread.main(ActivityThread.java:7854)
03-19 11:22:16.535 W/System.err( 1047): at java.lang.reflect.Method.invoke(Native Method)
03-19 11:22:16.535 W/System.err( 1047): at com.android.internal.os.RuntimeInit$MethodAndArgsCaller.run(RuntimeInit.java:548)
03-19 11:22:16.535 W/System.err( 1047): at com.android.internal.os.ZygoteInit.main(ZygoteInit.java:1182)
03-19 11:22:16.538 E/ccc ( 2949): cccccc notifyUpdateChanged {"code":1,"data":{"hasUpdate":false,"what":2,"why":-1},"message":"更新状态变化"}
03-19 11:22:16.539 E/ccc ( 2949): cccccc EtnaSendUpdateStatusChangeBean.remoteUpdateChanged
03-19 11:22:16.539 E/ccc ( 2949): cccccc event HomeActivity REMOTE_UPDATE_STATUS_CHANGED
03-19 11:22:16.540 E/ccc ( 1047): cccccc updateHelper 通知更新
03-19 11:22:16.540 E/dangbei111( 1047): cccccc requestRemoteInfoInner 出现异常 Attempt to invoke virtual method 'java.lang.String com.etna.haqu.model.business.bean.db.remote.RemoteUpdateBean.getDownloadId()' on a null object reference
03-19 11:22:16.605 E/WifiHAL ( 663): wifi_get_link_stats: requestResponse Error:-5
03-19 11:22:16.606 E/WifiVendorHal( 487): getWifiLinkLayerStats_1_5_Internal(l.1191) failed {.code = ERROR_INVALID_ARGS, .description = }
03-19 11:22:16.647 I/lerad.etna.haq( 1047): Background concurrent copying GC freed 41251(2275KB) AllocSpace objects, 71(1420KB) LOS objects, 49% free, 3609KB/7218KB, paused 173us total 115.832ms
