03-19 11:19:39.539 I/BLEAudioDrive_HV410( 248): select timeout!
03-19 11:19:39.550 I/bt_stack( 672): [INFO:gatt_api.cc(708)] GATTC_Discover conn_id=0x0005, disc_type=4, s_handle=0x0043, e_handle=0x0051
03-19 11:19:39.610 I/bt_stack( 672): [INFO:gatt_api.cc(708)] GATTC_Discover conn_id=0x0005, disc_type=5, s_handle=0x0046, e_handle=0x0046
03-19 11:19:39.625 I/bt_stack( 672): [INFO:gatt_api.cc(708)] GATTC_Discover conn_id=0x0005, disc_type=5, s_handle=0x0049, e_handle=0x0049
03-19 11:19:39.640 I/bt_stack( 672): [INFO:gatt_api.cc(708)] GATTC_Discover conn_id=0x0005, disc_type=5, s_handle=0x004c, e_handle=0x004c
03-19 11:19:39.655 I/bt_stack( 672): [INFO:gatt_api.cc(708)] GATTC_Discover conn_id=0x0005, disc_type=5, s_handle=0x004f, e_handle=0x004f
03-19 11:19:39.670 I/bt_stack( 672): [INFO:bta_gattc_cache.cc(219)] bta_gattc_explore_srvc_finished: service discovery finished
03-19 11:19:39.675 I/bt_bta_gattc( 672): system/bt/bta/gatt/bta_gattc_cache.cc:902 bta_gattc_get_gatt_db: bta_gattc_get_gatt_db
03-19 11:19:39.678 I/bt_bta_gattc( 672): system/bt/bta/gatt/bta_gattc_cache.cc:902 bta_gattc_get_gatt_db: bta_gattc_get_gatt_db
03-19 11:19:39.678 D/BluetoothGatt( 1047): onSearchComplete() = Device=C7:44:13:5B:41:8C Status=0
03-19 11:19:39.681 D/BluetoothGatt( 1047): onSearchComplete() = Device=C7:44:13:5B:41:8C Status=0
03-19 11:19:39.716 E/dangbei111( 1047): battery level=100
03-19 11:19:39.740 D/BluetoothGatt( 1047): onConnectionUpdated() - Device=C7:44:13:5B:41:8C interval=12 latency=0 timeout=200 status=0
03-19 11:19:39.740 D/BluetoothGatt( 1047): onConnectionUpdated() - Device=C7:44:13:5B:41:8C interval=12 latency=0 timeout=200 status=0
03-19 11:19:39.895 E/WifiHAL ( 663): wifi_get_link_stats: requestResponse Error:-5
03-19 11:19:39.896 E/WifiVendorHal( 487): getWifiLinkLayerStats_1_5_Internal(l.1191) failed {.code = ERROR_INVALID_ARGS, .description = }
03-19 11:19:39.947 W/IorapForwardingService( 487): No service published for: iorapd
03-19 11:19:40.721 W/ZramWriteback( 487): Writeback device is not set
03-19 11:19:40.721 D/ZramWriteback( 487): wait to flush
03-19 11:19:40.758 I/bt_stack( 672): [INFO:hearing_aid.cc(1796)] GetDeviceCount: Not initialized yet
03-19 11:19:40.893 D/BluetoothGatt( 1047): onConnectionUpdated() - Device=C7:44:13:5B:41:8C interval=9 latency=79 timeout=300 status=0
03-19 11:19:40.894 D/BluetoothGatt( 1047): onConnectionUpdated() - Device=C7:44:13:5B:41:8C interval=9 latency=79 timeout=300 status=0
03-19 11:19:40.948 W/IorapForwardingService( 487): No service published for: iorapd
03-19 11:19:41.704 I/bt_stack( 672): [INFO:gatt_sr.cc(815)] MTU request PDU with MTU size 140
03-19 11:19:41.705 W/bt_stack( 672): [WARNING:gatt_utils.cc(790)] Call back not found for application conn_id=3
03-19 11:19:41.705 W/bt_stack( 672): [WARNING:gatt_utils.cc(790)] Call back not found for application conn_id=4
03-19 11:19:41.705 W/bt_stack( 672): [WARNING:gatt_utils.cc(790)] Call back not found for application conn_id=5
03-19 11:19:41.705 W/bt_stack( 672): [WARNING:gatt_utils.cc(790)] Call back not found for application conn_id=6
03-19 11:19:41.905 E/dangbei111( 1047): cccccc 检查遥控器是否连接: Dangbei C9:B5:96:5C:E3:ED
03-19 11:19:41.908 E/dangbei111( 1047): cccccc 检查遥控器是否连接: 蓝牙的结果 Dangbei C9:B5:96:5C:E3:ED false
03-19 11:19:41.908 E/dangbei111( 1047): cccccc input中没有遥控器存在
03-19 11:19:41.908 E/dangbei111( 1047): cccccc 蓝牙状态连接 不是连接状态 啥都不干
03-19 11:19:41.910 E/dangbei111( 1047): cccccc 蓝牙状态连接 配对状态 啥都不做
03-19 11:19:41.911 E/dangbei111( 1047): cccccc 没有遥控器连接 不进行 getRCInfo return
03-19 11:19:41.911 E/dangbei111( 1047): getBattery delay 0
03-19 11:19:41.915 E/dangbei111( 1047): 5mins后会再次获取电量
03-19 11:19:41.915 E/dangbei111( 1047): getBattery delay 300000
03-19 11:19:41.951 W/IorapForwardingService( 487): No service published for: iorapd
03-19 11:19:42.852 I/bt_stack( 672): [INFO:btsnoop.cc(338)] clear_l2cap_allowlist: Clearing acceptlist from l2cap channel. conn_handle=16 cid=4:4
03-19 11:19:42.852 I/bt_stack( 672): [INFO:gatt_attr.cc(338)] gatt_connect_cback: remove untrusted client status, bda=c7:44:13:5b:41:8c
03-19 11:19:42.852 I/bluetooth( 672): system/bt/stack/gap/gap_ble.cc:298 client_connect_cback: No active GAP service found for peer:xx:xx:xx:xx:41:8c callback:Disconnected
03-19 11:19:42.853 I/bt_bta_gattc( 672): system/bt/bta/gatt/bta_gattc_act.cc:1115 bta_gattc_conn_cback: Disconnected att_id:3 transport:le reason:GATT_CONN_TERMINATE_PEER_USER
03-19 11:19:42.853 I/bt_bta_gattc( 672): system/bt/bta/gatt/bta_gattc_act.cc:1115 bta_gattc_conn_cback: Disconnected att_id:4 transport:le reason:GATT_CONN_TERMINATE_PEER_USER
03-19 11:19:42.853 I/bt_bta_gattc( 672): system/bt/bta/gatt/bta_gattc_act.cc:1115 bta_gattc_conn_cback: Disconnected att_id:5 transport:le reason:GATT_CONN_TERMINATE_PEER_USER
03-19 11:19:42.853 I/bt_bta_gattc( 672): system/bt/bta/gatt/bta_gattc_act.cc:1115 bta_gattc_conn_cback: Disconnected att_id:6 transport:le reason:GATT_CONN_TERMINATE_PEER_USER
03-19 11:19:42.853 I/btif_av ( 672): system/bt/btif/src/btif_av.cc:3352 btif_av_acl_disconnected: btif_av_acl_disconnected: Peer c7:44:13:5b:41:8c : ACL Disconnected
03-19 11:19:42.853 I/btif_av ( 672): system/bt/btif/src/btif_av.cc:1078 FindOrCreatePeer: BtifAvPeer *BtifAvSource::FindOrCreatePeer(const RawAddress &, tBTA_AV_HNDL): Create peer: peer_address=c7:44:13:5b:41:8c bta_handle=0x41 peer_id=0
03-19 11:19:42.853 I/btif_av ( 672): system/bt/btif/src/btif_av.cc:3279 btif_av_get_peer_sep: No active sink or source peer found
03-19 11:19:42.854 I/bt_btif_a2dp_source( 672): system/bt/btif/src/btif_a2dp_source.cc:691 btif_a2dp_source_on_idle: btif_a2dp_source_on_idle: state=STATE_OFF
03-19 11:19:42.854 I/btif_av ( 672): system/bt/btif/src/btif_av.cc:3279 btif_av_get_peer_sep: No active sink or source peer found
03-19 11:19:42.854 I/bt_btif_a2dp_source( 672): system/bt/btif/src/btif_a2dp_source.cc:691 btif_a2dp_source_on_idle: btif_a2dp_source_on_idle: state=STATE_OFF
03-19 11:19:42.854 I/btif_av ( 672): system/bt/btif/src/btif_av.cc:1123 DeleteIdlePeers: DeleteIdlePeers: Deleting idle peer: c7:44:13:5b:41:8c bta_handle=0x41
03-19 11:19:42.854 D/BluetoothGatt( 1047): onClientConnectionState() - status=0 clientIf=5 device=C7:44:13:5B:41:8C
03-19 11:19:42.854 D/BluetoothGatt( 1047): onClientConnectionState() - status=0 clientIf=6 device=C7:44:13:5B:41:8C
03-19 11:19:42.866 E/bond ( 2949): name=Dangbei,state=10,action=android.bluetooth.device.action.ACL_DISCONNECTED
03-19 11:19:42.867 I/dangbei111( 1047): cccccc on receiver=android.bluetooth.device.action.ACL_DISCONNECTED,mac=C7:44:13:5B:41:8C
03-19 11:19:42.909 E/WifiHAL ( 663): wifi_get_link_stats: requestResponse Error:-5
03-19 11:19:42.910 E/WifiVendorHal( 487): getWifiLinkLayerStats_1_5_Internal(l.1191) failed {.code = ERROR_INVALID_ARGS, .description = }
03-19 11:19:42.953 W/IorapForwardingService( 487): No service published for: iorapd
03-19 11:19:43.085 I/bluetooth( 672): system/bt/stack/gatt/connection_manager.cc:185 on_connection_complete: Le connection completed to device:c7:44:13:5b:41:8c
03-19 11:19:43.085 I/bt_btm_ble( 672): system/bt/stack/btm/btm_ble.cc:1699 btm_ble_connected: Updating device record timestamp for existing ble connection
03-19 11:19:43.158 I/bt_stack( 672): [INFO:gatt_attr.cc(880)] gatt_sr_init_cl_status: bda=c7:44:13:5b:41:8c, cl_supp_feat=0000, aware=1
03-19 11:19:43.158 I/bluetooth( 672): system/bt/stack/gap/gap_ble.cc:298 client_connect_cback: No active GAP service found for peer:xx:xx:xx:xx:41:8c callback:Connected
03-19 11:19:43.158 I/bt_bta_gattc( 672): system/bt/bta/gatt/bta_gattc_act.cc:1110 bta_gattc_conn_cback: Connected att_id:3 transport:le reason:GATT_CONN_OK
03-19 11:19:43.158 I/bt_bta_gattc( 672): system/bt/bta/gatt/bta_gattc_act.cc:1110 bta_gattc_conn_cback: Connected att_id:4 transport:le reason:GATT_CONN_OK
03-19 11:19:43.158 I/bt_bta_gattc( 672): system/bt/bta/gatt/bta_gattc_act.cc:1110 bta_gattc_conn_cback: Connected att_id:5 transport:le reason:GATT_CONN_OK
03-19 11:19:43.158 I/bt_bta_gattc( 672): system/bt/bta/gatt/bta_gattc_act.cc:1110 bta_gattc_conn_cback: Connected att_id:6 transport:le reason:GATT_CONN_OK
03-19 11:19:43.158 I/bluetooth( 672): system/bt/stack/gatt/connection_manager.cc:185 on_connection_complete: Le connection completed to device:c7:44:13:5b:41:8c
03-19 11:19:43.158 I/bt_stack( 672): [INFO:eatt_impl.h(634)] connect device c7:44:13:5b:41:8c rolecentral
03-19 11:19:43.158 I/bt_btif_dm( 672): system/bt/btif/src/btif_dm.cc:497 btif_update_remote_version_property: Remote version info valid:true [xx:xx:xx:xx:41:8c]: 8, 50e, 8
03-19 11:19:43.168 E/bt_stack( 672): [ERROR:bta_gattc_cache.cc(940)] bta_gattc_cache_load: can't open GATT cache file /data/misc/bluetooth/gatt_cache_c744135b418c for reading, error: No such file or directory
03-19 11:19:43.169 I/bt_stack( 672): [INFO:hearing_aid.cc(1796)] GetDeviceCount: Not initialized yet
03-19 11:19:43.169 I/bt_stack( 672): [INFO:gatt_api.cc(708)] GATTC_Discover conn_id=0x0005, disc_type=1, s_handle=0x0001, e_handle=0xffff
03-19 11:19:43.176 D/BluetoothGatt( 1047): onClientConnectionState() - status=0 clientIf=5 device=C7:44:13:5B:41:8C
03-19 11:19:43.177 D/BluetoothGatt( 1047): discoverServices() - device: C7:44:13:5B:41:8C
03-19 11:19:43.177 D/BluetoothGatt( 1047): onClientConnectionState() - status=0 clientIf=6 device=C7:44:13:5B:41:8C
03-19 11:19:43.177 D/BluetoothGatt( 1047): discoverServices() - device: C7:44:13:5B:41:8C
03-19 11:19:43.181 E/BluetoothPhonePolicy( 672): Received unexpected intent, action=android.bluetooth.device.action.ACL_CONNECTED
03-19 11:19:43.181 I/BluetoothPhonePolicy( 672): processDeviceConnected, device=C7:44:13:5B:41:8C
03-19 11:19:43.181 D/BluetoothDatabase( 672): setConnection: device=C7:44:13:5B:41:8C and isA2dpDevice=false
03-19 11:19:43.181 D/BluetoothDatabase( 672): Updating last connected time for device: C7:44:13:5B:41:8C to 193
03-19 11:19:43.182 D/BluetoothDatabase( 672): updateDatabase C7:44:13:5B:41:8C
03-19 11:19:43.184 E/bond ( 2949): name=Dangbei,state=10,action=android.bluetooth.device.action.ACL_CONNECTED
03-19 11:19:43.189 I/dangbei111( 1047): cccccc on receiver=android.bluetooth.device.action.ACL_CONNECTED,mac=C7:44:13:5B:41:8C
03-19 11:19:43.190 I/dangbei111( 1047): cccccc 收到 ACTION_ACL_CONNECTED 的广播
03-19 11:19:43.190 E/dangbei111( 1047): 5s后准备进行遥控器ota信息检测
03-19 11:19:43.203 I/bt_stack( 672): [INFO:eatt_impl.h(578)] supported_features_cb c7:44:13:5b:41:8c is_eatt_supported = 0
03-19 11:19:43.293 D/BluetoothGatt( 1047): onConnectionUpdated() - Device=C7:44:13:5B:41:8C interval=6 latency=0 timeout=200 status=0
03-19 11:19:43.293 D/BluetoothGatt( 1047): onConnectionUpdated() - Device=C7:44:13:5B:41:8C interval=6 latency=0 timeout=200 status=0
03-19 11:19:43.337 I/bt_stack( 672): [INFO:gatt_api.cc(708)] GATTC_Discover conn_id=0x0005, disc_type=3, s_handle=0x0001, e_handle=0x0009
03-19 11:19:43.353 I/bt_stack( 672): [INFO:gatt_api.cc(708)] GATTC_Discover conn_id=0x0005, disc_type=4, s_handle=0x0001, e_handle=0x0009
03-19 11:19:43.399 I/bt_stack( 672): [INFO:gatt_api.cc(708)] GATTC_Discover conn_id=0x0005, disc_type=3, s_handle=0x000a, e_handle=0x000d
03-19 11:19:43.413 I/bt_stack( 672): [INFO:gatt_api.cc(708)] GATTC_Discover conn_id=0x0005, disc_type=4, s_handle=0x000a, e_handle=0x000d
03-19 11:19:43.443 I/bt_stack( 672): [INFO:gatt_api.cc(708)] GATTC_Discover conn_id=0x0005, disc_type=5, s_handle=0x000d, e_handle=0x000d
03-19 11:19:43.457 W/hdr10p_Configure( 363): 134 callbacks suppressed
03-19 11:19:43.457 I/ ( 363): DVI mode selected: packets not configured
03-19 11:19:43.457 W/set_vsif_config( 363): 134 callbacks suppressed
03-19 11:19:43.457 I/ ( 363): Error: set vsif failed
03-19 11:19:43.458 I/ ( 363): DVI mode selected: packets not configured
03-19 11:19:43.458 I/ ( 363): Error: set vsif failed
03-19 11:19:43.458 I/bt_stack( 672): [INFO:gatt_api.cc(708)] GATTC_Discover conn_id=0x0005, disc_type=3, s_handle=0x000e, e_handle=0x0011
03-19 11:19:43.473 I/bt_stack( 672): [INFO:gatt_api.cc(708)] GATTC_Discover conn_id=0x0005, disc_type=4, s_handle=0x000e, e_handle=0x0011
03-19 11:19:43.495 I/ ( 363): DVI mode selected: packets not configured
03-19 11:19:43.495 I/ ( 363): Error: set vsif failed
03-19 11:19:43.495 I/ ( 363): DVI mode selected: packets not configured
03-19 11:19:43.495 I/ ( 363): Error: set vsif failed
03-19 11:19:43.503 I/bt_stack( 672): [INFO:gatt_api.cc(708)] GATTC_Discover conn_id=0x0005, disc_type=5, s_handle=0x0011, e_handle=0x0011
03-19 11:19:43.520 I/ ( 363): DVI mode selected: packets not configured
03-19 11:19:43.520 I/ ( 363): Error: set vsif failed
03-19 11:19:43.520 I/ ( 363): DVI mode selected: packets not configured
03-19 11:19:43.520 I/ ( 363): Error: set vsif failed
03-19 11:19:43.518 I/bt_stack( 672): [INFO:gatt_api.cc(708)] GATTC_Discover conn_id=0x0005, disc_type=3, s_handle=0x0012, e_handle=0x001e
03-19 11:19:43.533 I/bt_stack( 672): [INFO:gatt_api.cc(708)] GATTC_Discover conn_id=0x0005, disc_type=4, s_handle=0x0012, e_handle=0x001e
03-19 11:19:43.545 I/ ( 363): DVI mode selected: packets not configured
03-19 11:19:43.545 I/ ( 363): Error: set vsif failed
03-19 11:19:43.545 I/ ( 363): DVI mode selected: packets not configured
03-19 11:19:43.545 I/ ( 363): Error: set vsif failed
03-19 11:19:43.560 I/ ( 363): DVI mode selected: packets not configured
03-19 11:19:43.560 I/ ( 363): Error: set vsif failed
03-19 11:19:43.560 I/ ( 363): DVI mode selected: packets not configured
03-19 11:19:43.560 I/ ( 363): Error: set vsif failed
03-19 11:19:43.593 I/bt_stack( 672): [INFO:gatt_api.cc(708)] GATTC_Discover conn_id=0x0005, disc_type=3, s_handle=0x001f, e_handle=0x0042
03-19 11:19:43.609 I/bt_stack( 672): [INFO:gatt_api.cc(708)] GATTC_Discover conn_id=0x0005, disc_type=4, s_handle=0x001f, e_handle=0x0042
03-19 11:19:43.712 I/bt_stack( 672): [INFO:gatt_api.cc(708)] GATTC_Discover conn_id=0x0005, disc_type=5, s_handle=0x0024, e_handle=0x0024
03-19 11:19:43.728 I/bt_stack( 672): [INFO:gatt_api.cc(708)] GATTC_Discover conn_id=0x0005, disc_type=5, s_handle=0x0029, e_handle=0x0029
03-19 11:19:43.743 I/bt_stack( 672): [INFO:gatt_api.cc(708)] GATTC_Discover conn_id=0x0005, disc_type=5, s_handle=0x002e, e_handle=0x002e
03-19 11:19:43.758 I/bt_stack( 672): [INFO:gatt_api.cc(708)] GATTC_Discover conn_id=0x0005, disc_type=5, s_handle=0x0031, e_handle=0x0032
03-19 11:19:43.773 I/bt_stack( 672): [INFO:gatt_api.cc(708)] GATTC_Discover conn_id=0x0005, disc_type=5, s_handle=0x0035, e_handle=0x0036
03-19 11:19:43.788 I/bt_stack( 672): [INFO:gatt_api.cc(708)] GATTC_Discover conn_id=0x0005, disc_type=5, s_handle=0x0039, e_handle=0x003a
03-19 11:19:43.803 I/bt_stack( 672): [INFO:gatt_api.cc(708)] GATTC_Discover conn_id=0x0005, disc_type=5, s_handle=0x003d, e_handle=0x003d
03-19 11:19:43.818 I/bt_stack( 672): [INFO:gatt_api.cc(708)] GATTC_Discover conn_id=0x0005, disc_type=5, s_handle=0x0040, e_handle=0x0040
03-19 11:19:43.833 I/bt_stack( 672): [INFO:gatt_api.cc(708)] GATTC_Discover conn_id=0x0005, disc_type=3, s_handle=0x0043, e_handle=0x0051
03-19 11:19:43.848 I/bt_stack( 672): [INFO:gatt_api.cc(708)] GATTC_Discover conn_id=0x0005, disc_type=4, s_handle=0x0043, e_handle=0x0051
03-19 11:19:43.899 E/dangbei111( 1047): cccccc 检测到网络 准备请求遥控器ota信息
03-19 11:19:43.900 W/ContextImpl( 1047): Calling a method in the system process without a qualified user: android.app.ContextImpl.sendBroadcast:1173 android.content.ContextWrapper.sendBroadcast:479 com.dangbei.remotecontroller.RemoteControllerReceiver.sendMessageToUpdateHelper:122 com.dangbei.remotecontroller.RemoteControllerReceiver.access$100:28 com.dangbei.remotecontroller.RemoteControllerReceiver$1.handleMessage:41
03-19 11:19:43.904 E/ActivityManager( 487): Sending non-protected broadcast com.dangbei.remote.connected from system 1047:com.dangbei.lerad.etna.haqu/1000 pkg com.dangbei.lerad.etna.haqu
03-19 11:19:43.904 E/ActivityManager( 487): java.lang.Throwable
03-19 11:19:43.904 E/ActivityManager( 487): at com.android.server.am.ActivityManagerService.checkBroadcastFromSystem(ActivityManagerService.java:12816)
03-19 11:19:43.904 E/ActivityManager( 487): at com.android.server.am.ActivityManagerService.broadcastIntentLocked(ActivityManagerService.java:13416)
03-19 11:19:43.904 E/ActivityManager( 487): at com.android.server.am.ActivityManagerService.broadcastIntentLocked(ActivityManagerService.java:12833)
03-19 11:19:43.904 E/ActivityManager( 487): at com.android.server.am.ActivityManagerService.broadcastIntentWithFeature(ActivityManagerService.java:13670)
03-19 11:19:43.904 E/ActivityManager( 487): at android.app.IActivityManager$Stub.onTransact(IActivityManager.java:2326)
03-19 11:19:43.904 E/ActivityManager( 487): at com.android.server.am.ActivityManagerService.onTransact(ActivityManagerService.java:2509)
03-19 11:19:43.904 E/ActivityManager( 487): at android.os.Binder.execTransactInternal(Binder.java:1179)
03-19 11:19:43.904 E/ActivityManager( 487): at android.os.Binder.execTransact(Binder.java:1143)
03-19 11:19:43.905 E/ActivityManager( 487): Sending non-protected broadcast com.dangbei.remote.connected from system 1047:com.dangbei.lerad.etna.haqu/1000 pkg com.dangbei.lerad.etna.haqu
03-19 11:19:43.905 E/ActivityManager( 487): java.lang.Throwable
03-19 11:19:43.905 E/ActivityManager( 487): at com.android.server.am.ActivityManagerService.checkBroadcastFromSystem(ActivityManagerService.java:12816)
03-19 11:19:43.905 E/ActivityManager( 487): at com.android.server.am.ActivityManagerService.broadcastIntentLocked(ActivityManagerService.java:13513)
03-19 11:19:43.905 E/ActivityManager( 487): at com.android.server.am.ActivityManagerService.broadcastIntentLocked(ActivityManagerService.java:12833)
03-19 11:19:43.905 E/ActivityManager( 487): at com.android.server.am.ActivityManagerService.broadcastIntentWithFeature(ActivityManagerService.java:13670)
03-19 11:19:43.905 E/ActivityManager( 487): at android.app.IActivityManager$Stub.onTransact(IActivityManager.java:2326)
03-19 11:19:43.905 E/ActivityManager( 487): at com.android.server.am.ActivityManagerService.onTransact(ActivityManagerService.java:2509)
03-19 11:19:43.905 E/ActivityManager( 487): at android.os.Binder.execTransactInternal(Binder.java:1179)
03-19 11:19:43.905 E/ActivityManager( 487): at android.os.Binder.execTransact(Binder.java:1143)
03-19 11:19:43.907 I/DropBoxManagerService( 487): add tag=system_server_wtf isTagEnabled=true flags=0x2
03-19 11:19:43.908 I/bt_stack( 672): [INFO:gatt_api.cc(708)] GATTC_Discover conn_id=0x0005, disc_type=5, s_handle=0x0046, e_handle=0x0046
03-19 11:19:43.911 I/DropBoxManagerService( 487): add tag=system_server_wtf isTagEnabled=true flags=0x2
03-19 11:19:43.914 E/dangbei111( 1047): 读出来的遥控器版本为空
03-19 11:19:43.923 I/bt_stack( 672): [INFO:gatt_api.cc(708)] GATTC_Discover conn_id=0x0005, disc_type=5, s_handle=0x0049, e_handle=0x0049
03-19 11:19:43.924 E/dangbei111( 1047): cccccc 检查遥控器是否连接: Dangbei C9:B5:96:5C:E3:ED
03-19 11:19:43.926 E/dangbei111( 1047): cccccc 检查遥控器是否连接: 蓝牙的结果 Dangbei C9:B5:96:5C:E3:ED false
03-19 11:19:43.927 E/dangbei111( 1047): cccccc input中没有遥控器存在
03-19 11:19:43.927 E/dangbei111( 1047): cccccc 蓝牙状态连接 不是连接状态 啥都不干
03-19 11:19:43.929 E/dangbei111( 1047): cccccc 蓝牙状态连接 配对状态 啥都不做
03-19 11:19:43.929 E/dangbei111( 1047): cccccc 没有遥控器连接 不进行 getRCInfo return
03-19 11:19:43.938 I/bt_stack( 672): [INFO:gatt_api.cc(708)] GATTC_Discover conn_id=0x0005, disc_type=5, s_handle=0x004c, e_handle=0x004c
03-19 11:19:43.953 I/bt_stack( 672): [INFO:gatt_api.cc(708)] GATTC_Discover conn_id=0x0005, disc_type=5, s_handle=0x004f, e_handle=0x004f
03-19 11:19:43.955 W/IorapForwardingService( 487): No service published for: iorapd
03-19 11:19:43.969 I/bt_stack( 672): [INFO:bta_gattc_cache.cc(219)] bta_gattc_explore_srvc_finished: service discovery finished
03-19 11:19:43.976 I/bt_bta_gattc( 672): system/bt/bta/gatt/bta_gattc_cache.cc:902 bta_gattc_get_gatt_db: bta_gattc_get_gatt_db
03-19 11:19:43.978 D/hdmi-cec( 261): receive invalid cec message!
03-19 11:19:43.978 D/hdmi-cec( 261): receive poll message [04], skip!
03-19 11:19:43.980 D/BluetoothGatt( 1047): onSearchComplete() = Device=C7:44:13:5B:41:8C Status=0
03-19 11:19:43.981 I/bt_bta_gattc( 672): system/bt/bta/gatt/bta_gattc_cache.cc:902 bta_gattc_get_gatt_db: bta_gattc_get_gatt_db
03-19 11:19:43.982 D/BluetoothGatt( 1047): onSearchComplete() = Device=C7:44:13:5B:41:8C Status=0
03-19 11:19:44.013 E/dangbei111( 1047): battery level=100
03-19 11:19:44.037 D/BluetoothGatt( 1047): onConnectionUpdated() - Device=C7:44:13:5B:41:8C interval=12 latency=0 timeout=200 status=0
03-19 11:19:44.037 D/BluetoothGatt( 1047): onConnectionUpdated() - Device=C7:44:13:5B:41:8C interval=12 latency=0 timeout=200 status=0
03-19 11:19:44.958 W/IorapForwardingService( 487): No service published for: iorapd
03-19 11:19:45.049 I/bt_stack( 672): [INFO:hearing_aid.cc(1796)] GetDeviceCount: Not initialized yet
03-19 11:19:45.184 D/BluetoothGatt( 1047): onConnectionUpdated() - Device=C7:44:13:5B:41:8C interval=9 latency=79 timeout=300 status=0
03-19 11:19:45.184 D/BluetoothGatt( 1047): onConnectionUpdated() - Device=C7:44:13:5B:41:8C interval=9 latency=79 timeout=300 status=0
03-19 11:19:45.337 W/bei.lerad.rock( 1262): Reducing the number of considered missed Gc histogram windows from 189 to 100
03-19 11:19:45.922 E/WifiHAL ( 663): wifi_get_link_stats: requestResponse Error:-5
03-19 11:19:45.923 E/WifiVendorHal( 487): getWifiLinkLayerStats_1_5_Internal(l.1191) failed {.code = ERROR_INVALID_ARGS, .description = }
03-19 11:19:45.960 W/IorapForwardingService( 487): No service published for: iorapd
03-19 11:19:46.001 I/bt_stack( 672): [INFO:gatt_sr.cc(815)] MTU request PDU with MTU size 140
03-19 11:19:46.001 W/bt_stack( 672): [WARNING:gatt_utils.cc(790)] Call back not found for application conn_id=3
03-19 11:19:46.001 W/bt_stack( 672): [WARNING:gatt_utils.cc(790)] Call back not found for application conn_id=4
03-19 11:19:46.002 W/bt_stack( 672): [WARNING:gatt_utils.cc(790)] Call back not found for application conn_id=5
03-19 11:19:46.002 W/bt_stack( 672): [WARNING:gatt_utils.cc(790)] Call back not found for application conn_id=6
03-19 11:19:46.197 E/dangbei111( 1047): cccccc 检查遥控器是否连接: Dangbei C9:B5:96:5C:E3:ED
03-19 11:19:46.200 E/dangbei111( 1047): cccccc 检查遥控器是否连接: 蓝牙的结果 Dangbei C9:B5:96:5C:E3:ED false
03-19 11:19:46.200 E/dangbei111( 1047): cccccc input中没有遥控器存在
03-19 11:19:46.200 E/dangbei111( 1047): cccccc 蓝牙状态连接 不是连接状态 啥都不干
03-19 11:19:46.203 E/dangbei111( 1047): cccccc 蓝牙状态连接 配对状态 啥都不做
03-19 11:19:46.203 E/dangbei111( 1047): cccccc 没有遥控器连接 不进行 getRCInfo return
03-19 11:19:46.203 E/dangbei111( 1047): getBattery delay 0
03-19 11:19:46.208 E/dangbei111( 1047): 5mins后会再次获取电量
03-19 11:19:46.208 E/dangbei111( 1047): getBattery delay 300000
03-19 11:19:46.962 W/IorapForwardingService( 487): No service published for: iorapd
03-19 11:19:47.410 D/aaa ( 7639): LedStatusService onStartCommand begin
03-19 11:19:47.413 D/aaa ( 7639): topPkg is -------------- :com.dangbei.haqusetting
03-19 11:19:47.413 D/bbb ( 1203): onStartCommand begin !!!!!!! data分区剩余 24948MB
03-19 11:19:47.965 W/IorapForwardingService( 487): No service published for: iorapd
03-19 11:19:48.194 E/dangbei111( 1047): cccccc 检测到网络 准备请求遥控器ota信息
03-19 11:19:48.195 W/ContextImpl( 1047): Calling a method in the system process without a qualified user: android.app.ContextImpl.sendBroadcast:1173 android.content.ContextWrapper.sendBroadcast:479 com.dangbei.remotecontroller.RemoteControllerReceiver.sendMessageToUpdateHelper:122 com.dangbei.remotecontroller.RemoteControllerReceiver.access$100:28 com.dangbei.remotecontroller.RemoteControllerReceiver$1.handleMessage:41
03-19 11:19:48.197 E/ActivityManager( 487): Sending non-protected broadcast com.dangbei.remote.connected from system 1047:com.dangbei.lerad.etna.haqu/1000 pkg com.dangbei.lerad.etna.haqu
03-19 11:19:48.197 E/ActivityManager( 487): java.lang.Throwable
03-19 11:19:48.197 E/ActivityManager( 487): at com.android.server.am.ActivityManagerService.checkBroadcastFromSystem(ActivityManagerService.java:12816)
03-19 11:19:48.197 E/ActivityManager( 487): at com.android.server.am.ActivityManagerService.broadcastIntentLocked(ActivityManagerService.java:13416)
03-19 11:19:48.197 E/ActivityManager( 487): at com.android.server.am.ActivityManagerService.broadcastIntentLocked(ActivityManagerService.java:12833)
03-19 11:19:48.197 E/ActivityManager( 487): at com.android.server.am.ActivityManagerService.broadcastIntentWithFeature(ActivityManagerService.java:13670)
03-19 11:19:48.197 E/ActivityManager( 487): at android.app.IActivityManager$Stub.onTransact(IActivityManager.java:2326)
03-19 11:19:48.197 E/ActivityManager( 487): at com.android.server.am.ActivityManagerService.onTransact(ActivityManagerService.java:2509)
03-19 11:19:48.197 E/ActivityManager( 487): at android.os.Binder.execTransactInternal(Binder.java:1179)
03-19 11:19:48.197 E/ActivityManager( 487): at android.os.Binder.execTransact(Binder.java:1143)
03-19 11:19:48.199 E/ActivityManager( 487): Sending non-protected broadcast com.dangbei.remote.connected from system 1047:com.dangbei.lerad.etna.haqu/1000 pkg com.dangbei.lerad.etna.haqu
03-19 11:19:48.199 E/ActivityManager( 487): java.lang.Throwable
03-19 11:19:48.199 E/ActivityManager( 487): at com.android.server.am.ActivityManagerService.checkBroadcastFromSystem(ActivityManagerService.java:12816)
03-19 11:19:48.199 E/ActivityManager( 487): at com.android.server.am.ActivityManagerService.broadcastIntentLocked(ActivityManagerService.java:13513)
03-19 11:19:48.199 E/ActivityManager( 487): at com.android.server.am.ActivityManagerService.broadcastIntentLocked(ActivityManagerService.java:12833)
03-19 11:19:48.199 E/ActivityManager( 487): at com.android.server.am.ActivityManagerService.broadcastIntentWithFeature(ActivityManagerService.java:13670)
03-19 11:19:48.199 E/ActivityManager( 487): at android.app.IActivityManager$Stub.onTransact(IActivityManager.java:2326)
03-19 11:19:48.199 E/ActivityManager( 487): at com.android.server.am.ActivityManagerService.onTransact(ActivityManagerService.java:2509)
03-19 11:19:48.199 E/ActivityManager( 487): at android.os.Binder.execTransactInternal(Binder.java:1179)
03-19 11:19:48.199 E/ActivityManager( 487): at android.os.Binder.execTransact(Binder.java:1143)
03-19 11:19:48.200 I/DropBoxManagerService( 487): add tag=system_server_wtf isTagEnabled=true flags=0x2
03-19 11:19:48.204 I/DropBoxManagerService( 487): add tag=system_server_wtf isTagEnabled=true flags=0x2
03-19 11:19:48.206 E/dangbei111( 1047): 读出来的遥控器版本为空
03-19 11:19:48.211 E/dangbei111( 1047): cccccc 检查遥控器是否连接: Dangbei C9:B5:96:5C:E3:ED
03-19 11:19:48.214 E/dangbei111( 1047): cccccc 检查遥控器是否连接: 蓝牙的结果 Dangbei C9:B5:96:5C:E3:ED false
03-19 11:19:48.214 E/dangbei111( 1047): cccccc input中没有遥控器存在
03-19 11:19:48.214 E/dangbei111( 1047): cccccc 蓝牙状态连接 不是连接状态 啥都不干
03-19 11:19:48.217 E/dangbei111( 1047): cccccc 蓝牙状态连接 配对状态 啥都不做
03-19 11:19:48.217 E/dangbei111( 1047): cccccc 没有遥控器连接 不进行 getRCInfo return
03-19 11:19:48.937 E/WifiHAL ( 663): wifi_get_link_stats: requestResponse Error:-5
03-19 11:19:48.938 E/WifiVendorHal( 487): getWifiLinkLayerStats_1_5_Internal(l.1191) failed {.code = ERROR_INVALID_ARGS, .description = }
03-19 11:19:48.967 W/IorapForwardingService( 487): No service published for: iorapd
03-19 11:19:49.024 E/bt_upio ( 249): upio_set : /proc/bluetooth/sleep/btwrite(-1) incorrent
03-19 11:19:49.473 W/hdr10p_Configure( 363): 124 callbacks suppressed
03-19 11:19:49.473 I/ ( 363): DVI mode selected: packets not configured
03-19 11:19:49.473 W/set_vsif_config( 363): 124 callbacks suppressed
03-19 11:19:49.473 I/ ( 363): Error: set vsif failed
03-19 11:19:49.473 I/ ( 363): DVI mode selected: packets not configured
03-19 11:19:49.473 I/ ( 363): Error: set vsif failed
03-19 11:19:49.498 I/ ( 363): DVI mode selected: packets not configured
03-19 11:19:49.498 I/ ( 363): Error: set vsif failed
03-19 11:19:49.498 I/ ( 363): DVI mode selected: packets not configured
03-19 11:19:49.498 I/ ( 363): Error: set vsif failed
03-19 11:19:49.523 I/ ( 363): DVI mode selected: packets not configured
03-19 11:19:49.523 I/ ( 363): Error: set vsif failed
03-19 11:19:49.523 I/ ( 363): DVI mode selected: packets not configured
03-19 11:19:49.523 I/ ( 363): Error: set vsif failed
03-19 11:19:49.547 I/ ( 363): DVI mode selected: packets not configured
03-19 11:19:49.547 I/ ( 363): Error: set vsif failed
03-19 11:19:49.547 I/ ( 363): DVI mode selected: packets not configured
03-19 11:19:49.547 I/ ( 363): Error: set vsif failed
03-19 11:19:49.548 I/BLEAudioDrive_HV410( 248): select timeout!
03-19 11:19:49.561 I/ ( 363): DVI mode selected: packets not configured
03-19 11:19:49.561 I/ ( 363): Error: set vsif failed
03-19 11:19:49.561 I/ ( 363): DVI mode selected: packets not configured
03-19 11:19:49.561 I/ ( 363): Error: set vsif failed
03-19 11:19:49.971 W/IorapForwardingService( 487): No service published for: iorapd
03-19 11:19:50.209 I/bt_stack( 672): [INFO:btsnoop.cc(338)] clear_l2cap_allowlist: Clearing acceptlist from l2cap channel. conn_handle=16 cid=4:4
03-19 11:19:50.210 I/bt_stack( 672): [INFO:gatt_attr.cc(338)] gatt_connect_cback: remove untrusted client status, bda=c7:44:13:5b:41:8c
03-19 11:19:50.210 I/bluetooth( 672): system/bt/stack/gap/gap_ble.cc:298 client_connect_cback: No active GAP service found for peer:xx:xx:xx:xx:41:8c callback:Disconnected
03-19 11:19:50.210 I/bt_bta_gattc( 672): system/bt/bta/gatt/bta_gattc_act.cc:1115 bta_gattc_conn_cback: Disconnected att_id:3 transport:le reason:GATT_CONN_TIMEOUT
03-19 11:19:50.210 I/bt_bta_gattc( 672): system/bt/bta/gatt/bta_gattc_act.cc:1115 bta_gattc_conn_cback: Disconnected att_id:4 transport:le reason:GATT_CONN_TIMEOUT
03-19 11:19:50.210 I/bt_bta_gattc( 672): system/bt/bta/gatt/bta_gattc_act.cc:1115 bta_gattc_conn_cback: Disconnected att_id:5 transport:le reason:GATT_CONN_TIMEOUT
03-19 11:19:50.210 I/bt_bta_gattc( 672): system/bt/bta/gatt/bta_gattc_act.cc:1115 bta_gattc_conn_cback: Disconnected att_id:6 transport:le reason:GATT_CONN_TIMEOUT
03-19 11:19:50.211 W/bt_btm_sec( 672): system/bt/stack/btm/btm_sec.cc:3685 btm_sec_disconnected: Got uncommon disconnection reason:Connection Timeout handle:0x0010
03-19 11:19:50.211 I/btif_av ( 672): system/bt/btif/src/btif_av.cc:3352 btif_av_acl_disconnected: btif_av_acl_disconnected: Peer c7:44:13:5b:41:8c : ACL Disconnected
03-19 11:19:50.211 E/bt_upio ( 249): upio_set : /proc/bluetooth/sleep/btwrite(-1) incorrent
03-19 11:19:50.211 I/btif_av ( 672): system/bt/btif/src/btif_av.cc:1078 FindOrCreatePeer: BtifAvPeer *BtifAvSource::FindOrCreatePeer(const RawAddress &, tBTA_AV_HNDL): Create peer: peer_address=c7:44:13:5b:41:8c bta_handle=0x41 peer_id=0
03-19 11:19:50.211 I/btif_av ( 672): system/bt/btif/src/btif_av.cc:3279 btif_av_get_peer_sep: No active sink or source peer found
03-19 11:19:50.211 I/bt_btif_a2dp_source( 672): system/bt/btif/src/btif_a2dp_source.cc:691 btif_a2dp_source_on_idle: btif_a2dp_source_on_idle: state=STATE_OFF
03-19 11:19:50.211 I/btif_av ( 672): system/bt/btif/src/btif_av.cc:3279 btif_av_get_peer_sep: No active sink or source peer found
03-19 11:19:50.211 I/bt_btif_a2dp_source( 672): system/bt/btif/src/btif_a2dp_source.cc:691 btif_a2dp_source_on_idle: btif_a2dp_source_on_idle: state=STATE_OFF
03-19 11:19:50.211 I/btif_av ( 672): system/bt/btif/src/btif_av.cc:1123 DeleteIdlePeers: DeleteIdlePeers: Deleting idle peer: c7:44:13:5b:41:8c bta_handle=0x41
03-19 11:19:50.212 D/BluetoothGatt( 1047): onClientConnectionState() - status=0 clientIf=5 device=C7:44:13:5B:41:8C
03-19 11:19:50.212 D/BluetoothGatt( 1047): onClientConnectionState() - status=0 clientIf=6 device=C7:44:13:5B:41:8C
03-19 11:19:50.226 E/bond ( 2949): name=Dangbei,state=10,action=android.bluetooth.device.action.ACL_DISCONNECTED
03-19 11:19:50.227 I/dangbei111( 1047): cccccc on receiver=android.bluetooth.device.action.ACL_DISCONNECTED,mac=C7:44:13:5B:41:8C
03-19 11:19:50.434 I/bluetooth( 672): system/bt/stack/gatt/connection_manager.cc:185 on_connection_complete: Le connection completed to device:c7:44:13:5b:41:8c
03-19 11:19:50.435 I/bt_btm_ble( 672): system/bt/stack/btm/btm_ble.cc:1699 btm_ble_connected: Updating device record timestamp for existing ble connection
03-19 11:19:50.507 I/bt_stack( 672): [INFO:gatt_attr.cc(880)] gatt_sr_init_cl_status: bda=c7:44:13:5b:41:8c, cl_supp_feat=0000, aware=1
03-19 11:19:50.508 I/bluetooth( 672): system/bt/stack/gap/gap_ble.cc:298 client_connect_cback: No active GAP service found for peer:xx:xx:xx:xx:41:8c callback:Connected
03-19 11:19:50.508 I/bt_bta_gattc( 672): system/bt/bta/gatt/bta_gattc_act.cc:1110 bta_gattc_conn_cback: Connected att_id:3 transport:le reason:GATT_CONN_OK
03-19 11:19:50.508 I/bt_bta_gattc( 672): system/bt/bta/gatt/bta_gattc_act.cc:1110 bta_gattc_conn_cback: Connected att_id:4 transport:le reason:GATT_CONN_OK
03-19 11:19:50.508 I/bt_bta_gattc( 672): system/bt/bta/gatt/bta_gattc_act.cc:1110 bta_gattc_conn_cback: Connected att_id:5 transport:le reason:GATT_CONN_OK
03-19 11:19:50.508 I/bt_bta_gattc( 672): system/bt/bta/gatt/bta_gattc_act.cc:1110 bta_gattc_conn_cback: Connected att_id:6 transport:le reason:GATT_CONN_OK
03-19 11:19:50.508 I/bluetooth( 672): system/bt/stack/gatt/connection_manager.cc:185 on_connection_complete: Le connection completed to device:c7:44:13:5b:41:8c
03-19 11:19:50.508 I/bt_stack( 672): [INFO:eatt_impl.h(634)] connect device c7:44:13:5b:41:8c rolecentral
03-19 11:19:50.508 I/bt_btif_dm( 672): system/bt/btif/src/btif_dm.cc:497 btif_update_remote_version_property: Remote version info valid:true [xx:xx:xx:xx:41:8c]: 8, 50e, 8
03-19 11:19:50.518 E/bt_stack( 672): [ERROR:bta_gattc_cache.cc(940)] bta_gattc_cache_load: can't open GATT cache file /data/misc/bluetooth/gatt_cache_c744135b418c for reading, error: No such file or directory
03-19 11:19:50.518 I/bt_stack( 672): [INFO:hearing_aid.cc(1796)] GetDeviceCount: Not initialized yet
03-19 11:19:50.519 I/bt_stack( 672): [INFO:gatt_api.cc(708)] GATTC_Discover conn_id=0x0005, disc_type=1, s_handle=0x0001, e_handle=0xffff
03-19 11:19:50.525 D/BluetoothGatt( 1047): onClientConnectionState() - status=0 clientIf=5 device=C7:44:13:5B:41:8C
03-19 11:19:50.525 D/BluetoothGatt( 1047): onClientConnectionState() - status=0 clientIf=6 device=C7:44:13:5B:41:8C
03-19 11:19:50.526 D/BluetoothGatt( 1047): discoverServices() - device: C7:44:13:5B:41:8C
03-19 11:19:50.527 E/BluetoothPhonePolicy( 672): Received unexpected intent, action=android.bluetooth.device.action.ACL_CONNECTED
03-19 11:19:50.527 I/BluetoothPhonePolicy( 672): processDeviceConnected, device=C7:44:13:5B:41:8C
03-19 11:19:50.527 D/BluetoothDatabase( 672): setConnection: device=C7:44:13:5B:41:8C and isA2dpDevice=false
03-19 11:19:50.527 D/BluetoothDatabase( 672): Updating last connected time for device: C7:44:13:5B:41:8C to 194
03-19 11:19:50.527 D/BluetoothDatabase( 672): updateDatabase C7:44:13:5B:41:8C
03-19 11:19:50.527 D/BluetoothGatt( 1047): discoverServices() - device: C7:44:13:5B:41:8C
03-19 11:19:50.534 E/bond ( 2949): name=Dangbei,state=10,action=android.bluetooth.device.action.ACL_CONNECTED
03-19 11:19:50.534 I/dangbei111( 1047): cccccc on receiver=android.bluetooth.device.action.ACL_CONNECTED,mac=C7:44:13:5B:41:8C
03-19 11:19:50.534 I/dangbei111( 1047): cccccc 收到 ACTION_ACL_CONNECTED 的广播
03-19 11:19:50.534 E/dangbei111( 1047): 5s后准备进行遥控器ota信息检测
03-19 11:19:50.552 I/bt_stack( 672): [INFO:eatt_impl.h(578)] supported_features_cb c7:44:13:5b:41:8c is_eatt_supported = 0
03-19 11:19:50.643 D/BluetoothGatt( 1047): onConnectionUpdated() - Device=C7:44:13:5B:41:8C interval=6 latency=0 timeout=200 status=0
03-19 11:19:50.643 D/BluetoothGatt( 1047): onConnectionUpdated() - Device=C7:44:13:5B:41:8C interval=6 latency=0 timeout=200 status=0
03-19 11:19:50.680 I/bt_stack( 672): [INFO:gatt_api.cc(708)] GATTC_Discover conn_id=0x0005, disc_type=3, s_handle=0x0001, e_handle=0x0009
03-19 11:19:50.702 I/bt_stack( 672): [INFO:gatt_api.cc(708)] GATTC_Discover conn_id=0x0005, disc_type=4, s_handle=0x0001, e_handle=0x0009
03-19 11:19:50.748 I/bt_stack( 672): [INFO:gatt_api.cc(708)] GATTC_Discover conn_id=0x0005, disc_type=3, s_handle=0x000a, e_handle=0x000d
03-19 11:19:50.763 I/bt_stack( 672): [INFO:gatt_api.cc(708)] GATTC_Discover conn_id=0x0005, disc_type=4, s_handle=0x000a, e_handle=0x000d
03-19 11:19:50.793 I/bt_stack( 672): [INFO:gatt_api.cc(708)] GATTC_Discover conn_id=0x0005, disc_type=5, s_handle=0x000d, e_handle=0x000d
03-19 11:19:50.808 I/bt_stack( 672): [INFO:gatt_api.cc(708)] GATTC_Discover conn_id=0x0005, disc_type=3, s_handle=0x000e, e_handle=0x0011
03-19 11:19:50.822 I/bt_stack( 672): [INFO:gatt_api.cc(708)] GATTC_Discover conn_id=0x0005, disc_type=4, s_handle=0x000e, e_handle=0x0011
03-19 11:19:50.853 I/bt_stack( 672): [INFO:gatt_api.cc(708)] GATTC_Discover conn_id=0x0005, disc_type=5, s_handle=0x0011, e_handle=0x0011
03-19 11:19:50.867 I/bt_stack( 672): [INFO:gatt_api.cc(708)] GATTC_Discover conn_id=0x0005, disc_type=3, s_handle=0x0012, e_handle=0x001e
03-19 11:19:50.882 I/bt_stack( 672): [INFO:gatt_api.cc(708)] GATTC_Discover conn_id=0x0005, disc_type=4, s_handle=0x0012, e_handle=0x001e
03-19 11:19:50.943 I/bt_stack( 672): [INFO:gatt_api.cc(708)] GATTC_Discover conn_id=0x0005, disc_type=3, s_handle=0x001f, e_handle=0x0042
03-19 11:19:50.957 I/bt_stack( 672): [INFO:gatt_api.cc(708)] GATTC_Discover conn_id=0x0005, disc_type=4, s_handle=0x001f, e_handle=0x0042
03-19 11:19:50.974 W/IorapForwardingService( 487): No service published for: iorapd
03-19 11:19:51.063 I/bt_stack( 672): [INFO:gatt_api.cc(708)] GATTC_Discover conn_id=0x0005, disc_type=5, s_handle=0x0024, e_handle=0x0024
03-19 11:19:51.078 I/bt_stack( 672): [INFO:gatt_api.cc(708)] GATTC_Discover conn_id=0x0005, disc_type=5, s_handle=0x0029, e_handle=0x0029
03-19 11:19:51.092 I/bt_stack( 672): [INFO:gatt_api.cc(708)] GATTC_Discover conn_id=0x0005, disc_type=5, s_handle=0x002e, e_handle=0x002e
03-19 11:19:51.108 I/bt_stack( 672): [INFO:gatt_api.cc(708)] GATTC_Discover conn_id=0x0005, disc_type=5, s_handle=0x0031, e_handle=0x0032
03-19 11:19:51.123 I/bt_stack( 672): [INFO:gatt_api.cc(708)] GATTC_Discover conn_id=0x0005, disc_type=5, s_handle=0x0035, e_handle=0x0036
03-19 11:19:51.137 I/bt_stack( 672): [INFO:gatt_api.cc(708)] GATTC_Discover conn_id=0x0005, disc_type=5, s_handle=0x0039, e_handle=0x003a
03-19 11:19:51.153 I/bt_stack( 672): [INFO:gatt_api.cc(708)] GATTC_Discover conn_id=0x0005, disc_type=5, s_handle=0x003d, e_handle=0x003d
03-19 11:19:51.191 I/bt_stack( 672): [INFO:btsnoop.cc(338)] clear_l2cap_allowlist: Clearing acceptlist from l2cap channel. conn_handle=16 cid=4:4
03-19 11:19:51.192 W/bt_stack( 672): [WARNING:l2c_ble.cc(139)] L2CA_EnableUpdateBleConnParams - unknown BD_ADDR c7:44:13:5b:41:8c
03-19 11:19:51.192 I/bt_stack( 672): [INFO:gatt_attr.cc(338)] gatt_connect_cback: remove untrusted client status, bda=c7:44:13:5b:41:8c
03-19 11:19:51.192 I/bluetooth( 672): system/bt/stack/gap/gap_ble.cc:298 client_connect_cback: No active GAP service found for peer:xx:xx:xx:xx:41:8c callback:Disconnected
03-19 11:19:51.192 I/bt_bta_gattc( 672): system/bt/bta/gatt/bta_gattc_act.cc:1115 bta_gattc_conn_cback: Disconnected att_id:3 transport:le reason:GATT_CONN_TERMINATE_PEER_USER
03-19 11:19:51.192 I/bt_bta_gattc( 672): system/bt/bta/gatt/bta_gattc_act.cc:1115 bta_gattc_conn_cback: Disconnected att_id:4 transport:le reason:GATT_CONN_TERMINATE_PEER_USER
03-19 11:19:51.192 I/bt_bta_gattc( 672): system/bt/bta/gatt/bta_gattc_act.cc:1115 bta_gattc_conn_cback: Disconnected att_id:5 transport:le reason:GATT_CONN_TERMINATE_PEER_USER
03-19 11:19:51.192 I/bt_bta_gattc( 672): system/bt/bta/gatt/bta_gattc_act.cc:1115 bta_gattc_conn_cback: Disconnected att_id:6 transport:le reason:GATT_CONN_TERMINATE_PEER_USER
03-19 11:19:51.193 I/btif_av ( 672): system/bt/btif/src/btif_av.cc:3352 btif_av_acl_disconnected: btif_av_acl_disconnected: Peer c7:44:13:5b:41:8c : ACL Disconnected
03-19 11:19:51.193 I/btif_av ( 672): system/bt/btif/src/btif_av.cc:1078 FindOrCreatePeer: BtifAvPeer *BtifAvSource::FindOrCreatePeer(const RawAddress &, tBTA_AV_HNDL): Create peer: peer_address=c7:44:13:5b:41:8c bta_handle=0x41 peer_id=0
03-19 11:19:51.193 I/btif_av ( 672): system/bt/btif/src/btif_av.cc:3279 btif_av_get_peer_sep: No active sink or source peer found
03-19 11:19:51.193 I/bt_btif_a2dp_source( 672): system/bt/btif/src/btif_a2dp_source.cc:691 btif_a2dp_source_on_idle: btif_a2dp_source_on_idle: state=STATE_OFF
03-19 11:19:51.193 I/btif_av ( 672): system/bt/btif/src/btif_av.cc:3279 btif_av_get_peer_sep: No active sink or source peer found
03-19 11:19:51.193 I/bt_btif_a2dp_source( 672): system/bt/btif/src/btif_a2dp_source.cc:691 btif_a2dp_source_on_idle: btif_a2dp_source_on_idle: state=STATE_OFF
03-19 11:19:51.193 I/btif_av ( 672): system/bt/btif/src/btif_av.cc:1123 DeleteIdlePeers: DeleteIdlePeers: Deleting idle peer: c7:44:13:5b:41:8c bta_handle=0x41
03-19 11:19:51.194 D/BluetoothGatt( 1047): onClientConnectionState() - status=0 clientIf=5 device=C7:44:13:5B:41:8C
03-19 11:19:51.194 D/BluetoothGatt( 1047): onClientConnectionState() - status=0 clientIf=6 device=C7:44:13:5B:41:8C
03-19 11:19:51.206 E/bond ( 2949): name=Dangbei,state=10,action=android.bluetooth.device.action.ACL_DISCONNECTED
03-19 11:19:51.206 I/dangbei111( 1047): cccccc on receiver=android.bluetooth.device.action.ACL_DISCONNECTED,mac=C7:44:13:5B:41:8C
03-19 11:19:51.426 I/bluetooth( 672): system/bt/stack/gatt/connection_manager.cc:185 on_connection_complete: Le connection completed to device:c7:44:13:5b:41:8c
03-19 11:19:51.426 I/bt_btm_ble( 672): system/bt/stack/btm/btm_ble.cc:1699 btm_ble_connected: Updating device record timestamp for existing ble connection
03-19 11:19:51.499 I/bt_stack( 672): [INFO:gatt_attr.cc(880)] gatt_sr_init_cl_status: bda=c7:44:13:5b:41:8c, cl_supp_feat=0000, aware=1
03-19 11:19:51.499 I/bluetooth( 672): system/bt/stack/gap/gap_ble.cc:298 client_connect_cback: No active GAP service found for peer:xx:xx:xx:xx:41:8c callback:Connected
03-19 11:19:51.499 I/bt_bta_gattc( 672): system/bt/bta/gatt/bta_gattc_act.cc:1110 bta_gattc_conn_cback: Connected att_id:3 transport:le reason:GATT_CONN_OK
03-19 11:19:51.499 I/bt_bta_gattc( 672): system/bt/bta/gatt/bta_gattc_act.cc:1110 bta_gattc_conn_cback: Connected att_id:4 transport:le reason:GATT_CONN_OK
03-19 11:19:51.499 I/bt_bta_gattc( 672): system/bt/bta/gatt/bta_gattc_act.cc:1110 bta_gattc_conn_cback: Connected att_id:5 transport:le reason:GATT_CONN_OK
03-19 11:19:51.499 I/bt_bta_gattc( 672): system/bt/bta/gatt/bta_gattc_act.cc:1110 bta_gattc_conn_cback: Connected att_id:6 transport:le reason:GATT_CONN_OK
03-19 11:19:51.499 I/bluetooth( 672): system/bt/stack/gatt/connection_manager.cc:185 on_connection_complete: Le connection completed to device:c7:44:13:5b:41:8c
03-19 11:19:51.499 I/bt_stack( 672): [INFO:eatt_impl.h(634)] connect device c7:44:13:5b:41:8c rolecentral
03-19 11:19:51.499 I/bt_btif_dm( 672): system/bt/btif/src/btif_dm.cc:497 btif_update_remote_version_property: Remote version info valid:true [xx:xx:xx:xx:41:8c]: 8, 50e, 8
03-19 11:19:51.508 E/bt_stack( 672): [ERROR:bta_gattc_cache.cc(940)] bta_gattc_cache_load: can't open GATT cache file /data/misc/bluetooth/gatt_cache_c744135b418c for reading, error: No such file or directory
03-19 11:19:51.508 I/bt_stack( 672): [INFO:hearing_aid.cc(1796)] GetDeviceCount: Not initialized yet
03-19 11:19:51.509 I/bt_stack( 672): [INFO:gatt_api.cc(708)] GATTC_Discover conn_id=0x0005, disc_type=1, s_handle=0x0001, e_handle=0xffff
03-19 11:19:51.515 D/BluetoothGatt( 1047): onClientConnectionState() - status=0 clientIf=5 device=C7:44:13:5B:41:8C
03-19 11:19:51.515 D/BluetoothGatt( 1047): discoverServices() - device: C7:44:13:5B:41:8C
03-19 11:19:51.516 D/BluetoothGatt( 1047): onClientConnectionState() - status=0 clientIf=6 device=C7:44:13:5B:41:8C
03-19 11:19:51.517 D/BluetoothGatt( 1047): discoverServices() - device: C7:44:13:5B:41:8C
03-19 11:19:51.518 E/BluetoothPhonePolicy( 672): Received unexpected intent, action=android.bluetooth.device.action.ACL_CONNECTED
03-19 11:19:51.518 I/BluetoothPhonePolicy( 672): processDeviceConnected, device=C7:44:13:5B:41:8C
03-19 11:19:51.518 D/BluetoothDatabase( 672): setConnection: device=C7:44:13:5B:41:8C and isA2dpDevice=false
03-19 11:19:51.518 D/BluetoothDatabase( 672): Updating last connected time for device: C7:44:13:5B:41:8C to 195
03-19 11:19:51.518 D/BluetoothDatabase( 672): updateDatabase C7:44:13:5B:41:8C
03-19 11:19:51.524 E/bond ( 2949): name=Dangbei,state=10,action=android.bluetooth.device.action.ACL_CONNECTED
03-19 11:19:51.527 I/dangbei111( 1047): cccccc on receiver=android.bluetooth.device.action.ACL_CONNECTED,mac=C7:44:13:5B:41:8C
03-19 11:19:51.527 I/dangbei111( 1047): cccccc 收到 ACTION_ACL_CONNECTED 的广播
03-19 11:19:51.527 E/dangbei111( 1047): 5s后准备进行遥控器ota信息检测
03-19 11:19:51.544 I/bt_stack( 672): [INFO:eatt_impl.h(578)] supported_features_cb c7:44:13:5b:41:8c is_eatt_supported = 0
03-19 11:19:51.634 D/BluetoothGatt( 1047): onConnectionUpdated() - Device=C7:44:13:5B:41:8C interval=6 latency=0 timeout=200 status=0
03-19 11:19:51.634 D/BluetoothGatt( 1047): onConnectionUpdated() - Device=C7:44:13:5B:41:8C interval=6 latency=0 timeout=200 status=0
03-19 11:19:51.670 I/bt_stack( 672): [INFO:gatt_api.cc(708)] GATTC_Discover conn_id=0x0005, disc_type=3, s_handle=0x0001, e_handle=0x0009
03-19 11:19:51.685 I/bt_stack( 672): [INFO:gatt_api.cc(708)] GATTC_Discover conn_id=0x0005, disc_type=4, s_handle=0x0001, e_handle=0x0009
03-19 11:19:51.730 I/bt_stack( 672): [INFO:gatt_api.cc(708)] GATTC_Discover conn_id=0x0005, disc_type=3, s_handle=0x000a, e_handle=0x000d
03-19 11:19:51.745 I/bt_stack( 672): [INFO:gatt_api.cc(708)] GATTC_Discover conn_id=0x0005, disc_type=4, s_handle=0x000a, e_handle=0x000d
03-19 11:19:51.783 I/bt_stack( 672): [INFO:gatt_api.cc(708)] GATTC_Discover conn_id=0x0005, disc_type=5, s_handle=0x000d, e_handle=0x000d
03-19 11:19:51.798 I/bt_stack( 672): [INFO:gatt_api.cc(708)] GATTC_Discover conn_id=0x0005, disc_type=3, s_handle=0x000e, e_handle=0x0011
03-19 11:19:51.812 I/bt_stack( 672): [INFO:gatt_api.cc(708)] GATTC_Discover conn_id=0x0005, disc_type=4, s_handle=0x000e, e_handle=0x0011
03-19 11:19:51.843 I/bt_stack( 672): [INFO:gatt_api.cc(708)] GATTC_Discover conn_id=0x0005, disc_type=5, s_handle=0x0011, e_handle=0x0011
03-19 11:19:51.857 I/bt_stack( 672): [INFO:gatt_api.cc(708)] GATTC_Discover conn_id=0x0005, disc_type=3, s_handle=0x0012, e_handle=0x001e
03-19 11:19:51.872 I/bt_stack( 672): [INFO:gatt_api.cc(708)] GATTC_Discover conn_id=0x0005, disc_type=4, s_handle=0x0012, e_handle=0x001e
03-19 11:19:51.933 I/bt_stack( 672): [INFO:gatt_api.cc(708)] GATTC_Discover conn_id=0x0005, disc_type=3, s_handle=0x001f, e_handle=0x0042
03-19 11:19:51.947 I/bt_stack( 672): [INFO:gatt_api.cc(708)] GATTC_Discover conn_id=0x0005, disc_type=4, s_handle=0x001f, e_handle=0x0042
03-19 11:19:51.950 E/WifiHAL ( 663): wifi_get_link_stats: requestResponse Error:-5
03-19 11:19:51.951 E/WifiVendorHal( 487): getWifiLinkLayerStats_1_5_Internal(l.1191) failed {.code = ERROR_INVALID_ARGS, .description = }
03-19 11:19:51.976 W/IorapForwardingService( 487): No service published for: iorapd
03-19 11:19:52.052 I/bt_stack( 672): [INFO:gatt_api.cc(708)] GATTC_Discover conn_id=0x0005, disc_type=5, s_handle=0x0024, e_handle=0x0024
03-19 11:19:52.068 I/bt_stack( 672): [INFO:gatt_api.cc(708)] GATTC_Discover conn_id=0x0005, disc_type=5, s_handle=0x0029, e_handle=0x0029
03-19 11:19:52.082 I/bt_stack( 672): [INFO:gatt_api.cc(708)] GATTC_Discover conn_id=0x0005, disc_type=5, s_handle=0x002e, e_handle=0x002e
03-19 11:19:52.098 I/bt_stack( 672): [INFO:gatt_api.cc(708)] GATTC_Discover conn_id=0x0005, disc_type=5, s_handle=0x0031, e_handle=0x0032
03-19 11:19:52.113 I/bt_stack( 672): [INFO:gatt_api.cc(708)] GATTC_Discover conn_id=0x0005, disc_type=5, s_handle=0x0035, e_handle=0x0036
03-19 11:19:52.127 I/bt_stack( 672): [INFO:gatt_api.cc(708)] GATTC_Discover conn_id=0x0005, disc_type=5, s_handle=0x0039, e_handle=0x003a
03-19 11:19:52.142 I/bt_stack( 672): [INFO:gatt_api.cc(708)] GATTC_Discover conn_id=0x0005, disc_type=5, s_handle=0x003d, e_handle=0x003d
03-19 11:19:52.158 I/bt_stack( 672): [INFO:gatt_api.cc(708)] GATTC_Discover conn_id=0x0005, disc_type=5, s_handle=0x0040, e_handle=0x0040
03-19 11:19:52.172 I/bt_stack( 672): [INFO:gatt_api.cc(708)] GATTC_Discover conn_id=0x0005, disc_type=3, s_handle=0x0043, e_handle=0x0051
03-19 11:19:52.187 I/bt_stack( 672): [INFO:gatt_api.cc(708)] GATTC_Discover conn_id=0x0005, disc_type=4, s_handle=0x0043, e_handle=0x0051
03-19 11:19:52.248 I/bt_stack( 672): [INFO:gatt_api.cc(708)] GATTC_Discover conn_id=0x0005, disc_type=5, s_handle=0x0046, e_handle=0x0046
03-19 11:19:52.262 I/bt_stack( 672): [INFO:gatt_api.cc(708)] GATTC_Discover conn_id=0x0005, disc_type=5, s_handle=0x0049, e_handle=0x0049
03-19 11:19:52.278 I/bt_stack( 672): [INFO:gatt_api.cc(708)] GATTC_Discover conn_id=0x0005, disc_type=5, s_handle=0x004c, e_handle=0x004c
03-19 11:19:52.293 I/bt_stack( 672): [INFO:gatt_api.cc(708)] GATTC_Discover conn_id=0x0005, disc_type=5, s_handle=0x004f, e_handle=0x004f
03-19 11:19:52.307 I/bt_stack( 672): [INFO:bta_gattc_cache.cc(219)] bta_gattc_explore_srvc_finished: service discovery finished
03-19 11:19:52.310 I/bt_bta_gattc( 672): system/bt/bta/gatt/bta_gattc_cache.cc:902 bta_gattc_get_gatt_db: bta_gattc_get_gatt_db
03-19 11:19:52.312 I/bt_bta_gattc( 672): system/bt/bta/gatt/bta_gattc_cache.cc:902 bta_gattc_get_gatt_db: bta_gattc_get_gatt_db
03-19 11:19:52.312 D/BluetoothGatt( 1047): onSearchComplete() = Device=C7:44:13:5B:41:8C Status=0
03-19 11:19:52.314 D/BluetoothGatt( 1047): onSearchComplete() = Device=C7:44:13:5B:41:8C Status=0
03-19 11:19:52.345 E/dangbei111( 1047): battery level=100
03-19 11:19:52.376 D/BluetoothGatt( 1047): onConnectionUpdated() - Device=C7:44:13:5B:41:8C interval=12 latency=0 timeout=200 status=0
03-19 11:19:52.376 D/BluetoothGatt( 1047): onConnectionUpdated() - Device=C7:44:13:5B:41:8C interval=12 latency=0 timeout=200 status=0
03-19 11:19:52.979 W/IorapForwardingService( 487): No service published for: iorapd
