04-02 09:48:15.049 I/bt_bta_gattc( 673): system/bt/bta/gatt/bta_gattc_act.cc:1110 bta_gattc_conn_cback: Connected att_id:5 transport:le reason:GATT_CONN_OK
04-02 09:48:15.049 I/bt_bta_gattc( 673): system/bt/bta/gatt/bta_gattc_act.cc:1110 bta_gattc_conn_cback: Connected att_id:6 transport:le reason:GATT_CONN_OK
04-02 09:48:15.049 I/bluetooth( 673): system/bt/stack/gatt/connection_manager.cc:185 on_connection_complete: Le connection completed to device:c9:b5:96:5c:e3:ed
04-02 09:48:15.049 I/bt_stack( 673): [INFO:eatt_impl.h(634)] connect device c9:b5:96:5c:e3:ed rolecentral
04-02 09:48:15.050 I/bt_btif_dm( 673): system/bt/btif/src/btif_dm.cc:497 btif_update_remote_version_property: Remote version info valid:true [xx:xx:xx:xx:e3:ed]: 8, 50e, 8
04-02 09:48:15.065 W/bt_btm ( 673): system/bt/main/bte_logmsg.cc:194 LogMsg: Security Manager: BTM_SetEncryption busy, enqueue request
04-02 09:48:15.065 D/BluetoothGatt( 1051): onClientConnectionState() - status=0 clientIf=6 device=C9:B5:96:5C:E3:ED
04-02 09:48:15.066 D/BluetoothGatt( 1051): discoverServices() - device: C9:B5:96:5C:E3:ED
04-02 09:48:15.068 E/BluetoothPhonePolicy( 673): Received unexpected intent, action=android.bluetooth.device.action.ACL_CONNECTED
04-02 09:48:15.069 I/BluetoothPhonePolicy( 673): processDeviceConnected, device=C9:B5:96:5C:E3:ED
04-02 09:48:15.072 D/BluetoothDatabase( 673): setConnection: device=C9:B5:96:5C:E3:ED and isA2dpDevice=false
04-02 09:48:15.073 D/BluetoothDatabase( 673): Updating last connected time for device: C9:B5:96:5C:E3:ED to 22
04-02 09:48:15.073 D/BluetoothDatabase( 673): updateDatabase C9:B5:96:5C:E3:ED
04-02 09:48:15.075 I/dangbei111( 1051): cccccc on receiver=android.bluetooth.device.action.ACL_CONNECTED,mac=C9:B5:96:5C:E3:ED
04-02 09:48:15.075 E/bond ( 3660): name=Dangbei,state=12,action=android.bluetooth.device.action.ACL_CONNECTED
04-02 09:48:15.075 I/dangbei111( 1051): cccccc 收到 ACTION_ACL_CONNECTED 的广播
04-02 09:48:15.076 I/bt_bta_gattc( 673): system/bt/bta/gatt/bta_gattc_cache.cc:902 bta_gattc_get_gatt_db: bta_gattc_get_gatt_db
04-02 09:48:15.078 E/dangbei111( 1051): 5s后准备进行遥控器ota信息检测
04-02 09:48:15.081 D/BluetoothGatt( 1051): onSearchComplete() = Device=C9:B5:96:5C:E3:ED Status=0
04-02 09:48:15.184 W/IorapForwardingService( 479): No service published for: iorapd
04-02 09:48:15.972 I/BLEAudioDrive_HV410( 249): select timeout!
04-02 09:48:16.186 W/IorapForwardingService( 479): No service published for: iorapd
04-02 09:48:16.539 D/UtilLog ( 2252): 日志批量上报 进行正常循环 !!!!!!本次有0次请求,共0条数据
04-02 09:48:17.029 E/WifiHAL ( 667): wifi_get_link_stats: requestResponse Error:-5
04-02 09:48:17.030 E/WifiVendorHal( 479): getWifiLinkLayerStats_1_5_Internal(l.1191) failed {.code = ERROR_INVALID_ARGS, .description = }
04-02 09:48:17.188 W/IorapForwardingService( 479): No service published for: iorapd
04-02 09:48:18.061 E/bt_upio ( 250): upio_set : /proc/bluetooth/sleep/btwrite(-1) incorrent
04-02 09:48:18.086 E/dangbei111( 1051): cccccc 检查遥控器是否连接: Dangbei C9:B5:96:5C:E3:ED
04-02 09:48:18.089 E/dangbei111( 1051): cccccc 检查遥控器是否连接: 蓝牙的结果 Dangbei C9:B5:96:5C:E3:ED true
04-02 09:48:18.089 E/dangbei111( 1051): cccccc input中没有遥控器存在
04-02 09:48:18.090 E/dangbei111( 1051): cccccc 蓝牙状态连接 开启8s check任务
04-02 09:48:18.090 E/dangbei111( 1051): cccccc 没有遥控器连接 不进行 getRCInfo return
04-02 09:48:18.090 E/dangbei111( 1051): getBattery delay 0
04-02 09:48:18.097 I/bt_btif_config( 673): system/bt/btif/src/btif_config.cc:137 btif_get_device_type: Device [c9:b5:96:5c:e3:ed] device type 2
04-02 09:48:18.098 I/bt_stack( 673): [INFO:connection_manager.cc(104)] App id=0x06already doing background connection to c9:b5:96:5c:e3:ed
04-02 09:48:18.098 D/BluetoothGatt( 1051): discoverServices() - device: C9:B5:96:5C:E3:ED
04-02 09:48:18.100 E/dangbei111( 1051): 5mins后会再次获取电量
04-02 09:48:18.100 E/dangbei111( 1051): getBattery delay 300000
04-02 09:48:18.101 I/bt_bta_gattc( 673): system/bt/bta/gatt/bta_gattc_cache.cc:902 bta_gattc_get_gatt_db: bta_gattc_get_gatt_db
04-02 09:48:18.105 D/BluetoothGatt( 1051): onSearchComplete() = Device=C9:B5:96:5C:E3:ED Status=0
04-02 09:48:18.190 W/IorapForwardingService( 479): No service published for: iorapd
04-02 09:48:19.192 W/IorapForwardingService( 479): No service published for: iorapd
04-02 09:48:19.205 I/ModuleDataForwa( 3092): type=1400 audit(0.0:1310): avc: denied { remove_name } for name="1775094489150_3092" dev="mmcblk0p25" ino=4413 scontext=u:r:platform_app:s0:c512,c768 tcontext=u:object_r:app_data_file:s0:c512,c768 tclass=dir permissive=1 app=com.dangbei.screencast
04-02 09:48:19.209 I/ModuleDataForwa( 3092): type=1400 audit(0.0:1311): avc: denied { unlink } for name="1775094489150_3092" dev="mmcblk0p25" ino=4413 scontext=u:r:platform_app:s0:c512,c768 tcontext=u:object_r:app_data_file:s0:c512,c768 tclass=file permissive=1 app=com.dangbei.screencast
01-01 08:03:20.456 W/hdr10p_Configure( 378): 128 callbacks suppressed
01-01 08:03:20.456 I/ ( 378): DVI mode selected: packets not configured
01-01 08:03:20.469 W/set_vsif_config( 378): 128 callbacks suppressed
01-01 08:03:20.470 I/ ( 378): Error: set vsif failed
01-01 08:03:20.481 I/ ( 378): DVI mode selected: packets not configured
01-01 08:03:20.487 I/ ( 378): Error: set vsif failed
01-01 08:03:20.502 I/ ( 378): DVI mode selected: packets not configured
01-01 08:03:20.508 I/ ( 378): Error: set vsif failed
01-01 08:03:20.513 I/ ( 378): DVI mode selected: packets not configured
01-01 08:03:20.520 I/ ( 378): Error: set vsif failed
01-01 08:03:20.535 I/ ( 378): DVI mode selected: packets not configured
01-01 08:03:20.541 I/ ( 378): Error: set vsif failed
01-01 08:03:20.546 I/ ( 378): DVI mode selected: packets not configured
01-01 08:03:20.553 I/ ( 378): Error: set vsif failed
01-01 08:03:20.568 I/ ( 378): DVI mode selected: packets not configured
01-01 08:03:20.575 I/ ( 378): Error: set vsif failed
01-01 08:03:20.580 I/ ( 378): DVI mode selected: packets not configured
01-01 08:03:20.587 I/ ( 378): Error: set vsif failed
01-01 08:03:20.602 I/ ( 378): DVI mode selected: packets not configured
01-01 08:03:20.608 I/ ( 378): Error: set vsif failed
01-01 08:03:20.613 I/ ( 378): DVI mode selected: packets not configured
01-01 08:03:20.620 I/ ( 378): Error: set vsif failed
04-02 09:48:20.051 E/WifiHAL ( 667): wifi_get_link_stats: requestResponse Error:-5
04-02 09:48:20.052 E/WifiVendorHal( 479): getWifiLinkLayerStats_1_5_Internal(l.1191) failed {.code = ERROR_INVALID_ARGS, .description = }
04-02 09:48:20.065 D/aaa ( 1107): LedStatusService onStartCommand begin
04-02 09:48:20.074 D/bbb ( 1170): onStartCommand begin !!!!!!! data分区剩余 24956MB
04-02 09:48:20.077 D/aaa ( 1107): topPkg is -------------- :com.dangbei.haqusetting
04-02 09:48:20.086 E/dangbei111( 1051): cccccc 检测到网络 准备请求遥控器ota信息
04-02 09:48:20.088 W/ContextImpl( 1051): Calling a method in the system process without a qualified user: android.app.ContextImpl.sendBroadcast:1173 android.content.ContextWrapper.sendBroadcast:479 com.dangbei.remotecontroller.RemoteControllerReceiver.sendMessageToUpdateHelper:122 com.dangbei.remotecontroller.RemoteControllerReceiver.access$100:28 com.dangbei.remotecontroller.RemoteControllerReceiver$1.handleMessage:41
04-02 09:48:20.093 E/ActivityManager( 479): Sending non-protected broadcast com.dangbei.remote.connected from system 1051:com.dangbei.lerad.etna.haqu/1000 pkg com.dangbei.lerad.etna.haqu
04-02 09:48:20.093 E/ActivityManager( 479): java.lang.Throwable
04-02 09:48:20.093 E/ActivityManager( 479): at com.android.server.am.ActivityManagerService.checkBroadcastFromSystem(ActivityManagerService.java:12816)
04-02 09:48:20.093 E/ActivityManager( 479): at com.android.server.am.ActivityManagerService.broadcastIntentLocked(ActivityManagerService.java:13416)
04-02 09:48:20.093 E/ActivityManager( 479): at com.android.server.am.ActivityManagerService.broadcastIntentLocked(ActivityManagerService.java:12833)
04-02 09:48:20.093 E/ActivityManager( 479): at com.android.server.am.ActivityManagerService.broadcastIntentWithFeature(ActivityManagerService.java:13670)
04-02 09:48:20.093 E/ActivityManager( 479): at android.app.IActivityManager$Stub.onTransact(IActivityManager.java:2326)
04-02 09:48:20.093 E/ActivityManager( 479): at com.android.server.am.ActivityManagerService.onTransact(ActivityManagerService.java:2509)
04-02 09:48:20.093 E/ActivityManager( 479): at android.os.Binder.execTransactInternal(Binder.java:1179)
04-02 09:48:20.093 E/ActivityManager( 479): at android.os.Binder.execTransact(Binder.java:1143)
04-02 09:48:20.095 E/ActivityManager( 479): Sending non-protected broadcast com.dangbei.remote.connected from system 1051:com.dangbei.lerad.etna.haqu/1000 pkg com.dangbei.lerad.etna.haqu
04-02 09:48:20.095 E/ActivityManager( 479): java.lang.Throwable
04-02 09:48:20.095 E/ActivityManager( 479): at com.android.server.am.ActivityManagerService.checkBroadcastFromSystem(ActivityManagerService.java:12816)
04-02 09:48:20.095 E/ActivityManager( 479): at com.android.server.am.ActivityManagerService.broadcastIntentLocked(ActivityManagerService.java:13513)
04-02 09:48:20.095 E/ActivityManager( 479): at com.android.server.am.ActivityManagerService.broadcastIntentLocked(ActivityManagerService.java:12833)
04-02 09:48:20.095 E/ActivityManager( 479): at com.android.server.am.ActivityManagerService.broadcastIntentWithFeature(ActivityManagerService.java:13670)
04-02 09:48:20.095 E/ActivityManager( 479): at android.app.IActivityManager$Stub.onTransact(IActivityManager.java:2326)
04-02 09:48:20.095 E/ActivityManager( 479): at com.android.server.am.ActivityManagerService.onTransact(ActivityManagerService.java:2509)
04-02 09:48:20.095 E/ActivityManager( 479): at android.os.Binder.execTransactInternal(Binder.java:1179)
04-02 09:48:20.095 E/ActivityManager( 479): at android.os.Binder.execTransact(Binder.java:1143)
04-02 09:48:20.097 I/DropBoxManagerService( 479): add tag=system_server_wtf isTagEnabled=true flags=0x2
04-02 09:48:20.102 I/DropBoxManagerService( 479): add tag=system_server_wtf isTagEnabled=true flags=0x2
04-02 09:48:20.104 E/dangbei111( 1051): 读出来的遥控器版本不是空 CSH260331
04-02 09:48:20.104 E/dangbei111( 1051): cccccc requestRemoteInfoInner factory NA version CSH260331
04-02 09:48:20.118 I/okhttp.OkHttpClient( 1051): --> POST http://tymsgapi.qun7.com/v1/core/ykota (622-byte body)
04-02 09:48:20.194 W/IorapForwardingService( 479): No service published for: iorapd
04-02 09:48:20.194 I/okhttp.OkHttpClient( 1051): <-- 200 OK http://tymsgapi.qun7.com/v1/core/ykota (75ms, unknown-length body)
04-02 09:48:20.199 E/dangbei111( 1051): cccccc requestRemoteInfoInner BaseResponse{message='success', data=null, code=0}
04-02 09:48:20.200 W/System.err( 1051): java.lang.NullPointerException: Attempt to invoke virtual method 'java.lang.String com.etna.haqu.model.business.bean.db.remote.RemoteUpdateBean.getDownloadId()' on a null object reference
04-02 09:48:20.200 W/System.err( 1051): at com.dangbei.etna.update.remote.RemoteUpdateHelper$requestRemoteInfoInner$1$2.invoke(RemoteUpdateHelper.kt:199)
04-02 09:48:20.201 W/System.err( 1051): at com.dangbei.etna.update.remote.RemoteUpdateHelper$requestRemoteInfoInner$1$2.invoke(RemoteUpdateHelper.kt:188)
04-02 09:48:20.201 W/System.err( 1051): at com.etna.haqu.support.ext.FlowExtKt$safeCollect$3.emit(FlowExt.kt:52)
04-02 09:48:20.201 W/System.err( 1051): at kotlinx.coroutines.flow.FlowKt__ErrorsKt$catchImpl$2.emit(Errors.kt:158)
04-02 09:48:20.202 W/System.err( 1051): at kotlinx.coroutines.flow.FlowKt__ChannelsKt.emitAllImpl$FlowKt__ChannelsKt(Channels.kt:62)
04-02 09:48:20.202 W/System.err( 1051): at kotlinx.coroutines.flow.FlowKt__ChannelsKt.access$emitAllImpl$FlowKt__ChannelsKt(Channels.kt:1)
04-02 09:48:20.202 W/System.err( 1051): at kotlinx.coroutines.flow.FlowKt__ChannelsKt$emitAllImpl$1.invokeSuspend(Unknown Source:14)
04-02 09:48:20.202 W/System.err( 1051): at kotlin.coroutines.jvm.internal.BaseContinuationImpl.resumeWith(ContinuationImpl.kt:33)
04-02 09:48:20.204 W/System.err( 1051): at kotlinx.coroutines.DispatchedTask.run(DispatchedTask.kt:106)
04-02 09:48:20.204 W/System.err( 1051): at android.os.Handler.handleCallback(Handler.java:938)
04-02 09:48:20.204 W/System.err( 1051): at android.os.Handler.dispatchMessage(Handler.java:99)
04-02 09:48:20.204 W/System.err( 1051): at android.os.Looper.loopOnce(Looper.java:201)
04-02 09:48:20.204 W/System.err( 1051): at android.os.Looper.loop(Looper.java:288)
04-02 09:48:20.204 W/System.err( 1051): at android.app.ActivityThread.main(ActivityThread.java:7854)
04-02 09:48:20.204 W/System.err( 1051): at java.lang.reflect.Method.invoke(Native Method)
04-02 09:48:20.204 W/System.err( 1051): at com.android.internal.os.RuntimeInit$MethodAndArgsCaller.run(RuntimeInit.java:548)
04-02 09:48:20.204 W/System.err( 1051): at com.android.internal.os.ZygoteInit.main(ZygoteInit.java:1182)
04-02 09:48:20.211 E/ccc ( 3660): cccccc notifyUpdateChanged {"code":1,"data":{"hasUpdate":false,"what":2,"why":-1},"message":"更新状态变化"}
04-02 09:48:20.212 E/ccc ( 3660): cccccc EtnaSendUpdateStatusChangeBean.remoteUpdateChanged
04-02 09:48:20.213 E/ccc ( 3660): cccccc event HomeActivity REMOTE_UPDATE_STATUS_CHANGED
04-02 09:48:20.214 E/ccc ( 1051): cccccc updateHelper 通知更新
04-02 09:48:20.214 E/dangbei111( 1051): cccccc requestRemoteInfoInner 出现异常 Attempt to invoke virtual method 'java.lang.String com.etna.haqu.model.business.bean.db.remote.RemoteUpdateBean.getDownloadId()' on a null object reference
04-02 09:48:21.091 E/dangbei111( 1051): cccccc 准备开始进行 startScanInner
04-02 09:48:21.091 E/dangbei111( 1051): cccccc 真正开始进入扫描流程啦
04-02 09:48:21.097 E/dangbei111( 1051): cccccc 检查遥控器是否连接: Dangbei C9:B5:96:5C:E3:ED
04-02 09:48:21.100 E/dangbei111( 1051): cccccc 检查遥控器是否连接: 蓝牙的结果 Dangbei C9:B5:96:5C:E3:ED true
04-02 09:48:21.100 E/dangbei111( 1051): cccccc input中没有遥控器存在
04-02 09:48:21.100 E/dangbei111( 1051): cccccc 蓝牙状态连接 开启8s check任务
04-02 09:48:21.101 E/dangbei111( 1051): 开始扫描 com.dangbei.remotecontroller.RCHelper$3@1ad1ff
04-02 09:48:21.101 D/BluetoothAdapter( 1051): isLeEnabled(): ON
04-02 09:48:21.195 W/IorapForwardingService( 479): No service published for: iorapd
04-02 09:48:21.936 I/bt_stack( 673): [INFO:btsnoop.cc(338)] clear_l2cap_allowlist: Clearing acceptlist from l2cap channel. conn_handle=16 cid=4:4
04-02 09:48:21.936 I/bt_stack( 673): [INFO:eatt_impl.h(578)] supported_features_cb c9:b5:96:5c:e3:ed is_eatt_supported = 0
04-02 09:48:21.937 I/bluetooth( 673): system/bt/stack/gap/gap_ble.cc:298 client_connect_cback: No active GAP service found for peer:xx:xx:xx:xx:e3:ed callback:Disconnected
04-02 09:48:21.937 I/bt_bta_gattc( 673): system/bt/bta/gatt/bta_gattc_act.cc:1115 bta_gattc_conn_cback: Disconnected att_id:3 transport:le reason:GATT_CONN_TIMEOUT
04-02 09:48:21.937 I/bt_bta_gattc( 673): system/bt/bta/gatt/bta_gattc_act.cc:1115 bta_gattc_conn_cback: Disconnected att_id:4 transport:le reason:GATT_CONN_TIMEOUT
04-02 09:48:21.937 I/bt_bta_gattc( 673): system/bt/bta/gatt/bta_gattc_act.cc:1115 bta_gattc_conn_cback: Disconnected att_id:5 transport:le reason:GATT_CONN_TIMEOUT
04-02 09:48:21.937 I/bt_bta_gattc( 673): system/bt/bta/gatt/bta_gattc_act.cc:1115 bta_gattc_conn_cback: Disconnected att_id:6 transport:le reason:GATT_CONN_TIMEOUT
04-02 09:48:21.937 W/bt_btm_sec( 673): system/bt/stack/btm/btm_sec.cc:3685 btm_sec_disconnected: Got uncommon disconnection reason:Connection Timeout handle:0x0010
04-02 09:48:21.937 E/bt_bta_hh( 673): system/bt/bta/hh/bta_hh_le.cc:999 bta_hh_security_cmpl: Encryption failed status:BTA_HH_ERR_SEC btm_status:BTM_ERR_PROCESSING BLE mac:c9:b5:96:5c:e3:ed
04-02 09:48:21.938 E/bt_upio ( 250): upio_set : /proc/bluetooth/sleep/btwrite(-1) incorrent
04-02 09:48:21.938 I/btif_av ( 673): system/bt/btif/src/btif_av.cc:3352 btif_av_acl_disconnected: btif_av_acl_disconnected: Peer c9:b5:96:5c:e3:ed : ACL Disconnected
04-02 09:48:21.938 I/btif_av ( 673): system/bt/btif/src/btif_av.cc:1078 FindOrCreatePeer: BtifAvPeer *BtifAvSource::FindOrCreatePeer(const RawAddress &, tBTA_AV_HNDL): Create peer: peer_address=c9:b5:96:5c:e3:ed bta_handle=0x41 peer_id=0
04-02 09:48:21.938 I/btif_av ( 673): system/bt/btif/src/btif_av.cc:3279 btif_av_get_peer_sep: No active sink or source peer found
04-02 09:48:21.938 I/bt_btif_a2dp_source( 673): system/bt/btif/src/btif_a2dp_source.cc:691 btif_a2dp_source_on_idle: btif_a2dp_source_on_idle: state=STATE_OFF
04-02 09:48:21.938 I/btif_av ( 673): system/bt/btif/src/btif_av.cc:3279 btif_av_get_peer_sep: No active sink or source peer found
04-02 09:48:21.938 I/bt_btif_a2dp_source( 673): system/bt/btif/src/btif_a2dp_source.cc:691 btif_a2dp_source_on_idle: btif_a2dp_source_on_idle: state=STATE_OFF
04-02 09:48:21.938 I/btif_av ( 673): system/bt/btif/src/btif_av.cc:1123 DeleteIdlePeers: DeleteIdlePeers: Deleting idle peer: c9:b5:96:5c:e3:ed bta_handle=0x41
04-02 09:48:21.940 D/BluetoothGatt( 1051): onClientConnectionState() - status=0 clientIf=6 device=C9:B5:96:5C:E3:ED
04-02 09:48:21.946 W/bt_btif ( 673): system/bt/main/bte_logmsg.cc:194 LogMsg: btif_hh_upstreams_evt: BTA_HH_OPN_EVT: handle=16, status =6
04-02 09:48:21.946 W/BluetoothHidHostService( 673): no state change: 0
04-02 09:48:21.951 E/bond ( 3660): name=Dangbei,state=12,action=android.bluetooth.device.action.ACL_DISCONNECTED
04-02 09:48:21.961 I/dangbei111( 1051): cccccc on receiver=android.bluetooth.device.action.ACL_DISCONNECTED,mac=C9:B5:96:5C:E3:ED
04-02 09:48:22.144 I/bluetooth( 673): system/bt/stack/gatt/connection_manager.cc:185 on_connection_complete: Le connection completed to device:c9:b5:96:5c:e3:ed
04-02 09:48:22.144 I/bt_btm_ble( 673): system/bt/stack/btm/btm_ble.cc:1699 btm_ble_connected: Updating device record timestamp for existing ble connection
04-02 09:48:22.197 W/IorapForwardingService( 479): No service published for: iorapd
04-02 09:48:22.218 I/bt_stack( 673): [INFO:gatt_attr.cc(880)] gatt_sr_init_cl_status: bda=c9:b5:96:5c:e3:ed, cl_supp_feat=0000, aware=1
04-02 09:48:22.218 I/bluetooth( 673): system/bt/stack/gap/gap_ble.cc:298 client_connect_cback: No active GAP service found for peer:xx:xx:xx:xx:e3:ed callback:Connected
04-02 09:48:22.218 I/bt_bta_gattc( 673): system/bt/bta/gatt/bta_gattc_act.cc:1110 bta_gattc_conn_cback: Connected att_id:3 transport:le reason:GATT_CONN_OK
04-02 09:48:22.218 I/bt_bta_gattc( 673): system/bt/bta/gatt/bta_gattc_act.cc:1110 bta_gattc_conn_cback: Connected att_id:4 transport:le reason:GATT_CONN_OK
04-02 09:48:22.218 I/bt_bta_gattc( 673): system/bt/bta/gatt/bta_gattc_act.cc:1110 bta_gattc_conn_cback: Connected att_id:5 transport:le reason:GATT_CONN_OK
04-02 09:48:22.218 I/bt_bta_gattc( 673): system/bt/bta/gatt/bta_gattc_act.cc:1110 bta_gattc_conn_cback: Connected att_id:6 transport:le reason:GATT_CONN_OK
04-02 09:48:22.218 I/bluetooth( 673): system/bt/stack/gatt/connection_manager.cc:185 on_connection_complete: Le connection completed to device:c9:b5:96:5c:e3:ed
04-02 09:48:22.219 I/bt_stack( 673): [INFO:eatt_impl.h(634)] connect device c9:b5:96:5c:e3:ed rolecentral
04-02 09:48:22.219 I/bt_btif_dm( 673): system/bt/btif/src/btif_dm.cc:497 btif_update_remote_version_property: Remote version info valid:true [xx:xx:xx:xx:e3:ed]: 8, 50e, 8
04-02 09:48:22.238 D/BluetoothGatt( 1051): onClientConnectionState() - status=0 clientIf=6 device=C9:B5:96:5C:E3:ED
04-02 09:48:22.238 D/BluetoothGatt( 1051): discoverServices() - device: C9:B5:96:5C:E3:ED
04-02 09:48:22.239 W/bt_btm ( 673): system/bt/main/bte_logmsg.cc:194 LogMsg: Security Manager: BTM_SetEncryption busy, enqueue request
04-02 09:48:22.240 E/BluetoothPhonePolicy( 673): Received unexpected intent, action=android.bluetooth.device.action.ACL_CONNECTED
04-02 09:48:22.240 I/BluetoothPhonePolicy( 673): processDeviceConnected, device=C9:B5:96:5C:E3:ED
04-02 09:48:22.240 D/BluetoothDatabase( 673): setConnection: device=C9:B5:96:5C:E3:ED and isA2dpDevice=false
04-02 09:48:22.240 D/BluetoothDatabase( 673): Updating last connected time for device: C9:B5:96:5C:E3:ED to 23
04-02 09:48:22.240 D/BluetoothDatabase( 673): updateDatabase C9:B5:96:5C:E3:ED
04-02 09:48:22.244 I/bt_bta_gattc( 673): system/bt/bta/gatt/bta_gattc_cache.cc:902 bta_gattc_get_gatt_db: bta_gattc_get_gatt_db
04-02 09:48:22.245 I/dangbei111( 1051): cccccc on receiver=android.bluetooth.device.action.ACL_CONNECTED,mac=C9:B5:96:5C:E3:ED
04-02 09:48:22.245 I/dangbei111( 1051): cccccc 收到 ACTION_ACL_CONNECTED 的广播
04-02 09:48:22.245 E/bond ( 3660): name=Dangbei,state=12,action=android.bluetooth.device.action.ACL_CONNECTED
04-02 09:48:22.245 E/dangbei111( 1051): 5s后准备进行遥控器ota信息检测
04-02 09:48:22.247 D/BluetoothGatt( 1051): onSearchComplete() = Device=C9:B5:96:5C:E3:ED Status=0
04-02 09:48:22.248 I/bt_stack( 673): [INFO:eatt_impl.h(578)] supported_features_cb c9:b5:96:5c:e3:ed is_eatt_supported = 0
04-02 09:48:23.074 E/WifiHAL ( 667): wifi_get_link_stats: requestResponse Error:-5
04-02 09:48:23.076 E/WifiVendorHal( 479): getWifiLinkLayerStats_1_5_Internal(l.1191) failed {.code = ERROR_INVALID_ARGS, .description = }
04-02 09:48:23.199 W/IorapForwardingService( 479): No service published for: iorapd
04-02 09:48:24.200 W/IorapForwardingService( 479): No service published for: iorapd
04-02 09:48:24.694 W/ZramWriteback( 479): Writeback device is not set
04-02 09:48:24.694 D/ZramWriteback( 479): wait to flush
04-02 09:48:25.006 I/gbei.screencas( 3092): Background concurrent copying GC freed 50119(5893KB) AllocSpace objects, 12(240KB) LOS objects, 49% free, 6206KB/12MB, paused 200us total 156.196ms
04-02 09:48:25.203 W/IorapForwardingService( 479): No service published for: iorapd
04-02 09:48:25.248 E/bt_upio ( 250): upio_set : /proc/bluetooth/sleep/btwrite(-1) incorrent
04-02 09:48:25.253 E/dangbei111( 1051): cccccc 检查遥控器是否连接: Dangbei C9:B5:96:5C:E3:ED
04-02 09:48:25.257 E/dangbei111( 1051): cccccc 检查遥控器是否连接: 蓝牙的结果 Dangbei C9:B5:96:5C:E3:ED true
04-02 09:48:25.257 E/dangbei111( 1051): cccccc input中没有遥控器存在
04-02 09:48:25.257 E/dangbei111( 1051): cccccc 蓝牙状态连接 开启8s check任务
04-02 09:48:25.257 E/dangbei111( 1051): cccccc 没有遥控器连接 不进行 getRCInfo return
04-02 09:48:25.257 E/dangbei111( 1051): getBattery delay 0
04-02 09:48:25.263 I/bt_btif_config( 673): system/bt/btif/src/btif_config.cc:137 btif_get_device_type: Device [c9:b5:96:5c:e3:ed] device type 2
04-02 09:48:25.263 D/BluetoothGatt( 1051): discoverServices() - device: C9:B5:96:5C:E3:ED
04-02 09:48:25.263 I/bt_stack( 673): [INFO:connection_manager.cc(104)] App id=0x06already doing background connection to c9:b5:96:5c:e3:ed
04-02 09:48:25.265 E/dangbei111( 1051): 5mins后会再次获取电量
04-02 09:48:25.265 E/dangbei111( 1051): getBattery delay 300000
04-02 09:48:25.266 I/bt_bta_gattc( 673): system/bt/bta/gatt/bta_gattc_cache.cc:902 bta_gattc_get_gatt_db: bta_gattc_get_gatt_db
04-02 09:48:25.268 D/BluetoothGatt( 1051): onSearchComplete() = Device=C9:B5:96:5C:E3:ED Status=0
01-01 08:03:26.453 W/hdr10p_Configure( 378): 124 callbacks suppressed
01-01 08:03:26.453 I/ ( 378): DVI mode selected: packets not configured
01-01 08:03:26.467 W/set_vsif_config( 378): 124 callbacks suppressed
01-01 08:03:26.467 I/ ( 378): Error: set vsif failed
01-01 08:03:26.478 I/ ( 378): DVI mode selected: packets not configured
01-01 08:03:26.485 I/ ( 378): Error: set vsif failed
01-01 08:03:26.502 I/ ( 378): DVI mode selected: packets not configured
01-01 08:03:26.508 I/ ( 378): Error: set vsif failed
01-01 08:03:26.513 I/ ( 378): DVI mode selected: packets not configured
01-01 08:03:26.520 I/ ( 378): Error: set vsif failed
01-01 08:03:26.535 I/ ( 378): DVI mode selected: packets not configured
01-01 08:03:26.542 I/ ( 378): Error: set vsif failed
01-01 08:03:26.547 I/ ( 378): DVI mode selected: packets not configured
01-01 08:03:26.553 I/ ( 378): Error: set vsif failed
04-02 09:48:25.982 I/BLEAudioDrive_HV410( 249): select timeout!
01-01 08:03:26.568 I/ ( 378): DVI mode selected: packets not configured
01-01 08:03:26.575 I/ ( 378): Error: set vsif failed
01-01 08:03:26.580 I/ ( 378): DVI mode selected: packets not configured
01-01 08:03:26.586 I/ ( 378): Error: set vsif failed
01-01 08:03:26.601 I/ ( 378): DVI mode selected: packets not configured
01-01 08:03:26.608 I/ ( 378): Error: set vsif failed
01-01 08:03:26.613 I/ ( 378): DVI mode selected: packets not configured
01-01 08:03:26.619 I/ ( 378): Error: set vsif failed
04-02 09:48:26.089 E/WifiHAL ( 667): wifi_get_link_stats: requestResponse Error:-5
04-02 09:48:26.090 E/WifiVendorHal( 479): getWifiLinkLayerStats_1_5_Internal(l.1191) failed {.code = ERROR_INVALID_ARGS, .description = }
04-02 09:48:26.205 W/IorapForwardingService( 479): No service published for: iorapd
04-02 09:48:26.536 D/UtilLog ( 2252): 日志批量上报 进行正常循环 !!!!!!本次有0次请求,共0条数据
04-02 09:48:27.207 W/IorapForwardingService( 479): No service published for: iorapd
04-02 09:48:27.251 E/dangbei111( 1051): cccccc 检测到网络 准备请求遥控器ota信息
04-02 09:48:27.252 W/ContextImpl( 1051): Calling a method in the system process without a qualified user: android.app.ContextImpl.sendBroadcast:1173 android.content.ContextWrapper.sendBroadcast:479 com.dangbei.remotecontroller.RemoteControllerReceiver.sendMessageToUpdateHelper:122 com.dangbei.remotecontroller.RemoteControllerReceiver.access$100:28 com.dangbei.remotecontroller.RemoteControllerReceiver$1.handleMessage:41
04-02 09:48:27.254 E/ActivityManager( 479): Sending non-protected broadcast com.dangbei.remote.connected from system 1051:com.dangbei.lerad.etna.haqu/1000 pkg com.dangbei.lerad.etna.haqu
04-02 09:48:27.254 E/ActivityManager( 479): java.lang.Throwable
04-02 09:48:27.254 E/ActivityManager( 479): at com.android.server.am.ActivityManagerService.checkBroadcastFromSystem(ActivityManagerService.java:12816)
04-02 09:48:27.254 E/ActivityManager( 479): at com.android.server.am.ActivityManagerService.broadcastIntentLocked(ActivityManagerService.java:13416)
04-02 09:48:27.254 E/ActivityManager( 479): at com.android.server.am.ActivityManagerService.broadcastIntentLocked(ActivityManagerService.java:12833)
04-02 09:48:27.254 E/ActivityManager( 479): at com.android.server.am.ActivityManagerService.broadcastIntentWithFeature(ActivityManagerService.java:13670)
04-02 09:48:27.254 E/ActivityManager( 479): at android.app.IActivityManager$Stub.onTransact(IActivityManager.java:2326)
04-02 09:48:27.254 E/ActivityManager( 479): at com.android.server.am.ActivityManagerService.onTransact(ActivityManagerService.java:2509)
04-02 09:48:27.254 E/ActivityManager( 479): at android.os.Binder.execTransactInternal(Binder.java:1179)
04-02 09:48:27.254 E/ActivityManager( 479): at android.os.Binder.execTransact(Binder.java:1143)
04-02 09:48:27.255 E/ActivityManager( 479): Sending non-protected broadcast com.dangbei.remote.connected from system 1051:com.dangbei.lerad.etna.haqu/1000 pkg com.dangbei.lerad.etna.haqu
04-02 09:48:27.255 E/ActivityManager( 479): java.lang.Throwable
04-02 09:48:27.255 E/ActivityManager( 479): at com.android.server.am.ActivityManagerService.checkBroadcastFromSystem(ActivityManagerService.java:12816)
04-02 09:48:27.255 E/ActivityManager( 479): at com.android.server.am.ActivityManagerService.broadcastIntentLocked(ActivityManagerService.java:13513)
04-02 09:48:27.255 E/ActivityManager( 479): at com.android.server.am.ActivityManagerService.broadcastIntentLocked(ActivityManagerService.java:12833)
04-02 09:48:27.255 E/ActivityManager( 479): at com.android.server.am.ActivityManagerService.broadcastIntentWithFeature(ActivityManagerService.java:13670)
04-02 09:48:27.255 E/ActivityManager( 479): at android.app.IActivityManager$Stub.onTransact(IActivityManager.java:2326)
04-02 09:48:27.255 E/ActivityManager( 479): at com.android.server.am.ActivityManagerService.onTransact(ActivityManagerService.java:2509)
04-02 09:48:27.255 E/ActivityManager( 479): at android.os.Binder.execTransactInternal(Binder.java:1179)
04-02 09:48:27.255 E/ActivityManager( 479): at android.os.Binder.execTransact(Binder.java:1143)
04-02 09:48:27.256 I/DropBoxManagerService( 479): add tag=system_server_wtf isTagEnabled=true flags=0x2
04-02 09:48:27.260 I/DropBoxManagerService( 479): add tag=system_server_wtf isTagEnabled=true flags=0x2
04-02 09:48:27.261 E/dangbei111( 1051): 读出来的遥控器版本不是空 CSH260331
04-02 09:48:27.261 E/dangbei111( 1051): cccccc requestRemoteInfoInner factory NA version CSH260331
04-02 09:48:27.281 I/okhttp.OkHttpClient( 1051): --> POST http://tymsgapi.qun7.com/v1/core/ykota (622-byte body)
04-02 09:48:27.324 W/System ( 1051): A resource failed to call close.
04-02 09:48:27.324 W/System ( 1051): A resource failed to call close.
04-02 09:48:27.324 W/System ( 1051): A resource failed to call close.
04-02 09:48:27.324 W/System ( 1051): A resource failed to call close.
04-02 09:48:27.324 W/System ( 1051): A resource failed to call close.
04-02 09:48:27.324 W/System ( 1051): A resource failed to call close.
04-02 09:48:27.324 W/System ( 1051): A resource failed to call close.
04-02 09:48:27.324 W/System ( 1051): A resource failed to call close.
04-02 09:48:27.325 W/System ( 1051): A resource failed to call close.
04-02 09:48:27.385 I/okhttp.OkHttpClient( 1051): <-- 200 OK http://tymsgapi.qun7.com/v1/core/ykota (103ms, unknown-length body)
04-02 09:48:27.389 E/dangbei111( 1051): cccccc requestRemoteInfoInner BaseResponse{message='success', data=null, code=0}
04-02 09:48:27.390 W/System.err( 1051): java.lang.NullPointerException: Attempt to invoke virtual method 'java.lang.String com.etna.haqu.model.business.bean.db.remote.RemoteUpdateBean.getDownloadId()' on a null object reference
04-02 09:48:27.390 W/System.err( 1051): at com.dangbei.etna.update.remote.RemoteUpdateHelper$requestRemoteInfoInner$1$2.invoke(RemoteUpdateHelper.kt:199)
04-02 09:48:27.390 W/System.err( 1051): at com.dangbei.etna.update.remote.RemoteUpdateHelper$requestRemoteInfoInner$1$2.invoke(RemoteUpdateHelper.kt:188)
04-02 09:48:27.390 W/System.err( 1051): at com.etna.haqu.support.ext.FlowExtKt$safeCollect$3.emit(FlowExt.kt:52)
04-02 09:48:27.390 W/System.err( 1051): at kotlinx.coroutines.flow.FlowKt__ErrorsKt$catchImpl$2.emit(Errors.kt:158)
04-02 09:48:27.390 W/System.err( 1051): at kotlinx.coroutines.flow.FlowKt__ChannelsKt.emitAllImpl$FlowKt__ChannelsKt(Channels.kt:62)
04-02 09:48:27.390 W/System.err( 1051): at kotlinx.coroutines.flow.FlowKt__ChannelsKt.access$emitAllImpl$FlowKt__ChannelsKt(Channels.kt:1)
04-02 09:48:27.391 W/System.err( 1051): at kotlinx.coroutines.flow.FlowKt__ChannelsKt$emitAllImpl$1.invokeSuspend(Unknown Source:14)
04-02 09:48:27.391 W/System.err( 1051): at kotlin.coroutines.jvm.internal.BaseContinuationImpl.resumeWith(ContinuationImpl.kt:33)
04-02 09:48:27.391 W/System.err( 1051): at kotlinx.coroutines.DispatchedTask.run(DispatchedTask.kt:106)
04-02 09:48:27.391 W/System.err( 1051): at android.os.Handler.handleCallback(Handler.java:938)
04-02 09:48:27.391 W/System.err( 1051): at android.os.Handler.dispatchMessage(Handler.java:99)
04-02 09:48:27.391 W/System.err( 1051): at android.os.Looper.loopOnce(Looper.java:201)
04-02 09:48:27.391 W/System.err( 1051): at android.os.Looper.loop(Looper.java:288)
04-02 09:48:27.391 W/System.err( 1051): at android.app.ActivityThread.main(ActivityThread.java:7854)
04-02 09:48:27.391 W/System.err( 1051): at java.lang.reflect.Method.invoke(Native Method)
04-02 09:48:27.391 W/System.err( 1051): at com.android.internal.os.RuntimeInit$MethodAndArgsCaller.run(RuntimeInit.java:548)
04-02 09:48:27.391 W/System.err( 1051): at com.android.internal.os.ZygoteInit.main(ZygoteInit.java:1182)
04-02 09:48:27.396 E/ccc ( 3660): cccccc notifyUpdateChanged {"code":1,"data":{"hasUpdate":false,"what":2,"why":-1},"message":"更新状态变化"}
04-02 09:48:27.398 E/ccc ( 3660): cccccc EtnaSendUpdateStatusChangeBean.remoteUpdateChanged
04-02 09:48:27.398 E/ccc ( 3660): cccccc event HomeActivity REMOTE_UPDATE_STATUS_CHANGED
04-02 09:48:27.398 E/ccc ( 1051): cccccc updateHelper 通知更新
04-02 09:48:27.399 E/dangbei111( 1051): cccccc requestRemoteInfoInner 出现异常 Attempt to invoke virtual method 'java.lang.String com.etna.haqu.model.business.bean.db.remote.RemoteUpdateBean.getDownloadId()' on a null object reference
04-02 09:48:28.096 D/bbb ( 1170): onStartCommand begin !!!!!!! data分区剩余 24956MB
04-02 09:48:28.099 D/aaa ( 1107): LedStatusService onStartCommand begin
04-02 09:48:28.102 D/aaa ( 1107): topPkg is -------------- :com.dangbei.haqusetting
04-02 09:48:28.208 W/IorapForwardingService( 479): No service published for: iorapd
04-02 09:48:28.259 E/dangbei111( 1051): cccccc 准备开始进行 startScanInner
04-02 09:48:28.259 E/dangbei111( 1051): cccccc 小于10s 由于之前已经开始扫描了 不在开启新的扫描
04-02 09:48:28.620 E/ccc ( 1051): cccccc sendCycleCheckBroadcast
04-02 09:48:28.620 W/ContextImpl( 1051): Calling a method in the system process without a qualified user: android.app.ContextImpl.sendBroadcast:1173 android.content.ContextWrapper.sendBroadcast:479 com.dangbei.etna.setting.core.SettingHelper.sendCycleToProjector:250 com.dangbei.etna.setting.core.SettingHelper.sendCycleCheckBroadcast:219 com.dangbei.etna.setting.core.SettingHelper.startLoop$lambda-0:177
04-02 09:48:28.623 W/ContextImpl( 1051): Calling a method in the system process without a qualified user: android.app.ContextImpl.sendBroadcast:1173 android.content.ContextWrapper.sendBroadcast:479 com.dangbei.etna.setting.core.SettingHelper.sendCycleToVoice:235 com.dangbei.etna.setting.core.SettingHelper.sendCycleCheckBroadcast:220 com.dangbei.etna.setting.core.SettingHelper.startLoop$lambda-0:177
04-02 09:48:28.628 E/ActivityManager( 479): Sending non-protected broadcast com.dangbei.etna.setting.action_cycle_check_broadcast from system 1051:com.dangbei.lerad.etna.haqu/1000 pkg com.dangbei.lerad.etna.haqu
04-02 09:48:28.628 E/ActivityManager( 479): java.lang.Throwable
04-02 09:48:28.628 E/ActivityManager( 479): at com.android.server.am.ActivityManagerService.checkBroadcastFromSystem(ActivityManagerService.java:12816)
04-02 09:48:28.628 E/ActivityManager( 479): at com.android.server.am.ActivityManagerService.broadcastIntentLocked(ActivityManagerService.java:13513)
04-02 09:48:28.628 E/ActivityManager( 479): at com.android.server.am.ActivityManagerService.broadcastIntentLocked(ActivityManagerService.java:12833)
04-02 09:48:28.628 E/ActivityManager( 479): at com.android.server.am.ActivityManagerService.broadcastIntentWithFeature(ActivityManagerService.java:13670)
04-02 09:48:28.628 E/ActivityManager( 479): at android.app.IActivityManager$Stub.onTransact(IActivityManager.java:2326)
04-02 09:48:28.628 E/ActivityManager( 479): at com.android.server.am.ActivityManagerService.onTransact(ActivityManagerService.java:2509)
04-02 09:48:28.628 E/ActivityManager( 479): at android.os.Binder.execTransactInternal(Binder.java:1179)
04-02 09:48:28.628 E/ActivityManager( 479): at android.os.Binder.execTransact(Binder.java:1143)
04-02 09:48:28.630 I/DropBoxManagerService( 479): add tag=system_server_wtf isTagEnabled=true flags=0x2
04-02 09:48:28.645 D/CompatibilityChangeReporter( 479): Compat change id reported: 168419799; UID 1000; state: DISABLED
04-02 09:48:28.647 D/RockyVoice( 1324): RestartReceiver onReceive
04-02 09:48:28.707 E/dangbei111( 1051): cccccc 检查遥控器是否连接: Dangbei C9:B5:96:5C:E3:ED
04-02 09:48:28.709 E/dangbei111( 1051): cccccc 检查遥控器是否连接: 蓝牙的结果 Dangbei C9:B5:96:5C:E3:ED true
04-02 09:48:28.710 E/dangbei111( 1051): cccccc input中没有遥控器存在
04-02 09:48:28.710 E/dangbei111( 1051): cccccc 蓝牙状态连接 开启8s check任务
04-02 09:48:29.104 I/bt_stack( 673): [INFO:btsnoop.cc(338)] clear_l2cap_allowlist: Clearing acceptlist from l2cap channel. conn_handle=16 cid=4:4
04-02 09:48:29.105 I/bluetooth( 673): system/bt/stack/gap/gap_ble.cc:298 client_connect_cback: No active GAP service found for peer:xx:xx:xx:xx:e3:ed callback:Disconnected
04-02 09:48:29.105 I/bt_bta_gattc( 673): system/bt/bta/gatt/bta_gattc_act.cc:1115 bta_gattc_conn_cback: Disconnected att_id:3 transport:le reason:GATT_CONN_TIMEOUT
04-02 09:48:29.105 I/bt_bta_gattc( 673): system/bt/bta/gatt/bta_gattc_act.cc:1115 bta_gattc_conn_cback: Disconnected att_id:4 transport:le reason:GATT_CONN_TIMEOUT
04-02 09:48:29.105 I/bt_bta_gattc( 673): system/bt/bta/gatt/bta_gattc_act.cc:1115 bta_gattc_conn_cback: Disconnected att_id:5 transport:le reason:GATT_CONN_TIMEOUT
04-02 09:48:29.105 I/bt_bta_gattc( 673): system/bt/bta/gatt/bta_gattc_act.cc:1115 bta_gattc_conn_cback: Disconnected att_id:6 transport:le reason:GATT_CONN_TIMEOUT
04-02 09:48:29.105 W/bt_btm_sec( 673): system/bt/stack/btm/btm_sec.cc:3685 btm_sec_disconnected: Got uncommon disconnection reason:Connection Timeout handle:0x0010
04-02 09:48:29.106 E/bt_bta_hh( 673): system/bt/bta/hh/bta_hh_le.cc:999 bta_hh_security_cmpl: Encryption failed status:BTA_HH_ERR_SEC btm_status:BTM_ERR_PROCESSING BLE mac:c9:b5:96:5c:e3:ed
04-02 09:48:29.106 I/btif_av ( 673): system/bt/btif/src/btif_av.cc:3352 btif_av_acl_disconnected: btif_av_acl_disconnected: Peer c9:b5:96:5c:e3:ed : ACL Disconnected
04-02 09:48:29.106 E/bt_upio ( 250): upio_set : /proc/bluetooth/sleep/btwrite(-1) incorrent
04-02 09:48:29.106 I/btif_av ( 673): system/bt/btif/src/btif_av.cc:1078 FindOrCreatePeer: BtifAvPeer *BtifAvSource::FindOrCreatePeer(const RawAddress &, tBTA_AV_HNDL): Create peer: peer_address=c9:b5:96:5c:e3:ed bta_handle=0x41 peer_id=0
04-02 09:48:29.106 I/btif_av ( 673): system/bt/btif/src/btif_av.cc:3279 btif_av_get_peer_sep: No active sink or source peer found
04-02 09:48:29.106 I/bt_btif_a2dp_source( 673): system/bt/btif/src/btif_a2dp_source.cc:691 btif_a2dp_source_on_idle: btif_a2dp_source_on_idle: state=STATE_OFF
04-02 09:48:29.106 I/btif_av ( 673): system/bt/btif/src/btif_av.cc:3279 btif_av_get_peer_sep: No active sink or source peer found
04-02 09:48:29.106 I/bt_btif_a2dp_source( 673): system/bt/btif/src/btif_a2dp_source.cc:691 btif_a2dp_source_on_idle: btif_a2dp_source_on_idle: state=STATE_OFF
04-02 09:48:29.106 I/btif_av ( 673): system/bt/btif/src/btif_av.cc:1123 DeleteIdlePeers: DeleteIdlePeers: Deleting idle peer: c9:b5:96:5c:e3:ed bta_handle=0x41
04-02 09:48:29.109 D/BluetoothGatt( 1051): onClientConnectionState() - status=0 clientIf=6 device=C9:B5:96:5C:E3:ED
04-02 09:48:29.114 E/WifiHAL ( 667): wifi_get_link_stats: requestResponse Error:-5
04-02 09:48:29.117 E/WifiVendorHal( 479): getWifiLinkLayerStats_1_5_Internal(l.1191) failed {.code = ERROR_INVALID_ARGS, .description = }
04-02 09:48:29.126 W/bt_btif ( 673): system/bt/main/bte_logmsg.cc:194 LogMsg: btif_hh_upstreams_evt: BTA_HH_OPN_EVT: handle=16, status =6
04-02 09:48:29.128 W/BluetoothHidHostService( 673): no state change: 0
04-02 09:48:29.135 E/bond ( 3660): name=Dangbei,state=12,action=android.bluetooth.device.action.ACL_DISCONNECTED
04-02 09:48:29.135 I/dangbei111( 1051): cccccc on receiver=android.bluetooth.device.action.ACL_DISCONNECTED,mac=C9:B5:96:5C:E3:ED
04-02 09:48:29.210 W/IorapForwardingService( 479): No service published for: iorapd
04-02 09:48:29.239 I/bluetooth( 673): system/bt/stack/gatt/connection_manager.cc:185 on_connection_complete: Le connection completed to device:c9:b5:96:5c:e3:ed
04-02 09:48:29.240 I/bt_btm_ble( 673): system/bt/stack/btm/btm_ble.cc:1699 btm_ble_connected: Updating device record timestamp for existing ble connection
04-02 09:48:29.314 I/bt_stack( 673): [INFO:gatt_attr.cc(880)] gatt_sr_init_cl_status: bda=c9:b5:96:5c:e3:ed, cl_supp_feat=0000, aware=1
04-02 09:48:29.314 I/bluetooth( 673): system/bt/stack/gap/gap_ble.cc:298 client_connect_cback: No active GAP service found for peer:xx:xx:xx:xx:e3:ed callback:Connected
04-02 09:48:29.314 I/bt_bta_gattc( 673): system/bt/bta/gatt/bta_gattc_act.cc:1110 bta_gattc_conn_cback: Connected att_id:3 transport:le reason:GATT_CONN_OK
04-02 09:48:29.314 I/bt_bta_gattc( 673): system/bt/bta/gatt/bta_gattc_act.cc:1110 bta_gattc_conn_cback: Connected att_id:4 transport:le reason:GATT_CONN_OK
04-02 09:48:29.314 I/bt_bta_gattc( 673): system/bt/bta/gatt/bta_gattc_act.cc:1110 bta_gattc_conn_cback: Connected att_id:5 transport:le reason:GATT_CONN_OK
04-02 09:48:29.314 I/bt_bta_gattc( 673): system/bt/bta/gatt/bta_gattc_act.cc:1110 bta_gattc_conn_cback: Connected att_id:6 transport:le reason:GATT_CONN_OK
04-02 09:48:29.314 I/bluetooth( 673): system/bt/stack/gatt/connection_manager.cc:185 on_connection_complete: Le connection completed to device:c9:b5:96:5c:e3:ed
04-02 09:48:29.314 I/bt_stack( 673): [INFO:eatt_impl.h(634)] connect device c9:b5:96:5c:e3:ed rolecentral
04-02 09:48:29.315 I/bt_btif_dm( 673): system/bt/btif/src/btif_dm.cc:497 btif_update_remote_version_property: Remote version info valid:true [xx:xx:xx:xx:e3:ed]: 8, 50e, 8
04-02 09:48:29.336 W/bt_btm ( 673): system/bt/main/bte_logmsg.cc:194 LogMsg: Security Manager: BTM_SetEncryption busy, enqueue request
04-02 09:48:29.336 D/BluetoothGatt( 1051): onClientConnectionState() - status=0 clientIf=6 device=C9:B5:96:5C:E3:ED
04-02 09:48:29.336 D/BluetoothGatt( 1051): discoverServices() - device: C9:B5:96:5C:E3:ED
04-02 09:48:29.338 E/BluetoothPhonePolicy( 673): Received unexpected intent, action=android.bluetooth.device.action.ACL_CONNECTED
04-02 09:48:29.339 I/BluetoothPhonePolicy( 673): processDeviceConnected, device=C9:B5:96:5C:E3:ED
04-02 09:48:29.340 D/BluetoothDatabase( 673): setConnection: device=C9:B5:96:5C:E3:ED and isA2dpDevice=false
04-02 09:48:29.340 D/BluetoothDatabase( 673): Updating last connected time for device: C9:B5:96:5C:E3:ED to 24
04-02 09:48:29.340 D/BluetoothDatabase( 673): updateDatabase C9:B5:96:5C:E3:ED
04-02 09:48:29.343 I/bt_stack( 673): [INFO:eatt_impl.h(578)] supported_features_cb c9:b5:96:5c:e3:ed is_eatt_supported = 0
04-02 09:48:29.349 E/bond ( 3660): name=Dangbei,state=12,action=android.bluetooth.device.action.ACL_CONNECTED
04-02 09:48:29.350 I/dangbei111( 1051): cccccc on receiver=android.bluetooth.device.action.ACL_CONNECTED,mac=C9:B5:96:5C:E3:ED
04-02 09:48:29.351 I/dangbei111( 1051): cccccc 收到 ACTION_ACL_CONNECTED 的广播
04-02 09:48:29.351 E/dangbei111( 1051): 5s后准备进行遥控器ota信息检测
04-02 09:48:29.352 I/bt_bta_gattc( 673): system/bt/bta/gatt/bta_gattc_cache.cc:902 bta_gattc_get_gatt_db: bta_gattc_get_gatt_db
04-02 09:48:29.354 D/BluetoothGatt( 1051): onSearchComplete() = Device=C9:B5:96:5C:E3:ED Status=0
04-02 09:48:29.481 D/hdmi-cec( 263): receive invalid cec message!
04-02 09:48:29.481 D/hdmi-cec( 263): receive poll message [04], skip!
04-02 09:48:30.213 W/IorapForwardingService( 479): No service published for: iorapd
04-02 09:48:31.214 W/IorapForwardingService( 479): No service published for: iorapd
01-01 08:03:32.470 W/hdr10p_Configure( 378): 116 callbacks suppressed
01-01 08:03:32.470 I/ ( 378): DVI mode selected: packets not configured
01-01 08:03:32.483 W/set_vsif_config( 378): 116 callbacks suppressed
01-01 08:03:32.483 I/ ( 378): Error: set vsif failed
01-01 08:03:32.495 I/ ( 378): DVI mode selected: packets not configured
01-01 08:03:32.501 I/ ( 378): Error: set vsif failed
01-01 08:03:32.518 I/ ( 378): DVI mode selected: packets not configured
01-01 08:03:32.525 I/ ( 378): Error: set vsif failed
01-01 08:03:32.530 I/ ( 378): DVI mode selected: packets not configured
01-01 08:03:32.536 I/ ( 378): Error: set vsif failed
01-01 08:03:32.553 I/ ( 378): DVI mode selected: packets not configured
01-01 08:03:32.559 I/ ( 378): Error: set vsif failed
01-01 08:03:32.564 I/ ( 378): DVI mode selected: packets not configured
01-01 08:03:32.571 I/ ( 378): Error: set vsif failed
01-01 08:03:32.585 I/ ( 378): DVI mode selected: packets not configured
01-01 08:03:32.591 I/ ( 378): Error: set vsif failed
01-01 08:03:32.596 I/ ( 378): DVI mode selected: packets not configured
01-01 08:03:32.603 I/ ( 378): Error: set vsif failed
01-01 08:03:32.618 I/ ( 378): DVI mode selected: packets not configured
01-01 08:03:32.625 I/ ( 378): Error: set vsif failed
01-01 08:03:32.629 I/ ( 378): DVI mode selected: packets not configured
01-01 08:03:32.636 I/ ( 378): Error: set vsif failed
04-02 09:48:32.135 E/WifiHAL ( 667): wifi_get_link_stats: requestResponse Error:-5
04-02 09:48:32.136 E/WifiVendorHal( 479): getWifiLinkLayerStats_1_5_Internal(l.1191) failed {.code = ERROR_INVALID_ARGS, .description = }
04-02 09:48:32.216 W/IorapForwardingService( 479): No service published for: iorapd
04-02 09:48:32.344 E/bt_upio ( 250): upio_set : /proc/bluetooth/sleep/btwrite(-1) incorrent
04-02 09:48:32.354 E/dangbei111( 1051): cccccc 检查遥控器是否连接: Dangbei C9:B5:96:5C:E3:ED
04-02 09:48:32.360 E/dangbei111( 1051): cccccc 检查遥控器是否连接: 蓝牙的结果 Dangbei C9:B5:96:5C:E3:ED true
04-02 09:48:32.360 E/dangbei111( 1051): cccccc input中没有遥控器存在
04-02 09:48:32.361 E/dangbei111( 1051): cccccc 蓝牙状态连接 开启8s check任务
04-02 09:48:32.361 E/dangbei111( 1051): cccccc 没有遥控器连接 不进行 getRCInfo return
04-02 09:48:32.361 E/dangbei111( 1051): getBattery delay 0
04-02 09:48:32.367 I/bt_btif_config( 673): system/bt/btif/src/btif_config.cc:137 btif_get_device_type: Device [c9:b5:96:5c:e3:ed] device type 2
04-02 09:48:32.367 D/BluetoothGatt( 1051): discoverServices() - device: C9:B5:96:5C:E3:ED
04-02 09:48:32.368 I/bt_stack( 673): [INFO:connection_manager.cc(104)] App id=0x06already doing background connection to c9:b5:96:5c:e3:ed
04-02 09:48:32.369 E/dangbei111( 1051): 5mins后会再次获取电量
04-02 09:48:32.369 E/dangbei111( 1051): getBattery delay 300000
04-02 09:48:32.370 I/bt_bta_gattc( 673): system/bt/bta/gatt/bta_gattc_cache.cc:902 bta_gattc_get_gatt_db: bta_gattc_get_gatt_db
04-02 09:48:32.375 D/BluetoothGatt( 1051): onSearchComplete() = Device=C9:B5:96:5C:E3:ED Status=0
04-02 09:48:32.889 I/pool-9-thread-1( 1095): type=1400 audit(0.0:1312): avc: denied { read } for name="address" dev="sysfs" ino=25874 scontext=u:r:system_app:s0 tcontext=u:object_r:sysfs:s0 tclass=file permissive=1
04-02 09:48:32.889 I/pool-9-thread-1( 1095): type=1400 audit(0.0:1313): avc: denied { open } for path="/sys/devices/platform/unisoc_wifi/net/wlan1/address" dev="sysfs" ino=25874 scontext=u:r:system_app:s0 tcontext=u:object_r:sysfs:s0 tclass=file permissive=1
04-02 09:48:32.943 I/dangbei ad sdk( 1095): ad manager report data::cache data size=0
04-02 09:48:32.889 I/pool-9-thread-1( 1095): type=1400 audit(0.0:1314): avc: denied { getattr } for path="/sys/devices/platform/unisoc_wifi/net/wlan1/address" dev="sysfs" ino=25874 scontext=u:r:system_app:s0 tcontext=u:object_r:sysfs:s0 tclass=file permissive=1
04-02 09:48:33.218 W/IorapForwardingService( 479): No service published for: iorapd
04-02 09:48:33.774 D/dangbei ad sdk( 1095): HttpUtils.....::response={"msg":"no available advert","code":200}
04-02 09:48:34.221 W/IorapForwardingService( 479): No service published for: iorapd
04-02 09:48:34.354 E/dangbei111( 1051): cccccc 检测到网络 准备请求遥控器ota信息
04-02 09:48:34.355 W/ContextImpl( 1051): Calling a method in the system process without a qualified user: android.app.ContextImpl.sendBroadcast:1173 android.content.ContextWrapper.sendBroadcast:479 com.dangbei.remotecontroller.RemoteControllerReceiver.sendMessageToUpdateHelper:122 com.dangbei.remotecontroller.RemoteControllerReceiver.access$100:28 com.dangbei.remotecontroller.RemoteControllerReceiver$1.handleMessage:41
04-02 09:48:34.357 E/ActivityManager( 479): Sending non-protected broadcast com.dangbei.remote.connected from system 1051:com.dangbei.lerad.etna.haqu/1000 pkg com.dangbei.lerad.etna.haqu
04-02 09:48:34.357 E/ActivityManager( 479): java.lang.Throwable
04-02 09:48:34.357 E/ActivityManager( 479): at com.android.server.am.ActivityManagerService.checkBroadcastFromSystem(ActivityManagerService.java:12816)
04-02 09:48:34.357 E/ActivityManager( 479): at com.android.server.am.ActivityManagerService.broadcastIntentLocked(ActivityManagerService.java:13416)
04-02 09:48:34.357 E/ActivityManager( 479): at com.android.server.am.ActivityManagerService.broadcastIntentLocked(ActivityManagerService.java:12833)
04-02 09:48:34.357 E/ActivityManager( 479): at com.android.server.am.ActivityManagerService.broadcastIntentWithFeature(ActivityManagerService.java:13670)
04-02 09:48:34.357 E/ActivityManager( 479): at android.app.IActivityManager$Stub.onTransact(IActivityManager.java:2326)
04-02 09:48:34.357 E/ActivityManager( 479): at com.android.server.am.ActivityManagerService.onTransact(ActivityManagerService.java:2509)
04-02 09:48:34.357 E/ActivityManager( 479): at android.os.Binder.execTransactInternal(Binder.java:1179)
04-02 09:48:34.357 E/ActivityManager( 479): at android.os.Binder.execTransact(Binder.java:1143)
04-02 09:48:34.359 E/ActivityManager( 479): Sending non-protected broadcast com.dangbei.remote.connected from system 1051:com.dangbei.lerad.etna.haqu/1000 pkg com.dangbei.lerad.etna.haqu
04-02 09:48:34.359 E/ActivityManager( 479): java.lang.Throwable
04-02 09:48:34.359 E/ActivityManager( 479): at com.android.server.am.ActivityManagerService.checkBroadcastFromSystem(ActivityManagerService.java:12816)
04-02 09:48:34.359 E/ActivityManager( 479): at com.android.server.am.ActivityManagerService.broadcastIntentLocked(ActivityManagerService.java:13513)
04-02 09:48:34.359 E/ActivityManager( 479): at com.android.server.am.ActivityManagerService.broadcastIntentLocked(ActivityManagerService.java:12833)
04-02 09:48:34.359 E/ActivityManager( 479): at com.android.server.am.ActivityManagerService.broadcastIntentWithFeature(ActivityManagerService.java:13670)
04-02 09:48:34.359 E/ActivityManager( 479): at android.app.IActivityManager$Stub.onTransact(IActivityManager.java:2326)
04-02 09:48:34.359 E/ActivityManager( 479): at com.android.server.am.ActivityManagerService.onTransact(ActivityManagerService.java:2509)
04-02 09:48:34.359 E/ActivityManager( 479): at android.os.Binder.execTransactInternal(Binder.java:1179)
04-02 09:48:34.359 E/ActivityManager( 479): at android.os.Binder.execTransact(Binder.java:1143)
04-02 09:48:34.360 I/DropBoxManagerService( 479): add tag=system_server_wtf isTagEnabled=true flags=0x2
04-02 09:48:34.365 I/DropBoxManagerService( 479): add tag=system_server_wtf isTagEnabled=true flags=0x2
04-02 09:48:34.366 E/dangbei111( 1051): 读出来的遥控器版本不是空 CSH260331
04-02 09:48:34.366 E/dangbei111( 1051): cccccc requestRemoteInfoInner factory NA version CSH260331
04-02 09:48:34.386 I/okhttp.OkHttpClient( 1051): --> POST http://tymsgapi.qun7.com/v1/core/ykota (622-byte body)
04-02 09:48:34.467 I/okhttp.OkHttpClient( 1051): <-- 200 OK http://tymsgapi.qun7.com/v1/core/ykota (80ms, unknown-length body)
