03-31 16:35:53.149 I/mediaswcodec( 387): missing struct descriptor #Param::CoreIndex(--1812) for field values of struct #Param::CoreIndex(F-11812)
01-01 08:00:22.983 I/ ( 378): DVI mode selected: packets not configured
01-01 08:00:22.990 I/ ( 378): Error: set vsif failed
03-31 16:35:53.155 D/ConnectivityService( 479): NetReassign [no changes]
03-31 16:35:53.156 V/GraphicsEnvironment( 778): ANGLE Developer option for 'com.android.se' set to: 'default'
03-31 16:35:53.156 V/GraphicsEnvironment( 778): Neither updatable production driver nor prerelease driver is supported.
03-31 16:35:53.156 D/ConditionProviders( 479): Subscribing to condition://android/event?userId=-10000&calendar=&reply=1 with ComponentInfo{android/com.android.server.notification.EventConditionProvider}
03-31 16:35:53.157 D/ConditionProviders( 479): Subscribing to condition://android/schedule?days=1.2.3.4.5.6.7&start=22.0&end=7.0&exitAtAlarm=true with ComponentInfo{android/com.android.server.notification.ScheduleConditionProvider}
03-31 16:35:53.158 D/NetworkSecurityConfig( 778): No Network Security Config specified, using platform default
03-31 16:35:53.158 V/C2Store ( 387): in ~ComponentModule
03-31 16:35:53.158 V/C2Store ( 387): unloading dll
03-31 16:35:53.159 I/mediaswcodec( 387): missing struct descriptor #Param::CoreIndex(--004) for field values of struct #Param::CoreIndex(F-12004)
03-31 16:35:53.159 I/mediaswcodec( 387): missing struct descriptor #Param::CoreIndex(--1812) for field values of struct #Param::CoreIndex(F-11812)
03-31 16:35:53.159 I/netd ( 243): trafficSwapActiveStatsMap() <33.73ms>
03-31 16:35:53.159 D/NetworkSecurityConfig( 778): No Network Security Config specified, using platform default
03-31 16:35:53.163 I/netd ( 243): tetherGetStats() -> {[]} <2.61ms>
03-31 16:35:53.165 W/BestClock( 479): java.time.DateTimeException: Missing NTP fix
03-31 16:35:53.167 D/hdmi-cec( 263): reset logical address to broadcast
03-31 16:35:53.167 I/Codec2InfoBuilder( 360): adding type 'video/avc'
03-31 16:35:53.167 I/netd ( 243): registerUnsolicitedEventListener() <0.04ms>
03-31 16:35:53.171 W/BestClock( 479): java.time.DateTimeException: Missing NTP fix
03-31 16:35:53.168 I/rainbow_flow( 325): type=1400 audit(0.0:348): avc: denied { ioctl } for path="/dev/spidev1.0" dev="tmpfs" ino=3270 ioctlcmd=0x6b00 scontext=u:r:init:s0 tcontext=u:object_r:device:s0 tclass=chr_file permissive=1
03-31 16:35:53.175 I/SecureElementService( 778): main onCreate
03-31 16:35:53.175 D/ApplicationLoaders( 762): Returning zygote-cached class loader: /system/framework/android.test.base.jar
03-31 16:35:53.177 V/C2Store ( 387): in init
03-31 16:35:53.178 V/C2Store ( 387): loading dll
03-31 16:35:53.178 V/C2Store ( 387): in ~ComponentModule
03-31 16:35:53.178 V/C2Store ( 387): unloading dll
03-31 16:35:53.180 D/CompatibilityChangeReporter( 479): Compat change id reported: 135634846; UID 10075; state: DISABLED
03-31 16:35:53.180 D/CompatibilityChangeReporter( 479): Compat change id reported: 143937733; UID 10075; state: ENABLED
03-31 16:35:53.184 I/Codec2InfoBuilder( 360): adding type 'audio/flac'
03-31 16:35:53.185 V/C2Store ( 387): in init
03-31 16:35:53.185 V/C2Store ( 387): loading dll
03-31 16:35:53.185 V/C2Store ( 387): in ~ComponentModule
03-31 16:35:53.186 V/C2Store ( 387): unloading dll
03-31 16:35:53.191 I/netd ( 243): trafficSwapActiveStatsMap() <20.37ms>
03-31 16:35:53.196 I/Codec2InfoBuilder( 360): adding type 'audio/flac'
03-31 16:35:53.196 V/C2Store ( 387): in init
03-31 16:35:53.196 V/C2Store ( 387): loading dll
03-31 16:35:53.201 I/Codec2InfoBuilder( 360): adding type 'audio/g711-alaw'
03-31 16:35:53.201 D/CompatibilityChangeReporter( 479): Compat change id reported: 181136395; UID 1000; state: DISABLED
03-31 16:35:53.202 D/CompatibilityChangeReporter( 479): Compat change id reported: 174042936; UID 1000; state: DISABLED
03-31 16:35:53.202 V/C2Store ( 387): in init
03-31 16:35:53.202 V/C2Store ( 387): loading dll
03-31 16:35:53.203 V/C2Store ( 387): in ~ComponentModule
03-31 16:35:53.203 V/C2Store ( 387): unloading dll
03-31 16:35:53.203 V/C2Store ( 387): in ~ComponentModule
03-31 16:35:53.203 V/C2Store ( 387): unloading dll
01-01 08:00:23.033 I/ ( 378): DVI mode selected: packets not configured
01-01 08:00:23.040 I/ ( 378): Error: set vsif failed
03-31 16:35:53.207 I/netd ( 243): tetherGetStats() -> {[]} <11.94ms>
03-31 16:35:53.207 D/Zygote ( 244): Forked child process 845
03-31 16:35:53.210 W/BestClock( 479): java.time.DateTimeException: Missing NTP fix
03-31 16:35:53.212 W/BestClock( 479): java.time.DateTimeException: Missing NTP fix
03-31 16:35:53.214 D/NetworkSecurityConfig( 762): No Network Security Config specified, using platform default
03-31 16:35:53.215 I/Codec2InfoBuilder( 360): adding type 'audio/g711-mlaw'
03-31 16:35:53.215 W/BestClock( 479): java.time.DateTimeException: Missing NTP fix
03-31 16:35:53.216 V/C2Store ( 387): in init
03-31 16:35:53.216 V/C2Store ( 387): loading dll
03-31 16:35:53.217 V/C2Store ( 387): in ~ComponentModule
03-31 16:35:53.217 V/C2Store ( 387): unloading dll
03-31 16:35:53.222 I/ActivityManager( 479): app.processName = android.ext.services
03-31 16:35:53.222 D/Codec2InfoBuilder( 360): codec entry for 'c2.android.gsm.decoder' is disabled
03-31 16:35:53.222 I/ActivityManager( 479): Start proc 845:android.ext.services/u0a75 for service {android.ext.services/android.ext.services.autofill.InlineSuggestionRenderServiceImpl}
03-31 16:35:53.223 V/C2Store ( 387): in ~ComponentModule
03-31 16:35:53.223 V/C2Store ( 387): unloading dll
03-31 16:35:53.223 V/C2Store ( 387): in init
03-31 16:35:53.223 V/C2Store ( 387): loading dll
03-31 16:35:53.224 I/Zygote ( 845): seccomp disabled by setenforce 0
03-31 16:35:53.229 I/Codec2InfoBuilder( 360): adding type 'video/3gpp'
03-31 16:35:53.233 V/C2Store ( 387): in init
03-31 16:35:53.233 V/C2Store ( 387): loading dll
03-31 16:35:53.233 V/C2Store ( 387): in ~ComponentModule
03-31 16:35:53.233 V/C2Store ( 387): unloading dll
01-01 08:00:23.066 I/ ( 378): DVI mode selected: packets not configured
01-01 08:00:23.073 I/ ( 378): Error: set vsif failed
03-31 16:35:53.239 D/CompatibilityChangeReporter( 824): Compat change id reported: 171979766; UID 1000; state: ENABLED
03-31 16:35:53.242 I/SecureElementService( 778): Check if terminal eSE1 is available.
03-31 16:35:53.244 I/netd ( 243): trafficSwapActiveStatsMap() <28.40ms>
03-31 16:35:53.248 I/netd ( 243): tetherGetStats() -> {[]} <2.51ms>
03-31 16:35:53.250 W/BestClock( 479): java.time.DateTimeException: Missing NTP fix
03-31 16:35:53.254 D/CountryDetector( 479): Using custom country detector class: com.android.server.location.ComprehensiveCountryDetector
03-31 16:35:53.255 E/CountryDetector( 479): Could not instantiate the custom country detector class
03-31 16:35:53.255 D/CountryDetector( 479): Using default country detector
03-31 16:35:53.255 W/BestClock( 479): java.time.DateTimeException: Missing NTP fix
03-31 16:35:53.256 D/PermissionCache( 292): checking android.permission.ACCESS_SURFACE_FLINGER for uid=10062 => granted (2164 us)
03-31 16:35:53.256 I/hwservicemanager( 183): getTransport: Cannot find entry android.hardware.secure_element@1.2::ISecureElement/eSE1 in either framework or device VINTF manifest.
03-31 16:35:53.258 I/adbd ( 397): jdwp connection from 845
03-31 16:35:53.263 I/Codec2InfoBuilder( 360): adding type 'video/3gpp'
03-31 16:35:53.268 V/C2Store ( 387): in init
03-31 16:35:53.268 V/C2Store ( 387): loading dll
01-01 08:00:23.100 I/ ( 378): DVI mode selected: packets not configured
01-01 08:00:23.107 I/ ( 378): Error: set vsif failed
03-31 16:35:53.272 W/BestClock( 479): java.time.DateTimeException: Missing NTP fix
03-31 16:35:53.276 W/BestClock( 479): java.time.DateTimeException: Missing NTP fix
03-31 16:35:53.278 D/CompatibilityChangeReporter( 479): Compat change id reported: 150939131; UID 1000; state: ENABLED
03-31 16:35:53.279 D/SecureElement-Terminal-eSE1( 778): SE Hal V1.2 is not supported
03-31 16:35:53.280 I/hwservicemanager( 183): getTransport: Cannot find entry android.hardware.secure_element@1.1::ISecureElement/eSE1 in either framework or device VINTF manifest.
03-31 16:35:53.281 D/SecureElement-Terminal-eSE1( 778): SE Hal V1.1 is not supported
03-31 16:35:53.281 V/C2Store ( 387): in ~ComponentModule
03-31 16:35:53.281 V/C2Store ( 387): unloading dll
03-31 16:35:53.283 I/hwservicemanager( 183): getTransport: Cannot find entry android.hardware.secure_element@1.0::ISecureElement/eSE1 in either framework or device VINTF manifest.
03-31 16:35:53.284 I/SecureElementService( 778): No HAL implementation for eSE1
03-31 16:35:53.284 I/Codec2InfoBuilder( 360): adding type 'video/hevc'
03-31 16:35:53.286 I/SecureElementService( 778): Check if terminal SIM1 is available.
03-31 16:35:53.286 I/hwservicemanager( 183): getTransport: Cannot find entry android.hardware.secure_element@1.2::ISecureElement/SIM1 in either framework or device VINTF manifest.
03-31 16:35:53.287 D/SecureElement-Terminal-SIM1( 778): SE Hal V1.2 is not supported
01-01 08:00:23.117 I/ ( 378): DVI mode selected: packets not configured
01-01 08:00:23.123 I/ ( 378): Error: set vsif failed
03-31 16:35:53.288 W/BestClock( 479): java.time.DateTimeException: Missing NTP fix
03-31 16:35:53.289 D/AdbService( 479): setAdbEnabled(true), mIsAdbUsbEnabled=true, mIsAdbWifiEnabled=true, transportType=1
03-31 16:35:53.290 W/BestClock( 479): java.time.DateTimeException: Missing NTP fix
03-31 16:35:53.291 W/BestClock( 479): java.time.DateTimeException: Missing NTP fix
03-31 16:35:53.293 W/BestClock( 479): java.time.DateTimeException: Missing NTP fix
03-31 16:35:53.295 I/hwservicemanager( 183): getTransport: Cannot find entry android.hardware.secure_element@1.1::ISecureElement/SIM1 in either framework or device VINTF manifest.
03-31 16:35:53.296 D/SecureElement-Terminal-SIM1( 778): SE Hal V1.1 is not supported
03-31 16:35:53.298 V/C2Store ( 387): in ~ComponentModule
03-31 16:35:53.298 V/C2Store ( 387): in init
03-31 16:35:53.298 V/C2Store ( 387): loading dll
03-31 16:35:53.298 V/C2Store ( 387): unloading dll
03-31 16:35:53.299 I/hwservicemanager( 183): getTransport: Cannot find entry android.hardware.secure_element@1.0::ISecureElement/SIM1 in either framework or device VINTF manifest.
03-31 16:35:53.301 I/SecureElementService( 778): No HAL implementation for SIM1
03-31 16:35:53.301 W/BestClock( 479): java.time.DateTimeException: Missing NTP fix
03-31 16:35:53.301 I/mediaswcodec( 387): missing struct descriptor #Param::CoreIndex(--004) for field values of struct #Param::CoreIndex(F-12004)
03-31 16:35:53.303 D/C2SoftHevcEnc( 387): Given level 6000 does not cover current configuration: adjusting to 6001
03-31 16:35:53.304 W/BestClock( 479): java.time.DateTimeException: Missing NTP fix
03-31 16:35:53.305 W/BestClock( 479): java.time.DateTimeException: Missing NTP fix
03-31 16:35:53.306 W/BestClock( 479): java.time.DateTimeException: Missing NTP fix
03-31 16:35:53.307 W/BestClock( 479): java.time.DateTimeException: Missing NTP fix
03-31 16:35:53.310 W/BestClock( 479): java.time.DateTimeException: Missing NTP fix
03-31 16:35:53.310 I/mediaswcodec( 387): missing struct descriptor #Param::CoreIndex(--004) for field values of struct #Param::CoreIndex(F-12004)
03-31 16:35:53.311 D/C2SoftHevcEnc( 387): Given level 6000 does not cover current configuration: adjusting to 6001
03-31 16:35:53.312 D/Codec2InfoBuilder( 360): codec entry for 'c2.android.hevc.encoder' is disabled
03-31 16:35:53.313 V/C2Store ( 387): in init
03-31 16:35:53.313 V/C2Store ( 387): loading dll
03-31 16:35:53.314 D/CompatibilityChangeReporter( 680): Compat change id reported: 160794467; UID 10062; state: ENABLED
03-31 16:35:53.316 V/C2Store ( 387): in ~ComponentModule
03-31 16:35:53.316 V/C2Store ( 387): unloading dll
03-31 16:35:53.320 W/BestClock( 479): java.time.DateTimeException: Missing NTP fix
01-01 08:00:23.150 I/ ( 378): DVI mode selected: packets not configured
01-01 08:00:23.156 I/ ( 378): Error: set vsif failed
03-31 16:35:53.323 D/NetworkStats( 479): registerNetworkStatsProvider from OffloadController uid/pid=1073/762
03-31 16:35:53.326 D/CompatibilityChangeReporter( 479): Compat change id reported: 168419799; UID 10075; state: DISABLED
03-31 16:35:53.333 I/Codec2InfoBuilder( 360): adding type 'audio/mpeg'
03-31 16:35:53.334 V/C2Store ( 387): in init
03-31 16:35:53.334 V/C2Store ( 387): loading dll
03-31 16:35:53.334 V/C2Store ( 387): in ~ComponentModule
03-31 16:35:53.334 V/C2Store ( 387): unloading dll
03-31 16:35:53.337 E/droid.bluetoot( 673): [0331/163553.336320:ERROR:hal_version_manager.h(125)] HalVersionManager No supported HAL version
03-31 16:35:53.343 I/PackageWatchdog( 479): Syncing health check requests for packages: {}
03-31 16:35:53.343 I/ExplicitHealthCheckController( 479): Service not ready to get health check supported packages. Binding...
03-31 16:35:53.347 I/ExplicitHealthCheckController( 479): Explicit health check service is bound
03-31 16:35:53.348 D/TvPipMenuController( 680): onMediaActionsChanged()
03-31 16:35:53.350 D/CompatibilityChangeReporter( 845): Compat change id reported: 171979766; UID 10075; state: DISABLED
03-31 16:35:53.353 I/droid.bluetoot( 673): [0331/163553.345627:INFO:btif_config_cache.cc(61)] BtifConfigCache, capacity: 10000
01-01 08:00:23.183 I/ ( 378): DVI mode selected: packets not configured
01-01 08:00:23.190 I/ ( 378): Error: set vsif failed
03-31 16:35:53.356 D/TvPipNotification( 680): setDelegate(), delegate=com.android.wm.shell.pip.tv.TvPipController@9e45057
03-31 16:35:53.356 D/Codec2InfoBuilder( 360): codec entry for 'c2.android.mpeg2.decoder' is disabled
03-31 16:35:53.357 V/C2Store ( 387): in init
03-31 16:35:53.357 V/C2Store ( 387): loading dll
03-31 16:35:53.357 V/C2Store ( 387): in ~ComponentModule
03-31 16:35:53.357 V/C2Store ( 387): unloading dll
03-31 16:35:53.363 D/TvPipMenuController( 680): setDelegate(), delegate=com.android.wm.shell.pip.tv.TvPipController@9e45057
03-31 16:35:53.367 I/Codec2InfoBuilder( 360): adding type 'video/mp4v-es'
03-31 16:35:53.369 V/C2Store ( 387): in init
03-31 16:35:53.369 V/C2Store ( 387): loading dll
03-31 16:35:53.370 V/GraphicsEnvironment( 824): ANGLE Developer option for 'com.android.tv.settings' set to: 'default'
03-31 16:35:53.370 V/GraphicsEnvironment( 824): Neither updatable production driver nor prerelease driver is supported.
03-31 16:35:53.371 W/OneHandedController( 680): Device doesn't support OneHanded feature
03-31 16:35:53.372 V/C2Store ( 387): in ~ComponentModule
03-31 16:35:53.373 D/NetworkSecurityConfig( 824): No Network Security Config specified, using platform default
03-31 16:35:53.373 V/C2Store ( 387): unloading dll
03-31 16:35:53.374 D/NetworkSecurityConfig( 824): No Network Security Config specified, using platform default
03-31 16:35:53.376 I/Codec2InfoBuilder( 360): adding type 'video/mp4v-es'
03-31 16:35:53.381 V/C2Store ( 387): in init
03-31 16:35:53.381 V/C2Store ( 387): loading dll
03-31 16:35:53.383 V/C2Store ( 387): in ~ComponentModule
03-31 16:35:53.383 V/C2Store ( 387): unloading dll
03-31 16:35:53.386 I/Codec2InfoBuilder( 360): adding type 'audio/opus'
03-31 16:35:53.386 V/C2Store ( 387): in init
03-31 16:35:53.387 V/C2Store ( 387): loading dll
03-31 16:35:53.387 V/C2Store ( 387): in ~ComponentModule
03-31 16:35:53.387 V/C2Store ( 387): unloading dll
03-31 16:35:53.392 I/Codec2InfoBuilder( 360): adding type 'audio/opus'
03-31 16:35:53.392 V/C2Store ( 387): in init
03-31 16:35:53.392 V/C2Store ( 387): loading dll
03-31 16:35:53.397 V/C2Store ( 387): in ~ComponentModule
03-31 16:35:53.397 I/Codec2InfoBuilder( 360): adding type 'audio/raw'
03-31 16:35:53.397 V/C2Store ( 387): unloading dll
03-31 16:35:53.397 V/C2Store ( 387): in init
03-31 16:35:53.398 V/C2Store ( 387): loading dll
03-31 16:35:53.401 V/C2Store ( 387): in ~ComponentModule
03-31 16:35:53.401 V/C2Store ( 387): unloading dll
03-31 16:35:53.402 I/Codec2InfoBuilder( 360): adding type 'audio/vorbis'
03-31 16:35:53.402 V/C2Store ( 387): in init
03-31 16:35:53.402 V/C2Store ( 387): loading dll
03-31 16:35:53.403 V/C2Store ( 387): in ~ComponentModule
03-31 16:35:53.403 V/C2Store ( 387): unloading dll
03-31 16:35:53.407 D/NetworkSecurityConfig( 479): No Network Security Config specified, using platform default
03-31 16:35:53.408 D/NetworkSecurityConfig( 479): No Network Security Config specified, using platform default
03-31 16:35:53.408 I/system_server( 479): Waiting for a blocking GC ClassLinker
03-31 16:35:53.410 I/Codec2InfoBuilder( 360): adding type 'video/x-vnd.on2.vp8'
03-31 16:35:53.411 V/C2Store ( 387): in ~ComponentModule
03-31 16:35:53.411 V/C2Store ( 387): unloading dll
03-31 16:35:53.411 V/C2Store ( 387): in init
03-31 16:35:53.411 V/C2Store ( 387): loading dll
03-31 16:35:53.413 I/C2SoftVp8Enc( 387): setting temporal layering 0 + 0
03-31 16:35:53.417 I/C2SoftVp8Enc( 387): setting temporal layering 0 + 0
03-31 16:35:53.420 I/Codec2InfoBuilder( 360): adding type 'video/x-vnd.on2.vp8'
03-31 16:35:53.423 V/C2Store ( 387): in init
03-31 16:35:53.424 V/C2Store ( 387): loading dll
03-31 16:35:53.425 V/C2Store ( 387): in ~ComponentModule
03-31 16:35:53.425 V/C2Store ( 387): unloading dll
03-31 16:35:53.420 I/id.ext.services( 845): type=1400 audit(0.0:349): avc: denied { getattr } for path="/data/data/android.ext.services" dev="mmcblk0p25" ino=459 scontext=u:r:platform_app:s0:c512,c768 tcontext=u:object_r:app_data_file:s0:c512,c768 tclass=dir permissive=1 app=android.ext.services
03-31 16:35:53.428 I/BluetoothServiceJni( 673): hal_util_load_bt_library: loaded Bluetooth library successfully
03-31 16:35:53.431 D/BluetoothAdapterService( 673): onCreate()
03-31 16:35:53.432 D/NetworkStats( 479): registerNetworkStatsProvider from BpfCoordinator uid/pid=1073/762
03-31 16:35:53.437 D/Codec2InfoBuilder( 360): component 'c2.android.vp9.decoder' not found in xml
03-31 16:35:53.437 V/C2Store ( 387): in init
03-31 16:35:53.438 V/C2Store ( 387): loading dll
03-31 16:35:53.438 V/C2Store ( 387): in ~ComponentModule
03-31 16:35:53.438 V/C2Store ( 387): unloading dll
03-31 16:35:53.439 I/C2SoftVp9Enc( 387): setting temporal layering 0 + 0
03-31 16:35:53.443 I/C2SoftVp9Enc( 387): setting temporal layering 0 + 0
03-31 16:35:53.443 I/netd ( 243): registerUnsolicitedEventListener() <0.05ms>
03-31 16:35:53.447 D/CompatibilityChangeReporter( 762): Compat change id reported: 147600208; UID 1073; state: ENABLED
03-31 16:35:53.450 D/CompatibilityChangeReporter( 479): Compat change id reported: 182478738; UID 1073; state: DISABLED
03-31 16:35:53.451 D/incidentd( 355): WorkDirectory::getReports
03-31 16:35:53.452 D/Codec2InfoBuilder( 360): codec entry for 'c2.android.vp9.encoder' is disabled
03-31 16:35:53.454 D/MediaCodecList( 479): codecHandlesFormat: no format, so no extra checks
03-31 16:35:53.456 V/C2Store ( 387): in ~ComponentModule
03-31 16:35:53.456 V/C2Store ( 387): unloading dll
03-31 16:35:53.458 D/MediaCodecList( 479): codecHandlesFormat: no format, so no extra checks
03-31 16:35:53.461 D/CCodec ( 479): allocate(c2.android.vorbis.decoder)
03-31 16:35:53.464 I/Codec2Client( 479): Available Codec2 services: "software"
03-31 16:35:53.465 D/CCodec ( 479): allocate(c2.android.vorbis.decoder)
03-31 16:35:53.468 V/C2Store ( 387): in init
03-31 16:35:53.468 V/C2Store ( 387): loading dll
03-31 16:35:53.473 I/CCodec ( 479): Created component [c2.android.vorbis.decoder]
03-31 16:35:53.474 D/CCodecConfig( 479): read media type: audio/vorbis
03-31 16:35:53.478 I/CCodec ( 479): Created component [c2.android.vorbis.decoder]
03-31 16:35:53.478 D/ReflectedParamUpdater( 479): extent() != 1 for single value type: algo.buffers.max-count.values
03-31 16:35:53.478 D/CCodecConfig( 479): read media type: audio/vorbis
03-31 16:35:53.479 D/ReflectedParamUpdater( 479): extent() != 1 for single value type: output.subscribed-indices.values
03-31 16:35:53.480 D/ReflectedParamUpdater( 479): extent() != 1 for single value type: input.buffers.allocator-ids.values
03-31 16:35:53.480 D/ReflectedParamUpdater( 479): extent() != 1 for single value type: output.buffers.allocator-ids.values
03-31 16:35:53.480 V/WifiManager( 762): registerSoftApCallback: callback=com.android.networkstack.tethering.Tethering$TetheringSoftApCallback@8c0e8e0, executor=com.android.networkstack.tethering.Tethering$TetheringThreadExecutor@e579799
03-31 16:35:53.481 D/ReflectedParamUpdater( 479): extent() != 1 for single value type: algo.buffers.allocator-ids.values
03-31 16:35:53.481 D/ReflectedParamUpdater( 479): extent() != 1 for single value type: output.buffers.pool-ids.values
03-31 16:35:53.481 D/ReflectedParamUpdater( 479): extent() != 1 for single value type: algo.buffers.pool-ids.values
03-31 16:35:53.484 W/IorapForwardingService( 479): No service published for: iorapd
03-31 16:35:53.484 I/CCodecConfig( 479): query failed after returning 7 values (BAD_INDEX)
03-31 16:35:53.484 D/ReflectedParamUpdater( 479): extent() != 1 for single value type: algo.buffers.max-count.values
03-31 16:35:53.484 D/CCodecConfig( 479): c2 config diff is Dict {
03-31 16:35:53.484 D/CCodecConfig( 479): c2::u32 coded.bitrate.value = 64000
03-31 16:35:53.484 D/CCodecConfig( 479): c2::u32 input.buffers.max-size.value = 32768
03-31 16:35:53.484 D/CCodecConfig( 479): c2::u32 input.delay.value = 0
03-31 16:35:53.484 D/CCodecConfig( 479): string input.media-type.value = "audio/vorbis"
03-31 16:35:53.484 D/CCodecConfig( 479): string output.media-type.value = "audio/raw"
03-31 16:35:53.484 D/CCodecConfig( 479): c2::u32 raw.channel-count.value = 1
03-31 16:35:53.484 D/CCodecConfig( 479): c2::u32 raw.sample-rate.value = 48000
03-31 16:35:53.484 D/CCodecConfig( 479): }
03-31 16:35:53.485 D/ReflectedParamUpdater( 479): extent() != 1 for single value type: output.subscribed-indices.values
03-31 16:35:53.486 D/ReflectedParamUpdater( 479): extent() != 1 for single value type: input.buffers.allocator-ids.values
03-31 16:35:53.486 D/ReflectedParamUpdater( 479): extent() != 1 for single value type: output.buffers.allocator-ids.values
03-31 16:35:53.486 D/ReflectedParamUpdater( 479): extent() != 1 for single value type: algo.buffers.allocator-ids.values
03-31 16:35:53.487 D/ConnectivityService( 479): requestNetwork for uid/pid:1073/762 activeRequest: null callbackRequest: 21 [NetworkRequest [ TRACK_SYSTEM_DEFAULT id=21, [ Capabilities: INTERNET&NOT_RESTRICTED&TRUSTED&NOT_VPN&NOT_VCN_MANAGED RequestorUid: 1073 RequestorPkg: com.android.networkstack.tethering] ]] callback flags: 0 priority: 2147483647
03-31 16:35:53.487 D/CCodec ( 479): [c2.android.vorbis.decoder] buffers are bound to CCodec for this session
03-31 16:35:53.487 D/CCodecConfig( 479): no c2 equivalents for durationUs
03-31 16:35:53.488 D/CCodecConfig( 479): no c2 equivalents for track-id
03-31 16:35:53.488 D/CCodecConfig( 479): no c2 equivalents for csd-1
03-31 16:35:53.488 D/CCodecConfig( 479): no c2 equivalents for channel-mask
03-31 16:35:53.488 D/CCodecConfig( 479): no c2 equivalents for flags
03-31 16:35:53.489 D/ConnectivityService( 479): NetReassign [no changes]
03-31 16:35:53.489 D/ReflectedParamUpdater( 479): extent() != 1 for single value type: output.buffers.pool-ids.values
03-31 16:35:53.489 D/ReflectedParamUpdater( 479): extent() != 1 for single value type: algo.buffers.pool-ids.values
03-31 16:35:53.491 D/CCodecConfig( 479): c2 config diff is c2::u32 raw.channel-count.value = 2
03-31 16:35:53.491 D/CCodecConfig( 479): c2::u32 raw.sample-rate.value = 44100
03-31 16:35:53.494 W/Codec2Client( 479): query -- param skipped: index = 1107298332.
03-31 16:35:53.494 D/CCodec ( 479): setup formats input: AMessage(what = 0x00000000) = {
03-31 16:35:53.494 D/CCodec ( 479): int32_t bitrate = 64000
03-31 16:35:53.494 D/CCodec ( 479): int32_t channel-count = 2
03-31 16:35:53.494 D/CCodec ( 479): int32_t max-input-size = 32768
03-31 16:35:53.494 D/CCodec ( 479): string mime = "audio/vorbis"
03-31 16:35:53.494 D/CCodec ( 479): int32_t sample-rate = 44100
03-31 16:35:53.494 D/CCodec ( 479): }
03-31 16:35:53.494 D/CCodec ( 479): setup formats output: AMessage(what = 0x00000000) = {
03-31 16:35:53.494 D/CCodec ( 479): int32_t channel-count = 2
03-31 16:35:53.494 D/CCodec ( 479): string mime = "audio/raw"
03-31 16:35:53.494 D/CCodec ( 479): int32_t sample-rate = 44100
03-31 16:35:53.494 D/CCodec ( 479): int32_t channel-mask = 3
03-31 16:35:53.494 D/CCodec ( 479): }
03-31 16:35:53.496 I/CCodecConfig( 479): query failed after returning 7 values (BAD_INDEX)
03-31 16:35:53.497 I/CCodecConfig( 479): query failed after returning 7 values (BAD_INDEX)
03-31 16:35:53.497 D/CCodecConfig( 479): c2 config diff is Dict {
03-31 16:35:53.497 D/CCodecConfig( 479): c2::u32 coded.bitrate.value = 64000
03-31 16:35:53.497 D/CCodecConfig( 479): c2::u32 input.buffers.max-size.value = 32768
03-31 16:35:53.497 D/CCodecConfig( 479): c2::u32 input.delay.value = 0
03-31 16:35:53.497 D/CCodecConfig( 479): string input.media-type.value = "audio/vorbis"
03-31 16:35:53.497 D/CCodecConfig( 479): string output.media-type.value = "audio/raw"
03-31 16:35:53.497 D/CCodecConfig( 479): c2::u32 raw.channel-count.value = 1
03-31 16:35:53.497 D/CCodecConfig( 479): c2::u32 raw.sample-rate.value = 48000
03-31 16:35:53.497 D/CCodecConfig( 479): }
03-31 16:35:53.492 I/id.ext.services( 845): type=1400 audit(0.0:350): avc: denied { search } for name="android.ext.services" dev="mmcblk0p25" ino=459 scontext=u:r:platform_app:s0:c512,c768 tcontext=u:object_r:app_data_file:s0:c512,c768 tclass=dir permissive=1 app=android.ext.services
03-31 16:35:53.499 D/CCodec ( 479): [c2.android.vorbis.decoder] buffers are bound to CCodec for this session
03-31 16:35:53.499 D/CCodecConfig( 479): no c2 equivalents for durationUs
03-31 16:35:53.500 D/CCodecConfig( 479): no c2 equivalents for track-id
03-31 16:35:53.500 D/CCodecConfig( 479): no c2 equivalents for csd-1
03-31 16:35:53.500 D/CCodecConfig( 479): no c2 equivalents for channel-mask
03-31 16:35:53.500 D/CCodecConfig( 479): no c2 equivalents for flags
03-31 16:35:53.500 W/Codec2Client( 479): query -- param skipped: index = 1342179345.
03-31 16:35:53.500 W/Codec2Client( 479): query -- param skipped: index = 2415921170.
03-31 16:35:53.501 D/C2Store ( 479): Using ION
03-31 16:35:53.502 V/GraphicsEnvironment( 845): ANGLE Developer option for 'android.ext.services' set to: 'default'
03-31 16:35:53.502 D/CCodecBufferChannel( 479): [c2.android.vorbis.decoder#453] Created input block pool with allocatorID 16 => poolID 17 - OK (0)
03-31 16:35:53.502 V/GraphicsEnvironment( 845): Neither updatable production driver nor prerelease driver is supported.
03-31 16:35:53.502 D/CCodecConfig( 479): c2 config diff is c2::u32 raw.channel-count.value = 2
03-31 16:35:53.502 D/CCodecConfig( 479): c2::u32 raw.sample-rate.value = 44100
03-31 16:35:53.503 D/C2Store ( 387): Using ION
03-31 16:35:53.505 E/cutils-trace( 291): Error opening trace file: No such file or directory (2)
03-31 16:35:53.505 W/Codec2Client( 479): query -- param skipped: index = 1107298332.
03-31 16:35:53.505 D/CCodec ( 479): setup formats input: AMessage(what = 0x00000000) = {
03-31 16:35:53.505 D/CCodec ( 479): int32_t bitrate = 64000
03-31 16:35:53.505 D/CCodec ( 479): int32_t channel-count = 2
03-31 16:35:53.505 D/CCodec ( 479): int32_t max-input-size = 32768
03-31 16:35:53.505 D/CCodec ( 479): string mime = "audio/vorbis"
03-31 16:35:53.505 D/CCodec ( 479): int32_t sample-rate = 44100
03-31 16:35:53.505 D/CCodec ( 479): }
03-31 16:35:53.506 D/CCodec ( 479): setup formats output: AMessage(what = 0x00000000) = {
03-31 16:35:53.506 D/CCodec ( 479): int32_t channel-count = 2
03-31 16:35:53.506 D/CCodec ( 479): string mime = "audio/raw"
03-31 16:35:53.506 D/CCodec ( 479): int32_t sample-rate = 44100
03-31 16:35:53.506 D/CCodec ( 479): int32_t channel-mask = 3
03-31 16:35:53.506 D/CCodec ( 479): }
03-31 16:35:53.506 I/CCodecConfig( 479): query failed after returning 7 values (BAD_INDEX)
03-31 16:35:53.507 D/AdapterState( 673): make() - Creating AdapterState
03-31 16:35:53.507 I/CCodecBufferChannel( 479): [c2.android.vorbis.decoder#453] Created output block pool with allocatorID 16 => poolID 17 - OK
03-31 16:35:53.508 D/CCodecBufferChannel( 479): [c2.android.vorbis.decoder#453] Configured output block pool ids 17 => OK
03-31 16:35:53.510 E/ion ( 479): ioctl c0044901 failed with code -1: Inappropriate ioctl for device
03-31 16:35:53.511 W/Codec2Client( 479): query -- param skipped: index = 1342179345.
03-31 16:35:53.511 W/Codec2Client( 479): query -- param skipped: index = 2415921170.
03-31 16:35:53.512 D/CCodecBufferChannel( 479): [c2.android.vorbis.decoder#901] Created input block pool with allocatorID 16 => poolID 18 - OK (0)
03-31 16:35:53.515 I/CCodecBufferChannel( 479): [c2.android.vorbis.decoder#901] Created output block pool with allocatorID 16 => poolID 18 - OK
03-31 16:35:53.515 D/CCodecBufferChannel( 479): [c2.android.vorbis.decoder#901] Configured output block pool ids 18 => OK
03-31 16:35:53.515 D/SimpleC2Component( 387): Using output block pool with poolID 17 => got 17 - 0
03-31 16:35:53.516 D/NetworkSecurityConfig( 845): No Network Security Config specified, using platform default
03-31 16:35:53.516 I/AdapterState( 673): OFF : entered
03-31 16:35:53.517 D/NetworkSecurityConfig( 845): No Network Security Config specified, using platform default
03-31 16:35:53.517 D/AdapterProperties( 673): Setting state to OFF
03-31 16:35:53.522 D/BluetoothKeystoreService( 673): new BluetoothKeystoreService isCommonCriteriaMode: false
03-31 16:35:53.523 D/SimpleC2Component( 387): Using output block pool with poolID 18 => got 18 - 0
03-31 16:35:53.523 E/ion ( 387): ioctl c0044901 failed with code -1: Inappropriate ioctl for device
03-31 16:35:53.525 D/BluetoothKeystoreService( 673): start
03-31 16:35:53.526 I/droid.bluetoot( 673): [0331/163553.526759:INFO:com_android_bluetooth_btservice_BluetoothKeystore.cpp(97)] classInitNative: succeeds
03-31 16:35:53.527 D/BluetoothKeystoreService( 673): setBluetoothKeystoreService(): set to: com.android.bluetooth.btservice.bluetoothkeystore.BluetoothKeystoreService@f7b32ba
03-31 16:35:53.538 D/BluetoothKeystoreService( 673): loadConfigData
03-31 16:35:53.548 W/SystemServiceRegistry( 680): No service published for: fingerprint
03-31 16:35:53.551 W/SystemServiceRegistry( 680): No service published for: face
03-31 16:35:53.568 I/EventThread( 263): type=1400 audit(0.0:351): avc: denied { search } for name="extcon" dev="sysfs" ino=18102 scontext=u:r:hal_tv_cec_default:s0 tcontext=u:object_r:sysfs_extcon:s0 tclass=dir permissive=1
03-31 16:35:53.580 I/Thread-2( 888): type=1400 audit(0.0:352): avc: denied { execute } for name="am" dev="dm-1" ino=1164 scontext=u:r:system_app:s0 tcontext=u:object_r:vendor_file:s0 tclass=file permissive=1
03-31 16:35:53.584 I/Thread-2( 888): type=1400 audit(0.0:353): avc: denied { read open } for path="/vendor/xbin/am" dev="dm-1" ino=1164 scontext=u:r:system_app:s0 tcontext=u:object_r:vendor_file:s0 tclass=file permissive=1
03-31 16:35:53.584 I/Thread-2( 888): type=1400 audit(0.0:354): avc: denied { execute_no_trans } for path="/vendor/xbin/am" dev="dm-1" ino=1164 scontext=u:r:system_app:s0 tcontext=u:object_r:vendor_file:s0 tclass=file permissive=1
03-31 16:35:53.607 D/CompatibilityChangeReporter( 479): Compat change id reported: 171306433; UID 1000; state: ENABLED
03-31 16:35:53.636 I/droid.bluetoot( 673): [0331/163553.636742:INFO:com_android_bluetooth_btservice_ActivityAttribution.cpp(96)] classInitNative: succeeds
03-31 16:35:53.636 I/Binder:479_5( 479): type=1400 audit(0.0:355): avc: denied { read } for name="u:object_r:vendor_default_prop:s0" dev="tmpfs" ino=2967 scontext=u:r:system_server:s0 tcontext=u:object_r:vendor_default_prop:s0 tclass=file permissive=1
03-31 16:35:53.641 D/MediaCodecList( 824): codecHandlesFormat: no format, so no extra checks
03-31 16:35:53.636 I/Binder:479_5( 479): type=1400 audit(0.0:356): avc: denied { open } for path="/dev/__properties__/u:object_r:vendor_default_prop:s0" dev="tmpfs" ino=2967 scontext=u:r:system_server:s0 tcontext=u:object_r:vendor_default_prop:s0 tclass=file permissive=1
03-31 16:35:53.636 I/Binder:479_5( 479): type=1400 audit(0.0:357): avc: denied { getattr } for path="/dev/__properties__/u:object_r:vendor_default_prop:s0" dev="tmpfs" ino=2967 scontext=u:r:system_server:s0 tcontext=u:object_r:vendor_default_prop:s0 tclass=file permissive=1
03-31 16:35:53.636 I/Binder:479_5( 479): type=1400 audit(0.0:358): avc: denied { map } for path="/dev/__properties__/u:object_r:vendor_default_prop:s0" dev="tmpfs" ino=2967 scontext=u:r:system_server:s0 tcontext=u:object_r:vendor_default_prop:s0 tclass=file permissive=1
03-31 16:35:53.647 D/BluetoothKeystoreService( 673): getCompareResult: 0
03-31 16:35:53.648 D/CompatibilityChangeReporter( 479): Compat change id reported: 158002302; UID 1000; state: ENABLED
03-31 16:35:53.652 D/CCodec ( 824): allocate(c2.android.vorbis.decoder)
03-31 16:35:53.659 I/update_engine( 391): [INFO:cleanup_previous_update_action.cc(112)] Executing task 5
03-31 16:35:53.662 I/update_engine( 391): [INFO:cleanup_previous_update_action.cc(124)] CleanupPreviousUpdateAction scheduled task ID 6 for WaitBootCompleted
03-31 16:35:53.660 I/rainbow_flow( 325): type=1400 audit(0.0:359): avc: denied { ioctl } for path="/dev/spidev1.0" dev="tmpfs" ino=3270 ioctlcmd=0x6b00 scontext=u:r:init:s0 tcontext=u:object_r:device:s0 tclass=chr_file permissive=1
03-31 16:35:53.667 I/hwservicemanager( 183): getTransport: Cannot find entry android.hardware.configstore@1.0::ISurfaceFlingerConfigs/default in either framework or device VINTF manifest.
03-31 16:35:53.675 I/Codec2Client( 824): Available Codec2 services: "software"
03-31 16:35:53.675 D/CompatibilityChangeReporter( 479): Compat change id reported: 157233955; UID 10062; state: ENABLED
03-31 16:35:53.690 I/bt_btif ( 673): system/bt/btif/src/bluetooth.cc:162 init: init: start restricted = 0 ; common criteria mode = 0, config compare result = 0
03-31 16:35:53.691 D/MediaCodecList( 824): codecHandlesFormat: no format, so no extra checks
03-31 16:35:53.692 E/HWComposer( 292): getSupportedContentTypes: getSupportedContentTypes failed for display 0: Unsupported (8)
03-31 16:35:53.693 I/CCodec ( 824): Created component [c2.android.vorbis.decoder]
03-31 16:35:53.693 D/CCodecConfig( 824): read media type: audio/vorbis
03-31 16:35:53.697 D/CCodec ( 824): allocate(c2.android.vorbis.decoder)
03-31 16:35:53.699 I/hwservicemanager( 183): getTransport: Cannot find entry android.hardware.graphics.mapper@4.0::IMapper/default in either framework or device VINTF manifest.
03-31 16:35:53.700 I/Gralloc4( 824): mapper 4.x is not supported
03-31 16:35:53.700 W/ActivityManager( 479): Unable to start service Intent { cmp=com.oranth.storage/.MainService } U=0: not found
03-31 16:35:53.700 D/ReflectedParamUpdater( 824): extent() != 1 for single value type: algo.buffers.max-count.values
03-31 16:35:53.701 D/ReflectedParamUpdater( 824): extent() != 1 for single value type: output.subscribed-indices.values
03-31 16:35:53.701 D/ReflectedParamUpdater( 824): extent() != 1 for single value type: input.buffers.allocator-ids.values
03-31 16:35:53.702 D/ReflectedParamUpdater( 824): extent() != 1 for single value type: output.buffers.allocator-ids.values
03-31 16:35:53.702 D/ReflectedParamUpdater( 824): extent() != 1 for single value type: algo.buffers.allocator-ids.values
03-31 16:35:53.702 D/ReflectedParamUpdater( 824): extent() != 1 for single value type: output.buffers.pool-ids.values
03-31 16:35:53.702 D/ReflectedParamUpdater( 824): extent() != 1 for single value type: algo.buffers.pool-ids.values
03-31 16:35:53.705 I/hwservicemanager( 183): getTransport: Cannot find entry android.hardware.graphics.mapper@3.0::IMapper/default in either framework or device VINTF manifest.
03-31 16:35:53.706 I/CCodecConfig( 824): query failed after returning 7 values (BAD_INDEX)
03-31 16:35:53.707 D/CCodecConfig( 824): c2 config diff is Dict {
03-31 16:35:53.707 D/CCodecConfig( 824): c2::u32 coded.bitrate.value = 64000
03-31 16:35:53.707 D/CCodecConfig( 824): c2::u32 input.buffers.max-size.value = 32768
03-31 16:35:53.707 D/CCodecConfig( 824): c2::u32 input.delay.value = 0
03-31 16:35:53.707 D/CCodecConfig( 824): string input.media-type.value = "audio/vorbis"
03-31 16:35:53.707 D/CCodecConfig( 824): string output.media-type.value = "audio/raw"
03-31 16:35:53.707 D/CCodecConfig( 824): c2::u32 raw.channel-count.value = 1
03-31 16:35:53.707 D/CCodecConfig( 824): c2::u32 raw.sample-rate.value = 48000
03-31 16:35:53.707 D/CCodecConfig( 824): }
03-31 16:35:53.711 W/Gralloc3( 824): mapper 3.x is not supported
03-31 16:35:53.712 D/CCodec ( 824): [c2.android.vorbis.decoder] buffers are bound to CCodec for this session
03-31 16:35:53.715 D/CCodecConfig( 824): no c2 equivalents for durationUs
03-31 16:35:53.715 D/CCodecConfig( 824): no c2 equivalents for track-id
03-31 16:35:53.715 D/CCodecConfig( 824): no c2 equivalents for csd-1
03-31 16:35:53.715 D/CCodecConfig( 824): no c2 equivalents for channel-mask
03-31 16:35:53.715 D/CCodecConfig( 824): no c2 equivalents for flags
03-31 16:35:53.717 D/CCodecConfig( 824): c2 config diff is c2::u32 coded.bitrate.value = 224000
03-31 16:35:53.717 D/CCodecConfig( 824): c2::u32 raw.channel-count.value = 2
03-31 16:35:53.719 W/Codec2Client( 824): query -- param skipped: index = 1107298332.
03-31 16:35:53.719 I/CCodec ( 824): Created component [c2.android.vorbis.decoder]
03-31 16:35:53.720 D/CCodec ( 824): setup formats input: AMessage(what = 0x00000000) = {
03-31 16:35:53.720 D/CCodec ( 824): int32_t bitrate = 224000
03-31 16:35:53.720 D/CCodec ( 824): int32_t channel-count = 2
03-31 16:35:53.720 D/CCodec ( 824): int32_t max-input-size = 32768
03-31 16:35:53.720 D/CCodec ( 824): string mime = "audio/vorbis"
03-31 16:35:53.720 D/CCodec ( 824): int32_t sample-rate = 48000
03-31 16:35:53.720 D/CCodec ( 824): }
03-31 16:35:53.720 D/CCodec ( 824): setup formats output: AMessage(what = 0x00000000) = {
03-31 16:35:53.720 D/CCodec ( 824): int32_t channel-count = 2
03-31 16:35:53.720 D/CCodec ( 824): string mime = "audio/raw"
03-31 16:35:53.720 D/CCodec ( 824): int32_t sample-rate = 48000
03-31 16:35:53.720 D/CCodec ( 824): int32_t channel-mask = 3
03-31 16:35:53.720 D/CCodec ( 824): }
03-31 16:35:53.720 D/CCodecConfig( 824): read media type: audio/vorbis
03-31 16:35:53.721 E/gralloc ( 824): Arm Module v1.0
03-31 16:35:53.721 I/CCodecConfig( 824): query failed after returning 7 values (BAD_INDEX)
03-31 16:35:53.724 I/hwservicemanager( 183): getTransport: Cannot find entry android.hardware.graphics.allocator@4.0::IAllocator/default in either framework or device VINTF manifest.
03-31 16:35:53.725 W/Gralloc4( 824): allocator 4.x is not supported
03-31 16:35:53.726 I/hwservicemanager( 183): getTransport: Cannot find entry android.hardware.graphics.allocator@3.0::IAllocator/default in either framework or device VINTF manifest.
03-31 16:35:53.727 W/Gralloc3( 824): allocator 3.x is not supported
03-31 16:35:53.732 I/gralloc ( 257): alloc buffer:W:1920 H:1080 S:1920 PL[1920 1080] SZ:8294400 fmt:1 if:0 af:1 usg:20000b00 fg:00000004
03-31 16:35:53.733 E/ion ( 824): ioctl c0044901 failed with code -1: Inappropriate ioctl for device
03-31 16:35:53.735 W/Codec2Client( 824): query -- param skipped: index = 1342179345.
03-31 16:35:53.735 W/Codec2Client( 824): query -- param skipped: index = 2415921170.
03-31 16:35:53.736 I/bt ( 673): bt_common::init_flags: Flags loaded: gd_core=false gd_advertising=false gd_scanning=false gd_security=false gd_acl=false gd_l2cap=false gd_hci=false gd_controller=false gatt_robust_caching=false btaa_hci=false gd_rust=false gd_link_policy=false
03-31 16:35:53.737 D/C2Store ( 824): Using ION
03-31 16:35:53.738 D/CCodecBufferChannel( 824): [c2.android.vorbis.decoder#83] Created input block pool with allocatorID 16 => poolID 17 - OK (0)
03-31 16:35:53.745 I/CCodecBufferChannel( 824): [c2.android.vorbis.decoder#83] Created output block pool with allocatorID 16 => poolID 19 - OK
03-31 16:35:53.746 D/CCodecBufferChannel( 824): [c2.android.vorbis.decoder#83] Configured output block pool ids 19 => OK
03-31 16:35:53.746 I/gralloc ( 257): alloc buffer:W:1920 H:1080 S:1920 PL[1920 1080] SZ:8294400 fmt:1 if:0 af:1 usg:20000b00 fg:00000004
03-31 16:35:53.747 E/ion ( 824): ioctl c0044901 failed with code -1: Inappropriate ioctl for device
03-31 16:35:53.751 I/gralloc ( 257): alloc buffer:W:1920 H:1080 S:1920 PL[1920 1080] SZ:8294400 fmt:1 if:0 af:1 usg:20000b00 fg:00000004
03-31 16:35:53.753 W/ActivityManager( 479): Unable to start service Intent { cmp=com.oranth.ledstatus/.LedStatusService } U=0: not found
03-31 16:35:53.756 I/bt_osi_allocation_tracker( 673): system/bt/osi/src/allocation_tracker.cc:59 allocation_tracker_init: canary initialized
03-31 16:35:53.761 D/ReflectedParamUpdater( 824): extent() != 1 for single value type: algo.buffers.max-count.values
03-31 16:35:53.762 D/ReflectedParamUpdater( 824): extent() != 1 for single value type: output.subscribed-indices.values
01-01 08:00:23.590 E/cma ( 875): cma_alloc: alloc failed, req-size: 8 pages, ret: -16
03-31 16:35:53.764 D/ReflectedParamUpdater( 824): extent() != 1 for single value type: input.buffers.allocator-ids.values
03-31 16:35:53.765 D/SimpleC2Component( 387): Using output block pool with poolID 19 => got 19 - 0
03-31 16:35:53.766 D/ReflectedParamUpdater( 824): extent() != 1 for single value type: output.buffers.allocator-ids.values
03-31 16:35:53.767 D/ReflectedParamUpdater( 824): extent() != 1 for single value type: algo.buffers.allocator-ids.values
03-31 16:35:53.767 D/ReflectedParamUpdater( 824): extent() != 1 for single value type: output.buffers.pool-ids.values
03-31 16:35:53.767 D/ReflectedParamUpdater( 824): extent() != 1 for single value type: algo.buffers.pool-ids.values
03-31 16:35:53.769 I/droid.bluetoot( 673): [0331/163553.768897:INFO:message_loop_thread.cc(224)] Run: message loop starting for thread bt_stack_manager_thread
03-31 16:35:53.773 I/CCodecConfig( 824): query failed after returning 7 values (BAD_INDEX)
03-31 16:35:53.773 D/CCodecConfig( 824): c2 config diff is Dict {
03-31 16:35:53.773 D/CCodecConfig( 824): c2::u32 coded.bitrate.value = 64000
03-31 16:35:53.773 D/CCodecConfig( 824): c2::u32 input.buffers.max-size.value = 32768
03-31 16:35:53.773 D/CCodecConfig( 824): c2::u32 input.delay.value = 0
03-31 16:35:53.773 D/CCodecConfig( 824): string input.media-type.value = "audio/vorbis"
03-31 16:35:53.773 D/CCodecConfig( 824): string output.media-type.value = "audio/raw"
03-31 16:35:53.773 D/CCodecConfig( 824): c2::u32 raw.channel-count.value = 1
03-31 16:35:53.773 D/CCodecConfig( 824): c2::u32 raw.sample-rate.value = 48000
03-31 16:35:53.773 D/CCodecConfig( 824): }
03-31 16:35:53.775 I/AW_PowerHAL( 261): Power setMode: SUSTAINED_PERFORMANCE to: 0
03-31 16:35:53.776 I/AW_PowerHAL( 261): BootCompleted
03-31 16:35:53.776 D/CCodec ( 824): [c2.android.vorbis.decoder] buffers are bound to CCodec for this session
03-31 16:35:53.776 D/CCodecConfig( 824): no c2 equivalents for durationUs
03-31 16:35:53.776 D/CCodecConfig( 824): no c2 equivalents for track-id
03-31 16:35:53.776 D/CCodecConfig( 824): no c2 equivalents for csd-1
03-31 16:35:53.776 D/CCodecConfig( 824): no c2 equivalents for channel-mask
03-31 16:35:53.777 D/CCodecConfig( 824): no c2 equivalents for flags
03-31 16:35:53.778 I/AW_PowerHAL( 261): cur-mode:SCHEDUTIL-Home
03-31 16:35:53.779 I/ActivityManagerTiming( 479): FinishBooting
03-31 16:35:53.779 D/CCodecConfig( 824): c2 config diff is c2::u32 coded.bitrate.value = 224000
03-31 16:35:53.779 D/CCodecConfig( 824): c2::u32 raw.channel-count.value = 2
03-31 16:35:53.781 W/Codec2Client( 824): query -- param skipped: index = 1107298332.
03-31 16:35:53.782 D/CCodec ( 824): setup formats input: AMessage(what = 0x00000000) = {
03-31 16:35:53.782 D/CCodec ( 824): int32_t bitrate = 224000
03-31 16:35:53.782 D/CCodec ( 824): int32_t channel-count = 2
03-31 16:35:53.782 D/CCodec ( 824): int32_t max-input-size = 32768
03-31 16:35:53.782 D/CCodec ( 824): string mime = "audio/vorbis"
03-31 16:35:53.782 D/CCodec ( 824): int32_t sample-rate = 48000
03-31 16:35:53.782 D/CCodec ( 824): }
03-31 16:35:53.782 D/CCodec ( 824): setup formats output: AMessage(what = 0x00000000) = {
03-31 16:35:53.782 D/CCodec ( 824): int32_t channel-count = 2
03-31 16:35:53.782 D/CCodec ( 824): string mime = "audio/raw"
03-31 16:35:53.782 D/CCodec ( 824): int32_t sample-rate = 48000
03-31 16:35:53.782 D/CCodec ( 824): int32_t channel-mask = 3
03-31 16:35:53.782 D/CCodec ( 824): }
03-31 16:35:53.782 I/CCodecConfig( 824): query failed after returning 7 values (BAD_INDEX)
03-31 16:35:53.783 W/Codec2Client( 824): query -- param skipped: index = 1342179345.
03-31 16:35:53.783 W/Codec2Client( 824): query -- param skipped: index = 2415921170.
03-31 16:35:53.785 D/CCodecBufferChannel( 824): [c2.android.vorbis.decoder#363] Created input block pool with allocatorID 16 => poolID 18 - OK (0)
03-31 16:35:53.771 I/bt_stack_manager( 673): system/bt/btif/src/stack_manager.cc:200 event_init_stack: is initializing the stack
03-31 16:35:53.788 I/CCodecBufferChannel( 824): [c2.android.vorbis.decoder#363] Created output block pool with allocatorID 16 => poolID 20 - OK
03-31 16:35:53.789 D/CCodecBufferChannel( 824): [c2.android.vorbis.decoder#363] Configured output block pool ids 20 => OK
01-01 08:00:23.631 E/cma ( 911): cma_alloc: alloc failed, req-size: 8 pages, ret: -16
03-31 16:35:53.810 I/bt_osi_thread( 673): system/bt/osi/src/thread.cc:209 run_thread: run_thread: thread id 927, thread name alarm_default_ca started
03-31 16:35:53.813 I/bt_osi_thread( 673): system/bt/osi/src/thread.cc:209 run_thread: run_thread: thread id 928, thread name alarm_dispatcher started
03-31 16:35:53.814 I/bt_btif_core( 673): system/bt/btif/src/btif_core.cc:235 btif_init_bluetooth: btif_init_bluetooth entered
03-31 16:35:53.814 I/droid.bluetoot( 673): [0331/163553.814571:INFO:message_loop_thread.cc(224)] Run: message loop starting for thread bt_jni_thread
03-31 16:35:53.815 I/bt_btif_core( 673): system/bt/btif/src/btif_core.cc:239 btif_init_bluetooth: btif_init_bluetooth finished
03-31 16:35:53.815 I/bt_stack_config( 673): system/bt/main/stack_config.cc:51 init: init attempt to load stack conf from /etc/bluetooth/bt_stack.conf
03-31 16:35:53.817 I/bt_stack_manager( 673): system/bt/btif/src/stack_manager.cc:223 event_init_stack: finished
03-31 16:35:53.818 I/bt_osi_wakelock( 673): system/bt/osi/src/wakelock.cc:98 wakelock_set_os_callouts: wakelock_set_os_callouts set to non-native
03-31 16:35:53.819 I/bt_btif ( 673): system/bt/btif/src/bluetooth.cc:417 get_profile_interface: get_profile_interface: id = socket
03-31 16:35:53.819 W/KeyguardServiceDelegate( 479): onScreenTurningOn(): no keyguard service!
03-31 16:35:53.821 E/droid.bluetoot( 673): [0331/163553.821033:ERROR:message_loop_thread.cc(102)] DoInThreadDelayed: message loop is null for thread bt_main_thread(-1), from pc:0xbdd06647
03-31 16:35:53.821 E/droid.bluetoot( 673): [0331/163553.821511:ERROR:btu_task.cc(94)] do_in_main_thread: failed from pc:0xbdd06647
03-31 16:35:53.821 E/droid.bluetoot( 673): [0331/163553.821694:ERROR:message_loop_thread.cc(102)] DoInThreadDelayed: message loop is null for thread bt_main_thread(-1), from pc:0xbdd06647
03-31 16:35:53.821 E/droid.bluetoot( 673): [0331/163553.821816:ERROR:btu_task.cc(94)] do_in_main_thread: failed from pc:0xbdd06647
03-31 16:35:53.821 E/droid.bluetoot( 673): [0331/163553.821937:ERROR:message_loop_thread.cc(102)] DoInThreadDelayed: message loop is null for thread bt_main_thread(-1), from pc:0xbdd06647
03-31 16:35:53.822 E/droid.bluetoot( 673): [0331/163553.822049:ERROR:btu_task.cc(94)] do_in_main_thread: failed from pc:0xbdd06647
03-31 16:35:53.825 D/BluetoothKeystoreService( 673): initJni()
03-31 16:35:53.826 I/bt_btif ( 673): system/bt/btif/src/bluetooth.cc:417 get_profile_interface: get_profile_interface: id = bluetooth_keystore
03-31 16:35:53.827 I/bt_btif ( 673): system/bt/btif/src/bluetooth.cc:417 get_profile_interface: get_profile_interface: id = sdp
03-31 16:35:53.833 D/MediaResumeListener( 680): loaded resume components []
03-31 16:35:53.840 D/SimpleC2Component( 387): Using output block pool with poolID 20 => got 20 - 0
03-31 16:35:53.844 D/LocalBluetoothProfileManager( 680): LocalBluetoothProfileManager construction complete
03-31 16:35:53.846 D/LocalBluetoothProfileManager( 680): supportedList is null
03-31 16:35:53.865 D/BluetoothDatabase( 673): start()
03-31 16:35:53.907 D/BluetoothDatabase( 673): Load Database
03-31 16:35:53.908 I/BluetoothAdapterService( 673): Phone policy enabled
03-31 16:35:53.914 D/BluetoothActiveDeviceManager( 673): start()
03-31 16:35:53.940 D/CCodecBufferChannel( 824): [c2.android.vorbis.decoder#83] MediaCodec discarded an unknown buffer
03-31 16:35:53.940 D/CCodecBufferChannel( 824): [c2.android.vorbis.decoder#83] MediaCodec discarded an unknown buffer
03-31 16:35:53.944 I/hw-BpHwBinder( 824): onLastStrongRef automatically unlinking death recipients
03-31 16:35:53.952 D/BluetoothActiveDeviceManager( 673): onAudioDevicesAdded
03-31 16:35:53.953 D/BluetoothActiveDeviceManager( 673): Audio device added: DBBOX-A2 type: 2
03-31 16:35:53.954 D/BluetoothActiveDeviceManager( 673): Audio device added: DBBOX-A2 type: 15
03-31 16:35:53.954 D/BluetoothActiveDeviceManager( 673): Audio device added: DBBOX-A2 type: 25
03-31 16:35:53.955 D/BluetoothAdapterService( 673): setAdapterService() - trying to set service to com.android.bluetooth.btservice.AdapterService@9e45057
03-31 16:35:53.971 D/BluetoothAdapterService( 673): onBind()
03-31 16:35:54.005 D/CCodecBufferChannel( 824): [c2.android.vorbis.decoder#363] MediaCodec discarded an unknown buffer
03-31 16:35:54.005 D/CCodecBufferChannel( 824): [c2.android.vorbis.decoder#363] MediaCodec discarded an unknown buffer
03-31 16:35:54.007 I/hw-BpHwBinder( 824): onLastStrongRef automatically unlinking death recipients
03-31 16:35:54.008 I/hw-BpHwBinder( 387): onLastStrongRef automatically unlinking death recipients
03-31 16:35:54.050 D/BluetoothDatabase( 673): compactLastConnectionTime: Compacting metadata after load
