03-31 16:35:54.050 D/BluetoothDatabase( 673): compactLastConnectionTime: Setting last_active_item for device: C9:B5:96:5C:E3:ED from 5 to 0
03-31 16:35:54.051 D/BluetoothDatabase( 673): updateDatabase C9:B5:96:5C:E3:ED
03-31 16:35:54.051 I/BluetoothDatabase( 673): cacheMetadata
03-31 16:35:54.051 V/BluetoothDatabase( 673): cacheMetadata: found device C9:B5:96:5C:E3:ED
03-31 16:35:54.051 V/BluetoothDatabase( 673): cacheMetadata: found device LocalStorage
03-31 16:35:54.051 I/BluetoothDatabase( 673): cacheMetadata: Database is ready
03-31 16:35:54.054 W/AlarmManager( 680): Unrecognized alarm listener com.android.systemui.keyguard.KeyguardSliceProvider$$ExternalSyntheticLambda0@d02346b
03-31 16:35:54.068 I/EventThread( 263): type=1400 audit(0.0:360): avc: denied { search } for name="extcon" dev="sysfs" ino=18102 scontext=u:r:hal_tv_cec_default:s0 tcontext=u:object_r:sysfs_extcon:s0 tclass=dir permissive=1
03-31 16:35:54.093 V/SystemUIService( 680): SystemUIApplication created.
03-31 16:35:54.099 D/SystemUIBootTiming( 680): DependencyInjection took to complete: 1ms
03-31 16:35:54.101 D/SystemUIService( 680): is homlet
03-31 16:35:54.102 I/SystemUIService( 680): Found SurfaceFlinger's GPU Priority: 12545
01-01 08:00:23.944 I/WCN ( 344): WCND at cmd read:WCN_VER:Platform Version:MARLIN3E_23A_W25.45.3~Project Version:uwe5623_marlin3E_ott~11-05-2025 10:59:22~
01-01 08:00:23.959 I/WCN ( 33): switch_cp2_log - close entry!
01-01 08:00:23.967 I/WCN ( 344): WCND at cmd read:OK
01-01 08:00:23.972 I/WCN ( 667): then marlin download finished and run ok
03-31 16:35:54.136 I/wifi@1.0-servic( 667): type=1400 audit(0.0:361): avc: denied { search } for name="wifi" dev="mmcblk0p25" ino=54 scontext=u:r:hal_wifi_default:s0 tcontext=u:object_r:wifi_data_file:s0 tclass=dir permissive=1
03-31 16:35:54.140 I/xiriservice_All( 324): type=1400 audit(0.0:362): avc: denied { read } for scontext=u:r:init:s0 tcontext=u:r:init:s0 tclass=netlink_kobject_uevent_socket permissive=1
03-31 16:35:54.147 D/XM_HIDREAD( 317): add@ add@/devices/platform/unisoc_wifi/wakeup/wakeup25
01-01 08:00:24.007 E/sprdwl ( 667): __sprdwl_cmd_getbuf cant't get vif, ctx_id: 0
01-01 08:00:24.022 I/WCN ( 344): WCND at cmd read:3
03-31 16:35:54.192 D/CCodecBufferChannel( 479): [c2.android.vorbis.decoder#901] MediaCodec discarded an unknown buffer
03-31 16:35:54.192 D/CCodecBufferChannel( 479): [c2.android.vorbis.decoder#901] MediaCodec discarded an unknown buffer
03-31 16:35:54.192 D/CCodecBufferChannel( 479): [c2.android.vorbis.decoder#901] MediaCodec discarded an unknown buffer
03-31 16:35:54.195 D/CCodecBufferChannel( 479): [c2.android.vorbis.decoder#453] MediaCodec discarded an unknown buffer
03-31 16:35:54.195 D/CCodecBufferChannel( 479): [c2.android.vorbis.decoder#453] MediaCodec discarded an unknown buffer
03-31 16:35:54.195 D/CCodecBufferChannel( 479): [c2.android.vorbis.decoder#453] MediaCodec discarded an unknown buffer
03-31 16:35:54.196 I/hw-BpHwBinder( 479): onLastStrongRef automatically unlinking death recipients
03-31 16:35:54.200 I/hw-BpHwBinder( 479): onLastStrongRef automatically unlinking death recipients
03-31 16:35:54.200 I/hw-BpHwBinder( 387): onLastStrongRef automatically unlinking death recipients
03-31 16:35:54.203 V/C2Store ( 387): in ~ComponentModule
03-31 16:35:54.203 V/C2Store ( 387): unloading dll
01-01 08:00:24.044 I/WCN ( 667): get_board_ant_num [three_ant]
01-01 08:00:24.050 E/ ( 667): wifi ini path = /vendor/etc/wifi_56630001_3ant.ini
01-01 08:00:24.061 E/sprdwl ( 667): __sprdwl_cmd_getbuf cant't get vif, ctx_id: 0
03-31 16:35:54.232 V/SystemUIService( 680): Starting SystemUI services for user 0.
03-31 16:35:54.235 D/SystemUIService( 680): loading: com.android.systemui.util.NotificationChannels
03-31 16:35:54.236 D/SystemUIService( 680): running: com.android.systemui.util.NotificationChannels@3a92236
03-31 16:35:54.238 D/MediaCodecList( 479): codecHandlesFormat: no format, so no extra checks
03-31 16:35:54.241 D/MediaCodecList( 479): codecHandlesFormat: no format, so no extra checks
03-31 16:35:54.242 D/CCodec ( 479): allocate(c2.android.vorbis.decoder)
01-01 08:00:24.072 E/sprdwl ( 667): __sprdwl_cmd_getbuf cant't get vif, ctx_id: 0
03-31 16:35:54.243 V/C2Store ( 387): in init
03-31 16:35:54.243 V/C2Store ( 387): loading dll
03-31 16:35:54.245 D/SystemUIBootTiming( 680): StartServicescom.android.systemui.util.NotificationChannels took to complete: 10ms
03-31 16:35:54.246 D/SystemUIService( 680): loading: com.android.systemui.oranth.ManagerService
03-31 16:35:54.247 E/SELinux ( 182): avc: denied { find } for pid=680 uid=10062 name=oranth_manager scontext=u:r:platform_app:s0:c512,c768 tcontext=u:object_r:default_android_service:s0 tclass=service_manager permissive=1
03-31 16:35:54.248 I/CCodec ( 479): Created component [c2.android.vorbis.decoder]
03-31 16:35:54.249 D/CCodecConfig( 479): read media type: audio/vorbis
03-31 16:35:54.249 D/SystemUIService( 680): running: com.android.systemui.oranth.ManagerService@4fb9aa4
03-31 16:35:54.249 I/ManagerService( 680): -------------------- oranth manager service ---------
03-31 16:35:54.249 D/SystemUIBootTiming( 680): StartServicescom.android.systemui.oranth.ManagerService took to complete: 3ms
03-31 16:35:54.249 D/SystemUIBootTiming( 680): StartServices took to complete: 14ms
03-31 16:35:54.252 D/ReflectedParamUpdater( 479): extent() != 1 for single value type: algo.buffers.max-count.values
03-31 16:35:54.253 D/ReflectedParamUpdater( 479): extent() != 1 for single value type: output.subscribed-indices.values
03-31 16:35:54.253 D/ReflectedParamUpdater( 479): extent() != 1 for single value type: input.buffers.allocator-ids.values
03-31 16:35:54.253 D/ReflectedParamUpdater( 479): extent() != 1 for single value type: output.buffers.allocator-ids.values
03-31 16:35:54.253 D/ReflectedParamUpdater( 479): extent() != 1 for single value type: algo.buffers.allocator-ids.values
03-31 16:35:54.253 D/ReflectedParamUpdater( 479): extent() != 1 for single value type: output.buffers.pool-ids.values
03-31 16:35:54.253 D/ReflectedParamUpdater( 479): extent() != 1 for single value type: algo.buffers.pool-ids.values
03-31 16:35:54.256 I/CCodecConfig( 479): query failed after returning 7 values (BAD_INDEX)
03-31 16:35:54.257 D/CCodecConfig( 479): c2 config diff is Dict {
03-31 16:35:54.257 D/CCodecConfig( 479): c2::u32 coded.bitrate.value = 64000
03-31 16:35:54.257 D/CCodecConfig( 479): c2::u32 input.buffers.max-size.value = 32768
03-31 16:35:54.257 D/CCodecConfig( 479): c2::u32 input.delay.value = 0
03-31 16:35:54.257 D/CCodecConfig( 479): string input.media-type.value = "audio/vorbis"
03-31 16:35:54.257 D/CCodecConfig( 479): string output.media-type.value = "audio/raw"
03-31 16:35:54.257 D/CCodecConfig( 479): c2::u32 raw.channel-count.value = 1
03-31 16:35:54.257 D/CCodecConfig( 479): c2::u32 raw.sample-rate.value = 48000
03-31 16:35:54.257 D/CCodecConfig( 479): }
03-31 16:35:54.258 D/CCodec ( 479): [c2.android.vorbis.decoder] buffers are bound to CCodec for this session
03-31 16:35:54.258 D/CCodecConfig( 479): no c2 equivalents for durationUs
03-31 16:35:54.258 D/CCodecConfig( 479): no c2 equivalents for track-id
03-31 16:35:54.258 D/CCodecConfig( 479): no c2 equivalents for csd-1
03-31 16:35:54.258 D/CCodecConfig( 479): no c2 equivalents for channel-mask
03-31 16:35:54.258 D/CCodecConfig( 479): no c2 equivalents for flags
03-31 16:35:54.259 D/CCodecConfig( 479): c2 config diff is c2::u32 coded.bitrate.value = 499821
03-31 16:35:54.259 D/CCodecConfig( 479): c2::u32 raw.channel-count.value = 2
03-31 16:35:54.259 D/CCodecConfig( 479): c2::u32 raw.sample-rate.value = 44100
03-31 16:35:54.261 W/Codec2Client( 479): query -- param skipped: index = 1107298332.
03-31 16:35:54.261 D/CCodec ( 479): setup formats input: AMessage(what = 0x00000000) = {
03-31 16:35:54.261 D/CCodec ( 479): int32_t bitrate = 499821
03-31 16:35:54.261 D/CCodec ( 479): int32_t channel-count = 2
03-31 16:35:54.261 D/CCodec ( 479): int32_t max-input-size = 32768
03-31 16:35:54.261 D/CCodec ( 479): string mime = "audio/vorbis"
03-31 16:35:54.261 D/CCodec ( 479): int32_t sample-rate = 44100
03-31 16:35:54.261 D/CCodec ( 479): }
03-31 16:35:54.261 D/CCodec ( 479): setup formats output: AMessage(what = 0x00000000) = {
03-31 16:35:54.261 D/CCodec ( 479): int32_t channel-count = 2
03-31 16:35:54.261 D/CCodec ( 479): string mime = "audio/raw"
03-31 16:35:54.261 D/CCodec ( 479): int32_t sample-rate = 44100
03-31 16:35:54.261 D/CCodec ( 479): int32_t channel-mask = 3
03-31 16:35:54.261 D/CCodec ( 479): }
03-31 16:35:54.262 I/CCodecConfig( 479): query failed after returning 7 values (BAD_INDEX)
03-31 16:35:54.264 I/FalsingManager( 680): xdpi, ydpi: 0.16, 0.16
03-31 16:35:54.264 I/FalsingManager( 680): width, height: 1920, 1080
03-31 16:35:54.265 W/Codec2Client( 479): query -- param skipped: index = 1342179345.
03-31 16:35:54.265 W/Codec2Client( 479): query -- param skipped: index = 2415921170.
03-31 16:35:54.267 D/CCodecBufferChannel( 479): [c2.android.vorbis.decoder#957] Created input block pool with allocatorID 16 => poolID 19 - OK (0)
03-31 16:35:54.269 I/CCodecBufferChannel( 479): [c2.android.vorbis.decoder#957] Created output block pool with allocatorID 16 => poolID 21 - OK
03-31 16:35:54.269 D/CCodecBufferChannel( 479): [c2.android.vorbis.decoder#957] Configured output block pool ids 21 => OK
03-31 16:35:54.271 D/CCodec ( 479): allocate(c2.android.vorbis.decoder)
01-01 08:00:24.097 E/sprdwl ( 667): sprdwl_get_fw_info, drv_version=1, fw_version=2, compat_ver=0
01-01 08:00:24.107 E/sprdwl ( 667): chip_model:0x2355, chip_ver:0x0
03-31 16:35:54.272 I/SharedPreferenc( 680): type=1400 audit(0.0:363): avc: denied { open } for path="/data/user_de/0/com.android.systemui/shared_prefs/plugin_prefs.xml" dev="mmcblk0p25" ino=2202 scontext=u:r:platform_app:s0:c512,c768 tcontext=u:object_r:app_data_file:s0:c512,c768 tclass=file permissive=1 app=com.softwinner.screenshot
03-31 16:35:54.276 I/CCodec ( 479): Created component [c2.android.vorbis.decoder]
03-31 16:35:54.277 D/CCodecConfig( 479): read media type: audio/vorbis
03-31 16:35:54.278 D/SimpleC2Component( 387): Using output block pool with poolID 21 => got 21 - 0
01-01 08:00:24.114 E/sprdwl ( 667): fw_ver:0, fw_std:0x5b, fw_capa:0x120f7f
01-01 08:00:24.121 E/sprdwl ( 667): mac_addr:b4:2f:03:15:e4:ce
03-31 16:35:54.292 D/ReflectedParamUpdater( 479): extent() != 1 for single value type: algo.buffers.max-count.values
03-31 16:35:54.293 D/ReflectedParamUpdater( 479): extent() != 1 for single value type: output.subscribed-indices.values
03-31 16:35:54.293 D/ReflectedParamUpdater( 479): extent() != 1 for single value type: input.buffers.allocator-ids.values
03-31 16:35:54.293 D/ReflectedParamUpdater( 479): extent() != 1 for single value type: output.buffers.allocator-ids.values
03-31 16:35:54.294 D/ReflectedParamUpdater( 479): extent() != 1 for single value type: algo.buffers.allocator-ids.values
03-31 16:35:54.294 D/ReflectedParamUpdater( 479): extent() != 1 for single value type: output.buffers.pool-ids.values
03-31 16:35:54.294 D/ReflectedParamUpdater( 479): extent() != 1 for single value type: algo.buffers.pool-ids.values
01-01 08:00:24.129 E/sprdwl ( 667): credit_capa:TX_WITH_CREDIT, extend_feature:0x43
03-31 16:35:54.297 I/CCodecConfig( 479): query failed after returning 7 values (BAD_INDEX)
03-31 16:35:54.297 D/CCodecConfig( 479): c2 config diff is Dict {
03-31 16:35:54.297 D/CCodecConfig( 479): c2::u32 coded.bitrate.value = 64000
03-31 16:35:54.297 D/CCodecConfig( 479): c2::u32 input.buffers.max-size.value = 32768
03-31 16:35:54.297 D/CCodecConfig( 479): c2::u32 input.delay.value = 0
03-31 16:35:54.297 D/CCodecConfig( 479): string input.media-type.value = "audio/vorbis"
03-31 16:35:54.297 D/CCodecConfig( 479): string output.media-type.value = "audio/raw"
03-31 16:35:54.297 D/CCodecConfig( 479): c2::u32 raw.channel-count.value = 1
03-31 16:35:54.297 D/CCodecConfig( 479): c2::u32 raw.sample-rate.value = 48000
03-31 16:35:54.297 D/CCodecConfig( 479): }
01-01 08:00:24.137 E/sprdwl ( 667): ott support:1
03-31 16:35:54.303 D/XM_HIDREAD( 317): add@ add@/devices/platform/unisoc_wifi/ieee80211/phy0
03-31 16:35:54.301 D/CCodec ( 479): [c2.android.vorbis.decoder] buffers are bound to CCodec for this session
03-31 16:35:54.306 D/CCodecConfig( 479): no c2 equivalents for durationUs
03-31 16:35:54.306 D/CCodecConfig( 479): no c2 equivalents for track-id
03-31 16:35:54.306 D/CCodecConfig( 479): no c2 equivalents for csd-1
03-31 16:35:54.306 D/CCodecConfig( 479): no c2 equivalents for channel-mask
03-31 16:35:54.306 D/CCodecConfig( 479): no c2 equivalents for flags
03-31 16:35:54.307 D/XM_HIDREAD( 317): add@ add@/devices/platform/unisoc_wifi/ieee80211/phy0/rfkill2
03-31 16:35:54.310 D/CCodecConfig( 479): c2 config diff is c2::u32 coded.bitrate.value = 499821
03-31 16:35:54.310 D/CCodecConfig( 479): c2::u32 raw.channel-count.value = 2
03-31 16:35:54.310 D/CCodecConfig( 479): c2::u32 raw.sample-rate.value = 44100
03-31 16:35:54.310 W/ServiceManager( 479): Permission failure: android.permission.HIGH_SAMPLING_RATE_SENSORS from uid=10062 pid=680
03-31 16:35:54.312 W/Codec2Client( 479): query -- param skipped: index = 1107298332.
03-31 16:35:54.312 D/CCodec ( 479): setup formats input: AMessage(what = 0x00000000) = {
03-31 16:35:54.312 D/CCodec ( 479): int32_t bitrate = 499821
03-31 16:35:54.312 D/CCodec ( 479): int32_t channel-count = 2
03-31 16:35:54.312 D/CCodec ( 479): int32_t max-input-size = 32768
03-31 16:35:54.312 D/CCodec ( 479): string mime = "audio/vorbis"
03-31 16:35:54.312 D/CCodec ( 479): int32_t sample-rate = 44100
03-31 16:35:54.312 D/CCodec ( 479): }
03-31 16:35:54.312 D/CCodec ( 479): setup formats output: AMessage(what = 0x00000000) = {
03-31 16:35:54.312 D/CCodec ( 479): int32_t channel-count = 2
03-31 16:35:54.312 D/CCodec ( 479): string mime = "audio/raw"
03-31 16:35:54.312 D/CCodec ( 479): int32_t sample-rate = 44100
03-31 16:35:54.312 D/CCodec ( 479): int32_t channel-mask = 3
03-31 16:35:54.312 D/CCodec ( 479): }
03-31 16:35:54.313 I/CCodecConfig( 479): query failed after returning 7 values (BAD_INDEX)
03-31 16:35:54.314 W/Codec2Client( 479): query -- param skipped: index = 1342179345.
03-31 16:35:54.314 W/Codec2Client( 479): query -- param skipped: index = 2415921170.
03-31 16:35:54.315 D/CCodecBufferChannel( 479): [c2.android.vorbis.decoder#296] Created input block pool with allocatorID 16 => poolID 20 - OK (0)
01-01 08:00:24.147 E/sprdwl ( 667): __sprdwl_cmd_getbuf cant't get vif, ctx_id: 0
03-31 16:35:54.319 I/CCodecBufferChannel( 479): [c2.android.vorbis.decoder#296] Created output block pool with allocatorID 16 => poolID 22 - OK
03-31 16:35:54.320 D/CCodecBufferChannel( 479): [c2.android.vorbis.decoder#296] Configured output block pool ids 22 => OK
03-31 16:35:54.325 D/SimpleC2Component( 387): Using output block pool with poolID 22 => got 22 - 0
03-31 16:35:54.332 D/XM_HIDREAD( 317): add@ add@/devices/platform/unisoc_wifi/net/wlan0
03-31 16:35:54.332 D/XM_HIDREAD( 317): add@ add@/devices/platform/unisoc_wifi/net/wlan0/queues/rx-0
03-31 16:35:54.332 D/XM_HIDREAD( 317): add@ add@/devices/platform/unisoc_wifi/net/wlan0/queues/tx-0
03-31 16:35:54.339 D/NavigationModeController( 680): getCurrentUserContext: contextUser=0 currentUser=0
03-31 16:35:54.340 D/NavigationModeController( 680): getCurrentInteractionMode: mode=0 contextUser=0
03-31 16:35:54.340 D/NavigationModeController( 680): updateCurrentInteractionMode: mode=0
03-31 16:35:54.340 D/NavigationModeController( 680): contextUser=0
03-31 16:35:54.341 D/NavigationModeController( 680): assetPaths=
03-31 16:35:54.342 D/NavigationModeController( 680): and /system/framework/framework-res.apk
03-31 16:35:54.343 D/NavigationModeController( 680): /vendor/overlay/framework-res__auto_generated_rro_vendor.apk
03-31 16:35:54.344 D/NavigationModeController( 680): /product/overlay/AwAccentColor/AwAccentColorOverlay.apk
03-31 16:35:54.344 D/NavigationModeController( 680): /product/overlay/AwIconShape/AwIconShapeOverlay.apk
03-31 16:35:54.344 D/NavigationModeController( 680): and /system/system_ext/priv-app/SystemUI/SystemUI.apk
03-31 16:35:54.345 W/PppoeNetworkFactory( 479): interfaceAdded
03-31 16:35:54.346 D/XM_HIDREAD( 317): add@ add@/devices/platform/unisoc_wifi/net/wlan1
03-31 16:35:54.347 I/Tethering( 762): adding IpServer for: wlan0
01-01 08:00:24.172 W/unisoc_wifi wlan0( 667): mixed HW and IP checksum settings.
03-31 16:35:54.352 D/XM_HIDREAD( 317): add@ add@/devices/platform/unisoc_wifi/net/wlan1/queues/rx-0
03-31 16:35:54.352 D/XM_HIDREAD( 317): add@ add@/devices/platform/unisoc_wifi/net/wlan1/queues/tx-0
03-31 16:35:54.353 D/NavigationModeController( 680): getCurrentInteractionMode: mode=0 contextUser=0
03-31 16:35:54.354 I/EthernetTracker( 479): interfaceLinkStateChanged, iface: wlan0, up: false
03-31 16:35:54.354 W/PppoeNetworkFactory( 479): interfaceLinkStateChanged
03-31 16:35:54.355 D/PppoeNetworkFactory( 479): updateInterface: mIface: mPhyIface:eth0 iface:wlan0 link:down
03-31 16:35:54.355 D/PppoeNetworkFactory( 479): not tracker interface
03-31 16:35:54.355 W/PppoeNetworkFactory( 479): interfaceAdded
03-31 16:35:54.365 I/EthernetTracker( 479): interfaceLinkStateChanged, iface: wlan1, up: false
03-31 16:35:54.366 W/PppoeNetworkFactory( 479): interfaceLinkStateChanged
03-31 16:35:54.366 D/PppoeNetworkFactory( 479): updateInterface: mIface: mPhyIface:eth0 iface:wlan1 link:down
03-31 16:35:54.366 I/Tethering( 762): adding IpServer for: wlan1
03-31 16:35:54.367 D/PppoeNetworkFactory( 479): not tracker interface
01-01 08:00:24.188 W/unisoc_wifi wlan1( 667): mixed HW and IP checksum settings.
01-01 08:00:24.202 E/unisoc_wifi wlan1( 667): netif_napi_add() called with weight 128
03-31 16:35:54.376 D/XM_HIDREAD( 317): add@ add@/module/sprdwl_ng
03-31 16:35:54.376 D/wifi_hal-auto-detect( 667): libwifi hal name: libwifi-hal-sprd.so
03-31 16:35:54.387 I/android.hardware.wifi@1.0-service-lazy( 667): Wifi HAL started
03-31 16:35:54.387 I/WifiService( 479): updateInterfaceIpState uid=1073
03-31 16:35:54.387 I/HidlLazyUtils( 667): Process has 1 (of 1 available) client(s) in use after notification android.hardware.wifi@1.5::IWifi/default has clients: 1
03-31 16:35:54.392 I/WifiService( 479): updateInterfaceIpState uid=1073
03-31 16:35:54.404 I/droid.bluetoot( 673): Background concurrent copying GC freed 15256(968KB) AllocSpace objects, 5(100KB) LOS objects, 49% free, 2922KB/5844KB, paused 135us total 371.901ms
03-31 16:35:54.413 V/MediaRouter( 680): Selecting route: RouteInfo{ name=手机, description=null, status=null, category=RouteCategory{ name=系统 types=ROUTE_TYPE_LIVE_AUDIO ROUTE_TYPE_LIVE_VIDEO groupable=false }, supportedTypes=ROUTE_TYPE_LIVE_AUDIO ROUTE_TYPE_LIVE_VIDEO , presentationDisplay=null }
03-31 16:35:54.416 I/MediaRouter( 680): Skip setBluetoothA2dpOn(): types=8388615, isPlaybackActive()=false, BT route=null
03-31 16:35:54.421 D/CCodecBufferChannel( 479): [c2.android.vorbis.decoder#957] MediaCodec discarded an unknown buffer
03-31 16:35:54.421 D/CCodecBufferChannel( 479): [c2.android.vorbis.decoder#957] MediaCodec discarded an unknown buffer
03-31 16:35:54.423 D/TvPipController( 680): onImeVisibilityChanged(), visible=false, height=0
03-31 16:35:54.424 D/CCodecBufferChannel( 479): [c2.android.vorbis.decoder#296] MediaCodec discarded an unknown buffer
03-31 16:35:54.424 D/CCodecBufferChannel( 479): [c2.android.vorbis.decoder#296] MediaCodec discarded an unknown buffer
03-31 16:35:54.424 D/TvPipController( 680): onActionsChanged()
03-31 16:35:54.424 D/TvPipMenuController( 680): setAppActions()
03-31 16:35:54.424 I/hw-BpHwBinder( 479): onLastStrongRef automatically unlinking death recipients
03-31 16:35:54.426 D/TvPipController( 680): onImeVisibilityChanged(), visible=false, height=0
03-31 16:35:54.427 D/TvPipController( 680): onActionsChanged()
03-31 16:35:54.427 D/TvPipMenuController( 680): setAppActions()
03-31 16:35:54.428 W/KeyguardUpdateMonitor( 680): invalid subId in handleServiceStateChange()
03-31 16:35:54.430 I/hw-BpHwBinder( 479): onLastStrongRef automatically unlinking death recipients
03-31 16:35:54.430 I/WifiVendorHal( 479): Vendor Hal started successfully
03-31 16:35:54.430 I/hw-BpHwBinder( 387): onLastStrongRef automatically unlinking death recipients
03-31 16:35:54.435 V/C2Store ( 387): in ~ComponentModule
03-31 16:35:54.435 V/C2Store ( 387): unloading dll
03-31 16:35:54.437 W/BestClock( 479): java.time.DateTimeException: Missing NTP fix
03-31 16:35:54.440 I/system_server( 479): Background concurrent copying GC freed 42597(3016KB) AllocSpace objects, 14(832KB) LOS objects, 49% free, 9593KB/18MB, paused 12.421ms total 1.194s
03-31 16:35:54.440 I/system_server( 479): WaitForGcToComplete blocked ClassLinker on Background for 1.032s
03-31 16:35:54.442 W/Looper ( 479): Slow dispatch took 1094ms main h=android.app.ActivityThread$H c=null m=114
03-31 16:35:54.443 W/android.hardware.wifi@1.0-service-lazy( 667): No active wlan interfaces in use! Using default
03-31 16:35:54.443 E/android.hardware.wifi@1.0-service-lazy( 667): Unknown iface name: wlan0
03-31 16:35:54.443 E/android.hardware.wifi@1.0-service-lazy( 667): Unknown iface name: wlan0
03-31 16:35:54.444 I/ServiceWatcher( 479): [fused] connected to {com.android.location.fused/com.android.location.fused.FusedLocationService}
03-31 16:35:54.446 E/WiredAccessoryManager( 479): No state change.
03-31 16:35:54.446 W/WiredAccessoryManager( 479): Both input event and extcon are used for audio jack, please just choose one.
03-31 16:35:54.447 W/System ( 479): A resource failed to call release.
03-31 16:35:54.448 W/System ( 479): A resource failed to call release.
03-31 16:35:54.449 I/WifiHAL ( 667): Initializing wifi
03-31 16:35:54.452 W/TrustManagerService( 479): EXTRA_USER_HANDLE missing or invalid, value=0
03-31 16:35:54.454 I/EthernetTracker( 479): interfaceLinkStateChanged, iface: wlan0, up: true
03-31 16:35:54.454 W/PppoeNetworkFactory( 479): interfaceLinkStateChanged
03-31 16:35:54.454 D/PppoeNetworkFactory( 479): updateInterface: mIface: mPhyIface:eth0 iface:wlan0 link:up
03-31 16:35:54.454 D/PppoeNetworkFactory( 479): not tracker interface
03-31 16:35:54.465 E/WifiHAL ( 667): wifi_get_logger_supported_feature_set: Error -5 happened.
03-31 16:35:54.465 E/WifiHAL ( 667): Failed to get supported logger feature set: -5
03-31 16:35:54.466 D/MediaCodecList( 479): codecHandlesFormat: no format, so no extra checks
03-31 16:35:54.466 E/WifiHAL ( 667): wifi_get_firmware_version: Error -5 happened.
03-31 16:35:54.466 E/WifiHAL ( 667): Failed to get supported logger feature set: -5
03-31 16:35:54.466 E/WifiHAL ( 667): get_firmware_bus_max_size_supported: requestResponse Error:-3
03-31 16:35:54.466 E/WifiHAL ( 667): Failed to get supported bus size, error : -3
03-31 16:35:54.466 E/WifiHAL ( 667): wifi_logger_ring_buffers_init: Ring buffer logging feature not supported 0
03-31 16:35:54.466 E/WifiHAL ( 667): Wifi Logger Ring Initialization Failed
03-31 16:35:54.467 E/WifiHAL ( 667): wifiGetCapabilities: Failed to send request, Error:-5
01-01 08:00:24.293 I/ieee80211 phy0( 667): sprdwl_vendor_get_support_feature
03-31 16:35:54.467 I/netd ( 243): trafficSwapActiveStatsMap() <29.37ms>
03-31 16:35:54.468 E/WifiHAL ( 667): Failed to get wifi Capabilities, error: -5
03-31 16:35:54.468 I/android.hardware.wifi@1.0-service-lazy( 667): Adding interface handle for wlan1
03-31 16:35:54.468 I/android.hardware.wifi@1.0-service-lazy( 667): Adding interface handle for wlan0
03-31 16:35:54.468 W/android.hardware.wifi@1.0-service-lazy( 667): No active wlan interfaces in use! Using default
03-31 16:35:54.472 W/android.hardware.wifi@1.0-service-lazy( 667): No active wlan interfaces in use! Using default
03-31 16:35:54.472 E/WifiHAL ( 667): wifi_get_driver_version: Error -5 happened.
03-31 16:35:54.472 E/android.hardware.wifi@1.0-service-lazy( 667): Failed to get driver version: INVALID_ARGS
03-31 16:35:54.472 I/android.hardware.wifi@1.0-service-lazy( 667): Configured chip in mode 3
03-31 16:35:54.472 W/android.hardware.wifi@1.0-service-lazy( 667): No active wlan interfaces in use! Using default
03-31 16:35:54.473 D/HalDevMgr( 479): updateRttController: no one is interested in RTT controllers
03-31 16:35:54.474 D/WifiHAL ( 667): wifi_virtual_interface_create: ifname=wlan0 create
03-31 16:35:54.474 I/android.hardware.wifi@1.0-service-lazy( 667): Adding interface handle for wlan1
03-31 16:35:54.474 I/android.hardware.wifi@1.0-service-lazy( 667): Adding interface handle for wlan0
03-31 16:35:54.474 D/CCodec ( 479): allocate(c2.android.vorbis.decoder)
03-31 16:35:54.474 E/android.hardware.wifi@1.0-service-lazy( 667): Failed to set DFS flag; DFS channels may be unavailable.
03-31 16:35:54.475 V/C2Store ( 387): in init
03-31 16:35:54.475 V/C2Store ( 387): loading dll
03-31 16:35:54.477 I/netd ( 243): tetherGetStats() -> {[]} <3.76ms>
03-31 16:35:54.481 W/BestClock( 479): java.time.DateTimeException: Missing NTP fix
03-31 16:35:54.481 I/CCodec ( 479): Created component [c2.android.vorbis.decoder]
03-31 16:35:54.482 D/CCodecConfig( 479): read media type: audio/vorbis
03-31 16:35:54.486 W/IorapForwardingService( 479): No service published for: iorapd
03-31 16:35:54.486 D/ReflectedParamUpdater( 479): extent() != 1 for single value type: algo.buffers.max-count.values
03-31 16:35:54.486 D/ReflectedParamUpdater( 479): extent() != 1 for single value type: output.subscribed-indices.values
03-31 16:35:54.487 D/ReflectedParamUpdater( 479): extent() != 1 for single value type: input.buffers.allocator-ids.values
03-31 16:35:54.487 D/ReflectedParamUpdater( 479): extent() != 1 for single value type: output.buffers.allocator-ids.values
03-31 16:35:54.487 D/ReflectedParamUpdater( 479): extent() != 1 for single value type: algo.buffers.allocator-ids.values
03-31 16:35:54.487 D/ReflectedParamUpdater( 479): extent() != 1 for single value type: output.buffers.pool-ids.values
03-31 16:35:54.488 D/ReflectedParamUpdater( 479): extent() != 1 for single value type: algo.buffers.pool-ids.values
03-31 16:35:54.488 I/WifiHAL ( 667): mpdu_size_threshold : 128, aggressive_statistics_gathering : 0
03-31 16:35:54.488 E/WifiHAL ( 667): wifi_set_link_stats: requestResponse Error:-5
03-31 16:35:54.489 I/SystemServerTiming( 479): ManagedServices.unbindOtherUserServices_current0
03-31 16:35:54.489 D/SystemServerTiming( 479): ManagedServices.unbindOtherUserServices_current0 took to complete: 0ms
03-31 16:35:54.489 I/SystemServerTiming( 479): ManagedServices.unbindOtherUserServices_current0
03-31 16:35:54.489 D/SystemServerTiming( 479): ManagedServices.unbindOtherUserServices_current0 took to complete: 0ms
03-31 16:35:54.490 I/SystemServerTiming( 479): ManagedServices.unbindOtherUserServices_current0
03-31 16:35:54.490 D/SystemServerTiming( 479): ManagedServices.unbindOtherUserServices_current0 took to complete: 0ms
03-31 16:35:54.490 E/WifiVendorHal( 479): enableLinkLayerStats(l.1461) failed {.code = ERROR_INVALID_ARGS, .description = }
03-31 16:35:54.490 E/WifiVendorHal( 479): unable to enable link layer stats collection
03-31 16:35:54.490 D/WifiNl80211Manager( 479): Setting up interface for client mode: wlan0
03-31 16:35:54.490 V/NotificationAssistants( 479): enabling notification assistant for 0: ComponentInfo{android.ext.services/android.ext.services.notification.Assistant}
03-31 16:35:54.491 V/NotificationAssistants( 479): binding: Intent { act=android.service.notification.NotificationAssistantService cmp=android.ext.services/.notification.Assistant (has extras) }
03-31 16:35:54.491 I/CCodecConfig( 479): query failed after returning 7 values (BAD_INDEX)
03-31 16:35:54.492 D/CCodecConfig( 479): c2 config diff is Dict {
03-31 16:35:54.492 D/CCodecConfig( 479): c2::u32 coded.bitrate.value = 64000
03-31 16:35:54.492 D/CCodecConfig( 479): c2::u32 input.buffers.max-size.value = 32768
03-31 16:35:54.492 D/CCodecConfig( 479): c2::u32 input.delay.value = 0
03-31 16:35:54.492 D/CCodecConfig( 479): string input.media-type.value = "audio/vorbis"
03-31 16:35:54.492 D/CCodecConfig( 479): string output.media-type.value = "audio/raw"
03-31 16:35:54.492 D/CCodecConfig( 479): c2::u32 raw.channel-count.value = 1
03-31 16:35:54.492 D/CCodecConfig( 479): c2::u32 raw.sample-rate.value = 48000
03-31 16:35:54.492 D/CCodecConfig( 479): }
03-31 16:35:54.493 D/CCodec ( 479): [c2.android.vorbis.decoder] buffers are bound to CCodec for this session
03-31 16:35:54.493 D/CCodecConfig( 479): no c2 equivalents for durationUs
03-31 16:35:54.493 D/CCodecConfig( 479): no c2 equivalents for track-id
03-31 16:35:54.493 D/CCodecConfig( 479): no c2 equivalents for csd-1
03-31 16:35:54.493 D/CCodecConfig( 479): no c2 equivalents for channel-mask
03-31 16:35:54.493 D/CCodecConfig( 479): no c2 equivalents for flags
03-31 16:35:54.494 I/wificond( 365): createClientInterface: wiphy_index 0 iface_name wlan0
03-31 16:35:54.494 D/CCodecConfig( 479): c2 config diff is c2::u32 coded.bitrate.value = 499821
03-31 16:35:54.494 D/CCodecConfig( 479): c2::u32 raw.channel-count.value = 2
03-31 16:35:54.494 D/CCodecConfig( 479): c2::u32 raw.sample-rate.value = 44100
03-31 16:35:54.496 W/BestClock( 479): java.time.DateTimeException: Missing NTP fix
03-31 16:35:54.496 W/Codec2Client( 479): query -- param skipped: index = 1107298332.
03-31 16:35:54.496 D/CCodec ( 479): setup formats input: AMessage(what = 0x00000000) = {
03-31 16:35:54.496 D/CCodec ( 479): int32_t bitrate = 499821
03-31 16:35:54.496 D/CCodec ( 479): int32_t channel-count = 2
03-31 16:35:54.496 D/CCodec ( 479): int32_t max-input-size = 32768
03-31 16:35:54.496 D/CCodec ( 479): string mime = "audio/vorbis"
03-31 16:35:54.496 D/CCodec ( 479): int32_t sample-rate = 44100
03-31 16:35:54.496 D/CCodec ( 479): }
03-31 16:35:54.496 D/CCodec ( 479): setup formats output: AMessage(what = 0x00000000) = {
03-31 16:35:54.496 D/CCodec ( 479): int32_t channel-count = 2
03-31 16:35:54.496 D/CCodec ( 479): string mime = "audio/raw"
03-31 16:35:54.496 D/CCodec ( 479): int32_t sample-rate = 44100
03-31 16:35:54.496 D/CCodec ( 479): int32_t channel-mask = 3
03-31 16:35:54.496 D/CCodec ( 479): }
03-31 16:35:54.497 I/CCodecConfig( 479): query failed after returning 7 values (BAD_INDEX)
03-31 16:35:54.497 D/MediaCodecList( 479): codecHandlesFormat: no format, so no extra checks
03-31 16:35:54.497 I/wificond( 365): create scanner for interface with index: 14
03-31 16:35:54.497 I/wificond( 365): subscribe scan result for interface with index: 14
03-31 16:35:54.500 W/Codec2Client( 479): query -- param skipped: index = 1342179345.
03-31 16:35:54.500 W/Codec2Client( 479): query -- param skipped: index = 2415921170.
03-31 16:35:54.503 D/CCodec ( 479): allocate(c2.android.vorbis.decoder)
03-31 16:35:54.504 D/CCodecBufferChannel( 479): [c2.android.vorbis.decoder#352] Created input block pool with allocatorID 16 => poolID 21 - OK (0)
03-31 16:35:54.505 I/wificond( 365): add channel type 0 support at wiphy index: 0
03-31 16:35:54.506 I/CCodecBufferChannel( 479): [c2.android.vorbis.decoder#352] Created output block pool with allocatorID 16 => poolID 23 - OK
03-31 16:35:54.506 D/CCodecBufferChannel( 479): [c2.android.vorbis.decoder#352] Configured output block pool ids 23 => OK
03-31 16:35:54.506 I/wificond( 365): add channel type 1 support at wiphy index: 0
03-31 16:35:54.507 I/CCodec ( 479): Created component [c2.android.vorbis.decoder]
03-31 16:35:54.508 D/CCodecConfig( 479): read media type: audio/vorbis
03-31 16:35:54.512 D/SimpleC2Component( 387): Using output block pool with poolID 23 => got 23 - 0
03-31 16:35:54.512 D/ReflectedParamUpdater( 479): extent() != 1 for single value type: algo.buffers.max-count.values
03-31 16:35:54.513 D/ReflectedParamUpdater( 479): extent() != 1 for single value type: output.subscribed-indices.values
03-31 16:35:54.513 D/ReflectedParamUpdater( 479): extent() != 1 for single value type: input.buffers.allocator-ids.values
03-31 16:35:54.513 D/ReflectedParamUpdater( 479): extent() != 1 for single value type: output.buffers.allocator-ids.values
03-31 16:35:54.513 D/ReflectedParamUpdater( 479): extent() != 1 for single value type: algo.buffers.allocator-ids.values
03-31 16:35:54.514 D/ReflectedParamUpdater( 479): extent() != 1 for single value type: output.buffers.pool-ids.values
03-31 16:35:54.514 D/ReflectedParamUpdater( 479): extent() != 1 for single value type: algo.buffers.pool-ids.values
03-31 16:35:54.517 I/CCodecConfig( 479): query failed after returning 7 values (BAD_INDEX)
03-31 16:35:54.517 D/CCodecConfig( 479): c2 config diff is Dict {
03-31 16:35:54.517 D/CCodecConfig( 479): c2::u32 coded.bitrate.value = 64000
03-31 16:35:54.517 D/CCodecConfig( 479): c2::u32 input.buffers.max-size.value = 32768
03-31 16:35:54.517 D/CCodecConfig( 479): c2::u32 input.delay.value = 0
03-31 16:35:54.517 D/CCodecConfig( 479): string input.media-type.value = "audio/vorbis"
03-31 16:35:54.517 D/CCodecConfig( 479): string output.media-type.value = "audio/raw"
03-31 16:35:54.517 D/CCodecConfig( 479): c2::u32 raw.channel-count.value = 1
03-31 16:35:54.517 D/CCodecConfig( 479): c2::u32 raw.sample-rate.value = 48000
03-31 16:35:54.517 D/CCodecConfig( 479): }
03-31 16:35:54.519 D/CCodec ( 479): [c2.android.vorbis.decoder] buffers are bound to CCodec for this session
03-31 16:35:54.520 D/CCodecConfig( 479): no c2 equivalents for durationUs
03-31 16:35:54.520 D/CCodecConfig( 479): no c2 equivalents for track-id
03-31 16:35:54.520 D/CCodecConfig( 479): no c2 equivalents for csd-1
03-31 16:35:54.520 D/CCodecConfig( 479): no c2 equivalents for channel-mask
03-31 16:35:54.520 D/CCodecConfig( 479): no c2 equivalents for flags
03-31 16:35:54.521 D/CCodecConfig( 479): c2 config diff is c2::u32 coded.bitrate.value = 239920
03-31 16:35:54.521 D/CCodecConfig( 479): c2::u32 raw.sample-rate.value = 44100
03-31 16:35:54.522 W/Codec2Client( 479): query -- param skipped: index = 1107298332.
03-31 16:35:54.523 D/CCodec ( 479): setup formats input: AMessage(what = 0x00000000) = {
03-31 16:35:54.523 D/CCodec ( 479): int32_t bitrate = 239920
03-31 16:35:54.523 D/CCodec ( 479): int32_t channel-count = 1
03-31 16:35:54.523 D/CCodec ( 479): int32_t max-input-size = 32768
03-31 16:35:54.523 D/CCodec ( 479): string mime = "audio/vorbis"
03-31 16:35:54.523 D/CCodec ( 479): int32_t sample-rate = 44100
03-31 16:35:54.523 D/CCodec ( 479): }
03-31 16:35:54.523 D/CCodec ( 479): setup formats output: AMessage(what = 0x00000000) = {
03-31 16:35:54.523 D/CCodec ( 479): int32_t channel-count = 1
03-31 16:35:54.523 D/CCodec ( 479): string mime = "audio/raw"
03-31 16:35:54.523 D/CCodec ( 479): int32_t sample-rate = 44100
03-31 16:35:54.523 D/CCodec ( 479): int32_t channel-mask = 1
03-31 16:35:54.523 D/CCodec ( 479): }
03-31 16:35:54.523 I/CCodecConfig( 479): query failed after returning 7 values (BAD_INDEX)
03-31 16:35:54.523 I/netd ( 243): trafficSwapActiveStatsMap() <27.17ms>
03-31 16:35:54.524 W/Codec2Client( 479): query -- param skipped: index = 1342179345.
03-31 16:35:54.524 W/Codec2Client( 479): query -- param skipped: index = 2415921170.
03-31 16:35:54.527 D/CCodecBufferChannel( 479): [c2.android.vorbis.decoder#968] Created input block pool with allocatorID 16 => poolID 22 - OK (0)
03-31 16:35:54.528 I/netd ( 243): tetherGetStats() -> {[]} <2.69ms>
03-31 16:35:54.529 I/CCodecBufferChannel( 479): [c2.android.vorbis.decoder#968] Created output block pool with allocatorID 16 => poolID 24 - OK
03-31 16:35:54.530 I/netd ( 243): interfaceGetCfg(wlan0) -> {InterfaceConfigurationParcel{ifName: wlan0, hwAddr: b4:2f:03:15:e4:ce, ipv4Addr: 0.0.0.0, prefixLength: 0, flags: [up, broadcast, running, multicast]}} <0.42ms>
03-31 16:35:54.530 D/CCodecBufferChannel( 479): [c2.android.vorbis.decoder#968] Configured output block pool ids 24 => OK
03-31 16:35:54.534 I/WifiNative( 479): Interface state changed on Iface:{Name=wlan0,Id=0,Type=STA_SCAN}, isUp=true
03-31 16:35:54.536 D/SimpleC2Component( 387): Using output block pool with poolID 24 => got 24 - 0
03-31 16:35:54.554 W/BestClock( 479): java.time.DateTimeException: Missing NTP fix
03-31 16:35:54.566 I/WifiNative( 479): Successfully setup Iface:{Name=wlan0,Id=0,Type=STA_SCAN}
03-31 16:35:54.567 W/BestClock( 479): java.time.DateTimeException: Missing NTP fix
03-31 16:35:54.568 E/SupplicantStaIfaceHal( 479): checkHalVersionByInterfaceName: called but mServiceManager is null
03-31 16:35:54.571 W/BestClock( 479): java.time.DateTimeException: Missing NTP fix
03-31 16:35:54.572 E/SupplicantStaIfaceHal( 479): checkHalVersionByInterfaceName: called but mServiceManager is null
03-31 16:35:54.575 W/BestClock( 479): java.time.DateTimeException: Missing NTP fix
03-31 16:35:54.576 W/BestClock( 479): java.time.DateTimeException: Missing NTP fix
03-31 16:35:54.578 E/SupplicantStaIfaceHal( 479): Method getKeyMgmtCapabilities is not supported in existing HAL
03-31 16:35:54.578 E/SupplicantStaIfaceHal( 479): checkHalVersionByInterfaceName: called but mServiceManager is null
01-01 08:00:24.429 I/ieee80211 phy0( 667): sprdwl_vendor_get_support_feature
03-31 16:35:54.603 E/WifiHAL ( 667): wifi_get_logger_supported_feature_set: Error -5 happened.
03-31 16:35:54.610 I/ndroid.systemu( 680): Background concurrent copying GC freed 31513(1396KB) AllocSpace objects, 0(0B) LOS objects, 49% free, 3500KB/7001KB, paused 186us total 623.009ms
03-31 16:35:54.617 E/WifiHAL ( 667): wifi_get_logger_supported_feature_set: Error -5 happened.
01-01 08:00:24.449 I/ieee80211 phy0( 667): sprdwl_vendor_get_support_feature
03-31 16:35:54.631 E/WifiHAL ( 667): wifi_get_logger_supported_feature_set: Error -5 happened.
01-01 08:00:24.461 I/ieee80211 phy0( 667): sprdwl_vendor_get_support_feature
03-31 16:35:54.633 E/SupplicantStaIfaceHal( 479): checkHalVersionByInterfaceName: called but mServiceManager is null
03-31 16:35:54.633 E/SupplicantStaIfaceHal( 479): checkHalVersionByInterfaceName: called but mServiceManager is null
03-31 16:35:54.633 I/SupplicantStaIfaceHal( 479): Method getWpaDriverFeatureSet is not supported in existing HAL
03-31 16:35:54.634 D/WifiClientModeManager[wlan0]( 479): entering StartedState
03-31 16:35:54.634 I/netd ( 243): interfaceGetCfg(wlan0) -> {InterfaceConfigurationParcel{ifName: wlan0, hwAddr: b4:2f:03:15:e4:ce, ipv4Addr: 0.0.0.0, prefixLength: 0, flags: [up, broadcast, running, multicast]}} <0.45ms>
03-31 16:35:54.639 D/ApConfigUtil( 479): Update Softap capability, add client control feature support
03-31 16:35:54.639 D/ApConfigUtil( 479): Update Softap capability, add MAC customization support
03-31 16:35:54.639 D/ApConfigUtil( 479): Update Softap capability, add 2.4G support
03-31 16:35:54.639 D/ApConfigUtil( 479): Update Softap capability, max client = 16
03-31 16:35:54.640 D/WifiService( 479): updateInterfaceIpState: ifaceName=wlan0 mode=-1 previous LOHS mode= -1
03-31 16:35:54.640 D/WifiService( 479): updateInterfaceIpState: ifaceName=wlan1 mode=-1 previous LOHS mode= -1
03-31 16:35:54.642 V/WifiManager( 762): SoftApCallbackProxy: send InfoChanged, newInfo: SoftApInfo{bandwidth= 0, frequency= 0, wifiStandard= 0, mApInstanceIdentifier= null, mIdleShutdownTimeoutMillis= 0}
03-31 16:35:54.644 V/WifiManager( 762): SoftApCallbackProxy: send InfoChanged, changedInfoList: []
03-31 16:35:54.645 V/WifiManager( 762): SoftApCallbackProxy: send onConnectedClientsChanged(clients): []
03-31 16:35:54.649 I/hw-BpHwBinder( 479): onLastStrongRef automatically unlinking death recipients
03-31 16:35:54.650 D/CCodecBufferChannel( 479): [c2.android.vorbis.decoder#968] MediaCodec discarded an unknown buffer
03-31 16:35:54.650 D/CCodecBufferChannel( 479): [c2.android.vorbis.decoder#968] MediaCodec discarded an unknown buffer
03-31 16:35:54.650 D/CCodecBufferChannel( 479): [c2.android.vorbis.decoder#968] MediaCodec discarded an unknown buffer
03-31 16:35:54.651 I/android_os_HwBinder( 479): HwBinder: Starting thread pool for getting: android.hidl.manager@1.0::IServiceManager/default
03-31 16:35:54.655 I/SupplicantStaIfaceHal( 479): Starting supplicant using HIDL
03-31 16:35:54.657 I/hw-BpHwBinder( 387): onLastStrongRef automatically unlinking death recipients
03-31 16:35:54.657 I/hw-BpHwBinder( 479): onLastStrongRef automatically unlinking death recipients
03-31 16:35:54.658 I/hwservicemanager( 183): Since android.hardware.wifi.supplicant@1.0::ISupplicant/default is not registered, trying to start it as a lazy HAL.
03-31 16:35:54.659 V/C2Store ( 387): in ~ComponentModule
03-31 16:35:54.659 V/C2Store ( 387): unloading dll
03-31 16:35:54.660 D/SupplicantStaIfaceHal( 479): Successfully triggered start of supplicant using HIDL
01-01 08:00:24.502 I/init ( 1): starting service 'wpa_supplicant'...
01-01 08:00:24.511 I/init ( 1): Created socket '/dev/socket/wpa_wlan0', mode 660, user 1010, group 1010
01-01 08:00:24.536 I/init ( 1): Control message: Processed ctl.interface_start for 'android.hardware.wifi.supplicant@1.0::ISupplicant/default' from pid: 183 (/system/bin/hwservicemanager)
03-31 16:35:54.733 I/rkstack.proces( 762): Background concurrent copying GC freed 18484(936KB) AllocSpace objects, 0(0B) LOS objects, 49% free, 2966KB/5932KB, paused 137us total 248.255ms
03-31 16:35:54.754 W/Looper ( 479): Slow dispatch took 255ms main h=android.app.ActivityThread$H c=android.app.LoadedApk$ReceiverDispatcher$Args$$ExternalSyntheticLambda0@60637cf m=0
03-31 16:35:54.764 D/ConditionProviders.SCP( 479): onSubscribe condition://android/schedule?days=1.2.3.4.5.6.7&start=22.0&end=7.0&exitAtAlarm=true
03-31 16:35:54.764 D/ConditionProviders.SCP( 479): setRegistered true
03-31 16:35:54.770 W/ActivityThread( 479): Failed to find provider info for com.android.calendar (user not unlocked)
03-31 16:35:54.771 W/ActivityThread( 479): Failed to find provider info for com.android.calendar (user not unlocked)
03-31 16:35:54.780 D/ConditionProviders.SCP( 479): evaluateSubscriptionLocked cal=ScheduleCalendar[mDays={1, 2, 3, 4, 5, 6, 7}, mSchedule=ScheduleInfo{days=[1, 2, 3, 4, 5, 6, 7], startHour=22, startMinute=0, endHour=7, endMinute=0, exitAtAlarm=true, nextAlarm=Thu Jan 01 08:00:00 GMT+08:00 1970 (0)}], now=Tue Mar 31 16:35:54 GMT+08:00 2026 (1774946154764), nextUserAlarmTime=Thu Jan 01 08:00:00 GMT+08:00 1970 (0)
03-31 16:35:54.780 D/ConditionProviders.SCP( 479): notifyCondition condition://android/schedule?days=1.2.3.4.5.6.7&start=22.0&end=7.0&exitAtAlarm=true STATE_FALSE reason=!meetsSchedule
03-31 16:35:54.782 D/ConditionProviders.SCP( 479): Scheduling evaluate for Tue Mar 31 22:00:00 GMT+08:00 2026 (1774965600000), in +5h24m5s236ms, now=Tue Mar 31 16:35:54 GMT+08:00 2026 (1774946154764)
03-31 16:35:54.783 I/ConnectivityModuleConnector( 479): Networking module service connected
03-31 16:35:54.783 I/ConnectivityModuleConnector( 479): Networking module service connected
03-31 16:35:54.783 I/NetworkStackClient( 479): Network stack service connected
03-31 16:35:54.789 D/hdmi-cec( 263): cec physical address: 1.0.0.0
03-31 16:35:54.790 D/hdmi-cec( 263): cec physical address: 1.0.0.0
03-31 16:35:54.790 D/hdmi-cec( 263): cec physical address: 1.0.0.0
03-31 16:35:54.790 D/hdmi-cec( 263): addLogicalAddress (4)
03-31 16:35:54.790 D/hdmi-cec( 263): cec physical address: 1.0.0.0
01-01 08:00:24.673 I/capability( 979): warning: `wpa_supplicant' uses 32-bit capabilities (legacy support in use)
03-31 16:35:54.850 D/wpa_supplicant( 979): wpa_supplicant v2.10-devel-12
03-31 16:35:54.851 D/wpa_supplicant( 979): Global control interface '@android:wpa_wlan0'
03-31 16:35:54.851 D/wpa_supplicant( 979): Using Android control socket 'wpa_wlan0'
03-31 16:35:54.851 D/wpa_supplicant( 979): Initing hidl control
03-31 16:35:54.852 I/wpa_supplicant( 979): Processing hidl events on FD 4
03-31 16:35:54.852 E/cutils-trace( 979): Error opening trace file: No such file or directory (2)
03-31 16:35:54.854 I/HidlServiceManagement( 979): Registered android.hardware.wifi.supplicant@1.4::ISupplicant/default
03-31 16:35:54.855 I/wpa_supplicant( 979): Successfully initialized wpa_supplicant
03-31 16:35:54.856 I/android_os_HwBinder( 479): HwBinder: Starting thread pool for getting: android.hardware.wifi.supplicant@1.0::ISupplicant/default
03-31 16:35:54.856 I/SupplicantStaIfaceHal( 479): Completed initialization of ISupplicant.
03-31 16:35:54.861 E/SupplicantStaIfaceHal( 479): Can't call setupIface, ISupplicantStaIface is null for iface=wlan0
03-31 16:35:54.862 I/android_os_HwBinder( 479): HwBinder: Starting thread pool for getting: android.hardware.wifi.supplicant@1.0::ISupplicant/default
03-31 16:35:54.864 D/wpa_supplicant( 979): Override interface parameter: ctrl_interface ('(null)' -> '/data/vendor/wifi/wpa/sockets')
03-31 16:35:54.864 D/wpa_supplicant( 979): Initializing interface 'wlan0' conf '/data/vendor/wifi/wpa/wpa_supplicant.conf' driver 'nl80211' ctrl_interface '/data/vendor/wifi/wpa/sockets' bridge 'N/A'
03-31 16:35:54.864 D/wpa_supplicant( 979): Configuration file '/data/vendor/wifi/wpa/wpa_supplicant.conf' -> '/data/vendor/wifi/wpa/wpa_supplicant.conf'
03-31 16:35:54.864 D/wpa_supplicant( 979): Reading configuration file '/data/vendor/wifi/wpa/wpa_supplicant.conf'
03-31 16:35:54.864 D/wpa_supplicant( 979): update_config=1
03-31 16:35:54.864 D/wpa_supplicant( 979): eapol_version=1
03-31 16:35:54.864 D/wpa_supplicant( 979): ap_scan=1
03-31 16:35:54.865 D/wpa_supplicant( 979): fast_reauth=1
03-31 16:35:54.865 D/wpa_supplicant( 979): pmf=1
03-31 16:35:54.865 D/wpa_supplicant( 979): p2p_add_cli_chan=1
03-31 16:35:54.865 D/wpa_supplicant( 979): oce=1
03-31 16:35:54.865 D/wpa_supplicant( 979): sae_pwe=2
03-31 16:35:54.865 D/wpa_supplicant( 979): Reading configuration file '/vendor/etc/wifi/wpa_supplicant_overlay.conf'
03-31 16:35:54.865 D/wpa_supplicant( 979): disable_scan_offload=1
03-31 16:35:54.865 D/wpa_supplicant( 979): wowlan_triggers='any'
03-31 16:35:54.865 D/wpa_supplicant( 979): p2p_disabled=0
03-31 16:35:54.865 D/wpa_supplicant( 979): filter_rssi=-75
03-31 16:35:54.865 D/wpa_supplicant( 979): no_ctrl_interface -> ctrl_interface=NULL
03-31 16:35:54.868 D/wpa_supplicant( 979): nl80211: Supported cipher 00-0f-ac:1
03-31 16:35:54.868 D/wpa_supplicant( 979): nl80211: Supported cipher 00-0f-ac:5
03-31 16:35:54.868 D/wpa_supplicant( 979): nl80211: Supported cipher 00-0f-ac:2
03-31 16:35:54.868 D/wpa_supplicant( 979): nl80211: Supported cipher 00-0f-ac:4
03-31 16:35:54.868 D/wpa_supplicant( 979): nl80211: Supported cipher 00-14-72:1
03-31 16:35:54.868 D/wpa_supplicant( 979): nl80211: Supported cipher 00-0f-ac:6
03-31 16:35:54.868 D/wpa_supplicant( 979): nl80211: Supported cipher 00-0f-ac:255
03-31 16:35:54.868 D/wpa_supplicant( 979): nl80211: Supported vendor command: vendor_id=0x1374 subcmd=9
03-31 16:35:54.868 D/wpa_supplicant( 979): nl80211: Supported vendor command: vendor_id=0x1374 subcmd=12
03-31 16:35:54.868 D/wpa_supplicant( 979): nl80211: Supported vendor command: vendor_id=0x1374 subcmd=14
03-31 16:35:54.868 D/wpa_supplicant( 979): nl80211: Supported vendor command: vendor_id=0x1374 subcmd=15
03-31 16:35:54.868 D/wpa_supplicant( 979): nl80211: Supported vendor command: vendor_id=0x1374 subcmd=16
03-31 16:35:54.868 D/wpa_supplicant( 979): nl80211: Supported vendor command: vendor_id=0x1374 subcmd=20
03-31 16:35:54.868 D/wpa_supplicant( 979): nl80211: Supported vendor command: vendor_id=0x1a11 subcmd=6
03-31 16:35:54.868 D/wpa_supplicant( 979): nl80211: Supported vendor command: vendor_id=0x1374 subcmd=21
03-31 16:35:54.868 D/wpa_supplicant( 979): nl80211: Supported vendor command: vendor_id=0x1374 subcmd=22
03-31 16:35:54.868 D/wpa_supplicant( 979): nl80211: Supported vendor command: vendor_id=0x1374 subcmd=23
03-31 16:35:54.868 D/wpa_supplicant( 979): nl80211: Supported vendor command: vendor_id=0x1374 subcmd=24
03-31 16:35:54.868 D/wpa_supplicant( 979): nl80211: Supported vendor command: vendor_id=0x1374 subcmd=29
03-31 16:35:54.869 D/wpa_supplicant( 979): nl80211: Supported vendor command: vendor_id=0x1374 subcmd=30
03-31 16:35:54.869 D/wpa_supplicant( 979): nl80211: Supported vendor command: vendor_id=0x1374 subcmd=32
03-31 16:35:54.869 D/wpa_supplicant( 979): nl80211: Supported vendor command: vendor_id=0x1374 subcmd=33
03-31 16:35:54.869 D/wpa_supplicant( 979): nl80211: Supported vendor command: vendor_id=0x1374 subcmd=38
03-31 16:35:54.869 D/wpa_supplicant( 979): nl80211: Supported vendor command: vendor_id=0x1374 subcmd=39
03-31 16:35:54.869 D/wpa_supplicant( 979): nl80211: Supported vendor command: vendor_id=0x1374 subcmd=42
03-31 16:35:54.869 D/wpa_supplicant( 979): nl80211: Supported vendor command: vendor_id=0x1374 subcmd=55
03-31 16:35:54.869 D/wpa_supplicant( 979): nl80211: Supported vendor command: vendor_id=0x1374 subcmd=61
03-31 16:35:54.869 D/wpa_supplicant( 979): nl80211: Supported vendor command: vendor_id=0x1374 subcmd=62
03-31 16:35:54.869 D/wpa_supplicant( 979): nl80211: Supported vendor command: vendor_id=0x1374 subcmd=63
03-31 16:35:54.869 D/wpa_supplicant( 979): nl80211: Supported vendor command: vendor_id=0x1374 subcmd=64
03-31 16:35:54.869 D/wpa_supplicant( 979): nl80211: Supported vendor command: vendor_id=0x1374 subcmd=65
03-31 16:35:54.869 D/wpa_supplicant( 979): nl80211: Supported vendor command: vendor_id=0x1374 subcmd=66
03-31 16:35:54.869 D/wpa_supplicant( 979): nl80211: Supported vendor command: vendor_id=0x1374 subcmd=69
03-31 16:35:54.869 D/wpa_supplicant( 979): nl80211: Supported vendor command: vendor_id=0x1374 subcmd=70
03-31 16:35:54.869 D/wpa_supplicant( 979): nl80211: Supported vendor command: vendor_id=0x1374 subcmd=71
03-31 16:35:54.869 D/wpa_supplicant( 979): nl80211: Supported vendor command: vendor_id=0x1374 subcmd=76
03-31 16:35:54.869 D/wpa_supplicant( 979): nl80211: Supported vendor command: vendor_id=0x1374 subcmd=77
03-31 16:35:54.869 D/wpa_supplicant( 979): nl80211: Supported vendor command: vendor_id=0x1374 subcmd=79
03-31 16:35:54.869 D/wpa_supplicant( 979): nl80211: Supported vendor command: vendor_id=0x1374 subcmd=80
03-31 16:35:54.869 D/wpa_supplicant( 979): nl80211: Supported vendor command: vendor_id=0x1374 subcmd=82
03-31 16:35:54.869 D/wpa_supplicant( 979): nl80211: Supported vendor command: vendor_id=0x1374 subcmd=85
