03-31 16:35:54.869 D/wpa_supplicant( 979): nl80211: Supported vendor command: vendor_id=0x1374 subcmd=146
03-31 16:35:54.869 D/wpa_supplicant( 979): nl80211: Supported vendor command: vendor_id=0x1374 subcmd=12
03-31 16:35:54.869 D/wpa_supplicant( 979): nl80211: Supported vendor command: vendor_id=0x1374 subcmd=128
03-31 16:35:54.869 D/wpa_supplicant( 979): nl80211: Supported vendor command: vendor_id=0x1374 subcmd=129
03-31 16:35:54.869 D/wpa_supplicant( 979): nl80211: Supported vendor command: vendor_id=0x1374 subcmd=130
03-31 16:35:54.869 D/wpa_supplicant( 979): nl80211: Supported vendor command: vendor_id=0x1374 subcmd=133
03-31 16:35:54.869 D/wpa_supplicant( 979): nl80211: Supported vendor command: vendor_id=0x1374 subcmd=176
03-31 16:35:54.869 D/wpa_supplicant( 979): nl80211: Supported vendor event: vendor_id=0x1374 subcmd=80
03-31 16:35:54.869 D/wpa_supplicant( 979): nl80211: Supported vendor event: vendor_id=0x1374 subcmd=1
03-31 16:35:54.869 D/wpa_supplicant( 979): nl80211: Supported vendor event: vendor_id=0x1374 subcmd=1
03-31 16:35:54.869 D/wpa_supplicant( 979): nl80211: Supported vendor event: vendor_id=0x1374 subcmd=1
03-31 16:35:54.869 D/wpa_supplicant( 979): nl80211: Supported vendor event: vendor_id=0x1374 subcmd=1
03-31 16:35:54.869 D/wpa_supplicant( 979): nl80211: Supported vendor event: vendor_id=0x1374 subcmd=1
03-31 16:35:54.869 D/wpa_supplicant( 979): nl80211: Supported vendor event: vendor_id=0x1374 subcmd=20
03-31 16:35:54.869 D/wpa_supplicant( 979): nl80211: Supported vendor event: vendor_id=0x1374 subcmd=21
03-31 16:35:54.869 D/wpa_supplicant( 979): nl80211: Supported vendor event: vendor_id=0x1374 subcmd=23
03-31 16:35:54.869 D/wpa_supplicant( 979): nl80211: Supported vendor event: vendor_id=0x1374 subcmd=24
03-31 16:35:54.869 D/wpa_supplicant( 979): nl80211: Supported vendor event: vendor_id=0x1374 subcmd=25
03-31 16:35:54.869 D/wpa_supplicant( 979): nl80211: Supported vendor event: vendor_id=0x1374 subcmd=26
03-31 16:35:54.869 D/wpa_supplicant( 979): nl80211: Supported vendor event: vendor_id=0x1374 subcmd=27
03-31 16:35:54.869 D/wpa_supplicant( 979): nl80211: Supported vendor event: vendor_id=0x1374 subcmd=28
03-31 16:35:54.869 D/wpa_supplicant( 979): nl80211: Supported vendor event: vendor_id=0x1374 subcmd=41
03-31 16:35:54.869 D/wpa_supplicant( 979): nl80211: Supported vendor event: vendor_id=0x1374 subcmd=29
03-31 16:35:54.869 D/wpa_supplicant( 979): nl80211: Supported vendor event: vendor_id=0x1374 subcmd=30
03-31 16:35:54.869 D/wpa_supplicant( 979): nl80211: Supported vendor event: vendor_id=0x1374 subcmd=31
03-31 16:35:54.869 D/wpa_supplicant( 979): nl80211: Supported vendor event: vendor_id=0x1374 subcmd=32
03-31 16:35:54.869 D/wpa_supplicant( 979): nl80211: Supported vendor event: vendor_id=0x1374 subcmd=33
03-31 16:35:54.869 D/wpa_supplicant( 979): nl80211: Supported vendor event: vendor_id=0x0 subcmd=0
03-31 16:35:54.869 D/wpa_supplicant( 979): nl80211: Supported vendor event: vendor_id=0x0 subcmd=0
03-31 16:35:54.869 D/wpa_supplicant( 979): nl80211: Supported vendor event: vendor_id=0x0 subcmd=0
03-31 16:35:54.869 D/wpa_supplicant( 979): nl80211: Supported vendor event: vendor_id=0x0 subcmd=0
03-31 16:35:54.869 D/wpa_supplicant( 979): nl80211: Supported vendor event: vendor_id=0x0 subcmd=0
03-31 16:35:54.869 D/wpa_supplicant( 979): nl80211: Supported vendor event: vendor_id=0x0 subcmd=0
03-31 16:35:54.869 D/wpa_supplicant( 979): nl80211: Supported vendor event: vendor_id=0x0 subcmd=0
03-31 16:35:54.869 D/wpa_supplicant( 979): nl80211: Supported vendor event: vendor_id=0x0 subcmd=0
03-31 16:35:54.869 D/wpa_supplicant( 979): nl80211: Supported vendor event: vendor_id=0x0 subcmd=0
03-31 16:35:54.869 D/wpa_supplicant( 979): nl80211: Supported vendor event: vendor_id=0x0 subcmd=0
03-31 16:35:54.869 D/wpa_supplicant( 979): nl80211: Supported vendor event: vendor_id=0x0 subcmd=0
03-31 16:35:54.869 D/wpa_supplicant( 979): nl80211: Supported vendor event: vendor_id=0x0 subcmd=0
03-31 16:35:54.869 D/wpa_supplicant( 979): nl80211: Supported vendor event: vendor_id=0x1374 subcmd=5120
03-31 16:35:54.869 D/wpa_supplicant( 979): nl80211: Supported vendor event: vendor_id=0x0 subcmd=0
03-31 16:35:54.869 D/wpa_supplicant( 979): nl80211: Supported vendor event: vendor_id=0x0 subcmd=0
03-31 16:35:54.869 D/wpa_supplicant( 979): nl80211: Supported vendor event: vendor_id=0x0 subcmd=0
03-31 16:35:54.869 D/wpa_supplicant( 979): nl80211: Supported vendor event: vendor_id=0x0 subcmd=0
03-31 16:35:54.869 D/wpa_supplicant( 979): nl80211: Supported vendor event: vendor_id=0x0 subcmd=0
03-31 16:35:54.869 D/wpa_supplicant( 979): nl80211: Supported vendor event: vendor_id=0x0 subcmd=0
03-31 16:35:54.869 D/wpa_supplicant( 979): nl80211: Supported vendor event: vendor_id=0x0 subcmd=0
03-31 16:35:54.869 D/wpa_supplicant( 979): nl80211: Supported vendor event: vendor_id=0x0 subcmd=0
03-31 16:35:54.869 D/wpa_supplicant( 979): nl80211: Supported vendor event: vendor_id=0x0 subcmd=0
03-31 16:35:54.869 D/wpa_supplicant( 979): nl80211: Supported vendor event: vendor_id=0x0 subcmd=0
03-31 16:35:54.869 D/wpa_supplicant( 979): nl80211: Supported vendor event: vendor_id=0x0 subcmd=0
03-31 16:35:54.869 D/wpa_supplicant( 979): nl80211: Supported vendor event: vendor_id=0x0 subcmd=0
03-31 16:35:54.869 D/wpa_supplicant( 979): nl80211: Supported vendor event: vendor_id=0x0 subcmd=0
03-31 16:35:54.869 D/wpa_supplicant( 979): nl80211: Supported vendor event: vendor_id=0x0 subcmd=0
03-31 16:35:54.869 D/wpa_supplicant( 979): nl80211: Supported vendor event: vendor_id=0x0 subcmd=0
03-31 16:35:54.869 D/wpa_supplicant( 979): nl80211: Supported vendor event: vendor_id=0x0 subcmd=0
03-31 16:35:54.869 D/wpa_supplicant( 979): nl80211: Supported vendor event: vendor_id=0x0 subcmd=0
03-31 16:35:54.869 D/wpa_supplicant( 979): nl80211: Supported vendor event: vendor_id=0x0 subcmd=0
03-31 16:35:54.869 D/wpa_supplicant( 979): nl80211: Supported vendor event: vendor_id=0x0 subcmd=0
03-31 16:35:54.869 D/wpa_supplicant( 979): nl80211: Supported vendor event: vendor_id=0x0 subcmd=0
03-31 16:35:54.869 D/wpa_supplicant( 979): nl80211: Supported vendor event: vendor_id=0x0 subcmd=0
03-31 16:35:54.869 D/wpa_supplicant( 979): nl80211: Supported vendor event: vendor_id=0x0 subcmd=0
03-31 16:35:54.869 D/wpa_supplicant( 979): nl80211: Supported vendor event: vendor_id=0x0 subcmd=0
03-31 16:35:54.869 D/wpa_supplicant( 979): nl80211: Supported vendor event: vendor_id=0x0 subcmd=0
03-31 16:35:54.869 D/wpa_supplicant( 979): nl80211: Supported vendor event: vendor_id=0x0 subcmd=0
03-31 16:35:54.869 D/wpa_supplicant( 979): nl80211: Supported vendor event: vendor_id=0x0 subcmd=0
03-31 16:35:54.869 D/wpa_supplicant( 979): nl80211: Supported vendor event: vendor_id=0x0 subcmd=0
03-31 16:35:54.869 D/wpa_supplicant( 979): nl80211: Supported vendor event: vendor_id=0x0 subcmd=0
03-31 16:35:54.869 D/wpa_supplicant( 979): nl80211: Supported vendor event: vendor_id=0x0 subcmd=0
03-31 16:35:54.869 D/wpa_supplicant( 979): nl80211: Supported vendor event: vendor_id=0x0 subcmd=0
03-31 16:35:54.869 D/wpa_supplicant( 979): nl80211: Supported vendor event: vendor_id=0x0 subcmd=0
03-31 16:35:54.869 D/wpa_supplicant( 979): nl80211: Supported vendor event: vendor_id=0x1374 subcmd=131
03-31 16:35:54.869 D/wpa_supplicant( 979): nl80211: Supported vendor event: vendor_id=0x1374 subcmd=132
03-31 16:35:54.869 D/wpa_supplicant( 979): nl80211: Supported vendor event: vendor_id=0x0 subcmd=0
03-31 16:35:54.869 D/wpa_supplicant( 979): nl80211: Supported vendor event: vendor_id=0x0 subcmd=0
03-31 16:35:54.869 D/wpa_supplicant( 979): nl80211: Supported vendor event: vendor_id=0x0 subcmd=0
03-31 16:35:54.869 D/wpa_supplicant( 979): nl80211: Supported vendor event: vendor_id=0x0 subcmd=0
03-31 16:35:54.869 D/wpa_supplicant( 979): nl80211: Supported vendor event: vendor_id=0x0 subcmd=0
03-31 16:35:54.870 D/wpa_supplicant( 979): nl80211: Supported vendor event: vendor_id=0x0 subcmd=0
03-31 16:35:54.870 D/wpa_supplicant( 979): nl80211: Supported vendor event: vendor_id=0x1374 subcmd=72
03-31 16:35:54.870 D/wpa_supplicant( 979): nl80211: Use separate P2P group interface (driver advertised support)
03-31 16:35:54.870 D/wpa_supplicant( 979): nl80211: Enable multi-channel concurrent (driver advertised support)
03-31 16:35:54.870 D/wpa_supplicant( 979): nl80211: use P2P_DEVICE support
03-31 16:35:54.870 D/wpa_supplicant( 979): nl80211: key_mgmt=0xd0f enc=0x10f auth=0x7 flags=0x100100007a007ac0 rrm_flags=0x0 probe_resp_offloads=0x0 max_stations=10 max_remain_on_chan=5000 max_scan_ssids=12
03-31 16:35:54.870 D/wpa_supplicant( 979): nl80211: interface wlan0 in phy phy0
03-31 16:35:54.870 D/wpa_supplicant( 979): nl80211: Set mode ifindex 14 iftype 2 (STATION)
03-31 16:35:54.871 D/wpa_supplicant( 979): nl80211: Subscribe to mgmt frames with non-AP handle 0xf740f7a0
03-31 16:35:54.871 D/wpa_supplicant( 979): nl80211: Register frame type=0xb0 (WLAN_FC_STYPE_AUTH) nl_handle=0xf740f7a0 match=0300 multicast=0
03-31 16:35:54.871 D/wpa_supplicant( 979): nl80211: Register frame command failed (type=176): ret=-22 (Invalid argument)
03-31 16:35:54.871 D/wpa_supplicant( 979): nl80211: Register frame match - hexdump(len=2): 03 00
03-31 16:35:54.871 D/wpa_supplicant( 979): nl80211: Register frame type=0xd0 (WLAN_FC_STYPE_ACTION) nl_handle=0xf740f7a0 match=0104 multicast=0
03-31 16:35:54.871 D/wpa_supplicant( 979): nl80211: Register frame type=0xd0 (WLAN_FC_STYPE_ACTION) nl_handle=0xf740f7a0 match=040a multicast=0
03-31 16:35:54.871 D/wpa_supplicant( 979): nl80211: Register frame type=0xd0 (WLAN_FC_STYPE_ACTION) nl_handle=0xf740f7a0 match=040b multicast=0
03-31 16:35:54.871 D/wpa_supplicant( 979): nl80211: Register frame type=0xd0 (WLAN_FC_STYPE_ACTION) nl_handle=0xf740f7a0 match=040c multicast=0
03-31 16:35:54.872 D/wpa_supplicant( 979): nl80211: Register frame type=0xd0 (WLAN_FC_STYPE_ACTION) nl_handle=0xf740f7a0 match=040d multicast=0
03-31 16:35:54.872 D/wpa_supplicant( 979): nl80211: Register frame type=0xd0 (WLAN_FC_STYPE_ACTION) nl_handle=0xf740f7a0 match=090a multicast=0
03-31 16:35:54.872 D/wpa_supplicant( 979): nl80211: Register frame type=0xd0 (WLAN_FC_STYPE_ACTION) nl_handle=0xf740f7a0 match=090b multicast=0
03-31 16:35:54.872 D/wpa_supplicant( 979): nl80211: Register frame type=0xd0 (WLAN_FC_STYPE_ACTION) nl_handle=0xf740f7a0 match=090c multicast=0
03-31 16:35:54.872 D/wpa_supplicant( 979): nl80211: Register frame type=0xd0 (WLAN_FC_STYPE_ACTION) nl_handle=0xf740f7a0 match=090d multicast=0
03-31 16:35:54.872 D/wpa_supplicant( 979): nl80211: Register frame type=0xd0 (WLAN_FC_STYPE_ACTION) nl_handle=0xf740f7a0 match=0409506f9a09 multicast=0
03-31 16:35:54.872 D/wpa_supplicant( 979): nl80211: Register frame type=0xd0 (WLAN_FC_STYPE_ACTION) nl_handle=0xf740f7a0 match=7f506f9a09 multicast=0
03-31 16:35:54.873 D/wpa_supplicant( 979): nl80211: Register frame type=0xd0 (WLAN_FC_STYPE_ACTION) nl_handle=0xf740f7a0 match=0409506f9a1a multicast=0
03-31 16:35:54.873 D/wpa_supplicant( 979): nl80211: Register frame type=0xd0 (WLAN_FC_STYPE_ACTION) nl_handle=0xf740f7a0 match=0801 multicast=0
03-31 16:35:54.873 D/wpa_supplicant( 979): nl80211: Register frame type=0xd0 (WLAN_FC_STYPE_ACTION) nl_handle=0xf740f7a0 match=06 multicast=0
03-31 16:35:54.873 D/wpa_supplicant( 979): nl80211: Register frame type=0xd0 (WLAN_FC_STYPE_ACTION) nl_handle=0xf740f7a0 match=0a07 multicast=0
03-31 16:35:54.873 D/wpa_supplicant( 979): nl80211: Register frame type=0xd0 (WLAN_FC_STYPE_ACTION) nl_handle=0xf740f7a0 match=0a11 multicast=0
03-31 16:35:54.873 D/wpa_supplicant( 979): nl80211: Register frame type=0xd0 (WLAN_FC_STYPE_ACTION) nl_handle=0xf740f7a0 match=0a0b multicast=0
03-31 16:35:54.873 D/wpa_supplicant( 979): nl80211: Register frame type=0xd0 (WLAN_FC_STYPE_ACTION) nl_handle=0xf740f7a0 match=0a1a multicast=0
03-31 16:35:54.874 D/wpa_supplicant( 979): nl80211: Register frame type=0xd0 (WLAN_FC_STYPE_ACTION) nl_handle=0xf740f7a0 match=1101 multicast=0
03-31 16:35:54.874 D/wpa_supplicant( 979): nl80211: Register frame type=0xd0 (WLAN_FC_STYPE_ACTION) nl_handle=0xf740f7a0 match=1102 multicast=0
03-31 16:35:54.874 D/wpa_supplicant( 979): nl80211: Register frame type=0xd0 (WLAN_FC_STYPE_ACTION) nl_handle=0xf740f7a0 match=0505 multicast=0
03-31 16:35:54.874 D/wpa_supplicant( 979): nl80211: Register frame type=0xd0 (WLAN_FC_STYPE_ACTION) nl_handle=0xf740f7a0 match=0500 multicast=0
03-31 16:35:54.874 D/wpa_supplicant( 979): nl80211: Register frame type=0xd0 (WLAN_FC_STYPE_ACTION) nl_handle=0xf740f7a0 match=1305 multicast=0
03-31 16:35:54.875 I/wpa_supplicant( 979): rfkill: Cannot open RFKILL control device
03-31 16:35:54.875 D/wpa_supplicant( 979): nl80211: RFKILL status not available
03-31 16:35:54.875 D/wpa_supplicant( 979): netlink: Operstate: ifindex=14 linkmode=1 (userspace-control), operstate=5 (IF_OPER_DORMANT)
03-31 16:35:54.877 I/EthernetTracker( 479): interfaceLinkStateChanged, iface: wlan0, up: true
03-31 16:35:54.877 W/PppoeNetworkFactory( 479): interfaceLinkStateChanged
03-31 16:35:54.877 D/PppoeNetworkFactory( 479): updateInterface: mIface: mPhyIface:eth0 iface:wlan0 link:up
03-31 16:35:54.877 D/PppoeNetworkFactory( 479): not tracker interface
03-31 16:35:54.882 I/EthernetTracker( 479): interfaceLinkStateChanged, iface: wlan0, up: true
03-31 16:35:54.882 W/PppoeNetworkFactory( 479): interfaceLinkStateChanged
03-31 16:35:54.883 D/PppoeNetworkFactory( 479): updateInterface: mIface: mPhyIface:eth0 iface:wlan0 link:up
03-31 16:35:54.883 D/PppoeNetworkFactory( 479): not tracker interface
03-31 16:35:54.883 D/wpa_supplicant( 979): Add interface wlan0 to a new radio phy0
03-31 16:35:54.886 D/wpa_supplicant( 979): nl80211: No channel number found for frequency 5920 MHz
03-31 16:35:54.886 D/wpa_supplicant( 979): nl80211: No channel number found for frequency 5940 MHz
03-31 16:35:54.886 D/wpa_supplicant( 979): nl80211: Regulatory information - country=CN (DFS-FCC)
03-31 16:35:54.886 D/wpa_supplicant( 979): nl80211: 2400-2483 @ 40 MHz 20 mBm
03-31 16:35:54.886 D/wpa_supplicant( 979): nl80211: 5150-5350 @ 80 MHz 20 mBm (DFS)
03-31 16:35:54.887 D/wpa_supplicant( 979): nl80211: 5725-5850 @ 80 MHz 33 mBm
03-31 16:35:54.887 D/wpa_supplicant( 979): nl80211: 57240-59400 @ 2160 MHz 28 mBm
03-31 16:35:54.887 D/wpa_supplicant( 979): nl80211: 59400-63720 @ 2160 MHz 44 mBm
03-31 16:35:54.887 D/wpa_supplicant( 979): nl80211: 63720-65880 @ 2160 MHz 28 mBm
03-31 16:35:54.887 D/wpa_supplicant( 979): nl80211: Added 802.11b mode based on 802.11g information
03-31 16:35:54.887 D/wpa_supplicant( 979): nl80211: Mode IEEE 802.11g: 2412 2417 2422 2427 2432 2437 2442 2447 2452 2457 2462 2467 2472 2484[DISABLED]
03-31 16:35:54.887 D/wpa_supplicant( 979): nl80211: Mode IEEE 802.11a: 5170[DISABLED] 5180 5200 5220 5240 5260[RADAR] 5280[RADAR] 5300[RADAR] 5320[RADAR] 5500[DISABLED][RADAR] 5520[DISABLED][RADAR] 5540[DISABLED][RADAR] 5560[DISABLED][RADAR] 5580[DISABLED][RADAR]
03-31 16:35:54.887 D/wpa_supplicant( 979): nl80211: Mode IEEE 802.11b: 2412 2417 2422 2427 2432 2437 2442 2447 2452 2457 2462 2467 2472 2484[DISABLED]
03-31 16:35:54.915 D/wpa_supplicant( 979): wlan0: Own MAC address: b4:2f:03:15:e4:ce
03-31 16:35:54.916 D/wpa_supplicant( 979): wpa_driver_nl80211_set_key: ifindex=14 (wlan0) alg=0 addr=0x0 key_idx=0 set_tx=0 seq_len=0 key_len=0 key_flag=0x10
03-31 16:35:54.916 D/wpa_supplicant( 979): nl80211: DEL_KEY
03-31 16:35:54.916 D/wpa_supplicant( 979): broadcast key
03-31 16:35:54.917 D/wpa_supplicant( 979): wpa_driver_nl80211_set_key: ifindex=14 (wlan0) alg=0 addr=0x0 key_idx=1 set_tx=0 seq_len=0 key_len=0 key_flag=0x10
03-31 16:35:54.917 D/wpa_supplicant( 979): nl80211: DEL_KEY
03-31 16:35:54.917 D/wpa_supplicant( 979): broadcast key
03-31 16:35:54.917 D/wpa_supplicant( 979): wpa_driver_nl80211_set_key: ifindex=14 (wlan0) alg=0 addr=0x0 key_idx=2 set_tx=0 seq_len=0 key_len=0 key_flag=0x10
03-31 16:35:54.917 D/wpa_supplicant( 979): nl80211: DEL_KEY
03-31 16:35:54.917 D/wpa_supplicant( 979): broadcast key
03-31 16:35:54.917 D/wpa_supplicant( 979): wpa_driver_nl80211_set_key: ifindex=14 (wlan0) alg=0 addr=0x0 key_idx=3 set_tx=0 seq_len=0 key_len=0 key_flag=0x10
03-31 16:35:54.917 D/wpa_supplicant( 979): nl80211: DEL_KEY
03-31 16:35:54.917 D/wpa_supplicant( 979): broadcast key
03-31 16:35:54.918 D/wpa_supplicant( 979): wpa_driver_nl80211_set_key: ifindex=14 (wlan0) alg=0 addr=0x0 key_idx=4 set_tx=0 seq_len=0 key_len=0 key_flag=0x10
03-31 16:35:54.918 D/wpa_supplicant( 979): nl80211: DEL_KEY
03-31 16:35:54.918 D/wpa_supplicant( 979): broadcast key
03-31 16:35:54.918 D/wpa_supplicant( 979): wpa_driver_nl80211_set_key: ifindex=14 (wlan0) alg=0 addr=0x0 key_idx=5 set_tx=0 seq_len=0 key_len=0 key_flag=0x10
03-31 16:35:54.918 D/wpa_supplicant( 979): nl80211: DEL_KEY
03-31 16:35:54.918 D/wpa_supplicant( 979): broadcast key
03-31 16:35:54.918 D/wpa_supplicant( 979): wlan0: RSN: flushing PMKID list in the driver
03-31 16:35:54.918 D/wpa_supplicant( 979): nl80211: Flush PMKIDs
03-31 16:35:54.920 D/wpa_supplicant( 979): wlan0: State: DISCONNECTED -> INACTIVE
03-31 16:35:54.920 D/wpa_supplicant( 979): Notifying state change event to hidl control: 2
03-31 16:35:54.923 E/BluetoothManagerService( 479): MESSAGE_TIMEOUT_BIND
03-31 16:35:54.943 D/wpa_supplicant( 979): TDLS: TDLS operation not supported by driver
03-31 16:35:54.943 D/wpa_supplicant( 979): TDLS: Driver uses internal link setup
03-31 16:35:54.943 D/wpa_supplicant( 979): TDLS: Driver does not support TDLS channel switching
03-31 16:35:54.945 D/wpa_supplicant( 979): wlan0: WPS: UUID based on MAC address: e6408713-5bdb-57a3-8dde-0919904b6c16
03-31 16:35:54.945 D/wpa_supplicant( 979): EAPOL: SUPP_PAE entering state DISCONNECTED
03-31 16:35:54.945 D/wpa_supplicant( 979): EAPOL: Supplicant port status: Unauthorized
03-31 16:35:54.945 D/wpa_supplicant( 979): nl80211: Skip set_supp_port(unauthorized) while not associated
03-31 16:35:54.945 D/wpa_supplicant( 979): EAPOL: KEY_RX entering state NO_KEY_RECEIVE
03-31 16:35:54.945 D/wpa_supplicant( 979): EAPOL: SUPP_BE entering state INITIALIZE
03-31 16:35:54.945 D/wpa_supplicant( 979): EAP: EAP entering state DISABLED
03-31 16:35:54.945 D/wpa_supplicant( 979): Using existing control interface directory.
03-31 16:35:54.946 D/wpa_supplicant( 979): ctrl_iface bind(PF_UNIX) failed: Address already in use
03-31 16:35:54.946 D/wpa_supplicant( 979): ctrl_iface exists, but does not allow connections - assuming it was leftover from forced program termination
03-31 16:35:54.946 D/wpa_supplicant( 979): Successfully replaced leftover ctrl_iface socket '/data/vendor/wifi/wpa/sockets/wlan0'
03-31 16:35:54.946 D/wpa_supplicant( 979): nl80211: Setting wowlan
03-31 16:35:54.948 D/wpa_supplicant( 979): MBO: Update non-preferred channels, non_pref_chan=N/A
03-31 16:35:54.949 D/wpa_supplicant( 979): Registering interface to hidl control: wlan0
03-31 16:35:54.949 D/wpa_supplicant( 979): wlan0: Added interface wlan0
03-31 16:35:54.949 D/wpa_supplicant( 979): wlan0: State: INACTIVE -> DISCONNECTED
03-31 16:35:54.949 D/wpa_supplicant( 979): nl80211: Set wlan0 operstate 0->0 (DORMANT)
03-31 16:35:54.949 D/wpa_supplicant( 979): netlink: Operstate: ifindex=14 linkmode=-1 (no change), operstate=5 (IF_OPER_DORMANT)
03-31 16:35:54.949 D/wpa_supplicant( 979): Notifying state change event to hidl control: 0
03-31 16:35:54.949 D/wpa_supplicant( 979): nl80211: Create interface iftype 10 (P2P_DEVICE)
03-31 16:35:54.949 D/wpa_supplicant( 979): nl80211: New P2P Device interface p2p-dev-wlan0 (0x3) created
03-31 16:35:54.949 D/wpa_supplicant( 979): Override interface parameter: ctrl_interface ('/data/vendor/wifi/wpa/sockets' -> '/data/vendor/wifi/wpa/sockets')
03-31 16:35:54.949 D/wpa_supplicant( 979): Initializing interface 'p2p-dev-wlan0' conf '/data/vendor/wifi/wpa/wpa_supplicant.conf' driver 'nl80211' ctrl_interface '/data/vendor/wifi/wpa/sockets' bridge 'N/A'
03-31 16:35:54.949 D/wpa_supplicant( 979): Configuration file '/data/vendor/wifi/wpa/wpa_supplicant.conf' -> '/data/vendor/wifi/wpa/wpa_supplicant.conf'
03-31 16:35:54.949 D/wpa_supplicant( 979): Reading configuration file '/data/vendor/wifi/wpa/wpa_supplicant.conf'
03-31 16:35:54.949 D/wpa_supplicant( 979): update_config=1
03-31 16:35:54.949 D/wpa_supplicant( 979): eapol_version=1
03-31 16:35:54.949 D/wpa_supplicant( 979): ap_scan=1
03-31 16:35:54.949 D/wpa_supplicant( 979): fast_reauth=1
03-31 16:35:54.949 D/wpa_supplicant( 979): pmf=1
03-31 16:35:54.949 D/wpa_supplicant( 979): p2p_add_cli_chan=1
03-31 16:35:54.949 D/wpa_supplicant( 979): oce=1
03-31 16:35:54.949 D/wpa_supplicant( 979): sae_pwe=2
03-31 16:35:54.950 D/wpa_supplicant( 979): nl80211: Supported cipher 00-0f-ac:1
03-31 16:35:54.950 D/wpa_supplicant( 979): nl80211: Supported cipher 00-0f-ac:5
03-31 16:35:54.950 D/wpa_supplicant( 979): nl80211: Supported cipher 00-0f-ac:2
03-31 16:35:54.950 D/wpa_supplicant( 979): nl80211: Supported cipher 00-0f-ac:4
03-31 16:35:54.950 D/wpa_supplicant( 979): nl80211: Supported cipher 00-14-72:1
03-31 16:35:54.950 D/wpa_supplicant( 979): nl80211: Supported cipher 00-0f-ac:6
03-31 16:35:54.950 D/wpa_supplicant( 979): nl80211: Supported cipher 00-0f-ac:255
03-31 16:35:54.951 D/wpa_supplicant( 979): nl80211: Supported vendor command: vendor_id=0x1374 subcmd=9
03-31 16:35:54.951 D/wpa_supplicant( 979): nl80211: Supported vendor command: vendor_id=0x1374 subcmd=12
03-31 16:35:54.951 D/wpa_supplicant( 979): nl80211: Supported vendor command: vendor_id=0x1374 subcmd=14
03-31 16:35:54.951 D/wpa_supplicant( 979): nl80211: Supported vendor command: vendor_id=0x1374 subcmd=15
03-31 16:35:54.951 D/wpa_supplicant( 979): nl80211: Supported vendor command: vendor_id=0x1374 subcmd=16
03-31 16:35:54.951 D/wpa_supplicant( 979): nl80211: Supported vendor command: vendor_id=0x1374 subcmd=20
03-31 16:35:54.951 D/wpa_supplicant( 979): nl80211: Supported vendor command: vendor_id=0x1a11 subcmd=6
03-31 16:35:54.951 D/wpa_supplicant( 979): nl80211: Supported vendor command: vendor_id=0x1374 subcmd=21
03-31 16:35:54.951 D/wpa_supplicant( 979): nl80211: Supported vendor command: vendor_id=0x1374 subcmd=22
03-31 16:35:54.951 D/wpa_supplicant( 979): nl80211: Supported vendor command: vendor_id=0x1374 subcmd=23
03-31 16:35:54.951 D/wpa_supplicant( 979): nl80211: Supported vendor command: vendor_id=0x1374 subcmd=24
03-31 16:35:54.951 D/wpa_supplicant( 979): nl80211: Supported vendor command: vendor_id=0x1374 subcmd=29
03-31 16:35:54.951 D/wpa_supplicant( 979): nl80211: Supported vendor command: vendor_id=0x1374 subcmd=30
03-31 16:35:54.951 D/wpa_supplicant( 979): nl80211: Supported vendor command: vendor_id=0x1374 subcmd=32
03-31 16:35:54.951 D/wpa_supplicant( 979): nl80211: Supported vendor command: vendor_id=0x1374 subcmd=33
03-31 16:35:54.951 D/wpa_supplicant( 979): nl80211: Supported vendor command: vendor_id=0x1374 subcmd=38
03-31 16:35:54.951 D/wpa_supplicant( 979): nl80211: Supported vendor command: vendor_id=0x1374 subcmd=39
03-31 16:35:54.951 D/wpa_supplicant( 979): nl80211: Supported vendor command: vendor_id=0x1374 subcmd=42
03-31 16:35:54.951 D/wpa_supplicant( 979): nl80211: Supported vendor command: vendor_id=0x1374 subcmd=55
03-31 16:35:54.951 D/wpa_supplicant( 979): nl80211: Supported vendor command: vendor_id=0x1374 subcmd=61
03-31 16:35:54.951 D/wpa_supplicant( 979): nl80211: Supported vendor command: vendor_id=0x1374 subcmd=62
03-31 16:35:54.951 D/wpa_supplicant( 979): nl80211: Supported vendor command: vendor_id=0x1374 subcmd=63
03-31 16:35:54.951 D/wpa_supplicant( 979): nl80211: Supported vendor command: vendor_id=0x1374 subcmd=64
03-31 16:35:54.951 D/wpa_supplicant( 979): nl80211: Supported vendor command: vendor_id=0x1374 subcmd=65
03-31 16:35:54.951 D/wpa_supplicant( 979): nl80211: Supported vendor command: vendor_id=0x1374 subcmd=66
03-31 16:35:54.951 D/wpa_supplicant( 979): nl80211: Supported vendor command: vendor_id=0x1374 subcmd=69
03-31 16:35:54.951 D/wpa_supplicant( 979): nl80211: Supported vendor command: vendor_id=0x1374 subcmd=70
03-31 16:35:54.951 D/wpa_supplicant( 979): nl80211: Supported vendor command: vendor_id=0x1374 subcmd=71
03-31 16:35:54.951 D/wpa_supplicant( 979): nl80211: Supported vendor command: vendor_id=0x1374 subcmd=76
03-31 16:35:54.951 D/wpa_supplicant( 979): nl80211: Supported vendor command: vendor_id=0x1374 subcmd=77
03-31 16:35:54.951 D/wpa_supplicant( 979): nl80211: Supported vendor command: vendor_id=0x1374 subcmd=79
03-31 16:35:54.951 D/wpa_supplicant( 979): nl80211: Supported vendor command: vendor_id=0x1374 subcmd=80
03-31 16:35:54.951 D/wpa_supplicant( 979): nl80211: Supported vendor command: vendor_id=0x1374 subcmd=82
03-31 16:35:54.951 D/wpa_supplicant( 979): nl80211: Supported vendor command: vendor_id=0x1374 subcmd=85
03-31 16:35:54.951 D/wpa_supplicant( 979): nl80211: Supported vendor command: vendor_id=0x1374 subcmd=146
03-31 16:35:54.951 D/wpa_supplicant( 979): nl80211: Supported vendor command: vendor_id=0x1374 subcmd=12
03-31 16:35:54.951 D/wpa_supplicant( 979): nl80211: Supported vendor command: vendor_id=0x1374 subcmd=128
03-31 16:35:54.951 D/wpa_supplicant( 979): nl80211: Supported vendor command: vendor_id=0x1374 subcmd=129
03-31 16:35:54.951 D/wpa_supplicant( 979): nl80211: Supported vendor command: vendor_id=0x1374 subcmd=130
03-31 16:35:54.951 D/wpa_supplicant( 979): nl80211: Supported vendor command: vendor_id=0x1374 subcmd=133
03-31 16:35:54.951 D/wpa_supplicant( 979): nl80211: Supported vendor command: vendor_id=0x1374 subcmd=176
03-31 16:35:54.951 D/wpa_supplicant( 979): nl80211: Supported vendor event: vendor_id=0x1374 subcmd=80
03-31 16:35:54.951 D/wpa_supplicant( 979): nl80211: Supported vendor event: vendor_id=0x1374 subcmd=1
03-31 16:35:54.951 D/wpa_supplicant( 979): nl80211: Supported vendor event: vendor_id=0x1374 subcmd=1
03-31 16:35:54.951 D/wpa_supplicant( 979): nl80211: Supported vendor event: vendor_id=0x1374 subcmd=1
03-31 16:35:54.951 D/wpa_supplicant( 979): nl80211: Supported vendor event: vendor_id=0x1374 subcmd=1
03-31 16:35:54.951 D/wpa_supplicant( 979): nl80211: Supported vendor event: vendor_id=0x1374 subcmd=1
03-31 16:35:54.951 D/wpa_supplicant( 979): nl80211: Supported vendor event: vendor_id=0x1374 subcmd=20
03-31 16:35:54.951 D/wpa_supplicant( 979): nl80211: Supported vendor event: vendor_id=0x1374 subcmd=21
03-31 16:35:54.951 D/wpa_supplicant( 979): nl80211: Supported vendor event: vendor_id=0x1374 subcmd=23
03-31 16:35:54.951 D/wpa_supplicant( 979): nl80211: Supported vendor event: vendor_id=0x1374 subcmd=24
03-31 16:35:54.951 D/wpa_supplicant( 979): nl80211: Supported vendor event: vendor_id=0x1374 subcmd=25
03-31 16:35:54.951 D/wpa_supplicant( 979): nl80211: Supported vendor event: vendor_id=0x1374 subcmd=26
03-31 16:35:54.952 D/wpa_supplicant( 979): nl80211: Supported vendor event: vendor_id=0x1374 subcmd=27
03-31 16:35:54.952 D/wpa_supplicant( 979): nl80211: Supported vendor event: vendor_id=0x1374 subcmd=28
03-31 16:35:54.952 D/wpa_supplicant( 979): nl80211: Supported vendor event: vendor_id=0x1374 subcmd=41
03-31 16:35:54.952 D/wpa_supplicant( 979): nl80211: Supported vendor event: vendor_id=0x1374 subcmd=29
03-31 16:35:54.952 D/wpa_supplicant( 979): nl80211: Supported vendor event: vendor_id=0x1374 subcmd=30
03-31 16:35:54.952 D/wpa_supplicant( 979): nl80211: Supported vendor event: vendor_id=0x1374 subcmd=31
03-31 16:35:54.952 D/wpa_supplicant( 979): nl80211: Supported vendor event: vendor_id=0x1374 subcmd=32
03-31 16:35:54.952 D/wpa_supplicant( 979): nl80211: Supported vendor event: vendor_id=0x1374 subcmd=33
03-31 16:35:54.952 D/wpa_supplicant( 979): nl80211: Supported vendor event: vendor_id=0x0 subcmd=0
03-31 16:35:54.952 D/wpa_supplicant( 979): nl80211: Supported vendor event: vendor_id=0x0 subcmd=0
03-31 16:35:54.952 D/wpa_supplicant( 979): nl80211: Supported vendor event: vendor_id=0x0 subcmd=0
03-31 16:35:54.952 D/wpa_supplicant( 979): nl80211: Supported vendor event: vendor_id=0x0 subcmd=0
03-31 16:35:54.952 D/wpa_supplicant( 979): nl80211: Supported vendor event: vendor_id=0x0 subcmd=0
03-31 16:35:54.952 D/wpa_supplicant( 979): nl80211: Supported vendor event: vendor_id=0x0 subcmd=0
03-31 16:35:54.952 D/wpa_supplicant( 979): nl80211: Supported vendor event: vendor_id=0x0 subcmd=0
03-31 16:35:54.952 D/wpa_supplicant( 979): nl80211: Supported vendor event: vendor_id=0x0 subcmd=0
03-31 16:35:54.952 D/wpa_supplicant( 979): nl80211: Supported vendor event: vendor_id=0x0 subcmd=0
03-31 16:35:54.952 D/wpa_supplicant( 979): nl80211: Supported vendor event: vendor_id=0x0 subcmd=0
03-31 16:35:54.952 D/wpa_supplicant( 979): nl80211: Supported vendor event: vendor_id=0x0 subcmd=0
03-31 16:35:54.952 D/wpa_supplicant( 979): nl80211: Supported vendor event: vendor_id=0x0 subcmd=0
03-31 16:35:54.952 D/wpa_supplicant( 979): nl80211: Supported vendor event: vendor_id=0x1374 subcmd=5120
03-31 16:35:54.952 D/wpa_supplicant( 979): nl80211: Supported vendor event: vendor_id=0x0 subcmd=0
03-31 16:35:54.952 D/wpa_supplicant( 979): nl80211: Supported vendor event: vendor_id=0x0 subcmd=0
03-31 16:35:54.952 D/wpa_supplicant( 979): nl80211: Supported vendor event: vendor_id=0x0 subcmd=0
03-31 16:35:54.952 D/wpa_supplicant( 979): nl80211: Supported vendor event: vendor_id=0x0 subcmd=0
03-31 16:35:54.952 D/wpa_supplicant( 979): nl80211: Supported vendor event: vendor_id=0x0 subcmd=0
03-31 16:35:54.952 D/wpa_supplicant( 979): nl80211: Supported vendor event: vendor_id=0x0 subcmd=0
03-31 16:35:54.952 D/wpa_supplicant( 979): nl80211: Supported vendor event: vendor_id=0x0 subcmd=0
03-31 16:35:54.952 D/wpa_supplicant( 979): nl80211: Supported vendor event: vendor_id=0x0 subcmd=0
03-31 16:35:54.952 D/wpa_supplicant( 979): nl80211: Supported vendor event: vendor_id=0x0 subcmd=0
03-31 16:35:54.952 D/wpa_supplicant( 979): nl80211: Supported vendor event: vendor_id=0x0 subcmd=0
03-31 16:35:54.952 D/wpa_supplicant( 979): nl80211: Supported vendor event: vendor_id=0x0 subcmd=0
03-31 16:35:54.952 D/wpa_supplicant( 979): nl80211: Supported vendor event: vendor_id=0x0 subcmd=0
03-31 16:35:54.952 D/wpa_supplicant( 979): nl80211: Supported vendor event: vendor_id=0x0 subcmd=0
03-31 16:35:54.952 D/wpa_supplicant( 979): nl80211: Supported vendor event: vendor_id=0x0 subcmd=0
03-31 16:35:54.952 D/wpa_supplicant( 979): nl80211: Supported vendor event: vendor_id=0x0 subcmd=0
03-31 16:35:54.952 D/wpa_supplicant( 979): nl80211: Supported vendor event: vendor_id=0x0 subcmd=0
03-31 16:35:54.952 D/wpa_supplicant( 979): nl80211: Supported vendor event: vendor_id=0x0 subcmd=0
03-31 16:35:54.952 D/wpa_supplicant( 979): nl80211: Supported vendor event: vendor_id=0x0 subcmd=0
03-31 16:35:54.952 D/wpa_supplicant( 979): nl80211: Supported vendor event: vendor_id=0x0 subcmd=0
03-31 16:35:54.952 D/wpa_supplicant( 979): nl80211: Supported vendor event: vendor_id=0x0 subcmd=0
03-31 16:35:54.952 D/wpa_supplicant( 979): nl80211: Supported vendor event: vendor_id=0x0 subcmd=0
03-31 16:35:54.952 D/wpa_supplicant( 979): nl80211: Supported vendor event: vendor_id=0x0 subcmd=0
03-31 16:35:54.952 D/wpa_supplicant( 979): nl80211: Supported vendor event: vendor_id=0x0 subcmd=0
03-31 16:35:54.952 D/wpa_supplicant( 979): nl80211: Supported vendor event: vendor_id=0x0 subcmd=0
03-31 16:35:54.952 D/wpa_supplicant( 979): nl80211: Supported vendor event: vendor_id=0x0 subcmd=0
03-31 16:35:54.952 D/wpa_supplicant( 979): nl80211: Supported vendor event: vendor_id=0x0 subcmd=0
03-31 16:35:54.952 D/wpa_supplicant( 979): nl80211: Supported vendor event: vendor_id=0x0 subcmd=0
03-31 16:35:54.952 D/wpa_supplicant( 979): nl80211: Supported vendor event: vendor_id=0x0 subcmd=0
03-31 16:35:54.952 D/wpa_supplicant( 979): nl80211: Supported vendor event: vendor_id=0x0 subcmd=0
03-31 16:35:54.952 D/wpa_supplicant( 979): nl80211: Supported vendor event: vendor_id=0x0 subcmd=0
03-31 16:35:54.952 D/wpa_supplicant( 979): nl80211: Supported vendor event: vendor_id=0x0 subcmd=0
03-31 16:35:54.952 D/wpa_supplicant( 979): nl80211: Supported vendor event: vendor_id=0x1374 subcmd=131
03-31 16:35:54.952 D/wpa_supplicant( 979): nl80211: Supported vendor event: vendor_id=0x1374 subcmd=132
03-31 16:35:54.952 D/wpa_supplicant( 979): nl80211: Supported vendor event: vendor_id=0x0 subcmd=0
03-31 16:35:54.952 D/wpa_supplicant( 979): nl80211: Supported vendor event: vendor_id=0x0 subcmd=0
03-31 16:35:54.952 D/wpa_supplicant( 979): nl80211: Supported vendor event: vendor_id=0x0 subcmd=0
03-31 16:35:54.952 D/wpa_supplicant( 979): nl80211: Supported vendor event: vendor_id=0x0 subcmd=0
03-31 16:35:54.952 D/wpa_supplicant( 979): nl80211: Supported vendor event: vendor_id=0x0 subcmd=0
03-31 16:35:54.952 D/wpa_supplicant( 979): nl80211: Supported vendor event: vendor_id=0x0 subcmd=0
03-31 16:35:54.952 D/wpa_supplicant( 979): nl80211: Supported vendor event: vendor_id=0x1374 subcmd=72
03-31 16:35:54.952 D/wpa_supplicant( 979): nl80211: Use separate P2P group interface (driver advertised support)
03-31 16:35:54.952 D/wpa_supplicant( 979): nl80211: Enable multi-channel concurrent (driver advertised support)
03-31 16:35:54.952 D/wpa_supplicant( 979): nl80211: use P2P_DEVICE support
03-31 16:35:54.952 D/wpa_supplicant( 979): nl80211: key_mgmt=0xd0f enc=0x10f auth=0x7 flags=0x100100007a007ac0 rrm_flags=0x0 probe_resp_offloads=0x0 max_stations=10 max_remain_on_chan=5000 max_scan_ssids=12
03-31 16:35:54.952 D/wpa_supplicant( 979): nl80211: interface p2p-dev-wlan0 in phy phy0
03-31 16:35:54.953 D/wpa_supplicant( 979): nl80211: Set mode ifindex 0 iftype 10 (P2P_DEVICE)
03-31 16:35:54.953 D/wpa_supplicant( 979): nl80211: Failed to set interface 0 to mode 10: -22 (Invalid argument)
03-31 16:35:54.953 D/wpa_supplicant( 979): nl80211: Subscribe to mgmt frames with non-AP handle 0xf740f848
03-31 16:35:54.953 D/wpa_supplicant( 979): nl80211: Register frame type=0xb0 (WLAN_FC_STYPE_AUTH) nl_handle=0xf740f848 match=0300 multicast=0
03-31 16:35:54.953 D/wpa_supplicant( 979): nl80211: Register frame command failed (type=176): ret=-22 (Invalid argument)
03-31 16:35:54.953 D/wpa_supplicant( 979): nl80211: Register frame match - hexdump(len=2): 03 00
03-31 16:35:54.953 D/wpa_supplicant( 979): nl80211: Register frame type=0xd0 (WLAN_FC_STYPE_ACTION) nl_handle=0xf740f848 match=0104 multicast=0
03-31 16:35:54.953 D/wpa_supplicant( 979): nl80211: Register frame type=0xd0 (WLAN_FC_STYPE_ACTION) nl_handle=0xf740f848 match=040a multicast=0
03-31 16:35:54.953 D/wpa_supplicant( 979): nl80211: Register frame type=0xd0 (WLAN_FC_STYPE_ACTION) nl_handle=0xf740f848 match=040b multicast=0
03-31 16:35:54.954 D/wpa_supplicant( 979): nl80211: Register frame type=0xd0 (WLAN_FC_STYPE_ACTION) nl_handle=0xf740f848 match=040c multicast=0
03-31 16:35:54.954 D/wpa_supplicant( 979): nl80211: Register frame type=0xd0 (WLAN_FC_STYPE_ACTION) nl_handle=0xf740f848 match=040d multicast=0
03-31 16:35:54.954 D/wpa_supplicant( 979): nl80211: Register frame type=0xd0 (WLAN_FC_STYPE_ACTION) nl_handle=0xf740f848 match=090a multicast=0
03-31 16:35:54.954 D/wpa_supplicant( 979): nl80211: Register frame type=0xd0 (WLAN_FC_STYPE_ACTION) nl_handle=0xf740f848 match=090b multicast=0
03-31 16:35:54.954 D/wpa_supplicant( 979): nl80211: Register frame type=0xd0 (WLAN_FC_STYPE_ACTION) nl_handle=0xf740f848 match=090c multicast=0
03-31 16:35:54.955 D/wpa_supplicant( 979): nl80211: Register frame type=0xd0 (WLAN_FC_STYPE_ACTION) nl_handle=0xf740f848 match=090d multicast=0
03-31 16:35:54.955 W/Looper ( 479): Slow dispatch took 166ms main h=android.os.Handler c=com.android.server.hdmi.WorkSourceUidPreservingRunnable@a29e151 m=0
03-31 16:35:54.955 D/wpa_supplicant( 979): nl80211: Register frame type=0xd0 (WLAN_FC_STYPE_ACTION) nl_handle=0xf740f848 match=0409506f9a09 multicast=0
03-31 16:35:54.955 D/wpa_supplicant( 979): nl80211: Register frame type=0xd0 (WLAN_FC_STYPE_ACTION) nl_handle=0xf740f848 match=7f506f9a09 multicast=0
03-31 16:35:54.955 D/wpa_supplicant( 979): nl80211: Register frame type=0xd0 (WLAN_FC_STYPE_ACTION) nl_handle=0xf740f848 match=0409506f9a1a multicast=0
03-31 16:35:54.956 D/wpa_supplicant( 979): nl80211: Register frame type=0xd0 (WLAN_FC_STYPE_ACTION) nl_handle=0xf740f848 match=0801 multicast=0
03-31 16:35:54.956 D/wpa_supplicant( 979): nl80211: Register frame type=0xd0 (WLAN_FC_STYPE_ACTION) nl_handle=0xf740f848 match=06 multicast=0
03-31 16:35:54.956 D/wpa_supplicant( 979): nl80211: Register frame type=0xd0 (WLAN_FC_STYPE_ACTION) nl_handle=0xf740f848 match=0a07 multicast=0
03-31 16:35:54.956 D/wpa_supplicant( 979): nl80211: Register frame type=0xd0 (WLAN_FC_STYPE_ACTION) nl_handle=0xf740f848 match=0a11 multicast=0
03-31 16:35:54.956 D/wpa_supplicant( 979): nl80211: Register frame type=0xd0 (WLAN_FC_STYPE_ACTION) nl_handle=0xf740f848 match=0a0b multicast=0
03-31 16:35:54.956 D/wpa_supplicant( 979): nl80211: Register frame type=0xd0 (WLAN_FC_STYPE_ACTION) nl_handle=0xf740f848 match=0a1a multicast=0
03-31 16:35:54.957 D/wpa_supplicant( 979): nl80211: Register frame type=0xd0 (WLAN_FC_STYPE_ACTION) nl_handle=0xf740f848 match=1101 multicast=0
03-31 16:35:54.957 D/wpa_supplicant( 979): nl80211: Register frame type=0xd0 (WLAN_FC_STYPE_ACTION) nl_handle=0xf740f848 match=1102 multicast=0
03-31 16:35:54.957 D/wpa_supplicant( 979): nl80211: Register frame type=0xd0 (WLAN_FC_STYPE_ACTION) nl_handle=0xf740f848 match=0505 multicast=0
03-31 16:35:54.957 D/wpa_supplicant( 979): nl80211: Register frame type=0xd0 (WLAN_FC_STYPE_ACTION) nl_handle=0xf740f848 match=0500 multicast=0
03-31 16:35:54.957 D/wpa_supplicant( 979): nl80211: Register frame type=0xd0 (WLAN_FC_STYPE_ACTION) nl_handle=0xf740f848 match=1305 multicast=0
03-31 16:35:54.957 I/ConnectivityModuleConnector( 479): Networking module service connected
03-31 16:35:54.958 I/ConnectivityModuleConnector( 479): Networking module service connected
03-31 16:35:54.958 I/wpa_supplicant( 979): rfkill: Cannot get wiphy information
03-31 16:35:54.958 D/wpa_supplicant( 979): nl80211: RFKILL status not available
03-31 16:35:54.960 I/ExplicitHealthCheckController( 479): Explicit health check service is connected ComponentInfo{android.ext.services/android.ext.services.watchdog.ExplicitHealthCheckServiceImpl}
03-31 16:35:54.961 I/ExplicitHealthCheckController( 479): Service initialized, syncing requests
03-31 16:35:54.962 D/BluetoothManagerService( 479): BluetoothServiceConnection: com.android.bluetooth.btservice.AdapterService
03-31 16:35:54.963 D/BluetoothManagerService( 479): MESSAGE_BLUETOOTH_SERVICE_CONNECTED: 1
03-31 16:35:54.964 D/wpa_supplicant( 979): nl80211: Start P2P Device p2p-dev-wlan0 (0x3): Success
03-31 16:35:54.966 D/wpa_supplicant( 979): Add interface p2p-dev-wlan0 to existing radio phy0
03-31 16:35:54.967 D/wpa_supplicant( 979): nl80211: No channel number found for frequency 5920 MHz
03-31 16:35:54.968 D/wpa_supplicant( 979): nl80211: No channel number found for frequency 5940 MHz
03-31 16:35:54.969 D/wpa_supplicant( 979): nl80211: Regulatory information - country=CN (DFS-FCC)
03-31 16:35:54.969 D/wpa_supplicant( 979): nl80211: 2400-2483 @ 40 MHz 20 mBm
03-31 16:35:54.969 D/wpa_supplicant( 979): nl80211: 5150-5350 @ 80 MHz 20 mBm (DFS)
03-31 16:35:54.969 D/wpa_supplicant( 979): nl80211: 5725-5850 @ 80 MHz 33 mBm
03-31 16:35:54.969 D/wpa_supplicant( 979): nl80211: 57240-59400 @ 2160 MHz 28 mBm
03-31 16:35:54.969 D/BluetoothManagerService( 479): Broadcasting onBluetoothServiceUp() to 3 receivers.
03-31 16:35:54.969 D/wpa_supplicant( 979): nl80211: 59400-63720 @ 2160 MHz 44 mBm
03-31 16:35:54.969 D/wpa_supplicant( 979): nl80211: 63720-65880 @ 2160 MHz 28 mBm
03-31 16:35:54.969 D/BluetoothAdapter( 479): onBluetoothServiceUp: android.bluetooth.IBluetooth$Stub$Proxy@ff50f42
03-31 16:35:54.970 D/wpa_supplicant( 979): nl80211: Added 802.11b mode based on 802.11g information
03-31 16:35:54.970 D/wpa_supplicant( 979): nl80211: Mode IEEE 802.11g: 2412 2417 2422 2427 2432 2437 2442 2447 2452 2457 2462 2467 2472 2484[DISABLED]
03-31 16:35:54.970 D/wpa_supplicant( 979): nl80211: Mode IEEE 802.11a: 5170[DISABLED] 5180 5200 5220 5240 5260[RADAR] 5280[RADAR] 5300[RADAR] 5320[RADAR] 5500[DISABLED][RADAR] 5520[DISABLED][RADAR] 5540[DISABLED][RADAR] 5560[DISABLED][RADAR] 5580[DISABLED][RADAR]
03-31 16:35:54.970 D/wpa_supplicant( 979): nl80211: Mode IEEE 802.11b: 2412 2417 2422 2427 2432 2437 2442 2447 2452 2457 2462 2467 2472 2484[DISABLED]
03-31 16:35:54.970 D/wpa_supplicant( 979): p2p-dev-wlan0: Own MAC address: b6:2f:03:15:e4:ce
03-31 16:35:54.970 D/wpa_supplicant( 979): p2p-dev-wlan0: RSN: flushing PMKID list in the driver
03-31 16:35:54.970 D/wpa_supplicant( 979): nl80211: Flush PMKIDs
03-31 16:35:54.970 D/BluetoothAdapter( 680): onBluetoothServiceUp: android.bluetooth.IBluetooth$Stub$Proxy@72c28a0
03-31 16:35:54.970 D/wpa_supplicant( 979): p2p-dev-wlan0: State: DISCONNECTED -> INACTIVE
03-31 16:35:54.970 D/wpa_supplicant( 979): p2p-dev-wlan0: WPS: UUID from the first interface: e6408713-5bdb-57a3-8dde-0919904b6c16
03-31 16:35:54.971 D/wpa_supplicant( 979): EAPOL: SUPP_PAE entering state DISCONNECTED
03-31 16:35:54.971 D/wpa_supplicant( 979): EAPOL: Supplicant port status: Unauthorized
03-31 16:35:54.971 D/wpa_supplicant( 979): nl80211: Skip set_supp_port(unauthorized) while not associated
03-31 16:35:54.971 D/wpa_supplicant( 979): EAPOL: KEY_RX entering state NO_KEY_RECEIVE
03-31 16:35:54.971 D/wpa_supplicant( 979): EAPOL: SUPP_BE entering state INITIALIZE
03-31 16:35:54.971 D/wpa_supplicant( 979): EAP: EAP entering state DISABLED
03-31 16:35:54.971 D/BluetoothAdapter( 673): onBluetoothServiceUp: com.android.bluetooth.btservice.AdapterService$AdapterServiceBinder@5318ed3
03-31 16:35:54.971 D/wpa_supplicant( 979): Using existing control interface directory.
03-31 16:35:54.971 D/wpa_supplicant( 979): ctrl_iface bind(PF_UNIX) failed: Address already in use
03-31 16:35:54.971 D/wpa_supplicant( 979): ctrl_iface exists, but does not allow connections - assuming it was leftover from forced program termination
03-31 16:35:54.972 D/wpa_supplicant( 979): Successfully replaced leftover ctrl_iface socket '/data/vendor/wifi/wpa/sockets/p2p-dev-wlan0'
03-31 16:35:54.972 D/wpa_supplicant( 979): P2P: Add operating class 81
03-31 16:35:54.972 D/wpa_supplicant( 979): P2P: Channels - hexdump(len=13): 01 02 03 04 05 06 07 08 09 0a 0b 0c 0d
03-31 16:35:54.972 D/wpa_supplicant( 979): P2P: Add operating class 115
03-31 16:35:54.972 D/wpa_supplicant( 979): P2P: Channels - hexdump(len=4): 24 28 2c 30
03-31 16:35:54.972 D/wpa_supplicant( 979): P2P: Add operating class 116
03-31 16:35:54.972 D/BluetoothAdapterService( 673): enable() - Enable called with quiet mode status = false
03-31 16:35:54.972 D/wpa_supplicant( 979): P2P: Channels - hexdump(len=2): 24 2c
03-31 16:35:54.972 D/wpa_supplicant( 979): P2P: Add operating class 117
03-31 16:35:54.973 D/wpa_supplicant( 979): P2P: Channels - hexdump(len=2): 28 30
03-31 16:35:54.973 D/wpa_supplicant( 979): P2P: Add operating class 124
03-31 16:35:54.973 D/wpa_supplicant( 979): P2P: Channels - hexdump(len=4): 95 99 9d a1
03-31 16:35:54.973 D/wpa_supplicant( 979): P2P: Add operating class 125
03-31 16:35:54.973 D/wpa_supplicant( 979): P2P: Channels - hexdump(len=5): 95 99 9d a1 a5
03-31 16:35:54.973 D/wpa_supplicant( 979): P2P: Add operating class 126
03-31 16:35:54.973 D/wpa_supplicant( 979): P2P: Channels - hexdump(len=2): 95 9d
03-31 16:35:54.973 D/wpa_supplicant( 979): P2P: Add operating class 127
03-31 16:35:54.973 D/wpa_supplicant( 979): P2P: Channels - hexdump(len=2): 99 a1
03-31 16:35:54.973 D/wpa_supplicant( 979): P2P: Add operating class 128
03-31 16:35:54.973 D/wpa_supplicant( 979): P2P: Channels - hexdump(len=8): 24 28 2c 30 95 99 9d a1
03-31 16:35:54.973 I/AdapterState( 673): BLE_TURNING_ON : entered
03-31 16:35:54.973 D/AdapterProperties( 673): Setting state to BLE_TURNING_ON
03-31 16:35:54.973 D/wpa_supplicant( 979): P2P: Add operating class 130
03-31 16:35:54.973 D/wpa_supplicant( 979): P2P: Channels - hexdump(len=9): 24 28 2c 30 95 99 9d a1 a5
03-31 16:35:54.974 D/wpa_supplicant( 979): P2P: Own listen channel: 81:6
03-31 16:35:54.974 D/wpa_supplicant( 979): P2P: Random operating channel: 81:6
03-31 16:35:54.974 D/wpa_supplicant( 979): P2P: initialized
03-31 16:35:54.974 D/wpa_supplicant( 979): P2P: channels: 81:1,2,3,4,5,6,7,8,9,10,11,12,13 115:36,40,44,48 116:36,44 117:40,48 124:149,153,157,161 125:149,153,157,161,165 126:149,157 127:153,161 128:36,40,44,48,149,153,157,161 130:36,40,44,48,149,153,157,161,165
03-31 16:35:54.974 D/BluetoothAdapterService( 673): updateAdapterState() - Broadcasting state BLE_TURNING_ON to 1 receivers.
03-31 16:35:54.974 D/wpa_supplicant( 979): P2P: cli_channels:
03-31 16:35:54.974 D/wpa_supplicant( 979): MBO: Update non-preferred channels, non_pref_chan=N/A
03-31 16:35:54.975 D/wpa_supplicant( 979): Registering interface to hidl control: p2p-dev-wlan0
03-31 16:35:54.975 D/wpa_supplicant( 979): p2p-dev-wlan0: Added interface p2p-dev-wlan0
03-31 16:35:54.975 D/wpa_supplicant( 979): p2p-dev-wlan0: State: INACTIVE -> DISCONNECTED
03-31 16:35:54.975 D/wpa_supplicant( 979): nl80211: Set p2p-dev-wlan0 operstate 0->0 (DORMANT)
03-31 16:35:54.975 D/wpa_supplicant( 979): netlink: Operstate: ifindex=0 linkmode=-1 (no change), operstate=5 (IF_OPER_DORMANT)
03-31 16:35:54.975 D/wpa_supplicant( 979): p2p-dev-wlan0: Determining shared radio frequencies (max len 2)
03-31 16:35:54.975 D/wpa_supplicant( 979): p2p-dev-wlan0: Shared frequencies (len=0): completed iteration
03-31 16:35:54.975 D/wpa_supplicant( 979): P2P: Add operating class 81
03-31 16:35:54.975 D/BluetoothManagerService( 479): MESSAGE_BLUETOOTH_STATE_CHANGE: OFF > BLE_TURNING_ON
03-31 16:35:54.975 D/wpa_supplicant( 979): P2P: Channels - hexdump(len=13): 01 02 03 04 05 06 07 08 09 0a 0b 0c 0d
03-31 16:35:54.975 D/wpa_supplicant( 979): P2P: Add operating class 115
03-31 16:35:54.975 D/wpa_supplicant( 979): P2P: Channels - hexdump(len=4): 24 28 2c 30
03-31 16:35:54.975 D/wpa_supplicant( 979): P2P: Add operating class 116
03-31 16:35:54.975 D/wpa_supplicant( 979): P2P: Channels - hexdump(len=2): 24 2c
03-31 16:35:54.975 D/wpa_supplicant( 979): P2P: Add operating class 117
03-31 16:35:54.975 D/wpa_supplicant( 979): P2P: Channels - hexdump(len=2): 28 30
03-31 16:35:54.975 D/wpa_supplicant( 979): P2P: Add operating class 124
03-31 16:35:54.975 D/wpa_supplicant( 979): P2P: Channels - hexdump(len=4): 95 99 9d a1
03-31 16:35:54.975 D/BluetoothManagerService( 479): Sending BLE State Change: OFF > BLE_TURNING_ON
03-31 16:35:54.975 D/wpa_supplicant( 979): P2P: Add operating class 125
03-31 16:35:54.975 D/wpa_supplicant( 979): P2P: Channels - hexdump(len=5): 95 99 9d a1 a5
03-31 16:35:54.975 D/wpa_supplicant( 979): P2P: Add operating class 126
03-31 16:35:54.976 D/wpa_supplicant( 979): P2P: Channels - hexdump(len=2): 95 9d
03-31 16:35:54.976 D/wpa_supplicant( 979): P2P: Add operating class 127
03-31 16:35:54.976 D/wpa_supplicant( 979): P2P: Channels - hexdump(len=2): 99 a1
03-31 16:35:54.976 D/wpa_supplicant( 979): P2P: Add operating class 128
03-31 16:35:54.976 D/wpa_supplicant( 979): P2P: Channels - hexdump(len=8): 24 28 2c 30 95 99 9d a1
03-31 16:35:54.977 D/wpa_supplicant( 979): P2P: Add operating class 130
03-31 16:35:54.977 D/wpa_supplicant( 979): P2P: Channels - hexdump(len=9): 24 28 2c 30 95 99 9d a1 a5
03-31 16:35:54.977 D/wpa_supplicant( 979): P2P: Update channel list
03-31 16:35:54.977 D/wpa_supplicant( 979): P2P: channels: 81:1,2,3,4,5,6,7,8,9,10,11,12,13 115:36,40,44,48 116:36,44 117:40,48 124:149,153,157,161 125:149,153,157,161,165 126:149,157 127:153,161 128:36,40,44,48,149,153,157,161 130:36,40,44,48,149,153,157,161,165
03-31 16:35:54.977 D/wpa_supplicant( 979): P2P: cli_channels:
03-31 16:35:54.978 D/wpa_supplicant( 979): RTM_NEWLINK: ifi_index=14 ifname=wlan0 operstate=5 linkmode=0 ifi_family=0 ifi_flags=0x11003 ([UP][LOWER_UP])
03-31 16:35:54.978 V/audio_hw_primary( 249): adev_set_parameters, A2dpSuspended=false
03-31 16:35:54.978 D/wpa_supplicant( 979): RTM_NEWLINK: ifi_index=14 ifname=wlan0 operstate=5 linkmode=1 ifi_family=0 ifi_flags=0x11003 ([UP][LOWER_UP])
03-31 16:35:54.981 V/audio_hw_primary( 249): adev_set_parameters, BT_SCO=off
03-31 16:35:54.983 D/BluetoothAdapterService( 673): bleOnProcessStart()
03-31 16:35:54.984 I/AdapterProperties( 673): init(), maxConnectedAudioDevices, default=5, propertyOverlayed=5, finalValue=5
03-31 16:35:54.985 D/SupplicantStaIfaceHal( 479): Newer HAL is found, skip V1_3 remaining init flow.
03-31 16:35:54.985 D/SupplicantStaIfaceHal( 479): Newer HAL is found, skip V1_2 remaining init flow.
03-31 16:35:54.985 D/SupplicantStaIfaceHal( 479): Newer HAL is found, skip V1_1 remaining init flow.
03-31 16:35:54.985 D/SupplicantStaIfaceHal( 479): Newer HAL is found, skip V1_0 remaining init flow.
03-31 16:35:54.987 I/AS.AudioDeviceInventory( 479): removePreferredDevicesForStrategySync, strategy: 14
03-31 16:35:54.988 D/BluetoothA2dp( 479): Binding service...
03-31 16:35:54.993 D/AutofillManagerService( 479): Restriction did not change for user 0
03-31 16:35:54.998 E/WifiHAL ( 667): wifi_get_logger_supported_feature_set: Error -5 happened.
01-01 08:00:24.830 I/ieee80211 phy0( 667): sprdwl_vendor_get_support_feature
03-31 16:35:55.001 E/libEGL ( 680): validate_display:538 error 3001 (EGL_NOT_INITIALIZED)
03-31 16:35:55.001 D/BluetoothAdapterService( 673): bleOnProcessStart() - Make Bond State Machine
03-31 16:35:55.002 D/BluetoothBondStateMachine( 673): make
03-31 16:35:55.005 V/NotificationAssistants( 479): 0 notification assistant service connected: ComponentInfo{android.ext.services/android.ext.services.notification.Assistant}
03-31 16:35:55.006 D/WifiP2pService( 479): Wifi enabled=false
03-31 16:35:55.009 E/WifiHAL ( 667): wifi_get_logger_supported_feature_set: Error -5 happened.
03-31 16:35:55.010 I/BluetoothBondStateMachine( 673): StableState(): Entering Off State
01-01 08:00:24.840 I/ieee80211 phy0( 667): sprdwl_vendor_get_support_feature
03-31 16:35:55.012 I/PackageWatchdog( 479): Syncing health check requests for packages: {}
03-31 16:35:55.012 D/ExplicitHealthCheckController( 479): Getting health check supported packages
