03-31 16:36:14.711 I/HicomNfSecureManager( 2691): StopListening, m_sessionInfoLock out, before calling NSTACKX_DMsgClose 2
03-31 16:36:14.711 I/HicomNfSecureManager( 2691): StopListening, after calling NSTACKX_DMsgClose 2
03-31 16:36:14.711 D/nStackXDFinder( 2691): NSTACKX_Init:[146] :nstack ctrl creat epollfd 126
03-31 16:36:14.712 I/nStackXDFinder( 2691): InitDefaultInterfaceName:[779] :InitDefaultInterfaceName exec
03-31 16:36:14.712 D/nStackXCoAP( 2691): CoapServerInit:[174] :CoapServerInit is called
03-31 16:36:14.712 E/nStackXDFinder( 2691): GetLocalIp:[401] :GetLocalIp exec
03-31 16:36:14.712 E/nStackXDFinder( 2691): GetLocalIp:[407] :GetLocalIp, ifInfo is null
03-31 16:36:14.717 I/HicomNfMainCtrlManager( 2691): NSTACKX_RegisterDevice is called
03-31 16:36:14.720 D/NearFieldManagerImpl( 2691): Register device success.
03-31 16:36:14.722 I/NearFieldManagerImpl( 2691): serviceName is castPlus
03-31 16:36:14.724 I/HicomNf_java_to_c( 2691): notifyNetworkStateChanged with maskStr, networkType: 0, networkState: 1, mask: 255.255.254.0
03-31 16:36:14.724 I/HicomNfMainCtrlManager( 2691): NotifyNetworkStateChanged is called with networkState: 1
03-31 16:36:14.724 I/HicomNfSecureManager( 2691): StartListening, before calling NSTACKX_DMsgServer
03-31 16:36:14.724 D/NearFieldManagerImpl( 2691): registerCapability() called with: capabilityBitmapNum = 1, capabilityBitmap = [8]
03-31 16:36:14.724 I/nStackXDMsg( 2691): NSTACKX_DMsgServer:[1335] :msgReceiver is not NULL
03-31 16:36:14.724 I/HicomNf_java_to_c( 2691): registerCapability, capabilityBitmapNum: 1
03-31 16:36:14.724 I/HicomNfMainCtrlManager( 2691): RegisterCapability: 1, 8
03-31 16:36:14.724 D/NearFieldManagerImpl( 2691): Register capability succeed with capabilityBitmapNum = 1, capabilityBitmap = [8]
03-31 16:36:14.724 D/NearFieldManagerImpl( 2691): registerServiceData() called with: serviceData = 32
03-31 16:36:14.725 D/NearFieldManagerImpl( 2691): registerModule() called with: packageModuleName = com.huawei.connection+CastPlusDiscoveryModule
03-31 16:36:14.725 I/HicomNf_java_to_c( 2691): registerModule, moduleName: com.huawei.connection+CastPlusDiscoveryModule
03-31 16:36:14.725 I/HicomNfMainCtrlManager( 2691): Enter RegisterModule
03-31 16:36:14.725 I/HicomNfRegManager( 2691): RegisterModule OK, add module name com.huawei.connection+CastPlusDiscoveryModule
03-31 16:36:14.725 D/nStackXDMsg( 2691): StartDMsgMainThread:[1274] :pthread_create
03-31 16:36:14.725 I/HicomNfSecureManager( 2691): StartListening, after calling NSTACKX_DMsgServer
03-31 16:36:14.725 I/HicomNfSecureManager( 2691): OnehopSecureCtrlManager: succeeded to StartListening with type 0
03-31 16:36:14.726 I/nStackXDFinder( 2691): UpdateLocalNetworkInterface:[472] :UpdateLocalNetworkInterface exec,initerfaceName:wlan0
03-31 16:36:14.726 E/nStackXDFinder( 2691): GetLocalIp:[401] :GetLocalIp exec
03-31 16:36:14.726 E/nStackXDFinder( 2691): GetLocalIp:[407] :GetLocalIp, ifInfo is null
03-31 16:36:14.726 I/nStackXDFinder( 2691): UpdateLocalNetworkInterface:[498] :UpdateLocalNetworkInterface copy ip value in default process
03-31 16:36:14.726 E/nStackXDFinder( 2691): GetLocalIp:[401] :GetLocalIp exec
03-31 16:36:14.726 D/nStackXCoAP( 2691): CoapServerInit:[174] :CoapServerInit is called
03-31 16:36:14.727 E/nStackXDFinder( 2691): GetLocalIp:[401] :GetLocalIp exec
03-31 16:36:14.727 I/Hisight-DeviceListManager( 2404): init DeviceListManager.
03-31 16:36:14.727 I/nStackXUtil( 2691): BindToDevice:[352] :BindToDevice exec
03-31 16:36:14.727 I/nStackXUtil( 2691): GetInterfaceByPriority:[279] :GetInterfaceByPriority exec
03-31 16:36:14.727 I/nStackXUtil( 2691): GetInterfaceByDefault:[309] :GetInterfaceByDefault exec
03-31 16:36:14.727 I/nStackXUtil( 2691): GetInterfaceByDefault:[316] :GetInterfaceByDefault, ndevice name: lo
03-31 16:36:14.727 I/nStackXUtil( 2691): GetInterfaceByDefault:[316] :GetInterfaceByDefault, ndevice name: wlan0
03-31 16:36:14.728 I/nStackXUtil( 2691): BindToDevice:[374] :BindToDevice, Bind localAddr name: wlan0
03-31 16:36:14.728 E/nStackXUtil( 2691): BindToDeviceInner:[188] :setsockopt fail, errno = 1
03-31 16:36:14.728 E/nStackXCoAP( 2691): CoapGetContext:[250] :bind to device fail
03-31 16:36:14.728 D/nStackXCoAP( 2691): CoapInitResources:[744] :CoapInitResources g_wlanOrEthContext update
03-31 16:36:14.728 I/nStackXDFinder( 2691): RegisterServiceData:[728] :RegisterServiceData, serviceData=[32]
03-31 16:36:14.730 W/efs.info.manager( 2691): network change: wifi
01-01 08:00:44.559 E/sprdwl ( 949): sprdwl_rx_rsp_process ctx_id 0 recv rsp[WIFI_CMD_TX_DATA] status[SPRDWL_CMD_STATUS_ERROR]
01-01 08:00:44.573 E/sprdwl ( 949): sprdwl_rx_rsp_process ctx_id 0 recv rsp[WIFI_CMD_TX_DATA] status[SPRDWL_CMD_STATUS_ERROR]
03-31 16:36:14.739 D/Hisight-DeviceListManager( 2404): get old secret key
01-01 08:00:44.586 E/sprdwl ( 949): sprdwl_rx_rsp_process ctx_id 0 recv rsp[WIFI_CMD_TX_DATA] status[SPRDWL_CMD_STATUS_ERROR]
01-01 08:00:44.598 E/sprdwl ( 949): sprdwl_rx_rsp_process ctx_id 0 recv rsp[WIFI_CMD_TX_DATA] status[SPRDWL_CMD_STATUS_ERROR]
03-31 16:36:14.761 I/rkstack.proces( 762): Background young concurrent copying GC freed 72789(2743KB) AllocSpace objects, 2(120KB) LOS objects, 29% free, 4197KB/5932KB, paused 743us total 114.527ms
03-31 16:36:14.771 E/Hisight-ConnectAuthCallBack( 2404): readSecureFile failed, no such file
03-31 16:36:14.771 W/Hisight-DeviceListManager( 2404): deviceRecords is empty
03-31 16:36:14.771 W/Hisight-DeviceListManager( 2404): occur error, clear all the list
03-31 16:36:14.771 D/Hisight-HiChainAuthControl( 2404): start HiChainAuthControl
03-31 16:36:14.782 I/ConnectAuthJNI( 2404): JNI_OnLoad begin load
03-31 16:36:14.782 I/ConnectAuthJNI( 2404): RegisterNativeMethod begin
03-31 16:36:14.782 I/ConnectAuthJNI( 2404): RegisterNativeMethod end
03-31 16:36:14.782 I/ConnectAuthJNI( 2404): RegisterNativeMethod 1004 methodLen=10
03-31 16:36:14.782 I/ConnectAuthJNI( 2404): RegisterNativeMethod 1007 RegisterNatives=0
03-31 16:36:14.782 I/ConnectAuthJNI( 2404): InitArraylist 1013
03-31 16:36:14.783 I/ConnectAuthJNI( 2404): InitConnectAuthStaticJNIMethod 1114 methodRet=0
03-31 16:36:14.783 E/ConnectAuthJNI( 2404): JNI_OnLoad finish....1138
03-31 16:36:14.783 D/Hisight-HiChainAuthControl( 2404): setupAuthIfNeeded, HiChainInstance hasn't been initialized
03-31 16:36:14.783 I/ConnectAuthJNI( 2404): Java_com_huawei_hisight_security_ConnectAuthNative_nativeSetup 795 call HiChainNativeSetup
03-31 16:36:14.784 I/ConnectAuthJNI( 2404): HiChainNativeSetup 565 registe_log
03-31 16:36:14.784 I/ConnectAuthJNI( 2404): HksStorageRegisterFileCallbacks 245 register hks file callback status =0
03-31 16:36:14.785 I/ConnectAuthJNI( 2404): HksRegisterGetDeviceIdCallback 268 register hks get hardware udid callback status =0
03-31 16:36:14.785 D/ConnectAuthJNI( 2404): [HiChain] get_instance Begin get instance
03-31 16:36:14.785 I/ConnectAuthJNI( 2404): [HKS] hks_service_key_info_init hks init : begin
01-01 08:00:44.611 E/sprdwl ( 949): sprdwl_rx_rsp_process ctx_id 0 recv rsp[WIFI_CMD_TX_DATA] status[SPRDWL_CMD_STATUS_ERROR]
03-31 16:36:14.785 I/ConnectAuthJNI( 2404): FileRead 113 FileRead
03-31 16:36:14.785 I/ConnectAuthJNI( 2404): FileRead 122 FileRead call readSecureFile begin
01-01 08:00:44.623 E/sprdwl ( 949): sprdwl_rx_rsp_process ctx_id 0 recv rsp[WIFI_CMD_TX_DATA] status[SPRDWL_CMD_STATUS_ERROR]
03-31 16:36:14.786 E/Hisight-ConnectAuthCallBack( 2404): readSecureFile failed, no such file
03-31 16:36:14.786 W/ConnectAuthJNI( 2404): FileRead 132 FileRead call readSecureFile byteArray is null
03-31 16:36:14.787 I/ConnectAuthJNI( 2404): [HKS] hks_rkc_init RKC init:begin, is_key_info_exist=0
03-31 16:36:14.787 I/ConnectAuthJNI( 2404): [HKS] hks_rkc_init_entropy the entropy is empty
03-31 16:36:14.787 I/ConnectAuthJNI( 2404): FileSize 214 FileSize
03-31 16:36:14.788 I/ConnectAuthJNI( 2404): FileSize 230 fileSize=258
03-31 16:36:14.788 I/ConnectAuthJNI( 2404): FileRead 113 FileRead
03-31 16:36:14.788 I/ConnectAuthJNI( 2404): FileRead 122 FileRead call readSecureFile begin
03-31 16:36:14.788 I/ConnectAuthJNI( 2404): FileRead 135 FileRead call readSecureFile end
03-31 16:36:14.788 I/ConnectAuthJNI( 2404): FileRead 150 fileBuff size 258, buf len 258
03-31 16:36:14.788 I/ConnectAuthJNI( 2404): FileSize 214 FileSize
03-31 16:36:14.788 I/ConnectAuthJNI( 2404): FileSize 230 fileSize=258
03-31 16:36:14.789 I/ConnectAuthJNI( 2404): FileRead 113 FileRead
03-31 16:36:14.789 I/ConnectAuthJNI( 2404): FileRead 122 FileRead call readSecureFile begin
03-31 16:36:14.789 I/ConnectAuthJNI( 2404): FileRead 135 FileRead call readSecureFile end
03-31 16:36:14.789 I/ConnectAuthJNI( 2404): FileRead 150 fileBuff size 258, buf len 258
03-31 16:36:14.789 I/ConnectAuthJNI( 2404): [HKS] hks_rkc_load_ksf load ksf success
03-31 16:36:14.789 I/ConnectAuthJNI( 2404): [HKS] hks_rkc_init root key component init success
03-31 16:36:14.789 I/ConnectAuthJNI( 2404): [HKS] hks_rkc_init RKC init:end,rc=0
03-31 16:36:14.789 I/ConnectAuthJNI( 2404): [HKS] hks_service_key_info_init hks init : end
03-31 16:36:14.789 I/ConnectAuthJNI( 2404): GetHiChainProtocolParamsCallback 371 GetHiChainProtocolParamsCallback operation_code= 99
03-31 16:36:14.789 I/ConnectAuthJNI( 2404): paramLen is ,=0
03-31 16:36:14.789 I/ConnectAuthJNI( 2404): paramLen is ,=0
03-31 16:36:14.789 I/ConnectAuthJNI( 2404): GetHiChainProtocolParamsCallback 402 GetHiChainProtocolParamsCallback end
03-31 16:36:14.789 I/ConnectAuthJNI( 2404): [HiChain] get_instance Get instance success
03-31 16:36:14.789 I/ConnectAuthJNI( 2404): Java_com_huawei_hisight_security_ConnectAuthNative_nativeGetHiChainInstance 598 get instance success
03-31 16:36:14.790 D/Hisight-HiChainAuthControl( 2404): destroyAuth
03-31 16:36:14.790 I/ConnectAuthJNI( 2404): Java_com_huawei_hisight_security_ConnectAuthNative_nativeDestroy 603 destroy
03-31 16:36:14.790 D/Hisight-HiChainAuthControl( 2404): setupAuthIfNeeded, HiChainInstance hasn't been initialized
03-31 16:36:14.790 I/ConnectAuthJNI( 2404): Java_com_huawei_hisight_security_ConnectAuthNative_nativeSetup 795 call HiChainNativeSetup
03-31 16:36:14.790 I/ConnectAuthJNI( 2404): HiChainNativeSetup 565 registe_log
03-31 16:36:14.790 I/ConnectAuthJNI( 2404): HksStorageRegisterFileCallbacks 245 register hks file callback status =0
03-31 16:36:14.790 I/ConnectAuthJNI( 2404): HksRegisterGetDeviceIdCallback 268 register hks get hardware udid callback status =0
03-31 16:36:14.790 D/ConnectAuthJNI( 2404): [HiChain] get_instance Begin get instance
03-31 16:36:14.790 I/ConnectAuthJNI( 2404): [HKS] hks_service_key_info_init hks init : begin
03-31 16:36:14.790 I/ConnectAuthJNI( 2404): [HKS] hks_service_key_info_init hks init : end
03-31 16:36:14.790 I/ConnectAuthJNI( 2404): GetHiChainProtocolParamsCallback 371 GetHiChainProtocolParamsCallback operation_code= 99
03-31 16:36:14.790 I/ConnectAuthJNI( 2404): paramLen is ,=0
03-31 16:36:14.790 I/ConnectAuthJNI( 2404): paramLen is ,=0
03-31 16:36:14.790 I/ConnectAuthJNI( 2404): GetHiChainProtocolParamsCallback 402 GetHiChainProtocolParamsCallback end
03-31 16:36:14.790 I/ConnectAuthJNI( 2404): [HiChain] get_instance Get instance success
03-31 16:36:14.790 I/ConnectAuthJNI( 2404): Java_com_huawei_hisight_security_ConnectAuthNative_nativeGetHiChainInstance 598 get instance success
03-31 16:36:14.790 W/ConnectAuthJNI( 2404): GetListTrustPeers 899 trustPeerSize=0
03-31 16:36:14.790 D/Hisight-HiChainAuthControl( 2404): destroyAuth
03-31 16:36:14.790 I/ConnectAuthJNI( 2404): Java_com_huawei_hisight_security_ConnectAuthNative_nativeDestroy 603 destroy
03-31 16:36:14.791 D/Hisight-HiChainAuthControl( 2404): setupAuthIfNeeded, HiChainInstance hasn't been initialized
03-31 16:36:14.791 I/ConnectAuthJNI( 2404): Java_com_huawei_hisight_security_ConnectAuthNative_nativeSetup 795 call HiChainNativeSetup
03-31 16:36:14.791 I/ConnectAuthJNI( 2404): HiChainNativeSetup 565 registe_log
03-31 16:36:14.791 I/ConnectAuthJNI( 2404): HksStorageRegisterFileCallbacks 245 register hks file callback status =0
03-31 16:36:14.791 I/ConnectAuthJNI( 2404): HksRegisterGetDeviceIdCallback 268 register hks get hardware udid callback status =0
03-31 16:36:14.791 D/ConnectAuthJNI( 2404): [HiChain] get_instance Begin get instance
03-31 16:36:14.791 I/ConnectAuthJNI( 2404): [HKS] hks_service_key_info_init hks init : begin
03-31 16:36:14.791 I/ConnectAuthJNI( 2404): [HKS] hks_service_key_info_init hks init : end
03-31 16:36:14.791 I/ConnectAuthJNI( 2404): GetHiChainProtocolParamsCallback 371 GetHiChainProtocolParamsCallback operation_code= 99
03-31 16:36:14.791 I/ConnectAuthJNI( 2404): paramLen is ,=0
03-31 16:36:14.791 I/ConnectAuthJNI( 2404): paramLen is ,=0
03-31 16:36:14.791 I/ConnectAuthJNI( 2404): GetHiChainProtocolParamsCallback 402 GetHiChainProtocolParamsCallback end
03-31 16:36:14.791 I/ConnectAuthJNI( 2404): [HiChain] get_instance Get instance success
03-31 16:36:14.791 I/ConnectAuthJNI( 2404): Java_com_huawei_hisight_security_ConnectAuthNative_nativeGetHiChainInstance 598 get instance success
03-31 16:36:14.791 W/ConnectAuthJNI( 2404): GetListTrustPeers 899 trustPeerSize=0
03-31 16:36:14.792 D/Hisight-DeviceListManager( 2404): init trusted list size: 0
03-31 16:36:14.792 D/HiSight-ConnectionManager( 2404): setAuthInfo, authMode: 1
01-01 08:00:44.635 E/sprdwl ( 949): sprdwl_rx_rsp_process ctx_id 0 recv rsp[WIFI_CMD_TX_DATA] status[SPRDWL_CMD_STATUS_ERROR]
01-01 08:00:44.647 E/sprdwl ( 949): sprdwl_rx_rsp_process ctx_id 0 recv rsp[WIFI_CMD_TX_DATA] status[SPRDWL_CMD_STATUS_ERROR]
01-01 08:00:44.660 E/sprdwl ( 949): sprdwl_rx_rsp_process ctx_id 0 recv rsp[WIFI_CMD_TX_DATA] status[SPRDWL_CMD_STATUS_ERROR]
01-01 08:00:44.672 E/sprdwl ( 949): sprdwl_rx_rsp_process ctx_id 0 recv rsp[WIFI_CMD_TX_DATA] status[SPRDWL_CMD_STATUS_ERROR]
01-01 08:00:44.685 E/sprdwl ( 949): sprdwl_rx_rsp_process ctx_id 0 recv rsp[WIFI_CMD_TX_DATA] status[SPRDWL_CMD_STATUS_ERROR]
01-01 08:00:44.697 E/sprdwl ( 949): sprdwl_rx_rsp_process ctx_id 0 recv rsp[WIFI_CMD_TX_DATA] status[SPRDWL_CMD_STATUS_ERROR]
01-01 08:00:44.709 E/sprdwl ( 949): sprdwl_rx_rsp_process ctx_id 0 recv rsp[WIFI_CMD_TX_DATA] status[SPRDWL_CMD_STATUS_ERROR]
01-01 08:00:44.721 E/sprdwl ( 949): sprdwl_rx_rsp_process ctx_id 0 recv rsp[WIFI_CMD_TX_DATA] status[SPRDWL_CMD_STATUS_ERROR]
01-01 08:00:44.734 E/sprdwl ( 949): sprdwl_rx_rsp_process ctx_id 0 recv rsp[WIFI_CMD_TX_DATA] status[SPRDWL_CMD_STATUS_ERROR]
03-31 16:36:14.921 D/hdmi-cec( 263): receive invalid cec message!
03-31 16:36:14.921 D/hdmi-cec( 263): receive poll message [04], skip!
01-01 08:00:44.747 E/sprdwl ( 949): sprdwl_rx_rsp_process ctx_id 0 recv rsp[WIFI_CMD_TX_DATA] status[SPRDWL_CMD_STATUS_ERROR]
01-01 08:00:44.759 E/sprdwl ( 949): sprdwl_rx_rsp_process ctx_id 0 recv rsp[WIFI_CMD_TX_DATA] status[SPRDWL_CMD_STATUS_ERROR]
01-01 08:00:44.772 E/sprdwl ( 949): sprdwl_rx_rsp_process ctx_id 0 recv rsp[WIFI_CMD_TX_DATA] status[SPRDWL_CMD_STATUS_ERROR]
01-01 08:00:44.784 E/sprdwl ( 949): sprdwl_rx_rsp_process ctx_id 0 recv rsp[WIFI_CMD_TX_DATA] status[SPRDWL_CMD_STATUS_ERROR]
01-01 08:00:44.796 E/sprdwl ( 949): sprdwl_rx_rsp_process ctx_id 0 recv rsp[WIFI_CMD_TX_DATA] status[SPRDWL_CMD_STATUS_ERROR]
01-01 08:00:44.808 E/sprdwl ( 949): sprdwl_rx_rsp_process ctx_id 0 recv rsp[WIFI_CMD_TX_DATA] status[SPRDWL_CMD_STATUS_ERROR]
01-01 08:00:44.821 E/sprdwl ( 949): sprdwl_rx_rsp_process ctx_id 0 recv rsp[WIFI_CMD_TX_DATA] status[SPRDWL_CMD_STATUS_ERROR]
01-01 08:00:44.833 E/sprdwl ( 949): sprdwl_rx_rsp_process ctx_id 0 recv rsp[WIFI_CMD_TX_DATA] status[SPRDWL_CMD_STATUS_ERROR]
01-01 08:00:44.845 E/sprdwl ( 949): sprdwl_rx_rsp_process ctx_id 0 recv rsp[WIFI_CMD_TX_DATA] status[SPRDWL_CMD_STATUS_ERROR]
01-01 08:00:44.857 E/sprdwl ( 949): sprdwl_rx_rsp_process ctx_id 0 recv rsp[WIFI_CMD_TX_DATA] status[SPRDWL_CMD_STATUS_ERROR]
01-01 08:00:44.869 E/sprdwl ( 949): sprdwl_rx_rsp_process ctx_id 0 recv rsp[WIFI_CMD_TX_DATA] status[SPRDWL_CMD_STATUS_ERROR]
01-01 08:00:44.882 E/sprdwl ( 949): sprdwl_rx_rsp_process ctx_id 0 recv rsp[WIFI_CMD_TX_DATA] status[SPRDWL_CMD_STATUS_ERROR]
01-01 08:00:44.894 E/sprdwl ( 949): sprdwl_rx_rsp_process ctx_id 0 recv rsp[WIFI_CMD_TX_DATA] status[SPRDWL_CMD_STATUS_ERROR]
01-01 08:00:44.906 E/sprdwl ( 949): sprdwl_rx_rsp_process ctx_id 0 recv rsp[WIFI_CMD_TX_DATA] status[SPRDWL_CMD_STATUS_ERROR]
01-01 08:00:44.918 E/sprdwl ( 949): sprdwl_rx_rsp_process ctx_id 0 recv rsp[WIFI_CMD_TX_DATA] status[SPRDWL_CMD_STATUS_ERROR]
01-01 08:00:44.931 E/sprdwl ( 949): sprdwl_rx_rsp_process ctx_id 0 recv rsp[WIFI_CMD_TX_DATA] status[SPRDWL_CMD_STATUS_ERROR]
01-01 08:00:44.943 E/sprdwl ( 949): sprdwl_rx_rsp_process ctx_id 0 recv rsp[WIFI_CMD_TX_DATA] status[SPRDWL_CMD_STATUS_ERROR]
01-01 08:00:44.957 E/sprdwl ( 949): sprdwl_rx_rsp_process ctx_id 0 recv rsp[WIFI_CMD_TX_DATA] status[SPRDWL_CMD_STATUS_ERROR]
01-01 08:00:44.970 E/sprdwl ( 949): sprdwl_rx_rsp_process ctx_id 0 recv rsp[WIFI_CMD_TX_DATA] status[SPRDWL_CMD_STATUS_ERROR]
01-01 08:00:44.983 E/sprdwl ( 949): sprdwl_rx_rsp_process ctx_id 0 recv rsp[WIFI_CMD_TX_DATA] status[SPRDWL_CMD_STATUS_ERROR]
01-01 08:00:44.998 E/sprdwl ( 949): sprdwl_rx_rsp_process ctx_id 0 recv rsp[WIFI_CMD_TX_DATA] status[SPRDWL_CMD_STATUS_ERROR]
01-01 08:00:45.011 E/sprdwl ( 949): sprdwl_rx_rsp_process ctx_id 0 recv rsp[WIFI_CMD_TX_DATA] status[SPRDWL_CMD_STATUS_ERROR]
01-01 08:00:45.026 E/sprdwl ( 949): sprdwl_rx_rsp_process ctx_id 0 recv rsp[WIFI_CMD_TX_DATA] status[SPRDWL_CMD_STATUS_ERROR]
03-31 16:36:15.214 E/raop ( 2404): JavaCallback init
01-01 08:00:45.040 E/sprdwl ( 949): sprdwl_rx_rsp_process ctx_id 0 recv rsp[WIFI_CMD_TX_DATA] status[SPRDWL_CMD_STATUS_ERROR]
01-01 08:00:45.056 E/sprdwl ( 949): sprdwl_rx_rsp_process ctx_id 0 recv rsp[WIFI_CMD_TX_DATA] status[SPRDWL_CMD_STATUS_ERROR]
01-01 08:00:45.070 E/sprdwl ( 949): sprdwl_rx_rsp_process ctx_id 0 recv rsp[WIFI_CMD_TX_DATA] status[SPRDWL_CMD_STATUS_ERROR]
01-01 08:00:45.082 E/sprdwl ( 949): sprdwl_rx_rsp_process ctx_id 0 recv rsp[WIFI_CMD_TX_DATA] status[SPRDWL_CMD_STATUS_ERROR]
01-01 08:00:45.096 E/sprdwl ( 949): sprdwl_rx_rsp_process ctx_id 0 recv rsp[WIFI_CMD_TX_DATA] status[SPRDWL_CMD_STATUS_ERROR]
01-01 08:00:45.109 E/sprdwl ( 949): sprdwl_rx_rsp_process ctx_id 0 recv rsp[WIFI_CMD_TX_DATA] status[SPRDWL_CMD_STATUS_ERROR]
01-01 08:00:45.122 E/sprdwl ( 949): sprdwl_rx_rsp_process ctx_id 0 recv rsp[WIFI_CMD_TX_DATA] status[SPRDWL_CMD_STATUS_ERROR]
01-01 08:00:45.134 E/sprdwl ( 949): sprdwl_rx_rsp_process ctx_id 0 recv rsp[WIFI_CMD_TX_DATA] status[SPRDWL_CMD_STATUS_ERROR]
01-01 08:00:45.146 E/sprdwl ( 949): sprdwl_rx_rsp_process ctx_id 0 recv rsp[WIFI_CMD_TX_DATA] status[SPRDWL_CMD_STATUS_ERROR]
01-01 08:00:45.159 E/sprdwl ( 949): sprdwl_rx_rsp_process ctx_id 0 recv rsp[WIFI_CMD_TX_DATA] status[SPRDWL_CMD_STATUS_ERROR]
01-01 08:00:45.171 E/sprdwl ( 949): sprdwl_rx_rsp_process ctx_id 0 recv rsp[WIFI_CMD_TX_DATA] status[SPRDWL_CMD_STATUS_ERROR]
01-01 08:00:45.183 E/sprdwl ( 949): sprdwl_rx_rsp_process ctx_id 0 recv rsp[WIFI_CMD_TX_DATA] status[SPRDWL_CMD_STATUS_ERROR]
01-01 08:00:45.195 E/sprdwl ( 949): sprdwl_rx_rsp_process ctx_id 0 recv rsp[WIFI_CMD_TX_DATA] status[SPRDWL_CMD_STATUS_ERROR]
01-01 08:00:45.208 E/sprdwl ( 949): sprdwl_rx_rsp_process ctx_id 0 recv rsp[WIFI_CMD_TX_DATA] status[SPRDWL_CMD_STATUS_ERROR]
01-01 08:00:45.220 E/sprdwl ( 949): sprdwl_rx_rsp_process ctx_id 0 recv rsp[WIFI_CMD_TX_DATA] status[SPRDWL_CMD_STATUS_ERROR]
01-01 08:00:45.233 E/sprdwl ( 949): sprdwl_rx_rsp_process ctx_id 0 recv rsp[WIFI_CMD_TX_DATA] status[SPRDWL_CMD_STATUS_ERROR]
01-01 08:00:45.242 I/init ( 1): processing action (debug.launcher3.exit=1) from (/vendor/etc/init/init.scheduler.rc:1)
01-01 08:00:45.256 E/sprdwl ( 949): sprdwl_rx_rsp_process ctx_id 0 recv rsp[WIFI_CMD_TX_DATA] status[SPRDWL_CMD_STATUS_ERROR]
01-01 08:00:45.269 E/sprdwl ( 949): sprdwl_rx_rsp_process ctx_id 0 recv rsp[WIFI_CMD_TX_DATA] status[SPRDWL_CMD_STATUS_ERROR]
01-01 08:00:45.282 E/sprdwl ( 949): sprdwl_rx_rsp_process ctx_id 0 recv rsp[WIFI_CMD_TX_DATA] status[SPRDWL_CMD_STATUS_ERROR]
01-01 08:00:45.297 E/sprdwl ( 949): sprdwl_rx_rsp_process ctx_id 0 recv rsp[WIFI_CMD_TX_DATA] status[SPRDWL_CMD_STATUS_ERROR]
01-01 08:00:45.309 E/sprdwl ( 949): sprdwl_rx_rsp_process ctx_id 0 recv rsp[WIFI_CMD_TX_DATA] status[SPRDWL_CMD_STATUS_ERROR]
01-01 08:00:45.326 E/sprdwl ( 949): sprdwl_rx_rsp_process ctx_id 0 recv rsp[WIFI_CMD_TX_DATA] status[SPRDWL_CMD_STATUS_ERROR]
01-01 08:00:45.338 E/sprdwl ( 949): sprdwl_rx_rsp_process ctx_id 0 recv rsp[WIFI_CMD_TX_DATA] status[SPRDWL_CMD_STATUS_ERROR]
01-01 08:00:45.351 E/sprdwl ( 949): sprdwl_rx_rsp_process ctx_id 0 recv rsp[WIFI_CMD_TX_DATA] status[SPRDWL_CMD_STATUS_ERROR]
01-01 08:00:45.363 E/sprdwl ( 949): sprdwl_rx_rsp_process ctx_id 0 recv rsp[WIFI_CMD_TX_DATA] status[SPRDWL_CMD_STATUS_ERROR]
01-01 08:00:45.375 E/sprdwl ( 949): sprdwl_rx_rsp_process ctx_id 0 recv rsp[WIFI_CMD_TX_DATA] status[SPRDWL_CMD_STATUS_ERROR]
01-01 08:00:45.388 E/sprdwl ( 949): sprdwl_rx_rsp_process ctx_id 0 recv rsp[WIFI_CMD_TX_DATA] status[SPRDWL_CMD_STATUS_ERROR]
03-31 16:36:15.563 W/IorapForwardingService( 479): No service published for: iorapd
01-01 08:00:45.400 E/sprdwl ( 949): sprdwl_rx_rsp_process ctx_id 0 recv rsp[WIFI_CMD_TX_DATA] status[SPRDWL_CMD_STATUS_ERROR]
01-01 08:00:45.420 E/sprdwl ( 949): sprdwl_rx_rsp_process ctx_id 0 recv rsp[WIFI_CMD_TX_DATA] status[SPRDWL_CMD_STATUS_ERROR]
01-01 08:00:45.433 E/sprdwl ( 949): sprdwl_rx_rsp_process ctx_id 0 recv rsp[WIFI_CMD_TX_DATA] status[SPRDWL_CMD_STATUS_ERROR]
01-01 08:00:45.447 E/sprdwl ( 949): sprdwl_rx_rsp_process ctx_id 0 recv rsp[WIFI_CMD_TX_DATA] status[SPRDWL_CMD_STATUS_ERROR]
01-01 08:00:45.460 E/sprdwl ( 949): sprdwl_rx_rsp_process ctx_id 0 recv rsp[WIFI_CMD_TX_DATA] status[SPRDWL_CMD_STATUS_ERROR]
01-01 08:00:45.472 E/sprdwl ( 949): sprdwl_rx_rsp_process ctx_id 0 recv rsp[WIFI_CMD_TX_DATA] status[SPRDWL_CMD_STATUS_ERROR]
01-01 08:00:45.488 E/sprdwl ( 949): sprdwl_rx_rsp_process ctx_id 0 recv rsp[WIFI_CMD_TX_DATA] status[SPRDWL_CMD_STATUS_ERROR]
01-01 08:00:45.502 E/sprdwl ( 949): sprdwl_rx_rsp_process ctx_id 0 recv rsp[WIFI_CMD_TX_DATA] status[SPRDWL_CMD_STATUS_ERROR]
01-01 08:00:45.515 E/sprdwl ( 949): sprdwl_rx_rsp_process ctx_id 0 recv rsp[WIFI_CMD_TX_DATA] status[SPRDWL_CMD_STATUS_ERROR]
01-01 08:00:45.530 E/sprdwl ( 949): sprdwl_rx_rsp_process ctx_id 0 recv rsp[WIFI_CMD_TX_DATA] status[SPRDWL_CMD_STATUS_ERROR]
01-01 08:00:45.542 E/sprdwl ( 949): sprdwl_rx_rsp_process ctx_id 0 recv rsp[WIFI_CMD_TX_DATA] status[SPRDWL_CMD_STATUS_ERROR]
01-01 08:00:45.554 E/sprdwl ( 949): sprdwl_rx_rsp_process ctx_id 0 recv rsp[WIFI_CMD_TX_DATA] status[SPRDWL_CMD_STATUS_ERROR]
01-01 08:00:45.566 E/sprdwl ( 949): sprdwl_rx_rsp_process ctx_id 0 recv rsp[WIFI_CMD_TX_DATA] status[SPRDWL_CMD_STATUS_ERROR]
01-01 08:00:45.580 E/sprdwl ( 949): sprdwl_rx_rsp_process ctx_id 0 recv rsp[WIFI_CMD_TX_DATA] status[SPRDWL_CMD_STATUS_ERROR]
01-01 08:00:45.593 E/sprdwl ( 949): sprdwl_rx_rsp_process ctx_id 0 recv rsp[WIFI_CMD_TX_DATA] status[SPRDWL_CMD_STATUS_ERROR]
01-01 08:00:45.605 E/sprdwl ( 949): sprdwl_rx_rsp_process ctx_id 0 recv rsp[WIFI_CMD_TX_DATA] status[SPRDWL_CMD_STATUS_ERROR]
01-01 08:00:45.619 E/sprdwl ( 949): sprdwl_rx_rsp_process ctx_id 0 recv rsp[WIFI_CMD_TX_DATA] status[SPRDWL_CMD_STATUS_ERROR]
01-01 08:00:45.632 E/sprdwl ( 949): sprdwl_rx_rsp_process ctx_id 0 recv rsp[WIFI_CMD_TX_DATA] status[SPRDWL_CMD_STATUS_ERROR]
01-01 08:00:45.645 E/sprdwl ( 949): sprdwl_rx_rsp_process ctx_id 0 recv rsp[WIFI_CMD_TX_DATA] status[SPRDWL_CMD_STATUS_ERROR]
01-01 08:00:45.658 E/sprdwl ( 949): sprdwl_rx_rsp_process ctx_id 0 recv rsp[WIFI_CMD_TX_DATA] status[SPRDWL_CMD_STATUS_ERROR]
01-01 08:00:45.671 E/sprdwl ( 949): sprdwl_rx_rsp_process ctx_id 0 recv rsp[WIFI_CMD_TX_DATA] status[SPRDWL_CMD_STATUS_ERROR]
01-01 08:00:45.685 E/sprdwl ( 949): sprdwl_rx_rsp_process ctx_id 0 recv rsp[WIFI_CMD_TX_DATA] status[SPRDWL_CMD_STATUS_ERROR]
01-01 08:00:45.697 E/sprdwl ( 949): sprdwl_rx_rsp_process ctx_id 0 recv rsp[WIFI_CMD_TX_DATA] status[SPRDWL_CMD_STATUS_ERROR]
01-01 08:00:45.710 E/sprdwl ( 949): sprdwl_rx_rsp_process ctx_id 0 recv rsp[WIFI_CMD_TX_DATA] status[SPRDWL_CMD_STATUS_ERROR]
01-01 08:00:45.723 E/sprdwl ( 949): sprdwl_rx_rsp_process ctx_id 0 recv rsp[WIFI_CMD_TX_DATA] status[SPRDWL_CMD_STATUS_ERROR]
01-01 08:00:45.735 E/sprdwl ( 949): sprdwl_rx_rsp_process ctx_id 0 recv rsp[WIFI_CMD_TX_DATA] status[SPRDWL_CMD_STATUS_ERROR]
01-01 08:00:45.748 E/sprdwl ( 949): sprdwl_rx_rsp_process ctx_id 0 recv rsp[WIFI_CMD_TX_DATA] status[SPRDWL_CMD_STATUS_ERROR]
01-01 08:00:45.760 E/sprdwl ( 949): sprdwl_rx_rsp_process ctx_id 0 recv rsp[WIFI_CMD_TX_DATA] status[SPRDWL_CMD_STATUS_ERROR]
01-01 08:00:45.773 E/sprdwl ( 949): sprdwl_rx_rsp_process ctx_id 0 recv rsp[WIFI_CMD_TX_DATA] status[SPRDWL_CMD_STATUS_ERROR]
01-01 08:00:45.788 E/sprdwl ( 949): sprdwl_rx_rsp_process ctx_id 0 recv rsp[WIFI_CMD_TX_DATA] status[SPRDWL_CMD_STATUS_ERROR]
01-01 08:00:45.801 E/sprdwl ( 949): sprdwl_rx_rsp_process ctx_id 0 recv rsp[WIFI_CMD_TX_DATA] status[SPRDWL_CMD_STATUS_ERROR]
01-01 08:00:45.815 E/sprdwl ( 949): sprdwl_rx_rsp_process ctx_id 0 recv rsp[WIFI_CMD_TX_DATA] status[SPRDWL_CMD_STATUS_ERROR]
01-01 08:00:45.830 E/sprdwl ( 949): sprdwl_rx_rsp_process ctx_id 0 recv rsp[WIFI_CMD_TX_DATA] status[SPRDWL_CMD_STATUS_ERROR]
01-01 08:00:45.843 E/sprdwl ( 949): sprdwl_rx_rsp_process ctx_id 0 recv rsp[WIFI_CMD_TX_DATA] status[SPRDWL_CMD_STATUS_ERROR]
01-01 08:00:45.857 E/sprdwl ( 949): sprdwl_rx_rsp_process ctx_id 0 recv rsp[WIFI_CMD_TX_DATA] status[SPRDWL_CMD_STATUS_ERROR]
01-01 08:00:45.871 E/sprdwl ( 949): sprdwl_rx_rsp_process ctx_id 0 recv rsp[WIFI_CMD_TX_DATA] status[SPRDWL_CMD_STATUS_ERROR]
01-01 08:00:45.886 E/sprdwl ( 949): sprdwl_rx_rsp_process ctx_id 0 recv rsp[WIFI_CMD_TX_DATA] status[SPRDWL_CMD_STATUS_ERROR]
01-01 08:00:45.901 E/sprdwl ( 949): sprdwl_rx_rsp_process ctx_id 0 recv rsp[WIFI_CMD_TX_DATA] status[SPRDWL_CMD_STATUS_ERROR]
01-01 08:00:45.916 E/sprdwl ( 949): sprdwl_rx_rsp_process ctx_id 0 recv rsp[WIFI_CMD_TX_DATA] status[SPRDWL_CMD_STATUS_ERROR]
01-01 08:00:45.930 E/sprdwl ( 949): sprdwl_rx_rsp_process ctx_id 0 recv rsp[WIFI_CMD_TX_DATA] status[SPRDWL_CMD_STATUS_ERROR]
01-01 08:00:45.945 E/sprdwl ( 949): sprdwl_rx_rsp_process ctx_id 0 recv rsp[WIFI_CMD_TX_DATA] status[SPRDWL_CMD_STATUS_ERROR]
01-01 08:00:45.959 E/sprdwl ( 949): sprdwl_rx_rsp_process ctx_id 0 recv rsp[WIFI_CMD_TX_DATA] status[SPRDWL_CMD_STATUS_ERROR]
01-01 08:00:45.974 E/sprdwl ( 949): sprdwl_rx_rsp_process ctx_id 0 recv rsp[WIFI_CMD_TX_DATA] status[SPRDWL_CMD_STATUS_ERROR]
01-01 08:00:45.990 E/sprdwl ( 949): sprdwl_rx_rsp_process ctx_id 0 recv rsp[WIFI_CMD_TX_DATA] status[SPRDWL_CMD_STATUS_ERROR]
03-31 16:36:16.437 I/awei.connectio( 2691): Background concurrent copying GC freed 33313(3178KB) AllocSpace objects, 22(440KB) LOS objects, 49% free, 3321KB/6643KB, paused 192us total 155.429ms
03-31 16:36:16.565 W/IorapForwardingService( 479): No service published for: iorapd
03-31 16:36:16.595 I/BLEAudioDrive_HV410( 249): select timeout!
01-01 08:00:46.443 E/sprdwl ( 949): sprdwl_rx_rsp_process ctx_id 0 recv rsp[WIFI_CMD_TX_DATA] status[SPRDWL_CMD_STATUS_ERROR]
01-01 08:00:46.458 E/sprdwl ( 949): sprdwl_rx_rsp_process ctx_id 0 recv rsp[WIFI_CMD_TX_DATA] status[SPRDWL_CMD_STATUS_ERROR]
03-31 16:36:16.651 D/UtilLog ( 2252): 日志批量上报 进行正常循环 !!!!!!本次有0次请求,共0条数据
01-01 08:00:46.475 E/sprdwl ( 949): sprdwl_rx_rsp_process ctx_id 0 recv rsp[WIFI_CMD_TX_DATA] status[SPRDWL_CMD_STATUS_ERROR]
01-01 08:00:46.488 E/sprdwl ( 949): sprdwl_rx_rsp_process ctx_id 0 recv rsp[WIFI_CMD_TX_DATA] status[SPRDWL_CMD_STATUS_ERROR]
03-31 16:36:16.652 I/ModuleDataForwa( 2404): type=1400 audit(0.0:1104): avc: denied { rename } for name="TD_IP_CACHE.xml" dev="mmcblk0p25" ino=3186 scontext=u:r:platform_app:s0:c512,c768 tcontext=u:object_r:app_data_file:s0:c512,c768 tclass=file permissive=1 app=com.dangbei.screencast
03-31 16:36:16.656 I/ModuleDataForwa( 2404): type=1400 audit(0.0:1105): avc: denied { setattr } for name="TD_IP_CACHE.xml" dev="mmcblk0p25" ino=3969 scontext=u:r:platform_app:s0:c512,c768 tcontext=u:object_r:app_data_file:s0:c512,c768 tclass=file permissive=1 app=com.dangbei.screencast
03-31 16:36:16.656 I/ModuleDataForwa( 2404): type=1400 audit(0.0:1106): avc: denied { unlink } for name="TD_IP_CACHE.xml.bak" dev="mmcblk0p25" ino=3186 scontext=u:r:platform_app:s0:c512,c768 tcontext=u:object_r:app_data_file:s0:c512,c768 tclass=file permissive=1 app=com.dangbei.screencast
01-01 08:00:46.594 E/sprdwl ( 949): sprdwl_rx_rsp_process ctx_id 0 recv rsp[WIFI_CMD_TX_DATA] status[SPRDWL_CMD_STATUS_ERROR]
01-01 08:00:46.608 E/sprdwl ( 949): sprdwl_rx_rsp_process ctx_id 0 recv rsp[WIFI_CMD_TX_DATA] status[SPRDWL_CMD_STATUS_ERROR]
01-01 08:00:46.621 E/sprdwl ( 949): sprdwl_rx_rsp_process ctx_id 0 recv rsp[WIFI_CMD_TX_DATA] status[SPRDWL_CMD_STATUS_ERROR]
01-01 08:00:46.638 E/sprdwl ( 949): sprdwl_rx_rsp_process ctx_id 0 recv rsp[WIFI_CMD_TX_DATA] status[SPRDWL_CMD_STATUS_ERROR]
03-31 16:36:16.811 I/bluetooth( 673): system/bt/stack/gatt/connection_manager.cc:185 on_connection_complete: Le connection completed to device:c9:b5:96:5c:e3:ed
03-31 16:36:16.811 I/bt_btm_ble( 673): system/bt/stack/btm/btm_ble.cc:1699 btm_ble_connected: Updating device record timestamp for existing ble connection
03-31 16:36:16.811 E/bt_upio ( 250): upio_set : /proc/bluetooth/sleep/btwrite(-1) incorrent
01-01 08:00:46.653 E/sprdwl ( 949): sprdwl_rx_rsp_process ctx_id 0 recv rsp[WIFI_CMD_TX_DATA] status[SPRDWL_CMD_STATUS_ERROR]
01-01 08:00:46.666 E/sprdwl ( 949): sprdwl_rx_rsp_process ctx_id 0 recv rsp[WIFI_CMD_TX_DATA] status[SPRDWL_CMD_STATUS_ERROR]
01-01 08:00:46.680 E/sprdwl ( 949): sprdwl_rx_rsp_process ctx_id 0 recv rsp[WIFI_CMD_TX_DATA] status[SPRDWL_CMD_STATUS_ERROR]
01-01 08:00:46.697 E/sprdwl ( 949): sprdwl_rx_rsp_process ctx_id 0 recv rsp[WIFI_CMD_TX_DATA] status[SPRDWL_CMD_STATUS_ERROR]
01-01 08:00:46.711 E/sprdwl ( 949): sprdwl_rx_rsp_process ctx_id 0 recv rsp[WIFI_CMD_TX_DATA] status[SPRDWL_CMD_STATUS_ERROR]
01-01 08:00:46.725 E/sprdwl ( 949): sprdwl_rx_rsp_process ctx_id 0 recv rsp[WIFI_CMD_TX_DATA] status[SPRDWL_CMD_STATUS_ERROR]
01-01 08:00:46.740 E/sprdwl ( 949): sprdwl_rx_rsp_process ctx_id 0 recv rsp[WIFI_CMD_TX_DATA] status[SPRDWL_CMD_STATUS_ERROR]
01-01 08:00:46.759 E/sprdwl ( 949): sprdwl_rx_rsp_process ctx_id 0 recv rsp[WIFI_CMD_TX_DATA] status[SPRDWL_CMD_STATUS_ERROR]
03-31 16:36:16.961 W/TelephonyPermissions( 479): reportAccessDeniedToReadIdentifiers:com.dangbei.screencast:getSerial:-1
03-31 16:36:16.924 I/ZIDThreadPoolEx( 2691): type=1400 audit(0.0:1107): avc: denied { search } for name="com.dangbei.screencast" dev="mmcblk0p25" ino=909 scontext=u:r:platform_app:s0:c512,c768 tcontext=u:object_r:app_data_file:s0:c512,c768 tclass=dir permissive=1 app=com.dangbei.screencast
03-31 16:36:16.979 E/WifiHAL ( 667): wifi_get_link_stats: requestResponse Error:-5
03-31 16:36:16.980 E/WifiVendorHal( 479): getWifiLinkLayerStats_1_5_Internal(l.1191) failed {.code = ERROR_INVALID_ARGS, .description = }
01-01 08:00:46.804 E/sprdwl ( 949): sprdwl_rx_rsp_process ctx_id 0 recv rsp[WIFI_CMD_TX_DATA] status[SPRDWL_CMD_STATUS_ERROR]
01-01 08:00:46.817 E/sprdwl ( 949): sprdwl_rx_rsp_process ctx_id 0 recv rsp[WIFI_CMD_TX_DATA] status[SPRDWL_CMD_STATUS_ERROR]
03-31 16:36:16.991 V/NFC ( 2691): this device does not have NFC support
01-01 08:00:46.833 E/sprdwl ( 949): sprdwl_rx_rsp_process ctx_id 0 recv rsp[WIFI_CMD_TX_DATA] status[SPRDWL_CMD_STATUS_ERROR]
01-01 08:00:46.847 E/sprdwl ( 949): sprdwl_rx_rsp_process ctx_id 0 recv rsp[WIFI_CMD_TX_DATA] status[SPRDWL_CMD_STATUS_ERROR]
03-31 16:36:17.033 I/bt_stack( 673): [INFO:gatt_attr.cc(880)] gatt_sr_init_cl_status: bda=c9:b5:96:5c:e3:ed, cl_supp_feat=0000, aware=1
03-31 16:36:17.033 I/bluetooth( 673): system/bt/stack/gap/gap_ble.cc:298 client_connect_cback: No active GAP service found for peer:xx:xx:xx:xx:e3:ed callback:Connected
03-31 16:36:17.033 I/bt_bta_gattc( 673): system/bt/bta/gatt/bta_gattc_act.cc:1110 bta_gattc_conn_cback: Connected att_id:3 transport:le reason:GATT_CONN_OK
03-31 16:36:17.033 I/bt_bta_gattc( 673): system/bt/bta/gatt/bta_gattc_act.cc:1110 bta_gattc_conn_cback: Connected att_id:4 transport:le reason:GATT_CONN_OK
03-31 16:36:17.033 I/bt_bta_gattc( 673): system/bt/bta/gatt/bta_gattc_act.cc:1110 bta_gattc_conn_cback: Connected att_id:5 transport:le reason:GATT_CONN_OK
03-31 16:36:17.033 I/bluetooth( 673): system/bt/stack/gatt/connection_manager.cc:185 on_connection_complete: Le connection completed to device:c9:b5:96:5c:e3:ed
03-31 16:36:17.034 I/bt_stack( 673): [INFO:eatt_impl.h(634)] connect device c9:b5:96:5c:e3:ed rolecentral
03-31 16:36:17.034 I/bt_btif_dm( 673): system/bt/btif/src/btif_dm.cc:497 btif_update_remote_version_property: Remote version info valid:true [xx:xx:xx:xx:e3:ed]: 8, 50e, 8
01-01 08:00:46.864 E/sprdwl ( 949): sprdwl_rx_rsp_process ctx_id 0 recv rsp[WIFI_CMD_TX_DATA] status[SPRDWL_CMD_STATUS_ERROR]
01-01 08:00:46.877 E/sprdwl ( 949): sprdwl_rx_rsp_process ctx_id 0 recv rsp[WIFI_CMD_TX_DATA] status[SPRDWL_CMD_STATUS_ERROR]
01-01 08:00:46.889 E/sprdwl ( 949): sprdwl_rx_rsp_process ctx_id 0 recv rsp[WIFI_CMD_TX_DATA] status[SPRDWL_CMD_STATUS_ERROR]
03-31 16:36:17.071 I/bt_stack( 673): [INFO:eatt_impl.h(578)] supported_features_cb c9:b5:96:5c:e3:ed is_eatt_supported = 0
01-01 08:00:46.906 E/sprdwl ( 949): sprdwl_rx_rsp_process ctx_id 0 recv rsp[WIFI_CMD_TX_DATA] status[SPRDWL_CMD_STATUS_ERROR]
03-31 16:36:17.091 I/dangbei111( 1051): cccccc on receiver=android.bluetooth.device.action.ACL_CONNECTED,mac=C9:B5:96:5C:E3:ED
03-31 16:36:17.091 I/dangbei111( 1051): cccccc 收到 ACTION_ACL_CONNECTED 的广播
03-31 16:36:17.091 E/dangbei111( 1051): 5s后准备进行遥控器ota信息检测
01-01 08:00:46.923 E/sprdwl ( 949): sprdwl_rx_rsp_process ctx_id 0 recv rsp[WIFI_CMD_TX_DATA] status[SPRDWL_CMD_STATUS_ERROR]
01-01 08:00:46.936 E/sprdwl ( 949): sprdwl_rx_rsp_process ctx_id 0 recv rsp[WIFI_CMD_TX_DATA] status[SPRDWL_CMD_STATUS_ERROR]
03-31 16:36:17.096 E/BluetoothPhonePolicy( 673): Received unexpected intent, action=android.bluetooth.device.action.ACL_CONNECTED
03-31 16:36:17.098 I/BluetoothPhonePolicy( 673): processDeviceConnected, device=C9:B5:96:5C:E3:ED
03-31 16:36:17.098 D/BluetoothDatabase( 673): setConnection: device=C9:B5:96:5C:E3:ED and isA2dpDevice=false
03-31 16:36:17.098 D/BluetoothDatabase( 673): Updating last connected time for device: C9:B5:96:5C:E3:ED to 1
03-31 16:36:17.098 D/BluetoothDatabase( 673): updateDatabase C9:B5:96:5C:E3:ED
01-01 08:00:46.950 E/sprdwl ( 949): sprdwl_rx_rsp_process ctx_id 0 recv rsp[WIFI_CMD_TX_DATA] status[SPRDWL_CMD_STATUS_ERROR]
01-01 08:00:46.963 E/sprdwl ( 949): sprdwl_rx_rsp_process ctx_id 0 recv rsp[WIFI_CMD_TX_DATA] status[SPRDWL_CMD_STATUS_ERROR]
01-01 08:00:46.978 E/sprdwl ( 949): sprdwl_rx_rsp_process ctx_id 0 recv rsp[WIFI_CMD_TX_DATA] status[SPRDWL_CMD_STATUS_ERROR]
01-01 08:00:47.061 W/audit ( 2520): audit_lost=631 audit_rate_limit=5 audit_backlog_limit=64
01-01 08:00:47.072 E/audit ( 2520): rate limit exceeded
03-31 16:36:17.216 I/MirrorHelper( 2404): type=1400 audit(0.0:1108): avc: denied { search } for name="net" dev="sysfs" ino=10441 scontext=u:r:platform_app:s0:c512,c768 tcontext=u:object_r:sysfs_net:s0 tclass=dir permissive=1 app=com.dangbei.screencast
03-31 16:36:17.264 D/UtilLog ( 2252): 日志批量上报 进行正常循环 !!!!!!本次有0次请求,共0条数据
03-31 16:36:17.324 W/VideoCapabilities( 2404): Unrecognized profile/level 0/3 for video/mpeg2
03-31 16:36:17.325 I/PlatformDependent( 2404): Your platform does not provide complete low-level API for accessing direct buffers reliably. Unless explicitly requested, heap buffer will always be preferred to avoid potential system instability.
03-31 16:36:17.342 D/NsdService( 479): Register service
03-31 16:36:17.343 D/NsdService( 479): registerService: 4 name: 当贝投屏R7, type: _airplay._tcp, host: null, port: 41161, txtRecord: srcvers=220.68features=0x527FFFF7,0x1E'pi=2e388006-13ba-4041-9a67-25dd4a43d536Cpk=b07727d6f6cd6e08b58ede525ec3cdeaa252ad9f683feb212ef8a205246554e7vv=2 flags=0x4model=AppleTV2,1deviceid=b4:2f:03:15:e4:ce
03-31 16:36:17.344 D/NsdService( 479): mdnssd [register, 4, 当贝投屏R7, _airplay._tcp, 41161, DnNyY3ZlcnM9MjIwLjY4GGZlYXR1cmVzPTB4NTI3RkZGRjcsMHgxRSdwaT0yZTM4ODAwNi0xM2JhLTQwNDEtOWE2Ny0yNWRkNGE0M2Q1MzZDcGs9YjA3NzI3ZDZmNmNkNmUwOGI1OGVkZTUyNWVjM2NkZWFhMjUyYWQ5ZjY4M2ZlYjIxMmVmOGEyMDUyNDY1NTRlNwR2dj0yCWZsYWdzPTB4NBBtb2RlbD1BcHBsZVRWMiwxGmRldmljZWlkPWI0OjJmOjAzOjE1OmU0OmNl]
03-31 16:36:17.346 D/MDnsDS ( 243): serviceRegister(4, (null), 当贝投屏R7, _airplay._tcp, (null), (null), 41161, 207, )
03-31 16:36:17.347 D/MDnsDS ( 243): startMonitoring 4
03-31 16:36:17.347 D/MDnsDS ( 243): triggering rescan
03-31 16:36:17.347 D/MDnsDS ( 243): serviceRegister successful
03-31 16:36:17.348 D/MDnsDS ( 243): Monitor poll got data pollCount = 2, 1
03-31 16:36:17.348 D/MDnsDS ( 243): controlSocket shows revent= 1
03-31 16:36:17.348 D/MDnsDS ( 243): MDnsSdListener::Monitor got 1
03-31 16:36:17.348 D/MDnsDS ( 243): MDnsSdListener::Monitor poll rescanning - size=10, live=2
03-31 16:36:17.348 D/MDnsDS ( 243): Going to poll with pollCount 3
03-31 16:36:17.350 D/NsdService( 479): Register 2 4
03-31 16:36:17.355 D/NsdService( 479): Register service
03-31 16:36:17.355 D/NsdService( 479): registerService: 5 name: b42f0315e4ce@当贝投屏R7, type: _raop._tcp, host: null, port: 43771, txtRecord: txtvers=1 am=AppleTV2,1ch=2
03-31 16:36:17.355 D/NsdService( 479): cn=0,1,2,3da=trueet=0,3,5ft=0x527FFFF7,0x1Emd=0,1,2Cpk=b07727d6f6cd6e08b58ede525ec3cdeaa252ad9f683feb212ef8a205246554e7pw=falsesf=0x4sr=44100ss=16sv=falsetp=UDPvn=65537 vs=220.68vv=2 rhd=5.6.0.0
03-31 16:36:17.356 D/NsdService( 479): mdnssd [register, 5, b42f0315e4ce@当贝投屏R7, _raop._tcp, 43771, CXR4dHZlcnM9MQ1hbT1BcHBsZVRWMiwxBGNoPTIKY249MCwxLDIsMwdkYT10cnVlCGV0PTAsMyw1EmZ0PTB4NTI3RkZGRjcsMHgxRQhtZD0wLDEsMkNwaz1iMDc3MjdkNmY2Y2Q2ZTA4YjU4ZWRlNTI1ZWMzY2RlYWEyNTJhZDlmNjgzZmViMjEyZWY4YTIwNTI0NjU1NGU3CHB3PWZhbHNlBnNmPTB4NAhzcj00NDEwMAVzcz0xNghzdj1mYWxzZQZ0cD1VRFAIdm49NjU1MzcJdnM9MjIwLjY4BHZ2PTILcmhkPTUuNi4wLjA=]
03-31 16:36:17.356 D/MDnsDS ( 243): serviceRegister(5, (null), b42f0315e4ce@当贝投屏R7, _raop._tcp, (null), (null), 43771, 236, )
03-31 16:36:17.357 D/MDnsDS ( 243): startMonitoring 5
03-31 16:36:17.357 D/MDnsDS ( 243): triggering rescan
03-31 16:36:17.357 D/MDnsDS ( 243): serviceRegister successful
03-31 16:36:17.357 D/MDnsDS ( 243): Monitor poll got data pollCount = 3, 1
03-31 16:36:17.357 D/MDnsDS ( 243): controlSocket shows revent= 1
03-31 16:36:17.357 D/MDnsDS ( 243): MDnsSdListener::Monitor got 1
03-31 16:36:17.357 D/MDnsDS ( 243): MDnsSdListener::Monitor poll rescanning - size=10, live=3
03-31 16:36:17.357 D/MDnsDS ( 243): Going to poll with pollCount 4
03-31 16:36:17.359 D/NsdService( 479): Register 3 5
03-31 16:36:17.568 W/IorapForwardingService( 479): No service published for: iorapd
03-31 16:36:17.774 D/NsdService( 479): Register service
03-31 16:36:17.774 D/NsdService( 479): registerService: 6 name: 当贝投屏R7, type: _db_cast_screen._tcp, host: null, port: 40799, txtRecord: au=1cV=20830mV=100h265=0maxR=4096-3152model=DBBOX-A2deviceid=4A:13:E4:F9:79:75
03-31 16:36:17.778 D/NsdService( 479): mdnssd [register, 6, 当贝投屏R7, _db_cast_screen._tcp, 40799, BGF1PTEIY1Y9MjA4MzAGbVY9MTAwBmgyNjU9MA5tYXhSPTQwOTYtMzE1Mg5tb2RlbD1EQkJPWC1BMhpkZXZpY2VpZD00QToxMzpFNDpGOTo3OTo3NQ==]
03-31 16:36:17.779 D/MDnsDS ( 243): serviceRegister(6, (null), 当贝投屏R7, _db_cast_screen._tcp, (null), (null), 40799, 85, )
03-31 16:36:17.780 D/MDnsDS ( 243): startMonitoring 6
03-31 16:36:17.780 D/MDnsDS ( 243): triggering rescan
03-31 16:36:17.780 D/MDnsDS ( 243): serviceRegister successful
03-31 16:36:17.780 D/MDnsDS ( 243): Monitor poll got data pollCount = 4, 1
03-31 16:36:17.780 D/MDnsDS ( 243): controlSocket shows revent= 1
03-31 16:36:17.780 D/MDnsDS ( 243): MDnsSdListener::Monitor got 1
03-31 16:36:17.780 D/MDnsDS ( 243): MDnsSdListener::Monitor poll rescanning - size=10, live=4
03-31 16:36:17.780 D/MDnsDS ( 243): Going to poll with pollCount 5
03-31 16:36:17.781 D/NsdService( 479): Register 4 6
03-31 16:36:17.884 I/gbei.screencas( 2404): Background concurrent copying GC freed 16102(2298KB) AllocSpace objects, 1(20KB) LOS objects, 49% free, 5096KB/10192KB, paused 101us total 116.353ms
03-31 16:36:17.888 I/queued-work-loo( 2404): type=1400 audit(0.0:1124): avc: denied { remove_name } for name="screencast.xml" dev="mmcblk0p25" ino=3426 scontext=u:r:platform_app:s0:c512,c768 tcontext=u:object_r:app_data_file:s0:c512,c768 tclass=dir permissive=1 app=com.dangbei.screencast
03-31 16:36:17.888 I/queued-work-loo( 2404): type=1400 audit(0.0:1125): avc: denied { rename } for name="screencast.xml" dev="mmcblk0p25" ino=3426 scontext=u:r:platform_app:s0:c512,c768 tcontext=u:object_r:app_data_file:s0:c512,c768 tclass=file permissive=1 app=com.dangbei.screencast
03-31 16:36:17.960 D/aaa ( 1107): LedStatusService onStartCommand begin
03-31 16:36:17.967 D/bbb ( 1170): onStartCommand begin !!!!!!! data分区剩余 24956MB
03-31 16:36:17.892 I/queued-work-loo( 2404): type=1400 audit(0.0:1126): avc: denied { setattr } for name="screencast.xml" dev="mmcblk0p25" ino=3974 scontext=u:r:platform_app:s0:c512,c768 tcontext=u:object_r:app_data_file:s0:c512,c768 tclass=file permissive=1 app=com.dangbei.screencast
03-31 16:36:17.983 D/aaa ( 1107): topPkg is -------------- :com.dangbei.leard.leradlauncher
03-31 16:36:17.985 D/aaa ( 1107): WiFi is connect
03-31 16:36:17.892 I/queued-work-loo( 2404): type=1400 audit(0.0:1127): avc: denied { unlink } for name="screencast.xml.bak" dev="mmcblk0p25" ino=3426 scontext=u:r:platform_app:s0:c512,c768 tcontext=u:object_r:app_data_file:s0:c512,c768 tclass=file permissive=1 app=com.dangbei.screencast
03-31 16:36:17.908 I/Thread-2( 2808): type=1400 audit(0.0:1128): avc: denied { execute } for name="am" dev="dm-1" ino=1164 scontext=u:r:system_app:s0 tcontext=u:object_r:vendor_file:s0 tclass=file permissive=1
03-31 16:36:18.080 D/MDnsDS ( 243): Monitor poll got data pollCount = 5, 2
03-31 16:36:18.080 D/MDnsDS ( 243): Monitor found [2].revents = 1 - calling ProcessResults
03-31 16:36:18.080 D/MDnsDS ( 243): register succeeded for 5 as b42f0315e4ce@当贝投屏R7
03-31 16:36:18.080 D/MDnsDS ( 243): Monitor found [3].revents = 1 - calling ProcessResults
03-31 16:36:18.080 D/MDnsDS ( 243): register succeeded for 4 as 当贝投屏R7
03-31 16:36:18.080 D/MDnsDS ( 243): controlSocket shows revent= 0
03-31 16:36:18.080 D/MDnsDS ( 243): Going to poll with pollCount 5
03-31 16:36:18.081 D/NsdService( 479): Native daemon message SERVICE_REGISTERED: 606 5 "b42f0315e4ce@当贝投屏R7"
03-31 16:36:18.082 D/NsdService( 479): Native daemon message SERVICE_REGISTERED: 606 4 "当贝投屏R7"
03-31 16:36:18.184 D/SntpClient( 479): request time failed: java.net.SocketTimeoutException: Poll timed out
03-31 16:36:18.247 E/accept ( 2404): myIp:192.168.3.131
03-31 16:36:18.251 E/accept ( 2404): connect error
03-31 16:36:18.261 I/UpnpServiceImpl( 2404): >>> Starting UPnP service...
03-31 16:36:18.262 I/UpnpServiceImpl( 2404): Using configuration: org.fourthline.cling.android.AndroidUpnpServiceConfiguration
03-31 16:36:18.267 I/Router ( 2404): Creating Router: org.fourthline.cling.android.AndroidRouter
03-31 16:36:18.270 W/Router ( 2404): enable lock:org.fourthline.cling.android.AndroidRouter@97ed55c_java.util.concurrent.locks.ReentrantReadWriteLock$WriteLock@12b1065[Unlocked]
03-31 16:36:18.282 W/tworkAddressFactoryImpl( 2404): Network interface may not be multicast capable: dummy0
03-31 16:36:18.285 I/MulticastReceiver( 2404): Creating wildcard socket (for receiving multicast datagrams) on port: 1900
03-31 16:36:18.287 I/MulticastReceiver( 2404): Joining multicast group: /239.255.255.250:1900 on network interface: wlan0
03-31 16:36:18.311 E/accept ( 2404): Adding connector try: 192.168.3.131/192.168.3.131:40383
03-31 16:36:18.316 E/accept ( 2404): Adding connector result: 192.168.3.131/192.168.3.131:40383
03-31 16:36:18.331 D/MDnsDS ( 243): Monitor poll got data pollCount = 5, 1
03-31 16:36:18.331 D/MDnsDS ( 243): Monitor found [1].revents = 1 - calling ProcessResults
03-31 16:36:18.332 D/MDnsDS ( 243): register succeeded for 6 as 当贝投屏R7
03-31 16:36:18.332 D/MDnsDS ( 243): controlSocket shows revent= 0
03-31 16:36:18.332 D/MDnsDS ( 243): Going to poll with pollCount 5
03-31 16:36:18.333 D/NsdService( 479): Native daemon message SERVICE_REGISTERED: 606 6 "当贝投屏R7"
03-31 16:36:18.441 I/JettyServletContainer( 2404): Registering UPnP servlet under context path: /upnp
03-31 16:36:18.450 I/DatagramIO( 2404): Creating bound socket (for datagram input/output) on: 192.168.3.131/192.168.3.131
03-31 16:36:18.451 E/JettyServletContainer( 2404): gogogo
03-31 16:36:18.452 I/JettyServletContainer( 2404): Starting Jetty server...
03-31 16:36:18.453 W/System.err( 2404): 2026-03-31 16:36:18.452:INFO:lcaf.p:jetty-8.y.z-SNAPSHOT
03-31 16:36:18.457 I/Router ( 2404): WiFi multicast lock acquired
03-31 16:36:18.457 I/WifiService( 479): acquireMulticastLock uid=10027
03-31 16:36:18.459 I/Router ( 2404): WiFi lock acquired
03-31 16:36:18.460 I/WifiService( 479): acquireWifiLock uid=10027 lockMode=3
03-31 16:36:18.466 W/Router ( 2404): enable unlock:org.fourthline.cling.android.AndroidRouter@97ed55c
03-31 16:36:18.469 I/UpnpServiceImpl( 2404): <<< UPnP service started successfully
03-31 16:36:18.513 W/System.err( 2404): 2026-03-31 16:36:18.513:INFO:lcaf.a:Started @192.168.3.131:40383
03-31 16:36:18.551 E/g ( 2404): channel :os
03-31 16:36:18.569 W/IorapForwardingService( 479): No service published for: iorapd
03-31 16:36:18.932 I/efs-base( 2404): type=1400 audit(0.0:1131): avc: denied { rmdir } for name="3262" dev="mmcblk0p25" ino=3370 scontext=u:r:platform_app:s0:c512,c768 tcontext=u:object_r:app_data_file:s0:c512,c768 tclass=dir permissive=1 app=com.dangbei.screencast
03-31 16:36:18.941 I/efs.base( 2404): lt=event`ev_ct=efs_core`ev_ac=log_lag`tm=2026-03-31 16:36:94`dn=e47c7bd2-9fa9-451d-9f60-8dbb33e77f9c`ps=com.dangbei.screencast`um_os=android`stime=1774946168290`pid=2404`fr=android`pkg=com.dangbei.screencast`vcode=20830`dsp_w=1920`uid=e47c7bd2-9fa9-451d-9f60-8dbb33e77f9c`rom=12`wid=e47c7bd2-9fa9-451d-9f60-8dbb33e77f9c`um_app_carrier=`um_access=wifi`um_app_channel=os`um_crash_sdk_version=1.4.0`ctime=1774946178`model=dbbox-a2`lang=zh`net=wifi`brand=dangbei`dsp_h=1080`um_network_type=0`ver=v2.8.3`cnt=0`build_model=DBBOX-A2`w_tm=1774946178`appid=5fc60c21094d637f3130af19`um_umid_header=ai35af5d3062696c923ab8439457101f1b`sdk=31`tzone=Asia/Shanghai`sdk_ver=1.3.6.umeng
03-31 16:36:19.110 W/NotificationHistory( 479): Attempted to add notif for locked/gone/disabled user 0
03-31 16:36:19.114 V/TvNotificationHandler( 680): Notification not added because it isn't relevant for tv
03-31 16:36:19.571 W/IorapForwardingService( 479): No service published for: iorapd
03-31 16:36:20.000 E/WifiHAL ( 667): wifi_get_link_stats: requestResponse Error:-5
03-31 16:36:20.002 E/WifiVendorHal( 479): getWifiLinkLayerStats_1_5_Internal(l.1191) failed {.code = ERROR_INVALID_ARGS, .description = }
03-31 16:36:20.082 E/bt_upio ( 250): upio_set : /proc/bluetooth/sleep/btwrite(-1) incorrent
03-31 16:36:20.101 E/dangbei111( 1051): cccccc 检查遥控器是否连接: Dangbei C9:B5:96:5C:E3:ED
03-31 16:36:20.104 E/dangbei111( 1051): cccccc 检查遥控器是否连接: 蓝牙的结果 Dangbei C9:B5:96:5C:E3:ED true
03-31 16:36:20.105 E/dangbei111( 1051): cccccc input中没有遥控器存在
03-31 16:36:20.105 E/dangbei111( 1051): cccccc 蓝牙状态连接 开启8s check任务
03-31 16:36:20.105 E/dangbei111( 1051): cccccc 没有遥控器连接 不进行 getRCInfo return
03-31 16:36:20.105 E/dangbei111( 1051): getBattery delay 0
03-31 16:36:20.118 D/BluetoothGatt( 1051): connect() - device: C9:B5:96:5C:E3:ED, auto: true
03-31 16:36:20.118 D/BluetoothGatt( 1051): registerApp()
03-31 16:36:20.118 D/BluetoothGatt( 1051): registerApp() - UUID=f7d6d848-dde2-46db-b491-5b452bf85913
03-31 16:36:20.122 E/dangbei111( 1051): 5mins后会再次获取电量
03-31 16:36:20.122 I/bluetooth( 673): system/bt/stack/gatt/gatt_api.cc:1019 GATT_Register: Allocated name:GattClient uuid:378e8935-2dcf-b81f-5576-341725b44bba gatt_if:6 eatt_support:0
03-31 16:36:20.122 E/dangbei111( 1051): getBattery delay 300000
03-31 16:36:20.123 I/bt_bta_gattc( 673): system/bt/bta/gatt/bta_gattc_act.cc:1110 bta_gattc_conn_cback: Connected att_id:6 transport:le reason:GATT_CONN_OK
03-31 16:36:20.124 D/BluetoothGatt( 1051): onClientRegistered() - status=0 clientIf=6
03-31 16:36:20.126 I/bt_btif_config( 673): system/bt/btif/src/btif_config.cc:137 btif_get_device_type: Device [c9:b5:96:5c:e3:ed] device type 2
03-31 16:36:20.128 D/BluetoothGatt( 1051): onClientConnectionState() - status=0 clientIf=6 device=C9:B5:96:5C:E3:ED
03-31 16:36:20.128 W/bt_btm ( 673): system/bt/main/bte_logmsg.cc:194 LogMsg: Security Manager: BTM_SetEncryption busy, enqueue request
03-31 16:36:20.128 D/BluetoothGatt( 1051): discoverServices() - device: C9:B5:96:5C:E3:ED
03-31 16:36:20.132 I/bt_bta_gattc( 673): system/bt/bta/gatt/bta_gattc_cache.cc:902 bta_gattc_get_gatt_db: bta_gattc_get_gatt_db
03-31 16:36:20.139 D/BluetoothGatt( 1051): onSearchComplete() = Device=C9:B5:96:5C:E3:ED Status=0
03-31 16:36:20.142 E/bt_upio ( 250): upio_set : /proc/bluetooth/sleep/btwrite(-1) incorrent
01-01 08:00:50.024 W/hdr10p_Configure( 378): 51 callbacks suppressed
01-01 08:00:50.024 I/ ( 378): DVI mode selected: packets not configured
01-01 08:00:50.037 W/set_vsif_config( 378): 51 callbacks suppressed
01-01 08:00:50.037 I/ ( 378): Error: set vsif failed
01-01 08:00:50.068 I/ ( 378): DVI mode selected: packets not configured
01-01 08:00:50.074 I/ ( 378): Error: set vsif failed
01-01 08:00:50.101 I/ ( 378): DVI mode selected: packets not configured
01-01 08:00:50.108 I/ ( 378): Error: set vsif failed
01-01 08:00:50.135 I/ ( 378): DVI mode selected: packets not configured
01-01 08:00:50.142 I/ ( 378): Error: set vsif failed
01-01 08:00:50.168 I/ ( 378): DVI mode selected: packets not configured
01-01 08:00:50.174 I/ ( 378): Error: set vsif failed
01-01 08:00:50.201 I/ ( 378): DVI mode selected: packets not configured
01-01 08:00:50.207 I/ ( 378): Error: set vsif failed
01-01 08:00:50.218 I/ ( 378): DVI mode selected: packets not configured
01-01 08:00:50.224 I/ ( 378): Error: set vsif failed
