04-02 09:48:03.585 I/cmd ( 3696): type=1400 audit(0.0:1280): avc: denied { write } for path="pipe:[58023]" dev="pipefs" ino=58023 scontext=u:r:system_server:s0 tcontext=u:r:init:s0 tclass=fifo_file permissive=1
04-02 09:48:03.585 I/cmd ( 3696): type=1400 audit(0.0:1281): avc: denied { transfer } for scontext=u:r:init:s0 tcontext=u:r:system_server:s0 tclass=binder permissive=1
01-01 08:03:04.224 W/audit ( 3573): audit_lost=701 audit_rate_limit=5 audit_backlog_limit=64
01-01 08:03:04.240 I/init ( 1): Sending signal 9 to service 'exec 22 (/system/bin/restartime.sh)' (pid 3689) process group...
01-01 08:03:04.259 E/audit ( 3573): rate limit exceeded
01-01 08:03:04.261 I/libprocessgroup( 1): Successfully killed process cgroup uid 0 pid 3689 in 0ms
04-02 09:48:03.699 I/ActivityTaskManager( 479): +++Displayed com.dangbei.haqusetting/.ui.HomeActivity: +560ms
04-02 09:48:03.585 I/Binder:479_A( 479): type=1400 audit(0.0:1282): avc: denied { call } for scontext=u:r:system_server:s0 tcontext=u:r:init:s0 tclass=binder permissive=1
04-02 09:48:03.738 W/RecyclerView( 3660): No adapter attached; skipping layout
04-02 09:48:03.765 I/AW_PowerHAL( 261): Power setMode: LAUNCH to: 0
04-02 09:48:03.766 I/AW_PowerHAL( 261): cur-mode:SCHEDUTIL
04-02 09:48:03.774 I/DefaultIMS( 3499): onStartInput attribute=android.view.inputmethod.EditorInfo@1a14bcc restarting=false inputType: 0
04-02 09:48:03.641 I/cling--ap-3( 3092): type=1400 audit(0.0:1283): avc: denied { search } for name="net" dev="sysfs" ino=10441 scontext=u:r:platform_app:s0:c512,c768 tcontext=u:object_r:sysfs_net:s0 tclass=dir permissive=1 app=com.dangbei.screencast
04-02 09:48:03.934 E/bt_upio ( 250): upio_set : /proc/bluetooth/sleep/btwrite(-1) incorrent
04-02 09:48:03.956 E/dangbei111( 1051): cccccc 检查遥控器是否连接: Dangbei C9:B5:96:5C:E3:ED
04-02 09:48:03.965 D/aaa ( 1107): LedStatusService onStartCommand begin
04-02 09:48:03.966 D/aaa ( 1107): topPkg is -------------- :com.dangbei.haqusetting
04-02 09:48:03.973 E/dangbei111( 1051): cccccc 检查遥控器是否连接: 蓝牙的结果 Dangbei C9:B5:96:5C:E3:ED true
04-02 09:48:03.973 E/dangbei111( 1051): cccccc input中没有遥控器存在
04-02 09:48:03.973 E/dangbei111( 1051): cccccc 蓝牙状态连接 开启8s check任务
04-02 09:48:03.973 E/dangbei111( 1051): cccccc 没有遥控器连接 不进行 getRCInfo return
04-02 09:48:03.973 E/dangbei111( 1051): getBattery delay 0
04-02 09:48:03.983 I/bt_btif_config( 673): system/bt/btif/src/btif_config.cc:137 btif_get_device_type: Device [c9:b5:96:5c:e3:ed] device type 2
04-02 09:48:03.984 I/bt_stack( 673): [INFO:connection_manager.cc(104)] App id=0x06already doing background connection to c9:b5:96:5c:e3:ed
04-02 09:48:03.984 D/BluetoothGatt( 1051): discoverServices() - device: C9:B5:96:5C:E3:ED
04-02 09:48:03.987 E/dangbei111( 1051): 5mins后会再次获取电量
04-02 09:48:03.988 I/bt_bta_gattc( 673): system/bt/bta/gatt/bta_gattc_cache.cc:902 bta_gattc_get_gatt_db: bta_gattc_get_gatt_db
04-02 09:48:03.987 E/dangbei111( 1051): getBattery delay 300000
04-02 09:48:03.994 D/BluetoothGatt( 1051): onSearchComplete() = Device=C9:B5:96:5C:E3:ED Status=0
04-02 09:48:03.995 D/bbb ( 1170): onStartCommand begin !!!!!!! data分区剩余 24956MB
04-02 09:48:04.045 D/ConnectivityService( 479): requestNetwork for uid/pid:1000/3660 activeRequest: null callbackRequest: 35 [NetworkRequest [ REQUEST id=36, [ Capabilities: INTERNET&NOT_RESTRICTED&TRUSTED&NOT_VCN_MANAGED Uid: 1000 RequestorUid: 1000 RequestorPkg: com.dangbei.haqusetting] ]] callback flags: 0 priority: 2147483647
04-02 09:48:04.046 D/ConnectivityService( 479): NetReassign [36 : null → 100]
04-02 09:48:04.051 D/Ethernet( 479): got request NetworkRequest [ REQUEST id=36, [ Capabilities: INTERNET&NOT_RESTRICTED&TRUSTED&NOT_VCN_MANAGED Uid: 1000 RequestorUid: 1000 RequestorPkg: com.dangbei.haqusetting] ]
04-02 09:48:04.051 D/EthernetNetworkFactory( 479): acceptRequest, request: NetworkRequest [ REQUEST id=36, [ Capabilities: INTERNET&NOT_RESTRICTED&TRUSTED&NOT_VCN_MANAGED Uid: 1000 RequestorUid: 1000 RequestorPkg: com.dangbei.haqusetting] ]
04-02 09:48:04.052 I/EthernetNetworkFactory( 479): networkForRequest, request: NetworkRequest [ REQUEST id=36, [ Capabilities: INTERNET&NOT_RESTRICTED&TRUSTED&NOT_VCN_MANAGED Uid: 1000 RequestorUid: 1000 RequestorPkg: com.dangbei.haqusetting] ], network: null
04-02 09:48:04.052 D/WifiNetworkFactory( 479): got request NetworkRequest [ REQUEST id=36, [ Capabilities: INTERNET&NOT_RESTRICTED&TRUSTED&NOT_VCN_MANAGED Uid: 1000 RequestorUid: 1000 RequestorPkg: com.dangbei.haqusetting] ]
04-02 09:48:04.052 D/UntrustedWifiNetworkFactory( 479): got request NetworkRequest [ REQUEST id=36, [ Capabilities: INTERNET&NOT_RESTRICTED&TRUSTED&NOT_VCN_MANAGED Uid: 1000 RequestorUid: 1000 RequestorPkg: com.dangbei.haqusetting] ]
04-02 09:48:04.052 D/OemPaidWifiNetworkFactory( 479): got request NetworkRequest [ REQUEST id=36, [ Capabilities: INTERNET&NOT_RESTRICTED&TRUSTED&NOT_VCN_MANAGED Uid: 1000 RequestorUid: 1000 RequestorPkg: com.dangbei.haqusetting] ]
04-02 09:48:04.070 I/DefaultIMS( 3499): onStartInput attribute=android.view.inputmethod.EditorInfo@28d9e15 restarting=false inputType: 0
04-02 09:48:04.126 E/ccc ( 1051): cccccc settingHelper resetManager
04-02 09:48:04.128 D/DisplayOutputImpl( 1051): updateSupportModes type = 4
04-02 09:48:04.129 D/DisplayConfig( 258): virtual Return vendor::display::config::V1_0::implementation::DisplayConfig::getSupportedModes(int32_t, vendor::display::config::V1_0::IDisplayConfig::getSupportedModes_cb): display[0] ret=0, supported modes count(14)
04-02 09:48:04.129 D/DisplayConfig( 258): virtual Return vendor::display::config::V1_0::implementation::DisplayConfig::getSupportedModes(int32_t, vendor::display::config::V1_0::IDisplayConfig::getSupportedModes_cb): display[0] ret=0, supported modes count(14)
04-02 09:48:04.130 E/displayd( 258): xxxxxxx: property_get 'persist.sys.hdmistrategy' failed
04-02 09:48:04.130 W/displayd( 258): xxxxxxx: getHDMINativeMode: use perfect hdmi mode(34) as native mode
04-02 09:48:04.130 D/DisplayOutputImpl( 1051): updateSupportModes = 10 , 255 , false
04-02 09:48:04.131 V/HdmiDisplayManager( 1051): H618
04-02 09:48:04.131 D/DisplayConfig( 258): virtual Return vendor::display::config::V1_0::implementation::DisplayConfig::getSupportedModes(int32_t, vendor::display::config::V1_0::IDisplayConfig::getSupportedModes_cb): display[0] ret=0, supported modes count(14)
04-02 09:48:04.131 W/IorapForwardingService( 479): No service published for: iorapd
04-02 09:48:04.132 E/displayd( 258): xxxxxxx: property_get 'persist.sys.hdmistrategy' failed
04-02 09:48:04.132 W/displayd( 258): xxxxxxx: getHDMINativeMode: use perfect hdmi mode(34) as native mode
04-02 09:48:04.132 D/DisplayOutputImpl( 1051): getDisplayOutputMode = 10 , 255 , false
04-02 09:48:04.133 D/DisplayConfig( 258): virtual Return vendor::display::config::V1_0::implementation::DisplayConfig::getSupportedModes(int32_t, vendor::display::config::V1_0::IDisplayConfig::getSupportedModes_cb): display[0] ret=0, supported modes count(14)
04-02 09:48:04.133 E/displayd( 258): xxxxxxx: property_get 'persist.sys.hdmistrategy' failed
04-02 09:48:04.133 W/displayd( 258): xxxxxxx: getHDMINativeMode: use perfect hdmi mode(34) as native mode
04-02 09:48:04.133 D/DisplayOutputImpl( 1051): getDisplayOutputMode = 10 , 255 , false
04-02 09:48:04.133 E/ccc ( 1051): cccccc current is 1080p 60Hz
04-02 09:48:04.134 D/DisplayOutputImpl( 1051): updateSupportModes type = 4
04-02 09:48:04.134 D/DisplayConfig( 258): virtual Return vendor::display::config::V1_0::implementation::DisplayConfig::getSupportedModes(int32_t, vendor::display::config::V1_0::IDisplayConfig::getSupportedModes_cb): display[0] ret=0, supported modes count(14)
04-02 09:48:04.134 D/DisplayConfig( 258): virtual Return vendor::display::config::V1_0::implementation::DisplayConfig::getSupportedModes(int32_t, vendor::display::config::V1_0::IDisplayConfig::getSupportedModes_cb): display[0] ret=0, supported modes count(14)
04-02 09:48:04.135 E/displayd( 258): xxxxxxx: property_get 'persist.sys.hdmistrategy' failed
04-02 09:48:04.135 W/displayd( 258): xxxxxxx: getHDMINativeMode: use perfect hdmi mode(34) as native mode
04-02 09:48:04.135 D/DisplayOutputImpl( 1051): updateSupportModes = 10 , 255 , false
04-02 09:48:04.139 E/ccc ( 1051): cccccc ColorFormatManager reset
04-02 09:48:04.154 D/DisplayConfig( 258): virtual Return vendor::display::config::V1_0::implementation::DisplayConfig::getSupportedModes(int32_t, vendor::display::config::V1_0::IDisplayConfig::getSupportedModes_cb): display[0] ret=0, supported modes count(14)
04-02 09:48:04.156 E/displayd( 258): xxxxxxx: property_get 'persist.sys.hdmistrategy' failed
04-02 09:48:04.156 W/displayd( 258): xxxxxxx: getHDMINativeMode: use perfect hdmi mode(34) as native mode
04-02 09:48:04.156 D/DisplayOutputImpl( 1051): getDisplayOutputMode = 10 , 255 , false
04-02 09:48:04.156 E/ccc ( 1051): cccccc current is 1080p 60Hz
04-02 09:48:04.961 E/WifiHAL ( 667): wifi_get_link_stats: requestResponse Error:-5
04-02 09:48:04.963 E/WifiVendorHal( 479): getWifiLinkLayerStats_1_5_Internal(l.1191) failed {.code = ERROR_INVALID_ARGS, .description = }
04-02 09:48:05.133 W/IorapForwardingService( 479): No service published for: iorapd
04-02 09:48:05.332 I/bei.haqusettin( 3660): Background concurrent copying GC freed 29011(1908KB) AllocSpace objects, 0(0B) LOS objects, 49% free, 3838KB/7676KB, paused 260us total 163.947ms
04-02 09:48:05.433 I/efs-base( 3092): type=1400 audit(0.0:1292): avc: denied { search } for name="com.dangbei.screencast" dev="mmcblk0p25" ino=909 scontext=u:r:platform_app:s0:c512,c768 tcontext=u:object_r:app_data_file:s0:c512,c768 tclass=dir permissive=1 app=com.dangbei.screencast
04-02 09:48:05.433 I/efs-base( 3092): type=1400 audit(0.0:1293): avc: denied { getattr } for path="/data/user/0/com.dangbei.screencast/app_UApm/5fc60c21094d637f3130af19/ready" dev="mmcblk0p25" ino=2112 scontext=u:r:platform_app:s0:c512,c768 tcontext=u:object_r:app_data_file:s0:c512,c768 tclass=dir permissive=1 app=com.dangbei.screencast
04-02 09:48:05.433 I/efs-base( 3092): type=1400 audit(0.0:1294): avc: denied { read } for name="ready" dev="mmcblk0p25" ino=2112 scontext=u:r:platform_app:s0:c512,c768 tcontext=u:object_r:app_data_file:s0:c512,c768 tclass=dir permissive=1 app=com.dangbei.screencast
04-02 09:48:05.433 I/efs-base( 3092): type=1400 audit(0.0:1295): avc: denied { open } for path="/data/user/0/com.dangbei.screencast/app_UApm/5fc60c21094d637f3130af19/ready" dev="mmcblk0p25" ino=2112 scontext=u:r:platform_app:s0:c512,c768 tcontext=u:object_r:app_data_file:s0:c512,c768 tclass=dir permissive=1 app=com.dangbei.screencast
04-02 09:48:05.948 E/dangbei111( 1051): cccccc 检测到网络 准备请求遥控器ota信息
04-02 09:48:05.949 W/ContextImpl( 1051): Calling a method in the system process without a qualified user: android.app.ContextImpl.sendBroadcast:1173 android.content.ContextWrapper.sendBroadcast:479 com.dangbei.remotecontroller.RemoteControllerReceiver.sendMessageToUpdateHelper:122 com.dangbei.remotecontroller.RemoteControllerReceiver.access$100:28 com.dangbei.remotecontroller.RemoteControllerReceiver$1.handleMessage:41
04-02 09:48:05.951 E/ActivityManager( 479): Sending non-protected broadcast com.dangbei.remote.connected from system 1051:com.dangbei.lerad.etna.haqu/1000 pkg com.dangbei.lerad.etna.haqu
04-02 09:48:05.951 E/ActivityManager( 479): java.lang.Throwable
04-02 09:48:05.951 E/ActivityManager( 479): at com.android.server.am.ActivityManagerService.checkBroadcastFromSystem(ActivityManagerService.java:12816)
04-02 09:48:05.951 E/ActivityManager( 479): at com.android.server.am.ActivityManagerService.broadcastIntentLocked(ActivityManagerService.java:13416)
04-02 09:48:05.951 E/ActivityManager( 479): at com.android.server.am.ActivityManagerService.broadcastIntentLocked(ActivityManagerService.java:12833)
04-02 09:48:05.951 E/ActivityManager( 479): at com.android.server.am.ActivityManagerService.broadcastIntentWithFeature(ActivityManagerService.java:13670)
04-02 09:48:05.951 E/ActivityManager( 479): at android.app.IActivityManager$Stub.onTransact(IActivityManager.java:2326)
04-02 09:48:05.951 E/ActivityManager( 479): at com.android.server.am.ActivityManagerService.onTransact(ActivityManagerService.java:2509)
04-02 09:48:05.951 E/ActivityManager( 479): at android.os.Binder.execTransactInternal(Binder.java:1179)
04-02 09:48:05.951 E/ActivityManager( 479): at android.os.Binder.execTransact(Binder.java:1143)
04-02 09:48:05.952 E/ActivityManager( 479): Sending non-protected broadcast com.dangbei.remote.connected from system 1051:com.dangbei.lerad.etna.haqu/1000 pkg com.dangbei.lerad.etna.haqu
04-02 09:48:05.952 E/ActivityManager( 479): java.lang.Throwable
04-02 09:48:05.952 E/ActivityManager( 479): at com.android.server.am.ActivityManagerService.checkBroadcastFromSystem(ActivityManagerService.java:12816)
04-02 09:48:05.952 E/ActivityManager( 479): at com.android.server.am.ActivityManagerService.broadcastIntentLocked(ActivityManagerService.java:13513)
04-02 09:48:05.952 E/ActivityManager( 479): at com.android.server.am.ActivityManagerService.broadcastIntentLocked(ActivityManagerService.java:12833)
04-02 09:48:05.952 E/ActivityManager( 479): at com.android.server.am.ActivityManagerService.broadcastIntentWithFeature(ActivityManagerService.java:13670)
04-02 09:48:05.952 E/ActivityManager( 479): at android.app.IActivityManager$Stub.onTransact(IActivityManager.java:2326)
04-02 09:48:05.952 E/ActivityManager( 479): at com.android.server.am.ActivityManagerService.onTransact(ActivityManagerService.java:2509)
04-02 09:48:05.952 E/ActivityManager( 479): at android.os.Binder.execTransactInternal(Binder.java:1179)
04-02 09:48:05.952 E/ActivityManager( 479): at android.os.Binder.execTransact(Binder.java:1143)
04-02 09:48:05.953 I/DropBoxManagerService( 479): add tag=system_server_wtf isTagEnabled=true flags=0x2
04-02 09:48:05.955 I/DropBoxManagerService( 479): add tag=system_server_wtf isTagEnabled=true flags=0x2
04-02 09:48:05.953 I/DefaultDispatch( 1051): type=1400 audit(0.0:1296): avc: denied { read } for name="devices" dev="proc" ino=4026532014 scontext=u:r:system_app:s0 tcontext=u:object_r:proc:s0 tclass=file permissive=1
04-02 09:48:05.963 I/BLEAudioDrive_HV410( 249): select timeout!
01-01 08:03:06.532 W/audit ( 2084): audit_lost=709 audit_rate_limit=5 audit_backlog_limit=64
01-01 08:03:06.541 E/audit ( 2084): rate limit exceeded
04-02 09:48:05.971 E/dangbei111( 1051): 读出来的遥控器版本不是空 CSH260331
04-02 09:48:05.971 E/dangbei111( 1051): cccccc requestRemoteInfoInner factory NA version CSH260331
04-02 09:48:05.992 I/okhttp.OkHttpClient( 1051): --> POST http://tymsgapi.qun7.com/v1/core/ykota (622-byte body)
04-02 09:48:06.062 I/okhttp.OkHttpClient( 1051): <-- 200 OK http://tymsgapi.qun7.com/v1/core/ykota (69ms, unknown-length body)
04-02 09:48:06.068 E/dangbei111( 1051): cccccc requestRemoteInfoInner BaseResponse{message='success', data=null, code=0}
04-02 09:48:06.069 W/System.err( 1051): java.lang.NullPointerException: Attempt to invoke virtual method 'java.lang.String com.etna.haqu.model.business.bean.db.remote.RemoteUpdateBean.getDownloadId()' on a null object reference
04-02 09:48:06.069 W/System.err( 1051): at com.dangbei.etna.update.remote.RemoteUpdateHelper$requestRemoteInfoInner$1$2.invoke(RemoteUpdateHelper.kt:199)
04-02 09:48:06.069 W/System.err( 1051): at com.dangbei.etna.update.remote.RemoteUpdateHelper$requestRemoteInfoInner$1$2.invoke(RemoteUpdateHelper.kt:188)
04-02 09:48:06.070 W/System.err( 1051): at com.etna.haqu.support.ext.FlowExtKt$safeCollect$3.emit(FlowExt.kt:52)
04-02 09:48:06.070 W/System.err( 1051): at kotlinx.coroutines.flow.FlowKt__ErrorsKt$catchImpl$2.emit(Errors.kt:158)
04-02 09:48:06.070 W/System.err( 1051): at kotlinx.coroutines.flow.FlowKt__ChannelsKt.emitAllImpl$FlowKt__ChannelsKt(Channels.kt:62)
04-02 09:48:06.070 W/System.err( 1051): at kotlinx.coroutines.flow.FlowKt__ChannelsKt.access$emitAllImpl$FlowKt__ChannelsKt(Channels.kt:1)
04-02 09:48:06.070 W/System.err( 1051): at kotlinx.coroutines.flow.FlowKt__ChannelsKt$emitAllImpl$1.invokeSuspend(Unknown Source:14)
04-02 09:48:06.070 W/System.err( 1051): at kotlin.coroutines.jvm.internal.BaseContinuationImpl.resumeWith(ContinuationImpl.kt:33)
04-02 09:48:06.070 W/System.err( 1051): at kotlinx.coroutines.DispatchedTask.run(DispatchedTask.kt:106)
04-02 09:48:06.070 W/System.err( 1051): at android.os.Handler.handleCallback(Handler.java:938)
04-02 09:48:06.071 W/System.err( 1051): at android.os.Handler.dispatchMessage(Handler.java:99)
04-02 09:48:06.071 W/System.err( 1051): at android.os.Looper.loopOnce(Looper.java:201)
04-02 09:48:06.071 W/System.err( 1051): at android.os.Looper.loop(Looper.java:288)
04-02 09:48:06.071 W/System.err( 1051): at android.app.ActivityThread.main(ActivityThread.java:7854)
04-02 09:48:06.071 W/System.err( 1051): at java.lang.reflect.Method.invoke(Native Method)
04-02 09:48:06.071 W/System.err( 1051): at com.android.internal.os.RuntimeInit$MethodAndArgsCaller.run(RuntimeInit.java:548)
04-02 09:48:06.071 W/System.err( 1051): at com.android.internal.os.ZygoteInit.main(ZygoteInit.java:1182)
04-02 09:48:06.074 E/ccc ( 3660): cccccc notifyUpdateChanged {"code":1,"data":{"hasUpdate":false,"what":2,"why":-1},"message":"更新状态变化"}
04-02 09:48:06.082 E/ccc ( 3660): cccccc EtnaSendUpdateStatusChangeBean.remoteUpdateChanged
04-02 09:48:06.083 E/ccc ( 3660): cccccc event HomeActivity REMOTE_UPDATE_STATUS_CHANGED
04-02 09:48:06.083 E/ccc ( 1051): cccccc updateHelper 通知更新
04-02 09:48:06.083 E/dangbei111( 1051): cccccc requestRemoteInfoInner 出现异常 Attempt to invoke virtual method 'java.lang.String com.etna.haqu.model.business.bean.db.remote.RemoteUpdateBean.getDownloadId()' on a null object reference
04-02 09:48:06.136 W/IorapForwardingService( 479): No service published for: iorapd
04-02 09:48:06.567 D/UtilLog ( 2252): 日志批量上报 进行正常循环 !!!!!!本次有0次请求,共0条数据
04-02 09:48:06.813 I/cling--ap-3( 3092): type=1400 audit(0.0:1299): avc: denied { read } for name="address" dev="sysfs" ino=25874 scontext=u:r:platform_app:s0:c512,c768 tcontext=u:object_r:sysfs:s0 tclass=file permissive=1 app=com.dangbei.screencast
04-02 09:48:06.813 I/cling--ap-3( 3092): type=1400 audit(0.0:1300): avc: denied { open } for path="/sys/devices/platform/unisoc_wifi/net/wlan1/address" dev="sysfs" ino=25874 scontext=u:r:platform_app:s0:c512,c768 tcontext=u:object_r:sysfs:s0 tclass=file permissive=1 app=com.dangbei.screencast
04-02 09:48:06.813 I/cling--ap-3( 3092): type=1400 audit(0.0:1301): avc: denied { getattr } for path="/sys/devices/platform/unisoc_wifi/net/wlan1/address" dev="sysfs" ino=25874 scontext=u:r:platform_app:s0:c512,c768 tcontext=u:object_r:sysfs:s0 tclass=file permissive=1 app=com.dangbei.screencast
04-02 09:48:06.857 D/TvWindowManager( 479): key event key = KEYCODE_DPAD_DOWN down = true
04-02 09:48:06.858 D/GpioService( 479): mFlickerEnable = true
04-02 09:48:06.974 E/dangbei111( 1051): cccccc 准备开始进行 startScanInner
04-02 09:48:06.974 E/dangbei111( 1051): cccccc 真正开始进入扫描流程啦
04-02 09:48:06.981 E/dangbei111( 1051): cccccc 检查遥控器是否连接: Dangbei C9:B5:96:5C:E3:ED
04-02 09:48:06.984 E/dangbei111( 1051): cccccc 检查遥控器是否连接: 蓝牙的结果 Dangbei C9:B5:96:5C:E3:ED true
04-02 09:48:06.985 E/dangbei111( 1051): cccccc input中没有遥控器存在
04-02 09:48:06.985 E/dangbei111( 1051): cccccc 蓝牙状态连接 开启8s check任务
04-02 09:48:06.985 E/dangbei111( 1051): 开始扫描 com.dangbei.remotecontroller.RCHelper$3@1ad1ff
04-02 09:48:06.985 D/BluetoothAdapter( 1051): isLeEnabled(): ON
04-02 09:48:07.007 D/GpioService( 479): mFlickerEnable = true
04-02 09:48:07.009 I/SogouIME( 3499): onKeyDown: keyoCode=20
04-02 09:48:07.009 I/DefaultIMS( 3499): onKeyDown: keyoCode=20
04-02 09:48:07.018 D/TvWindowManager( 479): key event key = KEYCODE_DPAD_DOWN down = false
04-02 09:48:07.019 I/SogouIME( 3499): onKeyUp: keyoCode=20
04-02 09:48:07.020 I/DefaultIMS( 3499): onKeyUp: keyoCode=20
04-02 09:48:07.035 I/DefaultIMS( 3499): onStartInput attribute=android.view.inputmethod.EditorInfo@5b4e52a restarting=false inputType: 0
01-01 08:03:07.623 W/hdr10p_Configure( 378): 178 callbacks suppressed
01-01 08:03:07.623 I/ ( 378): DVI mode selected: packets not configured
01-01 08:03:07.637 W/set_vsif_config( 378): 178 callbacks suppressed
01-01 08:03:07.637 I/ ( 378): Error: set vsif failed
01-01 08:03:07.648 I/ ( 378): DVI mode selected: packets not configured
01-01 08:03:07.654 I/ ( 378): Error: set vsif failed
04-02 09:48:07.138 W/IorapForwardingService( 479): No service published for: iorapd
04-02 09:48:07.233 E/TaskPersister( 479): File error accessing recents directory (directory doesn't exist?).
04-02 09:48:07.256 I/WifiService( 479): startScan uid=1000
04-02 09:48:07.260 E/ccc ( 3660): cccccc i will start scan
04-02 09:48:07.274 E/ccc ( 3660): cccccc 222222222222222222
04-02 09:48:07.302 E/ccc ( 3660): cccccc sort 2 36
01-01 08:03:07.869 I/ ( 378): DVI mode selected: packets not configured
01-01 08:03:07.876 I/ ( 378): Error: set vsif failed
04-02 09:48:07.307 E/ccc ( 3660): cccccc 4444444444444444444 CONNECTED
01-01 08:03:07.880 I/ ( 378): DVI mode selected: packets not configured
01-01 08:03:07.887 I/ ( 378): Error: set vsif failed
04-02 09:48:07.319 E/ccc ( 3660): cccccc sort 2 36
04-02 09:48:07.425 D/skia ( 3660): --- Failed to create image decoder with message 'unimplemented'
04-02 09:48:07.426 D/skia ( 3660): --- Failed to create image decoder with message 'unimplemented'
04-02 09:48:07.427 D/skia ( 3660): --- Failed to create image decoder with message 'unimplemented'
04-02 09:48:07.428 D/skia ( 3660): --- Failed to create image decoder with message 'unimplemented'
04-02 09:48:07.429 D/skia ( 3660): --- Failed to create image decoder with message 'unimplemented'
04-02 09:48:07.430 D/skia ( 3660): --- Failed to create image decoder with message 'unimplemented'
01-01 08:03:07.984 I/ ( 378): DVI mode selected: packets not configured
01-01 08:03:07.991 I/ ( 378): Error: set vsif failed
01-01 08:03:07.996 I/ ( 378): DVI mode selected: packets not configured
01-01 08:03:08.002 I/ ( 378): Error: set vsif failed
04-02 09:48:07.445 D/skia ( 3660): --- Failed to create image decoder with message 'unimplemented'
04-02 09:48:07.447 D/skia ( 3660): --- Failed to create image decoder with message 'unimplemented'
04-02 09:48:07.448 D/skia ( 3660): --- Failed to create image decoder with message 'unimplemented'
04-02 09:48:07.448 D/skia ( 3660): --- Failed to create image decoder with message 'unimplemented'
04-02 09:48:07.449 D/skia ( 3660): --- Failed to create image decoder with message 'unimplemented'
04-02 09:48:07.450 D/skia ( 3660): --- Failed to create image decoder with message 'unimplemented'
04-02 09:48:07.473 D/skia ( 3660): --- Failed to create image decoder with message 'unimplemented'
04-02 09:48:07.474 D/skia ( 3660): --- Failed to create image decoder with message 'unimplemented'
04-02 09:48:07.475 D/skia ( 3660): --- Failed to create image decoder with message 'unimplemented'
04-02 09:48:07.476 D/skia ( 3660): --- Failed to create image decoder with message 'unimplemented'
04-02 09:48:07.477 D/skia ( 3660): --- Failed to create image decoder with message 'unimplemented'
04-02 09:48:07.478 D/skia ( 3660): --- Failed to create image decoder with message 'unimplemented'
04-02 09:48:07.505 D/skia ( 3660): --- Failed to create image decoder with message 'unimplemented'
04-02 09:48:07.507 D/skia ( 3660): --- Failed to create image decoder with message 'unimplemented'
04-02 09:48:07.508 D/skia ( 3660): --- Failed to create image decoder with message 'unimplemented'
04-02 09:48:07.509 D/skia ( 3660): --- Failed to create image decoder with message 'unimplemented'
04-02 09:48:07.509 D/skia ( 3660): --- Failed to create image decoder with message 'unimplemented'
04-02 09:48:07.510 D/skia ( 3660): --- Failed to create image decoder with message 'unimplemented'
01-01 08:03:08.134 I/ ( 378): DVI mode selected: packets not configured
01-01 08:03:08.140 I/ ( 378): Error: set vsif failed
01-01 08:03:08.145 I/ ( 378): DVI mode selected: packets not configured
01-01 08:03:08.152 I/ ( 378): Error: set vsif failed
01-01 08:03:08.167 I/ ( 378): DVI mode selected: packets not configured
01-01 08:03:08.174 I/ ( 378): Error: set vsif failed
01-01 08:03:08.178 I/ ( 378): DVI mode selected: packets not configured
01-01 08:03:08.185 I/ ( 378): Error: set vsif failed
04-02 09:48:07.776 I/bt_stack( 673): [INFO:btsnoop.cc(338)] clear_l2cap_allowlist: Clearing acceptlist from l2cap channel. conn_handle=16 cid=4:4
04-02 09:48:07.776 I/bt_stack( 673): [INFO:eatt_impl.h(578)] supported_features_cb c9:b5:96:5c:e3:ed is_eatt_supported = 0
04-02 09:48:07.777 I/bluetooth( 673): system/bt/stack/gap/gap_ble.cc:298 client_connect_cback: No active GAP service found for peer:xx:xx:xx:xx:e3:ed callback:Disconnected
04-02 09:48:07.777 I/bt_bta_gattc( 673): system/bt/bta/gatt/bta_gattc_act.cc:1115 bta_gattc_conn_cback: Disconnected att_id:3 transport:le reason:GATT_CONN_TIMEOUT
04-02 09:48:07.777 I/bt_bta_gattc( 673): system/bt/bta/gatt/bta_gattc_act.cc:1115 bta_gattc_conn_cback: Disconnected att_id:4 transport:le reason:GATT_CONN_TIMEOUT
04-02 09:48:07.777 I/bt_bta_gattc( 673): system/bt/bta/gatt/bta_gattc_act.cc:1115 bta_gattc_conn_cback: Disconnected att_id:5 transport:le reason:GATT_CONN_TIMEOUT
04-02 09:48:07.777 I/bt_bta_gattc( 673): system/bt/bta/gatt/bta_gattc_act.cc:1115 bta_gattc_conn_cback: Disconnected att_id:6 transport:le reason:GATT_CONN_TIMEOUT
04-02 09:48:07.777 W/bt_btm_sec( 673): system/bt/stack/btm/btm_sec.cc:3685 btm_sec_disconnected: Got uncommon disconnection reason:Connection Timeout handle:0x0010
04-02 09:48:07.777 E/bt_bta_hh( 673): system/bt/bta/hh/bta_hh_le.cc:999 bta_hh_security_cmpl: Encryption failed status:BTA_HH_ERR_SEC btm_status:BTM_ERR_PROCESSING BLE mac:c9:b5:96:5c:e3:ed
04-02 09:48:07.778 I/btif_av ( 673): system/bt/btif/src/btif_av.cc:3352 btif_av_acl_disconnected: btif_av_acl_disconnected: Peer c9:b5:96:5c:e3:ed : ACL Disconnected
04-02 09:48:07.778 I/btif_av ( 673): system/bt/btif/src/btif_av.cc:1078 FindOrCreatePeer: BtifAvPeer *BtifAvSource::FindOrCreatePeer(const RawAddress &, tBTA_AV_HNDL): Create peer: peer_address=c9:b5:96:5c:e3:ed bta_handle=0x41 peer_id=0
04-02 09:48:07.778 E/bt_upio ( 250): upio_set : /proc/bluetooth/sleep/btwrite(-1) incorrent
04-02 09:48:07.778 I/btif_av ( 673): system/bt/btif/src/btif_av.cc:3279 btif_av_get_peer_sep: No active sink or source peer found
04-02 09:48:07.778 I/bt_btif_a2dp_source( 673): system/bt/btif/src/btif_a2dp_source.cc:691 btif_a2dp_source_on_idle: btif_a2dp_source_on_idle: state=STATE_OFF
04-02 09:48:07.778 I/btif_av ( 673): system/bt/btif/src/btif_av.cc:3279 btif_av_get_peer_sep: No active sink or source peer found
04-02 09:48:07.778 I/bt_btif_a2dp_source( 673): system/bt/btif/src/btif_a2dp_source.cc:691 btif_a2dp_source_on_idle: btif_a2dp_source_on_idle: state=STATE_OFF
04-02 09:48:07.778 I/btif_av ( 673): system/bt/btif/src/btif_av.cc:1123 DeleteIdlePeers: DeleteIdlePeers: Deleting idle peer: c9:b5:96:5c:e3:ed bta_handle=0x41
04-02 09:48:07.780 D/BluetoothGatt( 1051): onClientConnectionState() - status=0 clientIf=6 device=C9:B5:96:5C:E3:ED
04-02 09:48:07.795 W/bt_btif ( 673): system/bt/main/bte_logmsg.cc:194 LogMsg: btif_hh_upstreams_evt: BTA_HH_OPN_EVT: handle=16, status =6
04-02 09:48:07.796 W/BluetoothHidHostService( 673): no state change: 0
04-02 09:48:07.810 I/dangbei111( 1051): cccccc on receiver=android.bluetooth.device.action.ACL_DISCONNECTED,mac=C9:B5:96:5C:E3:ED
04-02 09:48:07.909 I/bluetooth( 673): system/bt/stack/gatt/connection_manager.cc:185 on_connection_complete: Le connection completed to device:c9:b5:96:5c:e3:ed
04-02 09:48:07.909 I/bt_btm_ble( 673): system/bt/stack/btm/btm_ble.cc:1699 btm_ble_connected: Updating device record timestamp for existing ble connection
04-02 09:48:07.979 E/WifiHAL ( 667): wifi_get_link_stats: requestResponse Error:-5
04-02 09:48:07.980 E/WifiVendorHal( 479): getWifiLinkLayerStats_1_5_Internal(l.1191) failed {.code = ERROR_INVALID_ARGS, .description = }
04-02 09:48:07.984 I/bt_stack( 673): [INFO:gatt_attr.cc(880)] gatt_sr_init_cl_status: bda=c9:b5:96:5c:e3:ed, cl_supp_feat=0000, aware=1
04-02 09:48:07.984 I/bluetooth( 673): system/bt/stack/gap/gap_ble.cc:298 client_connect_cback: No active GAP service found for peer:xx:xx:xx:xx:e3:ed callback:Connected
04-02 09:48:07.984 I/bt_bta_gattc( 673): system/bt/bta/gatt/bta_gattc_act.cc:1110 bta_gattc_conn_cback: Connected att_id:3 transport:le reason:GATT_CONN_OK
04-02 09:48:07.984 I/bt_bta_gattc( 673): system/bt/bta/gatt/bta_gattc_act.cc:1110 bta_gattc_conn_cback: Connected att_id:4 transport:le reason:GATT_CONN_OK
04-02 09:48:07.984 I/bt_bta_gattc( 673): system/bt/bta/gatt/bta_gattc_act.cc:1110 bta_gattc_conn_cback: Connected att_id:5 transport:le reason:GATT_CONN_OK
04-02 09:48:07.984 I/bt_bta_gattc( 673): system/bt/bta/gatt/bta_gattc_act.cc:1110 bta_gattc_conn_cback: Connected att_id:6 transport:le reason:GATT_CONN_OK
04-02 09:48:07.984 I/bluetooth( 673): system/bt/stack/gatt/connection_manager.cc:185 on_connection_complete: Le connection completed to device:c9:b5:96:5c:e3:ed
04-02 09:48:07.984 I/bt_stack( 673): [INFO:eatt_impl.h(634)] connect device c9:b5:96:5c:e3:ed rolecentral
04-02 09:48:07.985 I/bt_btif_dm( 673): system/bt/btif/src/btif_dm.cc:497 btif_update_remote_version_property: Remote version info valid:true [xx:xx:xx:xx:e3:ed]: 8, 50e, 8
04-02 09:48:08.014 I/bt_stack( 673): [INFO:eatt_impl.h(578)] supported_features_cb c9:b5:96:5c:e3:ed is_eatt_supported = 0
04-02 09:48:08.017 E/BluetoothPhonePolicy( 673): Received unexpected intent, action=android.bluetooth.device.action.ACL_CONNECTED
04-02 09:48:08.018 I/BluetoothPhonePolicy( 673): processDeviceConnected, device=C9:B5:96:5C:E3:ED
04-02 09:48:08.018 D/BluetoothDatabase( 673): setConnection: device=C9:B5:96:5C:E3:ED and isA2dpDevice=false
04-02 09:48:08.019 D/BluetoothDatabase( 673): Updating last connected time for device: C9:B5:96:5C:E3:ED to 21
04-02 09:48:08.019 D/BluetoothDatabase( 673): updateDatabase C9:B5:96:5C:E3:ED
04-02 09:48:08.021 W/bt_btm ( 673): system/bt/main/bte_logmsg.cc:194 LogMsg: Security Manager: BTM_SetEncryption busy, enqueue request
04-02 09:48:08.021 D/BluetoothGatt( 1051): onClientConnectionState() - status=0 clientIf=6 device=C9:B5:96:5C:E3:ED
04-02 09:48:08.021 D/BluetoothGatt( 1051): discoverServices() - device: C9:B5:96:5C:E3:ED
04-02 09:48:08.034 I/dangbei111( 1051): cccccc on receiver=android.bluetooth.device.action.ACL_CONNECTED,mac=C9:B5:96:5C:E3:ED
04-02 09:48:08.034 I/dangbei111( 1051): cccccc 收到 ACTION_ACL_CONNECTED 的广播
04-02 09:48:08.034 E/dangbei111( 1051): 5s后准备进行遥控器ota信息检测
04-02 09:48:08.036 I/bt_bta_gattc( 673): system/bt/bta/gatt/bta_gattc_cache.cc:902 bta_gattc_get_gatt_db: bta_gattc_get_gatt_db
04-02 09:48:08.040 D/BluetoothGatt( 1051): onSearchComplete() = Device=C9:B5:96:5C:E3:ED Status=0
04-02 09:48:08.140 W/IorapForwardingService( 479): No service published for: iorapd
04-02 09:48:08.781 D/TvWindowManager( 479): key event key = KEYCODE_DPAD_DOWN down = true
04-02 09:48:08.782 D/GpioService( 479): mFlickerEnable = true
04-02 09:48:08.932 D/GpioService( 479): mFlickerEnable = true
04-02 09:48:08.934 I/SogouIME( 3499): onKeyDown: keyoCode=20
04-02 09:48:08.934 I/DefaultIMS( 3499): onKeyDown: keyoCode=20
04-02 09:48:08.939 D/TvWindowManager( 479): key event key = KEYCODE_DPAD_DOWN down = false
04-02 09:48:08.951 I/SogouIME( 3499): onKeyUp: keyoCode=20
04-02 09:48:08.951 I/DefaultIMS( 3499): onKeyUp: keyoCode=20
04-02 09:48:08.954 I/DefaultIMS( 3499): onStartInput attribute=android.view.inputmethod.EditorInfo@1347acd restarting=false inputType: 0
04-02 09:48:09.080 D/WifiNl80211Manager( 479): Scan result ready event
04-02 09:48:09.080 D/WifiNative( 479): Scan result ready event
04-02 09:48:09.123 E/ccc ( 3660): cccccc SCAN_RESULTS_AVAILABLE_ACTION hhhh
04-02 09:48:09.124 E/hq ( 1095): NetWorkStateReceiver:::NetWorkStateReceiver onReceive: 网络变化广播 >>>> intent.action=android.net.wifi.SCAN_RESULTS
04-02 09:48:09.132 E/WifiHAL ( 667): wifi_get_link_stats: requestResponse Error:-5
04-02 09:48:09.134 E/WifiVendorHal( 479): getWifiLinkLayerStats_1_5_Internal(l.1191) failed {.code = ERROR_INVALID_ARGS, .description = }
04-02 09:48:09.158 W/eventbuscore( 1095): post Event:com.dangbei.leard.base.entity.event.NetWifiRssiEvent
04-02 09:48:09.121 I/locHandlerThrea( 3269): type=1400 audit(0.0:1302): avc: denied { lock } for path="/data/user/0/com.dangbei.screencast/files/TDCloud_Control_Cache_Param4" dev="mmcblk0p25" ino=2133 scontext=u:r:platform_app:s0:c512,c768 tcontext=u:object_r:app_data_file:s0:c512,c768 tclass=file permissive=1 app=com.dangbei.screencast
04-02 09:48:09.167 W/IorapForwardingService( 479): No service published for: iorapd
04-02 09:48:09.169 E/ccc ( 3660): cccccc result is not empty call back
04-02 09:48:09.170 E/ccc ( 3660): cccccc 666666666666666
04-02 09:48:09.149 I/pool-5-thread-1( 3092): type=1400 audit(0.0:1303): avc: denied { write } for name="td_database2SaaS" dev="mmcblk0p25" ino=2187 scontext=u:r:platform_app:s0:c512,c768 tcontext=u:object_r:app_data_file:s0:c512,c768 tclass=dir permissive=1 app=com.dangbei.screencast
04-02 09:48:09.216 E/ccc ( 3660): cccccc sort 2 28
04-02 09:48:09.149 I/pool-5-thread-1( 3092): type=1400 audit(0.0:1304): avc: denied { add_name } for name="1775094489150_3092" scontext=u:r:platform_app:s0:c512,c768 tcontext=u:object_r:app_data_file:s0:c512,c768 tclass=dir permissive=1 app=com.dangbei.screencast
04-02 09:48:09.149 I/pool-5-thread-1( 3092): type=1400 audit(0.0:1305): avc: denied { create } for name="1775094489150_3092" scontext=u:r:platform_app:s0:c512,c768 tcontext=u:object_r:app_data_file:s0:c512,c768 tclass=file permissive=1 app=com.dangbei.screencast
04-02 09:48:09.149 I/pool-5-thread-1( 3092): type=1400 audit(0.0:1306): avc: denied { open } for path="/data/user/0/com.dangbei.screencast/files/__database_reborn_January_one__/td_database2SaaS/1775094489150_3092" dev="mmcblk0p25" ino=4413 scontext=u:r:platform_app:s0:c512,c768 tcontext=u:object_r:app_data_file:s0:c512,c768 tclass=file permissive=1 app=com.dangbei.screencast
04-02 09:48:09.317 D/skia ( 3660): --- Failed to create image decoder with message 'unimplemented'
04-02 09:48:09.320 D/skia ( 3660): --- Failed to create image decoder with message 'unimplemented'
04-02 09:48:09.321 D/skia ( 3660): --- Failed to create image decoder with message 'unimplemented'
04-02 09:48:09.322 D/skia ( 3660): --- Failed to create image decoder with message 'unimplemented'
04-02 09:48:09.323 D/skia ( 3660): --- Failed to create image decoder with message 'unimplemented'
04-02 09:48:09.324 D/skia ( 3660): --- Failed to create image decoder with message 'unimplemented'
04-02 09:48:10.172 W/IorapForwardingService( 479): No service published for: iorapd
04-02 09:48:10.993 E/WifiHAL ( 667): wifi_get_link_stats: requestResponse Error:-5
04-02 09:48:10.995 E/WifiVendorHal( 479): getWifiLinkLayerStats_1_5_Internal(l.1191) failed {.code = ERROR_INVALID_ARGS, .description = }
04-02 09:48:11.014 E/bt_upio ( 250): upio_set : /proc/bluetooth/sleep/btwrite(-1) incorrent
04-02 09:48:11.041 E/dangbei111( 1051): cccccc 检查遥控器是否连接: Dangbei C9:B5:96:5C:E3:ED
04-02 09:48:11.044 E/dangbei111( 1051): cccccc 检查遥控器是否连接: 蓝牙的结果 Dangbei C9:B5:96:5C:E3:ED true
04-02 09:48:11.044 E/dangbei111( 1051): cccccc input中没有遥控器存在
04-02 09:48:11.044 E/dangbei111( 1051): cccccc 蓝牙状态连接 开启8s check任务
04-02 09:48:11.044 E/dangbei111( 1051): cccccc 没有遥控器连接 不进行 getRCInfo return
04-02 09:48:11.044 E/dangbei111( 1051): getBattery delay 0
04-02 09:48:11.049 I/bt_btif_config( 673): system/bt/btif/src/btif_config.cc:137 btif_get_device_type: Device [c9:b5:96:5c:e3:ed] device type 2
04-02 09:48:11.050 I/bt_stack( 673): [INFO:connection_manager.cc(104)] App id=0x06already doing background connection to c9:b5:96:5c:e3:ed
04-02 09:48:11.050 D/BluetoothGatt( 1051): discoverServices() - device: C9:B5:96:5C:E3:ED
04-02 09:48:11.051 E/dangbei111( 1051): 5mins后会再次获取电量
04-02 09:48:11.051 E/dangbei111( 1051): getBattery delay 300000
04-02 09:48:11.052 I/bt_bta_gattc( 673): system/bt/bta/gatt/bta_gattc_cache.cc:902 bta_gattc_get_gatt_db: bta_gattc_get_gatt_db
04-02 09:48:11.057 D/BluetoothGatt( 1051): onSearchComplete() = Device=C9:B5:96:5C:E3:ED Status=0
04-02 09:48:11.175 W/IorapForwardingService( 479): No service published for: iorapd
04-02 09:48:11.949 I/Thread-2( 3751): type=1400 audit(0.0:1307): avc: denied { execute } for name="am" dev="dm-1" ino=1164 scontext=u:r:system_app:s0 tcontext=u:object_r:vendor_file:s0 tclass=file permissive=1
04-02 09:48:11.949 I/Thread-2( 3751): type=1400 audit(0.0:1308): avc: denied { read open } for path="/vendor/xbin/am" dev="dm-1" ino=1164 scontext=u:r:system_app:s0 tcontext=u:object_r:vendor_file:s0 tclass=file permissive=1
04-02 09:48:12.022 D/bbb ( 1170): onStartCommand begin !!!!!!! data分区剩余 24956MB
04-02 09:48:12.023 D/aaa ( 1107): LedStatusService onStartCommand begin
04-02 09:48:12.028 D/aaa ( 1107): topPkg is -------------- :com.dangbei.haqusetting
04-02 09:48:11.949 I/Thread-2( 3751): type=1400 audit(0.0:1309): avc: denied { execute_no_trans } for path="/vendor/xbin/am" dev="dm-1" ino=1164 scontext=u:r:system_app:s0 tcontext=u:object_r:vendor_file:s0 tclass=file permissive=1
04-02 09:48:12.178 W/IorapForwardingService( 479): No service published for: iorapd
04-02 09:48:13.039 E/dangbei111( 1051): cccccc 检测到网络 准备请求遥控器ota信息
04-02 09:48:13.040 W/ContextImpl( 1051): Calling a method in the system process without a qualified user: android.app.ContextImpl.sendBroadcast:1173 android.content.ContextWrapper.sendBroadcast:479 com.dangbei.remotecontroller.RemoteControllerReceiver.sendMessageToUpdateHelper:122 com.dangbei.remotecontroller.RemoteControllerReceiver.access$100:28 com.dangbei.remotecontroller.RemoteControllerReceiver$1.handleMessage:41
04-02 09:48:13.042 E/ActivityManager( 479): Sending non-protected broadcast com.dangbei.remote.connected from system 1051:com.dangbei.lerad.etna.haqu/1000 pkg com.dangbei.lerad.etna.haqu
04-02 09:48:13.042 E/ActivityManager( 479): java.lang.Throwable
04-02 09:48:13.042 E/ActivityManager( 479): at com.android.server.am.ActivityManagerService.checkBroadcastFromSystem(ActivityManagerService.java:12816)
04-02 09:48:13.042 E/ActivityManager( 479): at com.android.server.am.ActivityManagerService.broadcastIntentLocked(ActivityManagerService.java:13416)
04-02 09:48:13.042 E/ActivityManager( 479): at com.android.server.am.ActivityManagerService.broadcastIntentLocked(ActivityManagerService.java:12833)
04-02 09:48:13.042 E/ActivityManager( 479): at com.android.server.am.ActivityManagerService.broadcastIntentWithFeature(ActivityManagerService.java:13670)
04-02 09:48:13.042 E/ActivityManager( 479): at android.app.IActivityManager$Stub.onTransact(IActivityManager.java:2326)
04-02 09:48:13.042 E/ActivityManager( 479): at com.android.server.am.ActivityManagerService.onTransact(ActivityManagerService.java:2509)
04-02 09:48:13.042 E/ActivityManager( 479): at android.os.Binder.execTransactInternal(Binder.java:1179)
04-02 09:48:13.042 E/ActivityManager( 479): at android.os.Binder.execTransact(Binder.java:1143)
04-02 09:48:13.045 E/ActivityManager( 479): Sending non-protected broadcast com.dangbei.remote.connected from system 1051:com.dangbei.lerad.etna.haqu/1000 pkg com.dangbei.lerad.etna.haqu
04-02 09:48:13.045 E/ActivityManager( 479): java.lang.Throwable
04-02 09:48:13.045 E/ActivityManager( 479): at com.android.server.am.ActivityManagerService.checkBroadcastFromSystem(ActivityManagerService.java:12816)
04-02 09:48:13.045 E/ActivityManager( 479): at com.android.server.am.ActivityManagerService.broadcastIntentLocked(ActivityManagerService.java:13513)
04-02 09:48:13.045 E/ActivityManager( 479): at com.android.server.am.ActivityManagerService.broadcastIntentLocked(ActivityManagerService.java:12833)
04-02 09:48:13.045 E/ActivityManager( 479): at com.android.server.am.ActivityManagerService.broadcastIntentWithFeature(ActivityManagerService.java:13670)
04-02 09:48:13.045 E/ActivityManager( 479): at android.app.IActivityManager$Stub.onTransact(IActivityManager.java:2326)
04-02 09:48:13.045 E/ActivityManager( 479): at com.android.server.am.ActivityManagerService.onTransact(ActivityManagerService.java:2509)
04-02 09:48:13.045 E/ActivityManager( 479): at android.os.Binder.execTransactInternal(Binder.java:1179)
04-02 09:48:13.045 E/ActivityManager( 479): at android.os.Binder.execTransact(Binder.java:1143)
04-02 09:48:13.045 I/DropBoxManagerService( 479): add tag=system_server_wtf isTagEnabled=true flags=0x2
04-02 09:48:13.050 I/DropBoxManagerService( 479): add tag=system_server_wtf isTagEnabled=true flags=0x2
04-02 09:48:13.052 E/dangbei111( 1051): 读出来的遥控器版本不是空 CSH260331
04-02 09:48:13.052 E/dangbei111( 1051): cccccc requestRemoteInfoInner factory NA version CSH260331
04-02 09:48:13.067 I/okhttp.OkHttpClient( 1051): --> POST http://tymsgapi.qun7.com/v1/core/ykota (622-byte body)
04-02 09:48:13.180 W/IorapForwardingService( 479): No service published for: iorapd
04-02 09:48:13.208 I/okhttp.OkHttpClient( 1051): <-- 200 OK http://tymsgapi.qun7.com/v1/core/ykota (141ms, unknown-length body)
04-02 09:48:13.213 E/dangbei111( 1051): cccccc requestRemoteInfoInner BaseResponse{message='success', data=null, code=0}
04-02 09:48:13.213 W/System.err( 1051): java.lang.NullPointerException: Attempt to invoke virtual method 'java.lang.String com.etna.haqu.model.business.bean.db.remote.RemoteUpdateBean.getDownloadId()' on a null object reference
04-02 09:48:13.213 W/System.err( 1051): at com.dangbei.etna.update.remote.RemoteUpdateHelper$requestRemoteInfoInner$1$2.invoke(RemoteUpdateHelper.kt:199)
04-02 09:48:13.213 W/System.err( 1051): at com.dangbei.etna.update.remote.RemoteUpdateHelper$requestRemoteInfoInner$1$2.invoke(RemoteUpdateHelper.kt:188)
04-02 09:48:13.213 W/System.err( 1051): at com.etna.haqu.support.ext.FlowExtKt$safeCollect$3.emit(FlowExt.kt:52)
04-02 09:48:13.213 W/System.err( 1051): at kotlinx.coroutines.flow.FlowKt__ErrorsKt$catchImpl$2.emit(Errors.kt:158)
04-02 09:48:13.213 W/System.err( 1051): at kotlinx.coroutines.flow.FlowKt__ChannelsKt.emitAllImpl$FlowKt__ChannelsKt(Channels.kt:62)
04-02 09:48:13.213 W/System.err( 1051): at kotlinx.coroutines.flow.FlowKt__ChannelsKt.access$emitAllImpl$FlowKt__ChannelsKt(Channels.kt:1)
04-02 09:48:13.213 W/System.err( 1051): at kotlinx.coroutines.flow.FlowKt__ChannelsKt$emitAllImpl$1.invokeSuspend(Unknown Source:14)
04-02 09:48:13.213 W/System.err( 1051): at kotlin.coroutines.jvm.internal.BaseContinuationImpl.resumeWith(ContinuationImpl.kt:33)
04-02 09:48:13.213 W/System.err( 1051): at kotlinx.coroutines.DispatchedTask.run(DispatchedTask.kt:106)
04-02 09:48:13.214 W/System.err( 1051): at android.os.Handler.handleCallback(Handler.java:938)
04-02 09:48:13.214 W/System.err( 1051): at android.os.Handler.dispatchMessage(Handler.java:99)
04-02 09:48:13.214 W/System.err( 1051): at android.os.Looper.loopOnce(Looper.java:201)
04-02 09:48:13.214 W/System.err( 1051): at android.os.Looper.loop(Looper.java:288)
04-02 09:48:13.214 W/System.err( 1051): at android.app.ActivityThread.main(ActivityThread.java:7854)
04-02 09:48:13.214 W/System.err( 1051): at java.lang.reflect.Method.invoke(Native Method)
04-02 09:48:13.214 W/System.err( 1051): at com.android.internal.os.RuntimeInit$MethodAndArgsCaller.run(RuntimeInit.java:548)
04-02 09:48:13.214 W/System.err( 1051): at com.android.internal.os.ZygoteInit.main(ZygoteInit.java:1182)
04-02 09:48:13.216 E/ccc ( 3660): cccccc notifyUpdateChanged {"code":1,"data":{"hasUpdate":false,"what":2,"why":-1},"message":"更新状态变化"}
04-02 09:48:13.217 E/ccc ( 3660): cccccc EtnaSendUpdateStatusChangeBean.remoteUpdateChanged
04-02 09:48:13.218 E/ccc ( 3660): cccccc event HomeActivity REMOTE_UPDATE_STATUS_CHANGED
04-02 09:48:13.218 E/ccc ( 1051): cccccc updateHelper 通知更新
04-02 09:48:13.218 E/dangbei111( 1051): cccccc requestRemoteInfoInner 出现异常 Attempt to invoke virtual method 'java.lang.String com.etna.haqu.model.business.bean.db.remote.RemoteUpdateBean.getDownloadId()' on a null object reference
01-01 08:03:13.840 W/hdr10p_Configure( 378): 208 callbacks suppressed
01-01 08:03:13.840 I/ ( 378): DVI mode selected: packets not configured
01-01 08:03:13.853 W/set_vsif_config( 378): 208 callbacks suppressed
01-01 08:03:13.853 I/ ( 378): Error: set vsif failed
01-01 08:03:13.864 I/ ( 378): DVI mode selected: packets not configured
01-01 08:03:13.871 I/ ( 378): Error: set vsif failed
01-01 08:03:14.436 I/ ( 378): DVI mode selected: packets not configured
01-01 08:03:14.442 I/ ( 378): Error: set vsif failed
01-01 08:03:14.447 I/ ( 378): DVI mode selected: packets not configured
01-01 08:03:14.454 I/ ( 378): Error: set vsif failed
01-01 08:03:14.468 I/ ( 378): DVI mode selected: packets not configured
01-01 08:03:14.475 I/ ( 378): Error: set vsif failed
01-01 08:03:14.480 I/ ( 378): DVI mode selected: packets not configured
01-01 08:03:14.487 I/ ( 378): Error: set vsif failed
01-01 08:03:14.501 I/ ( 378): DVI mode selected: packets not configured
01-01 08:03:14.508 I/ ( 378): Error: set vsif failed
01-01 08:03:14.513 I/ ( 378): DVI mode selected: packets not configured
01-01 08:03:14.520 I/ ( 378): Error: set vsif failed
01-01 08:03:14.536 I/ ( 378): DVI mode selected: packets not configured
01-01 08:03:14.543 I/ ( 378): Error: set vsif failed
01-01 08:03:14.547 I/ ( 378): DVI mode selected: packets not configured
01-01 08:03:14.554 I/ ( 378): Error: set vsif failed
04-02 09:48:14.010 E/WifiHAL ( 667): wifi_get_link_stats: requestResponse Error:-5
04-02 09:48:14.013 E/WifiVendorHal( 479): getWifiLinkLayerStats_1_5_Internal(l.1191) failed {.code = ERROR_INVALID_ARGS, .description = }
04-02 09:48:14.046 E/dangbei111( 1051): cccccc 准备开始进行 startScanInner
04-02 09:48:14.046 E/dangbei111( 1051): cccccc 小于10s 由于之前已经开始扫描了 不在开启新的扫描
04-02 09:48:14.182 W/IorapForwardingService( 479): No service published for: iorapd
04-02 09:48:14.451 D/hdmi-cec( 263): receive invalid cec message!
04-02 09:48:14.451 D/hdmi-cec( 263): receive poll message [04], skip!
04-02 09:48:14.854 I/bt_stack( 673): [INFO:btsnoop.cc(338)] clear_l2cap_allowlist: Clearing acceptlist from l2cap channel. conn_handle=16 cid=4:4
04-02 09:48:14.855 I/bluetooth( 673): system/bt/stack/gap/gap_ble.cc:298 client_connect_cback: No active GAP service found for peer:xx:xx:xx:xx:e3:ed callback:Disconnected
04-02 09:48:14.855 I/bt_bta_gattc( 673): system/bt/bta/gatt/bta_gattc_act.cc:1115 bta_gattc_conn_cback: Disconnected att_id:3 transport:le reason:GATT_CONN_TIMEOUT
04-02 09:48:14.856 I/bt_bta_gattc( 673): system/bt/bta/gatt/bta_gattc_act.cc:1115 bta_gattc_conn_cback: Disconnected att_id:4 transport:le reason:GATT_CONN_TIMEOUT
04-02 09:48:14.856 I/bt_bta_gattc( 673): system/bt/bta/gatt/bta_gattc_act.cc:1115 bta_gattc_conn_cback: Disconnected att_id:5 transport:le reason:GATT_CONN_TIMEOUT
04-02 09:48:14.856 I/bt_bta_gattc( 673): system/bt/bta/gatt/bta_gattc_act.cc:1115 bta_gattc_conn_cback: Disconnected att_id:6 transport:le reason:GATT_CONN_TIMEOUT
04-02 09:48:14.856 W/bt_btm_sec( 673): system/bt/stack/btm/btm_sec.cc:3685 btm_sec_disconnected: Got uncommon disconnection reason:Connection Timeout handle:0x0010
04-02 09:48:14.856 E/bt_bta_hh( 673): system/bt/bta/hh/bta_hh_le.cc:999 bta_hh_security_cmpl: Encryption failed status:BTA_HH_ERR_SEC btm_status:BTM_ERR_PROCESSING BLE mac:c9:b5:96:5c:e3:ed
04-02 09:48:14.856 E/bt_upio ( 250): upio_set : /proc/bluetooth/sleep/btwrite(-1) incorrent
04-02 09:48:14.856 I/btif_av ( 673): system/bt/btif/src/btif_av.cc:3352 btif_av_acl_disconnected: btif_av_acl_disconnected: Peer c9:b5:96:5c:e3:ed : ACL Disconnected
04-02 09:48:14.857 I/btif_av ( 673): system/bt/btif/src/btif_av.cc:1078 FindOrCreatePeer: BtifAvPeer *BtifAvSource::FindOrCreatePeer(const RawAddress &, tBTA_AV_HNDL): Create peer: peer_address=c9:b5:96:5c:e3:ed bta_handle=0x41 peer_id=0
04-02 09:48:14.857 I/btif_av ( 673): system/bt/btif/src/btif_av.cc:3279 btif_av_get_peer_sep: No active sink or source peer found
04-02 09:48:14.857 I/bt_btif_a2dp_source( 673): system/bt/btif/src/btif_a2dp_source.cc:691 btif_a2dp_source_on_idle: btif_a2dp_source_on_idle: state=STATE_OFF
04-02 09:48:14.857 I/btif_av ( 673): system/bt/btif/src/btif_av.cc:3279 btif_av_get_peer_sep: No active sink or source peer found
04-02 09:48:14.857 I/bt_btif_a2dp_source( 673): system/bt/btif/src/btif_a2dp_source.cc:691 btif_a2dp_source_on_idle: btif_a2dp_source_on_idle: state=STATE_OFF
04-02 09:48:14.857 I/btif_av ( 673): system/bt/btif/src/btif_av.cc:1123 DeleteIdlePeers: DeleteIdlePeers: Deleting idle peer: c9:b5:96:5c:e3:ed bta_handle=0x41
04-02 09:48:14.857 D/BluetoothGatt( 1051): onClientConnectionState() - status=0 clientIf=6 device=C9:B5:96:5C:E3:ED
04-02 09:48:14.864 W/bt_btif ( 673): system/bt/main/bte_logmsg.cc:194 LogMsg: btif_hh_upstreams_evt: BTA_HH_OPN_EVT: handle=16, status =6
04-02 09:48:14.864 W/BluetoothHidHostService( 673): no state change: 0
04-02 09:48:14.869 I/dangbei111( 1051): cccccc on receiver=android.bluetooth.device.action.ACL_DISCONNECTED,mac=C9:B5:96:5C:E3:ED
04-02 09:48:14.869 E/bond ( 3660): name=Dangbei,state=12,action=android.bluetooth.device.action.ACL_DISCONNECTED
04-02 09:48:14.975 I/bluetooth( 673): system/bt/stack/gatt/connection_manager.cc:185 on_connection_complete: Le connection completed to device:c9:b5:96:5c:e3:ed
04-02 09:48:14.975 I/bt_btm_ble( 673): system/bt/stack/btm/btm_ble.cc:1699 btm_ble_connected: Updating device record timestamp for existing ble connection
04-02 09:48:15.049 I/bt_stack( 673): [INFO:gatt_attr.cc(880)] gatt_sr_init_cl_status: bda=c9:b5:96:5c:e3:ed, cl_supp_feat=0000, aware=1
04-02 09:48:15.049 I/bluetooth( 673): system/bt/stack/gap/gap_ble.cc:298 client_connect_cback: No active GAP service found for peer:xx:xx:xx:xx:e3:ed callback:Connected
04-02 09:48:15.049 I/bt_bta_gattc( 673): system/bt/bta/gatt/bta_gattc_act.cc:1110 bta_gattc_conn_cback: Connected att_id:3 transport:le reason:GATT_CONN_OK
04-02 09:48:15.049 I/bt_bta_gattc( 673): system/bt/bta/gatt/bta_gattc_act.cc:1110 bta_gattc_conn_cback: Connected att_id:4 transport:le reason:GATT_CONN_OK
