03-31 16:35:52.084 W/omx_vdec( 366): <__AwOmxVdecGetExtensionIndex:1737>: GetExtensionIndex OMX.google.android.index.describeColorFormat, err [0x80001001].
03-31 16:35:52.084 W/omx_vdec( 366): <__AwOmxVdecGetExtensionIndex:1737>: GetExtensionIndex OMX.google.android.index.describeColorFormat2, err [0x80001001].
03-31 16:35:52.084 E/omx_vdec( 366): : erro: pParamData->nIndex > m_sPortFormatType.nIndex
03-31 16:35:52.084 W/omx_vdec( 366): <__AwOmxVdecGetExtensionIndex:1737>: GetExtensionIndex OMX.google.android.index.describeColorFormat, err [0x80001001].
03-31 16:35:52.085 W/omx_vdec( 366): <__AwOmxVdecGetExtensionIndex:1737>: GetExtensionIndex OMX.google.android.index.describeColorFormat2, err [0x80001001].
03-31 16:35:52.085 E/omx_vdec( 366): : erro: pParamData->nIndex > m_sPortFormatType.nIndex
03-31 16:35:52.085 W/omx_vdec( 366): <__AwOmxVdecGetExtensionIndex:1737>: GetExtensionIndex OMX.google.android.index.describeColorFormat, err [0x80001001].
03-31 16:35:52.085 W/omx_vdec( 366): <__AwOmxVdecGetExtensionIndex:1737>: GetExtensionIndex OMX.google.android.index.describeColorFormat2, err [0x80001001].
03-31 16:35:52.085 E/omx_vdec( 366): : erro: pParamData->nIndex > m_sPortFormatType.nIndex
03-31 16:35:52.085 W/omx_vdec( 366): <__AwOmxVdecGetExtensionIndex:1737>: GetExtensionIndex OMX.google.android.index.describeColorFormat, err [0x80001001].
03-31 16:35:52.085 W/omx_vdec( 366): <__AwOmxVdecGetExtensionIndex:1737>: GetExtensionIndex OMX.google.android.index.describeColorFormat2, err [0x80001001].
03-31 16:35:52.085 E/omx_vdec( 366): : erro: pParamData->nIndex > m_sPortFormatType.nIndex
03-31 16:35:52.085 W/omx_vdec( 366): <__AwOmxVdecGetExtensionIndex:1737>: GetExtensionIndex OMX.google.android.index.describeColorFormat, err [0x80001001].
03-31 16:35:52.086 W/omx_vdec( 366): <__AwOmxVdecGetExtensionIndex:1737>: GetExtensionIndex OMX.google.android.index.describeColorFormat2, err [0x80001001].
03-31 16:35:52.086 E/omx_vdec( 366): : erro: pParamData->nIndex > m_sPortFormatType.nIndex
03-31 16:35:52.086 W/omx_vdec( 366): <__AwOmxVdecGetExtensionIndex:1737>: GetExtensionIndex OMX.google.android.index.describeColorFormat, err [0x80001001].
03-31 16:35:52.086 W/omx_vdec( 366): <__AwOmxVdecGetExtensionIndex:1737>: GetExtensionIndex OMX.google.android.index.describeColorFormat2, err [0x80001001].
03-31 16:35:52.086 E/omx_vdec( 366): : erro: pParamData->nIndex > m_sPortFormatType.nIndex
03-31 16:35:52.086 W/omx_vdec( 366): <__AwOmxVdecGetExtensionIndex:1737>: GetExtensionIndex OMX.google.android.index.describeColorFormat, err [0x80001001].
03-31 16:35:52.086 W/omx_vdec( 366): <__AwOmxVdecGetExtensionIndex:1737>: GetExtensionIndex OMX.google.android.index.describeColorFormat2, err [0x80001001].
03-31 16:35:52.086 E/omx_vdec( 366): : erro: pParamData->nIndex > m_sPortFormatType.nIndex
03-31 16:35:52.087 W/omx_vdec( 366): <__AwOmxVdecGetExtensionIndex:1737>: GetExtensionIndex OMX.google.android.index.describeColorFormat, err [0x80001001].
03-31 16:35:52.087 W/omx_vdec( 366): <__AwOmxVdecGetExtensionIndex:1737>: GetExtensionIndex OMX.google.android.index.describeColorFormat2, err [0x80001001].
03-31 16:35:52.087 E/omx_vdec( 366): : erro: pParamData->nIndex > m_sPortFormatType.nIndex
03-31 16:35:52.087 W/omx_vdec( 366): <__AwOmxVdecGetExtensionIndex:1737>: GetExtensionIndex OMX.google.android.index.describeColorFormat, err [0x80001001].
03-31 16:35:52.087 W/omx_vdec( 366): <__AwOmxVdecGetExtensionIndex:1737>: GetExtensionIndex OMX.google.android.index.describeColorFormat2, err [0x80001001].
03-31 16:35:52.087 E/omx_vdec( 366): : erro: pParamData->nIndex > m_sPortFormatType.nIndex
03-31 16:35:52.087 W/omx_vdec( 366): <__AwOmxVdecGetExtensionIndex:1737>: GetExtensionIndex OMX.google.android.index.describeColorFormat, err [0x80001001].
03-31 16:35:52.087 W/omx_vdec( 366): <__AwOmxVdecGetExtensionIndex:1737>: GetExtensionIndex OMX.google.android.index.describeColorFormat2, err [0x80001001].
03-31 16:35:52.087 E/omx_vdec( 366): : erro: pParamData->nIndex > m_sPortFormatType.nIndex
03-31 16:35:52.088 W/omx_vdec( 366): <__AwOmxVdecGetExtensionIndex:1737>: GetExtensionIndex OMX.google.android.index.describeColorFormat, err [0x80001001].
03-31 16:35:52.088 W/omx_vdec( 366): <__AwOmxVdecGetExtensionIndex:1737>: GetExtensionIndex OMX.google.android.index.describeColorFormat2, err [0x80001001].
03-31 16:35:52.088 E/omx_vdec( 366): : erro: pParamData->nIndex > m_sPortFormatType.nIndex
03-31 16:35:52.088 W/omx_vdec( 366): <__AwOmxVdecGetExtensionIndex:1737>: GetExtensionIndex OMX.google.android.index.describeColorFormat, err [0x80001001].
03-31 16:35:52.088 W/omx_vdec( 366): <__AwOmxVdecGetExtensionIndex:1737>: GetExtensionIndex OMX.google.android.index.describeColorFormat2, err [0x80001001].
03-31 16:35:52.088 E/omx_vdec( 366): : erro: pParamData->nIndex > m_sPortFormatType.nIndex
03-31 16:35:52.088 W/omx_vdec( 366): <__AwOmxVdecGetExtensionIndex:1737>: GetExtensionIndex OMX.google.android.index.describeColorFormat, err [0x80001001].
03-31 16:35:52.088 W/omx_vdec( 366): <__AwOmxVdecGetExtensionIndex:1737>: GetExtensionIndex OMX.google.android.index.describeColorFormat2, err [0x80001001].
03-31 16:35:52.088 E/omx_vdec( 366): : erro: pParamData->nIndex > m_sPortFormatType.nIndex
03-31 16:35:52.089 W/omx_vdec( 366): <__AwOmxVdecGetExtensionIndex:1737>: GetExtensionIndex OMX.google.android.index.describeColorFormat, err [0x80001001].
03-31 16:35:52.089 W/omx_vdec( 366): <__AwOmxVdecGetExtensionIndex:1737>: GetExtensionIndex OMX.google.android.index.describeColorFormat2, err [0x80001001].
03-31 16:35:52.089 E/omx_vdec( 366): : erro: pParamData->nIndex > m_sPortFormatType.nIndex
03-31 16:35:52.089 W/omx_vdec( 366): <__AwOmxVdecGetExtensionIndex:1737>: GetExtensionIndex OMX.google.android.index.describeColorFormat, err [0x80001001].
03-31 16:35:52.089 W/omx_vdec( 366): <__AwOmxVdecGetExtensionIndex:1737>: GetExtensionIndex OMX.google.android.index.describeColorFormat2, err [0x80001001].
03-31 16:35:52.089 E/omx_vdec( 366): : erro: pParamData->nIndex > m_sPortFormatType.nIndex
03-31 16:35:52.089 W/omx_vdec( 366): <__AwOmxVdecGetExtensionIndex:1737>: GetExtensionIndex OMX.google.android.index.describeColorFormat, err [0x80001001].
03-31 16:35:52.090 W/ActivityManager( 479): Slow operation: 89ms so far, now at attachApplicationLocked: after mServices.attachApplicationLocked
03-31 16:35:52.090 W/omx_vdec( 366): <__AwOmxVdecGetExtensionIndex:1737>: GetExtensionIndex OMX.google.android.index.describeColorFormat2, err [0x80001001].
03-31 16:35:52.090 E/omx_vdec( 366): : erro: pParamData->nIndex > m_sPortFormatType.nIndex
03-31 16:35:52.090 W/omx_vdec( 366): <__AwOmxVdecGetExtensionIndex:1737>: GetExtensionIndex OMX.google.android.index.describeColorFormat, err [0x80001001].
03-31 16:35:52.090 W/omx_vdec( 366): <__AwOmxVdecGetExtensionIndex:1737>: GetExtensionIndex OMX.google.android.index.describeColorFormat2, err [0x80001001].
03-31 16:35:52.091 E/omx_vdec( 366): : erro: pParamData->nIndex > m_sPortFormatType.nIndex
03-31 16:35:52.091 W/omx_vdec( 366): <__AwOmxVdecGetExtensionIndex:1737>: GetExtensionIndex OMX.google.android.index.describeColorFormat, err [0x80001001].
03-31 16:35:52.091 W/omx_vdec( 366): <__AwOmxVdecGetExtensionIndex:1737>: GetExtensionIndex OMX.google.android.index.describeColorFormat2, err [0x80001001].
03-31 16:35:52.091 E/omx_vdec( 366): : erro: pParamData->nIndex > m_sPortFormatType.nIndex
03-31 16:35:52.091 W/omx_vdec( 366): <__AwOmxVdecGetExtensionIndex:1737>: GetExtensionIndex OMX.google.android.index.describeColorFormat, err [0x80001001].
03-31 16:35:52.091 W/omx_vdec( 366): <__AwOmxVdecGetExtensionIndex:1737>: GetExtensionIndex OMX.google.android.index.describeColorFormat2, err [0x80001001].
03-31 16:35:52.091 E/omx_vdec( 366): : erro: pParamData->nIndex > m_sPortFormatType.nIndex
03-31 16:35:52.091 W/omx_vdec( 366): <__AwOmxVdecGetExtensionIndex:1737>: GetExtensionIndex OMX.google.android.index.describeColorFormat, err [0x80001001].
03-31 16:35:52.092 W/omx_vdec( 366): <__AwOmxVdecGetExtensionIndex:1737>: GetExtensionIndex OMX.google.android.index.describeColorFormat2, err [0x80001001].
03-31 16:35:52.092 E/omx_vdec( 366): : erro: pParamData->nIndex > m_sPortFormatType.nIndex
03-31 16:35:52.092 D/CompatibilityChangeReporter( 673): Compat change id reported: 171979766; UID 1002; state: ENABLED
03-31 16:35:52.092 W/omx_vdec( 366): <__AwOmxVdecGetExtensionIndex:1737>: GetExtensionIndex OMX.google.android.index.describeColorFormat, err [0x80001001].
03-31 16:35:52.092 W/omx_vdec( 366): <__AwOmxVdecGetExtensionIndex:1737>: GetExtensionIndex OMX.google.android.index.describeColorFormat2, err [0x80001001].
03-31 16:35:52.092 W/ACodec ( 360): [OMX.allwinner.video.decoder.hevc] stopping checking formats after 32: COLOR_FormatYUV420Planar(13)
03-31 16:35:52.092 W/omx_vdec( 366): <__AwOmxVdecGetExtensionIndex:1737>: GetExtensionIndex OMX.google.android.index.configureVideoTunnelMode, err [0x80001001].
03-31 16:35:52.092 D/CompatibilityChangeReporter( 479): Compat change id reported: 168419799; UID 10062; state: DISABLED
03-31 16:35:52.092 E/OMXNodeInstance( 366): getExtensionIndex(0xf0c55000:allwinner.decoder.hevc, OMX.google.android.index.configureVideoTunnelMode) ERROR: Undefined(0x80001001)
03-31 16:35:52.092 D/MediaCodecInfo( 360): detail feature-tunneled-playback wasn't present to remove
03-31 16:35:52.092 W/omx_vdec( 366): <__AwOmxVdecGetExtensionIndex:1737>: GetExtensionIndex OMX.google.android.index.storeANWBufferInMetadata, err [0x80001001].
03-31 16:35:52.092 W/omx_vdec_aw( 366): <__anSetExtPara:3011>: Setparameter: unknown param 2131755011
03-31 16:35:52.092 W/OMXNodeInstance( 366): [0xf0c55000:allwinner.decoder.hevc] component does not support metadata mode; using fallback
03-31 16:35:52.093 W/libc ( 366): invalid pthread_t (0) passed to pthread_join
03-31 16:35:52.093 W/libc ( 366): invalid pthread_t (0) passed to pthread_join
03-31 16:35:52.093 W/libc ( 366): invalid pthread_t (0) passed to pthread_join
03-31 16:35:52.095 I/OMXClient( 360): IOmx service obtained
03-31 16:35:52.095 I/OMXStore( 366): makeComponentInstance(OMX.allwinner.video.decoder.hevc.secure) in android.hardwar process
03-31 16:35:52.096 E/omx_vdec( 366): : This platform does not support secure video playback
03-31 16:35:52.096 E/omx_sem ( 366): : handle is null
03-31 16:35:52.096 E/omx_sem ( 366): : handle is null
03-31 16:35:52.096 E/omx_sem ( 366): : handle is null
03-31 16:35:52.096 E/omx_sem ( 366): : handle is null
03-31 16:35:52.096 E/omx_sem ( 366): : handle is null
03-31 16:35:52.096 W/omx_vdec_aw( 366): : pdec is null
03-31 16:35:52.097 E/android.hardware.media.omx@1.0-service( 366): Failed to allocate omx component 'OMX.allwinner.video.decoder.hevc.secure' err=InvalidComponentName(0x80001002)
03-31 16:35:52.097 W/OmxInfoBuilder( 360): Fail to add media type video/hevc to codec OMX.allwinner.video.decoder.hevc.secure
03-31 16:35:52.099 I/OMXClient( 360): IOmx service obtained
03-31 16:35:52.099 I/OMXStore( 366): makeComponentInstance(OMX.allwinner.video.decoder.mpeg2) in android.hardwar process
03-31 16:35:52.100 I/omx_vdec_aw( 366): : OmxDecoderCreate.
03-31 16:35:52.101 W/omx_vdec( 366): <__AwOmxVdecSetParameter:1561>: Set Parameter called in valid state
03-31 16:35:52.102 W/omx_vdec( 366): : pParamProfileLevel->nProfileIndex[0x2] error!
03-31 16:35:52.102 E/OMXNodeInstance( 366): getParameter(0xf0c55000:allwinner.decoder.mpeg2, ParamVideoProfileLevelQuerySupported(0x600000f)) ERROR: BadParameter(0x80001005)
03-31 16:35:52.102 W/omx_vdec( 366): <__AwOmxVdecGetExtensionIndex:1737>: GetExtensionIndex OMX.google.android.index.describeColorFormat, err [0x80001001].
03-31 16:35:52.102 W/omx_vdec( 366): <__AwOmxVdecGetExtensionIndex:1737>: GetExtensionIndex OMX.google.android.index.describeColorFormat2, err [0x80001001].
03-31 16:35:52.102 E/omx_vdec( 366): : erro: pParamData->nIndex > m_sPortFormatType.nIndex
03-31 16:35:52.102 W/omx_vdec( 366): <__AwOmxVdecGetExtensionIndex:1737>: GetExtensionIndex OMX.google.android.index.describeColorFormat, err [0x80001001].
03-31 16:35:52.102 W/omx_vdec( 366): <__AwOmxVdecGetExtensionIndex:1737>: GetExtensionIndex OMX.google.android.index.describeColorFormat2, err [0x80001001].
03-31 16:35:52.102 E/omx_vdec( 366): : erro: pParamData->nIndex > m_sPortFormatType.nIndex
03-31 16:35:52.103 W/omx_vdec( 366): <__AwOmxVdecGetExtensionIndex:1737>: GetExtensionIndex OMX.google.android.index.describeColorFormat, err [0x80001001].
03-31 16:35:52.103 W/omx_vdec( 366): <__AwOmxVdecGetExtensionIndex:1737>: GetExtensionIndex OMX.google.android.index.describeColorFormat2, err [0x80001001].
03-31 16:35:52.103 E/omx_vdec( 366): : erro: pParamData->nIndex > m_sPortFormatType.nIndex
03-31 16:35:52.103 W/omx_vdec( 366): <__AwOmxVdecGetExtensionIndex:1737>: GetExtensionIndex OMX.google.android.index.describeColorFormat, err [0x80001001].
03-31 16:35:52.103 W/omx_vdec( 366): <__AwOmxVdecGetExtensionIndex:1737>: GetExtensionIndex OMX.google.android.index.describeColorFormat2, err [0x80001001].
03-31 16:35:52.103 E/omx_vdec( 366): : erro: pParamData->nIndex > m_sPortFormatType.nIndex
03-31 16:35:52.103 W/omx_vdec( 366): <__AwOmxVdecGetExtensionIndex:1737>: GetExtensionIndex OMX.google.android.index.describeColorFormat, err [0x80001001].
03-31 16:35:52.103 W/omx_vdec( 366): <__AwOmxVdecGetExtensionIndex:1737>: GetExtensionIndex OMX.google.android.index.describeColorFormat2, err [0x80001001].
03-31 16:35:52.104 E/omx_vdec( 366): : erro: pParamData->nIndex > m_sPortFormatType.nIndex
03-31 16:35:52.104 W/omx_vdec( 366): <__AwOmxVdecGetExtensionIndex:1737>: GetExtensionIndex OMX.google.android.index.describeColorFormat, err [0x80001001].
03-31 16:35:52.104 W/omx_vdec( 366): <__AwOmxVdecGetExtensionIndex:1737>: GetExtensionIndex OMX.google.android.index.describeColorFormat2, err [0x80001001].
03-31 16:35:52.104 E/omx_vdec( 366): : erro: pParamData->nIndex > m_sPortFormatType.nIndex
03-31 16:35:52.104 W/omx_vdec( 366): <__AwOmxVdecGetExtensionIndex:1737>: GetExtensionIndex OMX.google.android.index.describeColorFormat, err [0x80001001].
03-31 16:35:52.104 W/omx_vdec( 366): <__AwOmxVdecGetExtensionIndex:1737>: GetExtensionIndex OMX.google.android.index.describeColorFormat2, err [0x80001001].
03-31 16:35:52.104 E/omx_vdec( 366): : erro: pParamData->nIndex > m_sPortFormatType.nIndex
03-31 16:35:52.104 W/omx_vdec( 366): <__AwOmxVdecGetExtensionIndex:1737>: GetExtensionIndex OMX.google.android.index.describeColorFormat, err [0x80001001].
03-31 16:35:52.105 W/omx_vdec( 366): <__AwOmxVdecGetExtensionIndex:1737>: GetExtensionIndex OMX.google.android.index.describeColorFormat2, err [0x80001001].
03-31 16:35:52.105 E/omx_vdec( 366): : erro: pParamData->nIndex > m_sPortFormatType.nIndex
03-31 16:35:52.105 W/omx_vdec( 366): <__AwOmxVdecGetExtensionIndex:1737>: GetExtensionIndex OMX.google.android.index.describeColorFormat, err [0x80001001].
03-31 16:35:52.105 W/omx_vdec( 366): <__AwOmxVdecGetExtensionIndex:1737>: GetExtensionIndex OMX.google.android.index.describeColorFormat2, err [0x80001001].
03-31 16:35:52.105 E/omx_vdec( 366): : erro: pParamData->nIndex > m_sPortFormatType.nIndex
03-31 16:35:52.105 W/omx_vdec( 366): <__AwOmxVdecGetExtensionIndex:1737>: GetExtensionIndex OMX.google.android.index.describeColorFormat, err [0x80001001].
03-31 16:35:52.105 W/omx_vdec( 366): <__AwOmxVdecGetExtensionIndex:1737>: GetExtensionIndex OMX.google.android.index.describeColorFormat2, err [0x80001001].
03-31 16:35:52.105 E/omx_vdec( 366): : erro: pParamData->nIndex > m_sPortFormatType.nIndex
03-31 16:35:52.106 W/omx_vdec( 366): <__AwOmxVdecGetExtensionIndex:1737>: GetExtensionIndex OMX.google.android.index.describeColorFormat, err [0x80001001].
03-31 16:35:52.106 W/omx_vdec( 366): <__AwOmxVdecGetExtensionIndex:1737>: GetExtensionIndex OMX.google.android.index.describeColorFormat2, err [0x80001001].
03-31 16:35:52.106 E/omx_vdec( 366): : erro: pParamData->nIndex > m_sPortFormatType.nIndex
03-31 16:35:52.106 W/omx_vdec( 366): <__AwOmxVdecGetExtensionIndex:1737>: GetExtensionIndex OMX.google.android.index.describeColorFormat, err [0x80001001].
03-31 16:35:52.106 W/omx_vdec( 366): <__AwOmxVdecGetExtensionIndex:1737>: GetExtensionIndex OMX.google.android.index.describeColorFormat2, err [0x80001001].
03-31 16:35:52.106 E/omx_vdec( 366): : erro: pParamData->nIndex > m_sPortFormatType.nIndex
03-31 16:35:52.106 W/omx_vdec( 366): <__AwOmxVdecGetExtensionIndex:1737>: GetExtensionIndex OMX.google.android.index.describeColorFormat, err [0x80001001].
03-31 16:35:52.106 W/omx_vdec( 366): <__AwOmxVdecGetExtensionIndex:1737>: GetExtensionIndex OMX.google.android.index.describeColorFormat2, err [0x80001001].
03-31 16:35:52.107 E/omx_vdec( 366): : erro: pParamData->nIndex > m_sPortFormatType.nIndex
03-31 16:35:52.107 W/omx_vdec( 366): <__AwOmxVdecGetExtensionIndex:1737>: GetExtensionIndex OMX.google.android.index.describeColorFormat, err [0x80001001].
03-31 16:35:52.107 W/omx_vdec( 366): <__AwOmxVdecGetExtensionIndex:1737>: GetExtensionIndex OMX.google.android.index.describeColorFormat2, err [0x80001001].
03-31 16:35:52.107 E/omx_vdec( 366): : erro: pParamData->nIndex > m_sPortFormatType.nIndex
03-31 16:35:52.107 W/omx_vdec( 366): <__AwOmxVdecGetExtensionIndex:1737>: GetExtensionIndex OMX.google.android.index.describeColorFormat, err [0x80001001].
03-31 16:35:52.107 W/omx_vdec( 366): <__AwOmxVdecGetExtensionIndex:1737>: GetExtensionIndex OMX.google.android.index.describeColorFormat2, err [0x80001001].
03-31 16:35:52.108 E/omx_vdec( 366): : erro: pParamData->nIndex > m_sPortFormatType.nIndex
03-31 16:35:52.108 W/omx_vdec( 366): <__AwOmxVdecGetExtensionIndex:1737>: GetExtensionIndex OMX.google.android.index.describeColorFormat, err [0x80001001].
03-31 16:35:52.108 W/omx_vdec( 366): <__AwOmxVdecGetExtensionIndex:1737>: GetExtensionIndex OMX.google.android.index.describeColorFormat2, err [0x80001001].
03-31 16:35:52.108 E/omx_vdec( 366): : erro: pParamData->nIndex > m_sPortFormatType.nIndex
03-31 16:35:52.108 W/omx_vdec( 366): <__AwOmxVdecGetExtensionIndex:1737>: GetExtensionIndex OMX.google.android.index.describeColorFormat, err [0x80001001].
03-31 16:35:52.108 W/omx_vdec( 366): <__AwOmxVdecGetExtensionIndex:1737>: GetExtensionIndex OMX.google.android.index.describeColorFormat2, err [0x80001001].
03-31 16:35:52.108 E/omx_vdec( 366): : erro: pParamData->nIndex > m_sPortFormatType.nIndex
03-31 16:35:52.109 W/omx_vdec( 366): <__AwOmxVdecGetExtensionIndex:1737>: GetExtensionIndex OMX.google.android.index.describeColorFormat, err [0x80001001].
03-31 16:35:52.109 W/omx_vdec( 366): <__AwOmxVdecGetExtensionIndex:1737>: GetExtensionIndex OMX.google.android.index.describeColorFormat2, err [0x80001001].
03-31 16:35:52.109 E/omx_vdec( 366): : erro: pParamData->nIndex > m_sPortFormatType.nIndex
03-31 16:35:52.109 D/CompatibilityChangeReporter( 680): Compat change id reported: 171979766; UID 10062; state: ENABLED
03-31 16:35:52.110 W/omx_vdec( 366): <__AwOmxVdecGetExtensionIndex:1737>: GetExtensionIndex OMX.google.android.index.describeColorFormat, err [0x80001001].
03-31 16:35:52.110 W/omx_vdec( 366): <__AwOmxVdecGetExtensionIndex:1737>: GetExtensionIndex OMX.google.android.index.describeColorFormat2, err [0x80001001].
03-31 16:35:52.110 E/omx_vdec( 366): : erro: pParamData->nIndex > m_sPortFormatType.nIndex
03-31 16:35:52.110 W/omx_vdec( 366): <__AwOmxVdecGetExtensionIndex:1737>: GetExtensionIndex OMX.google.android.index.describeColorFormat, err [0x80001001].
03-31 16:35:52.107 D/SystemServerTiming( 479): RegisterAppOpsPolicy took to complete: 37ms
03-31 16:35:52.110 W/omx_vdec( 366): <__AwOmxVdecGetExtensionIndex:1737>: GetExtensionIndex OMX.google.android.index.describeColorFormat2, err [0x80001001].
03-31 16:35:52.110 E/omx_vdec( 366): : erro: pParamData->nIndex > m_sPortFormatType.nIndex
03-31 16:35:52.110 W/omx_vdec( 366): <__AwOmxVdecGetExtensionIndex:1737>: GetExtensionIndex OMX.google.android.index.describeColorFormat, err [0x80001001].
03-31 16:35:52.110 W/omx_vdec( 366): <__AwOmxVdecGetExtensionIndex:1737>: GetExtensionIndex OMX.google.android.index.describeColorFormat2, err [0x80001001].
03-31 16:35:52.111 E/omx_vdec( 366): : erro: pParamData->nIndex > m_sPortFormatType.nIndex
03-31 16:35:52.111 I/SystemServerTimingAsync( 479): InitThreadPoolExec:WebViewFactoryPreparation
03-31 16:35:52.111 D/SystemServerInitThreadPool( 479): Started executing WebViewFactoryPreparation
03-31 16:35:52.111 W/omx_vdec( 366): <__AwOmxVdecGetExtensionIndex:1737>: GetExtensionIndex OMX.google.android.index.describeColorFormat, err [0x80001001].
03-31 16:35:52.111 W/omx_vdec( 366): <__AwOmxVdecGetExtensionIndex:1737>: GetExtensionIndex OMX.google.android.index.describeColorFormat2, err [0x80001001].
03-31 16:35:52.111 I/SystemServer( 479): WebViewFactoryPreparation
03-31 16:35:52.111 E/omx_vdec( 366): : erro: pParamData->nIndex > m_sPortFormatType.nIndex
03-31 16:35:52.111 I/SystemServerTimingAsync( 479): WebViewFactoryPreparation
03-31 16:35:52.111 W/omx_vdec( 366): <__AwOmxVdecGetExtensionIndex:1737>: GetExtensionIndex OMX.google.android.index.describeColorFormat, err [0x80001001].
03-31 16:35:52.111 W/omx_vdec( 366): <__AwOmxVdecGetExtensionIndex:1737>: GetExtensionIndex OMX.google.android.index.describeColorFormat2, err [0x80001001].
03-31 16:35:52.111 E/omx_vdec( 366): : erro: pParamData->nIndex > m_sPortFormatType.nIndex
03-31 16:35:52.112 W/omx_vdec( 366): <__AwOmxVdecGetExtensionIndex:1737>: GetExtensionIndex OMX.google.android.index.describeColorFormat, err [0x80001001].
03-31 16:35:52.112 W/omx_vdec( 366): <__AwOmxVdecGetExtensionIndex:1737>: GetExtensionIndex OMX.google.android.index.describeColorFormat2, err [0x80001001].
03-31 16:35:52.112 E/omx_vdec( 366): : erro: pParamData->nIndex > m_sPortFormatType.nIndex
03-31 16:35:52.112 W/omx_vdec( 366): <__AwOmxVdecGetExtensionIndex:1737>: GetExtensionIndex OMX.google.android.index.describeColorFormat, err [0x80001001].
03-31 16:35:52.112 W/omx_vdec( 366): <__AwOmxVdecGetExtensionIndex:1737>: GetExtensionIndex OMX.google.android.index.describeColorFormat2, err [0x80001001].
03-31 16:35:52.112 E/omx_vdec( 366): : erro: pParamData->nIndex > m_sPortFormatType.nIndex
03-31 16:35:52.112 W/omx_vdec( 366): <__AwOmxVdecGetExtensionIndex:1737>: GetExtensionIndex OMX.google.android.index.describeColorFormat, err [0x80001001].
03-31 16:35:52.112 W/omx_vdec( 366): <__AwOmxVdecGetExtensionIndex:1737>: GetExtensionIndex OMX.google.android.index.describeColorFormat2, err [0x80001001].
03-31 16:35:52.113 E/omx_vdec( 366): : erro: pParamData->nIndex > m_sPortFormatType.nIndex
03-31 16:35:52.113 W/omx_vdec( 366): <__AwOmxVdecGetExtensionIndex:1737>: GetExtensionIndex OMX.google.android.index.describeColorFormat, err [0x80001001].
03-31 16:35:52.113 W/omx_vdec( 366): <__AwOmxVdecGetExtensionIndex:1737>: GetExtensionIndex OMX.google.android.index.describeColorFormat2, err [0x80001001].
03-31 16:35:52.113 E/omx_vdec( 366): : erro: pParamData->nIndex > m_sPortFormatType.nIndex
03-31 16:35:52.113 W/omx_vdec( 366): <__AwOmxVdecGetExtensionIndex:1737>: GetExtensionIndex OMX.google.android.index.describeColorFormat, err [0x80001001].
03-31 16:35:52.113 W/omx_vdec( 366): <__AwOmxVdecGetExtensionIndex:1737>: GetExtensionIndex OMX.google.android.index.describeColorFormat2, err [0x80001001].
03-31 16:35:52.113 E/omx_vdec( 366): : erro: pParamData->nIndex > m_sPortFormatType.nIndex
03-31 16:35:52.113 W/omx_vdec( 366): <__AwOmxVdecGetExtensionIndex:1737>: GetExtensionIndex OMX.google.android.index.describeColorFormat, err [0x80001001].
03-31 16:35:52.114 W/omx_vdec( 366): <__AwOmxVdecGetExtensionIndex:1737>: GetExtensionIndex OMX.google.android.index.describeColorFormat2, err [0x80001001].
03-31 16:35:52.114 E/omx_vdec( 366): : erro: pParamData->nIndex > m_sPortFormatType.nIndex
03-31 16:35:52.114 W/omx_vdec( 366): <__AwOmxVdecGetExtensionIndex:1737>: GetExtensionIndex OMX.google.android.index.describeColorFormat, err [0x80001001].
03-31 16:35:52.114 W/omx_vdec( 366): <__AwOmxVdecGetExtensionIndex:1737>: GetExtensionIndex OMX.google.android.index.describeColorFormat2, err [0x80001001].
03-31 16:35:52.114 E/omx_vdec( 366): : erro: pParamData->nIndex > m_sPortFormatType.nIndex
03-31 16:35:52.114 W/omx_vdec( 366): <__AwOmxVdecGetExtensionIndex:1737>: GetExtensionIndex OMX.google.android.index.describeColorFormat, err [0x80001001].
03-31 16:35:52.114 W/omx_vdec( 366): <__AwOmxVdecGetExtensionIndex:1737>: GetExtensionIndex OMX.google.android.index.describeColorFormat2, err [0x80001001].
03-31 16:35:52.114 E/omx_vdec( 366): : erro: pParamData->nIndex > m_sPortFormatType.nIndex
03-31 16:35:52.115 W/omx_vdec( 366): <__AwOmxVdecGetExtensionIndex:1737>: GetExtensionIndex OMX.google.android.index.describeColorFormat, err [0x80001001].
03-31 16:35:52.115 W/omx_vdec( 366): <__AwOmxVdecGetExtensionIndex:1737>: GetExtensionIndex OMX.google.android.index.describeColorFormat2, err [0x80001001].
03-31 16:35:52.115 E/omx_vdec( 366): : erro: pParamData->nIndex > m_sPortFormatType.nIndex
03-31 16:35:52.115 W/omx_vdec( 366): <__AwOmxVdecGetExtensionIndex:1737>: GetExtensionIndex OMX.google.android.index.describeColorFormat, err [0x80001001].
03-31 16:35:52.115 I/SystemServerTiming( 479): MakeNetworkManagementServiceReady
03-31 16:35:52.115 W/omx_vdec( 366): <__AwOmxVdecGetExtensionIndex:1737>: GetExtensionIndex OMX.google.android.index.describeColorFormat2, err [0x80001001].
03-31 16:35:52.115 W/ACodec ( 360): [OMX.allwinner.video.decoder.mpeg2] stopping checking formats after 32: COLOR_FormatYUV420Planar(13)
03-31 16:35:52.115 W/omx_vdec( 366): <__AwOmxVdecGetExtensionIndex:1737>: GetExtensionIndex OMX.google.android.index.configureVideoTunnelMode, err [0x80001001].
03-31 16:35:52.115 E/OMXNodeInstance( 366): getExtensionIndex(0xf0c55000:allwinner.decoder.mpeg2, OMX.google.android.index.configureVideoTunnelMode) ERROR: Undefined(0x80001001)
03-31 16:35:52.116 D/MediaCodecInfo( 360): detail feature-tunneled-playback wasn't present to remove
03-31 16:35:52.116 W/omx_vdec( 366): <__AwOmxVdecGetExtensionIndex:1737>: GetExtensionIndex OMX.google.android.index.storeANWBufferInMetadata, err [0x80001001].
03-31 16:35:52.116 W/omx_vdec_aw( 366): <__anSetExtPara:3011>: Setparameter: unknown param 2131755011
03-31 16:35:52.116 W/OMXNodeInstance( 366): [0xf0c55000:allwinner.decoder.mpeg2] component does not support metadata mode; using fallback
03-31 16:35:52.116 W/NetworkManagement( 479): setDataSaverMode(): already false
03-31 16:35:52.116 W/libc ( 366): invalid pthread_t (0) passed to pthread_join
03-31 16:35:52.116 W/libc ( 366): invalid pthread_t (0) passed to pthread_join
03-31 16:35:52.116 W/libc ( 366): invalid pthread_t (0) passed to pthread_join
03-31 16:35:52.116 I/netd ( 243): firewallSetFirewallType(1) <0.01ms>
03-31 16:35:52.118 D/SystemServerTiming( 479): MakeNetworkManagementServiceReady took to complete: 2ms
03-31 16:35:52.118 I/SystemServerTiming( 479): MakeIpSecServiceReady
03-31 16:35:52.118 I/netd ( 243): isAlive() -> {true} <0.02ms>
03-31 16:35:52.119 D/IpSecService( 479): IpSecService is ready
03-31 16:35:52.119 D/SystemServerTiming( 479): MakeIpSecServiceReady took to complete: 1ms
03-31 16:35:52.119 I/SystemServerTiming( 479): MakeNetworkStatsServiceReady
03-31 16:35:52.119 D/CompatibilityChangeReporter( 479): Compat change id reported: 135634846; UID 1000; state: DISABLED
03-31 16:35:52.119 D/CompatibilityChangeReporter( 479): Compat change id reported: 177438394; UID 1000; state: DISABLED
03-31 16:35:52.119 D/CompatibilityChangeReporter( 479): Compat change id reported: 135772972; UID 1000; state: DISABLED
03-31 16:35:52.120 D/CompatibilityChangeReporter( 479): Compat change id reported: 178038272; UID 1000; state: DISABLED
03-31 16:35:52.121 D/SystemServerTimingAsync( 479): WebViewFactoryPreparation took to complete: 10ms
03-31 16:35:52.122 D/SystemServerInitThreadPool( 479): Finished executing WebViewFactoryPreparation
03-31 16:35:52.122 D/SystemServerTimingAsync( 479): InitThreadPoolExec:WebViewFactoryPreparation took to complete: 11ms
03-31 16:35:52.131 W/BestClock( 479): java.time.DateTimeException: Missing NTP fix
03-31 16:35:52.132 I/OMXClient( 360): IOmx service obtained
03-31 16:35:52.132 I/OMXStore( 366): makeComponentInstance(OMX.allwinner.video.decoder.mpeg4) in android.hardwar process
03-31 16:35:52.132 D/Zygote ( 244): Forked child process 725
03-31 16:35:52.133 I/ActivityManager( 479): app.processName = WebViewLoader-armeabi-v7a
03-31 16:35:52.133 I/ActivityManager( 479): Start proc 725:WebViewLoader-armeabi-v7a/1037 [android.webkit.WebViewLibraryLoader$RelroFileCreator] for null
03-31 16:35:52.133 I/omx_vdec_aw( 366): : OmxDecoderCreate.
03-31 16:35:52.133 W/NetworkPolicy( 479): setRestrictBackgroundUL: already false
03-31 16:35:52.134 I/netd ( 243): firewallReplaceUidChain(fw_standby, false, []) -> {true} <0.14ms>
03-31 16:35:52.135 W/omx_vdec( 366): <__AwOmxVdecSetParameter:1561>: Set Parameter called in valid state
03-31 16:35:52.135 W/omx_vdec( 366): : pParamProfileLevel->nProfileIndex[0x2] error!
03-31 16:35:52.135 E/OMXNodeInstance( 366): getParameter(0xf0c55000:allwinner.decoder.mpeg4, ParamVideoProfileLevelQuerySupported(0x600000f)) ERROR: BadParameter(0x80001005)
03-31 16:35:52.135 W/omx_vdec( 366): <__AwOmxVdecGetExtensionIndex:1737>: GetExtensionIndex OMX.google.android.index.describeColorFormat, err [0x80001001].
03-31 16:35:52.136 W/omx_vdec( 366): <__AwOmxVdecGetExtensionIndex:1737>: GetExtensionIndex OMX.google.android.index.describeColorFormat2, err [0x80001001].
03-31 16:35:52.136 E/omx_vdec( 366): : erro: pParamData->nIndex > m_sPortFormatType.nIndex
03-31 16:35:52.136 W/omx_vdec( 366): <__AwOmxVdecGetExtensionIndex:1737>: GetExtensionIndex OMX.google.android.index.describeColorFormat, err [0x80001001].
03-31 16:35:52.136 W/omx_vdec( 366): <__AwOmxVdecGetExtensionIndex:1737>: GetExtensionIndex OMX.google.android.index.describeColorFormat2, err [0x80001001].
03-31 16:35:52.136 E/omx_vdec( 366): : erro: pParamData->nIndex > m_sPortFormatType.nIndex
03-31 16:35:52.136 W/omx_vdec( 366): <__AwOmxVdecGetExtensionIndex:1737>: GetExtensionIndex OMX.google.android.index.describeColorFormat, err [0x80001001].
03-31 16:35:52.136 W/omx_vdec( 366): <__AwOmxVdecGetExtensionIndex:1737>: GetExtensionIndex OMX.google.android.index.describeColorFormat2, err [0x80001001].
03-31 16:35:52.136 E/omx_vdec( 366): : erro: pParamData->nIndex > m_sPortFormatType.nIndex
03-31 16:35:52.137 W/omx_vdec( 366): <__AwOmxVdecGetExtensionIndex:1737>: GetExtensionIndex OMX.google.android.index.describeColorFormat, err [0x80001001].
03-31 16:35:52.137 W/omx_vdec( 366): <__AwOmxVdecGetExtensionIndex:1737>: GetExtensionIndex OMX.google.android.index.describeColorFormat2, err [0x80001001].
03-31 16:35:52.137 E/omx_vdec( 366): : erro: pParamData->nIndex > m_sPortFormatType.nIndex
03-31 16:35:52.137 W/omx_vdec( 366): <__AwOmxVdecGetExtensionIndex:1737>: GetExtensionIndex OMX.google.android.index.describeColorFormat, err [0x80001001].
03-31 16:35:52.137 W/omx_vdec( 366): <__AwOmxVdecGetExtensionIndex:1737>: GetExtensionIndex OMX.google.android.index.describeColorFormat2, err [0x80001001].
03-31 16:35:52.137 E/omx_vdec( 366): : erro: pParamData->nIndex > m_sPortFormatType.nIndex
03-31 16:35:52.137 W/omx_vdec( 366): <__AwOmxVdecGetExtensionIndex:1737>: GetExtensionIndex OMX.google.android.index.describeColorFormat, err [0x80001001].
03-31 16:35:52.137 W/omx_vdec( 366): <__AwOmxVdecGetExtensionIndex:1737>: GetExtensionIndex OMX.google.android.index.describeColorFormat2, err [0x80001001].
03-31 16:35:52.138 E/omx_vdec( 366): : erro: pParamData->nIndex > m_sPortFormatType.nIndex
03-31 16:35:52.138 W/omx_vdec( 366): <__AwOmxVdecGetExtensionIndex:1737>: GetExtensionIndex OMX.google.android.index.describeColorFormat, err [0x80001001].
03-31 16:35:52.138 W/omx_vdec( 366): <__AwOmxVdecGetExtensionIndex:1737>: GetExtensionIndex OMX.google.android.index.describeColorFormat2, err [0x80001001].
03-31 16:35:52.138 E/omx_vdec( 366): : erro: pParamData->nIndex > m_sPortFormatType.nIndex
03-31 16:35:52.138 W/omx_vdec( 366): <__AwOmxVdecGetExtensionIndex:1737>: GetExtensionIndex OMX.google.android.index.describeColorFormat, err [0x80001001].
03-31 16:35:52.138 W/omx_vdec( 366): <__AwOmxVdecGetExtensionIndex:1737>: GetExtensionIndex OMX.google.android.index.describeColorFormat2, err [0x80001001].
03-31 16:35:52.138 E/omx_vdec( 366): : erro: pParamData->nIndex > m_sPortFormatType.nIndex
03-31 16:35:52.139 W/omx_vdec( 366): <__AwOmxVdecGetExtensionIndex:1737>: GetExtensionIndex OMX.google.android.index.describeColorFormat, err [0x80001001].
03-31 16:35:52.139 W/omx_vdec( 366): <__AwOmxVdecGetExtensionIndex:1737>: GetExtensionIndex OMX.google.android.index.describeColorFormat2, err [0x80001001].
03-31 16:35:52.139 E/omx_vdec( 366): : erro: pParamData->nIndex > m_sPortFormatType.nIndex
03-31 16:35:52.139 W/omx_vdec( 366): <__AwOmxVdecGetExtensionIndex:1737>: GetExtensionIndex OMX.google.android.index.describeColorFormat, err [0x80001001].
03-31 16:35:52.139 I/Zygote ( 725): seccomp disabled by setenforce 0
03-31 16:35:52.139 W/omx_vdec( 366): <__AwOmxVdecGetExtensionIndex:1737>: GetExtensionIndex OMX.google.android.index.describeColorFormat2, err [0x80001001].
03-31 16:35:52.139 E/omx_vdec( 366): : erro: pParamData->nIndex > m_sPortFormatType.nIndex
03-31 16:35:52.139 W/omx_vdec( 366): <__AwOmxVdecGetExtensionIndex:1737>: GetExtensionIndex OMX.google.android.index.describeColorFormat, err [0x80001001].
03-31 16:35:52.139 W/omx_vdec( 366): <__AwOmxVdecGetExtensionIndex:1737>: GetExtensionIndex OMX.google.android.index.describeColorFormat2, err [0x80001001].
03-31 16:35:52.139 E/omx_vdec( 366): : erro: pParamData->nIndex > m_sPortFormatType.nIndex
03-31 16:35:52.140 W/omx_vdec( 366): <__AwOmxVdecGetExtensionIndex:1737>: GetExtensionIndex OMX.google.android.index.describeColorFormat, err [0x80001001].
03-31 16:35:52.140 W/omx_vdec( 366): <__AwOmxVdecGetExtensionIndex:1737>: GetExtensionIndex OMX.google.android.index.describeColorFormat2, err [0x80001001].
03-31 16:35:52.140 E/omx_vdec( 366): : erro: pParamData->nIndex > m_sPortFormatType.nIndex
03-31 16:35:52.140 W/omx_vdec( 366): <__AwOmxVdecGetExtensionIndex:1737>: GetExtensionIndex OMX.google.android.index.describeColorFormat, err [0x80001001].
03-31 16:35:52.140 W/omx_vdec( 366): <__AwOmxVdecGetExtensionIndex:1737>: GetExtensionIndex OMX.google.android.index.describeColorFormat2, err [0x80001001].
03-31 16:35:52.140 E/omx_vdec( 366): : erro: pParamData->nIndex > m_sPortFormatType.nIndex
03-31 16:35:52.140 W/omx_vdec( 366): <__AwOmxVdecGetExtensionIndex:1737>: GetExtensionIndex OMX.google.android.index.describeColorFormat, err [0x80001001].
03-31 16:35:52.140 W/omx_vdec( 366): <__AwOmxVdecGetExtensionIndex:1737>: GetExtensionIndex OMX.google.android.index.describeColorFormat2, err [0x80001001].
03-31 16:35:52.140 E/omx_vdec( 366): : erro: pParamData->nIndex > m_sPortFormatType.nIndex
03-31 16:35:52.141 W/omx_vdec( 366): <__AwOmxVdecGetExtensionIndex:1737>: GetExtensionIndex OMX.google.android.index.describeColorFormat, err [0x80001001].
03-31 16:35:52.141 W/omx_vdec( 366): <__AwOmxVdecGetExtensionIndex:1737>: GetExtensionIndex OMX.google.android.index.describeColorFormat2, err [0x80001001].
03-31 16:35:52.141 E/omx_vdec( 366): : erro: pParamData->nIndex > m_sPortFormatType.nIndex
03-31 16:35:52.141 W/omx_vdec( 366): <__AwOmxVdecGetExtensionIndex:1737>: GetExtensionIndex OMX.google.android.index.describeColorFormat, err [0x80001001].
03-31 16:35:52.141 W/omx_vdec( 366): <__AwOmxVdecGetExtensionIndex:1737>: GetExtensionIndex OMX.google.android.index.describeColorFormat2, err [0x80001001].
03-31 16:35:52.141 E/omx_vdec( 366): : erro: pParamData->nIndex > m_sPortFormatType.nIndex
03-31 16:35:52.141 W/omx_vdec( 366): <__AwOmxVdecGetExtensionIndex:1737>: GetExtensionIndex OMX.google.android.index.describeColorFormat, err [0x80001001].
03-31 16:35:52.141 W/omx_vdec( 366): <__AwOmxVdecGetExtensionIndex:1737>: GetExtensionIndex OMX.google.android.index.describeColorFormat2, err [0x80001001].
03-31 16:35:52.142 E/omx_vdec( 366): : erro: pParamData->nIndex > m_sPortFormatType.nIndex
03-31 16:35:52.142 W/omx_vdec( 366): <__AwOmxVdecGetExtensionIndex:1737>: GetExtensionIndex OMX.google.android.index.describeColorFormat, err [0x80001001].
03-31 16:35:52.142 W/omx_vdec( 366): <__AwOmxVdecGetExtensionIndex:1737>: GetExtensionIndex OMX.google.android.index.describeColorFormat2, err [0x80001001].
03-31 16:35:52.142 E/omx_vdec( 366): : erro: pParamData->nIndex > m_sPortFormatType.nIndex
03-31 16:35:52.142 W/omx_vdec( 366): <__AwOmxVdecGetExtensionIndex:1737>: GetExtensionIndex OMX.google.android.index.describeColorFormat, err [0x80001001].
03-31 16:35:52.142 W/omx_vdec( 366): <__AwOmxVdecGetExtensionIndex:1737>: GetExtensionIndex OMX.google.android.index.describeColorFormat2, err [0x80001001].
03-31 16:35:52.142 E/omx_vdec( 366): : erro: pParamData->nIndex > m_sPortFormatType.nIndex
03-31 16:35:52.142 W/omx_vdec( 366): <__AwOmxVdecGetExtensionIndex:1737>: GetExtensionIndex OMX.google.android.index.describeColorFormat, err [0x80001001].
03-31 16:35:52.142 W/omx_vdec( 366): <__AwOmxVdecGetExtensionIndex:1737>: GetExtensionIndex OMX.google.android.index.describeColorFormat2, err [0x80001001].
03-31 16:35:52.143 E/omx_vdec( 366): : erro: pParamData->nIndex > m_sPortFormatType.nIndex
03-31 16:35:52.143 W/omx_vdec( 366): <__AwOmxVdecGetExtensionIndex:1737>: GetExtensionIndex OMX.google.android.index.describeColorFormat, err [0x80001001].
03-31 16:35:52.143 W/omx_vdec( 366): <__AwOmxVdecGetExtensionIndex:1737>: GetExtensionIndex OMX.google.android.index.describeColorFormat2, err [0x80001001].
03-31 16:35:52.143 E/omx_vdec( 366): : erro: pParamData->nIndex > m_sPortFormatType.nIndex
03-31 16:35:52.143 W/omx_vdec( 366): <__AwOmxVdecGetExtensionIndex:1737>: GetExtensionIndex OMX.google.android.index.describeColorFormat, err [0x80001001].
03-31 16:35:52.143 W/omx_vdec( 366): <__AwOmxVdecGetExtensionIndex:1737>: GetExtensionIndex OMX.google.android.index.describeColorFormat2, err [0x80001001].
03-31 16:35:52.143 E/omx_vdec( 366): : erro: pParamData->nIndex > m_sPortFormatType.nIndex
03-31 16:35:52.143 W/omx_vdec( 366): <__AwOmxVdecGetExtensionIndex:1737>: GetExtensionIndex OMX.google.android.index.describeColorFormat, err [0x80001001].
03-31 16:35:52.144 W/omx_vdec( 366): <__AwOmxVdecGetExtensionIndex:1737>: GetExtensionIndex OMX.google.android.index.describeColorFormat2, err [0x80001001].
03-31 16:35:52.144 E/omx_vdec( 366): : erro: pParamData->nIndex > m_sPortFormatType.nIndex
03-31 16:35:52.144 W/omx_vdec( 366): <__AwOmxVdecGetExtensionIndex:1737>: GetExtensionIndex OMX.google.android.index.describeColorFormat, err [0x80001001].
03-31 16:35:52.144 W/omx_vdec( 366): <__AwOmxVdecGetExtensionIndex:1737>: GetExtensionIndex OMX.google.android.index.describeColorFormat2, err [0x80001001].
03-31 16:35:52.144 E/omx_vdec( 366): : erro: pParamData->nIndex > m_sPortFormatType.nIndex
03-31 16:35:52.144 W/omx_vdec( 366): <__AwOmxVdecGetExtensionIndex:1737>: GetExtensionIndex OMX.google.android.index.describeColorFormat, err [0x80001001].
03-31 16:35:52.144 W/omx_vdec( 366): <__AwOmxVdecGetExtensionIndex:1737>: GetExtensionIndex OMX.google.android.index.describeColorFormat2, err [0x80001001].
03-31 16:35:52.145 E/omx_vdec( 366): : erro: pParamData->nIndex > m_sPortFormatType.nIndex
03-31 16:35:52.145 W/omx_vdec( 366): <__AwOmxVdecGetExtensionIndex:1737>: GetExtensionIndex OMX.google.android.index.describeColorFormat, err [0x80001001].
03-31 16:35:52.145 W/omx_vdec( 366): <__AwOmxVdecGetExtensionIndex:1737>: GetExtensionIndex OMX.google.android.index.describeColorFormat2, err [0x80001001].
03-31 16:35:52.145 E/omx_vdec( 366): : erro: pParamData->nIndex > m_sPortFormatType.nIndex
03-31 16:35:52.145 W/omx_vdec( 366): <__AwOmxVdecGetExtensionIndex:1737>: GetExtensionIndex OMX.google.android.index.describeColorFormat, err [0x80001001].
03-31 16:35:52.145 W/omx_vdec( 366): <__AwOmxVdecGetExtensionIndex:1737>: GetExtensionIndex OMX.google.android.index.describeColorFormat2, err [0x80001001].
03-31 16:35:52.145 E/omx_vdec( 366): : erro: pParamData->nIndex > m_sPortFormatType.nIndex
03-31 16:35:52.146 W/omx_vdec( 366): <__AwOmxVdecGetExtensionIndex:1737>: GetExtensionIndex OMX.google.android.index.describeColorFormat, err [0x80001001].
03-31 16:35:52.146 W/omx_vdec( 366): <__AwOmxVdecGetExtensionIndex:1737>: GetExtensionIndex OMX.google.android.index.describeColorFormat2, err [0x80001001].
03-31 16:35:52.146 E/omx_vdec( 366): : erro: pParamData->nIndex > m_sPortFormatType.nIndex
03-31 16:35:52.146 W/omx_vdec( 366): <__AwOmxVdecGetExtensionIndex:1737>: GetExtensionIndex OMX.google.android.index.describeColorFormat, err [0x80001001].
03-31 16:35:52.146 W/omx_vdec( 366): <__AwOmxVdecGetExtensionIndex:1737>: GetExtensionIndex OMX.google.android.index.describeColorFormat2, err [0x80001001].
03-31 16:35:52.146 E/omx_vdec( 366): : erro: pParamData->nIndex > m_sPortFormatType.nIndex
03-31 16:35:52.146 W/omx_vdec( 366): <__AwOmxVdecGetExtensionIndex:1737>: GetExtensionIndex OMX.google.android.index.describeColorFormat, err [0x80001001].
03-31 16:35:52.146 W/omx_vdec( 366): <__AwOmxVdecGetExtensionIndex:1737>: GetExtensionIndex OMX.google.android.index.describeColorFormat2, err [0x80001001].
03-31 16:35:52.147 E/omx_vdec( 366): : erro: pParamData->nIndex > m_sPortFormatType.nIndex
03-31 16:35:52.147 W/omx_vdec( 366): <__AwOmxVdecGetExtensionIndex:1737>: GetExtensionIndex OMX.google.android.index.describeColorFormat, err [0x80001001].
03-31 16:35:52.147 W/omx_vdec( 366): <__AwOmxVdecGetExtensionIndex:1737>: GetExtensionIndex OMX.google.android.index.describeColorFormat2, err [0x80001001].
03-31 16:35:52.147 E/omx_vdec( 366): : erro: pParamData->nIndex > m_sPortFormatType.nIndex
03-31 16:35:52.147 W/omx_vdec( 366): <__AwOmxVdecGetExtensionIndex:1737>: GetExtensionIndex OMX.google.android.index.describeColorFormat, err [0x80001001].
03-31 16:35:52.147 W/omx_vdec( 366): <__AwOmxVdecGetExtensionIndex:1737>: GetExtensionIndex OMX.google.android.index.describeColorFormat2, err [0x80001001].
03-31 16:35:52.147 E/omx_vdec( 366): : erro: pParamData->nIndex > m_sPortFormatType.nIndex
03-31 16:35:52.148 W/omx_vdec( 366): <__AwOmxVdecGetExtensionIndex:1737>: GetExtensionIndex OMX.google.android.index.describeColorFormat, err [0x80001001].
03-31 16:35:52.148 W/omx_vdec( 366): <__AwOmxVdecGetExtensionIndex:1737>: GetExtensionIndex OMX.google.android.index.describeColorFormat2, err [0x80001001].
03-31 16:35:52.148 W/ACodec ( 360): [OMX.allwinner.video.decoder.mpeg4] stopping checking formats after 32: COLOR_FormatYUV420Planar(13)
03-31 16:35:52.148 W/omx_vdec( 366): <__AwOmxVdecGetExtensionIndex:1737>: GetExtensionIndex OMX.google.android.index.configureVideoTunnelMode, err [0x80001001].
03-31 16:35:52.148 E/OMXNodeInstance( 366): getExtensionIndex(0xf0c55000:allwinner.decoder.mpeg4, OMX.google.android.index.configureVideoTunnelMode) ERROR: Undefined(0x80001001)
03-31 16:35:52.148 D/MediaCodecInfo( 360): detail feature-tunneled-playback wasn't present to remove
03-31 16:35:52.148 W/omx_vdec( 366): <__AwOmxVdecGetExtensionIndex:1737>: GetExtensionIndex OMX.google.android.index.storeANWBufferInMetadata, err [0x80001001].
03-31 16:35:52.148 W/omx_vdec_aw( 366): <__anSetExtPara:3011>: Setparameter: unknown param 2131755011
03-31 16:35:52.148 W/OMXNodeInstance( 366): [0xf0c55000:allwinner.decoder.mpeg4] component does not support metadata mode; using fallback
03-31 16:35:52.149 W/libc ( 366): invalid pthread_t (0) passed to pthread_join
03-31 16:35:52.149 W/libc ( 366): invalid pthread_t (0) passed to pthread_join
03-31 16:35:52.149 W/libc ( 366): invalid pthread_t (0) passed to pthread_join
03-31 16:35:52.151 I/OMXClient( 360): IOmx service obtained
03-31 16:35:52.152 I/OMXStore( 366): makeComponentInstance(OMX.allwinner.video.decoder.vp8) in android.hardwar process
03-31 16:35:52.153 I/omx_vdec_aw( 366): : OmxDecoderCreate.
03-31 16:35:52.154 W/omx_vdec( 366): <__AwOmxVdecSetParameter:1561>: Set Parameter called in valid state
03-31 16:35:52.154 W/omx_vdec( 366): : OMX_IndexParamVideoProfileLevelQuerySupported, Format[0x9] not support
03-31 16:35:52.154 E/OMXNodeInstance( 366): getParameter(0xf0c55000:allwinner.decoder.vp8, ParamVideoProfileLevelQuerySupported(0x600000f)) ERROR: BadParameter(0x80001005)
03-31 16:35:52.154 W/omx_vdec( 366): <__AwOmxVdecGetExtensionIndex:1737>: GetExtensionIndex OMX.google.android.index.describeColorFormat, err [0x80001001].
03-31 16:35:52.155 W/omx_vdec( 366): <__AwOmxVdecGetExtensionIndex:1737>: GetExtensionIndex OMX.google.android.index.describeColorFormat2, err [0x80001001].
03-31 16:35:52.155 E/omx_vdec( 366): : erro: pParamData->nIndex > m_sPortFormatType.nIndex
03-31 16:35:52.155 W/omx_vdec( 366): <__AwOmxVdecGetExtensionIndex:1737>: GetExtensionIndex OMX.google.android.index.describeColorFormat, err [0x80001001].
03-31 16:35:52.155 I/netd ( 243): trafficSwapActiveStatsMap() <21.18ms>
03-31 16:35:52.156 W/omx_vdec( 366): <__AwOmxVdecGetExtensionIndex:1737>: GetExtensionIndex OMX.google.android.index.describeColorFormat2, err [0x80001001].
03-31 16:35:52.156 E/omx_vdec( 366): : erro: pParamData->nIndex > m_sPortFormatType.nIndex
03-31 16:35:52.156 W/omx_vdec( 366): <__AwOmxVdecGetExtensionIndex:1737>: GetExtensionIndex OMX.google.android.index.describeColorFormat, err [0x80001001].
03-31 16:35:52.157 W/omx_vdec( 366): <__AwOmxVdecGetExtensionIndex:1737>: GetExtensionIndex OMX.google.android.index.describeColorFormat2, err [0x80001001].
03-31 16:35:52.157 E/omx_vdec( 366): : erro: pParamData->nIndex > m_sPortFormatType.nIndex
03-31 16:35:52.157 W/omx_vdec( 366): <__AwOmxVdecGetExtensionIndex:1737>: GetExtensionIndex OMX.google.android.index.describeColorFormat, err [0x80001001].
03-31 16:35:52.157 W/omx_vdec( 366): <__AwOmxVdecGetExtensionIndex:1737>: GetExtensionIndex OMX.google.android.index.describeColorFormat2, err [0x80001001].
03-31 16:35:52.157 E/omx_vdec( 366): : erro: pParamData->nIndex > m_sPortFormatType.nIndex
03-31 16:35:52.157 W/omx_vdec( 366): <__AwOmxVdecGetExtensionIndex:1737>: GetExtensionIndex OMX.google.android.index.describeColorFormat, err [0x80001001].
03-31 16:35:52.157 W/omx_vdec( 366): <__AwOmxVdecGetExtensionIndex:1737>: GetExtensionIndex OMX.google.android.index.describeColorFormat2, err [0x80001001].
03-31 16:35:52.158 E/omx_vdec( 366): : erro: pParamData->nIndex > m_sPortFormatType.nIndex
03-31 16:35:52.158 W/omx_vdec( 366): <__AwOmxVdecGetExtensionIndex:1737>: GetExtensionIndex OMX.google.android.index.describeColorFormat, err [0x80001001].
03-31 16:35:52.158 W/omx_vdec( 366): <__AwOmxVdecGetExtensionIndex:1737>: GetExtensionIndex OMX.google.android.index.describeColorFormat2, err [0x80001001].
03-31 16:35:52.158 E/omx_vdec( 366): : erro: pParamData->nIndex > m_sPortFormatType.nIndex
03-31 16:35:52.158 W/omx_vdec( 366): <__AwOmxVdecGetExtensionIndex:1737>: GetExtensionIndex OMX.google.android.index.describeColorFormat, err [0x80001001].
03-31 16:35:52.158 W/omx_vdec( 366): <__AwOmxVdecGetExtensionIndex:1737>: GetExtensionIndex OMX.google.android.index.describeColorFormat2, err [0x80001001].
03-31 16:35:52.159 E/omx_vdec( 366): : erro: pParamData->nIndex > m_sPortFormatType.nIndex
03-31 16:35:52.159 W/omx_vdec( 366): <__AwOmxVdecGetExtensionIndex:1737>: GetExtensionIndex OMX.google.android.index.describeColorFormat, err [0x80001001].
03-31 16:35:52.159 W/omx_vdec( 366): <__AwOmxVdecGetExtensionIndex:1737>: GetExtensionIndex OMX.google.android.index.describeColorFormat2, err [0x80001001].
03-31 16:35:52.159 E/omx_vdec( 366): : erro: pParamData->nIndex > m_sPortFormatType.nIndex
03-31 16:35:52.159 W/omx_vdec( 366): <__AwOmxVdecGetExtensionIndex:1737>: GetExtensionIndex OMX.google.android.index.describeColorFormat, err [0x80001001].
03-31 16:35:52.160 W/omx_vdec( 366): <__AwOmxVdecGetExtensionIndex:1737>: GetExtensionIndex OMX.google.android.index.describeColorFormat2, err [0x80001001].
03-31 16:35:52.160 E/omx_vdec( 366): : erro: pParamData->nIndex > m_sPortFormatType.nIndex
03-31 16:35:52.160 W/omx_vdec( 366): <__AwOmxVdecGetExtensionIndex:1737>: GetExtensionIndex OMX.google.android.index.describeColorFormat, err [0x80001001].
03-31 16:35:52.160 W/omx_vdec( 366): <__AwOmxVdecGetExtensionIndex:1737>: GetExtensionIndex OMX.google.android.index.describeColorFormat2, err [0x80001001].
03-31 16:35:52.160 E/omx_vdec( 366): : erro: pParamData->nIndex > m_sPortFormatType.nIndex
03-31 16:35:52.160 W/omx_vdec( 366): <__AwOmxVdecGetExtensionIndex:1737>: GetExtensionIndex OMX.google.android.index.describeColorFormat, err [0x80001001].
03-31 16:35:52.161 W/omx_vdec( 366): <__AwOmxVdecGetExtensionIndex:1737>: GetExtensionIndex OMX.google.android.index.describeColorFormat2, err [0x80001001].
03-31 16:35:52.161 E/omx_vdec( 366): : erro: pParamData->nIndex > m_sPortFormatType.nIndex
03-31 16:35:52.161 W/omx_vdec( 366): <__AwOmxVdecGetExtensionIndex:1737>: GetExtensionIndex OMX.google.android.index.describeColorFormat, err [0x80001001].
03-31 16:35:52.161 W/omx_vdec( 366): <__AwOmxVdecGetExtensionIndex:1737>: GetExtensionIndex OMX.google.android.index.describeColorFormat2, err [0x80001001].
03-31 16:35:52.161 E/omx_vdec( 366): : erro: pParamData->nIndex > m_sPortFormatType.nIndex
03-31 16:35:52.161 W/omx_vdec( 366): <__AwOmxVdecGetExtensionIndex:1737>: GetExtensionIndex OMX.google.android.index.describeColorFormat, err [0x80001001].
03-31 16:35:52.161 W/omx_vdec( 366): <__AwOmxVdecGetExtensionIndex:1737>: GetExtensionIndex OMX.google.android.index.describeColorFormat2, err [0x80001001].
03-31 16:35:52.162 I/netd ( 243): tetherGetStats() -> {[]} <2.59ms>
03-31 16:35:52.162 E/omx_vdec( 366): : erro: pParamData->nIndex > m_sPortFormatType.nIndex
03-31 16:35:52.162 W/omx_vdec( 366): <__AwOmxVdecGetExtensionIndex:1737>: GetExtensionIndex OMX.google.android.index.describeColorFormat, err [0x80001001].
