03-31 16:36:02.343 I/ActivityManager( 479): Start proc 1820:com.android.permissioncontroller/u0a73 for broadcast {com.android.permissioncontroller/com.android.permissioncontroller.permission.service.LocationAccessCheck$SetupPeriodicBackgroundLocationAccessCheck}
03-31 16:36:02.351 I/Zygote ( 1820): seccomp disabled by setenforce 0
03-31 16:36:02.383 I/netd ( 243): trafficSwapActiveStatsMap() <41.84ms>
03-31 16:36:02.389 I/netd ( 243): tetherGetStats() -> {[]} <4.12ms>
03-31 16:36:02.393 I/adbd ( 397): jdwp connection from 1820
03-31 16:36:02.395 W/BestClock( 479): java.time.DateTimeException: Missing NTP fix
03-31 16:36:02.407 I/system_server( 479): Background young concurrent copying GC freed 124330(6480KB) AllocSpace objects, 76(1824KB) LOS objects, 35% free, 12MB/18MB, paused 5.879ms total 799.573ms
03-31 16:36:02.418 W/System ( 1324): A resource failed to call close.
03-31 16:36:02.482 D/CompatibilityChangeReporter( 479): Compat change id reported: 168419799; UID 10073; state: DISABLED
03-31 16:36:02.499 W/BestClock( 479): java.time.DateTimeException: Missing NTP fix
03-31 16:36:02.500 W/BestClock( 479): java.time.DateTimeException: Missing NTP fix
03-31 16:36:02.500 I/net_disconnect.( 1418): type=1400 audit(0.0:621): avc: denied { execute } for name="rgb_led_ctl" dev="dm-1" ino=188 scontext=u:r:init:s0 tcontext=u:object_r:vendor_file:s0 tclass=file permissive=1
03-31 16:36:02.519 E/WifiHAL ( 667): wifi_get_link_stats: requestResponse Error:-5
03-31 16:36:02.520 E/WifiVendorHal( 479): getWifiLinkLayerStats_1_5_Internal(l.1191) failed {.code = ERROR_INVALID_ARGS, .description = }
03-31 16:36:02.530 W/IorapForwardingService( 479): No service published for: iorapd
03-31 16:36:02.504 I/net_disconnect.( 1853): type=1400 audit(0.0:622): avc: denied { execute_no_trans } for path="/vendor/bin/rgb_led_ctl" dev="dm-1" ino=188 scontext=u:r:init:s0 tcontext=u:object_r:vendor_file:s0 tclass=file permissive=1
03-31 16:36:02.544 D/DhcpClient( 762): l2key: W72cca011b643f458 lease address: /192.168.3.131 lease expiry: 1774949765738 current time: 1774946162544
03-31 16:36:02.550 D/DhcpClient( 762): Broadcasting DHCPREQUEST ciaddr=0.0.0.0 request=192.168.3.131 serverid=null
03-31 16:36:02.575 D/CompatibilityChangeReporter( 1820): Compat change id reported: 171979766; UID 10073; state: DISABLED
03-31 16:36:02.520 I/pm ( 1857): type=1400 audit(0.0:623): avc: denied { execute_no_trans } for path="/system/bin/cmd" dev="dm-0" ino=940 scontext=u:r:system_server:s0 tcontext=u:object_r:system_file:s0 tclass=file permissive=1
03-31 16:36:02.524 I/rgb_led_ctl( 1853): type=1400 audit(0.0:624): avc: denied { write } for name="spidev1.0" dev="tmpfs" ino=3270 scontext=u:r:init:s0 tcontext=u:object_r:device:s0 tclass=chr_file permissive=1
03-31 16:36:02.524 I/rgb_led_ctl( 1853): type=1400 audit(0.0:625): avc: denied { open } for path="/dev/spidev1.0" dev="tmpfs" ino=3270 scontext=u:r:init:s0 tcontext=u:object_r:device:s0 tclass=chr_file permissive=1
03-31 16:36:02.605 D/ExifInterface( 1095): No image meets the size requirements of a thumbnail image.
03-31 16:36:02.615 D/DhcpClient( 762): Received packet: b4:2f:03:15:e4:ce ACK: your new IP /192.168.3.131, netmask /255.255.254.0, gateways [/192.168.3.1] DNS servers: /202.96.134.133 /202.96.128.166 , lease time 3600
03-31 16:36:02.619 D/DhcpClient( 762): Confirmed lease: android.net.networkstack.DhcpResults@836ff2e DHCP server /192.168.3.1 Vendor info null lease 3600 seconds Servername
03-31 16:36:02.622 I/d.leradlaunche( 1095): Background young concurrent copying GC freed 53402(5399KB) AllocSpace objects, 21(548KB) LOS objects, 41% free, 7602KB/12MB, paused 16.504ms total 659.325ms
03-31 16:36:02.626 W/System ( 1095): A resource failed to call close.
03-31 16:36:02.631 I/d.process.medi( 1444): Background concurrent copying GC freed 15889(751KB) AllocSpace objects, 0(0B) LOS objects, 49% free, 2846KB/5692KB, paused 114us total 435.712ms
03-31 16:36:02.635 E/dangbei111( 1051): cccccc 准备开始进行 startScanInner
03-31 16:36:02.636 E/dangbei111( 1051): cccccc 真正开始进入扫描流程啦
03-31 16:36:02.657 D/ApplicationLoaders( 1820): Returning zygote-cached class loader: /system/framework/android.test.base.jar
03-31 16:36:02.657 E/Netd ( 243): no such netId 100
03-31 16:36:02.658 I/netd ( 243): networkAddRouteParcel(100, RouteInfoParcel{destination: 192.168.2.0/23, ifName: wlan0, nextHop: , mtu: 0}) -> ServiceSpecificException(64, "Machine is not on the network") <0.10ms>
03-31 16:36:02.659 I/netd ( 243): interfaceSetCfg(InterfaceConfigurationParcel{ifName: wlan0, hwAddr: , ipv4Addr: 192.168.3.131, prefixLength: 23, flags: []}) <1.57ms>
03-31 16:36:02.660 D/RockyReceiver( 1324): action: android.net.wifi.STATE_CHANGE
03-31 16:36:02.664 E/ConnectivityService( 479): Exception = android.content.pm.PackageManager$NameNotFoundException: android.net.cts
03-31 16:36:02.664 E/ConnectivityService( 479): Exception in networkAddRouteParcel for non-gateway: android.os.ServiceSpecificException: Machine is not on the network (code 64)
03-31 16:36:02.665 E/Netd ( 243): no such netId 100
03-31 16:36:02.665 I/netd ( 243): networkAddRouteParcel(100, RouteInfoParcel{destination: 0.0.0.0/0, ifName: wlan0, nextHop: 192.168.3.1, mtu: 0}) -> ServiceSpecificException(64, "Machine is not on the network") <0.11ms>
03-31 16:36:02.671 E/ConnectivityService( 479): Exception in networkAddRouteParcel for gateway: android.os.ServiceSpecificException: Machine is not on the network (code 64)
03-31 16:36:02.671 E/dangbei111( 1051): cccccc 检查遥控器是否连接: Dangbei C9:B5:96:5C:E3:ED
03-31 16:36:02.678 E/dangbei111( 1051): cccccc 检查遥控器是否连接: 蓝牙的结果 Dangbei C9:B5:96:5C:E3:ED false
03-31 16:36:02.679 E/dangbei111( 1051): cccccc input中没有遥控器存在
03-31 16:36:02.684 E/dangbei111( 1051): cccccc 蓝牙状态连接 不是连接状态 啥都不干
03-31 16:36:02.686 W/BestClock( 479): java.time.DateTimeException: Missing NTP fix
03-31 16:36:02.688 E/dangbei111( 1051): cccccc 蓝牙状态连接 配对状态 啥都不做
01-01 08:00:32.513 W/audit ( 1869): audit_lost=205 audit_rate_limit=5 audit_backlog_limit=64
01-01 08:00:32.523 E/audit ( 1869): rate limit exceeded
03-31 16:36:02.697 E/dangbei111( 1051): 开始扫描 com.dangbei.remotecontroller.RCHelper$3@1ad1ff
03-31 16:36:02.697 D/BluetoothAdapter( 1051): isLeEnabled(): ON
03-31 16:36:02.703 I/netd ( 243): trafficSwapActiveStatsMap() <16.54ms>
03-31 16:36:02.705 I/bluetooth( 673): system/bt/stack/gatt/gatt_api.cc:1019 GATT_Register: Allocated name:GattClient uuid:33321200-f999-7f48-1e00-40147023302b gatt_if:5 eatt_support:0
03-31 16:36:02.707 D/BluetoothLeScanner( 1051): onScannerRegistered() - status=0 scannerId=5 mScannerId=0
03-31 16:36:02.707 D/RockyReceiver( 1324): action: android.net.wifi.STATE_CHANGE
03-31 16:36:02.708 I/netd ( 243): tetherGetStats() -> {[]} <2.88ms>
03-31 16:36:02.711 E/ConnectivityService( 479): Exception = android.content.pm.PackageManager$NameNotFoundException: android.net.cts
03-31 16:36:02.712 W/BestClock( 479): java.time.DateTimeException: Missing NTP fix
03-31 16:36:02.723 W/BestClock( 479): java.time.DateTimeException: Missing NTP fix
03-31 16:36:02.724 W/BestClock( 479): java.time.DateTimeException: Missing NTP fix
03-31 16:36:02.730 D/DhcpClient( 762): Scheduling renewal in 1799s
03-31 16:36:02.730 D/DhcpClient( 762): Scheduling rebind in 3149s
03-31 16:36:02.730 D/DhcpClient( 762): Scheduling expiry in 3599s
03-31 16:36:02.734 D/ConnectivityService( 479): Setting DNS servers for network 100 to [/202.96.134.133, /202.96.128.166]
03-31 16:36:02.762 W/BestClock( 479): java.time.DateTimeException: Missing NTP fix
03-31 16:36:02.764 W/WifiScoreReport( 479): Cannot start external scoring netId=100 currentNetId=100 currentNetCapabilities=[ Transports: WIFI Capabilities: NOT_METERED&INTERNET&NOT_RESTRICTED&TRUSTED&NOT_VPN&NOT_ROAMING&NOT_CONGESTED&NOT_SUSPENDED&NOT_VCN_MANAGED LinkUpBandwidth>=12000Kbps LinkDnBandwidth>=30000Kbps Specifier: TransportInfo: SignalStrength: -64 OwnerUid: 1000 AdminUids: [1000] SSID: "DB-machines2.4G"] sessionId=1008
03-31 16:36:02.803 I/netd ( 243): trafficSwapActiveStatsMap() <41.31ms>
03-31 16:36:02.809 W/UnsafeUtil( 673): platform method missing - proto runtime falling back to safer methods: java.lang.NoSuchMethodException: sun.misc.Unsafe.copyMemory [class java.lang.Object, long, class java.lang.Object, long, long]
03-31 16:36:02.815 I/netd ( 243): tetherGetStats() -> {[]} <2.74ms>
03-31 16:36:02.824 W/BestClock( 479): java.time.DateTimeException: Missing NTP fix
03-31 16:36:02.835 W/BestClock( 479): java.time.DateTimeException: Missing NTP fix
03-31 16:36:02.837 W/BestClock( 479): java.time.DateTimeException: Missing NTP fix
03-31 16:36:02.839 E/bt_upio ( 250): upio_set : /proc/bluetooth/sleep/btwrite(-1) incorrent
03-31 16:36:02.847 D/QuickLifeImpl( 1051): onReceive intent : Intent { act=android.net.wifi.STATE_CHANGE flg=0x4000010 (has extras) }
03-31 16:36:02.848 D/QuickLifeImpl( 1051): onReceive intent : Intent { act=android.net.wifi.STATE_CHANGE flg=0x4000010 (has extras) }
03-31 16:36:02.871 D/ConnectivityService( 479): [100 WIFI] EVENT_NETWORK_INFO_CHANGED, going from CONNECTING to CONNECTED
03-31 16:36:02.875 D/TcpSocketMonitor( 243): resuming tcpinfo polling (interval=30000ms)
03-31 16:36:02.876 I/netd ( 243): networkCreate(NativeNetworkConfig{netId: 100, networkType: PHYSICAL, permission: 0, secure: false, vpnType: -1}) <0.15ms>
03-31 16:36:02.877 I/netd ( 243): createNetworkCache(100) <0.29ms>
03-31 16:36:02.879 D/DnsManager( 479): sendDnsConfigurationForNetwork(100, [202.96.134.133, 202.96.128.166], [], 1800, 25, 8, 64, 0, 0, , [])
03-31 16:36:02.883 V/GraphicsEnvironment( 1820): ANGLE Developer option for 'com.android.permissioncontroller' set to: 'default'
03-31 16:36:02.884 V/GraphicsEnvironment( 1820): Neither updatable production driver nor prerelease driver is supported.
03-31 16:36:02.894 D/NetworkSecurityConfig( 1820): No Network Security Config specified, using platform default
03-31 16:36:02.895 D/NetworkSecurityConfig( 1820): No Network Security Config specified, using platform default
03-31 16:36:02.896 I/netd ( 243): DnsResolverService::setResolverConfiguration(100, [202.96.134.133, 202.96.128.166], [], 1800, 25, 8, 64, 0, 0, "", []) -> (0) (0.2ms)
03-31 16:36:02.896 I/netd ( 243): setResolverConfiguration(ResolverParamsParcel{netId: 100, sampleValiditySeconds: 1800, successThreshold: 25, minSamples: 8, maxSamples: 64, baseTimeoutMsec: 0, retryCount: 0, servers: [202.96.134.133, 202.96.128.166], domains: [], tlsName: , tlsServers: [], tlsFingerprints: [], caCertificate: , tlsConnectTimeoutMs: 0, resolverOptions: (null), transportTypes: [1]}) <0.38ms>
03-31 16:36:02.901 D/WifiMemoryStoreImpl( 479): Set cluster Ga9e5cc4da00b8abb for W72cca011b643f458: SUCCESS
03-31 16:36:02.914 W/DnsManager( 479): updatePrivateDns(100, PrivateDnsConfig{true:/[]})
03-31 16:36:02.914 D/ConnectivityService( 479): Setting DNS servers for network 100 to [/202.96.134.133, /202.96.128.166]
03-31 16:36:02.923 D/DnsManager( 479): sendDnsConfigurationForNetwork(100, [202.96.134.133, 202.96.128.166], [], 1800, 25, 8, 64, 0, 0, , [202.96.134.133, 202.96.128.166])
03-31 16:36:02.925 W/resolv ( 243): Validating DnsTlsServer 202.96.128.166 with mark 0xf0064
03-31 16:36:02.925 I/netd ( 243): DnsResolverService::setResolverConfiguration(100, [202.96.134.133, 202.96.128.166], [], 1800, 25, 8, 64, 0, 0, "", [202.96.134.133, 202.96.128.166]) -> (0) (0.6ms)
03-31 16:36:02.925 I/netd ( 243): setResolverConfiguration(ResolverParamsParcel{netId: 100, sampleValiditySeconds: 1800, successThreshold: 25, minSamples: 8, maxSamples: 64, baseTimeoutMsec: 0, retryCount: 0, servers: [202.96.134.133, 202.96.128.166], domains: [], tlsName: , tlsServers: [202.96.134.133, 202.96.128.166], tlsFingerprints: [], caCertificate: , tlsConnectTimeoutMs: 0, resolverOptions: (null), transportTypes: [1]}) <0.74ms>
03-31 16:36:02.926 W/resolv ( 243): Socket failed to connect: Network is unreachable
03-31 16:36:02.926 W/resolv ( 243): TCP Handshake failed: 101
03-31 16:36:02.926 W/resolv ( 243): query failed
03-31 16:36:02.926 W/resolv ( 243): validateDnsTlsServer returned 0 for 202.96.128.166
03-31 16:36:02.926 W/resolv ( 243): Validation failed
03-31 16:36:02.927 W/resolv ( 243): Validating DnsTlsServer 202.96.134.133 with mark 0xf0064
03-31 16:36:02.928 W/resolv ( 243): Socket failed to connect: Network is unreachable
03-31 16:36:02.931 W/resolv ( 243): TCP Handshake failed: 101
03-31 16:36:02.931 D/ConnectivityService( 479): Adding iface wlan0 to network 100
03-31 16:36:02.932 W/resolv ( 243): query failed
03-31 16:36:02.932 W/resolv ( 243): validateDnsTlsServer returned 0 for 202.96.134.133
03-31 16:36:02.932 W/resolv ( 243): Validation failed
03-31 16:36:02.938 D/WifiMemoryStoreImpl( 479): Set cluster Ga9e5cc4da00b8abb for Wa9e5cc4da00b8abb: SUCCESS
03-31 16:36:02.940 I/netd ( 243): networkAddInterface(100, wlan0) <8.37ms>
03-31 16:36:02.945 I/netd ( 243): networkAddRouteParcel(100, RouteInfoParcel{destination: fe80::/64, ifName: wlan0, nextHop: , mtu: 0}) <0.42ms>
03-31 16:36:02.948 I/netd ( 243): networkAddRouteParcel(100, RouteInfoParcel{destination: 192.168.2.0/23, ifName: wlan0, nextHop: , mtu: 0}) <0.44ms>
03-31 16:36:02.949 I/netd ( 243): networkAddRouteParcel(100, RouteInfoParcel{destination: 0.0.0.0/0, ifName: wlan0, nextHop: 192.168.3.1, mtu: 0}) <0.37ms>
03-31 16:36:02.950 D/ConnectivityService( 479): Setting DNS servers for network 100 to [/202.96.134.133, /202.96.128.166]
03-31 16:36:02.950 D/DnsManager( 479): sendDnsConfigurationForNetwork(100, [202.96.134.133, 202.96.128.166], [], 1800, 25, 8, 64, 0, 0, , [202.96.134.133, 202.96.128.166])
03-31 16:36:02.952 W/resolv ( 243): Validating DnsTlsServer 202.96.128.166 with mark 0xf0064
03-31 16:36:02.952 W/resolv ( 243): Validating DnsTlsServer 202.96.134.133 with mark 0xf0064
03-31 16:36:02.952 I/netd ( 243): DnsResolverService::setResolverConfiguration(100, [202.96.134.133, 202.96.128.166], [], 1800, 25, 8, 64, 0, 0, "", [202.96.134.133, 202.96.128.166]) -> (0) (0.5ms)
03-31 16:36:02.952 I/netd ( 243): setResolverConfiguration(ResolverParamsParcel{netId: 100, sampleValiditySeconds: 1800, successThreshold: 25, minSamples: 8, maxSamples: 64, baseTimeoutMsec: 0, retryCount: 0, servers: [202.96.134.133, 202.96.128.166], domains: [], tlsName: , tlsServers: [202.96.134.133, 202.96.128.166], tlsFingerprints: [], caCertificate: , tlsConnectTimeoutMs: 0, resolverOptions: (null), transportTypes: [1]}) <0.73ms>
03-31 16:36:02.968 I/CarUiInstaller( 1820): CarUiInstaller started for com.android.permissioncontroller
03-31 16:36:02.972 E/WifiHAL ( 667): wifi_get_link_stats: requestResponse Error:-5
03-31 16:36:02.973 E/WifiVendorHal( 479): getWifiLinkLayerStats_1_5_Internal(l.1191) failed {.code = ERROR_INVALID_ARGS, .description = }
03-31 16:36:02.980 W/BestClock( 479): java.time.DateTimeException: Missing NTP fix
03-31 16:36:03.011 I/netd ( 243): trafficSwapActiveStatsMap() <30.72ms>
03-31 16:36:03.016 I/netd ( 243): tetherGetStats() -> {[]} <2.67ms>
03-31 16:36:03.026 W/BestClock( 479): java.time.DateTimeException: Missing NTP fix
03-31 16:36:03.029 W/BestClock( 479): java.time.DateTimeException: Missing NTP fix
03-31 16:36:03.031 W/BestClock( 479): java.time.DateTimeException: Missing NTP fix
03-31 16:36:03.035 D/WifiClientModeImpl[wlan0]( 479): Received signal strength thresholds: []
03-31 16:36:03.038 E/WifiVendorHal( 479): stopRssiMonitoring(l.2617) failed {.code = ERROR_NOT_AVAILABLE, .description = }
03-31 16:36:03.039 D/ConnectivityService( 479): NetReassign [3 : null → 100, 10 : null → 100, 23 : null → 100, 17 : null → 100, 28 : null → 100, 1 : null → 100, 21 : null → 100, 19 : null → 100]
03-31 16:36:03.048 D/ConnectivityService( 479): Switching to new default network for: uid/pid:1000/479 activeRequest: 1 callbackRequest: 1 [NetworkRequest [ REQUEST id=1, [ Capabilities: INTERNET&NOT_RESTRICTED&TRUSTED&NOT_VPN&NOT_VCN_MANAGED RequestorUid: 1000 RequestorPkg: android] ]] callback flags: 1 priority: 2147483647 using NetworkAgentInfo{network{100} handle{432902426637} ni{WIFI CONNECTED extra: } Score(60 ; KeepConnected : 0 ; Policies : TRANSPORT_PRIMARY&IS_UNMETERED) lp{{InterfaceName: wlan0 LinkAddresses: [ fe80::4922:9ab0:be12:e004/64,192.168.3.131/23 ] DnsAddresses: [ /202.96.134.133,/202.96.128.166 ] Domains: null MTU: 0 ServerAddress: /192.168.3.1 TcpBufferSizes: 524288,1048576,2097152,262144,524288,1048576 Routes: [ fe80::/64 -> :: wlan0 mtu 0,192.168.2.0/23 -> 0.0.0.0 wlan0 mtu 0,0.0.0.0/0 -> 192.168.3.1 wlan0 mtu 0 ]}} nc{[ Transports: WIFI Capabilities: NOT_METERED&INTERNET&NOT_RESTRICTED&TRUSTED&NOT_VPN&NOT_ROAMING&FOREGROUND&NOT_CONGESTED&NOT_SUSPENDED&NOT_VCN_MANAGED LinkUpBandwidth>=12000Kbps LinkDnBandwidth>=30000Kbps Specifier: TransportInfo: SignalStrength: -64 OwnerUid: 1000 AdminUids: [1000] SSID: "DB-machines2.4G"]}}
03-31 16:36:03.049 I/netd ( 243): networkSetDefault(100) <0.40ms>
03-31 16:36:03.056 D/NetworkMonitor/100( 762): Validation disabled.
03-31 16:36:03.057 I/netd ( 243): idletimerAddInterface(wlan0, 15, 1) <5.45ms>
03-31 16:36:03.059 I/netd ( 243): setTcpRWmemorySize(524288 1048576 2097152, 262144 524288 1048576) <0.44ms>
03-31 16:36:03.071 W/BestClock( 479): java.time.DateTimeException: Missing NTP fix
03-31 16:36:03.088 W/Role ( 1820): Cannot get ApplicationInfo for default holder: com.android.messaging
03-31 16:36:03.099 W/UnsafeUtil( 762): platform method missing - proto runtime falling back to safer methods: java.lang.NoSuchMethodException: sun.misc.Unsafe.copyMemory [class java.lang.Object, long, class java.lang.Object, long, long]
03-31 16:36:03.103 I/netd ( 243): trafficSwapActiveStatsMap() <31.46ms>
03-31 16:36:03.108 I/netd ( 243): tetherGetStats() -> {[]} <3.28ms>
03-31 16:36:03.114 W/BestClock( 479): java.time.DateTimeException: Missing NTP fix
03-31 16:36:03.119 W/BestClock( 479): java.time.DateTimeException: Missing NTP fix
03-31 16:36:03.121 W/BestClock( 479): java.time.DateTimeException: Missing NTP fix
03-31 16:36:03.132 D/NetworkTimeUpdateService( 479): New default network 100; checking time.
03-31 16:36:03.155 I/HibernationPolicy( 1820): scheduleHibernationJob with frequency 1296000000ms and threshold 7776000000ms
03-31 16:36:03.160 W/BestClock( 479): java.time.DateTimeException: Missing NTP fix
03-31 16:36:03.167 I/HibernationPolicy( 1820): user 0 is a profileowner. Running hibernation job.
03-31 16:36:03.169 D/UpstreamNetworkMonitor( 762): New default Internet network: 100
03-31 16:36:03.173 I/HibernationPolicy( 1820): Job already scheduled.
03-31 16:36:03.176 D/CompatibilityChangeReporter( 479): Compat change id reported: 135634846; UID 10022; state: DISABLED
03-31 16:36:03.176 D/CompatibilityChangeReporter( 479): Compat change id reported: 177438394; UID 10022; state: DISABLED
03-31 16:36:03.176 D/CompatibilityChangeReporter( 479): Compat change id reported: 135772972; UID 10022; state: DISABLED
03-31 16:36:03.176 D/CompatibilityChangeReporter( 479): Compat change id reported: 135754954; UID 10022; state: ENABLED
03-31 16:36:03.177 D/CompatibilityChangeReporter( 479): Compat change id reported: 143937733; UID 10022; state: ENABLED
03-31 16:36:03.184 D/ConnectivityService( 479): Sending CONNECTED broadcast for type 1 [100 WIFI] isDefaultNetwork=true
03-31 16:36:03.185 W/ContextImpl( 479): Calling a method in the system process without a qualified user: android.app.ContextImpl.sendStickyBroadcast:1559 com.android.server.ConnectivityService.sendStickyBroadcast:2884 com.android.server.ConnectivityService.sendGeneralBroadcast:2859 com.android.server.ConnectivityService.sendConnectedBroadcast:2832 com.android.server.ConnectivityService.sendLegacyNetworkBroadcast:8784
01-01 08:00:33.049 W/hdr10p_Configure( 378): 167 callbacks suppressed
03-31 16:36:03.192 D/RockyReceiver( 1324): action: android.net.conn.CONNECTIVITY_CHANGE
03-31 16:36:03.196 D/aaa ( 1107): action:android.net.conn.CONNECTIVITY_CHANGE
03-31 16:36:03.196 D/QuickLifeImpl( 1051): onReceive intent : Intent { act=android.net.conn.CONNECTIVITY_CHANGE flg=0x4200010 (has extras) }
03-31 16:36:03.198 D/QuickLifeImpl( 1051): networkInfo = [type: WIFI[], state: CONNECTED/CONNECTED, reason: (unspecified), extra: , failover: false, available: true, roaming: false]
03-31 16:36:03.198 D/QuickLifeImpl( 1051): network connected
03-31 16:36:03.202 W/BestClock( 479): java.time.DateTimeException: Missing NTP fix
03-31 16:36:03.203 W/BestClock( 479): java.time.DateTimeException: Missing NTP fix
03-31 16:36:03.204 E/ConnectivityService( 479): Exception = android.content.pm.PackageManager$NameNotFoundException: android.net.cts
03-31 16:36:03.211 I/Receiver( 1324): 网络连接成功
01-01 08:00:33.049 I/ ( 378): DVI mode selected: packets not configured
01-01 08:00:33.062 W/set_vsif_config( 378): 167 callbacks suppressed
01-01 08:00:33.062 I/ ( 378): Error: set vsif failed
03-31 16:36:03.214 D/Zygote ( 244): Forked child process 1943
03-31 16:36:03.217 I/ActivityManager( 479): app.processName = com.android.providers.calendar
03-31 16:36:03.217 I/ActivityManager( 479): Start proc 1943:com.android.providers.calendar/u0a22 for broadcast {com.android.providers.calendar/com.android.providers.calendar.CalendarReceiver}
03-31 16:36:03.234 D/QuickLifeImpl( 1051): updateConditionValue key = DANGBEI_NETWORK_CONNECT; value = 1
03-31 16:36:03.236 D/QuickLifeImpl( 1051): updateConditionValue key = DANGBEI_NETWORK_DISCONNECT; value = 0
03-31 16:36:03.236 I/Zygote ( 1943): seccomp disabled by setenforce 0
01-01 08:00:33.100 I/ ( 378): DVI mode selected: packets not configured
01-01 08:00:33.107 I/ ( 378): Error: set vsif failed
03-31 16:36:03.281 W/ContextImpl( 479): Calling a method in the system process without a qualified user: android.app.ContextImpl.sendStickyBroadcast:1559 com.android.server.ConnectivityService.sendStickyBroadcast:2884 com.android.server.ConnectivityService.sendGeneralBroadcast:2859 com.android.server.ConnectivityService.sendConnectedBroadcast:2832 com.android.server.ConnectivityService.sendLegacyNetworkBroadcast:8784
03-31 16:36:03.290 E/SELinux ( 182): avc: denied { find } for pid=1953 uid=0 name=activity scontext=u:r:preinstall:s0 tcontext=u:object_r:activity_service:s0 tclass=service_manager permissive=1
03-31 16:36:03.294 I/adbd ( 397): jdwp connection from 1943
03-31 16:36:03.298 E/hq ( 1095): NetWorkStateReceiver:::NetWorkStateReceiver onReceive: 网络变化广播 >>>> intent.action=android.net.conn.CONNECTIVITY_CHANGE
03-31 16:36:03.301 D/RockyReceiver( 1324): action: android.net.conn.CONNECTIVITY_CHANGE
01-01 08:00:33.133 I/ ( 378): DVI mode selected: packets not configured
01-01 08:00:33.140 I/ ( 378): Error: set vsif failed
03-31 16:36:03.308 E/ConnectivityService( 479): Exception = android.content.pm.PackageManager$NameNotFoundException: android.net.cts
03-31 16:36:03.312 D/ConnectivityService( 479): [100 WIFI] validation passed
03-31 16:36:03.314 D/aaa ( 1107): LedStatusService onStartCommand begin
01-01 08:00:33.163 I/ ( 378): DVI mode selected: packets not configured
01-01 08:00:33.169 I/ ( 378): Error: set vsif failed
03-31 16:36:03.316 E/AppListVm( 1095): requestMineApp from=secondScreenlayout auto
03-31 16:36:03.327 D/ConnectivityService( 479): Setting DNS servers for network 100 to [/202.96.134.133, /202.96.128.166]
03-31 16:36:03.327 D/DnsManager( 479): sendDnsConfigurationForNetwork(100, [202.96.134.133, 202.96.128.166], [], 1800, 25, 8, 64, 0, 0, , [202.96.134.133, 202.96.128.166])
03-31 16:36:03.328 I/netd ( 243): DnsResolverService::setResolverConfiguration(100, [202.96.134.133, 202.96.128.166], [], 1800, 25, 8, 64, 0, 0, "", [202.96.134.133, 202.96.128.166]) -> (0) (0.2ms)
03-31 16:36:03.329 I/netd ( 243): setResolverConfiguration(ResolverParamsParcel{netId: 100, sampleValiditySeconds: 1800, successThreshold: 25, minSamples: 8, maxSamples: 64, baseTimeoutMsec: 0, retryCount: 0, servers: [202.96.134.133, 202.96.128.166], domains: [], tlsName: , tlsServers: [202.96.134.133, 202.96.128.166], tlsFingerprints: [], caCertificate: , tlsConnectTimeoutMs: 0, resolverOptions: (null), transportTypes: [1]}) <0.52ms>
03-31 16:36:03.335 W/ContextImpl( 479): Calling a method in the system process without a qualified user: android.app.ContextImpl.sendStickyBroadcast:1559 com.android.server.ConnectivityService.sendStickyBroadcast:2884 com.android.server.ConnectivityService.sendGeneralBroadcast:2859 com.android.server.ConnectivityService.sendInetConditionBroadcast:2836 com.android.server.ConnectivityService.updateInetCondition:8529
03-31 16:36:03.337 W/LastMileLogger( 479): Failed to stop event tracing: /sys/kernel/debug/tracing/instances/wifi/tracing_on: open failed: ENOENT (No such file or directory)
03-31 16:36:03.339 D/AppManager( 1095): checkLocalAppsIsValid:
03-31 16:36:03.343 W/BestClock( 479): java.time.DateTimeException: Missing NTP fix
03-31 16:36:03.344 D/aaa ( 1107): topPkg is -------------- :com.dangbei.leard.leradlauncher
03-31 16:36:03.346 D/LanSocketServer( 1051): connect
03-31 16:36:03.346 D/aaa ( 1107): action:android.net.conn.CONNECTIVITY_CHANGE
03-31 16:36:03.349 W/BestClock( 479): java.time.DateTimeException: Missing NTP fix
03-31 16:36:03.356 D/aaa ( 1107): WiFi is connect
03-31 16:36:03.366 I/Receiver( 1324): 网络连接成功
03-31 16:36:03.366 E/hq ( 1095): NetWorkStateReceiver:::Network is available. isConnect=false 是否频次过快=false t=1774946163366
03-31 16:36:03.367 W/eventbuscore( 1095): post Event:com.dangbei.leard.base.entity.event.NetStateEvent
03-31 16:36:03.369 D/AppManager( 1095): requestBlackAndWhiteList
03-31 16:36:03.369 D/AppListModel( 1095): requestAppFilterList: true , false
03-31 16:36:03.379 D/WifiMemoryStoreImpl( 479): Set cluster Ga9e5cc4da00b8abb for W72cca011b643f458: SUCCESS
03-31 16:36:03.392 D/TheRouter::RouterInject( 1095): interception::===interface com.dangbei.leard.protocol.weather.CalendarManagerInterface===CalendarManager40752670
03-31 16:36:03.413 W/eventbuscore( 1095): post Event:com.dangbei.leard.base.entity.event.NetChangeEvent
03-31 16:36:03.421 D/yc_test ( 1095): refreshWeather: null
03-31 16:36:03.426 D/CompatibilityChangeReporter( 479): Compat change id reported: 168419799; UID 10022; state: DISABLED
03-31 16:36:03.433 E/DangXiaoBeiManager( 1095): setMessageList: true
03-31 16:36:03.457 E/hq ( 1095): 当小贝:::message list add complete data.messageList:[]
03-31 16:36:03.457 E/hq ( 1095): data.tabList=[]
03-31 16:36:03.465 I/hq ( 1095): 当小贝:::showMessage from=net_change
03-31 16:36:03.468 D/CompatibilityChangeReporter( 1943): Compat change id reported: 171979766; UID 10022; state: ENABLED
03-31 16:36:03.477 I/dangbei ad sdk( 1095): AdSplashView::show offline ad
03-31 16:36:03.499 I/hq ( 1095): 当小贝:::showMessage 没有消息需要显示
03-31 16:36:03.508 I/WifiClientModeImpl( 479): Default Gateway MAC address of 58:c7:ac:7a:4a:12 from routes is : 70:3a:a6:36:a8:d7
03-31 16:36:03.525 W/InputMethodManagerService( 479): Illegal subtype state: old subtype = null, new subtype = android.view.inputmethod.InputMethodSubtype@129f21f8
03-31 16:36:03.526 D/AW_CODE ( 479): rotation =0
03-31 16:36:03.504 I/cmd ( 1988): type=1400 audit(0.0:673): avc: denied { call } for scontext=u:r:preinstall:s0 tcontext=u:r:servicemanager:s0 tclass=binder permissive=1
03-31 16:36:03.524 I/preinstall.sh( 2001): type=1400 audit(0.0:674): avc: denied { getattr } for path="/system/bin/toolbox" dev="dm-0" ino=1266 scontext=u:r:preinstall:s0 tcontext=u:object_r:toolbox_exec:s0 tclass=file permissive=1
03-31 16:36:03.524 I/preinstall.sh( 2001): type=1400 audit(0.0:675): avc: denied { execute } for name="toolbox" dev="dm-0" ino=1266 scontext=u:r:preinstall:s0 tcontext=u:object_r:toolbox_exec:s0 tclass=file permissive=1
03-31 16:36:03.524 I/preinstall.sh( 2001): type=1400 audit(0.0:676): avc: denied { read open } for path="/system/bin/toolbox" dev="dm-0" ino=1266 scontext=u:r:preinstall:s0 tcontext=u:object_r:toolbox_exec:s0 tclass=file permissive=1
03-31 16:36:03.533 W/IorapForwardingService( 479): No service published for: iorapd
03-31 16:36:03.528 I/preinstall.sh( 2001): type=1400 audit(0.0:677): avc: denied { execute_no_trans } for path="/system/bin/toolbox" dev="dm-0" ino=1266 scontext=u:r:preinstall:s0 tcontext=u:object_r:toolbox_exec:s0 tclass=file permissive=1
03-31 16:36:03.543 W/System.err( 1051): SLF4J: Failed to load class "org.slf4j.impl.StaticLoggerBinder".
03-31 16:36:03.544 W/System.err( 1051): SLF4J: Defaulting to no-operation (NOP) logger implementation
03-31 16:36:03.544 W/System.err( 1051): SLF4J: See http://www.slf4j.org/codes.html#StaticLoggerBinder for further details.
03-31 16:36:03.547 D/LanSocketServer( 1051): connect /192.168.3.131:6689
03-31 16:36:03.547 D/AW_CODE ( 479): rotation =0
03-31 16:36:03.555 D/WifiConfigStore( 479): Writing to stores completed in 18 ms.
03-31 16:36:03.560 D/LanSocketServer( 1051): connect start
03-31 16:36:03.560 E/LanCommander( 1051): onNetWorkChanged: true
03-31 16:36:03.560 V/GraphicsEnvironment( 1943): ANGLE Developer option for 'com.android.providers.calendar' set to: 'default'
03-31 16:36:03.561 D/QuickLifeImpl( 1051): onReceive intent : Intent { act=android.net.conn.CONNECTIVITY_CHANGE flg=0x4200010 (has extras) }
03-31 16:36:03.561 V/GraphicsEnvironment( 1943): Neither updatable production driver nor prerelease driver is supported.
03-31 16:36:03.561 D/QuickLifeImpl( 1051): networkInfo = [type: WIFI[], state: CONNECTED/CONNECTED, reason: (unspecified), extra: , failover: false, available: true, roaming: false]
03-31 16:36:03.561 D/QuickLifeImpl( 1051): network connected
03-31 16:36:03.563 D/NetworkSecurityConfig( 1943): No Network Security Config specified, using platform default
03-31 16:36:03.564 D/NetworkSecurityConfig( 1943): No Network Security Config specified, using platform default
03-31 16:36:03.565 D/AW_CODE ( 479): rotation =0
03-31 16:36:03.572 D/QuickLifeImpl( 1051): updateConditionValue key = DANGBEI_NETWORK_CONNECT; value = 1
03-31 16:36:03.576 D/QuickLifeImpl( 1051): updateConditionValue key = DANGBEI_NETWORK_DISCONNECT; value = 0
03-31 16:36:03.577 E/LanCommander( 1051): onServerCreatedSuccess 192.168.3.131:6689
03-31 16:36:03.595 E/RCInfo ( 1051): RCBrand:NA
03-31 16:36:03.596 D/RockyManager( 1324): switchWakeIsAllow isQuitBootGuide: true isBtMode: false
03-31 16:36:03.596 D/RockyManager( 1324): switchWakeIsAllow isAllowFarWake: true
03-31 16:36:03.599 E/RCInfo ( 1051): RCBrand:NA
03-31 16:36:03.637 D/dangbei ad sdk( 1095): HttpUtils.....::response=http://esw.tymcdn.com/dbGold/os/v2/sdkSwitch.do
03-31 16:36:03.656 E/hq ( 1095): NetWorkStateReceiver:::NetWorkStateReceiver onReceive: 网络变化广播 >>>> intent.action=android.net.conn.CONNECTIVITY_CHANGE
03-31 16:36:03.658 E/hq ( 1095): NetWorkStateReceiver:::Network is available. isConnect=true 是否频次过快=true t=1774946163658
03-31 16:36:03.658 W/eventbuscore( 1095): post Event:com.dangbei.leard.base.entity.event.NetChangeEvent
03-31 16:36:03.677 I/CalendarProvider2( 1943): Created com.android.providers.calendar.CalendarAlarmManager@a5e345f(com.android.providers.calendar.CalendarProvider2@e8b6eac)
03-31 16:36:03.689 D/getEthernetMacAddr( 1051): getEthernetMacAddr use eth0
01-01 08:00:33.521 W/audit ( 1370): audit_lost=254 audit_rate_limit=5 audit_backlog_limit=64
01-01 08:00:33.530 E/audit ( 1370): rate limit exceeded
03-31 16:36:03.697 D/CompatibilityChangeReporter( 1943): Compat change id reported: 160794467; UID 10022; state: ENABLED
03-31 16:36:03.710 I/System.out( 1095): true
03-31 16:36:03.710 D/getEthernetMacAddr( 1051): getEthernetMacAddr use eth0
01-01 08:00:33.561 I/ ( 378): DVI mode selected: packets not configured
01-01 08:00:33.568 I/ ( 378): Error: set vsif failed
03-31 16:36:03.742 D/aaa ( 1107): WiFi is connect
03-31 16:36:03.749 D/aaa ( 1107): WiFi is connect
03-31 16:36:03.763 D/getEthernetMacAddr( 1051): getEthernetMacAddr use eth0
03-31 16:36:03.764 D/CompatibilityChangeReporter( 479): Compat change id reported: 171306433; UID 10022; state: ENABLED
03-31 16:36:03.768 D/CompatibilityChangeReporter( 479): Compat change id reported: 143231523; UID 10022; state: DISABLED
03-31 16:36:03.774 E/hq ( 1095): listenerNet:::重新来网了 key=image_error isConnect=true
03-31 16:36:03.774 E/hq ( 1095): listenerNet:::重新来网了 key=requestAppWhiteList isConnect=true
03-31 16:36:03.777 E/hq ( 1095): listenerNet:::重新来网了 key=ConfigureInterface:Init isConnect=true
03-31 16:36:03.788 D/aaa ( 1107): LedStatusService onStartCommand begin
03-31 16:36:03.790 D/getEthernetMacAddr( 1051): getEthernetMacAddr use eth0
03-31 16:36:03.790 E/hq ( 1095): listenerNet:::重新来网了 key=requestGetMessageRemind isConnect=true
03-31 16:36:03.796 D/aaa ( 1107): topPkg is -------------- :com.dangbei.leard.leradlauncher
03-31 16:36:03.799 D/aaa ( 1107): WiFi is connect
03-31 16:36:03.806 D/yc_test ( 1095): refreshWeather: null
03-31 16:36:03.813 E/hq ( 1095): listenerNet:::重新来网了 key=requestMessageConfig isConnect=true
03-31 16:36:03.816 E/hq ( 1095): listenerNet:::重新来网了 key=requestMessageDialog isConnect=true
03-31 16:36:03.818 E/hq ( 1095): CrashHandler:::图片加载异常 message=Failed to load resource
03-31 16:36:03.818 E/hq ( 1095): model=
03-31 16:36:03.818 E/hq ( 1095): target=Target for: com.dangbei.palaemon.layout.DBImageView{b1447e2 V.ED..... ........ 0,0-410,580}
03-31 16:36:03.844 D/CompatibilityChangeReporter( 479): Compat change id reported: 135634846; UID 10025; state: DISABLED
03-31 16:36:03.844 D/CompatibilityChangeReporter( 479): Compat change id reported: 177438394; UID 10025; state: DISABLED
03-31 16:36:03.844 D/CompatibilityChangeReporter( 479): Compat change id reported: 135772972; UID 10025; state: DISABLED
03-31 16:36:03.845 D/CompatibilityChangeReporter( 479): Compat change id reported: 135754954; UID 10025; state: ENABLED
03-31 16:36:03.847 D/CompatibilityChangeReporter( 479): Compat change id reported: 143937733; UID 10025; state: ENABLED
03-31 16:36:03.853 D/aaa ( 1107): WiFi is connect
03-31 16:36:03.856 D/aaa ( 1107): WiFi is connect
03-31 16:36:03.867 D/Zygote ( 244): Forked child process 2040
03-31 16:36:03.871 I/ActivityManager( 479): app.processName = com.android.providers.tv
03-31 16:36:03.871 I/ActivityManager( 479): Start proc 2040:com.android.providers.tv/u0a25 for broadcast {com.android.providers.tv/com.android.providers.tv.BootCompletedReceiver}
03-31 16:36:03.873 I/okhttp.OkHttpClient( 1051): --> POST http://tymsgapi.qun7.com/v1/core/logip (620-byte body)
03-31 16:36:03.881 I/Zygote ( 2040): seccomp disabled by setenforce 0
03-31 16:36:03.903 I/Receiver( 1324): ----------netConnectInitSDK--------------
03-31 16:36:03.904 D/RockyNetMessageUtil( 1324): initTipsList tipEntity = TipEntity{movieType=[我想看喜剧片, 动作片, 枪战片], movie=[庆余年, 误杀, 美丽人生, 爆笑虫子, 哪吒, 小猪佩奇, 胡歌的电视剧, 张艺谋导演的电影, 切换到1080P, 收藏], appController=[打开当贝市场, 下载哈趣影视, 爱奇艺, 卸载腾讯视频], weather=[今天的天气, 未来五天的天气, 杭州天气怎么样, 明天下不下雨], music=[我要听歌, 周杰伦的歌, 上一首, 下一首, 快进一分钟, 暂停], liveAppDownload='非常抱歉,根据监管部门政策管理要求,暂不提供相应服务。', subscreen=null, wakeUpVoiceResponse=[ProbabilityEntity{word='在呢', probability=30}, ProbabilityEntity{word='我在', probability=35}, ProbabilityEntity{word='你说', probability=15}, ProbabilityEntity{word='来啦', probability=20}], unrecognizedVoiceResponse=[ProbabilityEntity{word='可以再说一遍么', probability=45}, ProbabilityEntity{word='可以说的详细一点么', probability=30}, ProbabilityEntity{word='请问有什么可以帮您', probability=25}], notUnderstandVoiceResponse=[ProbabilityEntity{word='换个说法试试吧', probability=100}]} isRequestTipSuccess = false
03-31 16:36:03.910 D/XHttpObservable( 1324): handleRequest: start https://tyapi.qun7.com/v1/voice/getsoundshowmsg ,,, isCache = false
03-31 16:36:03.912 D/RockyNetMessageUtil( 1324): initMediaControlPage pageEntity = PageEntity{list=[ContentEntity{packageName='com.dangbei.leard.leradlauncher', activityName='FilmDetailActivity'}, ContentEntity{packageName='com.dangbei.leard.leradlauncher', activityName='FullScreenDetailActivity'}, ContentEntity{packageName='com.dangbei.leard.leradlauncher', activityName='TencentSportActivity'}, ContentEntity{packageName='com.dangbei.leradVideoPlugins', activityName='FilmDetailActivity'}, ContentEntity{packageName='com.dangbei.leradVideoPlugins', activityName='FullScreenDetailActivity'}, ContentEntity{packageName='com.dangbei.leradVideoPlugins', activityName='TencentSportActivity'}, ContentEntity{packageName='com.dangbei.leradVideoPlugins', activityName='ShortPlayActivity'}, ContentEntity{packageName='com.dangbei.hqmedia', activityName='FilmDetailActivity'}, ContentEntity{packageName='com.dangbei.hqmedia', activityName='FullScreenDetailActivity'}, ContentEntity{packageName='com.dangbei.leradVideoPlugins', activityName='MangoMediaActivity'}, ContentEntity{packageName='com.dangbei.leradVideoPlugins', activityName='VcinemaActivity'}]} isRequestPageControlSuccess = false
03-31 16:36:03.919 I/adbd ( 397): jdwp connection from 2040
01-01 08:00:33.750 I/ ( 378): DVI mode selected: packets not configured
01-01 08:00:33.757 I/ ( 378): Error: set vsif failed
03-31 16:36:03.931 D/XHttpObservable( 1324): handleRequest: start https://tyapi.qun7.com/v1/voice/getResponseControlPage ,,, isCache = false
03-31 16:36:03.970 E/HigherBroadcastServer( 1051): {"bluetoothBoot":false,"bluetoothController":false,"bluetoothMac":"B4:2F:03:15:6F:44","deviceModel":"DBBOX-A2","deviceModelNumber":"H5232","deviceName":"客厅的当贝盒子","findController":1,"hostName":"192.168.3.131","inetAddress":"192.168.3.131","mac":"4A:13:E4:F9:79:75","port":6689,"romCode":5021,"romVersion":"5.0.2.1","wifiMac":"B4:2F:03:15:E4:CE","deviceId":"2813ae00d73b0845cc8abd16e8efd374","sn":"5c00104d56404831b53"}
03-31 16:36:03.971 W/NsdServiceInfo( 1051): Key lengths > 9 are discouraged: deviceModel
03-31 16:36:03.971 W/NsdServiceInfo( 1051): Key lengths > 9 are discouraged: deviceModelNumber
03-31 16:36:03.971 W/NsdServiceInfo( 1051): Key lengths > 9 are discouraged: deviceName
03-31 16:36:03.971 W/NsdServiceInfo( 1051): Key lengths > 9 are discouraged: romVersion
03-31 16:36:03.971 W/NsdServiceInfo( 1051): Key lengths > 9 are discouraged: findController
03-31 16:36:03.982 D/CompatibilityChangeReporter( 479): Compat change id reported: 168419799; UID 10025; state: DISABLED
03-31 16:36:03.997 D/CompatibilityChangeReporter( 2040): Compat change id reported: 171979766; UID 10025; state: ENABLED
03-31 16:36:04.022 I/lerad.etna.haq( 1051): Background young concurrent copying GC freed 17830(2560KB) AllocSpace objects, 11(220KB) LOS objects, 37% free, 3887KB/6248KB, paused 765us total 187.437ms
03-31 16:36:04.025 W/System ( 1051): A resource failed to call close.
03-31 16:36:04.025 W/System ( 1051): A resource failed to call close.
03-31 16:36:04.025 W/System ( 1051): A resource failed to call close.
03-31 16:36:04.025 W/System ( 1051): A resource failed to call close.
03-31 16:36:04.025 W/System ( 1051): A resource failed to call close.
03-31 16:36:04.025 W/System ( 1051): A resource failed to call close.
03-31 16:36:04.025 W/System ( 1051): A resource failed to call close.
03-31 16:36:04.025 W/System ( 1051): A resource failed to call close.
03-31 16:36:04.068 D/NsdService( 479): Register service
03-31 16:36:04.068 D/NsdService( 479): registerService: 2 name: 192.168.3.131, type: _db_controller._tcp, host: /192.168.3.131, port: 6689, txtRecord: deviceModel=DBBOX-A2romVersion=5.0.2.1findController=1sn=5c00104d56404831b53mac=4A:13:E4:F9:79:75 deviceName=客厅的当贝盒子)deviceId=2813ae00d73b0845cc8abd16e8efd374deviceModelNumber=H5232 romCode=5021
03-31 16:36:04.069 D/NsdService( 479): mdnssd [register, 2, 192.168.3.131, _db_controller._tcp, 6689, FGRldmljZU1vZGVsPURCQk9YLUEyEnJvbVZlcnNpb249NS4wLjIuMRBmaW5kQ29udHJvbGxlcj0xFnNuPTVjMDAxMDRkNTY0MDQ4MzFiNTMVbWFjPTRBOjEzOkU0OkY5Ojc5Ojc1IGRldmljZU5hbWU95a6i5Y6F55qE5b2T6LSd55uS5a2QKWRldmljZUlkPTI4MTNhZTAwZDczYjA4NDVjYzhhYmQxNmU4ZWZkMzc0F2RldmljZU1vZGVsTnVtYmVyPUg1MjMyDHJvbUNvZGU9NTAyMQ==]
03-31 16:36:04.069 D/MDnsDS ( 243): serviceRegister(2, (null), 192.168.3.131, _db_controller._tcp, (null), (null), 6689, 214, )
03-31 16:36:04.072 D/MDnsDS ( 243): startMonitoring 2
03-31 16:36:04.072 D/MDnsDS ( 243): triggering rescan
03-31 16:36:04.072 D/MDnsDS ( 243): serviceRegister successful
03-31 16:36:04.072 D/MDnsDS ( 243): Monitor poll got data pollCount = 1, 1
03-31 16:36:04.072 D/MDnsDS ( 243): controlSocket shows revent= 1
03-31 16:36:04.072 D/MDnsDS ( 243): MDnsSdListener::Monitor got 1
03-31 16:36:04.072 D/MDnsDS ( 243): MDnsSdListener::Monitor poll rescanning - size=10, live=1
03-31 16:36:04.072 D/MDnsDS ( 243): Going to poll with pollCount 2
03-31 16:36:04.073 D/NsdService( 479): Register 2 2
03-31 16:36:04.091 D/dangbei ad sdk( 1095): HttpUtils.....::response={"msg":"success","code":200,"nexttime":"1777652440000","status":0}
03-31 16:36:04.099 V/GraphicsEnvironment( 2040): ANGLE Developer option for 'com.android.providers.tv' set to: 'default'
03-31 16:36:04.100 V/GraphicsEnvironment( 2040): Neither updatable production driver nor prerelease driver is supported.
03-31 16:36:04.101 W/d.leradlaunche( 1095): Long monitor contention with owner OkHttp https://ottdbui-tyapiqun7.yysh.mgtv.com/... (1465) at android.security.net.config.NetworkSecurityTrustManager android.security.net.config.NetworkSecurityConfig.getTrustManager()(NetworkSecurityConfig.java:116) waiters=2 in android.security.net.config.NetworkSecurityTrustManager android.security.net.config.NetworkSecurityConfig.getTrustManager() for 119ms
03-31 16:36:04.103 D/NetworkSecurityConfig( 2040): No Network Security Config specified, using platform default
03-31 16:36:04.104 D/NetworkSecurityConfig( 2040): No Network Security Config specified, using platform default
03-31 16:36:04.105 D/LanSocketServer( 1051): connect
03-31 16:36:04.114 I/okhttp.OkHttpClient( 1051): <-- 200 OK http://tymsgapi.qun7.com/v1/core/logip (240ms, 81-byte body)
03-31 16:36:04.121 D/CompatibilityChangeReporter( 2040): Compat change id reported: 160794467; UID 10025; state: ENABLED
03-31 16:36:04.122 I/HttpUtil( 1051): success
03-31 16:36:04.157 D/LanSocketServer( 1051): connect /192.168.3.131:6689
03-31 16:36:04.157 D/LanSocketServer( 1051): connect start
03-31 16:36:04.157 E/LanCommander( 1051): onNetWorkChanged: true
03-31 16:36:04.168 E/LanCommander( 1051): onServerCreatedSuccess 192.168.3.131:6689
03-31 16:36:04.169 E/dangbei111( 1051): 读出来的遥控器版本不是空 CSH260331
03-31 16:36:04.169 E/dangbei111( 1051): cccccc requestRemoteInfoInner factory NA version CSH260331
03-31 16:36:04.169 E/RCInfo ( 1051): RCBrand:NA
03-31 16:36:04.211 I/okhttp.OkHttpClient( 1051): --> POST http://tymsgapi.qun7.com/v1/core/rom (551-byte body)
03-31 16:36:04.223 I/okhttp.OkHttpClient( 1051): --> POST http://tymsgapi.qun7.com/v1/core/logip (620-byte body)
03-31 16:36:04.233 D/NsdService( 479): unregister service
03-31 16:36:04.233 D/NsdService( 479): mdnssd [stop-register, 2]
03-31 16:36:04.233 D/MDnsDS ( 243): Stopping register with ref 0xf1c279b0
03-31 16:36:04.233 D/MDnsDS ( 243): freeServiceRef 2
03-31 16:36:04.233 D/MDnsDS ( 243): triggering rescan
03-31 16:36:04.234 D/MDnsDS ( 243): Monitor poll got data pollCount = 2, 2
03-31 16:36:04.234 D/MDnsDS ( 243): Monitor found [1].revents = 32 - calling ProcessResults
03-31 16:36:04.234 W/netd ( 243): dnssd_clientstub DNSServiceProcessResult called with NULL DNSServiceRef
03-31 16:36:04.234 D/MDnsDS ( 243): controlSocket shows revent= 1
03-31 16:36:04.234 D/MDnsDS ( 243): MDnsSdListener::Monitor got 1
03-31 16:36:04.234 D/MDnsDS ( 243): MDnsSdListener::Monitor poll rescanning - size=10, live=0
03-31 16:36:04.234 D/MDnsDS ( 243): Going to poll with pollCount 1
03-31 16:36:04.237 E/HigherBroadcastServer( 1051): {"bluetoothBoot":false,"bluetoothController":false,"bluetoothMac":"B4:2F:03:15:6F:44","deviceModel":"DBBOX-A2","deviceModelNumber":"H5232","deviceName":"客厅的当贝盒子","findController":1,"hostName":"192.168.3.131","inetAddress":"192.168.3.131","mac":"4A:13:E4:F9:79:75","port":6689,"romCode":5021,"romVersion":"5.0.2.1","wifiMac":"B4:2F:03:15:E4:CE","deviceId":"2813ae00d73b0845cc8abd16e8efd374","sn":"5c00104d56404831b53"}
03-31 16:36:04.237 W/NsdServiceInfo( 1051): Key lengths > 9 are discouraged: deviceModel
03-31 16:36:04.237 W/NsdServiceInfo( 1051): Key lengths > 9 are discouraged: deviceModelNumber
03-31 16:36:04.237 W/NsdServiceInfo( 1051): Key lengths > 9 are discouraged: deviceName
03-31 16:36:04.237 W/NsdServiceInfo( 1051): Key lengths > 9 are discouraged: romVersion
03-31 16:36:04.237 W/NsdServiceInfo( 1051): Key lengths > 9 are discouraged: findController
03-31 16:36:04.268 I/okhttp.OkHttpClient( 1051): <-- 200 OK http://tymsgapi.qun7.com/v1/core/logip (44ms, 81-byte body)
03-31 16:36:04.297 I/HttpUtil( 1051): success
03-31 16:36:04.304 D/NsdService( 479): Register service
03-31 16:36:04.304 D/NsdService( 479): registerService: 3 name: 192.168.3.131, type: _db_controller._tcp, host: /192.168.3.131, port: 6689, txtRecord: deviceModel=DBBOX-A2romVersion=5.0.2.1findController=1sn=5c00104d56404831b53mac=4A:13:E4:F9:79:75 deviceName=客厅的当贝盒子)deviceId=2813ae00d73b0845cc8abd16e8efd374deviceModelNumber=H5232 romCode=5021
03-31 16:36:04.304 D/NsdService( 479): mdnssd [register, 3, 192.168.3.131, _db_controller._tcp, 6689, FGRldmljZU1vZGVsPURCQk9YLUEyEnJvbVZlcnNpb249NS4wLjIuMRBmaW5kQ29udHJvbGxlcj0xFnNuPTVjMDAxMDRkNTY0MDQ4MzFiNTMVbWFjPTRBOjEzOkU0OkY5Ojc5Ojc1IGRldmljZU5hbWU95a6i5Y6F55qE5b2T6LSd55uS5a2QKWRldmljZUlkPTI4MTNhZTAwZDczYjA4NDVjYzhhYmQxNmU4ZWZkMzc0F2RldmljZU1vZGVsTnVtYmVyPUg1MjMyDHJvbUNvZGU9NTAyMQ==]
03-31 16:36:04.308 D/MDnsDS ( 243): serviceRegister(3, (null), 192.168.3.131, _db_controller._tcp, (null), (null), 6689, 214, )
03-31 16:36:04.309 D/MDnsDS ( 243): startMonitoring 3
03-31 16:36:04.309 D/MDnsDS ( 243): triggering rescan
03-31 16:36:04.309 D/MDnsDS ( 243): serviceRegister successful
03-31 16:36:04.309 D/MDnsDS ( 243): Monitor poll got data pollCount = 1, 1
03-31 16:36:04.309 D/MDnsDS ( 243): controlSocket shows revent= 1
03-31 16:36:04.309 D/MDnsDS ( 243): MDnsSdListener::Monitor got 1
03-31 16:36:04.309 D/MDnsDS ( 243): MDnsSdListener::Monitor poll rescanning - size=10, live=1
03-31 16:36:04.309 D/MDnsDS ( 243): Going to poll with pollCount 2
03-31 16:36:04.312 D/NsdService( 479): Register 3 3
03-31 16:36:04.323 D/XHttpObservable( 1324): createNetWorkObservable subscribe: MediaControlEntity{code=0, data=PageEntity{list=[ContentEntity{packageName='com.dangbei.leard.leradlauncher', activityName='FilmDetailActivity'}, ContentEntity{packageName='com.dangbei.leard.leradlauncher', activityName='FullScreenDetailActivity'}, ContentEntity{packageName='com.dangbei.leard.leradlauncher', activityName='TencentSportActivity'}, ContentEntity{packageName='com.dangbei.leradVideoPlugins', activityName='FilmDetailActivity'}, ContentEntity{packageName='com.dangbei.leradVideoPlugins', activityName='FullScreenDetailActivity'}, ContentEntity{packageName='com.dangbei.leradVideoPlugins', activityName='TencentSportActivity'}, ContentEntity{packageName='com.dangbei.leradVideoPlugins', activityName='ShortPlayActivity'}, ContentEntity{packageName='com.dangbei.hqmedia', activityName='FilmDetailActivity'}, ContentEntity{packageName='com.dangbei.hqmedia', activityName='FullScreenDetailActivity'}, ContentEntity{packageName='com.dangbei.leradVideoPlugins', activityName='MangoMediaActivity'}, ContentEntity{packageName='com.dangbei.leradVideoPlugins', activityName='VcinemaActivity'}]}, message='success'} ,,, isDisposed = false
03-31 16:36:04.324 I/okhttp.OkHttpClient( 1051): --> POST http://tyapi.qun7.com/v1/core/launcherota (551-byte body)
03-31 16:36:04.326 D/XHttpObservable( 1324): createNetWorkObservable subscribe: ShowMessageEntity{code=0, data=TipEntity{movieType=[我想看喜剧片, 动作片, 枪战片], movie=[庆余年, 误杀, 美丽人生, 爆笑虫子, 哪吒, 小猪佩奇, 胡歌的电视剧, 张艺谋导演的电影, 切换到1080P, 收藏], appController=[打开当贝市场, 下载哈趣影视, 爱奇艺, 卸载腾讯视频], weather=[今天的天气, 未来五天的天气, 杭州天气怎么样, 明天下不下雨], music=[我要听歌, 周杰伦的歌, 上一首, 下一首, 快进一分钟, 暂停], liveAppDownload='非常抱歉,根据监管部门政策管理要求,暂不提供相应服务。', subscreen=null, wakeUpVoiceResponse=[ProbabilityEntity{word='在呢', probability=30}, ProbabilityEntity{word='我在', probability=35}, ProbabilityEntity{word='你说', probability=15}, ProbabilityEntity{word='来啦', probability=20}], unrecognizedVoiceResponse=[ProbabilityEntity{word='可以再说一遍么', probability=45}, ProbabilityEntity{word='可以说的详细一点么', probability=30}, ProbabilityEntity{word='请问有什么可以帮您', probability=25}], notUnderstandVoiceResponse=[ProbabilityEntity{word='换个说法试试吧', probability=100}]}, message='success'} ,,, isDisposed = false
03-31 16:36:04.356 I/okhttp.OkHttpClient( 1051): --> POST http://tymsgapi.qun7.com/v1/core/ykota (622-byte body)
03-31 16:36:04.362 W/d.leradlaunche( 1095): Long monitor contention with owner DefaultDispatcher-worker-18 (1709) at java.util.Set b6.a.a(boolean, java.util.List, java.util.Map, java.util.List, gg.e)(SourceFile:186) waiters=0 in java.util.Set b6.a.a(boolean, java.util.List, java.util.Map, java.util.List, gg.e) for 910ms
03-31 16:36:04.383 D/CompatibilityChangeReporter( 479): Compat change id reported: 135634846; UID 10063; state: DISABLED
03-31 16:36:04.384 D/CompatibilityChangeReporter( 479): Compat change id reported: 177438394; UID 10063; state: DISABLED
03-31 16:36:04.384 D/CompatibilityChangeReporter( 479): Compat change id reported: 135772972; UID 10063; state: DISABLED
03-31 16:36:04.384 D/CompatibilityChangeReporter( 479): Compat change id reported: 135754954; UID 10063; state: ENABLED
03-31 16:36:04.386 D/CompatibilityChangeReporter( 479): Compat change id reported: 143937733; UID 10063; state: ENABLED
03-31 16:36:04.394 I/okhttp.OkHttpClient( 1051): <-- 200 OK http://tymsgapi.qun7.com/v1/core/rom (182ms, unknown-length body)
03-31 16:36:04.396 E/hq ( 1095): WeatherRefresh:::请求网络地址后,更新的地理位置为:null
03-31 16:36:04.407 D/Zygote ( 244): Forked child process 2100
03-31 16:36:04.409 I/ActivityManager( 479): app.processName = com.android.remoteprovisioner
03-31 16:36:04.409 I/ActivityManager( 479): Start proc 2100:com.android.remoteprovisioner/u0a63 for broadcast {com.android.remoteprovisioner/com.android.remoteprovisioner.BootReceiver}
