01-01 08:00:14.036 I/pgrep ( 312): type=1400 audit(0.0:192): avc: denied { open } for path="/proc/270/stat" dev="proc" ino=10414 scontext=u:r:toolbox:s0 tcontext=u:r:hal_awdisplayoutput_default:s0 tclass=file permissive=1
01-01 08:00:14.036 I/pgrep ( 312): type=1400 audit(0.0:193): avc: denied { getattr } for path="/proc/277" dev="proc" ino=6974 scontext=u:r:toolbox:s0 tcontext=u:r:hal_rebootescrow_default:s0 tclass=dir permissive=1
01-01 08:00:14.036 I/pgrep ( 312): type=1400 audit(0.0:194): avc: denied { read } for scontext=u:r:toolbox:s0 tcontext=u:r:hal_rebootescrow_default:s0 tclass=file permissive=1
01-01 08:00:14.036 I/pgrep ( 312): type=1400 audit(0.0:195): avc: denied { search } for name="277" dev="proc" ino=6974 scontext=u:r:toolbox:s0 tcontext=u:r:hal_rebootescrow_default:s0 tclass=dir permissive=1
01-01 08:00:14.036 I/pgrep ( 312): type=1400 audit(0.0:196): avc: denied { open } for path="/proc/277/stat" dev="proc" ino=10415 scontext=u:r:toolbox:s0 tcontext=u:r:hal_rebootescrow_default:s0 tclass=file permissive=1
01-01 08:00:14.036 I/pgrep ( 312): type=1400 audit(0.0:197): avc: denied { getattr } for path="/proc/284" dev="proc" ino=7015 scontext=u:r:toolbox:s0 tcontext=u:r:audioserver:s0 tclass=dir permissive=1
01-01 08:00:14.036 I/pgrep ( 312): type=1400 audit(0.0:198): avc: denied { read } for scontext=u:r:toolbox:s0 tcontext=u:r:audioserver:s0 tclass=file permissive=1
01-01 08:00:14.036 I/pgrep ( 312): type=1400 audit(0.0:199): avc: denied { search } for name="284" dev="proc" ino=7015 scontext=u:r:toolbox:s0 tcontext=u:r:audioserver:s0 tclass=dir permissive=1
01-01 08:00:14.036 I/pgrep ( 312): type=1400 audit(0.0:200): avc: denied { open } for path="/proc/284/stat" dev="proc" ino=10416 scontext=u:r:toolbox:s0 tcontext=u:r:audioserver:s0 tclass=file permissive=1
01-01 08:00:14.036 I/pgrep ( 312): type=1400 audit(0.0:201): avc: denied { getattr } for path="/proc/290" dev="proc" ino=6994 scontext=u:r:toolbox:s0 tcontext=u:r:credstore:s0 tclass=dir permissive=1
01-01 08:00:14.160 D/XiriService( 307): read SYSTEM APP lib
01-01 08:00:14.036 I/pgrep ( 312): type=1400 audit(0.0:202): avc: denied { read } for scontext=u:r:toolbox:s0 tcontext=u:r:credstore:s0 tclass=file permissive=1
01-01 08:00:14.036 I/pgrep ( 312): type=1400 audit(0.0:203): avc: denied { search } for name="290" dev="proc" ino=6994 scontext=u:r:toolbox:s0 tcontext=u:r:credstore:s0 tclass=dir permissive=1
01-01 08:00:14.036 I/xiriservice_All( 307): type=1400 audit(0.0:204): avc: denied { search } for name="com.android.printservice.recommendation" dev="mmcblk0p25" ino=1046 scontext=u:r:init:s0 tcontext=u:object_r:app_data_file:s0:c36,c256,c512,c768 tclass=dir permissive=1
01-01 08:00:14.036 I/pgrep ( 312): type=1400 audit(0.0:205): avc: denied { open } for path="/proc/290/stat" dev="proc" ino=10417 scontext=u:r:toolbox:s0 tcontext=u:r:credstore:s0 tclass=file permissive=1
01-01 08:00:14.036 I/xiriservice_All( 307): type=1400 audit(0.0:206): avc: denied { search } for name="com.google.android.networkstack.tetheringconfig" dev="mmcblk0p25" ino=1054 scontext=u:r:init:s0 tcontext=u:object_r:app_data_file:s0:c8,c256,c512,c768 tclass=dir permissive=1
01-01 08:00:14.036 I/pgrep ( 312): type=1400 audit(0.0:207): avc: denied { getattr } for path="/proc/291" dev="proc" ino=6998 scontext=u:r:toolbox:s0 tcontext=u:r:gpuservice:s0 tclass=dir permissive=1
01-01 08:00:14.036 I/pgrep ( 312): type=1400 audit(0.0:208): avc: denied { read } for scontext=u:r:toolbox:s0 tcontext=u:r:gpuservice:s0 tclass=file permissive=1
01-01 08:00:14.036 I/pgrep ( 312): type=1400 audit(0.0:209): avc: denied { search } for name="291" dev="proc" ino=6998 scontext=u:r:toolbox:s0 tcontext=u:r:gpuservice:s0 tclass=dir permissive=1
01-01 08:00:14.036 I/pgrep ( 312): type=1400 audit(0.0:210): avc: denied { open } for path="/proc/291/stat" dev="proc" ino=10418 scontext=u:r:toolbox:s0 tcontext=u:r:gpuservice:s0 tclass=file permissive=1
01-01 08:00:14.036 I/pgrep ( 312): type=1400 audit(0.0:211): avc: denied { getattr } for path="/proc/292" dev="proc" ino=3962 scontext=u:r:toolbox:s0 tcontext=u:r:surfaceflinger:s0 tclass=dir permissive=1
01-01 08:00:14.036 I/pgrep ( 312): type=1400 audit(0.0:212): avc: denied { search } for name="292" dev="proc" ino=3962 scontext=u:r:toolbox:s0 tcontext=u:r:surfaceflinger:s0 tclass=dir permissive=1
01-01 08:00:14.036 I/pgrep ( 312): type=1400 audit(0.0:213): avc: denied { open } for path="/proc/292/stat" dev="proc" ino=10419 scontext=u:r:toolbox:s0 tcontext=u:r:surfaceflinger:s0 tclass=file permissive=1
01-01 08:00:14.036 I/pgrep ( 312): type=1400 audit(0.0:214): avc: denied { getattr } for path="/proc/295" dev="proc" ino=7017 scontext=u:r:toolbox:s0 tcontext=u:r:pqd:s0 tclass=dir permissive=1
01-01 08:00:14.036 I/pgrep ( 312): type=1400 audit(0.0:215): avc: denied { search } for name="295" dev="proc" ino=7017 scontext=u:r:toolbox:s0 tcontext=u:r:pqd:s0 tclass=dir permissive=1
01-01 08:00:14.036 I/pgrep ( 312): type=1400 audit(0.0:216): avc: denied { open } for path="/proc/295/stat" dev="proc" ino=10420 scontext=u:r:toolbox:s0 tcontext=u:r:pqd:s0 tclass=file permissive=1
01-01 08:00:14.165 D/DONGLE_SERVICE( 324): ble_rc_service version is 2.0.26601
01-01 08:00:14.165 D/DONGLE_SERVICE( 324): init command center ...
01-01 08:00:14.165 D/DONGLE_SERVICE( 324): trying to scan for smart ctrl hidraw...
01-01 08:00:14.166 D/DONGLE_SERVICE( 324): command center, start working...
01-01 08:00:14.167 D/DONGLE_SERVICE( 324): >> start monitor uevent ...
01-01 08:00:14.036 I/pgrep ( 312): type=1400 audit(0.0:217): avc: denied { read } for scontext=u:r:toolbox:s0 tcontext=u:r:init:s0 tclass=file permissive=1
01-01 08:00:14.036 I/pgrep ( 312): type=1400 audit(0.0:218): avc: denied { open } for path="/proc/302/stat" dev="proc" ino=10421 scontext=u:r:toolbox:s0 tcontext=u:r:init:s0 tclass=file permissive=1
01-01 08:00:14.040 I/xiriservice_All( 307): type=1400 audit(0.0:219): avc: denied { search } for name="com.android.theme.font.notoserifsource" dev="mmcblk0p25" ino=1078 scontext=u:r:init:s0 tcontext=u:object_r:app_data_file:s0:c9,c256,c512,c768 tclass=dir permissive=1
01-01 08:00:14.040 I/xiriservice_All( 307): type=1400 audit(0.0:220): avc: denied { search } for name="com.android.smspush" dev="mmcblk0p25" ino=1134 scontext=u:r:init:s0 tcontext=u:object_r:app_data_file:s0:c69,c256,c512,c768 tclass=dir permissive=1
01-01 08:00:14.044 I/xiriservice_All( 307): type=1400 audit(0.0:221): avc: denied { search } for name="com.tv.filemanager.os" dev="mmcblk0p25" ino=1150 scontext=u:r:init:s0 tcontext=u:object_r:app_data_file:s0:c54,c256,c512,c768 tclass=dir permissive=1
01-01 08:00:14.044 I/led_switch.sh( 316): type=1400 audit(0.0:222): avc: denied { add_name } for name="led_swith.txt" scontext=u:r:init:s0 tcontext=u:object_r:shell_data_file:s0 tclass=dir permissive=1 bug=b/77873135
01-01 08:00:14.044 I/led_switch.sh( 316): type=1400 audit(0.0:223): avc: denied { create } for name="led_swith.txt" scontext=u:r:init:s0 tcontext=u:object_r:shell_data_file:s0 tclass=file permissive=1 bug=b/77873135
01-01 08:00:14.048 I/led_switch.sh( 316): type=1400 audit(0.0:224): avc: denied { write } for name="led_swith.txt" dev="mmcblk0p25" ino=228 scontext=u:r:init:s0 tcontext=u:object_r:shell_data_file:s0 tclass=file permissive=1 bug=b/77873135
01-01 08:00:14.048 I/led_switch.sh( 316): type=1400 audit(0.0:225): avc: denied { open } for path="/data/local/tmp/led_swith.txt" dev="mmcblk0p25" ino=228 scontext=u:r:init:s0 tcontext=u:object_r:shell_data_file:s0 tclass=file permissive=1 bug=b/77873135
01-01 08:00:14.048 I/xiriservice_All( 307): type=1400 audit(0.0:226): avc: denied { search } for name="com.android.bookmarkprovider" dev="mmcblk0p25" ino=1181 scontext=u:r:init:s0 tcontext=u:object_r:app_data_file:s0:c41,c256,c512,c768 tclass=dir permissive=1
01-01 08:00:14.048 I/xiriservice_All( 307): type=1400 audit(0.0:227): avc: denied { search } for name="com.android.cts.ctsshim" dev="mmcblk0p25" ino=1200 scontext=u:r:init:s0 tcontext=u:object_r:app_data_file:s0:c37,c256,c512,c768 tclass=dir permissive=1
01-01 08:00:14.048 I/check_xm_hidraw( 317): type=1400 audit(0.0:228): avc: denied { execute_no_trans } for path="/system/bin/xm_hidread" dev="dm-0" ino=1326 scontext=u:r:init:s0 tcontext=u:object_r:system_file:s0 tclass=file permissive=1
01-01 08:00:14.048 I/xiriservice_All( 307): type=1400 audit(0.0:229): avc: denied { search } for name="com.dangbei.lerad.screensaver" dev="mmcblk0p25" ino=1208 scontext=u:r:init:s0 tcontext=u:object_r:app_data_file:s0:c50,c256,c512,c768 tclass=dir permissive=1
01-01 08:00:14.048 I/xiriservice_All( 307): type=1400 audit(0.0:230): avc: denied { read } for name="lib" dev="mmcblk0p25" ino=2990 scontext=u:r:init:s0 tcontext=u:object_r:app_data_file:s0:c50,c256,c512,c768 tclass=lnk_file permissive=1
01-01 08:00:14.048 I/xiriservice_All( 307): type=1400 audit(0.0:231): avc: denied { search } for name="com.android.remoteprovisioner" dev="mmcblk0p25" ino=1216 scontext=u:r:init:s0 tcontext=u:object_r:app_data_file:s0:c63,c256,c512,c768 tclass=dir permissive=1
01-01 08:00:14.048 I/xiriservice_All( 307): type=1400 audit(0.0:232): avc: denied { search } for name="com.softwinner.theme.icon" dev="mmcblk0p25" ino=1224 scontext=u:r:init:s0 tcontext=u:object_r:app_data_file:s0:c7,c256,c512,c768 tclass=dir permissive=1
01-01 08:00:14.048 I/xiriservice_All( 307): type=1400 audit(0.0:233): avc: denied { search } for name="com.android.music" dev="mmcblk0p25" ino=1248 scontext=u:r:init:s0 tcontext=u:object_r:app_data_file:s0:c48,c256,c512,c768 tclass=dir permissive=1
01-01 08:00:14.052 I/xiriservice_All( 307): type=1400 audit(0.0:234): avc: denied { search } for name="com.android.providers.media.module" dev="mmcblk0p25" ino=1280 scontext=u:r:init:s0 tcontext=u:object_r:privapp_data_file:s0:c74,c256,c512,c768 tclass=dir permissive=1
01-01 08:00:14.052 I/xiriservice_All( 307): type=1400 audit(0.0:235): avc: denied { read } for name="lib" dev="mmcblk0p25" ino=2992 scontext=u:r:init:s0 tcontext=u:object_r:privapp_data_file:s0:c74,c256,c512,c768 tclass=lnk_file permissive=1
01-01 08:00:14.052 I/xiriservice_All( 307): type=1400 audit(0.0:236): avc: denied { search } for name="com.softwinner.theme.color" dev="mmcblk0p25" ino=1288 scontext=u:r:init:s0 tcontext=u:object_r:app_data_file:s0:c3,c256,c512,c768 tclass=dir permissive=1
01-01 08:00:14.052 I/xiriservice_All( 307): type=1400 audit(0.0:237): avc: denied { search } for name="com.android.hotspot2.osulogin" dev="mmcblk0p25" ino=1304 scontext=u:r:init:s0 tcontext=u:object_r:app_data_file:s0:c71,c256,c512,c768 tclass=dir permissive=1
01-01 08:00:14.052 I/xiriservice_All( 307): type=1400 audit(0.0:238): avc: denied { search } for name="com.android.internal.systemui.navbar.gestural" dev="mmcblk0p25" ino=1312 scontext=u:r:init:s0 tcontext=u:object_r:app_data_file:s0:c4,c256,c512,c768 tclass=dir permissive=1
01-01 08:00:14.060 I/led_switch.sh( 318): type=1400 audit(0.0:239): avc: denied { execute_no_trans } for path="/vendor/bin/toolbox" dev="dm-1" ino=229 scontext=u:r:init:s0 tcontext=u:object_r:vendor_toolbox_exec:s0 tclass=file permissive=1
01-01 08:00:14.064 I/xm_hidread( 317): type=1400 audit(0.0:240): avc: denied { create } for scontext=u:r:init:s0 tcontext=u:r:init:s0 tclass=netlink_kobject_uevent_socket permissive=1
01-01 08:00:14.064 I/xm_hidread( 317): type=1400 audit(0.0:241): avc: denied { setopt } for scontext=u:r:init:s0 tcontext=u:r:init:s0 tclass=netlink_kobject_uevent_socket permissive=1
01-01 08:00:14.064 I/xm_hidread( 317): type=1400 audit(0.0:242): avc: denied { bind } for scontext=u:r:init:s0 tcontext=u:r:init:s0 tclass=netlink_kobject_uevent_socket permissive=1
01-01 08:00:14.064 I/xm_hidread( 317): type=1400 audit(0.0:243): avc: denied { read } for scontext=u:r:init:s0 tcontext=u:r:init:s0 tclass=netlink_kobject_uevent_socket permissive=1
01-01 08:00:14.076 I/xiriservice_All( 307): type=1400 audit(0.0:244): avc: denied { search } for name="com.android.bluetoothmidiservice" dev="mmcblk0p25" ino=1328 scontext=u:r:init:s0 tcontext=u:object_r:app_data_file:s0:c53,c256,c512,c768 tclass=dir permissive=1
01-01 08:00:14.076 I/xiriservice_All( 307): type=1400 audit(0.0:245): avc: denied { search } for name="com.softwinner.miracastReceiver" dev="mmcblk0p25" ino=1344 scontext=u:r:init:s0 tcontext=u:object_r:system_app_data_file:s0 tclass=dir permissive=1
01-01 08:00:14.080 I/xiriservice_All( 307): type=1400 audit(0.0:246): avc: denied { search } for name="com.android.traceur" dev="mmcblk0p25" ino=1352 scontext=u:r:init:s0 tcontext=u:object_r:app_data_file:s0:c31,c256,c512,c768 tclass=dir permissive=1
01-01 08:00:14.080 I/xiriservice_All( 307): type=1400 audit(0.0:247): avc: denied { read } for name="lib" dev="mmcblk0p25" ino=2997 scontext=u:r:init:s0 tcontext=u:object_r:bluetooth_data_file:s0 tclass=lnk_file permissive=1
01-01 08:00:14.084 I/xiriservice_All( 307): type=1400 audit(0.0:248): avc: denied { search } for name="com.android.providers.contacts" dev="mmcblk0p25" ino=1368 scontext=u:r:init:s0 tcontext=u:object_r:privapp_data_file:s0:c512,c768 tclass=dir permissive=1
01-01 08:00:14.084 I/xiriservice_All( 307): type=1400 audit(0.0:249): avc: denied { search } for name="com.android.captiveportallogin" dev="mmcblk0p25" ino=1376 scontext=u:r:init:s0 tcontext=u:object_r:app_data_file:s0:c45,c256,c512,c768 tclass=dir permissive=1
01-01 08:00:14.084 I/xiriservice_All( 307): type=1400 audit(0.0:250): avc: denied { search } for name="com.android.internal.systemui.navbar.gestural_narrow_back" dev="mmcblk0p25" ino=1384 scontext=u:r:init:s0 tcontext=u:object_r:app_data_file:s0:c11,c256,c512,c768 tclass=dir permissive=1
01-01 08:00:14.084 I/xiriservice_All( 307): type=1400 audit(0.0:251): avc: denied { search } for name="android.auto_generated_rro_vendor__" dev="mmcblk0p25" ino=1392 scontext=u:r:init:s0 tcontext=u:object_r:app_data_file:s0:c12,c256,c512,c768 tclass=dir permissive=1
01-01 08:00:14.176 I/xiriservice_All( 307): type=1400 audit(0.0:252): avc: denied { watch } for path="/data/data" dev="mmcblk0p25" ino=87 scontext=u:r:init:s0 tcontext=u:object_r:system_data_file:s0:c512,c768 tclass=dir permissive=1
01-01 08:00:14.180 I/rainbow_flow( 325): type=1400 audit(0.0:253): avc: denied { write } for name="spidev1.0" dev="tmpfs" ino=3270 scontext=u:r:init:s0 tcontext=u:object_r:device:s0 tclass=chr_file permissive=1
01-01 08:00:14.180 I/rainbow_flow( 325): type=1400 audit(0.0:254): avc: denied { open } for path="/dev/spidev1.0" dev="tmpfs" ino=3270 scontext=u:r:init:s0 tcontext=u:object_r:device:s0 tclass=chr_file permissive=1
01-01 08:00:14.180 I/rainbow_flow( 325): type=1400 audit(0.0:255): avc: denied { ioctl } for path="/dev/spidev1.0" dev="tmpfs" ino=3270 ioctlcmd=0x6b01 scontext=u:r:init:s0 tcontext=u:object_r:device:s0 tclass=chr_file permissive=1
01-01 08:00:14.187 I/AndroidRuntime( 244): Using default boot image
01-01 08:00:14.188 I/AndroidRuntime( 244): Leaving lock profiling enabled
01-01 08:00:14.193 E/cutils-trace( 292): Error opening trace file: No such file or directory (2)
01-01 08:00:14.194 I/hwservicemanager( 183): getTransport: Cannot find entry android.hardware.configstore@1.0::ISurfaceFlingerConfigs/default in either framework or device VINTF manifest.
01-01 08:00:14.195 E/cutils-trace( 244): Error opening trace file: No such file or directory (2)
01-01 08:00:14.197 I/zygote ( 244): option[0]=-Xzygote
01-01 08:00:14.198 I/zygote ( 244): option[1]=-Xdeny-art-apex-data-files
01-01 08:00:14.198 I/zygote ( 244): option[2]=exit
01-01 08:00:14.198 I/zygote ( 244): option[3]=vfprintf
01-01 08:00:14.198 I/zygote ( 244): option[4]=sensitiveThread
01-01 08:00:14.198 I/zygote ( 244): option[5]=-verbose:gc
01-01 08:00:14.198 I/zygote ( 244): option[6]=-XX:PerfettoHprof=true
01-01 08:00:14.198 I/zygote ( 244): option[7]=-XX:PerfettoJavaHeapStackProf=true
01-01 08:00:14.198 I/zygote ( 244): option[8]=-Xprimaryzygote
01-01 08:00:14.198 I/zygote ( 244): option[9]=-Xms5m
01-01 08:00:14.198 I/zygote ( 244): option[10]=-Xmx512m
01-01 08:00:14.198 I/zygote ( 244): option[11]=-XX:HeapGrowthLimit=256m
01-01 08:00:14.198 I/zygote ( 244): option[12]=-XX:HeapMinFree=512k
01-01 08:00:14.198 I/zygote ( 244): option[13]=-XX:HeapMaxFree=8m
01-01 08:00:14.198 I/zygote ( 244): option[14]=-XX:HeapTargetUtilization=0.75
01-01 08:00:14.198 I/zygote ( 244): option[15]=-Xusejit:true
01-01 08:00:14.198 I/zygote ( 244): option[16]=-Xjitsaveprofilinginfo
01-01 08:00:14.198 I/zygote ( 244): option[17]=-XMadviseWillNeedVdexFileSize:104857600
01-01 08:00:14.198 I/zygote ( 244): option[18]=-XMadviseWillNeedOdexFileSize:104857600
01-01 08:00:14.198 I/zygote ( 244): option[19]=-XMadviseWillNeedArtFileSize:4294967295
01-01 08:00:14.198 I/zygote ( 244): option[20]=-XjdwpOptions:suspend=n,server=y
01-01 08:00:14.198 I/zygote ( 244): option[21]=-XjdwpProvider:default
01-01 08:00:14.198 I/zygote ( 244): option[22]=-Xopaque-jni-ids:swapable
01-01 08:00:14.198 I/zygote ( 244): option[23]=-Xlockprofthreshold:500
01-01 08:00:14.198 I/zygote ( 244): option[24]=-Xcompiler-option
01-01 08:00:14.198 I/zygote ( 244): option[25]=--instruction-set-variant=cortex-a7
01-01 08:00:14.198 I/zygote ( 244): option[26]=-Xcompiler-option
01-01 08:00:14.198 I/zygote ( 244): option[27]=--instruction-set-features=default
01-01 08:00:14.198 I/zygote ( 244): option[28]=-Xcompiler-option
01-01 08:00:14.198 I/zygote ( 244): option[29]=--generate-mini-debug-info
01-01 08:00:14.198 I/zygote ( 244): option[30]=-Ximage-compiler-option
01-01 08:00:14.198 I/zygote ( 244): option[31]=--runtime-arg
01-01 08:00:14.198 I/zygote ( 244): option[32]=-Ximage-compiler-option
01-01 08:00:14.198 I/zygote ( 244): option[33]=-Xms64m
01-01 08:00:14.198 I/zygote ( 244): option[34]=-Ximage-compiler-option
01-01 08:00:14.198 I/zygote ( 244): option[35]=--runtime-arg
01-01 08:00:14.198 I/zygote ( 244): option[36]=-Ximage-compiler-option
01-01 08:00:14.198 I/zygote ( 244): option[37]=-Xmx64m
01-01 08:00:14.198 I/zygote ( 244): option[38]=-Ximage-compiler-option
01-01 08:00:14.198 I/zygote ( 244): option[39]=--dirty-image-objects=/system/etc/dirty-image-objects
01-01 08:00:14.198 I/zygote ( 244): option[40]=-Ximage-compiler-option
01-01 08:00:14.198 I/zygote ( 244): option[41]=--instruction-set-variant=cortex-a7
01-01 08:00:14.198 I/zygote ( 244): option[42]=-Ximage-compiler-option
01-01 08:00:14.198 I/zygote ( 244): option[43]=--instruction-set-features=default
01-01 08:00:14.198 I/zygote ( 244): option[44]=-Ximage-compiler-option
01-01 08:00:14.198 I/zygote ( 244): option[45]=--generate-mini-debug-info
01-01 08:00:14.199 I/zygote ( 244): option[46]=-Duser.locale=zh-CN
01-01 08:00:14.199 I/zygote ( 244): option[47]=--cpu-abilist=armeabi-v7a,armeabi
01-01 08:00:14.199 I/zygote ( 244): option[48]=-Xcore-platform-api-policy:just-warn
01-01 08:00:14.199 I/zygote ( 244): option[49]=-Xfingerprint:Dangbei/raven/raven:12/SP1A.211105.004/20260331.163629:userdebug/release-keys
01-01 08:00:14.204 I/SurfaceFlinger( 292): Using HWComposer service: default
01-01 08:00:14.204 I/SurfaceFlinger( 292): SurfaceFlinger is starting
01-01 08:00:14.212 I/hwservicemanager( 183): getTransport: Cannot find entry android.hardware.configstore@1.1::ISurfaceFlingerConfigs/default in either framework or device VINTF manifest.
01-01 08:00:14.213 I/SurfaceFlinger( 292): Disabling blur effects, they are not supported.
01-01 08:00:14.218 I/SurfaceFlinger( 292): SurfaceFlinger's main thread ready to run. Initializing graphics H/W...
01-01 08:00:14.218 D/RenderEngine( 292): RenderEngine with GLES Backend
01-01 08:00:14.314 W/FAT-fs (mmcblk0p24)( 1): Volume was not properly unmounted. Some data may be corrupt. Please run fsck.
01-01 08:00:14.224 I/FastMixerState( 284): sMaxFastTracks = 8
01-01 08:00:14.227 W/zygote ( 244): ART APEX data files are untrusted.
01-01 08:00:14.230 I/bootstat( 327): Service started: /system/bin/bootstat --set_system_boot_reason
01-01 08:00:14.231 I/zygote ( 244): Core platform API reporting enabled, enforcing=false
01-01 08:00:14.233 I/bootstat( 327): Canonical boot reason: reboot
01-01 08:00:14.233 I/bootstat( 327): Canonical boot reason: reboot
01-01 08:00:14.240 V/MediaUtils( 284): physMem: 2055442432
01-01 08:00:14.240 V/MediaUtils( 284): requested limit: 411088480
01-01 08:00:14.240 I/libc ( 284): malloc_limit: Allocation limit enabled, max size 411088480 bytes
01-01 08:00:14.241 I/audioserver( 284): ServiceManager: 0xee10d420
01-01 08:00:14.245 W/BatteryNotifier( 284): batterystats service unavailable!
01-01 08:00:14.247 E/cutils-trace( 284): Error opening trace file: No such file or directory (2)
01-01 08:00:14.264 E/bootstat( 327): Failed to read /metadata/bootstat/persist.sys.boot.reason: No such file or directory
01-01 08:00:14.264 I/bootstat( 327): Value of persist.sys.boot.reason :
01-01 08:00:14.264 I/bootstat( 327): Normalized last reboot reason : reboot
01-01 08:00:14.260 I/EventThread( 263): type=1400 audit(0.0:256): avc: denied { search } for name="extcon" dev="sysfs" ino=18102 scontext=u:r:hal_tv_cec_default:s0 tcontext=u:object_r:sysfs_extcon:s0 tclass=dir permissive=1
01-01 08:00:14.260 I/EventThread( 263): type=1400 audit(0.0:257): avc: denied { read } for name="u:object_r:default_prop:s0" dev="tmpfs" ino=2815 scontext=u:r:hal_tv_cec_default:s0 tcontext=u:object_r:default_prop:s0 tclass=file permissive=1
01-01 08:00:14.260 I/EventThread( 263): type=1400 audit(0.0:258): avc: denied { open } for path="/dev/__properties__/u:object_r:default_prop:s0" dev="tmpfs" ino=2815 scontext=u:r:hal_tv_cec_default:s0 tcontext=u:object_r:default_prop:s0 tclass=file permissive=1
01-01 08:00:14.260 I/EventThread( 263): type=1400 audit(0.0:259): avc: denied { getattr } for path="/dev/__properties__/u:object_r:default_prop:s0" dev="tmpfs" ino=2815 scontext=u:r:hal_tv_cec_default:s0 tcontext=u:object_r:default_prop:s0 tclass=file permissive=1
01-01 08:00:14.260 I/EventThread( 263): type=1400 audit(0.0:260): avc: denied { map } for path="/dev/__properties__/u:object_r:default_prop:s0" dev="tmpfs" ino=2815 scontext=u:r:hal_tv_cec_default:s0 tcontext=u:object_r:default_prop:s0 tclass=file permissive=1
01-01 08:00:14.274 I/perfetto( 331): probes.cc:84 Starting /system/bin/traced_probes service
01-01 08:00:14.268 I/rainbow_flow( 325): type=1400 audit(0.0:261): avc: denied { ioctl } for path="/dev/spidev1.0" dev="tmpfs" ino=3270 ioctlcmd=0x6b00 scontext=u:r:init:s0 tcontext=u:object_r:device:s0 tclass=chr_file permissive=1
01-01 08:00:14.275 I/perfetto( 331): _activity_trigger.cc:71 mm_events ftrace instance not found. Triggering of traces on memory pressure will not be available on this device.
01-01 08:00:14.277 I/perfetto( 331): probes_producer.cc:129 Disconnected from tracing service
01-01 08:00:14.286 W/perfetto( 333): service.cc:207 Started traced, listening on /dev/socket/traced_producer /dev/socket/traced_consumer
01-01 08:00:14.288 E/bootstat( 327): Failed to unlink /metadata/bootstat/persist.sys.boot.reason: No such file or directory
01-01 08:00:14.304 I/preloaddata( 339): type=1400 audit(0.0:262): avc: denied { write search } for name="tmp" dev="mmcblk0p25" ino=85 scontext=u:r:toolbox:s0 tcontext=u:object_r:shell_data_file:s0 tclass=dir permissive=1
01-01 08:00:14.304 I/preloaddata( 339): type=1400 audit(0.0:263): avc: denied { getattr } for path="/data/local/tmp" dev="mmcblk0p25" ino=85 scontext=u:r:toolbox:s0 tcontext=u:object_r:shell_data_file:s0 tclass=dir permissive=1
01-01 08:00:14.361 D/XM_HIDREAD( 317): add@ add@/devices/platform/uwe_bsp.0
01-01 08:00:14.356 I/xiriservice_All( 324): type=1400 audit(0.0:264): avc: denied { read } for scontext=u:r:init:s0 tcontext=u:r:init:s0 tclass=netlink_kobject_uevent_socket permissive=1
01-01 08:00:14.464 I/WCN ( 164): marlin_init entry!
01-01 08:00:14.471 I/WCN ( 164): unisoc wcn driver version: W26.14.2, build time: Mar 31 2026 16:35:32 (UTC)
01-01 08:00:14.471 I/WCN ( 164): wcn config keep power on
01-01 08:00:14.487 I/WCN ( 164): wcn config bt wake host
01-01 08:00:14.389 I/ServiceManager( 284): Waiting for service 'media.metrics' on '/dev/binder'...
01-01 08:00:14.393 D/XM_HIDREAD( 317): add@ add@/devices/platform/uwe_bsp.0/wakeup/wakeup8
01-01 08:00:14.492 I/WCN ( 164): marlin_registsr_bt_wake bt_hostwake gpio=208 intnum=237
01-01 08:00:14.504 I/sdiohal ( 164): sdiohal_parse_dt adma_tx:1, adma_rx:1, pwrseq:0, irq type:data, gpio_num:0, blksize:840
01-01 08:00:14.518 E/sdiohal err( 164): sdio, BITS =64, PageSize =4096, order=6, 3
01-01 08:00:14.527 I/sdiohal ( 164): sdiohal_init ok
01-01 08:00:14.424 D/XM_HIDREAD( 317): add@ add@/class/slog_wcn
01-01 08:00:14.425 D/libEGL ( 292): loaded /vendor/lib/egl/libGLES_mali.so
01-01 08:00:14.426 D/XM_HIDREAD( 317): add@ add@/devices/virtual/slog_wcn/slog_wcn0
01-01 08:00:14.426 D/XM_HIDREAD( 317): add@ add@/devices/virtual/slog_wcn/slog_wcn1
01-01 08:00:14.427 D/XM_HIDREAD( 317): add@ add@/devices/virtual/misc/wcn_op
01-01 08:00:14.535 I/WCN ( 164): marlin_probe ok!
01-01 08:00:14.433 D/XM_HIDREAD( 317): add@ add@/bus/platform/drivers/uwe_bsp
01-01 08:00:14.433 D/XM_HIDREAD( 317): add@ add@/module/uwe5621_bsp_sdio
01-01 08:00:14.476 D/XM_HIDREAD( 317): add@ add@/devices/platform/mtty.0
01-01 08:00:14.478 D/XM_HIDREAD( 317): add@ add@/devices/virtual/tty/ttyBT0
01-01 08:00:14.580 E/ ( 164): uwe5621_bt_tty_init
01-01 08:00:14.585 E/ ( 164): mtty_probe unisoc soc, continue
01-01 08:00:14.586 I/ ( 164): mtty_probe init device addr: 0x00000000a9746f04
01-01 08:00:14.599 E/ ( 164): rfkill_bluetooth_init
01-01 08:00:14.496 D/XM_HIDREAD( 317): add@ add@/devices/platform/mtty.0/rfkill/rfkill1
01-01 08:00:14.604 E/ ( 164): rfkill_bluetooth_init end
01-01 08:00:14.609 E/ ( 164): marlin_sdio_init
01-01 08:00:14.505 D/XM_HIDREAD( 317): add@ add@/bus/platform/drivers/mtty
01-01 08:00:14.506 D/XM_HIDREAD( 317): add@ add@/module/sprdbt_tty
01-01 08:00:14.512 I/perfetto( 331): probes_producer.cc:112 Connected to the service
01-01 08:00:14.560 I/RenderEngine( 292): Realtime priority unsupported, degrading gracefully to high priority
01-01 08:00:14.572 I/init ( 1): type=1400 audit(0.0:265): avc: denied { read } for name="ext_csd" dev="debugfs" ino=5653 scontext=u:r:init:s0 tcontext=u:object_r:debugfs_mmc:s0 tclass=file permissive=1
01-01 08:00:14.572 I/init ( 1): type=1400 audit(0.0:266): avc: denied { open } for path="/sys/kernel/debug/mmc0/mmc0:0001/ext_csd" dev="debugfs" ino=5653 scontext=u:r:init:s0 tcontext=u:object_r:debugfs_mmc:s0 tclass=file permissive=1
01-01 08:00:14.578 I/hwservicemanager( 183): getTransport: Cannot find entry android.hardware.graphics.mapper@4.0::IMapper/default in either framework or device VINTF manifest.
01-01 08:00:14.581 I/Gralloc4( 292): mapper 4.x is not supported
01-01 08:00:14.584 I/hwservicemanager( 183): getTransport: Cannot find entry android.hardware.graphics.mapper@3.0::IMapper/default in either framework or device VINTF manifest.
01-01 08:00:14.586 W/Gralloc3( 292): mapper 3.x is not supported
01-01 08:00:14.634 E/gralloc ( 292): Arm Module v1.0
01-01 08:00:14.650 I/hwservicemanager( 183): getTransport: Cannot find entry android.hardware.graphics.allocator@4.0::IAllocator/default in either framework or device VINTF manifest.
01-01 08:00:14.650 W/Gralloc4( 292): allocator 4.x is not supported
01-01 08:00:14.651 I/hwservicemanager( 183): getTransport: Cannot find entry android.hardware.graphics.allocator@3.0::IAllocator/default in either framework or device VINTF manifest.
01-01 08:00:14.652 W/Gralloc3( 292): allocator 3.x is not supported
01-01 08:00:14.655 I/installd( 356): installd firing up
01-01 08:00:14.683 E/ion ( 257): ioctl c0044901 failed with code -1: Inappropriate ioctl for device
01-01 08:00:14.684 I/gralloc ( 257): alloc buffer:W:1 H:1 S:16 PL[1 1] SZ:64 fmt:1 if:0 af:1 usg:300 fg:00000004
01-01 08:00:14.688 E/ion ( 292): ioctl c0044901 failed with code -1: Inappropriate ioctl for device
01-01 08:00:14.694 I/RenderEngine( 292): OpenGL ES informations:
01-01 08:00:14.694 I/RenderEngine( 292): vendor : ARM
01-01 08:00:14.694 I/RenderEngine( 292): renderer : Mali-G31
01-01 08:00:14.694 I/RenderEngine( 292): version : OpenGL ES 3.2 v1.r20p0-01rel0.9f6475d0baffb05079096179e1278b1d
01-01 08:00:14.694 I/RenderEngine( 292): extensions: GL_EXT_debug_marker GL_ARM_rgba8 GL_ARM_mali_shader_binary GL_OES_depth24 GL_OES_depth_texture GL_OES_depth_texture_cube_map GL_OES_packed_depth_stencil GL_OES_rgb8_rgba8 GL_EXT_read_format_bgra GL_OES_compressed_paletted_texture GL_OES_compressed_ETC1_RGB8_texture GL_OES_standard_derivatives GL_OES_EGL_image GL_OES_EGL_image_external GL_OES_EGL_image_external_essl3 GL_OES_EGL_sync GL_OES_texture_npot GL_OES_vertex_half_float GL_OES_required_internalformat GL_OES_vertex_array_object GL_OES_mapbuffer GL_EXT_texture_format_BGRA8888 GL_EXT_texture_rg GL_EXT_texture_type_2_10_10_10_REV GL_OES_fbo_render_mipmap GL_OES_element_index_uint GL_EXT_shadow_samplers GL_OES_texture_compression_astc GL_KHR_texture_compression_astc_ldr GL_KHR_texture_compression_astc_hdr GL_KHR_texture_compression_astc_sliced_3d GL_EXT_texture_compression_astc_decode_mode GL_EXT_texture_compression_astc_decode_mode_rgb9e5 GL_KHR_debug GL_EXT_occlusion_query_boolean GL_EXT_disjoint_timer_query GL_EXT_blend_minmax GL_EXT_discard_
01-01 08:00:14.694 I/RenderEngine( 292): GL_MAX_TEXTURE_SIZE = 8192
01-01 08:00:14.694 I/RenderEngine( 292): GL_MAX_VIEWPORT_DIMS = 8192
01-01 08:00:14.694 W/libprocessgroup( 292): Failed to open /dev/cpuset/system-background/tasks: Permission denied: Permission denied
01-01 08:00:14.695 W/libprocessgroup( 292): Failed to apply SFMainPolicy task profile: Permission denied
01-01 08:00:14.708 I/hwservicemanager( 183): getTransport: Cannot find entry android.hardware.graphics.mapper@4.0::IMapper/default in either framework or device VINTF manifest.
01-01 08:00:14.711 I/ComposerResources( 258): failed to get mapper 4.0 service, falling back to mapper 3.0
01-01 08:00:14.712 I/storaged( 363): type=1400 audit(0.0:267): avc: denied { read } for path="/sys/kernel/debug/mmc0/mmc0:0001/ext_csd" dev="debugfs" ino=5653 scontext=u:r:storaged:s0 tcontext=u:object_r:debugfs_mmc:s0 tclass=file permissive=1
01-01 08:00:14.717 I/hwservicemanager( 183): getTransport: Cannot find entry android.hardware.graphics.mapper@3.0::IMapper/default in either framework or device VINTF manifest.
01-01 08:00:14.718 I/ComposerResources( 258): failed to get mapper 3.0 service, falling back to mapper 2.0
01-01 08:00:14.725 E/gralloc ( 258): Arm Module v1.0
01-01 08:00:14.720 I/rainbow_flow( 325): type=1400 audit(0.0:268): avc: denied { ioctl } for path="/dev/spidev1.0" dev="tmpfs" ino=3270 ioctlcmd=0x6b00 scontext=u:r:init:s0 tcontext=u:object_r:device:s0 tclass=chr_file permissive=1
01-01 08:00:14.736 I/sunxihwc( 258): createDeviceFactory: IDeviceFactory from hardware/aw/display/hwc-hal/disp2/HomletDeviceFactory.cpp
01-01 08:00:14.736 I/sunxihwc( 258): Device name: raven
01-01 08:00:14.738 D/sunxihwc( 258): Device config file: /vendor/etc/dispconfigs/homlet-default.json
01-01 08:00:14.739 I/sunxihwc( 258): threadLoop: EventThread start
01-01 08:00:14.740 D/sunxihwc( 258): Parse 'Display0' config
01-01 08:00:14.740 D/sunxihwc( 258): Parse 'Display1' config
01-01 08:00:14.744 W/displayd( 258): xxxxxxx: threadedStartup begin
01-01 08:00:14.744 I/sunxihwc( 258): Device name: raven
01-01 08:00:14.745 D/sunxihwc( 258): Device config file: /vendor/etc/dispconfigs/homlet-default.json
01-01 08:00:14.745 D/sunxihwc( 258): Parse 'Display0' config
01-01 08:00:14.745 D/sunxihwc( 258): Parse 'Display1' config
01-01 08:00:14.746 W/displayd( 258): xxxxxxx: HAL device config file: /vendor/etc/dispconfigs/homlet-default.json
01-01 08:00:14.746 W/displayd( 258): Displays (2 entries)
01-01 08:00:14.746 W/displayd( 258): + Display{id=0, framebuffer=1920x1080(override=1), dpi=160x160}
01-01 08:00:14.746 W/displayd( 258): DisplayEnginePortId=0
01-01 08:00:14.746 W/displayd( 258): InterfaceType=HDMI
01-01 08:00:14.746 W/displayd( 258): DefaultOutputMode=0
01-01 08:00:14.746 W/displayd( 258): HotplugSupported=0
01-01 08:00:14.746 W/displayd( 258): AfbcSupported=0
01-01 08:00:14.746 W/displayd( 258): HardwareRotateSupported=0
01-01 08:00:14.746 W/displayd( 258): BandwidthLimited=338800 Bytes per frame
01-01 08:00:14.746 W/displayd( 258): + Display{id=1, framebuffer=1920x1080(override=1), dpi=160x160}
01-01 08:00:14.746 W/displayd( 258): DisplayEnginePortId=1
01-01 08:00:14.746 W/displayd( 258): InterfaceType=CVBS
01-01 08:00:14.746 W/displayd( 258): DefaultOutputMode=0
01-01 08:00:14.746 W/displayd( 258): HotplugSupported=0
01-01 08:00:14.746 W/displayd( 258): AfbcSupported=0
01-01 08:00:14.746 W/displayd( 258): HardwareRotateSupported=0
01-01 08:00:14.746 W/displayd( 258): BandwidthLimited=338800 Bytes per frame
01-01 08:00:14.746 W/displayd( 258): xxxxxxx: display output policy: dual
01-01 08:00:14.746 W/displayd( 258): xxxxxxx: Display.0 output type: 4
01-01 08:00:14.746 W/displayd( 258): xxxxxxx: Display.1 output type: 2
01-01 08:00:14.746 W/displayd( 258): xxxxxxx: createDevice: type=4 on port 0
01-01 08:00:14.740 I/MQ-Thread( 258): type=1400 audit(0.0:269): avc: denied { read } for name="u:object_r:system_prop:s0" dev="tmpfs" ino=2942 scontext=u:r:hal_graphics_composer_default:s0 tcontext=u:object_r:system_prop:s0 tclass=file permissive=1
01-01 08:00:14.740 I/MQ-Thread( 258): type=1400 audit(0.0:270): avc: denied { open } for path="/dev/__properties__/u:object_r:system_prop:s0" dev="tmpfs" ino=2942 scontext=u:r:hal_graphics_composer_default:s0 tcontext=u:object_r:system_prop:s0 tclass=file permissive=1
01-01 08:00:14.740 I/MQ-Thread( 258): type=1400 audit(0.0:271): avc: denied { getattr } for path="/dev/__properties__/u:object_r:system_prop:s0" dev="tmpfs" ino=2942 scontext=u:r:hal_graphics_composer_default:s0 tcontext=u:object_r:system_prop:s0 tclass=file permissive=1
01-01 08:00:14.740 I/MQ-Thread( 258): type=1400 audit(0.0:272): avc: denied { map } for path="/dev/__properties__/u:object_r:system_prop:s0" dev="tmpfs" ino=2942 scontext=u:r:hal_graphics_composer_default:s0 tcontext=u:object_r:system_prop:s0 tclass=file permissive=1
01-01 08:00:14.740 I/MQ-Thread( 258): type=1400 audit(0.0:273): avc: denied { read } for name="u:object_r:default_prop:s0" dev="tmpfs" ino=2815 scontext=u:r:hal_graphics_composer_default:s0 tcontext=u:object_r:default_prop:s0 tclass=file permissive=1
01-01 08:00:14.747 W/displayd( 258): xxxxxxx: Device hdmi init
01-01 08:00:14.740 I/MQ-Thread( 258): type=1400 audit(0.0:274): avc: denied { open } for path="/dev/__properties__/u:object_r:default_prop:s0" dev="tmpfs" ino=2815 scontext=u:r:hal_graphics_composer_default:s0 tcontext=u:object_r:default_prop:s0 tclass=file permissive=1
01-01 08:00:14.740 I/MQ-Thread( 258): type=1400 audit(0.0:275): avc: denied { getattr } for path="/dev/__properties__/u:object_r:default_prop:s0" dev="tmpfs" ino=2815 scontext=u:r:hal_graphics_composer_default:s0 tcontext=u:object_r:default_prop:s0 tclass=file permissive=1
01-01 08:00:14.740 I/MQ-Thread( 258): type=1400 audit(0.0:276): avc: denied { map } for path="/dev/__properties__/u:object_r:default_prop:s0" dev="tmpfs" ino=2815 scontext=u:r:hal_graphics_composer_default:s0 tcontext=u:object_r:default_prop:s0 tclass=file permissive=1
01-01 08:00:14.752 W/displayd( 258): xxxxxxx: createDevice: type=2 on port 1
01-01 08:00:14.752 W/displayd( 258): xxxxxxx: Device cvbs init
01-01 08:00:14.752 W/displayd( 258): xxxxxxx: Initizlize display device mapping
01-01 08:00:14.752 D/displayd( 258): xxxxxxx: updateConnectState: type=-1 connected=-1
01-01 08:00:14.748 I/MQ-Thread( 258): type=1400 audit(0.0:277): avc: denied { getattr } for path="/sys/devices/platform/soc@3000000/6520000.tv0/extcon/extcon1/state" dev="sysfs" ino=19379 scontext=u:r:hal_graphics_composer_default:s0 tcontext=u:object_r:sysfs:s0 tclass=file permissive=1
01-01 08:00:14.753 W/displayd( 258): xxxxxxx: platformGetDeviceConnectStatePath:
01-01 08:00:14.753 W/displayd( 258): hdmi: /sys/class/extcon/extcon0/state
01-01 08:00:14.753 W/displayd( 258): cvbs: /sys/class/extcon/extcon1/state
01-01 08:00:14.753 D/displayd( 258): xxxxxxx: updated: type=2 connected=0
01-01 08:00:14.753 D/displayd( 258): xxxxxxx: updated: type=4 connected=1
01-01 08:00:14.754 W/displayd( 258): xxxxxxx: setupDefaultOutput: hdmi user strategy: 255
01-01 08:00:14.754 W/edid ( 258): Parse block0:
01-01 08:00:14.754 W/edid ( 258): Extension block count: 1
01-01 08:00:14.754 W/edid ( 258): Parse CEA extension block (version: 3)
01-01 08:00:14.754 W/edid ( 258): CEA data length: 74 bytes
01-01 08:00:14.754 E/edid ( 258): parseCeaDataBlocks:unhandled EXTENDED_TAG code0
01-01 08:00:14.752 I//system/bin/init( 1): type=1107 audit(0.0:278): uid=0 auid=4294967295 ses=4294967295 subj=u:r:init:s0 msg='avc: denied { set } for property=vendor.sys.tv_vdid_fex pid=258 uid=1000 gid=1003 scontext=u:r:hal_graphics_composer_default:s0 tcontext=u:object_r:vendor_default_prop:s0 tclass=property_service permissive=1'
01-01 08:00:14.760 W/displayd( 258): xxxxxxx: performDefaultConfig dirty=0
01-01 08:00:14.760 W/displayd( 258): xxxxxxx: Old config: type[4] mode[10] pixelformat[1] bits[0] eotf[4] colorspace[257]
01-01 08:00:14.760 W/displayd( 258): xxxxxxx: New config: type[4] mode[10] pixelformat[1] bits[0] eotf[4] colorspace[257]
01-01 08:00:14.760 I/sunxihwc( 258): switchDevice: display[1]: type=2 mode=0 enable=0
01-01 08:00:14.760 I/sunxihwc( 258): switchDevice: display[0]: type=4 mode=10 enable=1
01-01 08:00:14.760 I/sunxihwc( 258): setMargin: display[0]: margin 100 100 100 100
01-01 08:00:14.760 I/HidlServiceManagement( 258): Registered vendor.display.config@1.0::IDisplayConfig/default
01-01 08:00:14.761 D/android.hardware.graphics.composer@2.2-service( 258): IDisplayConfig register: ok
01-01 08:00:14.761 I/sunxihwc( 258): initialize: DisplayConfigService init: ok
01-01 08:00:14.761 D/sunxihwc( 258): setHotplugState: mbHotplug = 1
01-01 08:00:14.761 I/sunxihwc( 258): createSyncTimeline: DisplayEngine Frequency: 696000000 Hz
01-01 08:00:14.761 I/sunxihwc( 258): setup: timeline0 create
01-01 08:00:14.761 E/sunxihwc( 258): readFromFile: Could not open '/sys/firmware/devicetree/base/dram/dram_clk', No such file or directory(2)
01-01 08:00:14.761 E/sunxihwc( 258): readFromFile: Could not open '/sys/firmware/devicetree/base/dram/dram_mr1', No such file or directory(2)
01-01 08:00:14.761 E/sunxihwc( 258): readFromFile: Could not open '/sys/firmware/devicetree/base/dram/dram_type', No such file or directory(2)
01-01 08:00:14.761 I/sunxihwc( 258): getDramInfoFromDeviceTree: draminfo: freq 0 MHz, bus width 32 bits, type 0
01-01 08:00:14.761 I/sunxihwc( 258): computeEffectiveBandwidth: dram effective bandwidth: 0 MBytes
01-01 08:00:14.761 E/sunxihwc( 258): calculateBandwidthLimitation: getDramFrequency return error(0), fallback to default bandwidth config
01-01 08:00:14.761 I/sunxihwc( 258): setup: Bandwidth limitation: 49152000 Bytes per frame
01-01 08:00:14.762 I/sunxihwc( 258): setDisplaydCb: get mDisplaydCb =0x0x696c4372
01-01 08:00:14.762 I/sunxihwc( 258): updateConnectedDevices: display[0] connected=1 type=4 device=0xf7910d0c
01-01 08:00:14.762 I/sunxihwc( 258): updateConnectedDevices: display[1] connected=0 type=2 device=0x0
01-01 08:00:14.762 E/sunxihwc( 258): notifyDeviceChanged: DeviceChangedListener not register yet!
01-01 08:00:14.762 I/sunxihwc( 258): setVendorInterface: register IVendorInterface: 0xf790d310
01-01 08:00:14.762 D/sunxihwc( 258): HAL device config file: /vendor/etc/dispconfigs/homlet-default.json
01-01 08:00:14.762 D/sunxihwc( 258): Displays (2 entries)
01-01 08:00:14.762 D/sunxihwc( 258): + Display{id=0, framebuffer=1920x1080(override=1), dpi=160x160}
01-01 08:00:14.762 D/sunxihwc( 258): DisplayEnginePortId=0
01-01 08:00:14.762 D/sunxihwc( 258): InterfaceType=HDMI
01-01 08:00:14.762 D/sunxihwc( 258): DefaultOutputMode=0
01-01 08:00:14.762 D/sunxihwc( 258): HotplugSupported=0
01-01 08:00:14.762 D/sunxihwc( 258): AfbcSupported=0
01-01 08:00:14.762 D/sunxihwc( 258): HardwareRotateSupported=0
01-01 08:00:14.762 D/sunxihwc( 258): BandwidthLimited=338800 Bytes per frame
01-01 08:00:14.762 D/sunxihwc( 258): + Display{id=1, framebuffer=1920x1080(override=1), dpi=160x160}
01-01 08:00:14.762 D/sunxihwc( 258): DisplayEnginePortId=1
01-01 08:00:14.762 D/sunxihwc( 258): InterfaceType=CVBS
01-01 08:00:14.762 D/sunxihwc( 258): DefaultOutputMode=0
01-01 08:00:14.762 D/sunxihwc( 258): HotplugSupported=0
01-01 08:00:14.762 D/sunxihwc( 258): AfbcSupported=0
01-01 08:00:14.762 D/sunxihwc( 258): HardwareRotateSupported=0
01-01 08:00:14.762 D/sunxihwc( 258): BandwidthLimited=338800 Bytes per frame
01-01 08:00:14.762 W/sunxihwc( 258): bringupDevices: display.1 was off, request type 2, try to bringup it!
01-01 08:00:14.762 D/sunxihwc( 258): enqueueEvent: enqueueEvent: event 1
01-01 08:00:14.762 I/sunxihwc( 258): waitForHotplugIssued: Wait for display connect
01-01 08:00:14.762 W/sunxihwc( 258): deviceChangedEventProcess: Display.0 (hdmi0) connect
01-01 08:00:14.762 I/sunxihwc( 258): onHotplugReceived: display(0) connect state[1]
01-01 08:00:14.762 I/sunxihwc( 258): onHotplugReceived: display size: 0 display.0 0 display.1 0 display.0 0
01-01 08:00:14.762 W/sunxihwc( 258): onHotplugReceived: display(0) is 0xf781c010
01-01 08:00:14.762 D/sunxihwc( 258): setDisplays: display =0xf781c010
01-01 08:00:14.762 D/sunxihwc( 258): setDisplays: display size=1
01-01 08:00:14.762 D/sunxihwc( 258): setHotplugState: mbHotplug = 0
01-01 08:00:14.763 I/SurfaceFlinger( 292): onComposerHalHotplug(0, connected)
01-01 08:00:14.763 I/HWComposer( 292): Switching to legacy multi-display mode
01-01 08:00:14.763 W/displayd( 258): xxxxxxx: Turen on display(0), margin(100,100,100,100)
01-01 08:00:14.764 E/HWComposer( 292): getAttribute: getDisplayAttribute failed for display 0: BadConfig (1)
01-01 08:00:14.764 W/displayd( 258): xxxxxxx: Current device mapping:
01-01 08:00:14.764 W/displayd( 258): + display [1]: enable=0 type=2 mode=0
01-01 08:00:14.764 W/displayd( 258): + display [0]: enable=1 type=4 mode=10
01-01 08:00:14.764 E/HWComposer( 292): getDisplayConnectionType: getDisplayConnectionType failed for display 0: Unsupported (8)
01-01 08:00:14.760 I/EventThread( 263): type=1400 audit(0.0:279): avc: denied { search } for name="extcon" dev="sysfs" ino=18102 scontext=u:r:hal_tv_cec_default:s0 tcontext=u:object_r:sysfs_extcon:s0 tclass=dir permissive=1
01-01 08:00:14.764 I/sunxihwc( 258): registerCallback: registerCallback mEventCallback =0x0
01-01 08:00:14.764 I/sunxihwc( 258): setDisplaydCb: get mDisplaydCb =0x0xf79473f0
01-01 08:00:14.764 W/displayd( 258): xxxxxxx: threadedStartup end
01-01 08:00:14.765 W/EventThread( 292): Ignoring VSYNC request while display is disconnected
01-01 08:00:14.765 W/EventThread( 292): Ignoring VSYNC request while display is disconnected
01-01 08:00:14.766 W/EventThread( 292): Ignoring VSYNC request while display is disconnected
01-01 08:00:14.766 W/EventThread( 292): Ignoring VSYNC request while display is disconnected
01-01 08:00:14.766 W/EventThread( 292): Ignoring VSYNC request while display is disconnected
01-01 08:00:14.766 W/EventThread( 292): Ignoring VSYNC request while display is disconnected
01-01 08:00:14.766 D/sunxihwc( 258): getHdrCapabilities: getHdrCapabilities: support hdr10 and hlg
01-01 08:00:14.767 W/HwcComposer( 292): getPerFrameMetadataKeys failed with 8
01-01 08:00:14.772 I/gralloc ( 257): alloc buffer:W:1920 H:1080 S:1920 PL[1920 1080] SZ:8294400 fmt:1 if:0 af:1 usg:1b00 fg:00000004
01-01 08:00:14.773 I/sunxihwc( 258): pollThreadLoop: polling VsyncThread start
01-01 08:00:14.776 I/sunxihwc( 258): threadLoop: set CommitThread priority as HAL_PRIORITY_URGENT_DISPLAY
01-01 08:00:14.776 I/gralloc ( 257): alloc buffer:W:1920 H:1080 S:1920 PL[1920 1080] SZ:8294400 fmt:1 if:0 af:1 usg:1b00 fg:00000004
01-01 08:00:14.777 I/SurfaceFlinger( 292): Dispatching display hotplug event displayId=0, connected=1
01-01 08:00:14.779 W/SurfaceFlinger( 292): Failed to set thread name on dispatch thread
01-01 08:00:14.786 D/dom2reg ( 370): timezone change, new: Asia/Shanghai, pre:
01-01 08:00:14.786 D/dom2reg ( 370): convert timezone to alpha2 country code: CN
01-01 08:00:14.787 D/dom2reg ( 370): regulatory set to [CN] success(0)
01-01 08:00:14.789 I/display.output-service( 270): platform is homlet
01-01 08:00:14.791 I/servicemanager( 182): Found vendor.display.output.IDisplayOutputManager/default in device VINTF manifest.
01-01 08:00:14.797 I/hw-BpHwBinder( 183): onLastStrongRef automatically unlinking death recipients
01-01 08:00:14.863 I/wificond( 365): wificond is starting up...
01-01 08:00:14.880 E/cutils-trace( 365): Error opening trace file: No such file or directory (2)
01-01 08:00:14.905 I/HidlServiceManagement( 365): Registered android.system.wifi.keystore@1.0::IKeystore/default
01-01 08:00:14.917 D/WifiHWInfo( 372): Start to load wireless module hardware info table...
01-01 08:00:14.919 D/WifiHWInfo( 372): Entry [01], BUS: SDIO, ID: 0x024C8179, Name: rtl8189es.
01-01 08:00:14.920 D/WifiHWInfo( 372): Entry [02], BUS: SDIO, ID: 0x024CB723, Name: rtl8723bs_vq0.
01-01 08:00:14.920 D/WifiHWInfo( 372): Entry [03], BUS: SDIO, ID: 0x024CB703, Name: rtl8723cs.
01-01 08:00:14.920 D/WifiHWInfo( 372): Entry [04], BUS: SDIO, ID: 0x024CD723, Name: rtl8723ds.
01-01 08:00:14.920 D/WifiHWInfo( 372): Entry [05], BUS: SDIO, ID: 0x024CF179, Name: rtl8189fs.
01-01 08:00:14.920 D/WifiHWInfo( 372): Entry [06], BUS: SDIO, ID: 0x024CB822, Name: rtl88x2bs.
01-01 08:00:14.920 D/WifiHWInfo( 372): Entry [07], BUS: USB, ID: 0x0BDAD723, Name: rtl8723du.
01-01 08:00:14.920 D/WifiHWInfo( 372): Entry [08], BUS: USB, ID: 0x0BDA8179, Name: rtl8188etv.
01-01 08:00:14.920 D/WifiHWInfo( 372): Entry [09], BUS: USB, ID: 0x0BDA0179, Name: rtl8188eu.
01-01 08:00:14.920 D/WifiHWInfo( 372): Entry [10], BUS: USB, ID: 0x0BDA818B, Name: rtl8192eu.
01-01 08:00:14.920 D/WifiHWInfo( 372): Entry [11], BUS: USB, ID: 0x0BDAB720, Name: rtl8723bu.
01-01 08:00:14.920 D/WifiHWInfo( 372): Entry [12], BUS: USB, ID: 0x0BDAC82C, Name: rtl8822cu.
01-01 08:00:14.920 D/WifiHWInfo( 372): Entry [13], BUS: USB, ID: 0x0BDAF179, Name: rtl8188fu.
01-01 08:00:14.920 D/WifiHWInfo( 372): Entry [14], BUS: SDIO, ID: 0x02D0A9A6, Name: ap6212.
01-01 08:00:14.920 D/WifiHWInfo( 372): Entry [15], BUS: SDIO, ID: 0x02D04330, Name: ap6330.
01-01 08:00:14.920 D/WifiHWInfo( 372): Entry [16], BUS: SDIO, ID: 0x02D04356, Name: ap6356s.
01-01 08:00:14.920 D/WifiHWInfo( 372): Entry [17], BUS: SDIO, ID: 0x02D0A9BF, Name: ap6255.
01-01 08:00:14.920 D/WifiHWInfo( 372): Entry [18], BUS: SDIO, ID: 0x02D04334, Name: bcm43342.
01-01 08:00:14.920 D/WifiHWInfo( 372): Entry [19], BUS: SDIO, ID: 0x00202281, Name: xr819.
01-01 08:00:14.920 D/WifiHWInfo( 372): Entry [20], BUS: SDIO, ID: 0x0A9E2282, Name: xr829.
01-01 08:00:14.920 D/WifiHWInfo( 372): Entry [21], BUS: SDIO, ID: 0x0271050A, Name: qca6174a.
01-01 08:00:14.920 D/WifiHWInfo( 372): Entry [22], BUS: SDIO, ID: 0x30303030, Name: ssv6x5x.
01-01 08:00:14.920 D/WifiHWInfo( 372): Entry [23], BUS: SDIO, ID: 0x00000000, Name: uwe5621.
01-01 08:00:14.921 D/WifiHWInfo( 372): Entry [24], BUS: SDIO, ID: 0x54490145, Name: aic8800.
01-01 08:00:14.922 D/WifiHWInfo( 372): Entry [25], BUS: SDIO, ID: 0xC8A1C08D, Name: aic8800.
01-01 08:00:14.922 D/WifiHWInfo( 372): Entry [26], BUS: USB, ID: 0xA69C8800, Name: aic8800.
01-01 08:00:14.922 D/WifiHWInfo( 372): Entry [27], BUS: USB, ID: 0x007A8888, Name: atbm6023is.
01-01 08:00:14.922 D/WifiHWInfo( 372): Entry [28], BUS: SDIO, ID: 0x02E79086, Name: 9012p.
01-01 08:00:14.922 D/WifiHWInfo( 372): Entry [29], BUS: SDIO, ID: 0x007A6011, Name: atbm613x_wifi_sdio.
01-01 08:00:14.922 D/WifiHWInfo( 372): Entry [30], BUS: SDIO, ID: 0x024CC822, Name: 88x2cs.
01-01 08:00:14.922 D/WifiHWInfo( 372): Entry [31], BUS: SDIO, ID: 0x000018F0, Name: dummy.
01-01 08:00:14.922 D/HWINFO ( 372): ********** Wireless information **********
01-01 08:00:14.922 D/HWINFO ( 372): module vendor: sprd
01-01 08:00:14.922 D/HWINFO ( 372): module name : uwe5621
01-01 08:00:14.922 D/HWINFO ( 372): wifi hal name: libwifi-hal-sprd.so
01-01 08:00:14.922 D/HWINFO ( 372): libbt-vendor : libbt-sprd.so
01-01 08:00:14.922 D/HWINFO ( 372): is bt support: 1
01-01 08:00:14.922 D/HWINFO ( 372): ******************************************
01-01 08:00:14.945 I/lowmemorykiller( 181): lmkd data connection established
01-01 08:00:15.016 I/gatekeeperd( 389): Starting gatekeeperd...
01-01 08:00:15.028 D/zygote ( 244): Time zone APEX ICU file found: /apex/com.android.tzdata/etc/icu/icu_tzdata.dat
01-01 08:00:15.029 D/zygote ( 244): I18n APEX ICU file found: /apex/com.android.i18n/etc/icu/icudt68l.dat
01-01 08:00:15.115 I/sunxi-rfkill soc@3000000( 164): rfkill: set block: 1
01-01 08:00:15.132 I/sunxi-rfkill soc@3000000( 164): rfkill: bt power off success
01-01 08:00:15.032 E/cutils-trace( 392): Error opening trace file: No such file or directory (2)
01-01 08:00:15.036 I/xiriservice_All( 324): type=1400 audit(0.0:280): avc: denied { read } for scontext=u:r:init:s0 tcontext=u:r:init:s0 tclass=netlink_kobject_uevent_socket permissive=1
01-01 08:00:15.044 E/cutils-trace( 389): Error opening trace file: No such file or directory (2)
01-01 08:00:15.044 I/rainbow_flow( 325): type=1400 audit(0.0:281): avc: denied { ioctl } for path="/dev/spidev1.0" dev="tmpfs" ino=3270 ioctlcmd=0x6b00 scontext=u:r:init:s0 tcontext=u:object_r:device:s0 tclass=chr_file permissive=1
01-01 08:00:15.061 I/usbd ( 392): Usb HAL found.
01-01 08:00:15.061 I/usbd ( 392): peristent prop is adb
01-01 08:00:15.075 I/android.hardware.media.omx@1.0-service( 366): mediacodecservice starting
01-01 08:00:15.094 I/android.hardware.usb.gadget@1.1-service.aw( 268): setCurrentUsbFunctions None
01-01 08:00:15.095 I/android.hardware.usb.gadget@1.1-service.aw( 268): Gadget cannot be pulled down
01-01 08:00:15.095 I/android.hardware.usb.gadget@1.1-service.aw( 268): mMonitor not running
01-01 08:00:15.095 I/android.hardware.usb.gadget@1.1-service.aw( 268): Returned from tearDown gadget
