01-01 08:00:50.250 I/ ( 378): DVI mode selected: packets not configured
01-01 08:00:50.257 I/ ( 378): Error: set vsif failed
01-01 08:00:50.267 I/ ( 378): DVI mode selected: packets not configured
01-01 08:00:50.273 I/ ( 378): Error: set vsif failed
01-01 08:00:50.285 I/ ( 378): DVI mode selected: packets not configured
01-01 08:00:50.292 I/ ( 378): Error: set vsif failed
03-31 16:36:20.564 D/CompatibilityChangeReporter( 479): Compat change id reported: 168419799; UID 10075; state: DISABLED
03-31 16:36:20.572 W/IorapForwardingService( 479): No service published for: iorapd
03-31 16:36:21.068 I/gbei.screencas( 2404): Background concurrent copying GC freed 46639(3303KB) AllocSpace objects, 18(504KB) LOS objects, 49% free, 5903KB/11MB, paused 116us total 131.975ms
03-31 16:36:21.574 W/IorapForwardingService( 479): No service published for: iorapd
03-31 16:36:22.097 E/dangbei111( 1051): cccccc 检测到网络 准备请求遥控器ota信息
03-31 16:36:22.098 W/ContextImpl( 1051): Calling a method in the system process without a qualified user: android.app.ContextImpl.sendBroadcast:1173 android.content.ContextWrapper.sendBroadcast:479 com.dangbei.remotecontroller.RemoteControllerReceiver.sendMessageToUpdateHelper:122 com.dangbei.remotecontroller.RemoteControllerReceiver.access$100:28 com.dangbei.remotecontroller.RemoteControllerReceiver$1.handleMessage:41
03-31 16:36:22.100 E/ActivityManager( 479): Sending non-protected broadcast com.dangbei.remote.connected from system 1051:com.dangbei.lerad.etna.haqu/1000 pkg com.dangbei.lerad.etna.haqu
03-31 16:36:22.100 E/ActivityManager( 479): java.lang.Throwable
03-31 16:36:22.100 E/ActivityManager( 479): at com.android.server.am.ActivityManagerService.checkBroadcastFromSystem(ActivityManagerService.java:12816)
03-31 16:36:22.100 E/ActivityManager( 479): at com.android.server.am.ActivityManagerService.broadcastIntentLocked(ActivityManagerService.java:13416)
03-31 16:36:22.100 E/ActivityManager( 479): at com.android.server.am.ActivityManagerService.broadcastIntentLocked(ActivityManagerService.java:12833)
03-31 16:36:22.100 E/ActivityManager( 479): at com.android.server.am.ActivityManagerService.broadcastIntentWithFeature(ActivityManagerService.java:13670)
03-31 16:36:22.100 E/ActivityManager( 479): at android.app.IActivityManager$Stub.onTransact(IActivityManager.java:2326)
03-31 16:36:22.100 E/ActivityManager( 479): at com.android.server.am.ActivityManagerService.onTransact(ActivityManagerService.java:2509)
03-31 16:36:22.100 E/ActivityManager( 479): at android.os.Binder.execTransactInternal(Binder.java:1179)
03-31 16:36:22.100 E/ActivityManager( 479): at android.os.Binder.execTransact(Binder.java:1143)
03-31 16:36:22.102 E/ActivityManager( 479): Sending non-protected broadcast com.dangbei.remote.connected from system 1051:com.dangbei.lerad.etna.haqu/1000 pkg com.dangbei.lerad.etna.haqu
03-31 16:36:22.102 E/ActivityManager( 479): java.lang.Throwable
03-31 16:36:22.102 E/ActivityManager( 479): at com.android.server.am.ActivityManagerService.checkBroadcastFromSystem(ActivityManagerService.java:12816)
03-31 16:36:22.102 E/ActivityManager( 479): at com.android.server.am.ActivityManagerService.broadcastIntentLocked(ActivityManagerService.java:13513)
03-31 16:36:22.102 E/ActivityManager( 479): at com.android.server.am.ActivityManagerService.broadcastIntentLocked(ActivityManagerService.java:12833)
03-31 16:36:22.102 E/ActivityManager( 479): at com.android.server.am.ActivityManagerService.broadcastIntentWithFeature(ActivityManagerService.java:13670)
03-31 16:36:22.102 E/ActivityManager( 479): at android.app.IActivityManager$Stub.onTransact(IActivityManager.java:2326)
03-31 16:36:22.102 E/ActivityManager( 479): at com.android.server.am.ActivityManagerService.onTransact(ActivityManagerService.java:2509)
03-31 16:36:22.102 E/ActivityManager( 479): at android.os.Binder.execTransactInternal(Binder.java:1179)
03-31 16:36:22.102 E/ActivityManager( 479): at android.os.Binder.execTransact(Binder.java:1143)
03-31 16:36:22.103 I/DropBoxManagerService( 479): add tag=system_server_wtf isTagEnabled=true flags=0x2
03-31 16:36:22.107 I/DropBoxManagerService( 479): add tag=system_server_wtf isTagEnabled=true flags=0x2
03-31 16:36:22.110 E/dangbei111( 1051): 读出来的遥控器版本不是空 CSH260331
03-31 16:36:22.110 E/dangbei111( 1051): cccccc requestRemoteInfoInner factory NA version CSH260331
03-31 16:36:22.130 I/okhttp.OkHttpClient( 1051): --> POST http://tymsgapi.qun7.com/v1/core/ykota (622-byte body)
03-31 16:36:22.104 I/DefaultDispatch( 1051): type=1400 audit(0.0:1132): avc: denied { read } for name="devices" dev="proc" ino=4026532014 scontext=u:r:system_app:s0 tcontext=u:object_r:proc:s0 tclass=file permissive=1
03-31 16:36:22.104 I/DefaultDispatch( 1051): type=1400 audit(0.0:1133): avc: denied { open } for path="/proc/bus/input/devices" dev="proc" ino=4026532014 scontext=u:r:system_app:s0 tcontext=u:object_r:proc:s0 tclass=file permissive=1
03-31 16:36:22.104 I/DefaultDispatch( 1051): type=1400 audit(0.0:1134): avc: denied { getattr } for path="/proc/bus/input/devices" dev="proc" ino=4026532014 scontext=u:r:system_app:s0 tcontext=u:object_r:proc:s0 tclass=file permissive=1
03-31 16:36:22.275 I/okhttp.OkHttpClient( 1051): <-- 200 OK http://tymsgapi.qun7.com/v1/core/ykota (145ms, unknown-length body)
03-31 16:36:22.280 E/dangbei111( 1051): cccccc requestRemoteInfoInner BaseResponse{message='success', data=null, code=0}
03-31 16:36:22.280 W/System.err( 1051): java.lang.NullPointerException: Attempt to invoke virtual method 'java.lang.String com.etna.haqu.model.business.bean.db.remote.RemoteUpdateBean.getDownloadId()' on a null object reference
03-31 16:36:22.281 W/System.err( 1051): at com.dangbei.etna.update.remote.RemoteUpdateHelper$requestRemoteInfoInner$1$2.invoke(RemoteUpdateHelper.kt:199)
03-31 16:36:22.281 W/System.err( 1051): at com.dangbei.etna.update.remote.RemoteUpdateHelper$requestRemoteInfoInner$1$2.invoke(RemoteUpdateHelper.kt:188)
03-31 16:36:22.281 W/System.err( 1051): at com.etna.haqu.support.ext.FlowExtKt$safeCollect$3.emit(FlowExt.kt:52)
03-31 16:36:22.281 W/System.err( 1051): at kotlinx.coroutines.flow.FlowKt__ErrorsKt$catchImpl$2.emit(Errors.kt:158)
03-31 16:36:22.281 W/System.err( 1051): at kotlinx.coroutines.flow.FlowKt__ChannelsKt.emitAllImpl$FlowKt__ChannelsKt(Channels.kt:62)
03-31 16:36:22.281 W/System.err( 1051): at kotlinx.coroutines.flow.FlowKt__ChannelsKt.access$emitAllImpl$FlowKt__ChannelsKt(Channels.kt:1)
03-31 16:36:22.281 W/System.err( 1051): at kotlinx.coroutines.flow.FlowKt__ChannelsKt$emitAllImpl$1.invokeSuspend(Unknown Source:14)
03-31 16:36:22.281 W/System.err( 1051): at kotlin.coroutines.jvm.internal.BaseContinuationImpl.resumeWith(ContinuationImpl.kt:33)
03-31 16:36:22.281 W/System.err( 1051): at kotlinx.coroutines.DispatchedTask.run(DispatchedTask.kt:106)
03-31 16:36:22.281 W/System.err( 1051): at android.os.Handler.handleCallback(Handler.java:938)
03-31 16:36:22.281 W/System.err( 1051): at android.os.Handler.dispatchMessage(Handler.java:99)
03-31 16:36:22.281 W/System.err( 1051): at android.os.Looper.loopOnce(Looper.java:201)
03-31 16:36:22.281 W/System.err( 1051): at android.os.Looper.loop(Looper.java:288)
03-31 16:36:22.281 W/System.err( 1051): at android.app.ActivityThread.main(ActivityThread.java:7854)
03-31 16:36:22.281 W/System.err( 1051): at java.lang.reflect.Method.invoke(Native Method)
03-31 16:36:22.281 W/System.err( 1051): at com.android.internal.os.RuntimeInit$MethodAndArgsCaller.run(RuntimeInit.java:548)
03-31 16:36:22.281 W/System.err( 1051): at com.android.internal.os.ZygoteInit.main(ZygoteInit.java:1182)
03-31 16:36:22.284 E/ccc ( 1051): cccccc com.dangbei.haqusetting not connect
03-31 16:36:22.284 E/ccc ( 1051): cccccc updateHelper 通知更新
03-31 16:36:22.284 E/dangbei111( 1051): cccccc requestRemoteInfoInner 出现异常 Attempt to invoke virtual method 'java.lang.String com.etna.haqu.model.business.bean.db.remote.RemoteUpdateBean.getDownloadId()' on a null object reference
03-31 16:36:22.576 W/IorapForwardingService( 479): No service published for: iorapd
03-31 16:36:23.014 E/WifiHAL ( 667): wifi_get_link_stats: requestResponse Error:-5
03-31 16:36:23.015 E/WifiVendorHal( 479): getWifiLinkLayerStats_1_5_Internal(l.1191) failed {.code = ERROR_INVALID_ARGS, .description = }
03-31 16:36:23.105 E/dangbei111( 1051): cccccc 准备开始进行 startScanInner
03-31 16:36:23.106 E/dangbei111( 1051): cccccc 真正开始进入扫描流程啦
03-31 16:36:23.111 E/dangbei111( 1051): cccccc 检查遥控器是否连接: Dangbei C9:B5:96:5C:E3:ED
03-31 16:36:23.115 E/dangbei111( 1051): cccccc 检查遥控器是否连接: 蓝牙的结果 Dangbei C9:B5:96:5C:E3:ED true
03-31 16:36:23.115 E/dangbei111( 1051): cccccc input中没有遥控器存在
03-31 16:36:23.115 E/dangbei111( 1051): cccccc 蓝牙状态连接 开启8s check任务
03-31 16:36:23.115 E/dangbei111( 1051): 开始扫描 com.dangbei.remotecontroller.RCHelper$3@1ad1ff
03-31 16:36:23.115 D/BluetoothAdapter( 1051): isLeEnabled(): ON
03-31 16:36:23.192 D/SntpClient( 479): request time failed: java.net.SocketTimeoutException: Poll timed out
03-31 16:36:23.192 D/SntpClient( 479): request time failed
03-31 16:36:23.227 D/SntpClient( 479): round trip: 21ms, clock offset: 148169264ms
03-31 16:36:23.233 D/AlarmManagerService( 479): Setting time of day to sec=1775094352
04-02 09:45:52.544 E/LazyAlarmStore( 479): Removed TIME_TICK alarm
04-02 09:45:52.547 I/DropBoxManagerService( 479): add tag=system_server_wtf isTagEnabled=true flags=0x2
04-02 09:45:52.553 I/JobScheduler( 479): RTC now valid; recalculating persisted job windows
04-02 09:45:52.571 D/yc_test ( 1095): refreshWeather: null
04-02 09:45:52.588 W/SyncManager( 479): Clock is valid now.
04-02 09:45:52.589 D/bbb ( 1170): onStartCommand begin !!!!!!! data分区剩余 24956MB
04-02 09:45:52.594 D/ConditionProviders.SCP( 479): onReceive android.intent.action.TIME_SET
04-02 09:45:52.594 D/CompatibilityChangeReporter( 479): Compat change id reported: 171306433; UID 1000; state: ENABLED
04-02 09:45:52.596 D/ConditionProviders.SCP( 479): evaluateSubscriptionLocked cal=ScheduleCalendar[mDays={1, 2, 3, 4, 5, 6, 7}, mSchedule=ScheduleInfo{days=[1, 2, 3, 4, 5, 6, 7], startHour=22, startMinute=0, endHour=7, endMinute=0, exitAtAlarm=true, nextAlarm=Thu Jan 01 08:00:00 GMT+08:00 1970 (0)}], now=Thu Apr 02 09:45:52 GMT+08:00 2026 (1775094352594), nextUserAlarmTime=Thu Jan 01 08:00:00 GMT+08:00 1970 (0)
04-02 09:45:52.596 D/ConditionProviders.SCP( 479): notifyCondition condition://android/schedule?days=1.2.3.4.5.6.7&start=22.0&end=7.0&exitAtAlarm=true STATE_FALSE reason=!meetsSchedule
04-02 09:45:52.606 D/ConditionProviders.SCP( 479): Scheduling evaluate for Thu Apr 02 22:00:00 GMT+08:00 2026 (1775138400000), in +12h14m7s406ms, now=Thu Apr 02 09:45:52 GMT+08:00 2026 (1775094352594)
04-02 09:45:52.649 D/CompatibilityChangeReporter( 479): Compat change id reported: 143231523; UID 1000; state: DISABLED
04-02 09:45:52.682 E/hq ( 1095): WeatherRefresh:::请求网络地址后,更新的地理位置为:101280601
04-02 09:45:52.693 I/UsageStatsService( 479): User[0] Time changed in by 148169 seconds
04-02 09:45:52.694 I/UsageStatsService( 479): User[0] Flushing usage stats to disk
04-02 09:45:52.706 I/UsageStatsDatabase( 479): Time changed by +1d17h9m29s264ms. files deleted: 0 files moved: 4
04-02 09:45:52.713 I/UsageStatsService( 479): User[0] Rollover scheduled @ 2026-04-03 09:45:25(1775180725298)
04-02 09:45:52.732 E/martin ( 1095): 组件:2026-04-02
04-02 09:45:52.733 E/weatherWidget( 1095): dataChange:Thu Apr 02 09:45:52 GMT+08:00 2026
04-02 09:45:52.842 W/IorapForwardingService( 479): No service published for: iorapd
04-02 09:45:52.949 I/sh ( 2844): type=1400 audit(0.0:1135): avc: denied { getattr } for path="/system/xbin/su" dev="dm-0" ino=3482 scontext=u:r:platform_app:s0:c512,c768 tcontext=u:object_r:su_exec:s0 tclass=file permissive=1 app=com.dangbei.screencast
04-02 09:45:52.987 I/crashsdk( 2404): crashsdk uploading logs
04-02 09:45:52.949 I/sh ( 2844): type=1400 audit(0.0:1136): avc: denied { execute } for name="su" dev="dm-0" ino=3482 scontext=u:r:platform_app:s0:c512,c768 tcontext=u:object_r:su_exec:s0 tclass=file permissive=1 app=com.dangbei.screencast
04-02 09:45:53.062 I/bt_stack( 673): [INFO:btsnoop.cc(338)] clear_l2cap_allowlist: Clearing acceptlist from l2cap channel. conn_handle=16 cid=4:4
04-02 09:45:53.063 I/bluetooth( 673): system/bt/stack/gap/gap_ble.cc:298 client_connect_cback: No active GAP service found for peer:xx:xx:xx:xx:e3:ed callback:Disconnected
04-02 09:45:53.063 I/bt_bta_gattc( 673): system/bt/bta/gatt/bta_gattc_act.cc:1115 bta_gattc_conn_cback: Disconnected att_id:3 transport:le reason:GATT_CONN_TIMEOUT
04-02 09:45:53.063 I/bt_bta_gattc( 673): system/bt/bta/gatt/bta_gattc_act.cc:1115 bta_gattc_conn_cback: Disconnected att_id:4 transport:le reason:GATT_CONN_TIMEOUT
04-02 09:45:53.063 I/bt_bta_gattc( 673): system/bt/bta/gatt/bta_gattc_act.cc:1115 bta_gattc_conn_cback: Disconnected att_id:5 transport:le reason:GATT_CONN_TIMEOUT
04-02 09:45:53.063 I/bt_bta_gattc( 673): system/bt/bta/gatt/bta_gattc_act.cc:1115 bta_gattc_conn_cback: Disconnected att_id:6 transport:le reason:GATT_CONN_TIMEOUT
04-02 09:45:53.063 W/bt_btm_sec( 673): system/bt/stack/btm/btm_sec.cc:3685 btm_sec_disconnected: Got uncommon disconnection reason:Connection Timeout handle:0x0010
04-02 09:45:53.065 E/bt_bta_hh( 673): system/bt/bta/hh/bta_hh_le.cc:999 bta_hh_security_cmpl: Encryption failed status:BTA_HH_ERR_SEC btm_status:BTM_ERR_PROCESSING BLE mac:c9:b5:96:5c:e3:ed
04-02 09:45:53.065 I/btif_av ( 673): system/bt/btif/src/btif_av.cc:3352 btif_av_acl_disconnected: btif_av_acl_disconnected: Peer c9:b5:96:5c:e3:ed : ACL Disconnected
04-02 09:45:53.065 I/btif_av ( 673): system/bt/btif/src/btif_av.cc:1078 FindOrCreatePeer: BtifAvPeer *BtifAvSource::FindOrCreatePeer(const RawAddress &, tBTA_AV_HNDL): Create peer: peer_address=c9:b5:96:5c:e3:ed bta_handle=0x41 peer_id=0
04-02 09:45:53.066 I/btif_av ( 673): system/bt/btif/src/btif_av.cc:3279 btif_av_get_peer_sep: No active sink or source peer found
04-02 09:45:53.066 I/bt_btif_a2dp_source( 673): system/bt/btif/src/btif_a2dp_source.cc:691 btif_a2dp_source_on_idle: btif_a2dp_source_on_idle: state=STATE_OFF
04-02 09:45:53.066 I/btif_av ( 673): system/bt/btif/src/btif_av.cc:3279 btif_av_get_peer_sep: No active sink or source peer found
04-02 09:45:53.066 I/bt_btif_a2dp_source( 673): system/bt/btif/src/btif_a2dp_source.cc:691 btif_a2dp_source_on_idle: btif_a2dp_source_on_idle: state=STATE_OFF
04-02 09:45:53.066 I/btif_av ( 673): system/bt/btif/src/btif_av.cc:1123 DeleteIdlePeers: DeleteIdlePeers: Deleting idle peer: c9:b5:96:5c:e3:ed bta_handle=0x41
04-02 09:45:53.071 D/BluetoothGatt( 1051): onClientConnectionState() - status=0 clientIf=6 device=C9:B5:96:5C:E3:ED
04-02 09:45:53.079 W/bt_btif ( 673): system/bt/main/bte_logmsg.cc:194 LogMsg: btif_hh_upstreams_evt: BTA_HH_OPN_EVT: handle=16, status =6
04-02 09:45:53.080 W/BluetoothHidHostService( 673): no state change: 0
04-02 09:45:53.086 I/dangbei111( 1051): cccccc on receiver=android.bluetooth.device.action.ACL_DISCONNECTED,mac=C9:B5:96:5C:E3:ED
04-02 09:45:53.199 I/bluetooth( 673): system/bt/stack/gatt/connection_manager.cc:185 on_connection_complete: Le connection completed to device:c9:b5:96:5c:e3:ed
04-02 09:45:53.199 I/bt_btm_ble( 673): system/bt/stack/btm/btm_ble.cc:1699 btm_ble_connected: Updating device record timestamp for existing ble connection
04-02 09:45:53.271 I/bt_stack( 673): [INFO:gatt_attr.cc(880)] gatt_sr_init_cl_status: bda=c9:b5:96:5c:e3:ed, cl_supp_feat=0000, aware=1
04-02 09:45:53.271 I/bluetooth( 673): system/bt/stack/gap/gap_ble.cc:298 client_connect_cback: No active GAP service found for peer:xx:xx:xx:xx:e3:ed callback:Connected
04-02 09:45:53.271 I/bt_bta_gattc( 673): system/bt/bta/gatt/bta_gattc_act.cc:1110 bta_gattc_conn_cback: Connected att_id:3 transport:le reason:GATT_CONN_OK
04-02 09:45:53.271 I/bt_bta_gattc( 673): system/bt/bta/gatt/bta_gattc_act.cc:1110 bta_gattc_conn_cback: Connected att_id:4 transport:le reason:GATT_CONN_OK
04-02 09:45:53.272 I/bt_bta_gattc( 673): system/bt/bta/gatt/bta_gattc_act.cc:1110 bta_gattc_conn_cback: Connected att_id:5 transport:le reason:GATT_CONN_OK
04-02 09:45:53.272 I/bt_bta_gattc( 673): system/bt/bta/gatt/bta_gattc_act.cc:1110 bta_gattc_conn_cback: Connected att_id:6 transport:le reason:GATT_CONN_OK
04-02 09:45:53.272 I/bluetooth( 673): system/bt/stack/gatt/connection_manager.cc:185 on_connection_complete: Le connection completed to device:c9:b5:96:5c:e3:ed
04-02 09:45:53.272 I/bt_stack( 673): [INFO:eatt_impl.h(634)] connect device c9:b5:96:5c:e3:ed rolecentral
04-02 09:45:53.272 I/bt_btif_dm( 673): system/bt/btif/src/btif_dm.cc:497 btif_update_remote_version_property: Remote version info valid:true [xx:xx:xx:xx:e3:ed]: 8, 50e, 8
04-02 09:45:53.289 D/BluetoothGatt( 1051): onClientConnectionState() - status=0 clientIf=6 device=C9:B5:96:5C:E3:ED
04-02 09:45:53.289 D/BluetoothGatt( 1051): discoverServices() - device: C9:B5:96:5C:E3:ED
04-02 09:45:53.290 W/bt_btm ( 673): system/bt/main/bte_logmsg.cc:194 LogMsg: Security Manager: BTM_SetEncryption busy, enqueue request
04-02 09:45:53.292 E/BluetoothPhonePolicy( 673): Received unexpected intent, action=android.bluetooth.device.action.ACL_CONNECTED
04-02 09:45:53.292 I/BluetoothPhonePolicy( 673): processDeviceConnected, device=C9:B5:96:5C:E3:ED
04-02 09:45:53.293 D/BluetoothDatabase( 673): setConnection: device=C9:B5:96:5C:E3:ED and isA2dpDevice=false
04-02 09:45:53.294 D/BluetoothDatabase( 673): Updating last connected time for device: C9:B5:96:5C:E3:ED to 2
04-02 09:45:53.294 D/BluetoothDatabase( 673): updateDatabase C9:B5:96:5C:E3:ED
04-02 09:45:53.294 I/bt_bta_gattc( 673): system/bt/bta/gatt/bta_gattc_cache.cc:902 bta_gattc_get_gatt_db: bta_gattc_get_gatt_db
04-02 09:45:53.298 I/dangbei111( 1051): cccccc on receiver=android.bluetooth.device.action.ACL_CONNECTED,mac=C9:B5:96:5C:E3:ED
04-02 09:45:53.298 I/dangbei111( 1051): cccccc 收到 ACTION_ACL_CONNECTED 的广播
04-02 09:45:53.298 E/dangbei111( 1051): 5s后准备进行遥控器ota信息检测
04-02 09:45:53.301 D/BluetoothGatt( 1051): onSearchComplete() = Device=C9:B5:96:5C:E3:ED Status=0
04-02 09:45:53.845 W/IorapForwardingService( 479): No service published for: iorapd
04-02 09:45:54.021 I/keystore2( 205): keystore2::watchdog: Watchdog thread idle -> terminating. Have a great day.
04-02 09:45:54.685 W/ZramWriteback( 479): Writeback device is not set
04-02 09:45:54.685 D/ZramWriteback( 479): wait to flush
04-02 09:45:54.846 W/IorapForwardingService( 479): No service published for: iorapd
04-02 09:45:55.280 D/aaa ( 1107): LedStatusService onStartCommand begin
04-02 09:45:55.281 D/aaa ( 1107): topPkg is -------------- :com.dangbei.leard.leradlauncher
04-02 09:45:55.283 D/bbb ( 1170): onStartCommand begin !!!!!!! data分区剩余 24956MB
04-02 09:45:55.286 D/aaa ( 1107): WiFi is connect
04-02 09:45:55.293 E/WifiHAL ( 667): wifi_get_link_stats: requestResponse Error:-5
04-02 09:45:55.295 E/WifiVendorHal( 479): getWifiLinkLayerStats_1_5_Internal(l.1191) failed {.code = ERROR_INVALID_ARGS, .description = }
01-01 08:00:56.036 W/hdr10p_Configure( 378): 59 callbacks suppressed
01-01 08:00:56.036 I/ ( 378): DVI mode selected: packets not configured
01-01 08:00:56.049 W/set_vsif_config( 378): 59 callbacks suppressed
01-01 08:00:56.049 I/ ( 378): Error: set vsif failed
01-01 08:00:56.068 I/ ( 378): DVI mode selected: packets not configured
01-01 08:00:56.075 I/ ( 378): Error: set vsif failed
01-01 08:00:56.101 I/ ( 378): DVI mode selected: packets not configured
01-01 08:00:56.108 I/ ( 378): Error: set vsif failed
01-01 08:00:56.134 I/ ( 378): DVI mode selected: packets not configured
01-01 08:00:56.141 I/ ( 378): Error: set vsif failed
01-01 08:00:56.167 I/ ( 378): DVI mode selected: packets not configured
01-01 08:00:56.174 I/ ( 378): Error: set vsif failed
01-01 08:00:56.184 I/ ( 378): DVI mode selected: packets not configured
01-01 08:00:56.190 I/ ( 378): Error: set vsif failed
01-01 08:00:56.201 I/ ( 378): DVI mode selected: packets not configured
01-01 08:00:56.207 I/ ( 378): Error: set vsif failed
01-01 08:00:56.217 I/ ( 378): DVI mode selected: packets not configured
01-01 08:00:56.224 I/ ( 378): Error: set vsif failed
01-01 08:00:56.239 I/ ( 378): DVI mode selected: packets not configured
01-01 08:00:56.246 I/ ( 378): Error: set vsif failed
01-01 08:00:56.267 I/ ( 378): DVI mode selected: packets not configured
01-01 08:00:56.274 I/ ( 378): Error: set vsif failed
04-02 09:45:55.848 W/IorapForwardingService( 479): No service published for: iorapd
04-02 09:45:55.868 I/BLEAudioDrive_HV410( 249): select timeout!
04-02 09:45:56.285 E/bt_upio ( 250): upio_set : /proc/bluetooth/sleep/btwrite(-1) incorrent
04-02 09:45:56.302 E/dangbei111( 1051): cccccc 检查遥控器是否连接: Dangbei C9:B5:96:5C:E3:ED
04-02 09:45:56.304 E/dangbei111( 1051): cccccc 检查遥控器是否连接: 蓝牙的结果 Dangbei C9:B5:96:5C:E3:ED true
04-02 09:45:56.304 E/dangbei111( 1051): cccccc input中没有遥控器存在
04-02 09:45:56.305 E/dangbei111( 1051): cccccc 蓝牙状态连接 开启8s check任务
04-02 09:45:56.305 E/dangbei111( 1051): cccccc 没有遥控器连接 不进行 getRCInfo return
04-02 09:45:56.305 E/dangbei111( 1051): getBattery delay 0
04-02 09:45:56.310 I/bt_btif_config( 673): system/bt/btif/src/btif_config.cc:137 btif_get_device_type: Device [c9:b5:96:5c:e3:ed] device type 2
04-02 09:45:56.311 I/bt_stack( 673): [INFO:connection_manager.cc(104)] App id=0x06already doing background connection to c9:b5:96:5c:e3:ed
04-02 09:45:56.311 D/BluetoothGatt( 1051): discoverServices() - device: C9:B5:96:5C:E3:ED
04-02 09:45:56.313 E/dangbei111( 1051): 5mins后会再次获取电量
04-02 09:45:56.313 E/dangbei111( 1051): getBattery delay 300000
04-02 09:45:56.314 I/bt_bta_gattc( 673): system/bt/bta/gatt/bta_gattc_cache.cc:902 bta_gattc_get_gatt_db: bta_gattc_get_gatt_db
04-02 09:45:56.319 D/BluetoothGatt( 1051): onSearchComplete() = Device=C9:B5:96:5C:E3:ED Status=0
04-02 09:45:56.526 D/UtilLog ( 2252): 日志批量上报 进行正常循环 !!!!!!本次有0次请求,共0条数据
04-02 09:45:56.851 W/IorapForwardingService( 479): No service published for: iorapd
04-02 09:45:57.614 D/QuickLifeImpl( 1051): AlarmTomorrowService onStartCommand : intent = Intent { act=ADD_TIMER_TOMORROW cmp=com.dangbei.lerad.etna.haqu/com.dangbei.quicklife.service.AlarmTomorrowService }
04-02 09:45:57.614 D/QuickLifeImpl( 1051): addNewSceneAlarm! isCorrectTime = true
04-02 09:45:57.626 D/QuickLifeImpl( 1051): day1 = 2026-04-02 00:00:00; day2 = 2026-04-03 00:00:00; timerMillis = 1775145600625
04-02 09:45:57.628 D/CompatibilityChangeReporter( 479): Compat change id reported: 171306433; UID 1000; state: DISABLED
04-02 09:45:57.630 D/QuickLifeImpl( 1051): cancelAlarm id = -1
04-02 09:45:57.833 D/CompatibilityChangeReporter( 479): Compat change id reported: 168419799; UID 10025; state: DISABLED
04-02 09:45:57.836 E/WifiHealthMonitor( 479): Hit PackageManager exception
04-02 09:45:57.836 E/WifiHealthMonitor( 479): android.content.pm.PackageManager$NameNotFoundException: No module info for package: com.android.wifi
04-02 09:45:57.836 E/WifiHealthMonitor( 479): at android.app.ApplicationPackageManager.getModuleInfo(ApplicationPackageManager.java:1079)
04-02 09:45:57.836 E/WifiHealthMonitor( 479): at com.android.server.wifi.WifiHealthMonitor.getWifiStackVersion(WifiHealthMonitor.java:366)
04-02 09:45:57.836 E/WifiHealthMonitor( 479): at com.android.server.wifi.WifiHealthMonitor.extractCurrentSoftwareBuildInfo(WifiHealthMonitor.java:587)
04-02 09:45:57.836 E/WifiHealthMonitor( 479): at com.android.server.wifi.WifiHealthMonitor.postBootSwBuildCheck(WifiHealthMonitor.java:522)
04-02 09:45:57.836 E/WifiHealthMonitor( 479): at com.android.server.wifi.WifiHealthMonitor.postBootDetectionHandler(WifiHealthMonitor.java:513)
04-02 09:45:57.836 E/WifiHealthMonitor( 479): at com.android.server.wifi.WifiHealthMonitor.access$500(WifiHealthMonitor.java:71)
04-02 09:45:57.836 E/WifiHealthMonitor( 479): at com.android.server.wifi.WifiHealthMonitor$2.onAlarm(WifiHealthMonitor.java:190)
04-02 09:45:57.836 E/WifiHealthMonitor( 479): at android.app.AlarmManager$ListenerWrapper.run(AlarmManager.java:323)
04-02 09:45:57.836 E/WifiHealthMonitor( 479): at android.os.Handler.handleCallback(Handler.java:938)
04-02 09:45:57.836 E/WifiHealthMonitor( 479): at android.os.Handler.dispatchMessage(Handler.java:99)
04-02 09:45:57.836 E/WifiHealthMonitor( 479): at android.os.Looper.loopOnce(Looper.java:201)
04-02 09:45:57.836 E/WifiHealthMonitor( 479): at android.os.Looper.loop(Looper.java:288)
04-02 09:45:57.836 E/WifiHealthMonitor( 479): at android.os.HandlerThread.run(HandlerThread.java:67)
04-02 09:45:57.836 D/EpgDataCleanupService( 2040): Received intent: Intent { act=com.android.providers.tv.intent.CLEAN_UP_EPG_DATA cmp=com.android.providers.tv/.EpgDataCleanupService }
04-02 09:45:57.840 E/WifiHAL ( 667): wifi_get_driver_version: Error -5 happened.
04-02 09:45:57.840 E/android.hardware.wifi@1.0-service-lazy( 667): Failed to get driver version: INVALID_ARGS
04-02 09:45:57.841 E/WifiVendorHal( 479): requestChipDebugInfo(l.2167) failed {.code = ERROR_INVALID_ARGS, .description = failed to get driver version}
04-02 09:45:57.841 I/WifiVendorHal( 479): Driver: null Firmware: null
04-02 09:45:57.842 E/WifiHAL ( 667): wifi_get_driver_version: Error -5 happened.
04-02 09:45:57.842 E/android.hardware.wifi@1.0-service-lazy( 667): Failed to get driver version: INVALID_ARGS
04-02 09:45:57.843 E/WifiVendorHal( 479): requestChipDebugInfo(l.2167) failed {.code = ERROR_INVALID_ARGS, .description = failed to get driver version}
04-02 09:45:57.843 I/WifiVendorHal( 479): Driver: null Firmware: null
04-02 09:45:57.851 I/netd ( 243): trafficSwapActiveStatsMap() <20.98ms>
04-02 09:45:57.852 W/IorapForwardingService( 479): No service published for: iorapd
04-02 09:45:57.861 I/netd ( 243): tetherGetStats() -> {[]} <4.69ms>
04-02 09:45:57.866 I/netd ( 243): bandwidthSetGlobalAlert(2097152) <0.58ms>
04-02 09:45:58.209 I/EventThread( 263): type=1400 audit(0.0:1137): avc: denied { search } for name="extcon" dev="sysfs" ino=18102 scontext=u:r:hal_tv_cec_default:s0 tcontext=u:object_r:sysfs_extcon:s0 tclass=dir permissive=1
04-02 09:45:58.302 E/dangbei111( 1051): cccccc 检测到网络 准备请求遥控器ota信息
04-02 09:45:58.304 W/ContextImpl( 1051): Calling a method in the system process without a qualified user: android.app.ContextImpl.sendBroadcast:1173 android.content.ContextWrapper.sendBroadcast:479 com.dangbei.remotecontroller.RemoteControllerReceiver.sendMessageToUpdateHelper:122 com.dangbei.remotecontroller.RemoteControllerReceiver.access$100:28 com.dangbei.remotecontroller.RemoteControllerReceiver$1.handleMessage:41
04-02 09:45:58.306 E/WifiHAL ( 667): wifi_get_link_stats: requestResponse Error:-5
04-02 09:45:58.306 E/ActivityManager( 479): Sending non-protected broadcast com.dangbei.remote.connected from system 1051:com.dangbei.lerad.etna.haqu/1000 pkg com.dangbei.lerad.etna.haqu
04-02 09:45:58.306 E/ActivityManager( 479): java.lang.Throwable
04-02 09:45:58.306 E/ActivityManager( 479): at com.android.server.am.ActivityManagerService.checkBroadcastFromSystem(ActivityManagerService.java:12816)
04-02 09:45:58.306 E/ActivityManager( 479): at com.android.server.am.ActivityManagerService.broadcastIntentLocked(ActivityManagerService.java:13416)
04-02 09:45:58.306 E/ActivityManager( 479): at com.android.server.am.ActivityManagerService.broadcastIntentLocked(ActivityManagerService.java:12833)
04-02 09:45:58.306 E/ActivityManager( 479): at com.android.server.am.ActivityManagerService.broadcastIntentWithFeature(ActivityManagerService.java:13670)
04-02 09:45:58.306 E/ActivityManager( 479): at android.app.IActivityManager$Stub.onTransact(IActivityManager.java:2326)
04-02 09:45:58.306 E/ActivityManager( 479): at com.android.server.am.ActivityManagerService.onTransact(ActivityManagerService.java:2509)
04-02 09:45:58.306 E/ActivityManager( 479): at android.os.Binder.execTransactInternal(Binder.java:1179)
04-02 09:45:58.306 E/ActivityManager( 479): at android.os.Binder.execTransact(Binder.java:1143)
04-02 09:45:58.308 E/WifiVendorHal( 479): getWifiLinkLayerStats_1_5_Internal(l.1191) failed {.code = ERROR_INVALID_ARGS, .description = }
04-02 09:45:58.308 E/ActivityManager( 479): Sending non-protected broadcast com.dangbei.remote.connected from system 1051:com.dangbei.lerad.etna.haqu/1000 pkg com.dangbei.lerad.etna.haqu
04-02 09:45:58.308 E/ActivityManager( 479): java.lang.Throwable
04-02 09:45:58.308 E/ActivityManager( 479): at com.android.server.am.ActivityManagerService.checkBroadcastFromSystem(ActivityManagerService.java:12816)
04-02 09:45:58.308 E/ActivityManager( 479): at com.android.server.am.ActivityManagerService.broadcastIntentLocked(ActivityManagerService.java:13513)
04-02 09:45:58.308 E/ActivityManager( 479): at com.android.server.am.ActivityManagerService.broadcastIntentLocked(ActivityManagerService.java:12833)
04-02 09:45:58.308 E/ActivityManager( 479): at com.android.server.am.ActivityManagerService.broadcastIntentWithFeature(ActivityManagerService.java:13670)
04-02 09:45:58.308 E/ActivityManager( 479): at android.app.IActivityManager$Stub.onTransact(IActivityManager.java:2326)
04-02 09:45:58.308 E/ActivityManager( 479): at com.android.server.am.ActivityManagerService.onTransact(ActivityManagerService.java:2509)
04-02 09:45:58.308 E/ActivityManager( 479): at android.os.Binder.execTransactInternal(Binder.java:1179)
04-02 09:45:58.308 E/ActivityManager( 479): at android.os.Binder.execTransact(Binder.java:1143)
04-02 09:45:58.309 I/DropBoxManagerService( 479): add tag=system_server_wtf isTagEnabled=true flags=0x2
04-02 09:45:58.314 I/DropBoxManagerService( 479): add tag=system_server_wtf isTagEnabled=true flags=0x2
04-02 09:45:58.316 E/dangbei111( 1051): 读出来的遥控器版本不是空 CSH260331
04-02 09:45:58.316 E/dangbei111( 1051): cccccc requestRemoteInfoInner factory NA version CSH260331
04-02 09:45:58.338 I/okhttp.OkHttpClient( 1051): --> POST http://tymsgapi.qun7.com/v1/core/ykota (622-byte body)
04-02 09:45:58.419 I/okhttp.OkHttpClient( 1051): <-- 200 OK http://tymsgapi.qun7.com/v1/core/ykota (80ms, unknown-length body)
04-02 09:45:58.424 E/dangbei111( 1051): cccccc requestRemoteInfoInner BaseResponse{message='success', data=null, code=0}
04-02 09:45:58.425 W/System.err( 1051): java.lang.NullPointerException: Attempt to invoke virtual method 'java.lang.String com.etna.haqu.model.business.bean.db.remote.RemoteUpdateBean.getDownloadId()' on a null object reference
04-02 09:45:58.425 W/System.err( 1051): at com.dangbei.etna.update.remote.RemoteUpdateHelper$requestRemoteInfoInner$1$2.invoke(RemoteUpdateHelper.kt:199)
04-02 09:45:58.425 W/System.err( 1051): at com.dangbei.etna.update.remote.RemoteUpdateHelper$requestRemoteInfoInner$1$2.invoke(RemoteUpdateHelper.kt:188)
04-02 09:45:58.425 W/System.err( 1051): at com.etna.haqu.support.ext.FlowExtKt$safeCollect$3.emit(FlowExt.kt:52)
04-02 09:45:58.425 W/System.err( 1051): at kotlinx.coroutines.flow.FlowKt__ErrorsKt$catchImpl$2.emit(Errors.kt:158)
04-02 09:45:58.425 W/System.err( 1051): at kotlinx.coroutines.flow.FlowKt__ChannelsKt.emitAllImpl$FlowKt__ChannelsKt(Channels.kt:62)
04-02 09:45:58.425 W/System.err( 1051): at kotlinx.coroutines.flow.FlowKt__ChannelsKt.access$emitAllImpl$FlowKt__ChannelsKt(Channels.kt:1)
04-02 09:45:58.425 W/System.err( 1051): at kotlinx.coroutines.flow.FlowKt__ChannelsKt$emitAllImpl$1.invokeSuspend(Unknown Source:14)
04-02 09:45:58.425 W/System.err( 1051): at kotlin.coroutines.jvm.internal.BaseContinuationImpl.resumeWith(ContinuationImpl.kt:33)
04-02 09:45:58.425 W/System.err( 1051): at kotlinx.coroutines.DispatchedTask.run(DispatchedTask.kt:106)
04-02 09:45:58.425 W/System.err( 1051): at android.os.Handler.handleCallback(Handler.java:938)
04-02 09:45:58.425 W/System.err( 1051): at android.os.Handler.dispatchMessage(Handler.java:99)
04-02 09:45:58.425 W/System.err( 1051): at android.os.Looper.loopOnce(Looper.java:201)
04-02 09:45:58.425 W/System.err( 1051): at android.os.Looper.loop(Looper.java:288)
04-02 09:45:58.425 W/System.err( 1051): at android.app.ActivityThread.main(ActivityThread.java:7854)
04-02 09:45:58.425 W/System.err( 1051): at java.lang.reflect.Method.invoke(Native Method)
04-02 09:45:58.425 W/System.err( 1051): at com.android.internal.os.RuntimeInit$MethodAndArgsCaller.run(RuntimeInit.java:548)
04-02 09:45:58.425 W/System.err( 1051): at com.android.internal.os.ZygoteInit.main(ZygoteInit.java:1182)
04-02 09:45:58.428 E/ccc ( 1051): cccccc com.dangbei.haqusetting not connect
04-02 09:45:58.428 E/ccc ( 1051): cccccc updateHelper 通知更新
04-02 09:45:58.428 E/dangbei111( 1051): cccccc requestRemoteInfoInner 出现异常 Attempt to invoke virtual method 'java.lang.String com.etna.haqu.model.business.bean.db.remote.RemoteUpdateBean.getDownloadId()' on a null object reference
04-02 09:45:58.821 I/sh ( 2864): type=1400 audit(0.0:1138): avc: denied { getattr } for path="/system/xbin/su" dev="dm-0" ino=3482 scontext=u:r:platform_app:s0:c512,c768 tcontext=u:object_r:su_exec:s0 tclass=file permissive=1 app=com.dangbei.screencast
04-02 09:45:58.854 W/IorapForwardingService( 479): No service published for: iorapd
04-02 09:45:58.821 I/sh ( 2864): type=1400 audit(0.0:1139): avc: denied { execute } for name="su" dev="dm-0" ino=3482 scontext=u:r:platform_app:s0:c512,c768 tcontext=u:object_r:su_exec:s0 tclass=file permissive=1 app=com.dangbei.screencast
04-02 09:45:59.213 D/hdmi-cec( 263): receive invalid cec message!
04-02 09:45:59.213 D/hdmi-cec( 263): receive poll message [04], skip!
04-02 09:45:59.306 E/dangbei111( 1051): cccccc 准备开始进行 startScanInner
04-02 09:45:59.306 E/dangbei111( 1051): cccccc 真正开始进入扫描流程啦
04-02 09:45:59.312 E/dangbei111( 1051): cccccc 检查遥控器是否连接: Dangbei C9:B5:96:5C:E3:ED
04-02 09:45:59.315 E/dangbei111( 1051): cccccc 检查遥控器是否连接: 蓝牙的结果 Dangbei C9:B5:96:5C:E3:ED true
04-02 09:45:59.316 E/dangbei111( 1051): cccccc input中没有遥控器存在
04-02 09:45:59.316 E/dangbei111( 1051): cccccc 蓝牙状态连接 开启8s check任务
04-02 09:45:59.316 E/dangbei111( 1051): 开始扫描 com.dangbei.remotecontroller.RCHelper$3@1ad1ff
04-02 09:45:59.316 D/BluetoothAdapter( 1051): isLeEnabled(): ON
04-02 09:45:59.856 W/IorapForwardingService( 479): No service published for: iorapd
04-02 09:46:00.142 I/bt_stack( 673): [INFO:btsnoop.cc(338)] clear_l2cap_allowlist: Clearing acceptlist from l2cap channel. conn_handle=16 cid=4:4
04-02 09:46:00.143 I/bt_stack( 673): [INFO:eatt_impl.h(578)] supported_features_cb c9:b5:96:5c:e3:ed is_eatt_supported = 0
04-02 09:46:00.144 I/bluetooth( 673): system/bt/stack/gap/gap_ble.cc:298 client_connect_cback: No active GAP service found for peer:xx:xx:xx:xx:e3:ed callback:Disconnected
04-02 09:46:00.144 I/bt_bta_gattc( 673): system/bt/bta/gatt/bta_gattc_act.cc:1115 bta_gattc_conn_cback: Disconnected att_id:3 transport:le reason:GATT_CONN_TIMEOUT
04-02 09:46:00.144 I/bt_bta_gattc( 673): system/bt/bta/gatt/bta_gattc_act.cc:1115 bta_gattc_conn_cback: Disconnected att_id:4 transport:le reason:GATT_CONN_TIMEOUT
04-02 09:46:00.144 I/bt_bta_gattc( 673): system/bt/bta/gatt/bta_gattc_act.cc:1115 bta_gattc_conn_cback: Disconnected att_id:5 transport:le reason:GATT_CONN_TIMEOUT
04-02 09:46:00.144 I/bt_bta_gattc( 673): system/bt/bta/gatt/bta_gattc_act.cc:1115 bta_gattc_conn_cback: Disconnected att_id:6 transport:le reason:GATT_CONN_TIMEOUT
04-02 09:46:00.144 W/bt_btm_sec( 673): system/bt/stack/btm/btm_sec.cc:3685 btm_sec_disconnected: Got uncommon disconnection reason:Connection Timeout handle:0x0010
04-02 09:46:00.145 E/bt_bta_hh( 673): system/bt/bta/hh/bta_hh_le.cc:999 bta_hh_security_cmpl: Encryption failed status:BTA_HH_ERR_SEC btm_status:BTM_ERR_PROCESSING BLE mac:c9:b5:96:5c:e3:ed
04-02 09:46:00.145 E/bt_upio ( 250): upio_set : /proc/bluetooth/sleep/btwrite(-1) incorrent
04-02 09:46:00.145 I/btif_av ( 673): system/bt/btif/src/btif_av.cc:3352 btif_av_acl_disconnected: btif_av_acl_disconnected: Peer c9:b5:96:5c:e3:ed : ACL Disconnected
04-02 09:46:00.145 I/btif_av ( 673): system/bt/btif/src/btif_av.cc:1078 FindOrCreatePeer: BtifAvPeer *BtifAvSource::FindOrCreatePeer(const RawAddress &, tBTA_AV_HNDL): Create peer: peer_address=c9:b5:96:5c:e3:ed bta_handle=0x41 peer_id=0
04-02 09:46:00.145 I/btif_av ( 673): system/bt/btif/src/btif_av.cc:3279 btif_av_get_peer_sep: No active sink or source peer found
04-02 09:46:00.145 I/bt_btif_a2dp_source( 673): system/bt/btif/src/btif_a2dp_source.cc:691 btif_a2dp_source_on_idle: btif_a2dp_source_on_idle: state=STATE_OFF
04-02 09:46:00.145 I/btif_av ( 673): system/bt/btif/src/btif_av.cc:3279 btif_av_get_peer_sep: No active sink or source peer found
04-02 09:46:00.145 I/bt_btif_a2dp_source( 673): system/bt/btif/src/btif_a2dp_source.cc:691 btif_a2dp_source_on_idle: btif_a2dp_source_on_idle: state=STATE_OFF
04-02 09:46:00.145 I/btif_av ( 673): system/bt/btif/src/btif_av.cc:1123 DeleteIdlePeers: DeleteIdlePeers: Deleting idle peer: c9:b5:96:5c:e3:ed bta_handle=0x41
04-02 09:46:00.146 D/BluetoothGatt( 1051): onClientConnectionState() - status=0 clientIf=6 device=C9:B5:96:5C:E3:ED
04-02 09:46:00.153 W/bt_btif ( 673): system/bt/main/bte_logmsg.cc:194 LogMsg: btif_hh_upstreams_evt: BTA_HH_OPN_EVT: handle=16, status =6
04-02 09:46:00.154 W/BluetoothHidHostService( 673): no state change: 0
04-02 09:46:00.160 I/dangbei111( 1051): cccccc on receiver=android.bluetooth.device.action.ACL_DISCONNECTED,mac=C9:B5:96:5C:E3:ED
04-02 09:46:00.277 I/bluetooth( 673): system/bt/stack/gatt/connection_manager.cc:185 on_connection_complete: Le connection completed to device:c9:b5:96:5c:e3:ed
04-02 09:46:00.277 I/bt_btm_ble( 673): system/bt/stack/btm/btm_ble.cc:1699 btm_ble_connected: Updating device record timestamp for existing ble connection
04-02 09:46:00.353 I/bt_stack( 673): [INFO:gatt_attr.cc(880)] gatt_sr_init_cl_status: bda=c9:b5:96:5c:e3:ed, cl_supp_feat=0000, aware=1
04-02 09:46:00.353 I/bluetooth( 673): system/bt/stack/gap/gap_ble.cc:298 client_connect_cback: No active GAP service found for peer:xx:xx:xx:xx:e3:ed callback:Connected
04-02 09:46:00.353 I/bt_bta_gattc( 673): system/bt/bta/gatt/bta_gattc_act.cc:1110 bta_gattc_conn_cback: Connected att_id:3 transport:le reason:GATT_CONN_OK
04-02 09:46:00.353 I/bt_bta_gattc( 673): system/bt/bta/gatt/bta_gattc_act.cc:1110 bta_gattc_conn_cback: Connected att_id:4 transport:le reason:GATT_CONN_OK
04-02 09:46:00.353 I/bt_bta_gattc( 673): system/bt/bta/gatt/bta_gattc_act.cc:1110 bta_gattc_conn_cback: Connected att_id:5 transport:le reason:GATT_CONN_OK
04-02 09:46:00.354 I/bt_bta_gattc( 673): system/bt/bta/gatt/bta_gattc_act.cc:1110 bta_gattc_conn_cback: Connected att_id:6 transport:le reason:GATT_CONN_OK
04-02 09:46:00.354 I/bluetooth( 673): system/bt/stack/gatt/connection_manager.cc:185 on_connection_complete: Le connection completed to device:c9:b5:96:5c:e3:ed
04-02 09:46:00.354 I/bt_stack( 673): [INFO:eatt_impl.h(634)] connect device c9:b5:96:5c:e3:ed rolecentral
04-02 09:46:00.354 I/bt_btif_dm( 673): system/bt/btif/src/btif_dm.cc:497 btif_update_remote_version_property: Remote version info valid:true [xx:xx:xx:xx:e3:ed]: 8, 50e, 8
04-02 09:46:00.368 W/bt_btm ( 673): system/bt/main/bte_logmsg.cc:194 LogMsg: Security Manager: BTM_SetEncryption busy, enqueue request
04-02 09:46:00.368 D/BluetoothGatt( 1051): onClientConnectionState() - status=0 clientIf=6 device=C9:B5:96:5C:E3:ED
04-02 09:46:00.369 E/BluetoothPhonePolicy( 673): Received unexpected intent, action=android.bluetooth.device.action.ACL_CONNECTED
04-02 09:46:00.369 I/BluetoothPhonePolicy( 673): processDeviceConnected, device=C9:B5:96:5C:E3:ED
04-02 09:46:00.369 D/BluetoothDatabase( 673): setConnection: device=C9:B5:96:5C:E3:ED and isA2dpDevice=false
04-02 09:46:00.370 D/BluetoothDatabase( 673): Updating last connected time for device: C9:B5:96:5C:E3:ED to 3
04-02 09:46:00.370 D/BluetoothDatabase( 673): updateDatabase C9:B5:96:5C:E3:ED
04-02 09:46:00.370 D/BluetoothGatt( 1051): discoverServices() - device: C9:B5:96:5C:E3:ED
04-02 09:46:00.373 I/bt_bta_gattc( 673): system/bt/bta/gatt/bta_gattc_cache.cc:902 bta_gattc_get_gatt_db: bta_gattc_get_gatt_db
04-02 09:46:00.375 I/dangbei111( 1051): cccccc on receiver=android.bluetooth.device.action.ACL_CONNECTED,mac=C9:B5:96:5C:E3:ED
04-02 09:46:00.375 I/dangbei111( 1051): cccccc 收到 ACTION_ACL_CONNECTED 的广播
04-02 09:46:00.375 E/dangbei111( 1051): 5s后准备进行遥控器ota信息检测
04-02 09:46:00.377 D/BluetoothGatt( 1051): onSearchComplete() = Device=C9:B5:96:5C:E3:ED Status=0
04-02 09:46:00.381 I/bt_stack( 673): [INFO:eatt_impl.h(578)] supported_features_cb c9:b5:96:5c:e3:ed is_eatt_supported = 0
04-02 09:46:00.653 I/rainbow_flow( 1993): type=1400 audit(0.0:1140): avc: denied { ioctl } for path="/dev/spidev1.0" dev="tmpfs" ino=3270 ioctlcmd=0x6b00 scontext=u:r:init:s0 tcontext=u:object_r:device:s0 tclass=chr_file permissive=1
04-02 09:46:00.859 W/IorapForwardingService( 479): No service published for: iorapd
04-02 09:46:01.320 E/WifiHAL ( 667): wifi_get_link_stats: requestResponse Error:-5
04-02 09:46:01.322 E/WifiVendorHal( 479): getWifiLinkLayerStats_1_5_Internal(l.1191) failed {.code = ERROR_INVALID_ARGS, .description = }
01-01 08:01:02.048 W/hdr10p_Configure( 378): 60 callbacks suppressed
01-01 08:01:02.048 I/ ( 378): DVI mode selected: packets not configured
01-01 08:01:02.061 W/set_vsif_config( 378): 60 callbacks suppressed
01-01 08:01:02.061 I/ ( 378): Error: set vsif failed
01-01 08:01:02.086 I/ ( 378): DVI mode selected: packets not configured
01-01 08:01:02.092 I/ ( 378): Error: set vsif failed
01-01 08:01:02.118 I/ ( 378): DVI mode selected: packets not configured
01-01 08:01:02.125 I/ ( 378): Error: set vsif failed
01-01 08:01:02.151 I/ ( 378): DVI mode selected: packets not configured
01-01 08:01:02.158 I/ ( 378): Error: set vsif failed
01-01 08:01:02.184 I/ ( 378): DVI mode selected: packets not configured
01-01 08:01:02.190 I/ ( 378): Error: set vsif failed
01-01 08:01:02.202 I/ ( 378): DVI mode selected: packets not configured
01-01 08:01:02.208 I/ ( 378): Error: set vsif failed
01-01 08:01:02.235 I/ ( 378): DVI mode selected: packets not configured
01-01 08:01:02.241 I/ ( 378): Error: set vsif failed
01-01 08:01:02.268 I/ ( 378): DVI mode selected: packets not configured
01-01 08:01:02.275 I/ ( 378): Error: set vsif failed
01-01 08:01:02.301 I/ ( 378): DVI mode selected: packets not configured
01-01 08:01:02.307 I/ ( 378): Error: set vsif failed
01-01 08:01:02.336 I/ ( 378): DVI mode selected: packets not configured
01-01 08:01:02.342 I/ ( 378): Error: set vsif failed
04-02 09:46:01.860 W/IorapForwardingService( 479): No service published for: iorapd
04-02 09:46:02.862 W/IorapForwardingService( 479): No service published for: iorapd
04-02 09:46:03.329 D/aaa ( 1107): LedStatusService onStartCommand begin
04-02 09:46:03.332 D/aaa ( 1107): topPkg is -------------- :com.dangbei.leard.leradlauncher
04-02 09:46:03.335 D/bbb ( 1170): onStartCommand begin !!!!!!! data分区剩余 24956MB
04-02 09:46:03.336 D/aaa ( 1107): WiFi is connect
04-02 09:46:03.380 E/dangbei111( 1051): cccccc 检查遥控器是否连接: Dangbei C9:B5:96:5C:E3:ED
04-02 09:46:03.382 E/bt_upio ( 250): upio_set : /proc/bluetooth/sleep/btwrite(-1) incorrent
04-02 09:46:03.383 E/dangbei111( 1051): cccccc 检查遥控器是否连接: 蓝牙的结果 Dangbei C9:B5:96:5C:E3:ED true
04-02 09:46:03.383 E/dangbei111( 1051): cccccc input中没有遥控器存在
04-02 09:46:03.383 E/dangbei111( 1051): cccccc 蓝牙状态连接 开启8s check任务
04-02 09:46:03.384 E/dangbei111( 1051): cccccc 没有遥控器连接 不进行 getRCInfo return
04-02 09:46:03.384 E/dangbei111( 1051): getBattery delay 0
04-02 09:46:03.390 I/bt_btif_config( 673): system/bt/btif/src/btif_config.cc:137 btif_get_device_type: Device [c9:b5:96:5c:e3:ed] device type 2
04-02 09:46:03.390 D/BluetoothGatt( 1051): discoverServices() - device: C9:B5:96:5C:E3:ED
04-02 09:46:03.391 I/bt_stack( 673): [INFO:connection_manager.cc(104)] App id=0x06already doing background connection to c9:b5:96:5c:e3:ed
04-02 09:46:03.392 E/dangbei111( 1051): 5mins后会再次获取电量
04-02 09:46:03.392 E/dangbei111( 1051): getBattery delay 300000
04-02 09:46:03.393 I/bt_bta_gattc( 673): system/bt/bta/gatt/bta_gattc_cache.cc:902 bta_gattc_get_gatt_db: bta_gattc_get_gatt_db
04-02 09:46:03.397 D/BluetoothGatt( 1051): onSearchComplete() = Device=C9:B5:96:5C:E3:ED Status=0
04-02 09:46:03.864 W/IorapForwardingService( 479): No service published for: iorapd
04-02 09:46:04.337 E/WifiHAL ( 667): wifi_get_link_stats: requestResponse Error:-5
04-02 09:46:04.339 E/WifiVendorHal( 479): getWifiLinkLayerStats_1_5_Internal(l.1191) failed {.code = ERROR_INVALID_ARGS, .description = }
04-02 09:46:04.866 W/IorapForwardingService( 479): No service published for: iorapd
04-02 09:46:05.380 E/dangbei111( 1051): cccccc 检测到网络 准备请求遥控器ota信息
04-02 09:46:05.381 W/ContextImpl( 1051): Calling a method in the system process without a qualified user: android.app.ContextImpl.sendBroadcast:1173 android.content.ContextWrapper.sendBroadcast:479 com.dangbei.remotecontroller.RemoteControllerReceiver.sendMessageToUpdateHelper:122 com.dangbei.remotecontroller.RemoteControllerReceiver.access$100:28 com.dangbei.remotecontroller.RemoteControllerReceiver$1.handleMessage:41
04-02 09:46:05.383 E/ActivityManager( 479): Sending non-protected broadcast com.dangbei.remote.connected from system 1051:com.dangbei.lerad.etna.haqu/1000 pkg com.dangbei.lerad.etna.haqu
04-02 09:46:05.383 E/ActivityManager( 479): java.lang.Throwable
04-02 09:46:05.383 E/ActivityManager( 479): at com.android.server.am.ActivityManagerService.checkBroadcastFromSystem(ActivityManagerService.java:12816)
04-02 09:46:05.383 E/ActivityManager( 479): at com.android.server.am.ActivityManagerService.broadcastIntentLocked(ActivityManagerService.java:13416)
04-02 09:46:05.383 E/ActivityManager( 479): at com.android.server.am.ActivityManagerService.broadcastIntentLocked(ActivityManagerService.java:12833)
04-02 09:46:05.383 E/ActivityManager( 479): at com.android.server.am.ActivityManagerService.broadcastIntentWithFeature(ActivityManagerService.java:13670)
04-02 09:46:05.383 E/ActivityManager( 479): at android.app.IActivityManager$Stub.onTransact(IActivityManager.java:2326)
04-02 09:46:05.383 E/ActivityManager( 479): at com.android.server.am.ActivityManagerService.onTransact(ActivityManagerService.java:2509)
04-02 09:46:05.383 E/ActivityManager( 479): at android.os.Binder.execTransactInternal(Binder.java:1179)
04-02 09:46:05.383 E/ActivityManager( 479): at android.os.Binder.execTransact(Binder.java:1143)
04-02 09:46:05.385 E/ActivityManager( 479): Sending non-protected broadcast com.dangbei.remote.connected from system 1051:com.dangbei.lerad.etna.haqu/1000 pkg com.dangbei.lerad.etna.haqu
04-02 09:46:05.385 E/ActivityManager( 479): java.lang.Throwable
04-02 09:46:05.385 E/ActivityManager( 479): at com.android.server.am.ActivityManagerService.checkBroadcastFromSystem(ActivityManagerService.java:12816)
04-02 09:46:05.385 E/ActivityManager( 479): at com.android.server.am.ActivityManagerService.broadcastIntentLocked(ActivityManagerService.java:13513)
04-02 09:46:05.385 E/ActivityManager( 479): at com.android.server.am.ActivityManagerService.broadcastIntentLocked(ActivityManagerService.java:12833)
04-02 09:46:05.385 E/ActivityManager( 479): at com.android.server.am.ActivityManagerService.broadcastIntentWithFeature(ActivityManagerService.java:13670)
04-02 09:46:05.385 E/ActivityManager( 479): at android.app.IActivityManager$Stub.onTransact(IActivityManager.java:2326)
04-02 09:46:05.385 E/ActivityManager( 479): at com.android.server.am.ActivityManagerService.onTransact(ActivityManagerService.java:2509)
04-02 09:46:05.385 E/ActivityManager( 479): at android.os.Binder.execTransactInternal(Binder.java:1179)
04-02 09:46:05.385 E/ActivityManager( 479): at android.os.Binder.execTransact(Binder.java:1143)
04-02 09:46:05.386 I/DropBoxManagerService( 479): add tag=system_server_wtf isTagEnabled=true flags=0x2
04-02 09:46:05.391 I/DropBoxManagerService( 479): add tag=system_server_wtf isTagEnabled=true flags=0x2
04-02 09:46:05.393 E/dangbei111( 1051): 读出来的遥控器版本不是空 CSH260331
04-02 09:46:05.393 E/dangbei111( 1051): cccccc requestRemoteInfoInner factory NA version CSH260331
04-02 09:46:05.389 I/DefaultDispatch( 1051): type=1400 audit(0.0:1141): avc: denied { read } for name="devices" dev="proc" ino=4026532014 scontext=u:r:system_app:s0 tcontext=u:object_r:proc:s0 tclass=file permissive=1
04-02 09:46:05.421 I/okhttp.OkHttpClient( 1051): --> POST http://tymsgapi.qun7.com/v1/core/ykota (622-byte body)
04-02 09:46:05.389 I/DefaultDispatch( 1051): type=1400 audit(0.0:1142): avc: denied { open } for path="/proc/bus/input/devices" dev="proc" ino=4026532014 scontext=u:r:system_app:s0 tcontext=u:object_r:proc:s0 tclass=file permissive=1
04-02 09:46:05.389 I/DefaultDispatch( 1051): type=1400 audit(0.0:1143): avc: denied { getattr } for path="/proc/bus/input/devices" dev="proc" ino=4026532014 scontext=u:r:system_app:s0 tcontext=u:object_r:proc:s0 tclass=file permissive=1
04-02 09:46:05.509 I/okhttp.OkHttpClient( 1051): <-- 200 OK http://tymsgapi.qun7.com/v1/core/ykota (87ms, unknown-length body)
04-02 09:46:05.514 E/dangbei111( 1051): cccccc requestRemoteInfoInner BaseResponse{message='success', data=null, code=0}
04-02 09:46:05.515 W/System.err( 1051): java.lang.NullPointerException: Attempt to invoke virtual method 'java.lang.String com.etna.haqu.model.business.bean.db.remote.RemoteUpdateBean.getDownloadId()' on a null object reference
04-02 09:46:05.515 W/System.err( 1051): at com.dangbei.etna.update.remote.RemoteUpdateHelper$requestRemoteInfoInner$1$2.invoke(RemoteUpdateHelper.kt:199)
04-02 09:46:05.515 W/System.err( 1051): at com.dangbei.etna.update.remote.RemoteUpdateHelper$requestRemoteInfoInner$1$2.invoke(RemoteUpdateHelper.kt:188)
04-02 09:46:05.516 W/System.err( 1051): at com.etna.haqu.support.ext.FlowExtKt$safeCollect$3.emit(FlowExt.kt:52)
04-02 09:46:05.516 W/System.err( 1051): at kotlinx.coroutines.flow.FlowKt__ErrorsKt$catchImpl$2.emit(Errors.kt:158)
04-02 09:46:05.516 W/System.err( 1051): at kotlinx.coroutines.flow.FlowKt__ChannelsKt.emitAllImpl$FlowKt__ChannelsKt(Channels.kt:62)
04-02 09:46:05.516 W/System.err( 1051): at kotlinx.coroutines.flow.FlowKt__ChannelsKt.access$emitAllImpl$FlowKt__ChannelsKt(Channels.kt:1)
04-02 09:46:05.516 W/System.err( 1051): at kotlinx.coroutines.flow.FlowKt__ChannelsKt$emitAllImpl$1.invokeSuspend(Unknown Source:14)
