03-31 16:36:04.418 E/ccc ( 1051): cccccc requestOtaInfo result BaseResponse{message='success', data=OtaUpdateBean{downloadId='3926', updateType=1, romVersionName='5.0.2.0', romCode=5555, current=0, romMd5v='35cc8705568c57c825806be669e0a812', romLength=701953395, romSize='664.1MB', downUrl='http://dl.qun7.com/H5/H5/5.0.2.0_20260311_OTA/DDR3_NEW_H5%20H618%2020260311_otazip', reUrl='http://dl.v5tv.com/H5/H5/5.0.2.0_20260311_OTA/DDR3_NEW_H5%20H618%2020260311_otazip', reUrl2='http://dl.tymcdn.com/H5/H5/5.0.2.0_20260311_OTA/DDR3_NEW_H5%20H618%2020260311_otazip', tempUrl='null', remark='20260311验证修改点+冒烟测试', status=idle, progress=0.0, filterMac=[], localPath='null', popup=1, isPaused=false, cancelled=false, extraInfo='null'}, code=0}
03-31 16:36:04.424 I/okhttp.OkHttpClient( 1051): --> POST http://tymsgapi.qun7.com/v1/core/appupdate (3192-byte body)
03-31 16:36:04.424 I/Zygote ( 2100): seccomp disabled by setenforce 0
03-31 16:36:04.433 E/hq ( 1095): WeatherRefresh:::请求网络地址后,更新的地理位置为:null
03-31 16:36:04.440 E/ccc ( 1051): cccccc com.dangbei.haqusetting not connect
03-31 16:36:04.441 E/ccc ( 1051): cccccc updateHelper 通知更新
03-31 16:36:04.441 E/ccc ( 1051): cccccc OtaUpdateHelper 普通更新 1
03-31 16:36:04.461 I/okhttp.OkHttpClient( 1051): <-- 200 OK http://tymsgapi.qun7.com/v1/core/ykota (104ms, unknown-length body)
03-31 16:36:04.465 D/CompatibilityChangeReporter( 479): Compat change id reported: 172100307; UID 10074; state: DISABLED
03-31 16:36:04.481 I/adbd ( 397): jdwp connection from 2100
03-31 16:36:04.486 D/AppListModel( 1095): requestAppFilterList: success
03-31 16:36:04.487 D/AppListModel( 1095): updateList
03-31 16:36:04.487 D/AppListModel( 1095): updateList: resetAppList
03-31 16:36:04.491 E/dangbei111( 1051): cccccc requestRemoteInfoInner BaseResponse{message='success', data=null, code=0}
03-31 16:36:04.494 W/System.err( 1051): java.lang.NullPointerException: Attempt to invoke virtual method 'java.lang.String com.etna.haqu.model.business.bean.db.remote.RemoteUpdateBean.getDownloadId()' on a null object reference
03-31 16:36:04.494 W/System.err( 1051): at com.dangbei.etna.update.remote.RemoteUpdateHelper$requestRemoteInfoInner$1$2.invoke(RemoteUpdateHelper.kt:199)
03-31 16:36:04.494 W/System.err( 1051): at com.dangbei.etna.update.remote.RemoteUpdateHelper$requestRemoteInfoInner$1$2.invoke(RemoteUpdateHelper.kt:188)
03-31 16:36:04.494 W/System.err( 1051): at com.etna.haqu.support.ext.FlowExtKt$safeCollect$3.emit(FlowExt.kt:52)
03-31 16:36:04.495 W/System.err( 1051): at kotlinx.coroutines.flow.FlowKt__ErrorsKt$catchImpl$2.emit(Errors.kt:158)
03-31 16:36:04.495 W/System.err( 1051): at kotlinx.coroutines.flow.FlowKt__ChannelsKt.emitAllImpl$FlowKt__ChannelsKt(Channels.kt:62)
03-31 16:36:04.495 W/System.err( 1051): at kotlinx.coroutines.flow.FlowKt__ChannelsKt.access$emitAllImpl$FlowKt__ChannelsKt(Channels.kt:1)
03-31 16:36:04.495 W/System.err( 1051): at kotlinx.coroutines.flow.FlowKt__ChannelsKt$emitAllImpl$1.invokeSuspend(Unknown Source:14)
03-31 16:36:04.495 W/System.err( 1051): at kotlin.coroutines.jvm.internal.BaseContinuationImpl.resumeWith(ContinuationImpl.kt:33)
03-31 16:36:04.495 W/System.err( 1051): at kotlinx.coroutines.DispatchedTask.run(DispatchedTask.kt:106)
03-31 16:36:04.495 W/System.err( 1051): at android.os.Handler.handleCallback(Handler.java:938)
03-31 16:36:04.495 W/System.err( 1051): at android.os.Handler.dispatchMessage(Handler.java:99)
03-31 16:36:04.495 W/System.err( 1051): at android.os.Looper.loopOnce(Looper.java:201)
03-31 16:36:04.495 W/System.err( 1051): at android.os.Looper.loop(Looper.java:288)
03-31 16:36:04.495 W/System.err( 1051): at android.app.ActivityThread.main(ActivityThread.java:7854)
03-31 16:36:04.495 W/System.err( 1051): at java.lang.reflect.Method.invoke(Native Method)
03-31 16:36:04.495 W/System.err( 1051): at com.android.internal.os.RuntimeInit$MethodAndArgsCaller.run(RuntimeInit.java:548)
03-31 16:36:04.495 W/System.err( 1051): at com.android.internal.os.ZygoteInit.main(ZygoteInit.java:1182)
03-31 16:36:04.513 D/CompatibilityChangeReporter( 479): Compat change id reported: 168419799; UID 10063; state: DISABLED
03-31 16:36:04.527 E/ccc ( 1051): cccccc com.dangbei.haqusetting not connect
03-31 16:36:04.527 E/ccc ( 1051): cccccc updateHelper 通知更新
03-31 16:36:04.527 E/dangbei111( 1051): cccccc requestRemoteInfoInner 出现异常 Attempt to invoke virtual method 'java.lang.String com.etna.haqu.model.business.bean.db.remote.RemoteUpdateBean.getDownloadId()' on a null object reference
03-31 16:36:04.532 I/lerad.etna.haq( 1051): Background young concurrent copying GC freed 28111(2214KB) AllocSpace objects, 4(80KB) LOS objects, 35% free, 4055KB/6248KB, paused 251us total 248.647ms
03-31 16:36:04.534 W/System ( 1051): A resource failed to call close.
03-31 16:36:04.534 W/System ( 1051): A resource failed to call close.
03-31 16:36:04.534 W/System ( 1051): A resource failed to call close.
03-31 16:36:04.534 W/System ( 1051): A resource failed to call close.
03-31 16:36:04.536 W/IorapForwardingService( 479): No service published for: iorapd
03-31 16:36:04.536 D/CompatibilityChangeReporter( 2100): Compat change id reported: 171979766; UID 10063; state: ENABLED
03-31 16:36:04.553 I/okhttp.OkHttpClient( 1051): <-- 200 OK http://tyapi.qun7.com/v1/core/launcherota (228ms, unknown-length body)
01-01 08:00:34.401 I/ ( 378): DVI mode selected: packets not configured
01-01 08:00:34.408 I/ ( 378): Error: set vsif failed
03-31 16:36:04.577 I/okhttp.OkHttpClient( 1051): <-- 200 OK http://tymsgapi.qun7.com/v1/core/appupdate (137ms, unknown-length body)
03-31 16:36:04.597 E/ccc ( 1051): cccccc launcher ota response is BaseResponse{message='success', data=UpgradeInfoEntity{contentLength=46663288, versionName='2.9.4.9', versionCode=102949, remark='1、桌面优化相关内容', list=[LauncherUpdateBean{downloadId='1', packName='com.dangbei.leard.leradlauncher', versionName='2.9.4.9', versionCode=102949, downUrl='http://dl.qun7.com/tyapp/2025-12-18/694364feed4bb.apk', reUrl='http://dl.v5tv.com/tyapp/2025-12-18/694364feed4bb.apk', reUrl2='http://dl.qun7.com/tyapp/2025-12-18/694364feed4bb.apk', contentLength=46663288, md5v='dd31e10a23bc8af67937ee194f87b070', tempUrl='null', desc='null', status=idle, progress=0.0, isPaused=false, cancelled=false, extraInfo='null', localPath='null', current=0, create_time=0, remark='null', upType=0}, LauncherUpdateBean{downloadId='2', packName='', versionName='2.9.4.9', versionCode=102949, downUrl='', reUrl='', reUrl2='', contentLength=0, md5v='', tempUrl='null', desc='null', status=idle, progress=0.0, isPaused=false, cancelled=false, extraInfo='null', localPath='null', current=0, create_time=0, remark='null', upType=0}, LauncherUpdateBean{downloadId='3', packName='', versionName='2.9.4.9', versionCode=102949, downUrl='', reUrl='', reUrl2='', contentLength=0, md5v='', tempUrl='null', desc='null', status=idle, progress=0.0, isPaused=false, cancelled=false, extraInfo='null', localPath='null', current=0, create_time=0, remark='null', upType=0}]}, code=0}
03-31 16:36:04.598 E/ccc ( 1051): cccccc local code is 102949 net code is 102949
03-31 16:36:04.602 E/ccc ( 1051): cccccc requestLauncherUpdateInfo BaseResponse{message='success', data=UpgradeInfoEntity{contentLength=46663288, versionName='2.9.4.9', versionCode=102949, remark='1、桌面优化相关内容', list=[LauncherUpdateBean{downloadId='1', packName='com.dangbei.leard.leradlauncher', versionName='2.9.4.9', versionCode=102949, downUrl='http://dl.qun7.com/tyapp/2025-12-18/694364feed4bb.apk', reUrl='http://dl.v5tv.com/tyapp/2025-12-18/694364feed4bb.apk', reUrl2='http://dl.qun7.com/tyapp/2025-12-18/694364feed4bb.apk', contentLength=46663288, md5v='dd31e10a23bc8af67937ee194f87b070', tempUrl='null', desc='null', status=idle, progress=0.0, isPaused=false, cancelled=false, extraInfo='null', localPath='null', current=0, create_time=0, remark='null', upType=0}, LauncherUpdateBean{downloadId='2', packName='', versionName='2.9.4.9', versionCode=102949, downUrl='', reUrl='', reUrl2='', contentLength=0, md5v='', tempUrl='null', desc='null', status=idle, progress=0.0, isPaused=false, cancelled=false, extraInfo='null', localPath='null', current=0, create_time=0, remark='null', upType=0}, LauncherUpdateBean{downloadId='3', packName='', versionName='2.9.4.9', versionCode=102949, downUrl='', reUrl='', reUrl2='', contentLength=0, md5v='', tempUrl='null', desc='null', status=idle, progress=0.0, isPaused=false, cancelled=false, extraInfo='null', localPath='null', current=0, create_time=0, remark='null', upType=0}]}, code=0}
03-31 16:36:04.612 V/GraphicsEnvironment( 2100): ANGLE Developer option for 'com.android.remoteprovisioner' set to: 'default'
03-31 16:36:04.612 V/GraphicsEnvironment( 2100): Neither updatable production driver nor prerelease driver is supported.
03-31 16:36:04.616 D/NetworkSecurityConfig( 2100): No Network Security Config specified, using platform default
03-31 16:36:04.617 D/NetworkSecurityConfig( 2100): No Network Security Config specified, using platform default
03-31 16:36:04.619 E/hq ( 1095): Etna:::sendInspectLauncherUpdate
03-31 16:36:04.624 I/RemoteProvisioningBootReceiver( 2100): Caught boot intent, waking up.
03-31 16:36:04.639 E/ccc ( 1051): cccccc SystemUpdateHelper launcherUpdate {"launcherCodeLocal":102949,"launcherCodeNet":0,"launcherVersionLocal":"2.9.4.9","launcherVersionNet":"","otaCodeLocal":0,"otaCodeNet":0,"remoteNeedUpdate":false,"updateType":""}
03-31 16:36:04.651 W/MediaProvider( 1033): getVolumePath for unknown volume: internal
03-31 16:36:04.660 D/ConnectivityService( 479): requestNetwork for uid/pid:1000/479 asUid: 10063 activeRequest: null callbackRequest: 29 [NetworkRequest [ REQUEST id=30, [ Capabilities: INTERNET&NOT_RESTRICTED&TRUSTED&NOT_VCN_MANAGED Uid: 10063 RequestorUid: 1000 RequestorPkg: android] ]] callback flags: 0 priority: 2147483647
03-31 16:36:04.661 D/ConnectivityService( 479): NetReassign [30 : null → 100]
03-31 16:36:04.663 D/WifiNetworkFactory( 479): got request NetworkRequest [ REQUEST id=30, [ Capabilities: INTERNET&NOT_RESTRICTED&TRUSTED&NOT_VCN_MANAGED Uid: 10063 RequestorUid: 1000 RequestorPkg: android] ]
03-31 16:36:04.663 D/Ethernet( 479): got request NetworkRequest [ REQUEST id=30, [ Capabilities: INTERNET&NOT_RESTRICTED&TRUSTED&NOT_VCN_MANAGED Uid: 10063 RequestorUid: 1000 RequestorPkg: android] ]
03-31 16:36:04.664 D/EthernetNetworkFactory( 479): acceptRequest, request: NetworkRequest [ REQUEST id=30, [ Capabilities: INTERNET&NOT_RESTRICTED&TRUSTED&NOT_VCN_MANAGED Uid: 10063 RequestorUid: 1000 RequestorPkg: android] ]
03-31 16:36:04.664 I/EthernetNetworkFactory( 479): networkForRequest, request: NetworkRequest [ REQUEST id=30, [ Capabilities: INTERNET&NOT_RESTRICTED&TRUSTED&NOT_VCN_MANAGED Uid: 10063 RequestorUid: 1000 RequestorPkg: android] ], network: null
03-31 16:36:04.664 D/UntrustedWifiNetworkFactory( 479): got request NetworkRequest [ REQUEST id=30, [ Capabilities: INTERNET&NOT_RESTRICTED&TRUSTED&NOT_VCN_MANAGED Uid: 10063 RequestorUid: 1000 RequestorPkg: android] ]
03-31 16:36:04.665 D/OemPaidWifiNetworkFactory( 479): got request NetworkRequest [ REQUEST id=30, [ Capabilities: INTERNET&NOT_RESTRICTED&TRUSTED&NOT_VCN_MANAGED Uid: 10063 RequestorUid: 1000 RequestorPkg: android] ]
03-31 16:36:04.678 I/ActivityManager( 479): com.android.shell is exempt from freezer
03-31 16:36:04.678 D/CompatibilityChangeReporter( 479): Compat change id reported: 135634846; UID 2000; state: DISABLED
03-31 16:36:04.678 D/CompatibilityChangeReporter( 479): Compat change id reported: 177438394; UID 2000; state: DISABLED
03-31 16:36:04.679 D/CompatibilityChangeReporter( 479): Compat change id reported: 135772972; UID 2000; state: DISABLED
03-31 16:36:04.679 D/CompatibilityChangeReporter( 479): Compat change id reported: 135754954; UID 2000; state: ENABLED
03-31 16:36:04.687 W/MediaProvider( 1033): getVolumePath for unknown volume: internal
03-31 16:36:04.688 D/etnaManager( 1095): 不需要更新桌面
03-31 16:36:04.690 W/MediaProvider( 1033): getVolumePath for unknown volume: internal
03-31 16:36:04.693 I/RemoteProvisioningService( 2100): Starting provisioning job
03-31 16:36:04.705 D/Zygote ( 244): Forked child process 2124
03-31 16:36:04.707 I/ActivityManager( 479): app.processName = com.android.shell
03-31 16:36:04.707 I/ActivityManager( 479): Start proc 2124:com.android.shell/2000 for broadcast {com.android.shell/com.android.shell.HeapDumpReceiver}
03-31 16:36:04.713 W/MediaProvider( 1033): getVolumePath for unknown volume: internal
03-31 16:36:04.714 I/Zygote ( 2124): seccomp disabled by setenforce 0
03-31 16:36:04.715 W/MediaProvider( 1033): getVolumePath for unknown volume: internal
03-31 16:36:04.724 I/rainbow_flow( 1993): type=1400 audit(0.0:712): avc: denied { ioctl } for path="/dev/spidev1.0" dev="tmpfs" ino=3270 ioctlcmd=0x6b00 scontext=u:r:init:s0 tcontext=u:object_r:device:s0 tclass=chr_file permissive=1
03-31 16:36:04.741 I/adbd ( 397): jdwp connection from 2124
03-31 16:36:04.794 D/CompatibilityChangeReporter( 479): Compat change id reported: 168419799; UID 2000; state: DISABLED
01-01 08:00:34.626 I/ ( 378): DVI mode selected: packets not configured
01-01 08:00:34.633 I/ ( 378): Error: set vsif failed
03-31 16:36:04.808 D/CompatibilityChangeReporter( 2124): Compat change id reported: 171979766; UID 2000; state: ENABLED
01-01 08:00:34.677 I/ ( 378): DVI mode selected: packets not configured
01-01 08:00:34.683 I/ ( 378): Error: set vsif failed
03-31 16:36:04.880 E/hq ( 1095): ErrorCoroutineExceptionHandler:::runTry error:com.dangbei.leard.base.proider.error.EmptyApiException: 数据为空 from=requestMessageDialog from=requestMessageDialog
03-31 16:36:04.890 E/WifiHAL ( 667): wifi_get_link_stats: requestResponse Error:-5
03-31 16:36:04.891 E/WifiVendorHal( 479): getWifiLinkLayerStats_1_5_Internal(l.1191) failed {.code = ERROR_INVALID_ARGS, .description = }
03-31 16:36:04.888 I/EventThread( 263): type=1400 audit(0.0:713): avc: denied { search } for name="extcon" dev="sysfs" ino=18102 scontext=u:r:hal_tv_cec_default:s0 tcontext=u:object_r:sysfs_extcon:s0 tclass=dir permissive=1
03-31 16:36:04.896 V/GraphicsEnvironment( 2124): ANGLE Developer option for 'com.android.shell' set to: 'default'
03-31 16:36:04.896 V/GraphicsEnvironment( 2124): Neither updatable production driver nor prerelease driver is supported.
03-31 16:36:04.904 D/NetworkSecurityConfig( 2124): No Network Security Config specified, using platform default
03-31 16:36:04.904 D/NetworkSecurityConfig( 2124): No Network Security Config specified, using platform default
03-31 16:36:04.939 D/HeapDumpReceiver( 2124): onReceive(): Intent { act=android.intent.action.BOOT_COMPLETED flg=0x89000010 cmp=com.android.shell/.HeapDumpReceiver (has extras) }
03-31 16:36:04.948 D/HeapDumpReceiver( 2124): Deleting from /data/user_de/0/com.android.shell/files/heapdumps
03-31 16:36:04.951 D/CompatibilityChangeReporter( 479): Compat change id reported: 135634846; UID 10017; state: DISABLED
03-31 16:36:04.952 D/CompatibilityChangeReporter( 479): Compat change id reported: 177438394; UID 10017; state: DISABLED
03-31 16:36:04.952 D/CompatibilityChangeReporter( 479): Compat change id reported: 135772972; UID 10017; state: DISABLED
03-31 16:36:04.952 D/CompatibilityChangeReporter( 479): Compat change id reported: 135754954; UID 10017; state: DISABLED
03-31 16:36:04.953 D/CompatibilityChangeReporter( 479): Compat change id reported: 143937733; UID 10017; state: DISABLED
03-31 16:36:04.973 D/Zygote ( 244): Forked child process 2157
03-31 16:36:04.974 I/ActivityManager( 479): app.processName = com.android.statementservice
03-31 16:36:04.974 I/ActivityManager( 479): Start proc 2157:com.android.statementservice/u0a17 for broadcast {com.android.statementservice/com.android.statementservice.domain.BootCompletedReceiver}
03-31 16:36:04.983 I/Zygote ( 2157): seccomp disabled by setenforce 0
03-31 16:36:05.006 D/MDnsDS ( 243): Monitor poll got data pollCount = 2, 1
03-31 16:36:05.006 D/MDnsDS ( 243): Monitor found [1].revents = 1 - calling ProcessResults
03-31 16:36:05.006 D/MDnsDS ( 243): register succeeded for 3 as 192.168.3.131
03-31 16:36:05.006 D/MDnsDS ( 243): controlSocket shows revent= 0
03-31 16:36:05.006 D/MDnsDS ( 243): Going to poll with pollCount 2
03-31 16:36:05.010 D/NsdService( 479): Native daemon message SERVICE_REGISTERED: 606 3 "192.168.3.131"
03-31 16:36:05.011 I/adbd ( 397): jdwp connection from 2157
03-31 16:36:05.012 D/LanCommander( 1051): com.dangbei.andes.bean.RegistrationData@229d513----------------onServiceRegistered
03-31 16:36:05.030 D/CompatibilityChangeReporter( 479): Compat change id reported: 168419799; UID 10017; state: DISABLED
03-31 16:36:05.043 D/AppManager( 1095): checkLocalAppsIsValid: size
03-31 16:36:05.043 D/AppManager( 1095): AppManager resetData:
03-31 16:36:05.043 D/CompatibilityChangeReporter( 2157): Compat change id reported: 171979766; UID 10017; state: DISABLED
03-31 16:36:05.053 D/ApplicationLoaders( 2157): Returning zygote-cached class loader: /system/framework/android.test.base.jar
03-31 16:36:05.076 I/tatementservice( 2157): type=1400 audit(0.0:714): avc: denied { getattr } for path="/data/user/0/com.android.statementservice" dev="mmcblk0p25" ino=901 scontext=u:r:platform_app:s0:c512,c768 tcontext=u:object_r:app_data_file:s0:c512,c768 tclass=dir permissive=1 app=com.android.statementservice
03-31 16:36:05.080 I/rainbow_flow( 1993): type=1400 audit(0.0:715): avc: denied { ioctl } for path="/dev/spidev1.0" dev="tmpfs" ino=3270 ioctlcmd=0x6b00 scontext=u:r:init:s0 tcontext=u:object_r:device:s0 tclass=chr_file permissive=1
01-01 08:00:34.917 I/ ( 378): DVI mode selected: packets not configured
01-01 08:00:34.923 I/ ( 378): Error: set vsif failed
03-31 16:36:05.124 I/tatementservice( 2157): type=1400 audit(0.0:716): avc: denied { search } for name="com.android.statementservice" dev="mmcblk0p25" ino=901 scontext=u:r:platform_app:s0:c512,c768 tcontext=u:object_r:app_data_file:s0:c512,c768 tclass=dir permissive=1 app=com.android.statementservice
03-31 16:36:05.141 V/GraphicsEnvironment( 2157): ANGLE Developer option for 'com.android.statementservice' set to: 'default'
03-31 16:36:05.141 V/GraphicsEnvironment( 2157): Neither updatable production driver nor prerelease driver is supported.
03-31 16:36:05.143 D/NetworkSecurityConfig( 2157): No Network Security Config specified, using platform default
03-31 16:36:05.144 D/NetworkSecurityConfig( 2157): No Network Security Config specified, using platform default
03-31 16:36:05.157 W/MediaProvider( 1033): getVolumePath for unknown volume: internal
03-31 16:36:05.160 W/MediaProvider( 1033): getVolumePath for unknown volume: internal
03-31 16:36:05.173 W/d.leradlaunche( 1095): Long monitor contention with owner DefaultDispatcher-worker-1 (1196) at java.util.Set b6.a.a(boolean, java.util.List, java.util.Map, java.util.List, gg.e)(SourceFile:186) waiters=0 in java.util.Set b6.a.a(boolean, java.util.List, java.util.Map, java.util.List, gg.e) for 680ms
01-01 08:00:35.043 W/audit ( 2181): audit_lost=279 audit_rate_limit=5 audit_backlog_limit=64
01-01 08:00:35.056 E/audit ( 2181): rate limit exceeded
03-31 16:36:05.237 E/hq ( 1095): WeatherRefresh:::请求网络地址后,更新的地理位置为:101280601
03-31 16:36:05.249 I/MediaProvider( 1033): Scanned internal due to REASON_MOUNTED, found 230 items in 4228ms, 0 inserts 7 updates 0 deletes
03-31 16:36:05.281 D/CompatibilityChangeReporter( 2157): Compat change id reported: 160794467; UID 10017; state: DISABLED
03-31 16:36:05.286 D/CompatibilityChangeReporter( 479): Compat change id reported: 171306433; UID 10017; state: DISABLED
03-31 16:36:05.303 D/ConnectivityService( 479): requestNetwork for uid/pid:1000/479 asUid: 10017 activeRequest: null callbackRequest: 31 [NetworkRequest [ REQUEST id=32, [ Capabilities: INTERNET&NOT_RESTRICTED&TRUSTED&NOT_VCN_MANAGED Uid: 10017 RequestorUid: 1000 RequestorPkg: android] ]] callback flags: 0 priority: 2147483647
03-31 16:36:05.304 D/ConnectivityService( 479): NetReassign [32 : null → 100]
03-31 16:36:05.306 D/Ethernet( 479): got request NetworkRequest [ REQUEST id=32, [ Capabilities: INTERNET&NOT_RESTRICTED&TRUSTED&NOT_VCN_MANAGED Uid: 10017 RequestorUid: 1000 RequestorPkg: android] ]
03-31 16:36:05.306 D/EthernetNetworkFactory( 479): acceptRequest, request: NetworkRequest [ REQUEST id=32, [ Capabilities: INTERNET&NOT_RESTRICTED&TRUSTED&NOT_VCN_MANAGED Uid: 10017 RequestorUid: 1000 RequestorPkg: android] ]
03-31 16:36:05.306 D/WifiNetworkFactory( 479): got request NetworkRequest [ REQUEST id=32, [ Capabilities: INTERNET&NOT_RESTRICTED&TRUSTED&NOT_VCN_MANAGED Uid: 10017 RequestorUid: 1000 RequestorPkg: android] ]
03-31 16:36:05.306 I/EthernetNetworkFactory( 479): networkForRequest, request: NetworkRequest [ REQUEST id=32, [ Capabilities: INTERNET&NOT_RESTRICTED&TRUSTED&NOT_VCN_MANAGED Uid: 10017 RequestorUid: 1000 RequestorPkg: android] ], network: null
03-31 16:36:05.306 D/UntrustedWifiNetworkFactory( 479): got request NetworkRequest [ REQUEST id=32, [ Capabilities: INTERNET&NOT_RESTRICTED&TRUSTED&NOT_VCN_MANAGED Uid: 10017 RequestorUid: 1000 RequestorPkg: android] ]
03-31 16:36:05.307 D/OemPaidWifiNetworkFactory( 479): got request NetworkRequest [ REQUEST id=32, [ Capabilities: INTERNET&NOT_RESTRICTED&TRUSTED&NOT_VCN_MANAGED Uid: 10017 RequestorUid: 1000 RequestorPkg: android] ]
03-31 16:36:05.318 D/CompatibilityChangeReporter( 479): Compat change id reported: 135634846; UID 10057; state: DISABLED
03-31 16:36:05.318 D/CompatibilityChangeReporter( 479): Compat change id reported: 177438394; UID 10057; state: DISABLED
03-31 16:36:05.318 D/CompatibilityChangeReporter( 479): Compat change id reported: 135772972; UID 10057; state: DISABLED
03-31 16:36:05.318 D/CompatibilityChangeReporter( 479): Compat change id reported: 135754954; UID 10057; state: DISABLED
03-31 16:36:05.319 D/CompatibilityChangeReporter( 479): Compat change id reported: 143937733; UID 10057; state: DISABLED
03-31 16:36:05.344 D/Zygote ( 244): Forked child process 2191
03-31 16:36:05.347 I/ActivityManager( 479): app.processName = com.android.tv
03-31 16:36:05.347 I/ActivityManager( 479): Start proc 2191:com.android.tv/u0a57 for broadcast {com.android.tv/com.android.tv.receiver.BootCompletedReceiver}
03-31 16:36:05.355 I/Zygote ( 2191): seccomp disabled by setenforce 0
03-31 16:36:05.393 I/adbd ( 397): jdwp connection from 2191
03-31 16:36:05.423 D/CompatibilityChangeReporter( 479): Compat change id reported: 168419799; UID 10057; state: DISABLED
03-31 16:36:05.439 D/CompatibilityChangeReporter( 2191): Compat change id reported: 171979766; UID 10057; state: DISABLED
03-31 16:36:05.448 D/ProfileInstaller( 1095): Skipping profile installation for com.dangbei.leard.leradlauncher
03-31 16:36:05.473 D/ApplicationLoaders( 2191): Returning zygote-cached class loader: /system/framework/android.test.base.jar
03-31 16:36:05.496 D/ConnectivityService( 479): requestNetwork for uid/pid:10017/2157 activeRequest: null callbackRequest: 33 [NetworkRequest [ REQUEST id=34, [ Capabilities: INTERNET&NOT_RESTRICTED&TRUSTED&NOT_VCN_MANAGED Uid: 10017 RequestorUid: 10017 RequestorPkg: com.android.statementservice] ]] callback flags: 0 priority: 2147483647
03-31 16:36:05.497 D/ConnectivityService( 479): NetReassign [34 : null → 100]
03-31 16:36:05.507 D/Ethernet( 479): got request NetworkRequest [ REQUEST id=34, [ Capabilities: INTERNET&NOT_RESTRICTED&TRUSTED&NOT_VCN_MANAGED Uid: 10017 RequestorUid: 10017 RequestorPkg: com.android.statementservice] ]
03-31 16:36:05.507 D/EthernetNetworkFactory( 479): acceptRequest, request: NetworkRequest [ REQUEST id=34, [ Capabilities: INTERNET&NOT_RESTRICTED&TRUSTED&NOT_VCN_MANAGED Uid: 10017 RequestorUid: 10017 RequestorPkg: com.android.statementservice] ]
03-31 16:36:05.507 I/EthernetNetworkFactory( 479): networkForRequest, request: NetworkRequest [ REQUEST id=34, [ Capabilities: INTERNET&NOT_RESTRICTED&TRUSTED&NOT_VCN_MANAGED Uid: 10017 RequestorUid: 10017 RequestorPkg: com.android.statementservice] ], network: null
03-31 16:36:05.508 D/WifiNetworkFactory( 479): got request NetworkRequest [ REQUEST id=34, [ Capabilities: INTERNET&NOT_RESTRICTED&TRUSTED&NOT_VCN_MANAGED Uid: 10017 RequestorUid: 10017 RequestorPkg: com.android.statementservice] ]
03-31 16:36:05.508 D/UntrustedWifiNetworkFactory( 479): got request NetworkRequest [ REQUEST id=34, [ Capabilities: INTERNET&NOT_RESTRICTED&TRUSTED&NOT_VCN_MANAGED Uid: 10017 RequestorUid: 10017 RequestorPkg: com.android.statementservice] ]
03-31 16:36:05.508 D/OemPaidWifiNetworkFactory( 479): got request NetworkRequest [ REQUEST id=34, [ Capabilities: INTERNET&NOT_RESTRICTED&TRUSTED&NOT_VCN_MANAGED Uid: 10017 RequestorUid: 10017 RequestorPkg: com.android.statementservice] ]
03-31 16:36:05.540 W/IorapForwardingService( 479): No service published for: iorapd
03-31 16:36:05.547 E/hq ( 1095): WeatherRefresh:::请求网络地址后,更新的地理位置为:101280601
03-31 16:36:05.563 D/nativeloader( 2191): classloader namespace configured for unbundled product apk. library_path=/product/priv-app/LiveTv/lib/arm:/product/lib:/system/product/lib
03-31 16:36:05.620 I/WM-WorkerWrapper( 2157): Worker result SUCCESS for Work [ id=2d313249-a758-403c-9053-c995e9c83cf3, tags={ com.android.statementservice.domain.worker.RetryRequestWorker } ]
03-31 16:36:05.656 I/MediaProvider( 1033): Scanned external_primary due to REASON_MOUNTED, found 46 items in 385ms, 0 inserts 4 updates 0 deletes
03-31 16:36:05.672 V/GraphicsEnvironment( 2191): ANGLE Developer option for 'com.android.tv' set to: 'default'
03-31 16:36:05.673 V/GraphicsEnvironment( 2191): Neither updatable production driver nor prerelease driver is supported.
03-31 16:36:05.680 I/MediaProvider( 1033): End Intent { act=com.android.providers.media.action.SCAN_VOLUME (has extras) }
03-31 16:36:05.683 D/NetworkSecurityConfig( 2191): No Network Security Config specified, using platform default
03-31 16:36:05.688 D/NetworkSecurityConfig( 2191): No Network Security Config specified, using platform default
03-31 16:36:05.696 E/dangbei111( 1051): cccccc 准备开始进行 startScanInner
03-31 16:36:05.696 E/dangbei111( 1051): cccccc 小于10s 由于之前已经开始扫描了 不在开启新的扫描
03-31 16:36:05.742 E/hq ( 1095): 当小贝:::message list add complete data.messageList:[]
03-31 16:36:05.742 E/hq ( 1095): data.tabList=[]
03-31 16:36:05.742 I/hq ( 1095): 当小贝:::showMessage from=requestGetMessageRemind
03-31 16:36:05.764 I/hq ( 1095): 当小贝:::showMessage 没有消息需要显示
03-31 16:36:05.780 W/d.leradlaunche( 1095): Long monitor contention with owner DefaultDispatcher-worker-1 (1196) at java.util.Set b6.a.a(boolean, java.util.List, java.util.Map, java.util.List, gg.e)(SourceFile:186) waiters=1 in java.util.Set b6.a.a(boolean, java.util.List, java.util.Map, java.util.List, gg.e) for 730ms
03-31 16:36:05.793 E/weather ( 1095):
03-31 16:36:05.798 E/weatherWidget( 1095): dataChange:Tue Mar 31 16:36:05 GMT+08:00 2026
03-31 16:36:05.820 W/UnsafeUtil( 2191): platform method missing - proto runtime falling back to safer methods: java.lang.NoSuchMethodException: sun.misc.Unsafe.copyMemory [class java.lang.Object, long, class java.lang.Object, long, long]
03-31 16:36:05.855 E/AppListVm( 1095): LIVE_DATA_APP_LIST change this@=com.dangbei.launcher.home.view.vm.AppListVm@2ba917e
03-31 16:36:05.857 E/AppListVm( 1095): LIVE_DATA_APP_LIST change this@=com.dangbei.launcher.home.view.vm.AppListVm@73886df
03-31 16:36:05.858 E/bt_upio ( 250): upio_set : /proc/bluetooth/sleep/btwrite(-1) incorrent
03-31 16:36:05.862 D/AppManager( 1095): checkLocalAppsIsValid:
03-31 16:36:05.864 D/AppManager( 1095): checkLocalAppsIsValid:
03-31 16:36:06.027 D/CompatibilityChangeReporter( 479): Compat change id reported: 135634846; UID 10057; state: DISABLED
03-31 16:36:06.027 D/CompatibilityChangeReporter( 479): Compat change id reported: 177438394; UID 10057; state: DISABLED
03-31 16:36:06.027 D/CompatibilityChangeReporter( 479): Compat change id reported: 135772972; UID 10057; state: DISABLED
03-31 16:36:06.027 D/CompatibilityChangeReporter( 479): Compat change id reported: 135754954; UID 10057; state: DISABLED
03-31 16:36:06.028 D/CompatibilityChangeReporter( 479): Compat change id reported: 143937733; UID 10057; state: DISABLED
03-31 16:36:06.052 I/TvApplication( 2191): Starting TV app 1.24-asop
03-31 16:36:06.053 I/TvApplication( 2191): Started TV app 1.24-asop
03-31 16:36:06.058 D/Zygote ( 244): Forked child process 2227
03-31 16:36:06.059 I/ActivityManager( 479): app.processName = com.android.tv.common
03-31 16:36:06.059 I/ActivityManager( 479): Start proc 2227:com.android.tv.common/u0a57 for content provider {com.android.tv/com.android.tv.common.CommonPreferenceProvider}
03-31 16:36:06.068 I/Zygote ( 2227): seccomp disabled by setenforce 0
03-31 16:36:06.086 W/d.leradlaunche( 1095): Long monitor contention with owner DefaultDispatcher-worker-18 (1709) at java.util.Set b6.a.a(boolean, java.util.List, java.util.Map, java.util.List, gg.e)(SourceFile:186) waiters=0 in java.util.Set b6.a.a(boolean, java.util.List, java.util.Map, java.util.List, gg.e) for 224ms
03-31 16:36:06.090 E/AppListVm( 1095): LIVE_DATA_APP_LIST change this@=com.dangbei.launcher.home.view.vm.AppListVm@2ba917e
03-31 16:36:06.091 E/AppListVm( 1095): LIVE_DATA_APP_LIST change this@=com.dangbei.launcher.home.view.vm.AppListVm@73886df
03-31 16:36:06.094 D/AppManager( 1095): checkLocalAppsIsValid:
03-31 16:36:06.096 D/AppManager( 1095): checkLocalAppsIsValid:
03-31 16:36:06.112 I/ActivityManager( 479): Background started FGS: Allowed [callingPackage: com.android.tv; callingUid: 10057; uidState: RCVR; intent: Intent { cmp=com.android.tv/.dvr.recorder.DvrRecordingService (has extras) }; code:BACKGROUND_ACTIVITY_PERMISSION; tempAllowListReason:; targetSdkVersion:29; callerTargetSdkVersion:29; startForegroundCount:0; bindFromPackage:null]
03-31 16:36:06.117 I/d.leradlaunche( 1095): Background concurrent copying GC freed 149908(8462KB) AllocSpace objects, 17(1420KB) LOS objects, 49% free, 19MB/38MB, paused 4.859ms total 1.990s
03-31 16:36:06.076 I/rainbow_flow( 1993): type=1400 audit(0.0:726): avc: denied { ioctl } for path="/dev/spidev1.0" dev="tmpfs" ino=3270 ioctlcmd=0x6b00 scontext=u:r:init:s0 tcontext=u:object_r:device:s0 tclass=chr_file permissive=1
03-31 16:36:06.143 I/ActivityManager( 479): Deferring FGS notification in legacy app com.android.tv/u0a57 : Notification(channel=dvr_notification_channel shortcut=null contentView=null vibrate=null sound=null defaults=0x0 flags=0x40 color=0x00000000 vis=PRIVATE)
03-31 16:36:06.151 I/adbd ( 397): jdwp connection from 2227
03-31 16:36:06.165 D/CompatibilityChangeReporter( 479): Compat change id reported: 168419799; UID 1000; state: DISABLED
03-31 16:36:06.176 W/ContextImpl( 824): Calling a method in the system process without a qualified user: android.app.ContextImpl.startService:1816 android.content.ContextWrapper.startService:774 android.content.ContextWrapper.startService:774 com.android.tv.settings.help.BootBroadcastReceiver.onReceive:18 android.app.ActivityThread.handleReceiver:4308
03-31 16:36:06.177 W/ActivityManager( 479): Unable to start service Intent { cmp=com.android.tv.settings/.app_lock.MainService } U=0: not found
03-31 16:36:06.179 V/BootBroadcastReceiver( 824): autorun
03-31 16:36:06.199 I/ActivityManager( 479): com.dangbei.zhushou.os is exempt from freezer
03-31 16:36:06.200 D/CompatibilityChangeReporter( 479): Compat change id reported: 135634846; UID 1000; state: DISABLED
03-31 16:36:06.217 D/CompatibilityChangeReporter( 2227): Compat change id reported: 171979766; UID 10057; state: DISABLED
03-31 16:36:06.230 D/Zygote ( 244): Forked child process 2252
03-31 16:36:06.237 I/Zygote ( 2252): seccomp disabled by setenforce 0
03-31 16:36:06.237 I/ActivityManager( 479): app.processName = com.dangbei.zhushou.os
03-31 16:36:06.237 I/ActivityManager( 479): Start proc 2252:com.dangbei.zhushou.os/1000 for broadcast {com.dangbei.zhushou.os/com.dangbei.projector.assistant.receiver.BootReceiver}
03-31 16:36:06.253 D/ApplicationLoaders( 2227): Returning zygote-cached class loader: /system/framework/android.test.base.jar
03-31 16:36:06.285 D/nativeloader( 2227): classloader namespace configured for unbundled product apk. library_path=/product/priv-app/LiveTv/lib/arm:/product/lib:/system/product/lib
03-31 16:36:06.292 I/adbd ( 397): jdwp connection from 2252
03-31 16:36:06.349 V/GraphicsEnvironment( 2227): ANGLE Developer option for 'com.android.tv' set to: 'default'
03-31 16:36:06.350 V/GraphicsEnvironment( 2227): Neither updatable production driver nor prerelease driver is supported.
03-31 16:36:06.361 D/NetworkSecurityConfig( 2227): No Network Security Config specified, using platform default
03-31 16:36:06.362 D/NetworkSecurityConfig( 2227): No Network Security Config specified, using platform default
03-31 16:36:06.371 D/CompatibilityChangeReporter( 2252): Compat change id reported: 171979766; UID 1000; state: DISABLED
03-31 16:36:06.393 W/UnsafeUtil( 2227): platform method missing - proto runtime falling back to safer methods: java.lang.NoSuchMethodException: sun.misc.Unsafe.copyMemory [class java.lang.Object, long, class java.lang.Object, long, long]
03-31 16:36:06.404 D/ApplicationLoaders( 2252): Returning zygote-cached class loader: /system/framework/android.test.base.jar
03-31 16:36:06.404 D/ApplicationLoaders( 2252): Returning zygote-cached class loader: /system/framework/android.hidl.manager-V1.0-java.jar
03-31 16:36:06.404 D/ApplicationLoaders( 2252): Returning zygote-cached class loader: /system/framework/android.hidl.base-V1.0-java.jar
03-31 16:36:06.392 I/EventThread( 263): type=1400 audit(0.0:727): avc: denied { search } for name="extcon" dev="sysfs" ino=18102 scontext=u:r:hal_tv_cec_default:s0 tcontext=u:object_r:sysfs_extcon:s0 tclass=dir permissive=1
03-31 16:36:06.526 D/AppManager( 1095): checkLocalAppsIsValid: success
03-31 16:36:06.540 I/TvApplication( 2227): Starting TV app 1.24-asop
03-31 16:36:06.541 W/IorapForwardingService( 479): No service published for: iorapd
03-31 16:36:06.542 I/TvApplication( 2227): Started TV app 1.24-asop
03-31 16:36:06.548 V/GraphicsEnvironment( 2252): ANGLE Developer option for 'com.dangbei.zhushou.os' set to: 'default'
03-31 16:36:06.548 V/GraphicsEnvironment( 2252): Neither updatable production driver nor prerelease driver is supported.
03-31 16:36:06.554 D/NetworkSecurityConfig( 2252): No Network Security Config specified, using platform default
03-31 16:36:06.555 D/NetworkSecurityConfig( 2252): No Network Security Config specified, using platform default
03-31 16:36:06.560 I/MultiDex( 2252): VM with version 2.1.0 has multidex support
03-31 16:36:06.561 I/MultiDex( 2252): Installing application
03-31 16:36:06.561 I/MultiDex( 2252): VM has multidex support, MultiDex support library is disabled.
03-31 16:36:06.587 I/BLEAudioDrive_HV410( 249): select timeout!
03-31 16:36:06.722 W/d.leradlaunche( 1095): Long monitor contention with owner DefaultDispatcher-worker-3 (1198) at java.util.Set b6.a.a(boolean, java.util.List, java.util.Map, java.util.List, gg.e)(SourceFile:186) waiters=1 in java.util.Set b6.a.a(boolean, java.util.List, java.util.Map, java.util.List, gg.e) for 627ms
03-31 16:36:06.751 D/AppManager( 1095): checkLocalAppsIsValid: success
03-31 16:36:06.788 I/system_server( 479): Background concurrent copying GC freed 99326(5689KB) AllocSpace objects, 104(2648KB) LOS objects, 49% free, 10MB/21MB, paused 365us total 653.210ms
03-31 16:36:06.772 I/gbei.zhushou.os( 2252): type=1400 audit(0.0:728): avc: denied { read } for name="address" dev="sysfs" ino=25874 scontext=u:r:system_app:s0 tcontext=u:object_r:sysfs:s0 tclass=file permissive=1
03-31 16:36:06.792 I/gbei.zhushou.os( 2252): type=1400 audit(0.0:729): avc: denied { open } for path="/sys/devices/platform/unisoc_wifi/net/wlan1/address" dev="sysfs" ino=25874 scontext=u:r:system_app:s0 tcontext=u:object_r:sysfs:s0 tclass=file permissive=1
03-31 16:36:06.851 W/d.leradlaunche( 1095): Long monitor contention with owner DefaultDispatcher-worker-3 (1198) at java.util.Set b6.a.a(boolean, java.util.List, java.util.Map, java.util.List, gg.e)(SourceFile:186) waiters=2 in java.util.Set b6.a.a(boolean, java.util.List, java.util.Map, java.util.List, gg.e) for 756ms
03-31 16:36:06.792 I/gbei.zhushou.os( 2252): type=1400 audit(0.0:730): avc: denied { getattr } for path="/sys/devices/platform/unisoc_wifi/net/wlan1/address" dev="sysfs" ino=25874 scontext=u:r:system_app:s0 tcontext=u:object_r:sysfs:s0 tclass=file permissive=1
03-31 16:36:06.872 D/AppManager( 1095): checkLocalAppsIsValid: success
03-31 16:36:06.887 I/b ( 2252): -----------> Auto switch user, userId: -3377459
03-31 16:36:06.887 I/b ( 2252): -----------> doSwitchUserInternal, userId: -3377459
03-31 16:36:06.891 D/yl ( 2252): com.wangjie.rapidorm.c.b.a-------------------the tables are {class com.dangbei.setting.provider.dal.db.model.UserPreference=com.dangbei.setting.provider.dal.db.model.b@db70691, class com.dangbei.setting.provider.dal.db.model.User=com.dangbei.setting.provider.dal.db.model.c@1429f6}
03-31 16:36:06.970 D/ExifInterface( 1095): No image meets the size requirements of a thumbnail image.
03-31 16:36:06.972 D/AppManager( 1095): checkLocalAppsIsValid: success
03-31 16:36:07.014 D/CompatibilityChangeReporter( 2252): Compat change id reported: 147600208; UID 1000; state: DISABLED
03-31 16:36:07.211 I/TDLog ( 2252): setReportUncaughtExceptions: true
03-31 16:36:07.180 I/ThreadPoolUtils( 2252): type=1400 audit(0.0:731): avc: denied { read } for name="/" dev="dm-0" ino=2 scontext=u:r:system_app:s0 tcontext=u:object_r:rootfs:s0 tclass=dir permissive=1
03-31 16:36:07.180 I/ThreadPoolUtils( 2252): type=1400 audit(0.0:732): avc: denied { open } for path="/" dev="dm-0" ino=2 scontext=u:r:system_app:s0 tcontext=u:object_r:rootfs:s0 tclass=dir permissive=1
01-01 08:00:37.104 W/audit ( 2343): audit_lost=288 audit_rate_limit=5 audit_backlog_limit=64
03-31 16:36:07.248 I/ThreadPoolUtils( 2252): type=1400 audit(0.0:733): avc: denied { read } for name="sdcard" dev="tmpfs" ino=6238 scontext=u:r:system_app:s0 tcontext=u:object_r:mnt_sdcard_file:s0 tclass=lnk_file permissive=1
03-31 16:36:07.318 D/CompatibilityChangeReporter( 479): Compat change id reported: 135634846; UID 10034; state: DISABLED
03-31 16:36:07.319 D/CompatibilityChangeReporter( 479): Compat change id reported: 177438394; UID 10034; state: DISABLED
03-31 16:36:07.319 D/CompatibilityChangeReporter( 479): Compat change id reported: 135772972; UID 10034; state: DISABLED
03-31 16:36:07.319 D/CompatibilityChangeReporter( 479): Compat change id reported: 135754954; UID 10034; state: ENABLED
03-31 16:36:07.319 D/CompatibilityChangeReporter( 479): Compat change id reported: 143937733; UID 10034; state: ENABLED
03-31 16:36:07.332 I/TDLog ( 2252): TalkingData App Analytics SDK init...
03-31 16:36:07.332 I/TDLog ( 2252): SDK_VERSION is: Android+TD+V4.0.22 gp Type:Native Build_Num:712
03-31 16:36:07.332 I/TDLog ( 2252): App ID is: 219DEBE67C3B47D799EED1190DEACA09
03-31 16:36:07.332 I/TDLog ( 2252): App Channel is: statisticSDK
03-31 16:36:07.332 I/TDLog ( 2252): SDK_OVC is: TDOVC+a004ba0d7e569531a3ac013fd19b4443+SaaS
03-31 16:36:07.344 D/Zygote ( 244): Forked child process 2360
03-31 16:36:07.345 I/ActivityManager( 479): app.processName = com.softwinner.timerswitch
03-31 16:36:07.345 I/ActivityManager( 479): Start proc 2360:com.softwinner.timerswitch/u0a34 for broadcast {com.softwinner.timerswitch/com.softwinner.timerswitch.AlarmReceiver}
01-01 08:00:37.171 E/audit ( 2343): rate limit exceeded
03-31 16:36:07.362 I/Zygote ( 2360): seccomp disabled by setenforce 0
03-31 16:36:07.256 I/ThreadPoolUtils( 2252): type=1400 audit(0.0:734): avc: denied { getattr } for path="/mnt/pass_through" dev="tmpfs" ino=6222 scontext=u:r:system_app:s0 tcontext=u:object_r:mnt_pass_through_file:s0 tclass=dir permissive=1
03-31 16:36:07.256 I/ThreadPoolUtils( 2252): type=1400 audit(0.0:735): avc: denied { getattr } for path="/mnt/media_rw" dev="tmpfs" ino=6217 scontext=u:r:system_app:s0 tcontext=u:object_r:mnt_media_rw_file:s0 tclass=dir permissive=1
03-31 16:36:07.416 I/adbd ( 397): jdwp connection from 2360
03-31 16:36:07.423 D/CompatibilityChangeReporter( 479): Compat change id reported: 178209446; UID 1000; state: ENABLED
03-31 16:36:07.424 E/hq ( 1095): ErrorCoroutineExceptionHandler:::runTry error:com.dangbei.leard.base.proider.error.EmptyApiException: 数据为空 from=requestMessageDialog from=requestMessageDialog
03-31 16:36:07.424 D/CompatibilityChangeReporter( 479): Compat change id reported: 178209446; UID 1000; state: DISABLED
03-31 16:36:07.466 V/NFC ( 2252): this device does not have NFC support
03-31 16:36:07.470 I/CameraManagerGlobal( 2252): Connecting to camera service
03-31 16:36:07.544 W/IorapForwardingService( 479): No service published for: iorapd
03-31 16:36:07.544 D/CompatibilityChangeReporter( 479): Compat change id reported: 168419799; UID 10034; state: DISABLED
03-31 16:36:07.579 D/CompatibilityChangeReporter( 2360): Compat change id reported: 171979766; UID 10034; state: ENABLED
03-31 16:36:07.632 I/FuseDaemon( 1033): Background young concurrent copying GC freed 39924(2344KB) AllocSpace objects, 2(40KB) LOS objects, 40% free, 3653KB/6190KB, paused 112us total 112.467ms
03-31 16:36:07.727 V/GraphicsEnvironment( 2360): ANGLE Developer option for 'com.softwinner.timerswitch' set to: 'default'
03-31 16:36:07.727 V/GraphicsEnvironment( 2360): Neither updatable production driver nor prerelease driver is supported.
03-31 16:36:07.729 D/NetworkSecurityConfig( 2360): No Network Security Config specified, using platform default
03-31 16:36:07.730 D/NetworkSecurityConfig( 2360): No Network Security Config specified, using platform default
03-31 16:36:07.750 D/TAG_AlarmReceiver( 2360): receive broadcast, curTime : 2026-03-31 16:36:07
03-31 16:36:07.750 D/TAG_AlarmReceiver( 2360): ********receive system bootUp broadcast*********
03-31 16:36:07.770 I/UtilCommon( 2252): bluetoothMac=B4:2F:03:15:6F:44
03-31 16:36:07.788 D/UtilLog ( 2252): key=deviceid
03-31 16:36:07.790 D/UtilLog ( 2252): values=49f3ae32726624ae662747ed1c8f0983
03-31 16:36:07.790 D/UtilLog ( 2252): DesValues=GsovT+ejI5BX6vDfTH66vizxHCNTMA8rBqttkVZUyUUWOjxG6sWiow==
03-31 16:36:07.790 D/UtilLog ( 2252):
03-31 16:36:07.790 D/UtilLog ( 2252): key=dev_uuid
03-31 16:36:07.791 D/UtilLog ( 2252): values=21571f6c-2565-40f4-bd8e-f5f9190db5cf
03-31 16:36:07.791 D/UtilLog ( 2252): DesValues=apOjzZZw5v6XTA69UcDOQz2Sprwh7wW+7QRcbXG+pqsDine5Qfn/xA==
03-31 16:36:07.791 D/UtilLog ( 2252):
03-31 16:36:07.791 D/UtilLog ( 2252): key=channel
03-31 16:36:07.791 D/UtilLog ( 2252): values=DBOS_DBBOX-A2
03-31 16:36:07.791 D/UtilLog ( 2252): DesValues=U2rMDSNEX4hlxebfMfvE5w==
03-31 16:36:07.791 D/UtilLog ( 2252):
03-31 16:36:07.791 D/UtilLog ( 2252): key=packagelist
03-31 16:36:07.798 D/UtilLog ( 2252): values=com.dangbei.lerad.rocky;com.dangbei.leard.leradlauncher;com.dangbei.zhushou.os
03-31 16:36:07.798 D/UtilLog ( 2252): DesValues=byaAjpuYP7Md9ImftnY6oL+u5Tex4kQ5jeOCkuyRk9SkGPr4UI1BJNL8hrF+2ShyB2oVVKVfAi8PlHx6PKeqfviwQR31zZWikKW1prDgGkU=
03-31 16:36:07.798 D/UtilLog ( 2252):
03-31 16:36:07.798 D/UtilLog ( 2252): key=mac
03-31 16:36:07.799 D/UtilLog ( 2252): values=4A:13:E4:F9:79:75
03-31 16:36:07.799 D/UtilLog ( 2252): DesValues=g0/FgyMoDh2YPDZHpQE4CLXGkI7Xgr0W
03-31 16:36:07.799 D/UtilLog ( 2252):
03-31 16:36:07.799 D/UtilLog ( 2252): key=wifimac
03-31 16:36:07.799 D/UtilLog ( 2252): values=B4:2F:03:15:E4:CE
03-31 16:36:07.799 D/UtilLog ( 2252): DesValues=GtiP38bn9GKyYKlE7MHlsdCz1elBmnmp
03-31 16:36:07.799 D/UtilLog ( 2252):
03-31 16:36:07.799 D/UtilLog ( 2252): key=uuid
03-31 16:36:07.804 D/UtilLog ( 2252): values=c6903a05-4a43-4745-bf32-673db9f56f3f
03-31 16:36:07.804 D/UtilLog ( 2252): DesValues=uO6UL9ZrZimM/7yOIETrKuI4Ds31R98pQIFk9PO08ZD0dRSlGxdEaQ==
03-31 16:36:07.804 D/UtilLog ( 2252):
03-31 16:36:07.804 D/UtilLog ( 2252): key=appname
03-31 16:36:07.809 D/UtilLog ( 2252): values=电视管家
03-31 16:36:07.819 D/UtilLog ( 2252): DesValues=iqL5Rox+365YgqkQrzmGew==
03-31 16:36:07.819 D/UtilLog ( 2252):
03-31 16:36:07.819 D/UtilLog ( 2252): key=packagename
03-31 16:36:07.822 D/UtilLog ( 2252): values=com.dangbei.zhushou.os
03-31 16:36:07.822 D/UtilLog ( 2252): DesValues=byaAjpuYP7N/v7Z6kyOIN8JduvsEBDYD
03-31 16:36:07.822 D/UtilLog ( 2252):
03-31 16:36:07.822 D/UtilLog ( 2252): key=vname
03-31 16:36:07.823 D/UtilLog ( 2252): values=4.0.0.0.1
03-31 16:36:07.823 D/UtilLog ( 2252): DesValues=ZmbdbetpP3xQfy8gEtIzGg==
03-31 16:36:07.823 D/UtilLog ( 2252):
03-31 16:36:07.823 D/UtilLog ( 2252): key=vcode
03-31 16:36:07.831 D/UtilLog ( 2252): values=40001
03-31 16:36:07.831 D/UtilLog ( 2252): DesValues=xHelLudSdno=
03-31 16:36:07.831 D/UtilLog ( 2252):
03-31 16:36:07.831 D/UtilLog ( 2252): key=brand
03-31 16:36:07.836 D/UtilLog ( 2252): values=Dangbei
03-31 16:36:07.836 D/UtilLog ( 2252): DesValues=w3F/S11z4cQ=
03-31 16:36:07.836 D/UtilLog ( 2252):
03-31 16:36:07.836 D/UtilLog ( 2252): key=boxfactory
03-31 16:36:07.837 D/UtilLog ( 2252): values=Allwinner
03-31 16:36:07.837 D/UtilLog ( 2252): DesValues=Z82sBMOvjTwCcRqjeHOwaQ==
03-31 16:36:07.837 D/UtilLog ( 2252):
03-31 16:36:07.837 D/UtilLog ( 2252): key=rommodel
03-31 16:36:07.841 D/UtilLog ( 2252): values=DBBOX-A2
03-31 16:36:07.841 D/UtilLog ( 2252): DesValues=Cp0N6KH6T4JIJBzkJvj0FQ==
03-31 16:36:07.843 D/UtilLog ( 2252):
03-31 16:36:07.843 D/UtilLog ( 2252): key=cpuserial
03-31 16:36:07.846 D/UtilLog ( 2252): values=0000000000000000
03-31 16:36:07.847 D/UtilLog ( 2252): DesValues=nNQaqXf/biPbsaIvekQHd7yInvBfbZxz
03-31 16:36:07.847 D/UtilLog ( 2252):
03-31 16:36:07.847 D/UtilLog ( 2252): key=cpuimei
03-31 16:36:07.852 D/UtilLog ( 2252): values=armeabi-v7a
03-31 16:36:07.852 D/UtilLog ( 2252): DesValues=eB2sQ5wFJ4fV9rAgxgt0kQ==
03-31 16:36:07.852 D/UtilLog ( 2252):
03-31 16:36:07.852 D/UtilLog ( 2252): key=sn
03-31 16:36:07.853 D/UtilLog ( 2252): values=5c00104d56404831b53
03-31 16:36:07.853 D/UtilLog ( 2252): DesValues=sF5sGaHoxfhPQ3mT0MqG80qwaFJFh9JR
03-31 16:36:07.853 D/UtilLog ( 2252):
03-31 16:36:07.853 D/UtilLog ( 2252): key=osversion
03-31 16:36:07.853 D/UtilLog ( 2252): values=12
03-31 16:36:07.853 D/UtilLog ( 2252): DesValues=z4Vde2HU9Lg=
03-31 16:36:07.853 D/UtilLog ( 2252):
03-31 16:36:07.853 D/UtilLog ( 2252): key=oscode
03-31 16:36:07.858 D/UtilLog ( 2252): values=31
03-31 16:36:07.858 D/UtilLog ( 2252): DesValues=uYf7cxwIekI=
03-31 16:36:07.858 D/UtilLog ( 2252):
03-31 16:36:07.858 D/UtilLog ( 2252): key=is_write
03-31 16:36:07.858 D/UtilLog ( 2252): values=0
03-31 16:36:07.858 D/UtilLog ( 2252): DesValues=fhgfj/J6fiI=
03-31 16:36:07.858 D/UtilLog ( 2252):
03-31 16:36:07.858 D/UtilLog ( 2252): key=romvername
03-31 16:36:07.860 D/UtilLog ( 2252): values=5.0.2.1
03-31 16:36:07.862 D/UtilLog ( 2252): DesValues=H+Z1OfT3dbU=
03-31 16:36:07.862 D/UtilLog ( 2252):
03-31 16:36:07.862 D/UtilLog ( 2252): key=romvercode
03-31 16:36:07.862 D/UtilLog ( 2252): values=5021
03-31 16:36:07.863 D/UtilLog ( 2252): DesValues=8Z5g6xXIqgc=
03-31 16:36:07.864 D/UtilLog ( 2252):
03-31 16:36:07.865 W/gbei.zhushou.o( 2252): Long monitor contention with owner ThreadPoolUtils #1 (2343) at java.lang.String com.tendcloud.tenddata.aw.a(android.content.Context)(td:5) waiters=0 in java.lang.String com.tendcloud.tenddata.aw.a(android.content.Context) for 544ms
03-31 16:36:07.866 D/UtilLog ( 2252): key=bluetoothmac
03-31 16:36:07.868 D/UtilLog ( 2252): values=B4:2F:03:15:6F:44
03-31 16:36:07.868 D/UtilLog ( 2252): DesValues=GtiP38bn9GL6h6ZZk4BO6q5A2YSsuOqs
03-31 16:36:07.868 D/UtilLog ( 2252):
03-31 16:36:07.868 D/UtilLog ( 2252): key=rommodelnumber
03-31 16:36:07.869 D/UtilLog ( 2252): values=H5232
03-31 16:36:07.871 D/UtilLog ( 2252): DesValues=FkBqlkWzuas=
03-31 16:36:07.871 D/UtilLog ( 2252):
03-31 16:36:07.871 D/UtilLog ( 2252): key=userid
03-31 16:36:07.873 D/UtilLog ( 2252): values=-1
03-31 16:36:07.874 D/UtilLog ( 2252): DesValues=U8kqhGxUlIA=
03-31 16:36:07.874 D/UtilLog ( 2252):
03-31 16:36:07.874 D/UtilLog ( 2252): key=ip
03-31 16:36:07.874 D/UtilLog ( 2252): values=
03-31 16:36:07.874 D/UtilLog ( 2252): DesValues=gKen3SyYFuE=
03-31 16:36:07.874 D/UtilLog ( 2252):
03-31 16:36:07.875 I/ActivityManager( 479): Finished processing BOOT_COMPLETED for u0
03-31 16:36:07.875 W/BroadcastQueue( 479): Background execution not allowed: receiving Intent { act=android.bluetooth.adapter.action.STATE_CHANGED flg=0x4000010 (has extras) } to com.dangbei.lerad.etna.haqu/com.dangbei.remotecontroller.RemoteControllerReceiver
03-31 16:36:07.878 W/BroadcastQueue( 479): Background execution not allowed: receiving Intent { act=android.bluetooth.adapter.action.STATE_CHANGED flg=0x4000010 (has extras) } to com.dangbei.lerad.etna.haqu/com.dangbei.remotecontroller.RemoteControllerReceiver
03-31 16:36:07.880 D/CompatibilityChangeReporter( 479): Compat change id reported: 135634846; UID 10027; state: DISABLED
03-31 16:36:07.880 D/CompatibilityChangeReporter( 479): Compat change id reported: 143937733; UID 10027; state: DISABLED
03-31 16:36:07.903 D/Zygote ( 244): Forked child process 2404
03-31 16:36:07.904 I/ActivityManager( 479): app.processName = com.dangbei.screencast
03-31 16:36:07.904 I/ActivityManager( 479): Start proc 2404:com.dangbei.screencast/u0a27 for broadcast {com.dangbei.screencast/com.dangbei.screencast.startup.BootReceiver}
03-31 16:36:07.913 I/Zygote ( 2404): seccomp disabled by setenforce 0
03-31 16:36:07.931 E/WifiHAL ( 667): wifi_get_link_stats: requestResponse Error:-5
03-31 16:36:07.932 E/WifiVendorHal( 479): getWifiLinkLayerStats_1_5_Internal(l.1191) failed {.code = ERROR_INVALID_ARGS, .description = }
03-31 16:36:07.934 I/adbd ( 397): jdwp connection from 2404
03-31 16:36:07.996 D/CompatibilityChangeReporter( 479): Compat change id reported: 168419799; UID 10027; state: DISABLED
03-31 16:36:08.030 D/CompatibilityChangeReporter( 2404): Compat change id reported: 171979766; UID 10027; state: DISABLED
03-31 16:36:08.050 D/ApplicationLoaders( 2404): Returning zygote-cached class loader: /system/framework/android.test.base.jar
03-31 16:36:08.050 D/ApplicationLoaders( 2404): Returning zygote-cached class loader: /system/framework/android.hidl.manager-V1.0-java.jar
