03-31 16:35:52.512 V/StorageManagerService( 479): Package com.android.dreams.basic does not have legacy storage
03-31 16:35:52.512 V/StorageManagerService( 479): Package com.android.webview does not have legacy storage
03-31 16:35:52.512 V/StorageManagerService( 479): Package com.android.se does not have legacy storage
03-31 16:35:52.512 V/StorageManagerService( 479): Package com.android.tv does not have legacy storage
03-31 16:35:52.512 V/StorageManagerService( 479): Package com.android.inputdevices does not have legacy storage
03-31 16:35:52.513 V/StorageManagerService( 479): Package com.android.bips does not have legacy storage
03-31 16:35:52.513 V/StorageManagerService( 479): Package com.oranth.inputmacsn does not have legacy storage
03-31 16:35:52.513 V/StorageManagerService( 479): Package com.android.musicfx does not have legacy storage
03-31 16:35:52.513 V/StorageManagerService( 479): Package com.dangbei.hqguide does not have legacy storage
03-31 16:35:52.513 V/StorageManagerService( 479): Package android.ext.shared does not have legacy storage
03-31 16:35:52.513 V/StorageManagerService( 479): Package com.android.onetimeinitializer does not have legacy storage
03-31 16:35:52.513 V/StorageManagerService( 479): Package com.android.keychain does not have legacy storage
03-31 16:35:52.513 V/StorageManagerService( 479): Package com.android.printservice.recommendation does not have legacy storage
03-31 16:35:52.513 V/StorageManagerService( 479): Package com.google.android.networkstack.tetheringconfig does not have legacy storage
03-31 16:35:52.513 V/StorageManagerService( 479): Package android.ext.services does not have legacy storage
03-31 16:35:52.513 V/StorageManagerService( 479): Package com.android.wifi.resources does not have legacy storage
03-31 16:35:52.514 V/StorageManagerService( 479): Package com.android.localtransport does not have legacy storage
03-31 16:35:52.514 V/StorageManagerService( 479): Package com.android.packageinstaller does not have legacy storage
03-31 16:35:52.514 V/StorageManagerService( 479): Package com.android.theme.font.notoserifsource does not have legacy storage
03-31 16:35:52.514 V/StorageManagerService( 479): Package com.android.proxyhandler does not have legacy storage
03-31 16:35:52.514 V/StorageManagerService( 479): Package com.softwinner.screenshot does not have legacy storage
03-31 16:35:52.514 V/StorageManagerService( 479): Package com.android.managedprovisioning does not have legacy storage
03-31 16:35:52.514 V/StorageManagerService( 479): Package com.oranth.usbopenft does not have legacy storage
03-31 16:35:52.514 V/StorageManagerService( 479): Package com.android.networkstack.tethering does not have legacy storage
03-31 16:35:52.514 V/StorageManagerService( 479): Package com.android.soundpicker does not have legacy storage
03-31 16:35:52.514 V/StorageManagerService( 479): Package com.dangbei.lerad.etna.haqu does not have legacy storage
03-31 16:35:52.514 V/StorageManagerService( 479): Package com.allwinnertech.packageoverride does not have legacy storage
03-31 16:35:52.515 V/StorageManagerService( 479): Package com.android.smspush does not have legacy storage
03-31 16:35:52.515 V/StorageManagerService( 479): Package com.android.wallpaper.livepicker does not have legacy storage
03-31 16:35:52.515 V/StorageManagerService( 479): Package com.tv.filemanager.os has legacy storage
03-31 16:35:52.515 V/StorageManagerService( 479): Package com.oranth.powerwindow does not have legacy storage
03-31 16:35:52.515 V/StorageManagerService( 479): Package com.android.storagemanager does not have legacy storage
03-31 16:35:52.516 V/StorageManagerService( 479): Package com.android.bookmarkprovider does not have legacy storage
03-31 16:35:52.516 V/StorageManagerService( 479): Package com.android.networkstack.permissionconfig does not have legacy storage
03-31 16:35:52.516 V/StorageManagerService( 479): Package com.android.cts.ctsshim does not have legacy storage
03-31 16:35:52.516 V/StorageManagerService( 479): Package com.dangbei.lerad.screensaver does not have legacy storage
03-31 16:35:52.517 V/StorageManagerService( 479): Package com.android.remoteprovisioner does not have legacy storage
03-31 16:35:52.517 V/StorageManagerService( 479): Package com.softwinner.theme.icon does not have legacy storage
03-31 16:35:52.517 V/StorageManagerService( 479): Package com.android.wallpaper does not have legacy storage
03-31 16:35:52.517 V/StorageManagerService( 479): Package com.android.vpndialogs does not have legacy storage
03-31 16:35:52.517 V/StorageManagerService( 479): Package com.android.music does not have legacy storage
03-31 16:35:52.517 V/StorageManagerService( 479): Package com.android.shell does not have legacy storage
03-31 16:35:52.517 V/StorageManagerService( 479): Package com.android.wallpaperbackup does not have legacy storage
03-31 16:35:52.517 V/StorageManagerService( 479): Package com.android.providers.blockednumber does not have legacy storage
03-31 16:35:52.517 V/StorageManagerService( 479): Package com.android.providers.userdictionary does not have legacy storage
03-31 16:35:52.517 V/StorageManagerService( 479): Package com.android.providers.media.module does not have legacy storage
03-31 16:35:52.518 V/StorageManagerService( 479): Package com.softwinner.theme.color does not have legacy storage
03-31 16:35:52.518 V/StorageManagerService( 479): Package com.oranth.storage does not have legacy storage
03-31 16:35:52.518 V/StorageManagerService( 479): Package com.android.hotspot2.osulogin does not have legacy storage
03-31 16:35:52.518 V/StorageManagerService( 479): Package com.android.internal.systemui.navbar.gestural does not have legacy storage
03-31 16:35:52.518 V/StorageManagerService( 479): Package com.android.location.fused does not have legacy storage
03-31 16:35:52.518 V/StorageManagerService( 479): Package com.android.systemui does not have legacy storage
03-31 16:35:52.518 V/StorageManagerService( 479): Package com.dangbei.haqusetting does not have legacy storage
03-31 16:35:52.518 V/StorageManagerService( 479): Package com.android.bluetoothmidiservice does not have legacy storage
03-31 16:35:52.518 V/StorageManagerService( 479): Package com.softwinner.awmanager does not have legacy storage
03-31 16:35:52.518 V/StorageManagerService( 479): Package com.android.permissioncontroller does not have legacy storage
03-31 16:35:52.518 V/StorageManagerService( 479): Package com.softwinner.miracastReceiver does not have legacy storage
03-31 16:35:52.518 V/StorageManagerService( 479): Package com.android.traceur does not have legacy storage
03-31 16:35:52.519 V/StorageManagerService( 479): Package com.android.bluetooth does not have legacy storage
03-31 16:35:52.519 V/StorageManagerService( 479): Package com.android.providers.contacts does not have legacy storage
03-31 16:35:52.519 V/StorageManagerService( 479): Package com.android.captiveportallogin does not have legacy storage
03-31 16:35:52.519 V/StorageManagerService( 479): Package com.android.internal.systemui.navbar.gestural_narrow_back does not have legacy storage
03-31 16:35:52.519 V/StorageManagerService( 479): Package android.auto_generated_rro_vendor__ does not have legacy storage
03-31 16:35:52.521 D/CompatibilityChangeReporter( 479): Compat change id reported: 168419799; UID 1073; state: DISABLED
03-31 16:35:52.523 D/CompatibilityChangeReporter( 762): Compat change id reported: 171979766; UID 1073; state: ENABLED
01-01 08:00:22.346 I/WCN ( 33): marlin_firmware_parse_image imagepack is WCNE type,need parse it
01-01 08:00:22.356 I/WCN ( 33): marlin marlin_firmware_write imagepack is WCNE type,need parse it
01-01 08:00:22.366 E/ ( 0): [ C0] sunxi-mmc 4021000.sdmmc: smc 2 p1 err, cmd 53, WR DCE !!
01-01 08:00:22.374 I/sunxi-mmc 4021000.sdmmc( 132): *****retry:start*****
03-31 16:35:52.538 W/VoiceInteractionManager( 479): no available voice recognition services found for user 0
03-31 16:35:52.538 W/AppBindingService( 479): [Default SMS app] u0 Target package not found
03-31 16:35:52.539 I/netd ( 243): trafficSwapActiveStatsMap() <37.08ms>
03-31 16:35:52.543 I/netd ( 243): tetherGetStats() -> {[]} <2.64ms>
03-31 16:35:52.545 W/BestClock( 479): java.time.DateTimeException: Missing NTP fix
03-31 16:35:52.544 I/EventThread( 263): type=1400 audit(0.0:335): avc: denied { search } for name="extcon" dev="sysfs" ino=18102 scontext=u:r:hal_tv_cec_default:s0 tcontext=u:object_r:sysfs_extcon:s0 tclass=dir permissive=1
01-01 08:00:22.381 I/sunxi-mmc 4021000.sdmmc( 132): REG_DRV_DL: 0x00010000
01-01 08:00:22.388 I/sunxi-mmc 4021000.sdmmc( 132): REG_SD_NTSR: 0x81710000
03-31 16:35:52.551 W/BestClock( 479): java.time.DateTimeException: Missing NTP fix
03-31 16:35:52.560 W/BestClock( 479): java.time.DateTimeException: Missing NTP fix
03-31 16:35:52.561 W/BestClock( 479): java.time.DateTimeException: Missing NTP fix
01-01 08:00:22.396 I/sunxi-mmc 4021000.sdmmc( 132): *****retry:re-send cmd*****
01-01 08:00:22.403 E/ ( 0): [ C0] sunxi-mmc 4021000.sdmmc: smc 2 p1 err, cmd 53, WR DCE !!
03-31 16:35:52.584 I/system_server( 479): Background young concurrent copying GC freed 60569(3075KB) AllocSpace objects, 6(200KB) LOS objects, 14% free, 10MB/12MB, paused 222us total 225.773ms
01-01 08:00:22.411 I/sunxi-mmc 4021000.sdmmc( 132): *****retry:start*****
01-01 08:00:22.419 I/sunxi-mmc 4021000.sdmmc( 132): REG_DRV_DL: 0x00010000
01-01 08:00:22.426 I/sunxi-mmc 4021000.sdmmc( 132): REG_SD_NTSR: 0x81710000
01-01 08:00:22.433 I/sunxi-mmc 4021000.sdmmc( 132): *****retry:re-send cmd*****
01-01 08:00:22.441 E/ ( 0): [ C0] sunxi-mmc 4021000.sdmmc: smc 2 p1 err, cmd 53, WR DCE !!
03-31 16:35:52.616 V/GameManagerService( 479): Settings file doesn't exists, skip reading
03-31 16:35:52.616 W/SystemServiceManager( 479): Service com.android.server.app.GameManagerService$Lifecycle took 78 ms in onStartUser-0
03-31 16:35:52.617 D/SystemServerTiming( 479): ssm.StartUser-0 took to complete: 166ms
03-31 16:35:52.617 I/SystemServerTiming( 479): startPersistentApps
03-31 16:35:52.618 D/CompatibilityChangeReporter( 479): Compat change id reported: 135634846; UID 1068; state: DISABLED
03-31 16:35:52.618 D/SystemServerTiming( 479): startPersistentApps took to complete: 2ms
03-31 16:35:52.619 I/SystemServerTiming( 479): startHomeOnAllDisplays
03-31 16:35:52.621 I/ActivityStarter( 479): ---START u0 {act=android.intent.action.MAIN cat=[android.intent.category.HOME] flg=0x10000100 cmp=com.android.tv.settings/.system.FallbackHome (has extras)} from uid 0
01-01 08:00:22.449 I/sunxi-mmc 4021000.sdmmc( 132): *****retry:start*****
01-01 08:00:22.456 I/sunxi-mmc 4021000.sdmmc( 132): REG_DRV_DL: 0x00010000
01-01 08:00:22.463 I/sunxi-mmc 4021000.sdmmc( 132): REG_SD_NTSR: 0x81710000
03-31 16:35:52.631 D/Zygote ( 244): Forked child process 778
03-31 16:35:52.632 V/C2Store ( 387): in ~ComponentModule
03-31 16:35:52.632 V/C2Store ( 387): unloading dll
03-31 16:35:52.632 V/C2Store ( 387): in init
03-31 16:35:52.632 V/C2Store ( 387): loading dll
01-01 08:00:22.470 I/sunxi-mmc 4021000.sdmmc( 132): *****retry:re-send cmd*****
01-01 08:00:22.478 E/ ( 0): [ C0] sunxi-mmc 4021000.sdmmc: smc 2 p1 err, cmd 53, WR DCE !!
03-31 16:35:52.638 I/Zygote ( 778): seccomp disabled by setenforce 0
01-01 08:00:22.486 I/sunxi-mmc 4021000.sdmmc( 132): *****retry:start*****
03-31 16:35:52.651 I/adbd ( 397): jdwp connection from 778
01-01 08:00:22.493 I/sunxi-mmc 4021000.sdmmc( 132): REG_DRV_DL: 0x00030000
01-01 08:00:22.500 I/sunxi-mmc 4021000.sdmmc( 132): REG_SD_NTSR: 0x81710110
01-01 08:00:22.508 I/sunxi-mmc 4021000.sdmmc( 132): *****retry:re-send cmd*****
01-01 08:00:22.515 D/ ( 0): [ C0] 4,end
03-31 16:35:52.694 V/C2Store ( 387): in ~ComponentModule
03-31 16:35:52.695 V/C2Store ( 387): unloading dll
03-31 16:35:52.696 V/C2Store ( 387): in init
03-31 16:35:52.696 V/C2Store ( 387): loading dll
03-31 16:35:52.699 I/netd ( 243): trafficSwapActiveStatsMap() <147.45ms>
03-31 16:35:52.706 V/C2Store ( 387): in ~ComponentModule
03-31 16:35:52.706 V/C2Store ( 387): unloading dll
03-31 16:35:52.706 I/netd ( 243): tetherGetStats() -> {[]} <4.83ms>
03-31 16:35:52.707 V/C2Store ( 387): in init
01-01 08:00:22.538 I/libphy ( 285): 5030000.eth: probed
03-31 16:35:52.708 V/C2Store ( 387): loading dll
03-31 16:35:52.708 D/XM_HIDREAD( 317): add@ add@/devices/platform/soc@3000000/5030000.eth/mdio_bus/5030000.eth-0/5030000.eth-0:00
03-31 16:35:52.713 W/BestClock( 479): java.time.DateTimeException: Missing NTP fix
01-01 08:00:22.555 E/ ( 285): get_key_map_info()187 - Failed to find "oe" in dts.
03-31 16:35:52.724 W/system_server( 479): Long monitor contention with owner android.bg (539) at void com.android.server.net.NetworkStatsService.performPoll(int)(NetworkStatsService.java:1506) waiters=0 in void com.android.server.net.NetworkStatsService.advisePersistThreshold(long) for 154ms
03-31 16:35:52.727 W/BestClock( 479): java.time.DateTimeException: Missing NTP fix
03-31 16:35:52.730 V/GraphicsEnvironment( 762): ANGLE Developer option for 'com.android.networkstack' set to: 'default'
03-31 16:35:52.730 V/GraphicsEnvironment( 762): Neither updatable production driver nor prerelease driver is supported.
03-31 16:35:52.733 D/NetworkSecurityConfig( 762): No Network Security Config specified, using platform default
03-31 16:35:52.734 D/NetworkSecurityConfig( 762): No Network Security Config specified, using platform default
03-31 16:35:52.739 V/C2Store ( 387): in ~ComponentModule
03-31 16:35:52.739 V/C2Store ( 387): unloading dll
03-31 16:35:52.739 V/C2Store ( 387): in init
03-31 16:35:52.739 V/C2Store ( 387): loading dll
01-01 08:00:22.565 I/ ( 285): sunxi-gmac 5030000.eth eth0: eth0: Type(7) PHY ID 00441400 at 0 IRQ poll (5030000.eth-0:00)
01-01 08:00:22.575 I/WCN ( 33): combin_img 4 marlin_firmware_write finish and successful
01-01 08:00:22.585 I/WCN ( 33): marlin_start_run read reset reg val:0x180008
03-31 16:35:52.753 I/EthernetTracker( 479): interfaceLinkStateChanged, iface: eth0, up: false
03-31 16:35:52.753 I/netd ( 243): interfaceSetCfg(InterfaceConfigurationParcel{ifName: eth0, hwAddr: 4a:13:e4:f9:79:75, ipv4Addr: 0.0.0.0, prefixLength: 0, flags: [broadcast, multicast, up]}) <1100.21ms>
03-31 16:35:52.753 W/PppoeNetworkFactory( 479): interfaceLinkStateChanged
03-31 16:35:52.754 D/PppoeNetworkFactory( 479): updateInterface: mIface: mPhyIface:eth0 iface:eth0 link:down
03-31 16:35:52.755 I/EthernetTracker( 479): interfaceLinkStateChanged, iface: eth0, up: false
03-31 16:35:52.755 W/PppoeNetworkFactory( 479): interfaceLinkStateChanged
03-31 16:35:52.755 D/PppoeNetworkFactory( 479): updateInterface: mIface: mPhyIface:eth0 iface:eth0 link:down
03-31 16:35:52.755 I/netd ( 243): trafficSwapActiveStatsMap() <27.75ms>
03-31 16:35:52.759 I/netd ( 243): tetherGetStats() -> {[]} <2.38ms>
01-01 08:00:22.593 I/WCN ( 33): after do marlin_start_run reset reg val:0x80008
03-31 16:35:52.760 V/C2Store ( 387): in ~ComponentModule
03-31 16:35:52.760 V/C2Store ( 387): unloading dll
03-31 16:35:52.761 V/C2Store ( 387): in init
03-31 16:35:52.761 V/C2Store ( 387): loading dll
03-31 16:35:52.761 I/netd ( 243): interfaceGetCfg(eth0) -> {InterfaceConfigurationParcel{ifName: eth0, hwAddr: 4a:13:e4:f9:79:75, ipv4Addr: 0.0.0.0, prefixLength: 0, flags: [up, broadcast, multicast]}} <0.44ms>
03-31 16:35:52.762 W/BestClock( 479): java.time.DateTimeException: Missing NTP fix
03-31 16:35:52.762 D/EthernetTracker( 479): Tracking interface in client mode: eth0
03-31 16:35:52.763 D/EthernetNetworkFactory( 479): addInterface, iface: eth0, capabilities: [ Transports: ETHERNET Capabilities: NOT_METERED&INTERNET&NOT_RESTRICTED&TRUSTED&NOT_VPN&NOT_ROAMING&NOT_CONGESTED&NOT_SUSPENDED&NOT_VCN_MANAGED LinkUpBandwidth>=100000Kbps LinkDnBandwidth>=100000Kbps]
03-31 16:35:52.764 D/EthernetNetworkFactory( 479): updateCapabilityFilter: [ Transports: ETHERNET Capabilities: NOT_METERED&INTERNET&NOT_RESTRICTED&TRUSTED&NOT_VPN&NOT_ROAMING&NOT_CONGESTED&NOT_SUSPENDED&NOT_VCN_MANAGED]
03-31 16:35:52.765 D/EthernetNetworkFactory( 479): updateInterfaceLinkState, iface: eth0, up: false
03-31 16:35:52.765 D/EthernetNetworkFactory( 479): updateInterfaceLinkState, iface: eth0, up: false
03-31 16:35:52.765 W/BestClock( 479): java.time.DateTimeException: Missing NTP fix
03-31 16:35:52.766 D/Ethernet( 479): got request NetworkRequest [ REQUEST id=10, [ Capabilities: INTERNET&NOT_RESTRICTED&TRUSTED&NOT_VCN_MANAGED Uid: 1000 RequestorUid: 1000 RequestorPkg: android] ]
03-31 16:35:52.766 D/EthernetNetworkFactory( 479): acceptRequest, request: NetworkRequest [ REQUEST id=10, [ Capabilities: INTERNET&NOT_RESTRICTED&TRUSTED&NOT_VCN_MANAGED Uid: 1000 RequestorUid: 1000 RequestorPkg: android] ]
03-31 16:35:52.766 I/EthernetNetworkFactory( 479): networkForRequest, request: NetworkRequest [ REQUEST id=10, [ Capabilities: INTERNET&NOT_RESTRICTED&TRUSTED&NOT_VCN_MANAGED Uid: 1000 RequestorUid: 1000 RequestorPkg: android] ], network: null
03-31 16:35:52.773 I/mediaswcodec( 387): missing struct descriptor #Param::CoreIndex(--004) for field values of struct #Param::CoreIndex(F-12004)
03-31 16:35:52.775 I/mediaswcodec( 387): missing struct descriptor #Param::CoreIndex(--1812) for field values of struct #Param::CoreIndex(F-11812)
03-31 16:35:52.777 V/C2Store ( 387): in ~ComponentModule
03-31 16:35:52.777 V/C2Store ( 387): unloading dll
03-31 16:35:52.777 V/C2Store ( 387): in init
03-31 16:35:52.777 V/C2Store ( 387): loading dll
03-31 16:35:52.779 D/Ethernet( 479): got request NetworkRequest [ REQUEST id=1, [ Capabilities: INTERNET&NOT_RESTRICTED&TRUSTED&NOT_VPN&NOT_VCN_MANAGED RequestorUid: 1000 RequestorPkg: android] ]
03-31 16:35:52.779 D/EthernetNetworkFactory( 479): acceptRequest, request: NetworkRequest [ REQUEST id=1, [ Capabilities: INTERNET&NOT_RESTRICTED&TRUSTED&NOT_VPN&NOT_VCN_MANAGED RequestorUid: 1000 RequestorPkg: android] ]
03-31 16:35:52.780 I/EthernetNetworkFactory( 479): networkForRequest, request: NetworkRequest [ REQUEST id=1, [ Capabilities: INTERNET&NOT_RESTRICTED&TRUSTED&NOT_VPN&NOT_VCN_MANAGED RequestorUid: 1000 RequestorPkg: android] ], network: null
03-31 16:35:52.780 D/Ethernet( 479): got request NetworkRequest [ REQUEST id=4, [ Transports: ETHERNET Capabilities: INTERNET&NOT_RESTRICTED&TRUSTED&NOT_VPN&NOT_VCN_MANAGED RequestorUid: 1000 RequestorPkg: android] ]
03-31 16:35:52.780 D/EthernetNetworkFactory( 479): acceptRequest, request: NetworkRequest [ REQUEST id=4, [ Transports: ETHERNET Capabilities: INTERNET&NOT_RESTRICTED&TRUSTED&NOT_VPN&NOT_VCN_MANAGED RequestorUid: 1000 RequestorPkg: android] ]
03-31 16:35:52.780 I/EthernetNetworkFactory( 479): networkForRequest, request: NetworkRequest [ REQUEST id=4, [ Transports: ETHERNET Capabilities: INTERNET&NOT_RESTRICTED&TRUSTED&NOT_VPN&NOT_VCN_MANAGED RequestorUid: 1000 RequestorPkg: android] ], network: null
03-31 16:35:52.780 D/Ethernet( 479): got request NetworkRequest [ REQUEST id=17, [ Capabilities: INTERNET&NOT_RESTRICTED&TRUSTED&NOT_VCN_MANAGED Uid: 1000 RequestorUid: 1000 RequestorPkg: android] ]
03-31 16:35:52.780 D/EthernetNetworkFactory( 479): acceptRequest, request: NetworkRequest [ REQUEST id=17, [ Capabilities: INTERNET&NOT_RESTRICTED&TRUSTED&NOT_VCN_MANAGED Uid: 1000 RequestorUid: 1000 RequestorPkg: android] ]
03-31 16:35:52.780 I/EthernetNetworkFactory( 479): networkForRequest, request: NetworkRequest [ REQUEST id=17, [ Capabilities: INTERNET&NOT_RESTRICTED&TRUSTED&NOT_VCN_MANAGED Uid: 1000 RequestorUid: 1000 RequestorPkg: android] ], network: null
03-31 16:35:52.785 V/C2Store ( 387): in ~ComponentModule
03-31 16:35:52.785 V/C2Store ( 387): unloading dll
03-31 16:35:52.785 V/C2Store ( 387): in init
03-31 16:35:52.785 V/C2Store ( 387): loading dll
01-01 08:00:22.601 I/WCN ( 33): s_marlin_bootup_time=20493285338
01-01 08:00:22.607 I/WCN ( 33): clock mode: TCXO, outside clock
01-01 08:00:22.621 I/WCN ( 33): marlin_write_cali_data sync init_state:0x0
03-31 16:35:52.784 I/ndroid.systemui( 680): type=1400 audit(0.0:336): avc: denied { search } for name="com.android.systemui" dev="mmcblk0p25" ino=507 scontext=u:r:platform_app:s0:c512,c768 tcontext=u:object_r:app_data_file:s0:c512,c768 tclass=dir permissive=1 app=com.softwinner.screenshot
03-31 16:35:52.791 W/Zygote ( 244): forkRepeatedly terminated due to non-simple command
03-31 16:35:52.791 V/GraphicsEnvironment( 680): ANGLE Developer option for 'com.android.systemui' set to: 'default'
03-31 16:35:52.791 D/Zygote ( 244): mbuffer starts with 14, nice name is webview_zygote, mEnd = 401, mNext = 159, mLinesLeft = 6, mFd = 4
03-31 16:35:52.791 V/GraphicsEnvironment( 680): Neither updatable production driver nor prerelease driver is supported.
03-31 16:35:52.794 D/NetworkSecurityConfig( 680): No Network Security Config specified, using platform default
03-31 16:35:52.794 D/NetworkSecurityConfig( 680): No Network Security Config specified, using platform default
03-31 16:35:52.795 I/WebViewLoader-( 725): System.exit called, status: 0
03-31 16:35:52.795 I/AndroidRuntime( 725): VM exiting with result code 0, cleanup skipped.
03-31 16:35:52.796 V/C2Store ( 387): in ~ComponentModule
03-31 16:35:52.796 V/C2Store ( 387): unloading dll
03-31 16:35:52.796 V/C2Store ( 387): in init
03-31 16:35:52.796 V/C2Store ( 387): loading dll
03-31 16:35:52.799 I/netd ( 243): trafficSwapActiveStatsMap() <33.70ms>
03-31 16:35:52.804 I/netd ( 243): tetherGetStats() -> {[]} <2.62ms>
03-31 16:35:52.804 V/C2Store ( 387): in ~ComponentModule
03-31 16:35:52.804 V/C2Store ( 387): unloading dll
03-31 16:35:52.804 V/C2Store ( 387): in init
03-31 16:35:52.806 V/C2Store ( 387): loading dll
03-31 16:35:52.806 W/BestClock( 479): java.time.DateTimeException: Missing NTP fix
03-31 16:35:52.811 D/Zygote ( 244): Forked child process 801
03-31 16:35:52.814 W/BestClock( 479): java.time.DateTimeException: Missing NTP fix
03-31 16:35:52.816 W/ZygoteProcess( 479): Got error connecting to zygote, retrying. msg= Connection refused
03-31 16:35:52.817 V/SystemUIService( 680): SystemUIApplication constructed.
03-31 16:35:52.821 V/C2Store ( 387): in ~ComponentModule
03-31 16:35:52.821 V/C2Store ( 387): unloading dll
03-31 16:35:52.821 V/C2Store ( 387): in init
03-31 16:35:52.822 V/C2Store ( 387): loading dll
03-31 16:35:52.823 D/CompatibilityChangeReporter( 479): Compat change id reported: 174042980; UID 1000; state: DISABLED
03-31 16:35:52.832 I/Zygote ( 244): Process 725 exited cleanly (0)
03-31 16:35:52.832 I/Zygote ( 801): seccomp disabled by setenforce 0
03-31 16:35:52.833 V/C2Store ( 387): in ~ComponentModule
03-31 16:35:52.834 V/C2Store ( 387): unloading dll
03-31 16:35:52.834 V/C2Store ( 387): in init
03-31 16:35:52.834 V/C2Store ( 387): loading dll
01-01 08:00:22.656 I/WCN ( 33): marlin_write_cali_data sync init_state:0x0
03-31 16:35:52.835 D/libcheckfile( 479): checkfile_init
03-31 16:35:52.836 D/ActivityTaskManager( 479): isHomeLauncher info= ActivityInfo{f5b2871 com.android.tv.settings.system.FallbackHome}
03-31 16:35:52.832 I/rainbow_flow( 325): type=1400 audit(0.0:337): avc: denied { ioctl } for path="/dev/spidev1.0" dev="tmpfs" ino=3270 ioctlcmd=0x6b00 scontext=u:r:init:s0 tcontext=u:object_r:device:s0 tclass=chr_file permissive=1
03-31 16:35:52.836 I/ndroid.systemui( 680): type=1400 audit(0.0:338): avc: denied { getattr } for path="/data/user_de/0/com.android.systemui/cache" dev="mmcblk0p25" ino=508 scontext=u:r:platform_app:s0:c512,c768 tcontext=u:object_r:app_data_file:s0:c512,c768 tclass=dir permissive=1 app=com.softwinner.screenshot
03-31 16:35:52.841 V/C2Store ( 387): in ~ComponentModule
03-31 16:35:52.836 I/system_server( 807): type=1400 audit(0.0:339): avc: denied { execute } for name="am" dev="dm-1" ino=1164 scontext=u:r:system_server:s0 tcontext=u:object_r:vendor_file:s0 tclass=file permissive=1
03-31 16:35:52.842 V/C2Store ( 387): in init
03-31 16:35:52.842 V/C2Store ( 387): loading dll
03-31 16:35:52.842 I/WebViewZygoteInit( 801): Starting WebViewZygoteInit
03-31 16:35:52.843 I/netd ( 243): trafficSwapActiveStatsMap() <29.28ms>
03-31 16:35:52.836 I/system_server( 807): type=1400 audit(0.0:340): avc: denied { read open } for path="/vendor/xbin/am" dev="dm-1" ino=1164 scontext=u:r:system_server:s0 tcontext=u:object_r:vendor_file:s0 tclass=file permissive=1
03-31 16:35:52.836 I/system_server( 807): type=1400 audit(0.0:341): avc: denied { execute_no_trans } for path="/vendor/xbin/am" dev="dm-1" ino=1164 scontext=u:r:system_server:s0 tcontext=u:object_r:vendor_file:s0 tclass=file permissive=1
03-31 16:35:52.836 I/system_server( 807): type=1400 audit(0.0:342): avc: denied { execute } for name="sh" dev="dm-0" ino=1219 scontext=u:r:system_server:s0 tcontext=u:object_r:shell_exec:s0 tclass=file permissive=1
03-31 16:35:52.836 I/system_server( 807): type=1400 audit(0.0:343): avc: denied { read open } for path="/system/bin/sh" dev="dm-0" ino=1219 scontext=u:r:system_server:s0 tcontext=u:object_r:shell_exec:s0 tclass=file permissive=1
03-31 16:35:52.840 I/am ( 807): type=1400 audit(0.0:344): avc: denied { map } for path="/system/bin/sh" dev="dm-0" ino=1219 scontext=u:r:system_server:s0 tcontext=u:object_r:shell_exec:s0 tclass=file permissive=1
03-31 16:35:52.845 I/AW_PowerHAL( 261): Power setMode: SUSTAINED_PERFORMANCE to: 1
03-31 16:35:52.845 I/Zygote ( 801): seccomp disabled by setenforce 0
03-31 16:35:52.846 W/AW_PowerHAL( 261): Could not open nsi-bw: No such file or directory
03-31 16:35:52.846 I/AW_PowerHAL( 261): cur-mode:PERFORMANCE
03-31 16:35:52.847 I/netd ( 243): tetherGetStats() -> {[]} <2.85ms>
03-31 16:35:52.844 I/am ( 807): type=1400 audit(0.0:345): avc: denied { getattr } for path="/system/bin/sh" dev="dm-0" ino=1219 scontext=u:r:system_server:s0 tcontext=u:object_r:shell_exec:s0 tclass=file permissive=1
03-31 16:35:52.850 W/BestClock( 479): java.time.DateTimeException: Missing NTP fix
03-31 16:35:52.847 I/hwservicemanager( 183): Notifying android.hardware.wifi@1.5::IWifi/default they have clients: 1
03-31 16:35:52.853 W/BestClock( 479): java.time.DateTimeException: Missing NTP fix
03-31 16:35:52.856 W/StorageManagerService( 479): No primary storage defined yet; hacking together a stub
03-31 16:35:52.857 D/SystemServerTiming( 479): startHomeOnAllDisplays took to complete: 237ms
03-31 16:35:52.857 I/SystemServerTiming( 479): showSystemReadyErrorDialogs
03-31 16:35:52.858 I/system_server( 479): getFrameworkHalManifest: Reading VINTF information.
03-31 16:35:52.862 I/system_server( 479): getDeviceHalManifest: Reading VINTF information.
03-31 16:35:52.863 V/C2Store ( 387): in ~ComponentModule
03-31 16:35:52.863 V/C2Store ( 387): unloading dll
03-31 16:35:52.863 V/C2Store ( 387): in init
03-31 16:35:52.863 V/C2Store ( 387): loading dll
03-31 16:35:52.868 I/system_server( 479): getDeviceHalManifest: Successfully processed VINTF information
03-31 16:35:52.868 I/system_server( 479): getFrameworkHalManifest: Successfully processed VINTF information
03-31 16:35:52.868 I/system_server( 479): getFrameworkCompatibilityMatrix: Reading VINTF information.
03-31 16:35:52.872 V/C2Store ( 387): in ~ComponentModule
03-31 16:35:52.872 V/C2Store ( 387): unloading dll
03-31 16:35:52.872 V/C2Store ( 387): in init
03-31 16:35:52.872 V/C2Store ( 387): loading dll
01-01 08:00:22.700 I/WCN ( 33): marlin_write_cali_data sync init_state:0xf0f0f0f1
01-01 08:00:22.707 I/WCN ( 33): sdio_config bt_wake_host trigger:[high]
01-01 08:00:22.714 I/WCN ( 33): sdio_config irq:[inband]
03-31 16:35:52.868 I/am ( 814): type=1400 audit(0.0:346): avc: denied { execute_no_trans } for path="/system/bin/cmd" dev="dm-0" ino=940 scontext=u:r:system_server:s0 tcontext=u:object_r:system_file:s0 tclass=file permissive=1
03-31 16:35:52.882 I/mediaswcodec( 387): missing struct descriptor #Param::CoreIndex(--004) for field values of struct #Param::CoreIndex(F-12004)
03-31 16:35:52.885 D/C2SoftHevcEnc( 387): Given level 6000 does not cover current configuration: adjusting to 6001
03-31 16:35:52.886 V/C2Store ( 387): in ~ComponentModule
03-31 16:35:52.886 V/C2Store ( 387): unloading dll
01-01 08:00:22.720 I/WCN ( 33): sdio_config wake_host_level_duration_time:[20ms]
01-01 08:00:22.727 I/WCN ( 33): sdio_config wake_host_data_separation:[bt/wifi reuse]
03-31 16:35:52.889 V/C2Store ( 387): in init
03-31 16:35:52.890 V/C2Store ( 387): loading dll
03-31 16:35:52.890 I/WebViewZygoteInit( 801): Beginning application preload for com.android.webview
03-31 16:35:52.891 I/netd ( 243): trafficSwapActiveStatsMap() <37.60ms>
03-31 16:35:52.898 I/netd ( 243): tetherGetStats() -> {[]} <5.00ms>
03-31 16:35:52.900 W/BestClock( 479): java.time.DateTimeException: Missing NTP fix
03-31 16:35:52.902 W/BestClock( 479): java.time.DateTimeException: Missing NTP fix
01-01 08:00:22.736 I/WCN ( 33): marlin_send_sdio_config_to_cp sdio_config:0x80f01 (enable config)
03-31 16:35:52.906 V/C2Store ( 387): in ~ComponentModule
03-31 16:35:52.907 V/C2Store ( 387): unloading dll
03-31 16:35:52.908 V/C2Store ( 387): in init
03-31 16:35:52.908 V/C2Store ( 387): loading dll
01-01 08:00:22.748 I/WCN ( 33): marlin_write_cali_data finish
01-01 08:00:22.756 I/WCN ( 33): check_cp_ready sync val:0xf0f0f0f2, prj_type val:0xe0e0e0e0
03-31 16:35:52.918 V/C2Store ( 387): in ~ComponentModule
03-31 16:35:52.918 V/C2Store ( 387): unloading dll
03-31 16:35:52.918 V/C2Store ( 387): in init
03-31 16:35:52.918 V/C2Store ( 387): loading dll
03-31 16:35:52.923 D/nativeloader( 801): classloader namespace configured for unbundled product apk. library_path=/product/app/webview/lib/arm:/product/app/webview/webview.apk!/lib/armeabi-v7a:/product/lib:/system/product/lib
03-31 16:35:52.923 I/netd ( 243): trafficSwapActiveStatsMap() <20.60ms>
03-31 16:35:52.924 V/C2Store ( 387): in ~ComponentModule
03-31 16:35:52.924 V/C2Store ( 387): unloading dll
03-31 16:35:52.924 V/C2Store ( 387): in init
03-31 16:35:52.924 V/C2Store ( 387): loading dll
03-31 16:35:52.927 I/netd ( 243): tetherGetStats() -> {[]} <2.42ms>
03-31 16:35:52.931 W/BestClock( 479): java.time.DateTimeException: Missing NTP fix
03-31 16:35:52.932 V/C2Store ( 387): in ~ComponentModule
03-31 16:35:52.932 V/C2Store ( 387): unloading dll
03-31 16:35:52.932 V/C2Store ( 387): in init
03-31 16:35:52.932 V/C2Store ( 387): loading dll
03-31 16:35:52.935 W/BestClock( 479): java.time.DateTimeException: Missing NTP fix
03-31 16:35:52.942 V/C2Store ( 387): in ~ComponentModule
03-31 16:35:52.942 V/C2Store ( 387): unloading dll
03-31 16:35:52.942 V/C2Store ( 387): in init
03-31 16:35:52.942 V/C2Store ( 387): loading dll
03-31 16:35:52.947 V/C2Store ( 387): in ~ComponentModule
03-31 16:35:52.947 V/C2Store ( 387): unloading dll
03-31 16:35:52.947 V/C2Store ( 387): in init
03-31 16:35:52.947 V/C2Store ( 387): loading dll
03-31 16:35:52.954 V/C2Store ( 387): in ~ComponentModule
03-31 16:35:52.954 V/C2Store ( 387): unloading dll
03-31 16:35:52.955 V/C2Store ( 387): in init
03-31 16:35:52.955 V/C2Store ( 387): loading dll
03-31 16:35:52.960 V/C2Store ( 387): in ~ComponentModule
03-31 16:35:52.960 V/C2Store ( 387): unloading dll
03-31 16:35:52.960 V/C2Store ( 387): in init
03-31 16:35:52.960 V/C2Store ( 387): loading dll
01-01 08:00:22.792 I/WCN ( 33): check_cp_ready sync val:0xf0f0f0f2, prj_type val:0xe0e0e0e0
03-31 16:35:52.967 I/netd ( 243): trafficSwapActiveStatsMap() <31.56ms>
03-31 16:35:52.970 V/C2Store ( 387): in ~ComponentModule
03-31 16:35:52.970 V/C2Store ( 387): unloading dll
03-31 16:35:52.970 V/C2Store ( 387): in init
03-31 16:35:52.970 V/C2Store ( 387): loading dll
03-31 16:35:52.972 I/netd ( 243): tetherGetStats() -> {[]} <3.10ms>
03-31 16:35:52.974 W/BestClock( 479): java.time.DateTimeException: Missing NTP fix
03-31 16:35:52.976 I/system_server( 479): getFrameworkCompatibilityMatrix: Successfully processed VINTF information
03-31 16:35:52.976 I/system_server( 479): getDeviceCompatibilityMatrix: Reading VINTF information.
03-31 16:35:52.978 I/C2SoftVp8Enc( 387): setting temporal layering 0 + 0
03-31 16:35:52.978 W/BestClock( 479): java.time.DateTimeException: Missing NTP fix
03-31 16:35:52.979 I/system_server( 479): getDeviceCompatibilityMatrix: Successfully processed VINTF information
03-31 16:35:52.980 V/C2Store ( 387): in ~ComponentModule
03-31 16:35:52.980 V/C2Store ( 387): unloading dll
03-31 16:35:52.980 V/C2Store ( 387): in init
03-31 16:35:52.980 V/C2Store ( 387): loading dll
03-31 16:35:52.985 V/C2Store ( 387): in ~ComponentModule
03-31 16:35:52.985 V/C2Store ( 387): unloading dll
03-31 16:35:52.985 V/C2Store ( 387): in init
03-31 16:35:52.985 V/C2Store ( 387): loading dll
03-31 16:35:52.989 I/C2SoftVp9Enc( 387): setting temporal layering 0 + 0
03-31 16:35:52.991 V/C2Store ( 387): in ~ComponentModule
03-31 16:35:52.991 V/C2Store ( 387): unloading dll
03-31 16:35:52.993 D/MediaCodecsXmlParser( 360): parsing /apex/com.android.media.swcodec/etc/media_codecs.xml...
03-31 16:35:52.994 D/SystemServerTiming( 479): showSystemReadyErrorDialogs took to complete: 136ms
03-31 16:35:52.994 I/SystemServerTiming( 479): sendUserStartBroadcast
03-31 16:35:52.994 D/SystemServerTiming( 479): sendUserStartBroadcast took to complete: 1ms
03-31 16:35:52.994 I/SystemServerTiming( 479): resumeTopActivities
03-31 16:35:52.996 D/MediaCodecsXmlParser( 360): disabling c2.android.gsm.decoder
03-31 16:35:52.996 D/SystemServerTiming( 479): resumeTopActivities took to complete: 1ms
03-31 16:35:52.996 I/SystemServerTiming( 479): sendUserSwitchBroadcasts
03-31 16:35:52.996 D/SystemServerTiming( 479): sendUserSwitchBroadcasts took to complete: 1ms
03-31 16:35:52.996 I/SystemServerTiming( 479): setBinderProxies
03-31 16:35:52.996 D/SystemServerTiming( 479): setBinderProxies took to complete: 0ms
03-31 16:35:52.996 D/SystemServerTiming( 479): ActivityManagerStartApps took to complete: 546ms
03-31 16:35:52.996 D/SystemServerTiming( 479): PhaseActivityManagerReady took to complete: 1115ms
03-31 16:35:52.996 I/SystemServerTiming( 479): StartSystemUI
03-31 16:35:52.997 W/system_server( 479): Long monitor contention with owner main (479) at int com.android.server.am.UserController$Injector.broadcastIntent(android.content.Intent, java.lang.String, android.content.IIntentReceiver, int, java.lang.String, android.os.Bundle, java.lang.String[], int, android.os.Bundle, boolean, boolean, int, int, int, int, int)(UserController.java:2934) waiters=0 in android.content.Intent com.android.server.am.ActivityManagerService.registerReceiverWithFeature(android.app.IApplicationThread, java.lang.String, java.lang.String, java.lang.String, android.content.IIntentReceiver, android.content.IntentFilter, java.lang.String, int, int) for 369ms
03-31 16:35:52.997 D/MediaCodecsXmlParser( 360): disabling c2.android.mpeg2.decoder
03-31 16:35:52.998 W/system_server( 479): Long monitor contention with owner main (479) at int com.android.server.am.UserController$Injector.broadcastIntent(android.content.Intent, java.lang.String, android.content.IIntentReceiver, int, java.lang.String, android.os.Bundle, java.lang.String[], int, android.os.Bundle, boolean, boolean, int, int, int, int, int)(UserController.java:2934) waiters=1 in void com.android.server.am.ProcessList.handleProcessStart(com.android.server.am.ProcessRecord, java.lang.String, int[], int, int, int, java.lang.String, java.lang.String, java.lang.String, long) for 365ms
03-31 16:35:52.998 I/MediaCodecsXmlParser( 360): Did not find media_codecs_performance.xml in search path
03-31 16:35:52.998 W/ActivityManager( 479): Slow operation: 381ms so far, now at startProcess: done updating battery stats
03-31 16:35:52.999 I/MediaCodecsXmlParser( 360): Did not find media_codecs_c2.xml in search path
03-31 16:35:52.999 I/MediaCodecsXmlParser( 360): Did not find media_codecs_performance_c2.xml in search path
03-31 16:35:52.999 W/ActivityManager( 479): Slow operation: 381ms so far, now at startProcess: building log message
03-31 16:35:52.999 I/ActivityManager( 479): app.processName = com.android.se
01-01 08:00:22.828 I/WCN ( 33): check_cp_ready sync val:0xf0f0f0f2, prj_type val:0xe0e0e0e0
03-31 16:35:52.999 I/netd ( 243): trafficSwapActiveStatsMap() <21.15ms>
03-31 16:35:52.999 I/ActivityManager( 479): Start proc 778:com.android.se/1068 for added application com.android.se
03-31 16:35:52.999 W/ActivityManager( 479): Slow operation: 382ms so far, now at startProcess: starting to update pids map
03-31 16:35:53.000 W/ActivityManager( 479): Slow operation: 382ms so far, now at startProcess: done updating pids map
03-31 16:35:53.000 D/MediaCodecsXmlParser( 360): parsing /vendor/etc/media_codecs.xml...
03-31 16:35:53.001 I/WebViewZygoteInit( 801): Application preload done
03-31 16:35:53.001 D/MediaCodecsXmlParser( 360): parsing /vendor/etc/media_codecs_google_audio.xml...
03-31 16:35:53.001 D/MediaCodecsXmlParser( 360): unable to open media codecs configuration xml file: /vendor/etc/media_codecs_google_audio.xml
03-31 16:35:53.001 D/MediaCodecsXmlParser( 360): Setting: updating existing setting at line 97 of /vendor/etc/media_codecs.xml
03-31 16:35:53.002 I/netd ( 243): tetherGetStats() -> {[]} <2.31ms>
03-31 16:35:53.003 D/CompatibilityChangeReporter( 479): Compat change id reported: 168419799; UID 1068; state: DISABLED
03-31 16:35:53.004 D/MediaCodecsXmlParser( 360): parsing /vendor/etc/media_codecs_google_video.xml...
03-31 16:35:53.004 D/MediaCodecsXmlParser( 360): unable to open media codecs configuration xml file: /vendor/etc/media_codecs_google_video.xml
03-31 16:35:53.004 D/MediaCodecsXmlParser( 360): parsing /vendor/etc/media_codecs_performance.xml...
03-31 16:35:53.004 D/MediaCodecsXmlParser( 360): MediaCodec: cannot update non-existing codec: OMX.google.h264.encoder at line 25 of /vendor/etc/media_codecs_performance.xml
03-31 16:35:53.004 W/BestClock( 479): java.time.DateTimeException: Missing NTP fix
03-31 16:35:53.004 D/MediaCodecsXmlParser( 360): MediaCodec: cannot update non-existing codec: OMX.google.h263.encoder at line 31 of /vendor/etc/media_codecs_performance.xml
03-31 16:35:53.004 D/MediaCodecsXmlParser( 360): MediaCodec: cannot update non-existing codec: OMX.google.mpeg4.encoder at line 34 of /vendor/etc/media_codecs_performance.xml
03-31 16:35:53.005 D/MediaCodecsXmlParser( 360): MediaCodec: cannot update non-existing codec: OMX.google.vp8.encoder at line 37 of /vendor/etc/media_codecs_performance.xml
03-31 16:35:53.005 D/MediaCodecsXmlParser( 360): MediaCodec: cannot update non-existing codec: OMX.allwinner.video.decoder.h263 at line 59 of /vendor/etc/media_codecs_performance.xml
03-31 16:35:53.005 D/MediaCodecsXmlParser( 360): MediaCodec: cannot update non-existing codec: OMX.google.mpeg4.decoder at line 80 of /vendor/etc/media_codecs_performance.xml
03-31 16:35:53.005 D/MediaCodecsXmlParser( 360): MediaCodec: cannot update non-existing codec: OMX.google.h264.decoder at line 83 of /vendor/etc/media_codecs_performance.xml
03-31 16:35:53.005 D/MediaCodecsXmlParser( 360): MediaCodec: cannot update non-existing codec: OMX.google.h263.decoder at line 89 of /vendor/etc/media_codecs_performance.xml
03-31 16:35:53.005 D/MediaCodecsXmlParser( 360): MediaCodec: cannot update non-existing codec: OMX.google.hevc.decoder at line 93 of /vendor/etc/media_codecs_performance.xml
03-31 16:35:53.005 D/MediaCodecsXmlParser( 360): MediaCodec: cannot update non-existing codec: OMX.google.vp8.decoder at line 101 of /vendor/etc/media_codecs_performance.xml
03-31 16:35:53.005 D/MediaCodecsXmlParser( 360): MediaCodec: cannot update non-existing codec: OMX.google.vp9.decoder at line 107 of /vendor/etc/media_codecs_performance.xml
03-31 16:35:53.005 I/MediaCodecsXmlParser( 360): Did not find media_codecs_shaping.xml in search path
03-31 16:35:53.006 I/MediaCodecsXmlParser( 360): Did not find media_codecs_shaping.xml in search path
03-31 16:35:53.007 W/BestClock( 479): java.time.DateTimeException: Missing NTP fix
03-31 16:35:53.007 V/C2Store ( 387): in init
03-31 16:35:53.007 V/C2Store ( 387): loading dll
03-31 16:35:53.014 I/Codec2InfoBuilder( 360): adding type 'audio/mp4a-latm'
03-31 16:35:53.018 D/CompatibilityChangeReporter( 778): Compat change id reported: 171979766; UID 1068; state: ENABLED
03-31 16:35:53.020 V/C2Store ( 387): in init
03-31 16:35:53.020 V/C2Store ( 387): loading dll
03-31 16:35:53.021 V/C2Store ( 387): in ~ComponentModule
03-31 16:35:53.021 V/C2Store ( 387): unloading dll
03-31 16:35:53.025 I/ActivityManager( 479): Process WebViewLoader-armeabi-v7a (pid 725) has died: psvc PER
03-31 16:35:53.025 I/libprocessgroup( 479): Successfully killed process cgroup uid 1037 pid 725 in 0ms
03-31 16:35:53.031 I/Codec2InfoBuilder( 360): adding type 'audio/mp4a-latm'
03-31 16:35:53.035 I/netd ( 243): trafficSwapActiveStatsMap() <27.49ms>
03-31 16:35:53.041 I/ActivityManager( 479): com.android.tv.settings is exempt from freezer
03-31 16:35:53.042 D/CompatibilityChangeReporter( 479): Compat change id reported: 135634846; UID 1000; state: DISABLED
03-31 16:35:53.043 I/netd ( 243): tetherGetStats() -> {[]} <6.96ms>
01-01 08:00:22.864 I/WCN ( 33): check_cp_ready sync val:0xf0f0f0ff, prj_type val:0xe0e0e0e0
01-01 08:00:22.873 I/WCN ( 33): dcxo_aon_set_mode read DCXO_LP_CTRL21 reg val:0x00000000
01-01 08:00:22.875 W/hdr10p_Configure( 378): 95 callbacks suppressed
01-01 08:00:22.875 I/ ( 378): DVI mode selected: packets not configured
01-01 08:00:22.883 I/WCN ( 33): after do dcxo_aon_set_mode set reg val:0x00008000
01-01 08:00:22.888 W/set_vsif_config( 378): 95 callbacks suppressed
01-01 08:00:22.888 I/ ( 378): Error: set vsif failed
03-31 16:35:53.050 V/C2Store ( 387): in init
03-31 16:35:53.050 V/C2Store ( 387): loading dll
03-31 16:35:53.053 D/ConnectivityService( 479): Got NetworkProvider Messenger for VpnNetworkProvider:0
03-31 16:35:53.060 V/C2Store ( 387): in ~ComponentModule
03-31 16:35:53.061 V/C2Store ( 387): unloading dll
03-31 16:35:53.063 I/InputManager( 479): Enabling motion classifier because user switched: feature enabled, long press timeout = 400
03-31 16:35:53.063 I/InputClassifier( 479): Enabling motion classifier
03-31 16:35:53.064 I/hwservicemanager( 183): getTransport: Cannot find entry android.hardware.input.classifier@1.0::IInputClassifier/default in either framework or device VINTF manifest.
03-31 16:35:53.064 I/InputClassifier( 479): Could not obtain InputClassifier HAL
03-31 16:35:53.064 I/Codec2InfoBuilder( 360): adding type 'audio/3gpp'
03-31 16:35:53.065 V/C2Store ( 387): in init
03-31 16:35:53.065 V/C2Store ( 387): loading dll
03-31 16:35:53.066 V/C2Store ( 387): in ~ComponentModule
03-31 16:35:53.066 V/C2Store ( 387): unloading dll
03-31 16:35:53.069 I/Codec2InfoBuilder( 360): adding type 'audio/3gpp'
03-31 16:35:53.070 V/C2Store ( 387): in init
03-31 16:35:53.070 V/C2Store ( 387): loading dll
03-31 16:35:53.068 I/EventThread( 263): type=1400 audit(0.0:347): avc: denied { search } for name="extcon" dev="sysfs" ino=18102 scontext=u:r:hal_tv_cec_default:s0 tcontext=u:object_r:sysfs_extcon:s0 tclass=dir permissive=1
03-31 16:35:53.072 W/BestClock( 479): java.time.DateTimeException: Missing NTP fix
03-31 16:35:53.076 I/Codec2InfoBuilder( 360): adding type 'audio/amr-wb'
03-31 16:35:53.077 V/C2Store ( 387): in ~ComponentModule
03-31 16:35:53.077 W/BestClock( 479): java.time.DateTimeException: Missing NTP fix
03-31 16:35:53.077 V/C2Store ( 387): unloading dll
03-31 16:35:53.078 V/C2Store ( 387): in ~ComponentModule
03-31 16:35:53.078 V/C2Store ( 387): in init
03-31 16:35:53.078 V/C2Store ( 387): loading dll
03-31 16:35:53.079 V/C2Store ( 387): unloading dll
03-31 16:35:53.079 W/ActivityManager( 479): Unable to start service Intent { cmp=com.oranth.ledstatus/.LedStatusService } U=0: not found
01-01 08:00:22.913 I/sdiohal ( 33): sdiohal_runtime_get entry
01-01 08:00:22.915 I/ ( 378): DVI mode selected: packets not configured
01-01 08:00:22.921 D/ ( 33): [xw] before reg = 0x1
01-01 08:00:22.926 I/ ( 378): Error: set vsif failed
03-31 16:35:53.093 I/Codec2InfoBuilder( 360): adding type 'audio/amr-wb'
03-31 16:35:53.094 V/C2Store ( 387): in init
03-31 16:35:53.094 V/C2Store ( 387): loading dll
03-31 16:35:53.095 D/Zygote ( 244): Forked child process 824
03-31 16:35:53.105 I/Zygote ( 824): seccomp disabled by setenforce 0
03-31 16:35:53.106 D/JNIMultiir( 479): Multiir JNI_OnLoad()
03-31 16:35:53.106 D/JNIMultiir( 479): init
03-31 16:35:53.107 I/netd ( 243): trafficSwapActiveStatsMap() <29.92ms>
03-31 16:35:53.111 I/netd ( 243): tetherGetStats() -> {[]} <2.35ms>
03-31 16:35:53.116 D/SystemServerTiming( 479): StartSystemUI took to complete: 120ms
03-31 16:35:53.117 D/SystemServerTiming( 479): startOtherServices took to complete: 3341ms
03-31 16:35:53.117 V/C2Store ( 387): in ~ComponentModule
03-31 16:35:53.117 D/SystemServer( 479): VMRuntime.setVerifierEnabled(true)
03-31 16:35:53.117 D/SystemServerTiming( 479): StartServices took to complete: 5648ms
01-01 08:00:22.936 D/ ( 33): [xw] after reg = 0x3
01-01 08:00:22.937 I/ ( 378): DVI mode selected: packets not configured
01-01 08:00:22.943 I/WCN ( 33): get_cp2_version entry!
01-01 08:00:22.947 I/ ( 378): Error: set vsif failed
03-31 16:35:53.118 V/C2Store ( 387): unloading dll
03-31 16:35:53.118 W/ActivityManager( 479): Slow operation: 77ms so far, now at startProcess: returned from zygote!
03-31 16:35:53.119 W/ActivityManager( 479): Slow operation: 78ms so far, now at startProcess: done updating battery stats
03-31 16:35:53.119 W/ActivityManager( 479): Slow operation: 78ms so far, now at startProcess: building log message
03-31 16:35:53.119 I/ActivityManager( 479): app.processName = com.android.tv.settings
03-31 16:35:53.119 I/ActivityManager( 479): Start proc 824:com.android.tv.settings/1000 for top-activity {com.android.tv.settings/com.android.tv.settings.system.FallbackHome}
03-31 16:35:53.119 W/ActivityManager( 479): Slow operation: 78ms so far, now at startProcess: starting to update pids map
03-31 16:35:53.120 V/AdapterServiceConfig( 673): Adding HeadsetService
03-31 16:35:53.120 W/BestClock( 479): java.time.DateTimeException: Missing NTP fix
03-31 16:35:53.121 W/BestClock( 479): java.time.DateTimeException: Missing NTP fix
03-31 16:35:53.121 W/ActivityManager( 479): Slow operation: 80ms so far, now at startProcess: done updating pids map
03-31 16:35:53.121 W/system_server( 479): Long monitor contention with owner android.bg (539) at void com.android.server.net.NetworkStatsService.performPoll(int)(NetworkStatsService.java:1506) waiters=0 in void com.android.server.net.NetworkStatsService.setUidForeground(int, boolean) for 105ms
03-31 16:35:53.122 D/Codec2InfoBuilder( 360): component 'c2.android.av1.decoder' not found in xml
03-31 16:35:53.122 W/BestClock( 479): java.time.DateTimeException: Missing NTP fix
03-31 16:35:53.123 V/AdapterServiceConfig( 673): Adding A2dpService
03-31 16:35:53.124 W/BestClock( 479): java.time.DateTimeException: Missing NTP fix
03-31 16:35:53.124 V/C2Store ( 387): in init
03-31 16:35:53.124 V/C2Store ( 387): loading dll
03-31 16:35:53.124 W/BestClock( 479): java.time.DateTimeException: Missing NTP fix
03-31 16:35:53.125 W/BestClock( 479): java.time.DateTimeException: Missing NTP fix
03-31 16:35:53.125 W/BestClock( 479): java.time.DateTimeException: Missing NTP fix
03-31 16:35:53.126 W/BestClock( 479): java.time.DateTimeException: Missing NTP fix
03-31 16:35:53.126 V/AdapterServiceConfig( 673): Adding HidHostService
03-31 16:35:53.126 W/BestClock( 479): java.time.DateTimeException: Missing NTP fix
03-31 16:35:53.126 V/AdapterServiceConfig( 673): Adding PanService
03-31 16:35:53.127 W/BestClock( 479): java.time.DateTimeException: Missing NTP fix
03-31 16:35:53.129 D/ConnectivityService( 479): requestNetwork for uid/pid:1073/762 activeRequest: null callbackRequest: 18 [NetworkRequest [ REQUEST id=19, [ Capabilities: INTERNET&NOT_RESTRICTED&TRUSTED&NOT_VCN_MANAGED Uid: 1073 RequestorUid: 1073 RequestorPkg: com.android.networkstack] ]] callback flags: 0 priority: 2147483647
03-31 16:35:53.129 V/AdapterServiceConfig( 673): Adding GattService
03-31 16:35:53.130 W/Looper ( 479): Slow delivery took 4802ms main h=android.app.PropertyInvalidatedCache$AutoCorker$1 c=null m=0
03-31 16:35:53.130 V/AdapterServiceConfig( 673): Adding BluetoothMapService
03-31 16:35:53.130 D/ConnectivityService( 479): NetReassign [no changes]
03-31 16:35:53.131 D/PPPOE ( 479): got request NetworkRequest [ REQUEST id=19, [ Capabilities: INTERNET&NOT_RESTRICTED&TRUSTED&NOT_VCN_MANAGED Uid: 1073 RequestorUid: 1073 RequestorPkg: com.android.networkstack] ]
03-31 16:35:53.131 D/Ethernet( 479): got request NetworkRequest [ REQUEST id=19, [ Capabilities: INTERNET&NOT_RESTRICTED&TRUSTED&NOT_VCN_MANAGED Uid: 1073 RequestorUid: 1073 RequestorPkg: com.android.networkstack] ]
03-31 16:35:53.132 D/EthernetNetworkFactory( 479): acceptRequest, request: NetworkRequest [ REQUEST id=19, [ Capabilities: INTERNET&NOT_RESTRICTED&TRUSTED&NOT_VCN_MANAGED Uid: 1073 RequestorUid: 1073 RequestorPkg: com.android.networkstack] ]
03-31 16:35:53.132 I/EthernetNetworkFactory( 479): networkForRequest, request: NetworkRequest [ REQUEST id=19, [ Capabilities: INTERNET&NOT_RESTRICTED&TRUSTED&NOT_VCN_MANAGED Uid: 1073 RequestorUid: 1073 RequestorPkg: com.android.networkstack] ], network: null
03-31 16:35:53.133 W/BestClock( 479): java.time.DateTimeException: Missing NTP fix
03-31 16:35:53.134 W/BestClock( 479): java.time.DateTimeException: Missing NTP fix
03-31 16:35:53.134 W/BestClock( 479): java.time.DateTimeException: Missing NTP fix
03-31 16:35:53.135 V/AdapterServiceConfig( 673): Adding AvrcpTargetService
03-31 16:35:53.136 V/AdapterServiceConfig( 673): Adding HidDeviceService
03-31 16:35:53.136 V/AdapterServiceConfig( 673): Adding BluetoothOppService
03-31 16:35:53.137 V/AdapterServiceConfig( 673): Adding BluetoothPbapService
03-31 16:35:53.138 V/C2Store ( 387): in ~ComponentModule
03-31 16:35:53.141 D/ConditionProviders.SCP( 479): onConnected
03-31 16:35:53.141 V/C2Store ( 387): unloading dll
03-31 16:35:53.142 I/Codec2InfoBuilder( 360): adding type 'video/avc'
03-31 16:35:53.144 I/adbd ( 397): jdwp connection from 824
03-31 16:35:53.147 V/C2Store ( 387): in init
03-31 16:35:53.147 V/C2Store ( 387): loading dll
03-31 16:35:53.149 I/mediaswcodec( 387): missing struct descriptor #Param::CoreIndex(--004) for field values of struct #Param::CoreIndex(F-12004)
