04-02 09:46:21.902 W/IorapForwardingService( 479): No service published for: iorapd
04-02 09:46:22.438 E/WifiHAL ( 667): wifi_get_link_stats: requestResponse Error:-5
04-02 09:46:22.440 E/WifiVendorHal( 479): getWifiLinkLayerStats_1_5_Internal(l.1191) failed {.code = ERROR_INVALID_ARGS, .description = }
04-02 09:46:22.904 W/IorapForwardingService( 479): No service published for: iorapd
04-02 09:46:23.906 W/IorapForwardingService( 479): No service published for: iorapd
04-02 09:46:24.326 I/TDLog ( 2252): [APP] New data found, Submitting...
04-02 09:46:24.342 I/TDLog ( 2252): [APP] Failed to submit data!
04-02 09:46:24.686 W/ZramWriteback( 479): Writeback device is not set
04-02 09:46:24.686 D/ZramWriteback( 479): wait to flush
04-02 09:46:24.754 E/bt_upio ( 250): upio_set : /proc/bluetooth/sleep/btwrite(-1) incorrent
04-02 09:46:24.770 E/dangbei111( 1051): cccccc 检查遥控器是否连接: Dangbei C9:B5:96:5C:E3:ED
04-02 09:46:24.772 E/dangbei111( 1051): cccccc 检查遥控器是否连接: 蓝牙的结果 Dangbei C9:B5:96:5C:E3:ED true
04-02 09:46:24.772 E/dangbei111( 1051): cccccc input中没有遥控器存在
04-02 09:46:24.772 E/dangbei111( 1051): cccccc 蓝牙状态连接 开启8s check任务
04-02 09:46:24.772 E/dangbei111( 1051): cccccc 没有遥控器连接 不进行 getRCInfo return
04-02 09:46:24.772 E/dangbei111( 1051): getBattery delay 0
04-02 09:46:24.774 I/bt_btif_config( 673): system/bt/btif/src/btif_config.cc:137 btif_get_device_type: Device [c9:b5:96:5c:e3:ed] device type 2
04-02 09:46:24.774 D/BluetoothGatt( 1051): discoverServices() - device: C9:B5:96:5C:E3:ED
04-02 09:46:24.775 I/bt_stack( 673): [INFO:connection_manager.cc(104)] App id=0x06already doing background connection to c9:b5:96:5c:e3:ed
04-02 09:46:24.775 E/dangbei111( 1051): 5mins后会再次获取电量
04-02 09:46:24.775 E/dangbei111( 1051): getBattery delay 300000
04-02 09:46:24.776 I/bt_bta_gattc( 673): system/bt/bta/gatt/bta_gattc_cache.cc:902 bta_gattc_get_gatt_db: bta_gattc_get_gatt_db
04-02 09:46:24.778 D/BluetoothGatt( 1051): onSearchComplete() = Device=C9:B5:96:5C:E3:ED Status=0
04-02 09:46:24.908 W/IorapForwardingService( 479): No service published for: iorapd
04-02 09:46:25.452 E/WifiHAL ( 667): wifi_get_link_stats: requestResponse Error:-5
04-02 09:46:25.454 E/WifiVendorHal( 479): getWifiLinkLayerStats_1_5_Internal(l.1191) failed {.code = ERROR_INVALID_ARGS, .description = }
01-01 08:01:26.089 W/hdr10p_Configure( 378): 59 callbacks suppressed
01-01 08:01:26.089 I/ ( 378): DVI mode selected: packets not configured
01-01 08:01:26.102 W/set_vsif_config( 378): 59 callbacks suppressed
01-01 08:01:26.102 I/ ( 378): Error: set vsif failed
01-01 08:01:26.134 I/ ( 378): DVI mode selected: packets not configured
01-01 08:01:26.140 I/ ( 378): Error: set vsif failed
01-01 08:01:26.152 I/ ( 378): DVI mode selected: packets not configured
01-01 08:01:26.158 I/ ( 378): Error: set vsif failed
01-01 08:01:26.184 I/ ( 378): DVI mode selected: packets not configured
01-01 08:01:26.191 I/ ( 378): Error: set vsif failed
01-01 08:01:26.218 I/ ( 378): DVI mode selected: packets not configured
01-01 08:01:26.224 I/ ( 378): Error: set vsif failed
01-01 08:01:26.251 I/ ( 378): DVI mode selected: packets not configured
01-01 08:01:26.257 I/ ( 378): Error: set vsif failed
01-01 08:01:26.267 I/ ( 378): DVI mode selected: packets not configured
01-01 08:01:26.274 I/ ( 378): Error: set vsif failed
01-01 08:01:26.284 I/ ( 378): DVI mode selected: packets not configured
01-01 08:01:26.291 I/ ( 378): Error: set vsif failed
01-01 08:01:26.300 I/ ( 378): DVI mode selected: packets not configured
01-01 08:01:26.307 I/ ( 378): Error: set vsif failed
01-01 08:01:26.319 I/ ( 378): DVI mode selected: packets not configured
01-01 08:01:26.325 I/ ( 378): Error: set vsif failed
04-02 09:46:25.885 I/BLEAudioDrive_HV410( 249): select timeout!
04-02 09:46:25.910 W/IorapForwardingService( 479): No service published for: iorapd
04-02 09:46:26.546 D/UtilLog ( 2252): 日志批量上报 进行正常循环 !!!!!!本次有0次请求,共0条数据
04-02 09:46:26.708 W/System ( 1051): A resource failed to call close.
04-02 09:46:26.708 W/System ( 1051): A resource failed to call close.
04-02 09:46:26.708 W/System ( 1051): A resource failed to call close.
04-02 09:46:26.708 W/System ( 1051): A resource failed to call close.
04-02 09:46:26.708 W/System ( 1051): A resource failed to call close.
04-02 09:46:26.770 E/dangbei111( 1051): cccccc 检测到网络 准备请求遥控器ota信息
04-02 09:46:26.771 W/ContextImpl( 1051): Calling a method in the system process without a qualified user: android.app.ContextImpl.sendBroadcast:1173 android.content.ContextWrapper.sendBroadcast:479 com.dangbei.remotecontroller.RemoteControllerReceiver.sendMessageToUpdateHelper:122 com.dangbei.remotecontroller.RemoteControllerReceiver.access$100:28 com.dangbei.remotecontroller.RemoteControllerReceiver$1.handleMessage:41
04-02 09:46:26.773 E/ActivityManager( 479): Sending non-protected broadcast com.dangbei.remote.connected from system 1051:com.dangbei.lerad.etna.haqu/1000 pkg com.dangbei.lerad.etna.haqu
04-02 09:46:26.773 E/ActivityManager( 479): java.lang.Throwable
04-02 09:46:26.773 E/ActivityManager( 479): at com.android.server.am.ActivityManagerService.checkBroadcastFromSystem(ActivityManagerService.java:12816)
04-02 09:46:26.773 E/ActivityManager( 479): at com.android.server.am.ActivityManagerService.broadcastIntentLocked(ActivityManagerService.java:13416)
04-02 09:46:26.773 E/ActivityManager( 479): at com.android.server.am.ActivityManagerService.broadcastIntentLocked(ActivityManagerService.java:12833)
04-02 09:46:26.773 E/ActivityManager( 479): at com.android.server.am.ActivityManagerService.broadcastIntentWithFeature(ActivityManagerService.java:13670)
04-02 09:46:26.773 E/ActivityManager( 479): at android.app.IActivityManager$Stub.onTransact(IActivityManager.java:2326)
04-02 09:46:26.773 E/ActivityManager( 479): at com.android.server.am.ActivityManagerService.onTransact(ActivityManagerService.java:2509)
04-02 09:46:26.773 E/ActivityManager( 479): at android.os.Binder.execTransactInternal(Binder.java:1179)
04-02 09:46:26.773 E/ActivityManager( 479): at android.os.Binder.execTransact(Binder.java:1143)
04-02 09:46:26.775 E/ActivityManager( 479): Sending non-protected broadcast com.dangbei.remote.connected from system 1051:com.dangbei.lerad.etna.haqu/1000 pkg com.dangbei.lerad.etna.haqu
04-02 09:46:26.775 E/ActivityManager( 479): java.lang.Throwable
04-02 09:46:26.775 E/ActivityManager( 479): at com.android.server.am.ActivityManagerService.checkBroadcastFromSystem(ActivityManagerService.java:12816)
04-02 09:46:26.775 E/ActivityManager( 479): at com.android.server.am.ActivityManagerService.broadcastIntentLocked(ActivityManagerService.java:13513)
04-02 09:46:26.775 E/ActivityManager( 479): at com.android.server.am.ActivityManagerService.broadcastIntentLocked(ActivityManagerService.java:12833)
04-02 09:46:26.775 E/ActivityManager( 479): at com.android.server.am.ActivityManagerService.broadcastIntentWithFeature(ActivityManagerService.java:13670)
04-02 09:46:26.775 E/ActivityManager( 479): at android.app.IActivityManager$Stub.onTransact(IActivityManager.java:2326)
04-02 09:46:26.775 E/ActivityManager( 479): at com.android.server.am.ActivityManagerService.onTransact(ActivityManagerService.java:2509)
04-02 09:46:26.775 E/ActivityManager( 479): at android.os.Binder.execTransactInternal(Binder.java:1179)
04-02 09:46:26.775 E/ActivityManager( 479): at android.os.Binder.execTransact(Binder.java:1143)
04-02 09:46:26.777 I/DropBoxManagerService( 479): add tag=system_server_wtf isTagEnabled=true flags=0x2
04-02 09:46:26.782 I/DropBoxManagerService( 479): add tag=system_server_wtf isTagEnabled=true flags=0x2
04-02 09:46:26.783 E/dangbei111( 1051): 读出来的遥控器版本不是空 CSH260331
04-02 09:46:26.783 E/dangbei111( 1051): cccccc requestRemoteInfoInner factory NA version CSH260331
04-02 09:46:26.813 I/okhttp.OkHttpClient( 1051): --> POST http://tymsgapi.qun7.com/v1/core/ykota (622-byte body)
04-02 09:46:26.913 W/IorapForwardingService( 479): No service published for: iorapd
04-02 09:46:26.988 I/okhttp.OkHttpClient( 1051): <-- 200 OK http://tymsgapi.qun7.com/v1/core/ykota (174ms, unknown-length body)
04-02 09:46:26.992 E/dangbei111( 1051): cccccc requestRemoteInfoInner BaseResponse{message='success', data=null, code=0}
04-02 09:46:26.993 W/System.err( 1051): java.lang.NullPointerException: Attempt to invoke virtual method 'java.lang.String com.etna.haqu.model.business.bean.db.remote.RemoteUpdateBean.getDownloadId()' on a null object reference
04-02 09:46:26.993 W/System.err( 1051): at com.dangbei.etna.update.remote.RemoteUpdateHelper$requestRemoteInfoInner$1$2.invoke(RemoteUpdateHelper.kt:199)
04-02 09:46:26.994 W/System.err( 1051): at com.dangbei.etna.update.remote.RemoteUpdateHelper$requestRemoteInfoInner$1$2.invoke(RemoteUpdateHelper.kt:188)
04-02 09:46:26.994 W/System.err( 1051): at com.etna.haqu.support.ext.FlowExtKt$safeCollect$3.emit(FlowExt.kt:52)
04-02 09:46:26.994 W/System.err( 1051): at kotlinx.coroutines.flow.FlowKt__ErrorsKt$catchImpl$2.emit(Errors.kt:158)
04-02 09:46:26.994 W/System.err( 1051): at kotlinx.coroutines.flow.FlowKt__ChannelsKt.emitAllImpl$FlowKt__ChannelsKt(Channels.kt:62)
04-02 09:46:26.994 W/System.err( 1051): at kotlinx.coroutines.flow.FlowKt__ChannelsKt.access$emitAllImpl$FlowKt__ChannelsKt(Channels.kt:1)
04-02 09:46:26.994 W/System.err( 1051): at kotlinx.coroutines.flow.FlowKt__ChannelsKt$emitAllImpl$1.invokeSuspend(Unknown Source:14)
04-02 09:46:26.994 W/System.err( 1051): at kotlin.coroutines.jvm.internal.BaseContinuationImpl.resumeWith(ContinuationImpl.kt:33)
04-02 09:46:26.994 W/System.err( 1051): at kotlinx.coroutines.DispatchedTask.run(DispatchedTask.kt:106)
04-02 09:46:26.994 W/System.err( 1051): at android.os.Handler.handleCallback(Handler.java:938)
04-02 09:46:26.994 W/System.err( 1051): at android.os.Handler.dispatchMessage(Handler.java:99)
04-02 09:46:26.994 W/System.err( 1051): at android.os.Looper.loopOnce(Looper.java:201)
04-02 09:46:26.994 W/System.err( 1051): at android.os.Looper.loop(Looper.java:288)
04-02 09:46:26.994 W/System.err( 1051): at android.app.ActivityThread.main(ActivityThread.java:7854)
04-02 09:46:26.995 W/System.err( 1051): at java.lang.reflect.Method.invoke(Native Method)
04-02 09:46:26.995 W/System.err( 1051): at com.android.internal.os.RuntimeInit$MethodAndArgsCaller.run(RuntimeInit.java:548)
04-02 09:46:26.995 W/System.err( 1051): at com.android.internal.os.ZygoteInit.main(ZygoteInit.java:1182)
04-02 09:46:26.997 E/ccc ( 1051): cccccc com.dangbei.haqusetting not connect
04-02 09:46:26.997 E/ccc ( 1051): cccccc updateHelper 通知更新
04-02 09:46:26.997 E/dangbei111( 1051): cccccc requestRemoteInfoInner 出现异常 Attempt to invoke virtual method 'java.lang.String com.etna.haqu.model.business.bean.db.remote.RemoteUpdateBean.getDownloadId()' on a null object reference
04-02 09:46:27.487 D/aaa ( 1107): LedStatusService onStartCommand begin
04-02 09:46:27.490 D/aaa ( 1107): topPkg is -------------- :com.dangbei.leard.leradlauncher
04-02 09:46:27.490 D/bbb ( 1170): onStartCommand begin !!!!!!! data分区剩余 24956MB
04-02 09:46:27.493 D/aaa ( 1107): WiFi is connect
04-02 09:46:27.773 E/dangbei111( 1051): cccccc 准备开始进行 startScanInner
04-02 09:46:27.773 E/dangbei111( 1051): cccccc 真正开始进入扫描流程啦
04-02 09:46:27.778 E/dangbei111( 1051): cccccc 检查遥控器是否连接: Dangbei C9:B5:96:5C:E3:ED
04-02 09:46:27.781 E/dangbei111( 1051): cccccc 检查遥控器是否连接: 蓝牙的结果 Dangbei C9:B5:96:5C:E3:ED true
04-02 09:46:27.781 E/dangbei111( 1051): cccccc input中没有遥控器存在
04-02 09:46:27.781 E/dangbei111( 1051): cccccc 蓝牙状态连接 开启8s check任务
04-02 09:46:27.782 E/dangbei111( 1051): 开始扫描 com.dangbei.remotecontroller.RCHelper$3@1ad1ff
04-02 09:46:27.782 D/BluetoothAdapter( 1051): isLeEnabled(): ON
04-02 09:46:27.915 W/IorapForwardingService( 479): No service published for: iorapd
04-02 09:46:28.463 E/WifiHAL ( 667): wifi_get_link_stats: requestResponse Error:-5
04-02 09:46:28.465 E/WifiVendorHal( 479): getWifiLinkLayerStats_1_5_Internal(l.1191) failed {.code = ERROR_INVALID_ARGS, .description = }
04-02 09:46:28.611 I/bt_stack( 673): [INFO:btsnoop.cc(338)] clear_l2cap_allowlist: Clearing acceptlist from l2cap channel. conn_handle=16 cid=4:4
04-02 09:46:28.612 I/bt_stack( 673): [INFO:eatt_impl.h(578)] supported_features_cb c9:b5:96:5c:e3:ed is_eatt_supported = 0
04-02 09:46:28.612 I/bluetooth( 673): system/bt/stack/gap/gap_ble.cc:298 client_connect_cback: No active GAP service found for peer:xx:xx:xx:xx:e3:ed callback:Disconnected
04-02 09:46:28.612 I/bt_bta_gattc( 673): system/bt/bta/gatt/bta_gattc_act.cc:1115 bta_gattc_conn_cback: Disconnected att_id:3 transport:le reason:GATT_CONN_TIMEOUT
04-02 09:46:28.612 I/bt_bta_gattc( 673): system/bt/bta/gatt/bta_gattc_act.cc:1115 bta_gattc_conn_cback: Disconnected att_id:4 transport:le reason:GATT_CONN_TIMEOUT
04-02 09:46:28.612 I/bt_bta_gattc( 673): system/bt/bta/gatt/bta_gattc_act.cc:1115 bta_gattc_conn_cback: Disconnected att_id:5 transport:le reason:GATT_CONN_TIMEOUT
04-02 09:46:28.612 I/bt_bta_gattc( 673): system/bt/bta/gatt/bta_gattc_act.cc:1115 bta_gattc_conn_cback: Disconnected att_id:6 transport:le reason:GATT_CONN_TIMEOUT
04-02 09:46:28.612 W/bt_btm_sec( 673): system/bt/stack/btm/btm_sec.cc:3685 btm_sec_disconnected: Got uncommon disconnection reason:Connection Timeout handle:0x0010
04-02 09:46:28.612 E/bt_bta_hh( 673): system/bt/bta/hh/bta_hh_le.cc:999 bta_hh_security_cmpl: Encryption failed status:BTA_HH_ERR_SEC btm_status:BTM_ERR_PROCESSING BLE mac:c9:b5:96:5c:e3:ed
04-02 09:46:28.612 I/btif_av ( 673): system/bt/btif/src/btif_av.cc:3352 btif_av_acl_disconnected: btif_av_acl_disconnected: Peer c9:b5:96:5c:e3:ed : ACL Disconnected
04-02 09:46:28.612 I/btif_av ( 673): system/bt/btif/src/btif_av.cc:1078 FindOrCreatePeer: BtifAvPeer *BtifAvSource::FindOrCreatePeer(const RawAddress &, tBTA_AV_HNDL): Create peer: peer_address=c9:b5:96:5c:e3:ed bta_handle=0x41 peer_id=0
04-02 09:46:28.612 E/bt_upio ( 250): upio_set : /proc/bluetooth/sleep/btwrite(-1) incorrent
04-02 09:46:28.612 I/btif_av ( 673): system/bt/btif/src/btif_av.cc:3279 btif_av_get_peer_sep: No active sink or source peer found
04-02 09:46:28.612 I/bt_btif_a2dp_source( 673): system/bt/btif/src/btif_a2dp_source.cc:691 btif_a2dp_source_on_idle: btif_a2dp_source_on_idle: state=STATE_OFF
04-02 09:46:28.612 I/btif_av ( 673): system/bt/btif/src/btif_av.cc:3279 btif_av_get_peer_sep: No active sink or source peer found
04-02 09:46:28.613 I/bt_btif_a2dp_source( 673): system/bt/btif/src/btif_a2dp_source.cc:691 btif_a2dp_source_on_idle: btif_a2dp_source_on_idle: state=STATE_OFF
04-02 09:46:28.613 I/btif_av ( 673): system/bt/btif/src/btif_av.cc:1123 DeleteIdlePeers: DeleteIdlePeers: Deleting idle peer: c9:b5:96:5c:e3:ed bta_handle=0x41
04-02 09:46:28.613 D/BluetoothGatt( 1051): onClientConnectionState() - status=0 clientIf=6 device=C9:B5:96:5C:E3:ED
04-02 09:46:28.618 W/bt_btif ( 673): system/bt/main/bte_logmsg.cc:194 LogMsg: btif_hh_upstreams_evt: BTA_HH_OPN_EVT: handle=16, status =6
04-02 09:46:28.618 W/BluetoothHidHostService( 673): no state change: 0
04-02 09:46:28.626 I/dangbei111( 1051): cccccc on receiver=android.bluetooth.device.action.ACL_DISCONNECTED,mac=C9:B5:96:5C:E3:ED
04-02 09:46:28.748 I/bluetooth( 673): system/bt/stack/gatt/connection_manager.cc:185 on_connection_complete: Le connection completed to device:c9:b5:96:5c:e3:ed
04-02 09:46:28.748 I/bt_btm_ble( 673): system/bt/stack/btm/btm_ble.cc:1699 btm_ble_connected: Updating device record timestamp for existing ble connection
04-02 09:46:28.822 I/bt_stack( 673): [INFO:gatt_attr.cc(880)] gatt_sr_init_cl_status: bda=c9:b5:96:5c:e3:ed, cl_supp_feat=0000, aware=1
04-02 09:46:28.823 I/bluetooth( 673): system/bt/stack/gap/gap_ble.cc:298 client_connect_cback: No active GAP service found for peer:xx:xx:xx:xx:e3:ed callback:Connected
04-02 09:46:28.823 I/bt_bta_gattc( 673): system/bt/bta/gatt/bta_gattc_act.cc:1110 bta_gattc_conn_cback: Connected att_id:3 transport:le reason:GATT_CONN_OK
04-02 09:46:28.823 I/bt_bta_gattc( 673): system/bt/bta/gatt/bta_gattc_act.cc:1110 bta_gattc_conn_cback: Connected att_id:4 transport:le reason:GATT_CONN_OK
04-02 09:46:28.823 I/bt_bta_gattc( 673): system/bt/bta/gatt/bta_gattc_act.cc:1110 bta_gattc_conn_cback: Connected att_id:5 transport:le reason:GATT_CONN_OK
04-02 09:46:28.823 I/bt_bta_gattc( 673): system/bt/bta/gatt/bta_gattc_act.cc:1110 bta_gattc_conn_cback: Connected att_id:6 transport:le reason:GATT_CONN_OK
04-02 09:46:28.823 I/bluetooth( 673): system/bt/stack/gatt/connection_manager.cc:185 on_connection_complete: Le connection completed to device:c9:b5:96:5c:e3:ed
04-02 09:46:28.823 I/bt_stack( 673): [INFO:eatt_impl.h(634)] connect device c9:b5:96:5c:e3:ed rolecentral
04-02 09:46:28.823 I/bt_btif_dm( 673): system/bt/btif/src/btif_dm.cc:497 btif_update_remote_version_property: Remote version info valid:true [xx:xx:xx:xx:e3:ed]: 8, 50e, 8
04-02 09:46:28.843 W/bt_btm ( 673): system/bt/main/bte_logmsg.cc:194 LogMsg: Security Manager: BTM_SetEncryption busy, enqueue request
04-02 09:46:28.843 D/BluetoothGatt( 1051): onClientConnectionState() - status=0 clientIf=6 device=C9:B5:96:5C:E3:ED
04-02 09:46:28.843 D/BluetoothGatt( 1051): discoverServices() - device: C9:B5:96:5C:E3:ED
04-02 09:46:28.845 E/BluetoothPhonePolicy( 673): Received unexpected intent, action=android.bluetooth.device.action.ACL_CONNECTED
04-02 09:46:28.845 I/BluetoothPhonePolicy( 673): processDeviceConnected, device=C9:B5:96:5C:E3:ED
04-02 09:46:28.846 D/BluetoothDatabase( 673): setConnection: device=C9:B5:96:5C:E3:ED and isA2dpDevice=false
04-02 09:46:28.846 D/BluetoothDatabase( 673): Updating last connected time for device: C9:B5:96:5C:E3:ED to 7
04-02 09:46:28.846 D/BluetoothDatabase( 673): updateDatabase C9:B5:96:5C:E3:ED
04-02 09:46:28.848 I/bt_bta_gattc( 673): system/bt/bta/gatt/bta_gattc_cache.cc:902 bta_gattc_get_gatt_db: bta_gattc_get_gatt_db
04-02 09:46:28.851 I/dangbei111( 1051): cccccc on receiver=android.bluetooth.device.action.ACL_CONNECTED,mac=C9:B5:96:5C:E3:ED
04-02 09:46:28.851 I/dangbei111( 1051): cccccc 收到 ACTION_ACL_CONNECTED 的广播
04-02 09:46:28.851 E/dangbei111( 1051): 5s后准备进行遥控器ota信息检测
04-02 09:46:28.852 I/bt_stack( 673): [INFO:eatt_impl.h(578)] supported_features_cb c9:b5:96:5c:e3:ed is_eatt_supported = 0
04-02 09:46:28.854 D/BluetoothGatt( 1051): onSearchComplete() = Device=C9:B5:96:5C:E3:ED Status=0
04-02 09:46:28.917 W/IorapForwardingService( 479): No service published for: iorapd
04-02 09:46:29.262 D/hdmi-cec( 263): receive invalid cec message!
04-02 09:46:29.263 D/hdmi-cec( 263): receive poll message [04], skip!
04-02 09:46:29.920 W/IorapForwardingService( 479): No service published for: iorapd
04-02 09:46:30.922 W/IorapForwardingService( 479): No service published for: iorapd
04-02 09:46:31.479 E/WifiHAL ( 667): wifi_get_link_stats: requestResponse Error:-5
04-02 09:46:31.481 E/WifiVendorHal( 479): getWifiLinkLayerStats_1_5_Internal(l.1191) failed {.code = ERROR_INVALID_ARGS, .description = }
01-01 08:01:32.085 W/hdr10p_Configure( 378): 59 callbacks suppressed
01-01 08:01:32.085 I/ ( 378): DVI mode selected: packets not configured
01-01 08:01:32.098 W/set_vsif_config( 378): 59 callbacks suppressed
01-01 08:01:32.098 I/ ( 378): Error: set vsif failed
01-01 08:01:32.118 I/ ( 378): DVI mode selected: packets not configured
01-01 08:01:32.124 I/ ( 378): Error: set vsif failed
01-01 08:01:32.150 I/ ( 378): DVI mode selected: packets not configured
01-01 08:01:32.157 I/ ( 378): Error: set vsif failed
01-01 08:01:32.168 I/ ( 378): DVI mode selected: packets not configured
01-01 08:01:32.174 I/ ( 378): Error: set vsif failed
01-01 08:01:32.201 I/ ( 378): DVI mode selected: packets not configured
01-01 08:01:32.208 I/ ( 378): Error: set vsif failed
01-01 08:01:32.234 I/ ( 378): DVI mode selected: packets not configured
01-01 08:01:32.240 I/ ( 378): Error: set vsif failed
01-01 08:01:32.251 I/ ( 378): DVI mode selected: packets not configured
01-01 08:01:32.257 I/ ( 378): Error: set vsif failed
01-01 08:01:32.267 I/ ( 378): DVI mode selected: packets not configured
01-01 08:01:32.273 I/ ( 378): Error: set vsif failed
01-01 08:01:32.284 I/ ( 378): DVI mode selected: packets not configured
01-01 08:01:32.291 I/ ( 378): Error: set vsif failed
01-01 08:01:32.318 I/ ( 378): DVI mode selected: packets not configured
01-01 08:01:32.324 I/ ( 378): Error: set vsif failed
04-02 09:46:31.852 E/bt_upio ( 250): upio_set : /proc/bluetooth/sleep/btwrite(-1) incorrent
04-02 09:46:31.862 E/dangbei111( 1051): cccccc 检查遥控器是否连接: Dangbei C9:B5:96:5C:E3:ED
04-02 09:46:31.866 E/dangbei111( 1051): cccccc 检查遥控器是否连接: 蓝牙的结果 Dangbei C9:B5:96:5C:E3:ED true
04-02 09:46:31.866 E/dangbei111( 1051): cccccc input中没有遥控器存在
04-02 09:46:31.866 E/dangbei111( 1051): cccccc 蓝牙状态连接 开启8s check任务
04-02 09:46:31.866 E/dangbei111( 1051): cccccc 没有遥控器连接 不进行 getRCInfo return
04-02 09:46:31.866 E/dangbei111( 1051): getBattery delay 0
04-02 09:46:31.869 I/bt_btif_config( 673): system/bt/btif/src/btif_config.cc:137 btif_get_device_type: Device [c9:b5:96:5c:e3:ed] device type 2
04-02 09:46:31.869 D/BluetoothGatt( 1051): discoverServices() - device: C9:B5:96:5C:E3:ED
04-02 09:46:31.870 I/bt_stack( 673): [INFO:connection_manager.cc(104)] App id=0x06already doing background connection to c9:b5:96:5c:e3:ed
04-02 09:46:31.870 E/dangbei111( 1051): 5mins后会再次获取电量
04-02 09:46:31.870 E/dangbei111( 1051): getBattery delay 300000
04-02 09:46:31.871 I/bt_bta_gattc( 673): system/bt/bta/gatt/bta_gattc_cache.cc:902 bta_gattc_get_gatt_db: bta_gattc_get_gatt_db
04-02 09:46:31.874 D/BluetoothGatt( 1051): onSearchComplete() = Device=C9:B5:96:5C:E3:ED Status=0
04-02 09:46:31.924 W/IorapForwardingService( 479): No service published for: iorapd
04-02 09:46:32.840 I/BackgroundDexOptService( 479): Performing idle optimizations
04-02 09:46:32.911 E/cutils-trace( 2947): Error opening trace file: No such file or directory (2)
04-02 09:46:32.927 W/IorapForwardingService( 479): No service published for: iorapd
04-02 09:46:33.136 I/BackgroundDexOptService( 479): Pinning optimized code {}
04-02 09:46:33.137 I/BackgroundDexOptService( 479): Idle optimizations completed.
04-02 09:46:33.857 E/dangbei111( 1051): cccccc 检测到网络 准备请求遥控器ota信息
04-02 09:46:33.858 W/ContextImpl( 1051): Calling a method in the system process without a qualified user: android.app.ContextImpl.sendBroadcast:1173 android.content.ContextWrapper.sendBroadcast:479 com.dangbei.remotecontroller.RemoteControllerReceiver.sendMessageToUpdateHelper:122 com.dangbei.remotecontroller.RemoteControllerReceiver.access$100:28 com.dangbei.remotecontroller.RemoteControllerReceiver$1.handleMessage:41
04-02 09:46:33.860 E/ActivityManager( 479): Sending non-protected broadcast com.dangbei.remote.connected from system 1051:com.dangbei.lerad.etna.haqu/1000 pkg com.dangbei.lerad.etna.haqu
04-02 09:46:33.860 E/ActivityManager( 479): java.lang.Throwable
04-02 09:46:33.860 E/ActivityManager( 479): at com.android.server.am.ActivityManagerService.checkBroadcastFromSystem(ActivityManagerService.java:12816)
04-02 09:46:33.860 E/ActivityManager( 479): at com.android.server.am.ActivityManagerService.broadcastIntentLocked(ActivityManagerService.java:13416)
04-02 09:46:33.860 E/ActivityManager( 479): at com.android.server.am.ActivityManagerService.broadcastIntentLocked(ActivityManagerService.java:12833)
04-02 09:46:33.860 E/ActivityManager( 479): at com.android.server.am.ActivityManagerService.broadcastIntentWithFeature(ActivityManagerService.java:13670)
04-02 09:46:33.860 E/ActivityManager( 479): at android.app.IActivityManager$Stub.onTransact(IActivityManager.java:2326)
04-02 09:46:33.860 E/ActivityManager( 479): at com.android.server.am.ActivityManagerService.onTransact(ActivityManagerService.java:2509)
04-02 09:46:33.860 E/ActivityManager( 479): at android.os.Binder.execTransactInternal(Binder.java:1179)
04-02 09:46:33.860 E/ActivityManager( 479): at android.os.Binder.execTransact(Binder.java:1143)
04-02 09:46:33.862 E/ActivityManager( 479): Sending non-protected broadcast com.dangbei.remote.connected from system 1051:com.dangbei.lerad.etna.haqu/1000 pkg com.dangbei.lerad.etna.haqu
04-02 09:46:33.862 E/ActivityManager( 479): java.lang.Throwable
04-02 09:46:33.862 E/ActivityManager( 479): at com.android.server.am.ActivityManagerService.checkBroadcastFromSystem(ActivityManagerService.java:12816)
04-02 09:46:33.862 E/ActivityManager( 479): at com.android.server.am.ActivityManagerService.broadcastIntentLocked(ActivityManagerService.java:13513)
04-02 09:46:33.862 E/ActivityManager( 479): at com.android.server.am.ActivityManagerService.broadcastIntentLocked(ActivityManagerService.java:12833)
04-02 09:46:33.862 E/ActivityManager( 479): at com.android.server.am.ActivityManagerService.broadcastIntentWithFeature(ActivityManagerService.java:13670)
04-02 09:46:33.862 E/ActivityManager( 479): at android.app.IActivityManager$Stub.onTransact(IActivityManager.java:2326)
04-02 09:46:33.862 E/ActivityManager( 479): at com.android.server.am.ActivityManagerService.onTransact(ActivityManagerService.java:2509)
04-02 09:46:33.862 E/ActivityManager( 479): at android.os.Binder.execTransactInternal(Binder.java:1179)
04-02 09:46:33.862 E/ActivityManager( 479): at android.os.Binder.execTransact(Binder.java:1143)
04-02 09:46:33.863 I/DropBoxManagerService( 479): add tag=system_server_wtf isTagEnabled=true flags=0x2
04-02 09:46:33.867 I/DropBoxManagerService( 479): add tag=system_server_wtf isTagEnabled=true flags=0x2
04-02 09:46:33.869 E/dangbei111( 1051): 读出来的遥控器版本不是空 CSH260331
04-02 09:46:33.869 E/dangbei111( 1051): cccccc requestRemoteInfoInner factory NA version CSH260331
04-02 09:46:33.893 I/okhttp.OkHttpClient( 1051): --> POST http://tymsgapi.qun7.com/v1/core/ykota (622-byte body)
04-02 09:46:33.928 W/IorapForwardingService( 479): No service published for: iorapd
04-02 09:46:33.997 I/okhttp.OkHttpClient( 1051): <-- 200 OK http://tymsgapi.qun7.com/v1/core/ykota (103ms, unknown-length body)
04-02 09:46:34.001 E/dangbei111( 1051): cccccc requestRemoteInfoInner BaseResponse{message='success', data=null, code=0}
04-02 09:46:34.001 W/System.err( 1051): java.lang.NullPointerException: Attempt to invoke virtual method 'java.lang.String com.etna.haqu.model.business.bean.db.remote.RemoteUpdateBean.getDownloadId()' on a null object reference
04-02 09:46:34.001 W/System.err( 1051): at com.dangbei.etna.update.remote.RemoteUpdateHelper$requestRemoteInfoInner$1$2.invoke(RemoteUpdateHelper.kt:199)
04-02 09:46:34.001 W/System.err( 1051): at com.dangbei.etna.update.remote.RemoteUpdateHelper$requestRemoteInfoInner$1$2.invoke(RemoteUpdateHelper.kt:188)
04-02 09:46:34.001 W/System.err( 1051): at com.etna.haqu.support.ext.FlowExtKt$safeCollect$3.emit(FlowExt.kt:52)
04-02 09:46:34.001 W/System.err( 1051): at kotlinx.coroutines.flow.FlowKt__ErrorsKt$catchImpl$2.emit(Errors.kt:158)
04-02 09:46:34.001 W/System.err( 1051): at kotlinx.coroutines.flow.FlowKt__ChannelsKt.emitAllImpl$FlowKt__ChannelsKt(Channels.kt:62)
04-02 09:46:34.001 W/System.err( 1051): at kotlinx.coroutines.flow.FlowKt__ChannelsKt.access$emitAllImpl$FlowKt__ChannelsKt(Channels.kt:1)
04-02 09:46:34.001 W/System.err( 1051): at kotlinx.coroutines.flow.FlowKt__ChannelsKt$emitAllImpl$1.invokeSuspend(Unknown Source:14)
04-02 09:46:34.001 W/System.err( 1051): at kotlin.coroutines.jvm.internal.BaseContinuationImpl.resumeWith(ContinuationImpl.kt:33)
04-02 09:46:34.002 W/System.err( 1051): at kotlinx.coroutines.DispatchedTask.run(DispatchedTask.kt:106)
04-02 09:46:34.002 W/System.err( 1051): at android.os.Handler.handleCallback(Handler.java:938)
04-02 09:46:34.002 W/System.err( 1051): at android.os.Handler.dispatchMessage(Handler.java:99)
04-02 09:46:34.002 W/System.err( 1051): at android.os.Looper.loopOnce(Looper.java:201)
04-02 09:46:34.002 W/System.err( 1051): at android.os.Looper.loop(Looper.java:288)
04-02 09:46:34.002 W/System.err( 1051): at android.app.ActivityThread.main(ActivityThread.java:7854)
04-02 09:46:34.002 W/System.err( 1051): at java.lang.reflect.Method.invoke(Native Method)
04-02 09:46:34.002 W/System.err( 1051): at com.android.internal.os.RuntimeInit$MethodAndArgsCaller.run(RuntimeInit.java:548)
04-02 09:46:34.002 W/System.err( 1051): at com.android.internal.os.ZygoteInit.main(ZygoteInit.java:1182)
04-02 09:46:34.004 E/ccc ( 1051): cccccc com.dangbei.haqusetting not connect
04-02 09:46:34.004 E/ccc ( 1051): cccccc updateHelper 通知更新
04-02 09:46:34.004 E/dangbei111( 1051): cccccc requestRemoteInfoInner 出现异常 Attempt to invoke virtual method 'java.lang.String com.etna.haqu.model.business.bean.db.remote.RemoteUpdateBean.getDownloadId()' on a null object reference
04-02 09:46:34.494 E/WifiHAL ( 667): wifi_get_link_stats: requestResponse Error:-5
04-02 09:46:34.497 E/WifiVendorHal( 479): getWifiLinkLayerStats_1_5_Internal(l.1191) failed {.code = ERROR_INVALID_ARGS, .description = }
04-02 09:46:34.867 E/dangbei111( 1051): cccccc 准备开始进行 startScanInner
04-02 09:46:34.867 E/dangbei111( 1051): cccccc 小于10s 由于之前已经开始扫描了 不在开启新的扫描
04-02 09:46:34.932 W/IorapForwardingService( 479): No service published for: iorapd
04-02 09:46:34.913 I/cling--ap-2( 2404): type=1400 audit(0.0:1150): avc: denied { search } for name="net" dev="sysfs" ino=10441 scontext=u:r:platform_app:s0:c512,c768 tcontext=u:object_r:sysfs_net:s0 tclass=dir permissive=1 app=com.dangbei.screencast
04-02 09:46:34.913 I/cling--ap-2( 2404): type=1400 audit(0.0:1151): avc: denied { read } for name="address" dev="sysfs" ino=16905 scontext=u:r:platform_app:s0:c512,c768 tcontext=u:object_r:sysfs_net:s0 tclass=file permissive=1 app=com.dangbei.screencast
04-02 09:46:34.913 I/cling--ap-2( 2404): type=1400 audit(0.0:1152): avc: denied { open } for path="/sys/devices/virtual/net/dummy0/address" dev="sysfs" ino=16905 scontext=u:r:platform_app:s0:c512,c768 tcontext=u:object_r:sysfs_net:s0 tclass=file permissive=1 app=com.dangbei.screencast
04-02 09:46:34.913 I/cling--ap-2( 2404): type=1400 audit(0.0:1153): avc: denied { getattr } for path="/sys/devices/virtual/net/dummy0/address" dev="sysfs" ino=16905 scontext=u:r:platform_app:s0:c512,c768 tcontext=u:object_r:sysfs_net:s0 tclass=file permissive=1 app=com.dangbei.screencast
04-02 09:46:35.509 D/aaa ( 1107): LedStatusService onStartCommand begin
04-02 09:46:35.510 D/bbb ( 1170): onStartCommand begin !!!!!!! data分区剩余 24956MB
04-02 09:46:35.510 D/aaa ( 1107): topPkg is -------------- :com.dangbei.leard.leradlauncher
04-02 09:46:35.515 D/aaa ( 1107): WiFi is connect
04-02 09:46:35.665 W/ActivityManager( 479): Stopping service due to app idle: u0a57 -1m0s291ms com.android.tv/.dvr.recorder.DvrRecordingService
04-02 09:46:35.670 I/ActivityManager( 479): Killing 1234:com.android.music/u0a48 (adj 985): empty #17
04-02 09:46:35.676 I/libprocessgroup( 479): Successfully killed process cgroup uid 10048 pid 1234 in 0ms
04-02 09:46:35.678 I/bt_stack( 673): [INFO:btsnoop.cc(338)] clear_l2cap_allowlist: Clearing acceptlist from l2cap channel. conn_handle=16 cid=4:4
04-02 09:46:35.679 I/bluetooth( 673): system/bt/stack/gap/gap_ble.cc:298 client_connect_cback: No active GAP service found for peer:xx:xx:xx:xx:e3:ed callback:Disconnected
04-02 09:46:35.679 I/bt_bta_gattc( 673): system/bt/bta/gatt/bta_gattc_act.cc:1115 bta_gattc_conn_cback: Disconnected att_id:3 transport:le reason:GATT_CONN_TIMEOUT
04-02 09:46:35.679 I/bt_bta_gattc( 673): system/bt/bta/gatt/bta_gattc_act.cc:1115 bta_gattc_conn_cback: Disconnected att_id:4 transport:le reason:GATT_CONN_TIMEOUT
04-02 09:46:35.679 I/bt_bta_gattc( 673): system/bt/bta/gatt/bta_gattc_act.cc:1115 bta_gattc_conn_cback: Disconnected att_id:5 transport:le reason:GATT_CONN_TIMEOUT
04-02 09:46:35.679 I/bt_bta_gattc( 673): system/bt/bta/gatt/bta_gattc_act.cc:1115 bta_gattc_conn_cback: Disconnected att_id:6 transport:le reason:GATT_CONN_TIMEOUT
04-02 09:46:35.679 W/bt_btm_sec( 673): system/bt/stack/btm/btm_sec.cc:3685 btm_sec_disconnected: Got uncommon disconnection reason:Connection Timeout handle:0x0010
04-02 09:46:35.680 E/bt_bta_hh( 673): system/bt/bta/hh/bta_hh_le.cc:999 bta_hh_security_cmpl: Encryption failed status:BTA_HH_ERR_SEC btm_status:BTM_ERR_PROCESSING BLE mac:c9:b5:96:5c:e3:ed
04-02 09:46:35.680 I/btif_av ( 673): system/bt/btif/src/btif_av.cc:3352 btif_av_acl_disconnected: btif_av_acl_disconnected: Peer c9:b5:96:5c:e3:ed : ACL Disconnected
04-02 09:46:35.680 E/bt_upio ( 250): upio_set : /proc/bluetooth/sleep/btwrite(-1) incorrent
04-02 09:46:35.680 I/btif_av ( 673): system/bt/btif/src/btif_av.cc:1078 FindOrCreatePeer: BtifAvPeer *BtifAvSource::FindOrCreatePeer(const RawAddress &, tBTA_AV_HNDL): Create peer: peer_address=c9:b5:96:5c:e3:ed bta_handle=0x41 peer_id=0
04-02 09:46:35.680 I/btif_av ( 673): system/bt/btif/src/btif_av.cc:3279 btif_av_get_peer_sep: No active sink or source peer found
04-02 09:46:35.680 I/bt_btif_a2dp_source( 673): system/bt/btif/src/btif_a2dp_source.cc:691 btif_a2dp_source_on_idle: btif_a2dp_source_on_idle: state=STATE_OFF
04-02 09:46:35.681 I/btif_av ( 673): system/bt/btif/src/btif_av.cc:3279 btif_av_get_peer_sep: No active sink or source peer found
04-02 09:46:35.681 I/bt_btif_a2dp_source( 673): system/bt/btif/src/btif_a2dp_source.cc:691 btif_a2dp_source_on_idle: btif_a2dp_source_on_idle: state=STATE_OFF
04-02 09:46:35.681 I/btif_av ( 673): system/bt/btif/src/btif_av.cc:1123 DeleteIdlePeers: DeleteIdlePeers: Deleting idle peer: c9:b5:96:5c:e3:ed bta_handle=0x41
04-02 09:46:35.683 D/BluetoothGatt( 1051): onClientConnectionState() - status=0 clientIf=6 device=C9:B5:96:5C:E3:ED
04-02 09:46:35.700 I/dangbei111( 1051): cccccc on receiver=android.bluetooth.device.action.ACL_DISCONNECTED,mac=C9:B5:96:5C:E3:ED
04-02 09:46:35.709 W/bt_btif ( 673): system/bt/main/bte_logmsg.cc:194 LogMsg: btif_hh_upstreams_evt: BTA_HH_OPN_EVT: handle=16, status =6
04-02 09:46:35.710 W/BluetoothHidHostService( 673): no state change: 0
04-02 09:46:35.712 I/Zygote ( 244): Process 1234 exited due to signal 9 (Killed)
04-02 09:46:35.720 I/ActivityManager( 479): Killing 1539:com.android.dynsystem:dynsystem/1000 (adj 985): empty #17
04-02 09:46:35.724 I/libprocessgroup( 479): Successfully killed process cgroup uid 1000 pid 1539 in 0ms
04-02 09:46:35.750 I/Zygote ( 244): Process 1539 exited due to signal 9 (Killed)
04-02 09:46:35.811 I/bluetooth( 673): system/bt/stack/gatt/connection_manager.cc:185 on_connection_complete: Le connection completed to device:c9:b5:96:5c:e3:ed
04-02 09:46:35.811 I/bt_btm_ble( 673): system/bt/stack/btm/btm_ble.cc:1699 btm_ble_connected: Updating device record timestamp for existing ble connection
04-02 09:46:35.886 I/bt_stack( 673): [INFO:gatt_attr.cc(880)] gatt_sr_init_cl_status: bda=c9:b5:96:5c:e3:ed, cl_supp_feat=0000, aware=1
04-02 09:46:35.886 I/bluetooth( 673): system/bt/stack/gap/gap_ble.cc:298 client_connect_cback: No active GAP service found for peer:xx:xx:xx:xx:e3:ed callback:Connected
04-02 09:46:35.886 I/bt_bta_gattc( 673): system/bt/bta/gatt/bta_gattc_act.cc:1110 bta_gattc_conn_cback: Connected att_id:3 transport:le reason:GATT_CONN_OK
04-02 09:46:35.886 I/bt_bta_gattc( 673): system/bt/bta/gatt/bta_gattc_act.cc:1110 bta_gattc_conn_cback: Connected att_id:4 transport:le reason:GATT_CONN_OK
04-02 09:46:35.886 I/bt_bta_gattc( 673): system/bt/bta/gatt/bta_gattc_act.cc:1110 bta_gattc_conn_cback: Connected att_id:5 transport:le reason:GATT_CONN_OK
04-02 09:46:35.886 I/bt_bta_gattc( 673): system/bt/bta/gatt/bta_gattc_act.cc:1110 bta_gattc_conn_cback: Connected att_id:6 transport:le reason:GATT_CONN_OK
04-02 09:46:35.886 I/bluetooth( 673): system/bt/stack/gatt/connection_manager.cc:185 on_connection_complete: Le connection completed to device:c9:b5:96:5c:e3:ed
04-02 09:46:35.886 I/bt_stack( 673): [INFO:eatt_impl.h(634)] connect device c9:b5:96:5c:e3:ed rolecentral
04-02 09:46:35.887 I/bt_btif_dm( 673): system/bt/btif/src/btif_dm.cc:497 btif_update_remote_version_property: Remote version info valid:true [xx:xx:xx:xx:e3:ed]: 8, 50e, 8
04-02 09:46:35.895 I/BLEAudioDrive_HV410( 249): select timeout!
04-02 09:46:35.902 D/BluetoothGatt( 1051): onClientConnectionState() - status=0 clientIf=6 device=C9:B5:96:5C:E3:ED
04-02 09:46:35.902 E/BluetoothPhonePolicy( 673): Received unexpected intent, action=android.bluetooth.device.action.ACL_CONNECTED
04-02 09:46:35.902 D/BluetoothGatt( 1051): discoverServices() - device: C9:B5:96:5C:E3:ED
04-02 09:46:35.902 W/bt_btm ( 673): system/bt/main/bte_logmsg.cc:194 LogMsg: Security Manager: BTM_SetEncryption busy, enqueue request
04-02 09:46:35.902 I/BluetoothPhonePolicy( 673): processDeviceConnected, device=C9:B5:96:5C:E3:ED
04-02 09:46:35.902 D/BluetoothDatabase( 673): setConnection: device=C9:B5:96:5C:E3:ED and isA2dpDevice=false
04-02 09:46:35.902 D/BluetoothDatabase( 673): Updating last connected time for device: C9:B5:96:5C:E3:ED to 8
04-02 09:46:35.903 D/BluetoothDatabase( 673): updateDatabase C9:B5:96:5C:E3:ED
04-02 09:46:35.907 I/bt_bta_gattc( 673): system/bt/bta/gatt/bta_gattc_cache.cc:902 bta_gattc_get_gatt_db: bta_gattc_get_gatt_db
04-02 09:46:35.909 I/dangbei111( 1051): cccccc on receiver=android.bluetooth.device.action.ACL_CONNECTED,mac=C9:B5:96:5C:E3:ED
04-02 09:46:35.909 I/dangbei111( 1051): cccccc 收到 ACTION_ACL_CONNECTED 的广播
04-02 09:46:35.909 E/dangbei111( 1051): 5s后准备进行遥控器ota信息检测
04-02 09:46:35.911 D/BluetoothGatt( 1051): onSearchComplete() = Device=C9:B5:96:5C:E3:ED Status=0
04-02 09:46:35.934 W/IorapForwardingService( 479): No service published for: iorapd
04-02 09:46:36.564 D/UtilLog ( 2252): 日志批量上报 进行正常循环 !!!!!!本次有0次请求,共0条数据
04-02 09:46:36.937 W/IorapForwardingService( 479): No service published for: iorapd
04-02 09:46:37.512 E/WifiHAL ( 667): wifi_get_link_stats: requestResponse Error:-5
04-02 09:46:37.514 E/WifiVendorHal( 479): getWifiLinkLayerStats_1_5_Internal(l.1191) failed {.code = ERROR_INVALID_ARGS, .description = }
01-01 08:01:38.094 W/hdr10p_Configure( 378): 54 callbacks suppressed
01-01 08:01:38.094 I/ ( 378): DVI mode selected: packets not configured
01-01 08:01:38.107 W/set_vsif_config( 378): 54 callbacks suppressed
01-01 08:01:38.107 I/ ( 378): Error: set vsif failed
01-01 08:01:38.134 I/ ( 378): DVI mode selected: packets not configured
01-01 08:01:38.141 I/ ( 378): Error: set vsif failed
01-01 08:01:38.151 I/ ( 378): DVI mode selected: packets not configured
01-01 08:01:38.158 I/ ( 378): Error: set vsif failed
01-01 08:01:38.185 I/ ( 378): DVI mode selected: packets not configured
01-01 08:01:38.191 I/ ( 378): Error: set vsif failed
01-01 08:01:38.217 I/ ( 378): DVI mode selected: packets not configured
01-01 08:01:38.224 I/ ( 378): Error: set vsif failed
01-01 08:01:38.234 I/ ( 378): DVI mode selected: packets not configured
01-01 08:01:38.241 I/ ( 378): Error: set vsif failed
01-01 08:01:38.267 I/ ( 378): DVI mode selected: packets not configured
01-01 08:01:38.274 I/ ( 378): Error: set vsif failed
01-01 08:01:38.291 I/ ( 378): DVI mode selected: packets not configured
01-01 08:01:38.297 I/ ( 378): Error: set vsif failed
01-01 08:01:38.318 I/ ( 378): DVI mode selected: packets not configured
01-01 08:01:38.324 I/ ( 378): Error: set vsif failed
01-01 08:01:38.350 I/ ( 378): DVI mode selected: packets not configured
01-01 08:01:38.357 I/ ( 378): Error: set vsif failed
04-02 09:46:37.939 W/IorapForwardingService( 479): No service published for: iorapd
04-02 09:46:38.313 I/efs-base( 2404): type=1400 audit(0.0:1154): avc: denied { search } for name="com.dangbei.screencast" dev="mmcblk0p25" ino=909 scontext=u:r:platform_app:s0:c512,c768 tcontext=u:object_r:app_data_file:s0:c512,c768 tclass=dir permissive=1 app=com.dangbei.screencast
04-02 09:46:38.313 I/efs-base( 2404): type=1400 audit(0.0:1155): avc: denied { open } for path="/data/user/0/com.dangbei.screencast/app_UApm/5fc60c21094d637f3130af19/ready/2404/wa_none_1_1_2404_3207_1774946169020" dev="mmcblk0p25" ino=3943 scontext=u:r:platform_app:s0:c512,c768 tcontext=u:object_r:app_data_file:s0:c512,c768 tclass=file permissive=1 app=com.dangbei.screencast
04-02 09:46:38.317 I/efs-base( 2404): type=1400 audit(0.0:1156): avc: denied { write } for name="upload" dev="mmcblk0p25" ino=2388 scontext=u:r:platform_app:s0:c512,c768 tcontext=u:object_r:app_data_file:s0:c512,c768 tclass=dir permissive=1 app=com.dangbei.screencast
01-01 08:01:38.992 W/audit ( 2476): audit_lost=648 audit_rate_limit=5 audit_backlog_limit=64
04-02 09:46:38.317 I/efs-base( 2404): type=1400 audit(0.0:1157): avc: denied { add_name } for name="wa_gzip_1_1_2404_6698_1775094398321" scontext=u:r:platform_app:s0:c512,c768 tcontext=u:object_r:app_data_file:s0:c512,c768 tclass=dir permissive=1 app=com.dangbei.screencast
01-01 08:01:39.028 E/audit ( 2476): rate limit exceeded
04-02 09:46:38.317 I/efs-base( 2404): type=1400 audit(0.0:1158): avc: denied { create } for name="wa_gzip_1_1_2404_6698_1775094398321" scontext=u:r:platform_app:s0:c512,c768 tcontext=u:object_r:app_data_file:s0:c512,c768 tclass=file permissive=1 app=com.dangbei.screencast
04-02 09:46:38.317 I/efs-base( 2404): type=1400 audit(0.0:1159): avc: denied { remove_name } for name="wa_none_1_1_2404_3207_1774946169020" dev="mmcblk0p25" ino=3943 scontext=u:r:platform_app:s0:c512,c768 tcontext=u:object_r:app_data_file:s0:c512,c768 tclass=dir permissive=1 app=com.dangbei.screencast
04-02 09:46:38.317 I/efs-base( 2404): type=1400 audit(0.0:1160): avc: denied { unlink } for name="wa_none_1_1_2404_3207_1774946169020" dev="mmcblk0p25" ino=3943 scontext=u:r:platform_app:s0:c512,c768 tcontext=u:object_r:app_data_file:s0:c512,c768 tclass=file permissive=1 app=com.dangbei.screencast
04-02 09:46:38.899 E/bt_upio ( 250): upio_set : /proc/bluetooth/sleep/btwrite(-1) incorrent
04-02 09:46:38.917 E/dangbei111( 1051): cccccc 检查遥控器是否连接: Dangbei C9:B5:96:5C:E3:ED
04-02 09:46:38.919 E/dangbei111( 1051): cccccc 检查遥控器是否连接: 蓝牙的结果 Dangbei C9:B5:96:5C:E3:ED true
04-02 09:46:38.920 E/dangbei111( 1051): cccccc input中没有遥控器存在
04-02 09:46:38.920 E/dangbei111( 1051): cccccc 蓝牙状态连接 开启8s check任务
04-02 09:46:38.920 E/dangbei111( 1051): cccccc 没有遥控器连接 不进行 getRCInfo return
04-02 09:46:38.920 E/dangbei111( 1051): getBattery delay 0
04-02 09:46:38.925 I/bt_btif_config( 673): system/bt/btif/src/btif_config.cc:137 btif_get_device_type: Device [c9:b5:96:5c:e3:ed] device type 2
04-02 09:46:38.925 D/BluetoothGatt( 1051): discoverServices() - device: C9:B5:96:5C:E3:ED
04-02 09:46:38.926 I/bt_stack( 673): [INFO:connection_manager.cc(104)] App id=0x06already doing background connection to c9:b5:96:5c:e3:ed
04-02 09:46:38.926 E/dangbei111( 1051): 5mins后会再次获取电量
04-02 09:46:38.926 E/dangbei111( 1051): getBattery delay 300000
04-02 09:46:38.927 I/bt_bta_gattc( 673): system/bt/bta/gatt/bta_gattc_cache.cc:902 bta_gattc_get_gatt_db: bta_gattc_get_gatt_db
04-02 09:46:38.931 D/BluetoothGatt( 1051): onSearchComplete() = Device=C9:B5:96:5C:E3:ED Status=0
04-02 09:46:38.942 W/IorapForwardingService( 479): No service published for: iorapd
04-02 09:46:38.972 I/ActivityManager( 479): Background started FGS: Allowed [callingPackage: com.dangbei.screencast; callingUid: 10027; uidState: FGS ; intent: Intent { cmp=com.dangbei.screencast/.startup.GuardService }; code:PROC_STATE_FGS; tempAllowListReason:; targetSdkVersion:28; callerTargetSdkVersion:28; startForegroundCount:0; bindFromPackage:null]
04-02 09:46:38.974 D/CompatibilityChangeReporter( 479): Compat change id reported: 135634846; UID 10027; state: DISABLED
04-02 09:46:38.975 D/CompatibilityChangeReporter( 479): Compat change id reported: 143937733; UID 10027; state: DISABLED
04-02 09:46:38.991 W/System.err( 2404): java.net.SocketException: Socket closed
04-02 09:46:38.993 W/System.err( 2404): at java.net.PlainSocketImpl.socketAccept(PlainSocketImpl.java:213)
04-02 09:46:38.993 W/System.err( 2404): at java.net.AbstractPlainSocketImpl.accept(AbstractPlainSocketImpl.java:451)
04-02 09:46:38.994 W/System.err( 2404): at java.net.ServerSocket.implAccept(ServerSocket.java:547)
04-02 09:46:38.994 W/System.err( 2404): at java.net.ServerSocket.accept(ServerSocket.java:515)
04-02 09:46:38.994 W/System.err( 2404): at b.f.f.t.f.run(Unknown Source:40)
04-02 09:46:38.995 W/System.err( 2404): at java.lang.Thread.run(Thread.java:920)
04-02 09:46:38.999 W/UpnpServiceImpl( 2404): >>> Shutting down UPnP service...
04-02 09:46:39.001 I/efs.base( 2404): wa upload succ, HttpResponse {succ=true, code=200, data='暂不支持该服务', extra={req_url=https://errlog.umeng.com/api/crashsdk/logcollect}}
04-02 09:46:39.002 D/NsdService( 479): unregister service
04-02 09:46:39.003 D/NsdService( 479): mdnssd [stop-register, 5]
04-02 09:46:39.003 D/Zygote ( 244): Forked child process 2975
04-02 09:46:39.003 D/MDnsDS ( 243): Stopping register with ref 0xf1c279e0
04-02 09:46:39.003 D/MDnsDS ( 243): freeServiceRef 5
04-02 09:46:39.003 D/MDnsDS ( 243): triggering rescan
04-02 09:46:39.004 D/MDnsDS ( 243): Monitor poll got data pollCount = 5, 2
04-02 09:46:39.004 D/MDnsDS ( 243): Monitor found [2].revents = 32 - calling ProcessResults
04-02 09:46:39.004 W/netd ( 243): dnssd_clientstub DNSServiceProcessResult called with NULL DNSServiceRef
04-02 09:46:39.004 D/MDnsDS ( 243): controlSocket shows revent= 1
04-02 09:46:39.004 D/MDnsDS ( 243): MDnsSdListener::Monitor got 1
04-02 09:46:39.004 D/MDnsDS ( 243): MDnsSdListener::Monitor poll rescanning - size=10, live=3
04-02 09:46:39.004 D/MDnsDS ( 243): Going to poll with pollCount 4
04-02 09:46:39.006 I/ActivityManager( 479): app.processName = com.dangbei.screencast:bg_guard
04-02 09:46:39.006 I/ActivityManager( 479): Start proc 2975:com.dangbei.screencast:bg_guard/u0a27 for service {com.dangbei.screencast/com.dangbei.screencast.startup.GuardService}
04-02 09:46:39.008 D/NsdService( 479): unregister service
04-02 09:46:39.009 D/NsdService( 479): mdnssd [stop-register, 6]
04-02 09:46:39.010 W/AbstractChannel( 2404): Can't invoke task later as EventLoop rejected it
04-02 09:46:39.010 W/AbstractChannel( 2404): java.util.concurrent.RejectedExecutionException: event executor terminated
04-02 09:46:39.010 W/AbstractChannel( 2404): at io.netty.util.concurrent.SingleThreadEventExecutor.reject(Unknown Source:4)
04-02 09:46:39.010 W/AbstractChannel( 2404): at io.netty.util.concurrent.SingleThreadEventExecutor.offerTask(Unknown Source:6)
04-02 09:46:39.010 W/AbstractChannel( 2404): at io.netty.util.concurrent.SingleThreadEventExecutor.addTask(Unknown Source:5)
04-02 09:46:39.010 W/AbstractChannel( 2404): at io.netty.util.concurrent.SingleThreadEventExecutor.execute(Unknown Source:4)
04-02 09:46:39.010 W/AbstractChannel( 2404): at io.netty.util.concurrent.SingleThreadEventExecutor.execute(Unknown Source:18)
04-02 09:46:39.010 W/AbstractChannel( 2404): at io.netty.channel.AbstractChannel$AbstractUnsafe.invokeLater(Unknown Source:6)
04-02 09:46:39.010 W/AbstractChannel( 2404): at io.netty.channel.AbstractChannel$AbstractUnsafe.deregister(Unknown Source:24)
04-02 09:46:39.010 W/AbstractChannel( 2404): at io.netty.channel.AbstractChannel$AbstractUnsafe.fireChannelInactiveAndDeregister(Unknown Source:17)
04-02 09:46:39.010 W/AbstractChannel( 2404): at io.netty.channel.AbstractChannel$AbstractUnsafe.close(Unknown Source:112)
04-02 09:46:39.010 W/AbstractChannel( 2404): at io.netty.channel.AbstractChannel$AbstractUnsafe.close(Unknown Source:12)
04-02 09:46:39.010 W/AbstractChannel( 2404): at io.netty.channel.nio.NioEventLoop.closeAll(Unknown Source:86)
04-02 09:46:39.010 W/AbstractChannel( 2404): at io.netty.channel.nio.NioEventLoop.run(Unknown Source:202)
04-02 09:46:39.010 W/AbstractChannel( 2404): at io.netty.util.concurrent.SingleThreadEventExecutor$4.run(Unknown Source:41)
04-02 09:46:39.010 W/AbstractChannel( 2404): at io.netty.util.internal.ThreadExecutorMap$2.run(Unknown Source:8)
04-02 09:46:39.010 W/AbstractChannel( 2404): at io.netty.util.concurrent.FastThreadLocalRunnable.run(Unknown Source:2)
04-02 09:46:39.010 W/AbstractChannel( 2404): at java.lang.Thread.run(Thread.java:920)
04-02 09:46:39.010 D/MDnsDS ( 243): Stopping register with ref 0xf1c27a40
04-02 09:46:39.010 D/MDnsDS ( 243): freeServiceRef 6
04-02 09:46:39.010 D/MDnsDS ( 243): triggering rescan
04-02 09:46:39.010 D/MDnsDS ( 243): Monitor poll got data pollCount = 4, 2
04-02 09:46:39.010 D/MDnsDS ( 243): Monitor found [1].revents = 32 - calling ProcessResults
04-02 09:46:39.011 W/netd ( 243): dnssd_clientstub DNSServiceProcessResult called with NULL DNSServiceRef
04-02 09:46:39.011 D/MDnsDS ( 243): controlSocket shows revent= 1
04-02 09:46:39.011 D/MDnsDS ( 243): MDnsSdListener::Monitor got 1
04-02 09:46:39.011 D/MDnsDS ( 243): MDnsSdListener::Monitor poll rescanning - size=10, live=2
04-02 09:46:39.011 D/MDnsDS ( 243): Going to poll with pollCount 3
04-02 09:46:39.012 I/Zygote ( 2975): seccomp disabled by setenforce 0
04-02 09:46:39.014 D/NsdService( 479): unregister service
04-02 09:46:39.014 D/NsdService( 479): mdnssd [stop-register, 4]
04-02 09:46:39.015 D/MDnsDS ( 243): Stopping register with ref 0xf1c27998
04-02 09:46:39.015 D/MDnsDS ( 243): freeServiceRef 4
04-02 09:46:39.015 D/MDnsDS ( 243): triggering rescan
04-02 09:46:39.015 D/MDnsDS ( 243): Monitor poll got data pollCount = 3, 2
04-02 09:46:39.015 D/MDnsDS ( 243): Monitor found [1].revents = 32 - calling ProcessResults
04-02 09:46:39.016 W/netd ( 243): dnssd_clientstub DNSServiceProcessResult called with NULL DNSServiceRef
04-02 09:46:39.016 D/MDnsDS ( 243): controlSocket shows revent= 1
04-02 09:46:39.016 D/MDnsDS ( 243): MDnsSdListener::Monitor got 1
04-02 09:46:39.016 D/MDnsDS ( 243): MDnsSdListener::Monitor poll rescanning - size=10, live=1
04-02 09:46:39.016 D/MDnsDS ( 243): Going to poll with pollCount 2
04-02 09:46:39.031 E/raop ( 2404): httpd_stop running 1 joined 0
04-02 09:46:39.032 E/raop ( 2404): httpd_stop connection->socket_fd=0
04-02 09:46:39.032 E/raop ( 2404): httpd_stop connection->socket_fd=0
04-02 09:46:39.032 E/raop ( 2404): httpd_stop connection->socket_fd=0
04-02 09:46:39.032 E/raop ( 2404): httpd_stop connection->socket_fd=0
04-02 09:46:39.032 I/adbd ( 397): jdwp connection from 2975
04-02 09:46:39.032 E/raop ( 2404): httpd_stop connection->socket_fd=0
04-02 09:46:39.033 E/raop ( 2404): httpd_stop connection->socket_fd=0
04-02 09:46:39.033 E/raop ( 2404): httpd_stop connection->socket_fd=0
04-02 09:46:39.033 E/raop ( 2404): httpd_stop connection->socket_fd=0
