03-31 16:35:56.804 I/Zygote ( 1107): seccomp disabled by setenforce 0
03-31 16:35:56.810 I/ranth.ledstatu( 1107): Late-enabling -Xcheck:jni
03-31 16:35:56.817 I/adbd ( 397): jdwp connection from 1093
01-01 08:00:26.660 I/sunxi-ehci 5310000.ehci2-controller( 164): irq 54, io mem 0x05310000
03-31 16:35:56.850 I/AccountManagerService( 479): User 0 is unlocked - opening CE database
01-01 08:00:26.683 I/sunxi-ehci 5310000.ehci2-controller( 164): USB 2.0 started, EHCI 1.00
01-01 08:00:26.694 E/debugfs ( 164): Directory 'sunxi-ehci' with parent 'ehci' already present!
03-31 16:35:56.869 V/GraphicsEnvironment( 1051): ANGLE Developer option for 'com.dangbei.lerad.etna.haqu' set to: 'default'
03-31 16:35:56.869 V/GraphicsEnvironment( 1051): Neither updatable production driver nor prerelease driver is supported.
03-31 16:35:56.875 D/NetworkSecurityConfig( 1051): Using Network Security Config from resource network_security_config debugBuild: false
01-01 08:00:26.708 I/usb3 ( 164): New USB device found, idVendor=1d6b, idProduct=0002, bcdDevice= 5.04
03-31 16:35:56.880 I/adbd ( 397): jdwp connection from 1107
03-31 16:35:56.882 V/GraphicsEnvironment( 1068): ANGLE Developer option for 'com.android.traceur' set to: 'default'
03-31 16:35:56.882 V/GraphicsEnvironment( 1068): Neither updatable production driver nor prerelease driver is supported.
03-31 16:35:56.885 D/NetworkSecurityConfig( 1068): No Network Security Config specified, using platform default
03-31 16:35:56.885 D/NetworkSecurityConfig( 1068): No Network Security Config specified, using platform default
01-01 08:00:26.721 I/usb3 ( 164): New USB device strings: Mfr=3, Product=2, SerialNumber=1
01-01 08:00:26.736 I/usb3 ( 164): Product: EHCI Host Controller
03-31 16:35:56.910 D/NetworkSecurityConfig( 1051): Using Network Security Config from resource network_security_config debugBuild: false
01-01 08:00:26.746 I/usb3 ( 164): Manufacturer: Linux 5.4.125+ ehci_hcd
01-01 08:00:26.753 I/usb3 ( 164): SerialNumber: sunxi-ehci
03-31 16:35:56.921 I/Traceur ( 1068): Received BOOT_COMPLETE
03-31 16:35:56.922 D/XM_HIDREAD( 317): add@ add@/devices/platform/soc@3000000/5310000.ehci2-controller/usb3
03-31 16:35:56.922 D/XM_HIDREAD( 317): add@ add@/devices/platform/soc@3000000/5310000.ehci2-controller/usb3/3-0:1.0
01-01 08:00:26.762 I/hub 3-0 ( 164): 1.0: USB hub found
01-01 08:00:26.768 I/hub 3-0 ( 164): 1.0: 1 port detected
01-01 08:00:26.776 W/ ( 164): sunxi ehci3-controller don't init wakeup source
03-31 16:35:56.955 D/AW_CODE ( 479): rotation =0
03-31 16:35:56.958 D/CompatibilityChangeReporter( 479): Compat change id reported: 174042980; UID 1000; state: DISABLED
01-01 08:00:26.785 W/[sunxi-ehci3]( 164): probe, pdev->name: 5311000.ehci3-controller, sunxi_ehci: 0xffffffc008f82458, 0x:ffffffc0159b2000, irq_no:38
03-31 16:35:56.966 D/XM_HIDREAD( 317): add@ add@/devices/virtual/devlink/regulator.8--5311000.ehci3-controller
01-01 08:00:26.807 I/sunxi-ehci 5311000.ehci3-controller( 164): EHCI Host Controller
01-01 08:00:26.817 I/sunxi-ehci 5311000.ehci3-controller( 164): new USB bus registered, assigned bus number 4
03-31 16:35:56.987 D/CompatibilityChangeReporter( 1095): Compat change id reported: 171979766; UID 1000; state: DISABLED
03-31 16:35:56.994 V/MediaProvider( 1033): Attached media from com.android.providers.media.module
01-01 08:00:26.829 I/sunxi-ehci 5311000.ehci3-controller( 164): irq 56, io mem 0x05311000
03-31 16:35:57.001 D/CompatibilityChangeReporter( 479): Compat change id reported: 168419799; UID 1000; state: DISABLED
03-31 16:35:57.005 D/ApplicationLoaders( 1095): Returning zygote-cached class loader: /system/framework/android.test.base.jar
03-31 16:35:57.005 D/ApplicationLoaders( 1095): Returning zygote-cached class loader: /system/framework/android.hidl.manager-V1.0-java.jar
03-31 16:35:57.005 D/ApplicationLoaders( 1095): Returning zygote-cached class loader: /system/framework/android.hidl.base-V1.0-java.jar
03-31 16:35:57.006 I/MultiDex( 1051): VM with version 2.1.0 has multidex support
03-31 16:35:57.006 I/MultiDex( 1051): Installing application
03-31 16:35:57.006 I/MultiDex( 1051): VM has multidex support, MultiDex support library is disabled.
03-31 16:35:57.030 D/CompatibilityChangeReporter( 1093): Compat change id reported: 171979766; UID 1000; state: ENABLED
01-01 08:00:26.852 I/sunxi-ehci 5311000.ehci3-controller( 164): USB 2.0 started, EHCI 1.00
01-01 08:00:26.860 E/debugfs ( 164): Directory 'sunxi-ehci' with parent 'ehci' already present!
01-01 08:00:26.872 I/usb4 ( 164): New USB device found, idVendor=1d6b, idProduct=0002, bcdDevice= 5.04
01-01 08:00:26.883 I/usb4 ( 164): New USB device strings: Mfr=3, Product=2, SerialNumber=1
03-31 16:35:57.031 W/Looper ( 479): Slow dispatch took 320ms main h=android.app.ActivityThread$H c=android.app.LoadedApk$ReceiverDispatcher$Args$$ExternalSyntheticLambda0@d614a46 m=0
03-31 16:35:57.042 V/NotificationAssistants( 479): 0 notification assistant service connected: ComponentInfo{android.ext.services/android.ext.services.notification.Assistant}
03-31 16:35:57.057 D/QuickLifeImpl( 1051): DatabaseHelper
01-01 08:00:26.896 I/usb4 ( 164): Product: EHCI Host Controller
03-31 16:35:57.063 I/SyncManager( 479): Loaded persisted syncs: 0 periodic syncs, 0 oneshot syncs, 16 total system server jobs, JobStats: FirstLoad: 5/2/0 LastSave: -1/-1/-1
01-01 08:00:26.904 I/usb4 ( 164): Manufacturer: Linux 5.4.125+ ehci_hcd
01-01 08:00:26.912 I/usb4 ( 164): SerialNumber: sunxi-ehci
03-31 16:35:57.067 D/CompatibilityChangeReporter( 1107): Compat change id reported: 171979766; UID 1000; state: DISABLED
01-01 08:00:26.925 I/hub 4-0 ( 164): 1.0: USB hub found
01-01 08:00:26.931 I/hub 4-0 ( 164): 1.0: 1 port detected
03-31 16:35:57.084 D/XM_HIDREAD( 317): add@ add@/devices/platform/soc@3000000/5311000.ehci3-controller/usb4
03-31 16:35:57.085 D/XM_HIDREAD( 317): add@ add@/devices/platform/soc@3000000/5311000.ehci3-controller/usb4/4-0:1.0
03-31 16:35:57.098 V/GraphicsEnvironment( 1095): ANGLE Developer option for 'com.dangbei.leard.leradlauncher' set to: 'default'
03-31 16:35:57.098 V/GraphicsEnvironment( 1095): Neither updatable production driver nor prerelease driver is supported.
03-31 16:35:57.098 D/XM_HIDREAD( 317): add@ add@/bus/platform/drivers/sunxi-ehci
03-31 16:35:57.098 D/XM_HIDREAD( 317): add@ add@/module/ehci_sunxi
03-31 16:35:57.101 D/NetworkSecurityConfig( 1095): Using Network Security Config from resource network_permission_config debugBuild: false
03-31 16:35:57.104 D/NetworkSecurityConfig( 1095): Using Network Security Config from resource network_permission_config debugBuild: false
03-31 16:35:57.131 I/TranscodeHelper( 1033): Empty transcode compat stale
03-31 16:35:57.132 I/TranscodeHelper( 1033): Parsed 0 packages from resource
01-01 08:00:26.968 W/sunxi-ohci( 164): OHCI SUNXI driver
01-01 08:00:26.976 W/ ( 164): sunxi ohci0-controller don't init wakeup source
03-31 16:35:57.135 I/TranscodeHelper( 1033): Empty device config transcode compat manifest
03-31 16:35:57.156 I/MultiDex( 1095): VM with version 2.1.0 has multidex support
03-31 16:35:57.157 I/MultiDex( 1095): Installing application
03-31 16:35:57.157 I/MultiDex( 1095): VM has multidex support, MultiDex support library is disabled.
01-01 08:00:26.986 W/[sunxi-ohci0]( 164): probe, pdev->name: 5101400.ohci0-controller, sunxi_ohci: 0xffffffc008f81378
03-31 16:35:57.160 D/XM_HIDREAD( 317): add@ add@/devices/virtual/devlink/regulator.8--5101400.ohci0-controller
03-31 16:35:57.163 D/ApplicationLoaders( 1107): Returning zygote-cached class loader: /system/framework/android.test.base.jar
03-31 16:35:57.163 D/ApplicationLoaders( 1107): Returning zygote-cached class loader: /system/framework/android.hidl.manager-V1.0-java.jar
03-31 16:35:57.163 D/ApplicationLoaders( 1107): Returning zygote-cached class loader: /system/framework/android.hidl.base-V1.0-java.jar
03-31 16:35:57.166 V/GraphicsEnvironment( 1093): ANGLE Developer option for 'com.android.keychain' set to: 'default'
03-31 16:35:57.167 V/GraphicsEnvironment( 1093): Neither updatable production driver nor prerelease driver is supported.
01-01 08:00:27.001 I/sunxi-ohci 5101400.ohci0-controller( 164): OHCI Host Controller
01-01 08:00:27.009 I/sunxi-ohci 5101400.ohci0-controller( 164): new USB bus registered, assigned bus number 5
03-31 16:35:57.169 D/NetworkSecurityConfig( 1093): No Network Security Config specified, using platform default
03-31 16:35:57.172 D/NetworkSecurityConfig( 1093): No Network Security Config specified, using platform default
03-31 16:35:57.177 V/MediaStore( 1033): Examining volume emulated;0 with name external_primary and state checking
03-31 16:35:57.184 D/CompatibilityChangeReporter( 1033): Compat change id reported: 148180766; UID 10074; state: ENABLED
01-01 08:00:27.023 I/sunxi-ohci 5101400.ohci0-controller( 164): irq 51, io mem 0x05101400
03-31 16:35:57.197 W/Looper ( 479): Drained
03-31 16:35:57.198 D/PulledMetrics( 1033): Registering callback with StatsManager
03-31 16:35:57.212 W/ranth.ledstatu( 1107): ClassLoaderContext shared library size mismatch. Expected=0, found=4 (PCL[] | PCL[]{PCL[/system/framework/android.test.base.jar*3790657674]#PCL[/system/framework/android.hidl.manager-V1.0-java.jar*1809561547]#PCL[/system/framework/android.hidl.base-V1.0-java.jar*2233032481]#PCL[/system/framework/org.apache.http.legacy.jar*2058259660]})
03-31 16:35:57.234 I/StorageUserConnection( 479): Service: [ComponentInfo{com.android.providers.media.module/com.android.providers.media.fuse.ExternalStorageServiceImpl}] connected. User [0]
03-31 16:35:57.237 I/ExternalStorageServiceImpl( 1033): Starting session for id: emulated;0
03-31 16:35:57.238 V/FuseDaemonThread( 1033): Waiting 1000ms for FUSE start. Count 4
03-31 16:35:57.241 I/FuseDaemonThread( 1033): Starting thread for emulated;0 ...
03-31 16:35:57.244 V/MediaProvider( 1033): onConfigure() for external.db
03-31 16:35:57.244 I/FuseDaemon( 1033): Starting fuse...
03-31 16:35:57.250 D/GattService( 673): Unlocked userId 0
03-31 16:35:57.265 V/GraphicsEnvironment( 1107): ANGLE Developer option for 'com.oranth.ledstatus' set to: 'default'
03-31 16:35:57.265 V/GraphicsEnvironment( 1107): Neither updatable production driver nor prerelease driver is supported.
03-31 16:35:57.280 D/CompatibilityChangeReporter( 479): Compat change id reported: 149924527; UID 1000; state: ENABLED
03-31 16:35:57.279 D/NetworkSecurityConfig( 1107): No Network Security Config specified, using platform default
03-31 16:35:57.282 D/CompatibilityChangeReporter( 479): Compat change id reported: 132649864; UID 1000; state: DISABLED
01-01 08:00:27.096 I/usb5 ( 164): New USB device found, idVendor=1d6b, idProduct=0001, bcdDevice= 5.04
01-01 08:00:27.115 I/usb5 ( 164): New USB device strings: Mfr=3, Product=2, SerialNumber=1
03-31 16:35:57.286 D/NetworkSecurityConfig( 1107): No Network Security Config specified, using platform default
01-01 08:00:27.127 I/usb5 ( 164): Product: OHCI Host Controller
01-01 08:00:27.135 I/usb5 ( 164): Manufacturer: Linux 5.4.125+ ohci_hcd
01-01 08:00:27.142 I/usb5 ( 164): SerialNumber: sunxi-ohci
03-31 16:35:57.307 D/aaa ( 1107): onCreate()
03-31 16:35:57.307 V/MediaProvider( 1033): onOpen() for external.db
03-31 16:35:57.308 E/SELinux ( 182): avc: denied { find } for pid=1107 uid=1000 name=MyLedService scontext=u:r:system_app:s0 tcontext=u:object_r:default_android_service:s0 tclass=service_manager permissive=1
03-31 16:35:57.310 E/SELinux ( 182): avc: denied { add } for pid=1107 uid=1000 name=MyLedService scontext=u:r:system_app:s0 tcontext=u:object_r:default_android_service:s0 tclass=service_manager permissive=1
03-31 16:35:57.313 V/MediaProvider( 1033): onOpen() finished for external.db
03-31 16:35:57.319 D/WakeupConfigStoreData( 479): WifiWake user data has been read
03-31 16:35:57.321 D/XM_HIDREAD( 317): add@ add@/devices/platform/soc@3000000/5101400.ohci0-controller/usb5
03-31 16:35:57.322 D/XM_HIDREAD( 317): add@ add@/devices/platform/soc@3000000/5101400.ohci0-controller/usb5/5-0:1.0
01-01 08:00:27.162 I/hub 5-0 ( 164): 1.0: USB hub found
01-01 08:00:27.168 I/hub 5-0 ( 164): 1.0: 1 port detected
03-31 16:35:57.352 D/WifiConfigStore( 479): Reading from user stores completed in 91 ms.
03-31 16:35:57.364 D/aaa ( 1107): LedStatusService onStartCommand begin
03-31 16:35:57.366 D/aaa ( 1107): topPkg is -------------- :com.android.tv.settings
01-01 08:00:27.191 W/ ( 164): sunxi ohci1-controller don't init wakeup source
01-01 08:00:27.198 W/[sunxi-ohci1]( 164): probe, pdev->name: 5200400.ohci1-controller, sunxi_ohci: 0xffffffc008f81a38
03-31 16:35:57.371 D/XM_HIDREAD( 317): add@ add@/devices/virtual/devlink/regulator.8--5200400.ohci1-controller
01-01 08:00:27.211 I/sunxi-ohci 5200400.ohci1-controller( 164): OHCI Host Controller
03-31 16:35:57.377 I/aaa ( 1107): BootCompleteService is start !!!
03-31 16:35:57.378 W/ContextImpl( 1107): Calling a method in the system process without a qualified user: android.app.ContextImpl.startService:1816 android.content.ContextWrapper.startService:774 android.content.ContextWrapper.startService:774 com.oranth.ledstatus.BootCompletedReceiver.onReceive:15 android.app.ActivityThread.handleReceiver:4308
01-01 08:00:27.220 I/sunxi-ohci 5200400.ohci1-controller( 164): new USB bus registered, assigned bus number 6
01-01 08:00:27.231 E/debugfs ( 164): Directory 'sunxi-ohci' with parent 'ohci' already present!
03-31 16:35:57.404 D/aaa ( 1107): LedStatusService onStartCommand begin
03-31 16:35:57.404 I/ActivityManager( 479): com.oranth.storage is exempt from freezer
03-31 16:35:57.405 D/CompatibilityChangeReporter( 479): Compat change id reported: 135634846; UID 1000; state: DISABLED
03-31 16:35:57.405 D/aaa ( 1107): topPkg is -------------- :com.android.tv.settings
01-01 08:00:27.242 I/sunxi-ohci 5200400.ohci1-controller( 164): irq 53, io mem 0x05200400
03-31 16:35:57.426 D/WifiConfigStore( 479): Writing to stores completed in 42 ms.
03-31 16:35:57.431 D/QuickLifeImpl( 1051): DatabaseHelper
03-31 16:35:57.432 D/QuickLifeImpl( 1051): initSQLiteDatabase : mDatabase = null
03-31 16:35:57.437 E/SQLiteLog( 1051): (5) statement aborts at 1: [PRAGMA journal_mode=TRUNCATE] database is locked
03-31 16:35:57.438 W/SQLiteConnection( 1051): Could not change the database journal mode of '/data/user/0/com.dangbei.lerad.etna.haqu/databases/quickLife.db' from 'wal' to 'TRUNCATE' because the database is locked. This usually means that there are other open connections to the database which prevents the database from enabling or disabling write-ahead logging mode. Proceeding without changing the journal mode.
03-31 16:35:57.441 I/netd ( 243): interfaceGetCfg(wlan0) -> {InterfaceConfigurationParcel{ifName: wlan0, hwAddr: b4:2f:03:15:e4:ce, ipv4Addr: 0.0.0.0, prefixLength: 0, flags: [up, broadcast, multicast]}} <0.51ms>
03-31 16:35:57.441 D/Zygote ( 244): Forked child process 1170
03-31 16:35:57.444 I/ActivityManager( 479): app.processName = com.oranth.storage
03-31 16:35:57.444 I/netd ( 243): interfaceGetCfg(wlan0) -> {InterfaceConfigurationParcel{ifName: wlan0, hwAddr: b4:2f:03:15:e4:ce, ipv4Addr: 0.0.0.0, prefixLength: 0, flags: [up, broadcast, multicast]}} <0.59ms>
03-31 16:35:57.444 I/ActivityManager( 479): Start proc 1170:com.oranth.storage/1000 for broadcast {com.oranth.storage/com.oranth.storage.BootCompletedReceiver}
03-31 16:35:57.446 I/WifiService( 479): onDriverCountryCodeChanged CN
03-31 16:35:57.452 D/WifiNetworkFactory( 479): got request NetworkRequest [ REQUEST id=10, [ Capabilities: INTERNET&NOT_RESTRICTED&TRUSTED&NOT_VCN_MANAGED Uid: 1000 RequestorUid: 1000 RequestorPkg: android] ]
03-31 16:35:57.453 I/Zygote ( 1170): seccomp disabled by setenforce 0
03-31 16:35:57.461 D/WifiConnectivityHelper( 479): Firmware supported feature set: d8108a881003d
03-31 16:35:57.469 D/WifiConnectivityHelper( 479): Firmware roaming supported with capabilities: max num blocklist bssid=0 max num allowlist ssid=0
03-31 16:35:57.471 E/WifiHAL ( 667): wifi_get_link_stats: requestResponse Error:-5
03-31 16:35:57.472 V/BackupManagerConstants( 479): getKeyValueBackupIntervalMilliseconds(...) returns 14400000
03-31 16:35:57.473 V/BackupManagerConstants( 479): getKeyValueBackupFuzzMilliseconds(...) returns 600000
03-31 16:35:57.473 V/BackupManagerConstants( 479): getKeyValueBackupRequiredNetworkType(...) returns 1
03-31 16:35:57.473 V/BackupManagerConstants( 479): getKeyValueBackupRequireCharging(...) returns true
03-31 16:35:57.473 V/KeyValueBackupJob( 479): Scheduling k/v pass in 248 minutes
03-31 16:35:57.473 I/QuickLifeImpl( 1051): Quick life start 1 time(s)
03-31 16:35:57.474 D/QuickLifeImpl( 1051): Start QuickLifeService in QuickLifeApplication!
03-31 16:35:57.474 E/WifiVendorHal( 479): getWifiLinkLayerStats_1_5_Internal(l.1191) failed {.code = ERROR_INVALID_ARGS, .description = }
03-31 16:35:57.476 E/WifiScoringParams( 479): Invalid frequency(-1), using 5G as default rssi array
03-31 16:35:57.480 W/ContextImpl( 1051): Calling a method in the system process without a qualified user: android.app.ContextImpl.startService:1816 android.content.ContextWrapper.startService:774 com.dangbei.quicklife.QuickLifeManager.startQuickLifeService:108 com.dangbei.quicklife.QuickLifeManager.init:57 com.dangbei.lerad.etna.haqu.EtnaApplication.init:68
03-31 16:35:57.482 I/.oranth.storag( 1170): Late-enabling -Xcheck:jni
03-31 16:35:57.485 D/WifiNetworkFactory( 479): got request NetworkRequest [ REQUEST id=19, [ Capabilities: INTERNET&NOT_RESTRICTED&TRUSTED&NOT_VCN_MANAGED Uid: 1073 RequestorUid: 1073 RequestorPkg: com.android.networkstack] ]
03-31 16:35:57.485 D/WifiNetworkFactory( 479): got request NetworkRequest [ REQUEST id=1, [ Capabilities: INTERNET&NOT_RESTRICTED&TRUSTED&NOT_VPN&NOT_VCN_MANAGED RequestorUid: 1000 RequestorPkg: android] ]
03-31 16:35:57.485 D/WifiNetworkFactory( 479): got request NetworkRequest [ REQUEST id=17, [ Capabilities: INTERNET&NOT_RESTRICTED&TRUSTED&NOT_VCN_MANAGED Uid: 1000 RequestorUid: 1000 RequestorPkg: android] ]
03-31 16:35:57.485 D/WifiNetworkFactory( 479): got request NetworkRequest [ REQUEST id=23, [ Capabilities: INTERNET&NOT_RESTRICTED&TRUSTED&NOT_VCN_MANAGED Uid: 1000 RequestorUid: 1000 RequestorPkg: android] ]
03-31 16:35:57.490 D/WifiNetworkFactory( 479): got request NetworkRequest [ REQUEST id=3, [ Transports: WIFI Capabilities: INTERNET&NOT_RESTRICTED&TRUSTED&NOT_VPN&NOT_VCN_MANAGED RequestorUid: 1000 RequestorPkg: android] ]
03-31 16:35:57.490 D/UntrustedWifiNetworkFactory( 479): got request NetworkRequest [ REQUEST id=10, [ Capabilities: INTERNET&NOT_RESTRICTED&TRUSTED&NOT_VCN_MANAGED Uid: 1000 RequestorUid: 1000 RequestorPkg: android] ]
03-31 16:35:57.491 D/UntrustedWifiNetworkFactory( 479): got request NetworkRequest [ REQUEST id=19, [ Capabilities: INTERNET&NOT_RESTRICTED&TRUSTED&NOT_VCN_MANAGED Uid: 1073 RequestorUid: 1073 RequestorPkg: com.android.networkstack] ]
03-31 16:35:57.492 D/UntrustedWifiNetworkFactory( 479): got request NetworkRequest [ REQUEST id=1, [ Capabilities: INTERNET&NOT_RESTRICTED&TRUSTED&NOT_VPN&NOT_VCN_MANAGED RequestorUid: 1000 RequestorPkg: android] ]
03-31 16:35:57.492 D/UntrustedWifiNetworkFactory( 479): got request NetworkRequest [ REQUEST id=17, [ Capabilities: INTERNET&NOT_RESTRICTED&TRUSTED&NOT_VCN_MANAGED Uid: 1000 RequestorUid: 1000 RequestorPkg: android] ]
03-31 16:35:57.492 D/UntrustedWifiNetworkFactory( 479): got request NetworkRequest [ REQUEST id=23, [ Capabilities: INTERNET&NOT_RESTRICTED&TRUSTED&NOT_VCN_MANAGED Uid: 1000 RequestorUid: 1000 RequestorPkg: android] ]
03-31 16:35:57.493 D/UntrustedWifiNetworkFactory( 479): got request NetworkRequest [ REQUEST id=3, [ Transports: WIFI Capabilities: INTERNET&NOT_RESTRICTED&TRUSTED&NOT_VPN&NOT_VCN_MANAGED RequestorUid: 1000 RequestorPkg: android] ]
03-31 16:35:57.493 D/OemPaidWifiNetworkFactory( 479): got request NetworkRequest [ REQUEST id=10, [ Capabilities: INTERNET&NOT_RESTRICTED&TRUSTED&NOT_VCN_MANAGED Uid: 1000 RequestorUid: 1000 RequestorPkg: android] ]
03-31 16:35:57.493 D/OemPaidWifiNetworkFactory( 479): got request NetworkRequest [ REQUEST id=19, [ Capabilities: INTERNET&NOT_RESTRICTED&TRUSTED&NOT_VCN_MANAGED Uid: 1073 RequestorUid: 1073 RequestorPkg: com.android.networkstack] ]
03-31 16:35:57.494 D/OemPaidWifiNetworkFactory( 479): got request NetworkRequest [ REQUEST id=1, [ Capabilities: INTERNET&NOT_RESTRICTED&TRUSTED&NOT_VPN&NOT_VCN_MANAGED RequestorUid: 1000 RequestorPkg: android] ]
03-31 16:35:57.494 D/OemPaidWifiNetworkFactory( 479): got request NetworkRequest [ REQUEST id=17, [ Capabilities: INTERNET&NOT_RESTRICTED&TRUSTED&NOT_VCN_MANAGED Uid: 1000 RequestorUid: 1000 RequestorPkg: android] ]
03-31 16:35:57.494 D/OemPaidWifiNetworkFactory( 479): got request NetworkRequest [ REQUEST id=23, [ Capabilities: INTERNET&NOT_RESTRICTED&TRUSTED&NOT_VCN_MANAGED Uid: 1000 RequestorUid: 1000 RequestorPkg: android] ]
03-31 16:35:57.494 D/OemPaidWifiNetworkFactory( 479): got request NetworkRequest [ REQUEST id=3, [ Transports: WIFI Capabilities: INTERNET&NOT_RESTRICTED&TRUSTED&NOT_VPN&NOT_VCN_MANAGED RequestorUid: 1000 RequestorPkg: android] ]
01-01 08:00:27.312 I/usb6 ( 164): New USB device found, idVendor=1d6b, idProduct=0001, bcdDevice= 5.04
01-01 08:00:27.332 I/usb6 ( 164): New USB device strings: Mfr=3, Product=2, SerialNumber=1
03-31 16:35:57.503 W/IorapForwardingService( 479): No service published for: iorapd
01-01 08:00:27.341 I/usb6 ( 164): Product: OHCI Host Controller
01-01 08:00:27.347 I/usb6 ( 164): Manufacturer: Linux 5.4.125+ ohci_hcd
01-01 08:00:27.355 I/usb6 ( 164): SerialNumber: sunxi-ohci
03-31 16:35:57.532 D/XM_HIDREAD( 317): add@ add@/devices/platform/soc@3000000/5200400.ohci1-controller/usb6
03-31 16:35:57.534 E/WifiHAL ( 667): wifi_get_link_stats: requestResponse Error:-5
03-31 16:35:57.536 E/WifiVendorHal( 479): getWifiLinkLayerStats_1_5_Internal(l.1191) failed {.code = ERROR_INVALID_ARGS, .description = }
03-31 16:35:57.539 D/XM_HIDREAD( 317): add@ add@/devices/platform/soc@3000000/5200400.ohci1-controller/usb6/6-0:1.0
01-01 08:00:27.374 I/hub 6-0 ( 164): 1.0: USB hub found
01-01 08:00:27.384 I/hub 6-0 ( 164): 1.0: 1 port detected
03-31 16:35:57.557 W/KernelCpuProcStringReader( 479): File not found. It's normal if not implemented: /proc/uid_time_in_state
03-31 16:35:57.558 W/KernelCpuProcStringReader( 479): File not found. It's normal if not implemented: /proc/uid_concurrent_active_time
03-31 16:35:57.558 W/KernelCpuProcStringReader( 479): File not found. It's normal if not implemented: /proc/uid_concurrent_policy_time
03-31 16:35:57.559 E/KernelCpuSpeedReader( 479): Failed to read cpu-freq: /sys/devices/system/cpu/cpu0/cpufreq/stats/time_in_state: open failed: ENOENT (No such file or directory)
03-31 16:35:57.559 E/system_server( 479): Cannot read thread CPU times for PID 479
03-31 16:35:57.566 E/ccc ( 1051): cccccc etna EtnaApplication init com.dangbei.lerad.etna.haqu.EtnaApplication@a2a35d6
01-01 08:00:27.393 W/ ( 164): sunxi ohci2-controller don't init wakeup source
01-01 08:00:27.401 W/[sunxi-ohci2]( 164): probe, pdev->name: 5310400.ohci2-controller, sunxi_ohci: 0xffffffc008f820f8
01-01 08:00:27.414 I/sunxi-ohci 5310400.ohci2-controller( 164): OHCI Host Controller
03-31 16:35:57.573 D/XM_HIDREAD( 317): add@ add@/devices/virtual/devlink/regulator.8--5310400.ohci2-controller
03-31 16:35:57.588 I/bt_core_module( 673): system/bt/btcore/src/module.cc:90 module_start_up: module_start_up Started module "controller_module"
03-31 16:35:57.591 I/adbd ( 397): jdwp connection from 1170
01-01 08:00:27.422 I/sunxi-ohci 5310400.ohci2-controller( 164): new USB bus registered, assigned bus number 7
03-31 16:35:57.593 I/bt_btm_pm( 673): system/bt/stack/acl/btm_pm.cc:392 btm_pm_reset: reset pm
03-31 16:35:57.603 I/btm_acl ( 673): system/bt/stack/acl/btm_acl.cc:654 check_link_policy: hold not supported (settings: 0x000d)
03-31 16:35:57.603 I/btm_acl ( 673): system/bt/stack/acl/btm_acl.cc:664 check_link_policy: park not supported (settings: 0x0005)
03-31 16:35:57.603 I/bt_btm_sec( 673): system/bt/stack/btm/btm_sec.cc:226 BTM_SecRegister: BTM_SecRegister p_cb_info->p_le_callback == 0x0xbdc95951
03-31 16:35:57.603 I/bt_btm_sec( 673): system/bt/stack/btm/btm_sec.cc:241 BTM_SecRegister: BTM_SecRegister btm_cb.api.p_le_callback = 0x0xbdc95951
03-31 16:35:57.605 I/MMKV ( 1051): Disable checkProcessMode()
01-01 08:00:27.433 E/debugfs ( 164): Directory 'sunxi-ohci' with parent 'ohci' already present!
01-01 08:00:27.442 I/sunxi-ohci 5310400.ohci2-controller( 164): irq 55, io mem 0x05310400
03-31 16:35:57.610 I/bluetooth( 673): system/bt/stack/gatt/gatt_api.cc:1019 GATT_Register: Allocated name:GattClient uuid:f40e0737-0c16-d2f5-0dc4-4ef674aa0bc0 gatt_if:3 eatt_support:0
03-31 16:35:57.642 I/bt_stack( 673): [INFO:ble_advertiser_hci_interface.cc(767)] Extended advertising will be in use
03-31 16:35:57.644 E/bt_btif_storage( 673): system/bt/btif/src/btif_storage.cc:632 btif_storage_get_adapter_property: btif_storage_get_adapter_property: Controller ready!
03-31 16:35:57.644 I/bt_btif_storage( 673): system/bt/btif/src/btif_storage.cc:661 btif_storage_get_adapter_property: btif_storage_get_adapter_property service_mask:0x20000000
03-31 16:35:57.645 I/bt_stack( 673): [INFO:btif_bqr.cc(229)] EnableBtQualityReport: is_enable: true
03-31 16:35:57.645 W/bt_stack( 673): [WARNING:btif_bqr.cc(237)] EnableBtQualityReport: Bluetooth Quality Report is disabled. bqr_prop_evtmask: , bqr_prop_interval_ms:
03-31 16:35:57.645 I/MMKV ( 1051): current API level = 31
03-31 16:35:57.645 I/MMKV ( 1051): version v1.2.8 page size:4096
03-31 16:35:57.646 I/bt_osi_thread( 673): system/bt/osi/src/thread.cc:209 run_thread: run_thread: thread id 1194, thread name btif_sock started
03-31 16:35:57.647 I/MMKV ( 1051): root dir: /data/user/0/com.dangbei.lerad.etna.haqu/files/mmkv
03-31 16:35:57.647 I/bt_bte_conf( 673): system/bt/main/bte_conf.cc:84 bte_load_did_conf: Device ID record 1 : primary
03-31 16:35:57.647 I/bt_bte_conf( 673): system/bt/main/bte_conf.cc:85 bte_load_did_conf: vendorId = 00e0
03-31 16:35:57.647 I/bt_bte_conf( 673): system/bt/main/bte_conf.cc:86 bte_load_did_conf: vendorIdSource = 0001
03-31 16:35:57.647 I/bt_bte_conf( 673): system/bt/main/bte_conf.cc:87 bte_load_did_conf: product = 1200
03-31 16:35:57.647 I/bt_bte_conf( 673): system/bt/main/bte_conf.cc:88 bte_load_did_conf: version = 1436
03-31 16:35:57.647 I/bt_bte_conf( 673): system/bt/main/bte_conf.cc:89 bte_load_did_conf: clientExecutableURL =
03-31 16:35:57.647 I/bt_bte_conf( 673): system/bt/main/bte_conf.cc:90 bte_load_did_conf: serviceDescription =
03-31 16:35:57.647 I/bt_bte_conf( 673): system/bt/main/bte_conf.cc:91 bte_load_did_conf: documentationURL =
03-31 16:35:57.647 I/bt_bta_dm( 673): system/bt/bta/dm/bta_dm_act.cc:3191 bta_dm_eir_update_uuid: EIR Adding UUID=0x1200 into extended inquiry response
03-31 16:35:57.647 I/bt_bta_dm( 673): system/bt/bta/dm/bta_dm_act.cc:2890 bta_dm_set_eir: Generating extended inquiry response packet EIR
03-31 16:35:57.647 I/bt_bte_conf( 673): system/bt/main/bte_conf.cc:47 bte_load_did_conf: bte_load_did_conf no section named DID2.
03-31 16:35:57.648 I/bt_btif_core( 673): system/bt/btif/src/btif_core.cc:312 btif_enable_bluetooth_evt: Bluetooth enable event completed
03-31 16:35:57.648 I/bt_bta_dm( 673): system/bt/bta/dm/bta_dm_act.cc:2890 bta_dm_set_eir: Generating extended inquiry response packet EIR
03-31 16:35:57.648 E/bt_btm ( 673): system/bt/main/bte_logmsg.cc:191 LogMsg: btm_ble_resolving_list_load_dev: Device already in Resolving list
03-31 16:35:57.648 I/bt_stack_manager( 673): system/bt/btif/src/stack_manager.cc:311 event_start_up_stack: event_start_up_stack finished
03-31 16:35:57.648 D/AdapterProperties( 673): BT_PROPERTY_LOCAL_LE_FEATURES: update from BT controller mNumOfAdvertisementInstancesSupported = 0 mRpaOffloadSupported = false mNumOfOffloadedIrkSupported = 0 mNumOfOffloadedScanFilterSupported = 0 mOffloadedScanResultStorageBytes= 0 mIsActivityAndEnergyReporting = false mVersSupported = 0 mTotNumOfTrackableAdv = 0 mIsExtendedScanSupported = false mIsDebugLogSupported = false mIsLe2MPhySupported = true mIsLeCodedPhySupported = true mIsLeExtendedAdvertisingSupported = true mIsLePeriodicAdvertisingSupported = true mLeMaximumAdvertisingDataLength = 1650 mDynamicAudioBufferSizeSupportedCodecsGroup1 = 0 mDynamicAudioBufferSizeSupportedCodecsGroup2 = 0
03-31 16:35:57.664 D/BluetoothManagerService( 479): Bluetooth Adapter address changed to B4:2F:03:15:6F:44
03-31 16:35:57.665 D/BluetoothManagerService( 479): Stored Bluetoothaddress: B4:2F:03:15:6F:44
03-31 16:35:57.669 D/CompatibilityChangeReporter( 479): Compat change id reported: 168419799; UID 1000; state: DISABLED
01-01 08:00:27.512 I/usb7 ( 164): New USB device found, idVendor=1d6b, idProduct=0001, bcdDevice= 5.04
01-01 08:00:27.522 I/usb7 ( 164): New USB device strings: Mfr=3, Product=2, SerialNumber=1
03-31 16:35:57.692 D/BluetoothManagerService( 479): Bluetooth Adapter name changed to DBBOX-A2 by android
03-31 16:35:57.693 D/BluetoothManagerService( 479): Stored Bluetooth name: DBBOX-A2
03-31 16:35:57.694 D/AdapterProperties( 673): Name is: DBBOX-A2
01-01 08:00:27.532 I/usb7 ( 164): Product: OHCI Host Controller
01-01 08:00:27.538 I/usb7 ( 164): Manufacturer: Linux 5.4.125+ ohci_hcd
03-31 16:35:57.699 D/AdapterProperties( 673): Scan Mode:20
03-31 16:35:57.700 D/AdapterProperties( 673): Discoverable Timeout:120
03-31 16:35:57.700 I/FrameWorkHelper( 1095): userHttps:
03-31 16:35:57.704 D/AdapterProperties( 673): Adding bonded device:C9:B5:96:5C:E3:ED
01-01 08:00:27.546 I/usb7 ( 164): SerialNumber: sunxi-ohci
03-31 16:35:57.714 D/XM_HIDREAD( 317): add@ add@/devices/platform/soc@3000000/5310400.ohci2-controller/usb7
03-31 16:35:57.715 D/XM_HIDREAD( 317): add@ add@/devices/platform/soc@3000000/5310400.ohci2-controller/usb7/7-0:1.0
01-01 08:00:27.555 I/hub 7-0 ( 164): 1.0: USB hub found
01-01 08:00:27.561 I/hub 7-0 ( 164): 1.0: 1 port detected
01-01 08:00:27.575 W/ ( 164): sunxi ohci3-controller don't init wakeup source
01-01 08:00:27.585 W/[sunxi-ohci3]( 164): probe, pdev->name: 5311400.ohci3-controller, sunxi_ohci: 0xffffffc008f827b8
03-31 16:35:57.757 I/AdapterState( 673): BLE_ON : entered
03-31 16:35:57.757 D/AdapterProperties( 673): Setting state to BLE_ON
03-31 16:35:57.758 D/XM_HIDREAD( 317): add@ add@/devices/virtual/devlink/regulator.8--5311400.ohci3-controller
01-01 08:00:27.599 I/sunxi-ohci 5311400.ohci3-controller( 164): OHCI Host Controller
01-01 08:00:27.607 I/sunxi-ohci 5311400.ohci3-controller( 164): new USB bus registered, assigned bus number 8
03-31 16:35:57.770 D/BluetoothAdapterService( 673): updateAdapterState() - Broadcasting state BLE_ON to 1 receivers.
03-31 16:35:57.776 D/BluetoothManagerService( 479): MESSAGE_BLUETOOTH_STATE_CHANGE: BLE_TURNING_ON > BLE_ON
03-31 16:35:57.776 D/BluetoothManagerService( 479): Bluetooth is in LE only mode
03-31 16:35:57.777 D/BluetoothManagerService( 479): Binding Bluetooth GATT service
01-01 08:00:27.618 E/debugfs ( 164): Directory 'sunxi-ohci' with parent 'ohci' already present!
01-01 08:00:27.627 I/sunxi-ohci 5311400.ohci3-controller( 164): irq 57, io mem 0x05311400
03-31 16:35:57.790 E/hq ( 1095): USBReceiver:::USBReceiver onReceive: list=1
03-31 16:35:57.797 D/hq ( 1095): NetWorkStateReceiver:::检查网络,并且持续更新 isConnect=false
03-31 16:35:57.808 D/BluetoothManagerService( 479): Sending BLE State Change: BLE_TURNING_ON > BLE_ON
03-31 16:35:57.809 D/BluetoothManagerService( 479): BluetoothServiceConnection: com.android.bluetooth.gatt.GattService
03-31 16:35:57.811 D/BluetoothManagerService( 479): MESSAGE_BLUETOOTH_SERVICE_CONNECTED: 2
03-31 16:35:57.811 D/BluetoothManagerService( 479): continueFromBleOnState()
03-31 16:35:57.815 E/DispatcherManager( 1095): publishMode=DBBOX-A2 piDispatcher=com.dangbei.launcher.dispatcher.function.BOXAXDispatcher@ca2961a
03-31 16:35:57.822 D/CompatibilityChangeReporter( 1170): Compat change id reported: 171979766; UID 1000; state: ENABLED
03-31 16:35:57.826 I/AdapterState( 673): TURNING_ON : entered
03-31 16:35:57.826 D/AdapterProperties( 673): Setting state to TURNING_ON
03-31 16:35:57.827 D/BluetoothAdapterService( 673): updateAdapterState() - Broadcasting state TURNING_ON to 1 receivers.
03-31 16:35:57.828 D/BluetoothAdapterService( 673): startCoreServices()
03-31 16:35:57.830 D/BluetoothManagerService( 479): Persisting Bluetooth Setting: 1
03-31 16:35:57.831 D/BluetoothManagerService( 479): MESSAGE_BLUETOOTH_STATE_CHANGE: BLE_ON > TURNING_ON
03-31 16:35:57.831 D/BluetoothManagerService( 479): Sending BLE State Change: BLE_ON > TURNING_ON
03-31 16:35:57.837 D/CompatibilityChangeReporter( 479): Compat change id reported: 168419799; UID 1002; state: DISABLED
03-31 16:35:57.842 I/HeadsetService( 673): create()
03-31 16:35:57.847 E/ccc ( 1051): cccccc ota-path is cache/recovery/
03-31 16:35:57.853 W/ContextImpl( 1051): Calling a method in the system process without a qualified user: android.app.ContextImpl.startService:1816 android.content.ContextWrapper.startService:774 com.dangbei.lerad.etna.core.EtnaManager.startService:64 com.dangbei.lerad.etna.core.EtnaManager.init:39 com.dangbei.lerad.etna.haqu.EtnaApplication.init:89
03-31 16:35:57.856 D/BluetoothManagerService( 479): Sending State Change: OFF > TURNING_ON
03-31 16:35:57.868 I/HeadsetService( 673): start()
01-01 08:00:27.700 I/usb8 ( 164): New USB device found, idVendor=1d6b, idProduct=0001, bcdDevice= 5.04
01-01 08:00:27.715 I/usb8 ( 164): New USB device strings: Mfr=3, Product=2, SerialNumber=1
03-31 16:35:57.895 I/BluetoothHeadsetServiceJni( 673): classInitNative: succeeds
03-31 16:35:57.895 I/bt_btif ( 673): system/bt/btif/src/bluetooth.cc:417 get_profile_interface: get_profile_interface: id = handsfree
03-31 16:35:57.896 I/bt_stack( 673): [INFO:btif_hf.cc(1491)] GetInterface
01-01 08:00:27.730 I/usb8 ( 164): Product: OHCI Host Controller
03-31 16:35:57.898 I/bt_bta_dm( 673): system/bt/bta/dm/bta_dm_act.cc:3191 bta_dm_eir_update_uuid: EIR Adding UUID=0x1112 into extended inquiry response
03-31 16:35:57.898 I/bt_btif_storage( 673): system/bt/btif/src/btif_storage.cc:661 btif_storage_get_adapter_property: btif_storage_get_adapter_property service_mask:0x20000040
03-31 16:35:57.898 I/bt_bta_dm( 673): system/bt/bta/dm/bta_dm_act.cc:2890 bta_dm_set_eir: Generating extended inquiry response packet EIR
03-31 16:35:57.898 I/bt_bta_dm( 673): system/bt/bta/dm/bta_dm_act.cc:3191 bta_dm_eir_update_uuid: EIR Adding UUID=0x111F into extended inquiry response
03-31 16:35:57.898 I/bt_bta_dm( 673): system/bt/bta/dm/bta_dm_act.cc:2890 bta_dm_set_eir: Generating extended inquiry response packet EIR
03-31 16:35:57.898 I/bt_stack( 673): [INFO:btif_hf.cc(289)] btif_hf_upstreams_evt: AG enable/disable event 0
03-31 16:35:57.898 I/bt_stack( 673): [INFO:port_api.cc(234)] RFCOMM_CreateConnection: bd_addr=ff:ff:ff:ff:ff:ff, scn=2, is_server=1, mtu=256, uuid=0x1112, dlci=4, signal_state=0x0b, p_port=0xbe19ed64
03-31 16:35:57.898 I/bt_stack( 673): [INFO:port_api.cc(234)] RFCOMM_CreateConnection: bd_addr=ff:ff:ff:ff:ff:ff, scn=3, is_server=1, mtu=256, uuid=0x111f, dlci=6, signal_state=0x0b, p_port=0xbe19edec
03-31 16:35:57.899 I/bt_stack( 673): [INFO:port_api.cc(234)] RFCOMM_CreateConnection: bd_addr=ff:ff:ff:ff:ff:ff, scn=2, is_server=1, mtu=256, uuid=0x1112, dlci=4, signal_state=0x0b, p_port=0xbe19ee74
03-31 16:35:57.899 I/bt_stack( 673): [INFO:port_api.cc(234)] RFCOMM_CreateConnection: bd_addr=ff:ff:ff:ff:ff:ff, scn=3, is_server=1, mtu=256, uuid=0x111f, dlci=6, signal_state=0x0b, p_port=0xbe19eefc
03-31 16:35:57.902 I/A2dpService( 673): create()
01-01 08:00:27.738 I/usb8 ( 164): Manufacturer: Linux 5.4.125+ ohci_hcd
01-01 08:00:27.748 I/usb8 ( 164): SerialNumber: sunxi-ohci
03-31 16:35:57.915 D/BluetoothA2dp( 479): Proxy object connected
03-31 16:35:57.918 D/TheRouter::RouterInject( 1095): interception::===interface com.dangbei.leard.protocol.user.UserManagerInterface===UserManagerInterfaceImpl185300996
03-31 16:35:57.921 D/XM_HIDREAD( 317): add@ add@/devices/platform/soc@3000000/5311400.ohci3-controller/usb8
03-31 16:35:57.922 D/XM_HIDREAD( 317): add@ add@/devices/platform/soc@3000000/5311400.ohci3-controller/usb8/8-0:1.0
03-31 16:35:57.924 D/BluetoothA2dp( 479): Proxy object connected
03-31 16:35:57.924 D/BluetoothA2dp( 479): Proxy object connected
03-31 16:35:57.927 I/bt_stack( 673): [INFO:port_api.cc(234)] RFCOMM_CreateConnection: bd_addr=ff:ff:ff:ff:ff:ff, scn=2, is_server=1, mtu=256, uuid=0x1112, dlci=4, signal_state=0x0b, p_port=0xbe19ef84
03-31 16:35:57.928 I/bt_stack( 673): [INFO:port_api.cc(234)] RFCOMM_CreateConnection: bd_addr=ff:ff:ff:ff:ff:ff, scn=3, is_server=1, mtu=256, uuid=0x111f, dlci=6, signal_state=0x0b, p_port=0xbe19f00c
03-31 16:35:57.928 I/bt_stack( 673): [INFO:port_api.cc(234)] RFCOMM_CreateConnection: bd_addr=ff:ff:ff:ff:ff:ff, scn=2, is_server=1, mtu=256, uuid=0x1112, dlci=4, signal_state=0x0b, p_port=0xbe19f094
03-31 16:35:57.928 I/bt_stack( 673): [INFO:port_api.cc(234)] RFCOMM_CreateConnection: bd_addr=ff:ff:ff:ff:ff:ff, scn=3, is_server=1, mtu=256, uuid=0x111f, dlci=6, signal_state=0x0b, p_port=0xbe19f11c
03-31 16:35:57.928 I/bt_stack( 673): [INFO:port_api.cc(234)] RFCOMM_CreateConnection: bd_addr=ff:ff:ff:ff:ff:ff, scn=2, is_server=1, mtu=256, uuid=0x1112, dlci=4, signal_state=0x0b, p_port=0xbe19f1a4
03-31 16:35:57.928 I/bt_stack( 673): [INFO:port_api.cc(234)] RFCOMM_CreateConnection: bd_addr=ff:ff:ff:ff:ff:ff, scn=3, is_server=1, mtu=256, uuid=0x111f, dlci=6, signal_state=0x0b, p_port=0xbe19f22c
03-31 16:35:57.928 I/bt_stack( 673): [INFO:port_api.cc(234)] RFCOMM_CreateConnection: bd_addr=ff:ff:ff:ff:ff:ff, scn=2, is_server=1, mtu=256, uuid=0x1112, dlci=4, signal_state=0x0b, p_port=0xbe19f2b4
03-31 16:35:57.928 I/bt_stack( 673): [INFO:port_api.cc(234)] RFCOMM_CreateConnection: bd_addr=ff:ff:ff:ff:ff:ff, scn=3, is_server=1, mtu=256, uuid=0x111f, dlci=6, signal_state=0x0b, p_port=0xbe19f33c
01-01 08:00:27.763 I/hub 8-0 ( 164): 1.0: USB hub found
01-01 08:00:27.768 I/hub 8-0 ( 164): 1.0: 1 port detected
03-31 16:35:57.930 I/A2dpService( 673): start()
03-31 16:35:57.930 I/BluetoothA2dpServiceJni( 673): classInitNative: succeeds
03-31 16:35:57.930 I/A2dpService( 673): Max connected audio devices set to 5
03-31 16:35:57.938 D/XM_HIDREAD( 317): add@ add@/bus/platform/drivers/sunxi-ohci
03-31 16:35:57.938 D/XM_HIDREAD( 317): add@ add@/module/ohci_sunxi
03-31 16:35:57.940 I/bt_btif ( 673): system/bt/btif/src/bluetooth.cc:417 get_profile_interface: get_profile_interface: id = a2dp
03-31 16:35:57.940 I/btif_av ( 673): system/bt/btif/src/btif_av.cc:965 Init: bt_status_t BtifAvSource::Init(btav_source_callbacks_t *, int, const std::vector &, const std::vector &): max_connected_audio_devices=5
03-31 16:35:57.941 I/a2dp_codec( 673): system/bt/stack/a2dp/a2dp_codec_config.cc:569 init: init
03-31 16:35:57.941 I/a2dp_codec( 673): system/bt/stack/a2dp/a2dp_codec_config.cc:113 createCodec: createCodec: codec SBC
03-31 16:35:57.941 I/a2dp_codec( 673): system/bt/stack/a2dp/a2dp_codec_config.cc:633 init: init: updated SBC codec priority to 1001
03-31 16:35:57.941 I/a2dp_codec( 673): system/bt/stack/a2dp/a2dp_codec_config.cc:113 createCodec: createCodec: codec AAC
03-31 16:35:57.942 I/a2dp_codec( 673): system/bt/stack/a2dp/a2dp_codec_config.cc:633 init: init: updated AAC codec priority to 2001
03-31 16:35:57.942 I/a2dp_codec( 673): system/bt/stack/a2dp/a2dp_codec_config.cc:113 createCodec: createCodec: codec aptX
03-31 16:35:57.949 E/a2dp_vendor_aptx_encoder( 673): system/bt/stack/a2dp/a2dp_vendor_aptx_encoder.cc:123 A2DP_VendorLoadEncoderAptx: A2DP_VendorLoadEncoderAptx: cannot open aptX encoder library libaptX_encoder.so: dlopen failed: library "libaptX_encoder.so" not found
03-31 16:35:57.949 E/a2dp_vendor_aptx( 673): system/bt/stack/a2dp/a2dp_vendor_aptx.cc:465 init: init: cannot load the encoder
03-31 16:35:57.949 I/a2dp_codec( 673): system/bt/stack/a2dp/a2dp_codec_config.cc:113 createCodec: createCodec: codec aptX-HD
03-31 16:35:57.951 E/a2dp_vendor_aptx_hd_encoder( 673): system/bt/stack/a2dp/a2dp_vendor_aptx_hd_encoder.cc:123 A2DP_VendorLoadEncoderAptxHd: A2DP_VendorLoadEncoderAptxHd: cannot open aptX-HD encoder library libaptXHD_encoder.so: dlopen failed: library "libaptXHD_encoder.so" not found
03-31 16:35:57.951 E/a2dp_vendor_aptx_hd( 673): system/bt/stack/a2dp/a2dp_vendor_aptx_hd.cc:483 init: init: cannot load the encoder
03-31 16:35:57.951 I/a2dp_codec( 673): system/bt/stack/a2dp/a2dp_codec_config.cc:113 createCodec: createCodec: codec LDAC
03-31 16:35:57.953 W/ContextImpl( 1051): Calling a method in the system process without a qualified user: android.app.ContextImpl.startService:1816 android.content.ContextWrapper.startService:774 com.dangbei.andes.CoreService$Companion.start:29 com.dangbei.lerad.etna.haqu.EtnaApplication.init:90 com.dangbei.lerad.etna.haqu.EtnaApplication.onCreate:60
03-31 16:35:57.959 I/a2dp_codec( 673): system/bt/stack/a2dp/a2dp_codec_config.cc:633 init: init: updated LDAC codec priority to 5001
03-31 16:35:57.959 I/a2dp_codec( 673): system/bt/stack/a2dp/a2dp_codec_config.cc:113 createCodec: createCodec: codec SBC SINK
03-31 16:35:57.959 I/a2dp_codec( 673): system/bt/stack/a2dp/a2dp_codec_config.cc:113 createCodec: createCodec: codec AAC SINK
03-31 16:35:57.959 I/a2dp_codec( 673): system/bt/stack/a2dp/a2dp_codec_config.cc:113 createCodec: createCodec: codec LDAC SINK
03-31 16:35:57.961 E/a2dp_vendor_ldac_decoder( 673): system/bt/stack/a2dp/a2dp_vendor_ldac_decoder.cc:134 A2DP_VendorLoadDecoderLdac: A2DP_VendorLoadDecoderLdac: cannot open LDAC decoder library libldacBT_bco.so: dlopen failed: library "libldacBT_bco.so" not found
03-31 16:35:57.961 E/a2dp_vendor_ldac( 673): system/bt/stack/a2dp/a2dp_vendor_ldac.cc:1418 init: init: cannot load the decoder
03-31 16:35:57.961 I/a2dp_codec( 673): system/bt/stack/a2dp/a2dp_codec_config.cc:658 init: init: initialized Source codec LDAC
03-31 16:35:57.961 I/a2dp_codec( 673): system/bt/stack/a2dp/a2dp_codec_config.cc:658 init: init: initialized Source codec AAC
03-31 16:35:57.961 I/a2dp_codec( 673): system/bt/stack/a2dp/a2dp_codec_config.cc:658 init: init: initialized Source codec SBC
03-31 16:35:57.961 I/a2dp_codec( 673): system/bt/stack/a2dp/a2dp_codec_config.cc:665 init: init: initialized Sink codec AAC SINK
03-31 16:35:57.961 I/a2dp_codec( 673): system/bt/stack/a2dp/a2dp_codec_config.cc:665 init: init: initialized Sink codec SBC SINK
03-31 16:35:57.961 I/a2dp_codec( 673): system/bt/stack/a2dp/a2dp_codec_config.cc:569 init: init
03-31 16:35:57.961 I/a2dp_codec( 673): system/bt/stack/a2dp/a2dp_codec_config.cc:113 createCodec: createCodec: codec SBC
03-31 16:35:57.961 I/a2dp_codec( 673): system/bt/stack/a2dp/a2dp_codec_config.cc:633 init: init: updated SBC codec priority to 1001
03-31 16:35:57.961 I/a2dp_codec( 673): system/bt/stack/a2dp/a2dp_codec_config.cc:113 createCodec: createCodec: codec AAC
03-31 16:35:57.961 I/a2dp_codec( 673): system/bt/stack/a2dp/a2dp_codec_config.cc:633 init: init: updated AAC codec priority to 2001
03-31 16:35:57.961 I/a2dp_codec( 673): system/bt/stack/a2dp/a2dp_codec_config.cc:113 createCodec: createCodec: codec aptX
03-31 16:35:57.962 E/a2dp_vendor_aptx_encoder( 673): system/bt/stack/a2dp/a2dp_vendor_aptx_encoder.cc:123 A2DP_VendorLoadEncoderAptx: A2DP_VendorLoadEncoderAptx: cannot open aptX encoder library libaptX_encoder.so: dlopen failed: library "libaptX_encoder.so" not found
03-31 16:35:57.962 E/a2dp_vendor_aptx( 673): system/bt/stack/a2dp/a2dp_vendor_aptx.cc:465 init: init: cannot load the encoder
03-31 16:35:57.962 I/a2dp_codec( 673): system/bt/stack/a2dp/a2dp_codec_config.cc:113 createCodec: createCodec: codec aptX-HD
03-31 16:35:57.966 E/a2dp_vendor_aptx_hd_encoder( 673): system/bt/stack/a2dp/a2dp_vendor_aptx_hd_encoder.cc:123 A2DP_VendorLoadEncoderAptxHd: A2DP_VendorLoadEncoderAptxHd: cannot open aptX-HD encoder library libaptXHD_encoder.so: dlopen failed: library "libaptXHD_encoder.so" not found
03-31 16:35:57.966 E/a2dp_vendor_aptx_hd( 673): system/bt/stack/a2dp/a2dp_vendor_aptx_hd.cc:483 init: init: cannot load the encoder
03-31 16:35:57.967 I/a2dp_codec( 673): system/bt/stack/a2dp/a2dp_codec_config.cc:113 createCodec: createCodec: codec LDAC
03-31 16:35:57.967 I/a2dp_codec( 673): system/bt/stack/a2dp/a2dp_codec_config.cc:633 init: init: updated LDAC codec priority to 5001
03-31 16:35:57.967 I/a2dp_codec( 673): system/bt/stack/a2dp/a2dp_codec_config.cc:113 createCodec: createCodec: codec SBC SINK
03-31 16:35:57.967 I/a2dp_codec( 673): system/bt/stack/a2dp/a2dp_codec_config.cc:113 createCodec: createCodec: codec AAC SINK
03-31 16:35:57.967 I/a2dp_codec( 673): system/bt/stack/a2dp/a2dp_codec_config.cc:113 createCodec: createCodec: codec LDAC SINK
03-31 16:35:57.969 E/a2dp_vendor_ldac_decoder( 673): system/bt/stack/a2dp/a2dp_vendor_ldac_decoder.cc:134 A2DP_VendorLoadDecoderLdac: A2DP_VendorLoadDecoderLdac: cannot open LDAC decoder library libldacBT_bco.so: dlopen failed: library "libldacBT_bco.so" not found
03-31 16:35:57.969 E/a2dp_vendor_ldac( 673): system/bt/stack/a2dp/a2dp_vendor_ldac.cc:1418 init: init: cannot load the decoder
03-31 16:35:57.969 I/a2dp_codec( 673): system/bt/stack/a2dp/a2dp_codec_config.cc:658 init: init: initialized Source codec LDAC
03-31 16:35:57.969 I/a2dp_codec( 673): system/bt/stack/a2dp/a2dp_codec_config.cc:658 init: init: initialized Source codec AAC
03-31 16:35:57.969 I/a2dp_codec( 673): system/bt/stack/a2dp/a2dp_codec_config.cc:658 init: init: initialized Source codec SBC
03-31 16:35:57.969 I/a2dp_codec( 673): system/bt/stack/a2dp/a2dp_codec_config.cc:665 init: init: initialized Sink codec AAC SINK
03-31 16:35:57.969 I/a2dp_codec( 673): system/bt/stack/a2dp/a2dp_codec_config.cc:665 init: init: initialized Sink codec SBC SINK
03-31 16:35:57.969 I/a2dp_codec( 673): system/bt/stack/a2dp/a2dp_codec_config.cc:569 init: init
03-31 16:35:57.969 I/a2dp_codec( 673): system/bt/stack/a2dp/a2dp_codec_config.cc:113 createCodec: createCodec: codec SBC
03-31 16:35:57.969 I/a2dp_codec( 673): system/bt/stack/a2dp/a2dp_codec_config.cc:633 init: init: updated SBC codec priority to 1001
03-31 16:35:57.969 I/a2dp_codec( 673): system/bt/stack/a2dp/a2dp_codec_config.cc:113 createCodec: createCodec: codec AAC
03-31 16:35:57.969 I/a2dp_codec( 673): system/bt/stack/a2dp/a2dp_codec_config.cc:633 init: init: updated AAC codec priority to 2001
03-31 16:35:57.969 I/a2dp_codec( 673): system/bt/stack/a2dp/a2dp_codec_config.cc:113 createCodec: createCodec: codec aptX
03-31 16:35:57.970 E/a2dp_vendor_aptx_encoder( 673): system/bt/stack/a2dp/a2dp_vendor_aptx_encoder.cc:123 A2DP_VendorLoadEncoderAptx: A2DP_VendorLoadEncoderAptx: cannot open aptX encoder library libaptX_encoder.so: dlopen failed: library "libaptX_encoder.so" not found
03-31 16:35:57.970 E/a2dp_vendor_aptx( 673): system/bt/stack/a2dp/a2dp_vendor_aptx.cc:465 init: init: cannot load the encoder
03-31 16:35:57.970 I/a2dp_codec( 673): system/bt/stack/a2dp/a2dp_codec_config.cc:113 createCodec: createCodec: codec aptX-HD
03-31 16:35:57.974 E/a2dp_vendor_aptx_hd_encoder( 673): system/bt/stack/a2dp/a2dp_vendor_aptx_hd_encoder.cc:123 A2DP_VendorLoadEncoderAptxHd: A2DP_VendorLoadEncoderAptxHd: cannot open aptX-HD encoder library libaptXHD_encoder.so: dlopen failed: library "libaptXHD_encoder.so" not found
03-31 16:35:57.975 E/a2dp_vendor_aptx_hd( 673): system/bt/stack/a2dp/a2dp_vendor_aptx_hd.cc:483 init: init: cannot load the encoder
03-31 16:35:57.975 I/a2dp_codec( 673): system/bt/stack/a2dp/a2dp_codec_config.cc:113 createCodec: createCodec: codec LDAC
03-31 16:35:57.975 I/a2dp_codec( 673): system/bt/stack/a2dp/a2dp_codec_config.cc:633 init: init: updated LDAC codec priority to 5001
03-31 16:35:57.975 I/a2dp_codec( 673): system/bt/stack/a2dp/a2dp_codec_config.cc:113 createCodec: createCodec: codec SBC SINK
03-31 16:35:57.975 I/a2dp_codec( 673): system/bt/stack/a2dp/a2dp_codec_config.cc:113 createCodec: createCodec: codec AAC SINK
03-31 16:35:57.975 I/a2dp_codec( 673): system/bt/stack/a2dp/a2dp_codec_config.cc:113 createCodec: createCodec: codec LDAC SINK
03-31 16:35:57.977 E/a2dp_vendor_ldac_decoder( 673): system/bt/stack/a2dp/a2dp_vendor_ldac_decoder.cc:134 A2DP_VendorLoadDecoderLdac: A2DP_VendorLoadDecoderLdac: cannot open LDAC decoder library libldacBT_bco.so: dlopen failed: library "libldacBT_bco.so" not found
03-31 16:35:57.977 E/a2dp_vendor_ldac( 673): system/bt/stack/a2dp/a2dp_vendor_ldac.cc:1418 init: init: cannot load the decoder
03-31 16:35:57.977 I/a2dp_codec( 673): system/bt/stack/a2dp/a2dp_codec_config.cc:658 init: init: initialized Source codec LDAC
03-31 16:35:57.978 I/a2dp_codec( 673): system/bt/stack/a2dp/a2dp_codec_config.cc:658 init: init: initialized Source codec AAC
03-31 16:35:57.978 I/a2dp_codec( 673): system/bt/stack/a2dp/a2dp_codec_config.cc:658 init: init: initialized Source codec SBC
03-31 16:35:57.978 I/a2dp_codec( 673): system/bt/stack/a2dp/a2dp_codec_config.cc:665 init: init: initialized Sink codec AAC SINK
03-31 16:35:57.978 I/a2dp_codec( 673): system/bt/stack/a2dp/a2dp_codec_config.cc:665 init: init: initialized Sink codec SBC SINK
03-31 16:35:57.978 I/a2dp_codec( 673): system/bt/stack/a2dp/a2dp_codec_config.cc:569 init: init
03-31 16:35:57.978 I/a2dp_codec( 673): system/bt/stack/a2dp/a2dp_codec_config.cc:113 createCodec: createCodec: codec SBC
03-31 16:35:57.978 I/a2dp_codec( 673): system/bt/stack/a2dp/a2dp_codec_config.cc:633 init: init: updated SBC codec priority to 1001
03-31 16:35:57.978 I/a2dp_codec( 673): system/bt/stack/a2dp/a2dp_codec_config.cc:113 createCodec: createCodec: codec AAC
03-31 16:35:57.978 I/a2dp_codec( 673): system/bt/stack/a2dp/a2dp_codec_config.cc:633 init: init: updated AAC codec priority to 2001
03-31 16:35:57.978 I/a2dp_codec( 673): system/bt/stack/a2dp/a2dp_codec_config.cc:113 createCodec: createCodec: codec aptX
03-31 16:35:57.978 D/DisplayOutputManager( 1051): ro.build.characteristics=homlet
03-31 16:35:57.982 I/servicemanager( 182): Found vendor.display.output.IDisplayOutputManager/default in device VINTF manifest.
