04-02 09:46:05.516 W/System.err( 1051): at kotlin.coroutines.jvm.internal.BaseContinuationImpl.resumeWith(ContinuationImpl.kt:33)
04-02 09:46:05.516 W/System.err( 1051): at kotlinx.coroutines.DispatchedTask.run(DispatchedTask.kt:106)
04-02 09:46:05.516 W/System.err( 1051): at android.os.Handler.handleCallback(Handler.java:938)
04-02 09:46:05.516 W/System.err( 1051): at android.os.Handler.dispatchMessage(Handler.java:99)
04-02 09:46:05.516 W/System.err( 1051): at android.os.Looper.loopOnce(Looper.java:201)
04-02 09:46:05.516 W/System.err( 1051): at android.os.Looper.loop(Looper.java:288)
04-02 09:46:05.516 W/System.err( 1051): at android.app.ActivityThread.main(ActivityThread.java:7854)
04-02 09:46:05.516 W/System.err( 1051): at java.lang.reflect.Method.invoke(Native Method)
04-02 09:46:05.516 W/System.err( 1051): at com.android.internal.os.RuntimeInit$MethodAndArgsCaller.run(RuntimeInit.java:548)
04-02 09:46:05.516 W/System.err( 1051): at com.android.internal.os.ZygoteInit.main(ZygoteInit.java:1182)
04-02 09:46:05.520 E/ccc ( 1051): cccccc com.dangbei.haqusetting not connect
04-02 09:46:05.520 E/ccc ( 1051): cccccc updateHelper 通知更新
04-02 09:46:05.520 E/dangbei111( 1051): cccccc requestRemoteInfoInner 出现异常 Attempt to invoke virtual method 'java.lang.String com.etna.haqu.model.business.bean.db.remote.RemoteUpdateBean.getDownloadId()' on a null object reference
04-02 09:46:05.868 W/IorapForwardingService( 479): No service published for: iorapd
04-02 09:46:05.869 I/BLEAudioDrive_HV410( 249): select timeout!
04-02 09:46:06.384 E/dangbei111( 1051): cccccc 准备开始进行 startScanInner
04-02 09:46:06.384 E/dangbei111( 1051): cccccc 小于10s 由于之前已经开始扫描了 不在开启新的扫描
04-02 09:46:06.560 D/UtilLog ( 2252): 日志批量上报 进行正常循环 !!!!!!本次有0次请求,共0条数据
04-02 09:46:06.870 W/IorapForwardingService( 479): No service published for: iorapd
04-02 09:46:07.224 I/bt_stack( 673): [INFO:btsnoop.cc(338)] clear_l2cap_allowlist: Clearing acceptlist from l2cap channel. conn_handle=16 cid=4:4
04-02 09:46:07.224 I/bluetooth( 673): system/bt/stack/gap/gap_ble.cc:298 client_connect_cback: No active GAP service found for peer:xx:xx:xx:xx:e3:ed callback:Disconnected
04-02 09:46:07.224 I/bt_bta_gattc( 673): system/bt/bta/gatt/bta_gattc_act.cc:1115 bta_gattc_conn_cback: Disconnected att_id:3 transport:le reason:GATT_CONN_TIMEOUT
04-02 09:46:07.224 I/bt_bta_gattc( 673): system/bt/bta/gatt/bta_gattc_act.cc:1115 bta_gattc_conn_cback: Disconnected att_id:4 transport:le reason:GATT_CONN_TIMEOUT
04-02 09:46:07.224 I/bt_bta_gattc( 673): system/bt/bta/gatt/bta_gattc_act.cc:1115 bta_gattc_conn_cback: Disconnected att_id:5 transport:le reason:GATT_CONN_TIMEOUT
04-02 09:46:07.224 I/bt_bta_gattc( 673): system/bt/bta/gatt/bta_gattc_act.cc:1115 bta_gattc_conn_cback: Disconnected att_id:6 transport:le reason:GATT_CONN_TIMEOUT
04-02 09:46:07.225 W/bt_btm_sec( 673): system/bt/stack/btm/btm_sec.cc:3685 btm_sec_disconnected: Got uncommon disconnection reason:Connection Timeout handle:0x0010
04-02 09:46:07.225 E/bt_bta_hh( 673): system/bt/bta/hh/bta_hh_le.cc:999 bta_hh_security_cmpl: Encryption failed status:BTA_HH_ERR_SEC btm_status:BTM_ERR_PROCESSING BLE mac:c9:b5:96:5c:e3:ed
04-02 09:46:07.225 I/btif_av ( 673): system/bt/btif/src/btif_av.cc:3352 btif_av_acl_disconnected: btif_av_acl_disconnected: Peer c9:b5:96:5c:e3:ed : ACL Disconnected
04-02 09:46:07.225 E/bt_upio ( 250): upio_set : /proc/bluetooth/sleep/btwrite(-1) incorrent
04-02 09:46:07.225 I/btif_av ( 673): system/bt/btif/src/btif_av.cc:1078 FindOrCreatePeer: BtifAvPeer *BtifAvSource::FindOrCreatePeer(const RawAddress &, tBTA_AV_HNDL): Create peer: peer_address=c9:b5:96:5c:e3:ed bta_handle=0x41 peer_id=0
04-02 09:46:07.225 I/btif_av ( 673): system/bt/btif/src/btif_av.cc:3279 btif_av_get_peer_sep: No active sink or source peer found
04-02 09:46:07.225 I/bt_btif_a2dp_source( 673): system/bt/btif/src/btif_a2dp_source.cc:691 btif_a2dp_source_on_idle: btif_a2dp_source_on_idle: state=STATE_OFF
04-02 09:46:07.226 I/btif_av ( 673): system/bt/btif/src/btif_av.cc:3279 btif_av_get_peer_sep: No active sink or source peer found
04-02 09:46:07.226 I/bt_btif_a2dp_source( 673): system/bt/btif/src/btif_a2dp_source.cc:691 btif_a2dp_source_on_idle: btif_a2dp_source_on_idle: state=STATE_OFF
04-02 09:46:07.226 I/btif_av ( 673): system/bt/btif/src/btif_av.cc:1123 DeleteIdlePeers: DeleteIdlePeers: Deleting idle peer: c9:b5:96:5c:e3:ed bta_handle=0x41
04-02 09:46:07.226 D/BluetoothGatt( 1051): onClientConnectionState() - status=0 clientIf=6 device=C9:B5:96:5C:E3:ED
04-02 09:46:07.233 W/bt_btif ( 673): system/bt/main/bte_logmsg.cc:194 LogMsg: btif_hh_upstreams_evt: BTA_HH_OPN_EVT: handle=16, status =6
04-02 09:46:07.234 W/BluetoothHidHostService( 673): no state change: 0
04-02 09:46:07.238 I/dangbei111( 1051): cccccc on receiver=android.bluetooth.device.action.ACL_DISCONNECTED,mac=C9:B5:96:5C:E3:ED
04-02 09:46:07.354 E/WifiHAL ( 667): wifi_get_link_stats: requestResponse Error:-5
04-02 09:46:07.356 E/WifiVendorHal( 479): getWifiLinkLayerStats_1_5_Internal(l.1191) failed {.code = ERROR_INVALID_ARGS, .description = }
04-02 09:46:07.448 I/bluetooth( 673): system/bt/stack/gatt/connection_manager.cc:185 on_connection_complete: Le connection completed to device:c9:b5:96:5c:e3:ed
04-02 09:46:07.448 I/bt_btm_ble( 673): system/bt/stack/btm/btm_ble.cc:1699 btm_ble_connected: Updating device record timestamp for existing ble connection
01-01 08:01:08.059 W/hdr10p_Configure( 378): 55 callbacks suppressed
01-01 08:01:08.059 I/ ( 378): DVI mode selected: packets not configured
01-01 08:01:08.072 W/set_vsif_config( 378): 55 callbacks suppressed
01-01 08:01:08.072 I/ ( 378): Error: set vsif failed
04-02 09:46:07.521 I/bt_stack( 673): [INFO:gatt_attr.cc(880)] gatt_sr_init_cl_status: bda=c9:b5:96:5c:e3:ed, cl_supp_feat=0000, aware=1
04-02 09:46:07.521 I/bluetooth( 673): system/bt/stack/gap/gap_ble.cc:298 client_connect_cback: No active GAP service found for peer:xx:xx:xx:xx:e3:ed callback:Connected
04-02 09:46:07.521 I/bt_bta_gattc( 673): system/bt/bta/gatt/bta_gattc_act.cc:1110 bta_gattc_conn_cback: Connected att_id:3 transport:le reason:GATT_CONN_OK
04-02 09:46:07.522 I/bt_bta_gattc( 673): system/bt/bta/gatt/bta_gattc_act.cc:1110 bta_gattc_conn_cback: Connected att_id:4 transport:le reason:GATT_CONN_OK
04-02 09:46:07.522 I/bt_bta_gattc( 673): system/bt/bta/gatt/bta_gattc_act.cc:1110 bta_gattc_conn_cback: Connected att_id:5 transport:le reason:GATT_CONN_OK
04-02 09:46:07.522 I/bt_bta_gattc( 673): system/bt/bta/gatt/bta_gattc_act.cc:1110 bta_gattc_conn_cback: Connected att_id:6 transport:le reason:GATT_CONN_OK
04-02 09:46:07.522 I/bluetooth( 673): system/bt/stack/gatt/connection_manager.cc:185 on_connection_complete: Le connection completed to device:c9:b5:96:5c:e3:ed
04-02 09:46:07.522 I/bt_stack( 673): [INFO:eatt_impl.h(634)] connect device c9:b5:96:5c:e3:ed rolecentral
04-02 09:46:07.522 I/bt_btif_dm( 673): system/bt/btif/src/btif_dm.cc:497 btif_update_remote_version_property: Remote version info valid:true [xx:xx:xx:xx:e3:ed]: 8, 50e, 8
01-01 08:01:08.101 I/ ( 378): DVI mode selected: packets not configured
01-01 08:01:08.107 I/ ( 378): Error: set vsif failed
04-02 09:46:07.551 I/bt_stack( 673): [INFO:eatt_impl.h(578)] supported_features_cb c9:b5:96:5c:e3:ed is_eatt_supported = 0
04-02 09:46:07.552 D/BluetoothGatt( 1051): onClientConnectionState() - status=0 clientIf=6 device=C9:B5:96:5C:E3:ED
04-02 09:46:07.552 D/BluetoothGatt( 1051): discoverServices() - device: C9:B5:96:5C:E3:ED
04-02 09:46:07.552 E/BluetoothPhonePolicy( 673): Received unexpected intent, action=android.bluetooth.device.action.ACL_CONNECTED
04-02 09:46:07.553 I/BluetoothPhonePolicy( 673): processDeviceConnected, device=C9:B5:96:5C:E3:ED
04-02 09:46:07.553 D/BluetoothDatabase( 673): setConnection: device=C9:B5:96:5C:E3:ED and isA2dpDevice=false
04-02 09:46:07.553 D/BluetoothDatabase( 673): Updating last connected time for device: C9:B5:96:5C:E3:ED to 4
04-02 09:46:07.553 D/BluetoothDatabase( 673): updateDatabase C9:B5:96:5C:E3:ED
04-02 09:46:07.554 W/bt_btm ( 673): system/bt/main/bte_logmsg.cc:194 LogMsg: Security Manager: BTM_SetEncryption busy, enqueue request
04-02 09:46:07.556 I/dangbei111( 1051): cccccc on receiver=android.bluetooth.device.action.ACL_CONNECTED,mac=C9:B5:96:5C:E3:ED
04-02 09:46:07.556 I/dangbei111( 1051): cccccc 收到 ACTION_ACL_CONNECTED 的广播
04-02 09:46:07.556 E/dangbei111( 1051): 5s后准备进行遥控器ota信息检测
04-02 09:46:07.565 I/bt_bta_gattc( 673): system/bt/bta/gatt/bta_gattc_cache.cc:902 bta_gattc_get_gatt_db: bta_gattc_get_gatt_db
04-02 09:46:07.568 D/BluetoothGatt( 1051): onSearchComplete() = Device=C9:B5:96:5C:E3:ED Status=0
01-01 08:01:08.134 I/ ( 378): DVI mode selected: packets not configured
01-01 08:01:08.141 I/ ( 378): Error: set vsif failed
01-01 08:01:08.167 I/ ( 378): DVI mode selected: packets not configured
01-01 08:01:08.174 I/ ( 378): Error: set vsif failed
01-01 08:01:08.185 I/ ( 378): DVI mode selected: packets not configured
01-01 08:01:08.192 I/ ( 378): Error: set vsif failed
01-01 08:01:08.218 I/ ( 378): DVI mode selected: packets not configured
01-01 08:01:08.224 I/ ( 378): Error: set vsif failed
01-01 08:01:08.251 I/ ( 378): DVI mode selected: packets not configured
01-01 08:01:08.257 I/ ( 378): Error: set vsif failed
01-01 08:01:08.284 I/ ( 378): DVI mode selected: packets not configured
01-01 08:01:08.291 I/ ( 378): Error: set vsif failed
01-01 08:01:08.318 I/ ( 378): DVI mode selected: packets not configured
01-01 08:01:08.325 I/ ( 378): Error: set vsif failed
01-01 08:01:08.350 I/ ( 378): DVI mode selected: packets not configured
01-01 08:01:08.357 I/ ( 378): Error: set vsif failed
04-02 09:46:07.874 W/IorapForwardingService( 479): No service published for: iorapd
04-02 09:46:08.876 W/IorapForwardingService( 479): No service published for: iorapd
04-02 09:46:09.877 W/IorapForwardingService( 479): No service published for: iorapd
04-02 09:46:10.370 E/WifiHAL ( 667): wifi_get_link_stats: requestResponse Error:-5
04-02 09:46:10.371 E/WifiVendorHal( 479): getWifiLinkLayerStats_1_5_Internal(l.1191) failed {.code = ERROR_INVALID_ARGS, .description = }
04-02 09:46:10.551 E/bt_upio ( 250): upio_set : /proc/bluetooth/sleep/btwrite(-1) incorrent
04-02 09:46:10.563 E/dangbei111( 1051): cccccc 检查遥控器是否连接: Dangbei C9:B5:96:5C:E3:ED
04-02 09:46:10.565 E/dangbei111( 1051): cccccc 检查遥控器是否连接: 蓝牙的结果 Dangbei C9:B5:96:5C:E3:ED true
04-02 09:46:10.565 E/dangbei111( 1051): cccccc input中没有遥控器存在
04-02 09:46:10.565 E/dangbei111( 1051): cccccc 蓝牙状态连接 开启8s check任务
04-02 09:46:10.566 E/dangbei111( 1051): cccccc 没有遥控器连接 不进行 getRCInfo return
04-02 09:46:10.566 E/dangbei111( 1051): getBattery delay 0
04-02 09:46:10.570 I/bt_btif_config( 673): system/bt/btif/src/btif_config.cc:137 btif_get_device_type: Device [c9:b5:96:5c:e3:ed] device type 2
04-02 09:46:10.571 I/bt_stack( 673): [INFO:connection_manager.cc(104)] App id=0x06already doing background connection to c9:b5:96:5c:e3:ed
04-02 09:46:10.571 D/BluetoothGatt( 1051): discoverServices() - device: C9:B5:96:5C:E3:ED
04-02 09:46:10.573 E/dangbei111( 1051): 5mins后会再次获取电量
04-02 09:46:10.573 E/dangbei111( 1051): getBattery delay 300000
04-02 09:46:10.575 I/bt_bta_gattc( 673): system/bt/bta/gatt/bta_gattc_cache.cc:902 bta_gattc_get_gatt_db: bta_gattc_get_gatt_db
04-02 09:46:10.579 D/BluetoothGatt( 1051): onSearchComplete() = Device=C9:B5:96:5C:E3:ED Status=0
04-02 09:46:10.879 W/IorapForwardingService( 479): No service published for: iorapd
04-02 09:46:11.371 D/aaa ( 1107): LedStatusService onStartCommand begin
04-02 09:46:11.374 D/bbb ( 1170): onStartCommand begin !!!!!!! data分区剩余 24956MB
04-02 09:46:11.382 D/aaa ( 1107): topPkg is -------------- :com.dangbei.leard.leradlauncher
04-02 09:46:11.386 D/aaa ( 1107): WiFi is connect
04-02 09:46:11.882 W/IorapForwardingService( 479): No service published for: iorapd
04-02 09:46:12.561 E/dangbei111( 1051): cccccc 检测到网络 准备请求遥控器ota信息
04-02 09:46:12.562 W/ContextImpl( 1051): Calling a method in the system process without a qualified user: android.app.ContextImpl.sendBroadcast:1173 android.content.ContextWrapper.sendBroadcast:479 com.dangbei.remotecontroller.RemoteControllerReceiver.sendMessageToUpdateHelper:122 com.dangbei.remotecontroller.RemoteControllerReceiver.access$100:28 com.dangbei.remotecontroller.RemoteControllerReceiver$1.handleMessage:41
04-02 09:46:12.564 E/ActivityManager( 479): Sending non-protected broadcast com.dangbei.remote.connected from system 1051:com.dangbei.lerad.etna.haqu/1000 pkg com.dangbei.lerad.etna.haqu
04-02 09:46:12.564 E/ActivityManager( 479): java.lang.Throwable
04-02 09:46:12.564 E/ActivityManager( 479): at com.android.server.am.ActivityManagerService.checkBroadcastFromSystem(ActivityManagerService.java:12816)
04-02 09:46:12.564 E/ActivityManager( 479): at com.android.server.am.ActivityManagerService.broadcastIntentLocked(ActivityManagerService.java:13416)
04-02 09:46:12.564 E/ActivityManager( 479): at com.android.server.am.ActivityManagerService.broadcastIntentLocked(ActivityManagerService.java:12833)
04-02 09:46:12.564 E/ActivityManager( 479): at com.android.server.am.ActivityManagerService.broadcastIntentWithFeature(ActivityManagerService.java:13670)
04-02 09:46:12.564 E/ActivityManager( 479): at android.app.IActivityManager$Stub.onTransact(IActivityManager.java:2326)
04-02 09:46:12.564 E/ActivityManager( 479): at com.android.server.am.ActivityManagerService.onTransact(ActivityManagerService.java:2509)
04-02 09:46:12.564 E/ActivityManager( 479): at android.os.Binder.execTransactInternal(Binder.java:1179)
04-02 09:46:12.564 E/ActivityManager( 479): at android.os.Binder.execTransact(Binder.java:1143)
04-02 09:46:12.566 E/ActivityManager( 479): Sending non-protected broadcast com.dangbei.remote.connected from system 1051:com.dangbei.lerad.etna.haqu/1000 pkg com.dangbei.lerad.etna.haqu
04-02 09:46:12.566 E/ActivityManager( 479): java.lang.Throwable
04-02 09:46:12.566 E/ActivityManager( 479): at com.android.server.am.ActivityManagerService.checkBroadcastFromSystem(ActivityManagerService.java:12816)
04-02 09:46:12.566 E/ActivityManager( 479): at com.android.server.am.ActivityManagerService.broadcastIntentLocked(ActivityManagerService.java:13513)
04-02 09:46:12.566 E/ActivityManager( 479): at com.android.server.am.ActivityManagerService.broadcastIntentLocked(ActivityManagerService.java:12833)
04-02 09:46:12.566 E/ActivityManager( 479): at com.android.server.am.ActivityManagerService.broadcastIntentWithFeature(ActivityManagerService.java:13670)
04-02 09:46:12.566 E/ActivityManager( 479): at android.app.IActivityManager$Stub.onTransact(IActivityManager.java:2326)
04-02 09:46:12.566 E/ActivityManager( 479): at com.android.server.am.ActivityManagerService.onTransact(ActivityManagerService.java:2509)
04-02 09:46:12.566 E/ActivityManager( 479): at android.os.Binder.execTransactInternal(Binder.java:1179)
04-02 09:46:12.566 E/ActivityManager( 479): at android.os.Binder.execTransact(Binder.java:1143)
04-02 09:46:12.567 I/DropBoxManagerService( 479): add tag=system_server_wtf isTagEnabled=true flags=0x2
04-02 09:46:12.570 I/DropBoxManagerService( 479): add tag=system_server_wtf isTagEnabled=true flags=0x2
04-02 09:46:12.572 E/dangbei111( 1051): 读出来的遥控器版本不是空 CSH260331
04-02 09:46:12.572 E/dangbei111( 1051): cccccc requestRemoteInfoInner factory NA version CSH260331
04-02 09:46:12.601 I/okhttp.OkHttpClient( 1051): --> POST http://tymsgapi.qun7.com/v1/core/ykota (622-byte body)
04-02 09:46:12.616 I/ActivityManager( 479): Killing 1473:com.android.dynsystem/1000 (adj 985): empty #17
04-02 09:46:12.616 I/ActivityManager( 479): Killing 1366:com.android.localtransport/1000 (adj 995): empty #18
04-02 09:46:12.619 I/ActivityManager( 479): Killing 1238:android.process.acore/u0a14 (adj 995): empty #19
04-02 09:46:12.659 I/libprocessgroup( 479): Successfully killed process cgroup uid 1000 pid 1473 in 42ms
04-02 09:46:12.708 D/CountryDetector( 479): No listener is left
04-02 09:46:12.710 I/Zygote ( 244): Process 1473 exited due to signal 9 (Killed)
04-02 09:46:12.714 I/Zygote ( 244): Process 1238 exited due to signal 9 (Killed)
04-02 09:46:12.722 I/Zygote ( 244): Process 1366 exited due to signal 9 (Killed)
04-02 09:46:12.748 I/libprocessgroup( 479): Successfully killed process cgroup uid 1000 pid 1366 in 0ms
04-02 09:46:12.748 I/libprocessgroup( 479): Successfully killed process cgroup uid 10014 pid 1238 in 0ms
04-02 09:46:12.751 I/okhttp.OkHttpClient( 1051): <-- 200 OK http://tymsgapi.qun7.com/v1/core/ykota (149ms, unknown-length body)
04-02 09:46:12.754 E/dangbei111( 1051): cccccc requestRemoteInfoInner BaseResponse{message='success', data=null, code=0}
04-02 09:46:12.754 W/System.err( 1051): java.lang.NullPointerException: Attempt to invoke virtual method 'java.lang.String com.etna.haqu.model.business.bean.db.remote.RemoteUpdateBean.getDownloadId()' on a null object reference
04-02 09:46:12.754 W/System.err( 1051): at com.dangbei.etna.update.remote.RemoteUpdateHelper$requestRemoteInfoInner$1$2.invoke(RemoteUpdateHelper.kt:199)
04-02 09:46:12.754 W/System.err( 1051): at com.dangbei.etna.update.remote.RemoteUpdateHelper$requestRemoteInfoInner$1$2.invoke(RemoteUpdateHelper.kt:188)
04-02 09:46:12.754 W/System.err( 1051): at com.etna.haqu.support.ext.FlowExtKt$safeCollect$3.emit(FlowExt.kt:52)
04-02 09:46:12.754 W/System.err( 1051): at kotlinx.coroutines.flow.FlowKt__ErrorsKt$catchImpl$2.emit(Errors.kt:158)
04-02 09:46:12.755 W/System.err( 1051): at kotlinx.coroutines.flow.FlowKt__ChannelsKt.emitAllImpl$FlowKt__ChannelsKt(Channels.kt:62)
04-02 09:46:12.755 W/System.err( 1051): at kotlinx.coroutines.flow.FlowKt__ChannelsKt.access$emitAllImpl$FlowKt__ChannelsKt(Channels.kt:1)
04-02 09:46:12.755 W/System.err( 1051): at kotlinx.coroutines.flow.FlowKt__ChannelsKt$emitAllImpl$1.invokeSuspend(Unknown Source:14)
04-02 09:46:12.755 W/System.err( 1051): at kotlin.coroutines.jvm.internal.BaseContinuationImpl.resumeWith(ContinuationImpl.kt:33)
04-02 09:46:12.755 W/System.err( 1051): at kotlinx.coroutines.DispatchedTask.run(DispatchedTask.kt:106)
04-02 09:46:12.755 W/System.err( 1051): at android.os.Handler.handleCallback(Handler.java:938)
04-02 09:46:12.755 W/System.err( 1051): at android.os.Handler.dispatchMessage(Handler.java:99)
04-02 09:46:12.755 W/System.err( 1051): at android.os.Looper.loopOnce(Looper.java:201)
04-02 09:46:12.755 W/System.err( 1051): at android.os.Looper.loop(Looper.java:288)
04-02 09:46:12.755 W/System.err( 1051): at android.app.ActivityThread.main(ActivityThread.java:7854)
04-02 09:46:12.755 W/System.err( 1051): at java.lang.reflect.Method.invoke(Native Method)
04-02 09:46:12.755 W/System.err( 1051): at com.android.internal.os.RuntimeInit$MethodAndArgsCaller.run(RuntimeInit.java:548)
04-02 09:46:12.755 W/System.err( 1051): at com.android.internal.os.ZygoteInit.main(ZygoteInit.java:1182)
04-02 09:46:12.757 E/ccc ( 1051): cccccc com.dangbei.haqusetting not connect
04-02 09:46:12.757 E/ccc ( 1051): cccccc updateHelper 通知更新
04-02 09:46:12.757 E/dangbei111( 1051): cccccc requestRemoteInfoInner 出现异常 Attempt to invoke virtual method 'java.lang.String com.etna.haqu.model.business.bean.db.remote.RemoteUpdateBean.getDownloadId()' on a null object reference
04-02 09:46:12.884 W/IorapForwardingService( 479): No service published for: iorapd
04-02 09:46:13.383 E/WifiHAL ( 667): wifi_get_link_stats: requestResponse Error:-5
04-02 09:46:13.384 E/WifiVendorHal( 479): getWifiLinkLayerStats_1_5_Internal(l.1191) failed {.code = ERROR_INVALID_ARGS, .description = }
01-01 08:01:14.056 W/hdr10p_Configure( 378): 55 callbacks suppressed
01-01 08:01:14.056 I/ ( 378): DVI mode selected: packets not configured
01-01 08:01:14.069 W/set_vsif_config( 378): 55 callbacks suppressed
01-01 08:01:14.069 I/ ( 378): Error: set vsif failed
01-01 08:01:14.101 I/ ( 378): DVI mode selected: packets not configured
01-01 08:01:14.108 I/ ( 378): Error: set vsif failed
04-02 09:46:13.566 E/dangbei111( 1051): cccccc 准备开始进行 startScanInner
04-02 09:46:13.566 E/dangbei111( 1051): cccccc 真正开始进入扫描流程啦
01-01 08:01:14.134 I/ ( 378): DVI mode selected: packets not configured
01-01 08:01:14.140 I/ ( 378): Error: set vsif failed
04-02 09:46:13.572 E/dangbei111( 1051): cccccc 检查遥控器是否连接: Dangbei C9:B5:96:5C:E3:ED
04-02 09:46:13.582 E/dangbei111( 1051): cccccc 检查遥控器是否连接: 蓝牙的结果 Dangbei C9:B5:96:5C:E3:ED true
04-02 09:46:13.582 E/dangbei111( 1051): cccccc input中没有遥控器存在
04-02 09:46:13.582 E/dangbei111( 1051): cccccc 蓝牙状态连接 开启8s check任务
04-02 09:46:13.582 E/dangbei111( 1051): 开始扫描 com.dangbei.remotecontroller.RCHelper$3@1ad1ff
04-02 09:46:13.582 D/BluetoothAdapter( 1051): isLeEnabled(): ON
01-01 08:01:14.152 I/ ( 378): DVI mode selected: packets not configured
01-01 08:01:14.159 I/ ( 378): Error: set vsif failed
01-01 08:01:14.184 I/ ( 378): DVI mode selected: packets not configured
01-01 08:01:14.190 I/ ( 378): Error: set vsif failed
01-01 08:01:14.201 I/ ( 378): DVI mode selected: packets not configured
01-01 08:01:14.207 I/ ( 378): Error: set vsif failed
01-01 08:01:14.217 I/ ( 378): DVI mode selected: packets not configured
01-01 08:01:14.224 I/ ( 378): Error: set vsif failed
01-01 08:01:14.239 I/ ( 378): DVI mode selected: packets not configured
01-01 08:01:14.246 I/ ( 378): Error: set vsif failed
01-01 08:01:14.267 I/ ( 378): DVI mode selected: packets not configured
01-01 08:01:14.274 I/ ( 378): Error: set vsif failed
01-01 08:01:14.284 I/ ( 378): DVI mode selected: packets not configured
01-01 08:01:14.290 I/ ( 378): Error: set vsif failed
04-02 09:46:13.886 W/IorapForwardingService( 479): No service published for: iorapd
04-02 09:46:14.238 D/hdmi-cec( 263): receive invalid cec message!
04-02 09:46:14.238 D/hdmi-cec( 263): receive poll message [04], skip!
04-02 09:46:14.318 E/ServerInterface( 2100): Server timed out
04-02 09:46:14.318 E/ServerInterface( 2100): java.net.SocketTimeoutException: failed to connect to remoteprovisioning.googleapis.com/142.251.45.138 (port 443) from /192.168.3.131 (port 55774) after 5000ms
04-02 09:46:14.318 E/ServerInterface( 2100): at libcore.io.IoBridge.connectErrno(IoBridge.java:236)
04-02 09:46:14.318 E/ServerInterface( 2100): at libcore.io.IoBridge.connect(IoBridge.java:180)
04-02 09:46:14.318 E/ServerInterface( 2100): at java.net.PlainSocketImpl.socketConnect(PlainSocketImpl.java:142)
04-02 09:46:14.318 E/ServerInterface( 2100): at java.net.AbstractPlainSocketImpl.doConnect(AbstractPlainSocketImpl.java:390)
04-02 09:46:14.318 E/ServerInterface( 2100): at java.net.AbstractPlainSocketImpl.connectToAddress(AbstractPlainSocketImpl.java:230)
04-02 09:46:14.318 E/ServerInterface( 2100): at java.net.AbstractPlainSocketImpl.connect(AbstractPlainSocketImpl.java:212)
04-02 09:46:14.318 E/ServerInterface( 2100): at java.net.SocksSocketImpl.connect(SocksSocketImpl.java:436)
04-02 09:46:14.318 E/ServerInterface( 2100): at java.net.Socket.connect(Socket.java:621)
04-02 09:46:14.318 E/ServerInterface( 2100): at com.android.okhttp.internal.Platform.connectSocket(Platform.java:182)
04-02 09:46:14.318 E/ServerInterface( 2100): at com.android.okhttp.internal.io.RealConnection.connectSocket(RealConnection.java:145)
04-02 09:46:14.318 E/ServerInterface( 2100): at com.android.okhttp.internal.io.RealConnection.connect(RealConnection.java:116)
04-02 09:46:14.318 E/ServerInterface( 2100): at com.android.okhttp.internal.http.StreamAllocation.findConnection(StreamAllocation.java:186)
04-02 09:46:14.318 E/ServerInterface( 2100): at com.android.okhttp.internal.http.StreamAllocation.findHealthyConnection(StreamAllocation.java:128)
04-02 09:46:14.318 E/ServerInterface( 2100): at com.android.okhttp.internal.http.StreamAllocation.newStream(StreamAllocation.java:97)
04-02 09:46:14.318 E/ServerInterface( 2100): at com.android.okhttp.internal.http.HttpEngine.connect(HttpEngine.java:289)
04-02 09:46:14.318 E/ServerInterface( 2100): at com.android.okhttp.internal.http.HttpEngine.sendRequest(HttpEngine.java:232)
04-02 09:46:14.318 E/ServerInterface( 2100): at com.android.okhttp.internal.huc.HttpURLConnectionImpl.execute(HttpURLConnectionImpl.java:465)
04-02 09:46:14.318 E/ServerInterface( 2100): at com.android.okhttp.internal.huc.HttpURLConnectionImpl.connect(HttpURLConnectionImpl.java:131)
04-02 09:46:14.318 E/ServerInterface( 2100): at com.android.okhttp.internal.huc.HttpURLConnectionImpl.getOutputStream(HttpURLConnectionImpl.java:262)
04-02 09:46:14.318 E/ServerInterface( 2100): at com.android.okhttp.internal.huc.DelegatingHttpsURLConnection.getOutputStream(DelegatingHttpsURLConnection.java:219)
04-02 09:46:14.318 E/ServerInterface( 2100): at com.android.okhttp.internal.huc.HttpsURLConnectionImpl.getOutputStream(HttpsURLConnectionImpl.java:30)
04-02 09:46:14.318 E/ServerInterface( 2100): at com.android.remoteprovisioner.ServerInterface.fetchGeek(ServerInterface.java:120)
04-02 09:46:14.318 E/ServerInterface( 2100): at com.android.remoteprovisioner.PeriodicProvisioner$ProvisionerThread.run(PeriodicProvisioner.java:135)
04-02 09:46:14.318 E/RemoteProvisioningService( 2100): Failed to get a response from the server.
04-02 09:46:14.467 I/bt_stack( 673): [INFO:btsnoop.cc(338)] clear_l2cap_allowlist: Clearing acceptlist from l2cap channel. conn_handle=16 cid=4:4
04-02 09:46:14.467 I/bluetooth( 673): system/bt/stack/gap/gap_ble.cc:298 client_connect_cback: No active GAP service found for peer:xx:xx:xx:xx:e3:ed callback:Disconnected
04-02 09:46:14.468 I/bt_bta_gattc( 673): system/bt/bta/gatt/bta_gattc_act.cc:1115 bta_gattc_conn_cback: Disconnected att_id:3 transport:le reason:GATT_CONN_TIMEOUT
04-02 09:46:14.468 I/bt_bta_gattc( 673): system/bt/bta/gatt/bta_gattc_act.cc:1115 bta_gattc_conn_cback: Disconnected att_id:4 transport:le reason:GATT_CONN_TIMEOUT
04-02 09:46:14.468 I/bt_bta_gattc( 673): system/bt/bta/gatt/bta_gattc_act.cc:1115 bta_gattc_conn_cback: Disconnected att_id:5 transport:le reason:GATT_CONN_TIMEOUT
04-02 09:46:14.468 I/bt_bta_gattc( 673): system/bt/bta/gatt/bta_gattc_act.cc:1115 bta_gattc_conn_cback: Disconnected att_id:6 transport:le reason:GATT_CONN_TIMEOUT
04-02 09:46:14.468 W/bt_btm_sec( 673): system/bt/stack/btm/btm_sec.cc:3685 btm_sec_disconnected: Got uncommon disconnection reason:Connection Timeout handle:0x0010
04-02 09:46:14.468 E/bt_bta_hh( 673): system/bt/bta/hh/bta_hh_le.cc:999 bta_hh_security_cmpl: Encryption failed status:BTA_HH_ERR_SEC btm_status:BTM_ERR_PROCESSING BLE mac:c9:b5:96:5c:e3:ed
04-02 09:46:14.468 I/btif_av ( 673): system/bt/btif/src/btif_av.cc:3352 btif_av_acl_disconnected: btif_av_acl_disconnected: Peer c9:b5:96:5c:e3:ed : ACL Disconnected
04-02 09:46:14.468 E/bt_upio ( 250): upio_set : /proc/bluetooth/sleep/btwrite(-1) incorrent
04-02 09:46:14.468 I/btif_av ( 673): system/bt/btif/src/btif_av.cc:1078 FindOrCreatePeer: BtifAvPeer *BtifAvSource::FindOrCreatePeer(const RawAddress &, tBTA_AV_HNDL): Create peer: peer_address=c9:b5:96:5c:e3:ed bta_handle=0x41 peer_id=0
04-02 09:46:14.468 I/btif_av ( 673): system/bt/btif/src/btif_av.cc:3279 btif_av_get_peer_sep: No active sink or source peer found
04-02 09:46:14.468 I/bt_btif_a2dp_source( 673): system/bt/btif/src/btif_a2dp_source.cc:691 btif_a2dp_source_on_idle: btif_a2dp_source_on_idle: state=STATE_OFF
04-02 09:46:14.468 I/btif_av ( 673): system/bt/btif/src/btif_av.cc:3279 btif_av_get_peer_sep: No active sink or source peer found
04-02 09:46:14.468 I/bt_btif_a2dp_source( 673): system/bt/btif/src/btif_a2dp_source.cc:691 btif_a2dp_source_on_idle: btif_a2dp_source_on_idle: state=STATE_OFF
04-02 09:46:14.468 I/btif_av ( 673): system/bt/btif/src/btif_av.cc:1123 DeleteIdlePeers: DeleteIdlePeers: Deleting idle peer: c9:b5:96:5c:e3:ed bta_handle=0x41
04-02 09:46:14.469 D/BluetoothGatt( 1051): onClientConnectionState() - status=0 clientIf=6 device=C9:B5:96:5C:E3:ED
04-02 09:46:14.474 W/bt_btif ( 673): system/bt/main/bte_logmsg.cc:194 LogMsg: btif_hh_upstreams_evt: BTA_HH_OPN_EVT: handle=16, status =6
04-02 09:46:14.475 W/BluetoothHidHostService( 673): no state change: 0
04-02 09:46:14.477 I/ActivityManager( 479): Killing 1543:com.android.managedprovisioning/u0a20 (adj 985): empty #17
04-02 09:46:14.479 I/libprocessgroup( 479): Successfully killed process cgroup uid 10020 pid 1543 in 0ms
04-02 09:46:14.484 I/dangbei111( 1051): cccccc on receiver=android.bluetooth.device.action.ACL_DISCONNECTED,mac=C9:B5:96:5C:E3:ED
04-02 09:46:14.513 I/Zygote ( 244): Process 1543 exited due to signal 9 (Killed)
04-02 09:46:14.587 I/bluetooth( 673): system/bt/stack/gatt/connection_manager.cc:185 on_connection_complete: Le connection completed to device:c9:b5:96:5c:e3:ed
04-02 09:46:14.587 I/bt_btm_ble( 673): system/bt/stack/btm/btm_ble.cc:1699 btm_ble_connected: Updating device record timestamp for existing ble connection
04-02 09:46:14.629 I/cling--ap-2( 2404): type=1400 audit(0.0:1144): avc: denied { read } for name="address" dev="sysfs" ino=25874 scontext=u:r:platform_app:s0:c512,c768 tcontext=u:object_r:sysfs:s0 tclass=file permissive=1 app=com.dangbei.screencast
04-02 09:46:14.629 I/cling--ap-2( 2404): type=1400 audit(0.0:1145): avc: denied { open } for path="/sys/devices/platform/unisoc_wifi/net/wlan1/address" dev="sysfs" ino=25874 scontext=u:r:platform_app:s0:c512,c768 tcontext=u:object_r:sysfs:s0 tclass=file permissive=1 app=com.dangbei.screencast
04-02 09:46:14.690 I/bt_stack( 673): [INFO:gatt_attr.cc(880)] gatt_sr_init_cl_status: bda=c9:b5:96:5c:e3:ed, cl_supp_feat=0000, aware=1
04-02 09:46:14.690 I/bluetooth( 673): system/bt/stack/gap/gap_ble.cc:298 client_connect_cback: No active GAP service found for peer:xx:xx:xx:xx:e3:ed callback:Connected
04-02 09:46:14.691 I/bt_bta_gattc( 673): system/bt/bta/gatt/bta_gattc_act.cc:1110 bta_gattc_conn_cback: Connected att_id:3 transport:le reason:GATT_CONN_OK
04-02 09:46:14.691 I/bt_bta_gattc( 673): system/bt/bta/gatt/bta_gattc_act.cc:1110 bta_gattc_conn_cback: Connected att_id:4 transport:le reason:GATT_CONN_OK
04-02 09:46:14.691 I/bt_bta_gattc( 673): system/bt/bta/gatt/bta_gattc_act.cc:1110 bta_gattc_conn_cback: Connected att_id:5 transport:le reason:GATT_CONN_OK
04-02 09:46:14.691 I/bt_bta_gattc( 673): system/bt/bta/gatt/bta_gattc_act.cc:1110 bta_gattc_conn_cback: Connected att_id:6 transport:le reason:GATT_CONN_OK
04-02 09:46:14.691 I/bluetooth( 673): system/bt/stack/gatt/connection_manager.cc:185 on_connection_complete: Le connection completed to device:c9:b5:96:5c:e3:ed
04-02 09:46:14.691 I/bt_stack( 673): [INFO:eatt_impl.h(634)] connect device c9:b5:96:5c:e3:ed rolecentral
04-02 09:46:14.692 I/bt_btif_dm( 673): system/bt/btif/src/btif_dm.cc:497 btif_update_remote_version_property: Remote version info valid:true [xx:xx:xx:xx:e3:ed]: 8, 50e, 8
04-02 09:46:14.708 D/BluetoothGatt( 1051): onClientConnectionState() - status=0 clientIf=6 device=C9:B5:96:5C:E3:ED
04-02 09:46:14.708 D/BluetoothGatt( 1051): discoverServices() - device: C9:B5:96:5C:E3:ED
04-02 09:46:14.709 E/BluetoothPhonePolicy( 673): Received unexpected intent, action=android.bluetooth.device.action.ACL_CONNECTED
04-02 09:46:14.709 I/BluetoothPhonePolicy( 673): processDeviceConnected, device=C9:B5:96:5C:E3:ED
04-02 09:46:14.709 D/BluetoothDatabase( 673): setConnection: device=C9:B5:96:5C:E3:ED and isA2dpDevice=false
04-02 09:46:14.709 D/BluetoothDatabase( 673): Updating last connected time for device: C9:B5:96:5C:E3:ED to 5
04-02 09:46:14.709 D/BluetoothDatabase( 673): updateDatabase C9:B5:96:5C:E3:ED
04-02 09:46:14.710 W/bt_btm ( 673): system/bt/main/bte_logmsg.cc:194 LogMsg: Security Manager: BTM_SetEncryption busy, enqueue request
04-02 09:46:14.714 I/dangbei111( 1051): cccccc on receiver=android.bluetooth.device.action.ACL_CONNECTED,mac=C9:B5:96:5C:E3:ED
04-02 09:46:14.714 I/bt_bta_gattc( 673): system/bt/bta/gatt/bta_gattc_cache.cc:902 bta_gattc_get_gatt_db: bta_gattc_get_gatt_db
04-02 09:46:14.714 I/dangbei111( 1051): cccccc 收到 ACTION_ACL_CONNECTED 的广播
04-02 09:46:14.715 E/dangbei111( 1051): 5s后准备进行遥控器ota信息检测
04-02 09:46:14.718 D/BluetoothGatt( 1051): onSearchComplete() = Device=C9:B5:96:5C:E3:ED Status=0
04-02 09:46:14.629 I/cling--ap-2( 2404): type=1400 audit(0.0:1146): avc: denied { getattr } for path="/sys/devices/platform/unisoc_wifi/net/wlan1/address" dev="sysfs" ino=25874 scontext=u:r:platform_app:s0:c512,c768 tcontext=u:object_r:sysfs:s0 tclass=file permissive=1 app=com.dangbei.screencast
04-02 09:46:14.888 W/IorapForwardingService( 479): No service published for: iorapd
04-02 09:46:15.876 I/BLEAudioDrive_HV410( 249): select timeout!
04-02 09:46:15.889 W/IorapForwardingService( 479): No service published for: iorapd
04-02 09:46:16.393 E/WifiHAL ( 667): wifi_get_link_stats: requestResponse Error:-5
04-02 09:46:16.394 E/WifiVendorHal( 479): getWifiLinkLayerStats_1_5_Internal(l.1191) failed {.code = ERROR_INVALID_ARGS, .description = }
04-02 09:46:16.566 D/UtilLog ( 2252): 日志批量上报 进行正常循环 !!!!!!本次有0次请求,共0条数据
04-02 09:46:16.892 W/IorapForwardingService( 479): No service published for: iorapd
04-02 09:46:17.720 E/dangbei111( 1051): cccccc 检查遥控器是否连接: Dangbei C9:B5:96:5C:E3:ED
04-02 09:46:17.723 E/dangbei111( 1051): cccccc 检查遥控器是否连接: 蓝牙的结果 Dangbei C9:B5:96:5C:E3:ED true
04-02 09:46:17.723 E/dangbei111( 1051): cccccc input中没有遥控器存在
04-02 09:46:17.723 E/dangbei111( 1051): cccccc 蓝牙状态连接 开启8s check任务
04-02 09:46:17.723 E/dangbei111( 1051): cccccc 没有遥控器连接 不进行 getRCInfo return
04-02 09:46:17.723 E/dangbei111( 1051): getBattery delay 0
04-02 09:46:17.726 E/bt_upio ( 250): upio_set : /proc/bluetooth/sleep/btwrite(-1) incorrent
04-02 09:46:17.726 I/bt_btif_config( 673): system/bt/btif/src/btif_config.cc:137 btif_get_device_type: Device [c9:b5:96:5c:e3:ed] device type 2
04-02 09:46:17.726 D/BluetoothGatt( 1051): discoverServices() - device: C9:B5:96:5C:E3:ED
04-02 09:46:17.726 I/bt_stack( 673): [INFO:connection_manager.cc(104)] App id=0x06already doing background connection to c9:b5:96:5c:e3:ed
04-02 09:46:17.727 E/dangbei111( 1051): 5mins后会再次获取电量
04-02 09:46:17.727 E/dangbei111( 1051): getBattery delay 300000
04-02 09:46:17.727 I/bt_bta_gattc( 673): system/bt/bta/gatt/bta_gattc_cache.cc:902 bta_gattc_get_gatt_db: bta_gattc_get_gatt_db
04-02 09:46:17.729 D/BluetoothGatt( 1051): onSearchComplete() = Device=C9:B5:96:5C:E3:ED Status=0
04-02 09:46:17.894 W/IorapForwardingService( 479): No service published for: iorapd
04-02 09:46:18.897 W/IorapForwardingService( 479): No service published for: iorapd
04-02 09:46:19.349 I/Thread-2( 2905): type=1400 audit(0.0:1147): avc: denied { execute } for name="am" dev="dm-1" ino=1164 scontext=u:r:system_app:s0 tcontext=u:object_r:vendor_file:s0 tclass=file permissive=1
04-02 09:46:19.349 I/Thread-2( 2905): type=1400 audit(0.0:1148): avc: denied { read open } for path="/vendor/xbin/am" dev="dm-1" ino=1164 scontext=u:r:system_app:s0 tcontext=u:object_r:vendor_file:s0 tclass=file permissive=1
04-02 09:46:19.404 E/WifiHAL ( 667): wifi_get_link_stats: requestResponse Error:-5
04-02 09:46:19.405 E/WifiVendorHal( 479): getWifiLinkLayerStats_1_5_Internal(l.1191) failed {.code = ERROR_INVALID_ARGS, .description = }
04-02 09:46:19.419 D/aaa ( 1107): LedStatusService onStartCommand begin
04-02 09:46:19.420 D/aaa ( 1107): topPkg is -------------- :com.dangbei.leard.leradlauncher
04-02 09:46:19.423 D/aaa ( 1107): WiFi is connect
04-02 09:46:19.424 D/bbb ( 1170): onStartCommand begin !!!!!!! data分区剩余 24956MB
04-02 09:46:19.349 I/Thread-2( 2905): type=1400 audit(0.0:1149): avc: denied { execute_no_trans } for path="/vendor/xbin/am" dev="dm-1" ino=1164 scontext=u:r:system_app:s0 tcontext=u:object_r:vendor_file:s0 tclass=file permissive=1
01-01 08:01:20.065 W/hdr10p_Configure( 378): 59 callbacks suppressed
01-01 08:01:20.065 I/ ( 378): DVI mode selected: packets not configured
01-01 08:01:20.078 W/set_vsif_config( 378): 59 callbacks suppressed
01-01 08:01:20.078 I/ ( 378): Error: set vsif failed
01-01 08:01:20.101 I/ ( 378): DVI mode selected: packets not configured
01-01 08:01:20.108 I/ ( 378): Error: set vsif failed
01-01 08:01:20.134 I/ ( 378): DVI mode selected: packets not configured
01-01 08:01:20.140 I/ ( 378): Error: set vsif failed
01-01 08:01:20.151 I/ ( 378): DVI mode selected: packets not configured
01-01 08:01:20.158 I/ ( 378): Error: set vsif failed
01-01 08:01:20.184 I/ ( 378): DVI mode selected: packets not configured
01-01 08:01:20.191 I/ ( 378): Error: set vsif failed
01-01 08:01:20.217 I/ ( 378): DVI mode selected: packets not configured
01-01 08:01:20.223 I/ ( 378): Error: set vsif failed
01-01 08:01:20.234 I/ ( 378): DVI mode selected: packets not configured
01-01 08:01:20.241 I/ ( 378): Error: set vsif failed
01-01 08:01:20.255 I/ ( 378): DVI mode selected: packets not configured
01-01 08:01:20.262 I/ ( 378): Error: set vsif failed
01-01 08:01:20.284 I/ ( 378): DVI mode selected: packets not configured
01-01 08:01:20.290 I/ ( 378): Error: set vsif failed
04-02 09:46:19.718 E/dangbei111( 1051): cccccc 检测到网络 准备请求遥控器ota信息
04-02 09:46:19.719 W/ContextImpl( 1051): Calling a method in the system process without a qualified user: android.app.ContextImpl.sendBroadcast:1173 android.content.ContextWrapper.sendBroadcast:479 com.dangbei.remotecontroller.RemoteControllerReceiver.sendMessageToUpdateHelper:122 com.dangbei.remotecontroller.RemoteControllerReceiver.access$100:28 com.dangbei.remotecontroller.RemoteControllerReceiver$1.handleMessage:41
04-02 09:46:19.720 E/ActivityManager( 479): Sending non-protected broadcast com.dangbei.remote.connected from system 1051:com.dangbei.lerad.etna.haqu/1000 pkg com.dangbei.lerad.etna.haqu
04-02 09:46:19.720 E/ActivityManager( 479): java.lang.Throwable
04-02 09:46:19.720 E/ActivityManager( 479): at com.android.server.am.ActivityManagerService.checkBroadcastFromSystem(ActivityManagerService.java:12816)
04-02 09:46:19.720 E/ActivityManager( 479): at com.android.server.am.ActivityManagerService.broadcastIntentLocked(ActivityManagerService.java:13416)
04-02 09:46:19.720 E/ActivityManager( 479): at com.android.server.am.ActivityManagerService.broadcastIntentLocked(ActivityManagerService.java:12833)
04-02 09:46:19.720 E/ActivityManager( 479): at com.android.server.am.ActivityManagerService.broadcastIntentWithFeature(ActivityManagerService.java:13670)
04-02 09:46:19.720 E/ActivityManager( 479): at android.app.IActivityManager$Stub.onTransact(IActivityManager.java:2326)
04-02 09:46:19.720 E/ActivityManager( 479): at com.android.server.am.ActivityManagerService.onTransact(ActivityManagerService.java:2509)
04-02 09:46:19.720 E/ActivityManager( 479): at android.os.Binder.execTransactInternal(Binder.java:1179)
04-02 09:46:19.720 E/ActivityManager( 479): at android.os.Binder.execTransact(Binder.java:1143)
04-02 09:46:19.722 E/ActivityManager( 479): Sending non-protected broadcast com.dangbei.remote.connected from system 1051:com.dangbei.lerad.etna.haqu/1000 pkg com.dangbei.lerad.etna.haqu
04-02 09:46:19.722 E/ActivityManager( 479): java.lang.Throwable
04-02 09:46:19.722 E/ActivityManager( 479): at com.android.server.am.ActivityManagerService.checkBroadcastFromSystem(ActivityManagerService.java:12816)
04-02 09:46:19.722 E/ActivityManager( 479): at com.android.server.am.ActivityManagerService.broadcastIntentLocked(ActivityManagerService.java:13513)
04-02 09:46:19.722 E/ActivityManager( 479): at com.android.server.am.ActivityManagerService.broadcastIntentLocked(ActivityManagerService.java:12833)
04-02 09:46:19.722 E/ActivityManager( 479): at com.android.server.am.ActivityManagerService.broadcastIntentWithFeature(ActivityManagerService.java:13670)
04-02 09:46:19.722 E/ActivityManager( 479): at android.app.IActivityManager$Stub.onTransact(IActivityManager.java:2326)
04-02 09:46:19.722 E/ActivityManager( 479): at com.android.server.am.ActivityManagerService.onTransact(ActivityManagerService.java:2509)
04-02 09:46:19.722 E/ActivityManager( 479): at android.os.Binder.execTransactInternal(Binder.java:1179)
04-02 09:46:19.722 E/ActivityManager( 479): at android.os.Binder.execTransact(Binder.java:1143)
04-02 09:46:19.723 I/DropBoxManagerService( 479): add tag=system_server_wtf isTagEnabled=true flags=0x2
04-02 09:46:19.730 I/DropBoxManagerService( 479): add tag=system_server_wtf isTagEnabled=true flags=0x2
04-02 09:46:19.732 E/dangbei111( 1051): 读出来的遥控器版本不是空 CSH260331
04-02 09:46:19.732 E/dangbei111( 1051): cccccc requestRemoteInfoInner factory NA version CSH260331
01-01 08:01:20.303 I/ ( 378): DVI mode selected: packets not configured
01-01 08:01:20.309 I/ ( 378): Error: set vsif failed
04-02 09:46:19.756 I/okhttp.OkHttpClient( 1051): --> POST http://tymsgapi.qun7.com/v1/core/ykota (622-byte body)
04-02 09:46:19.821 I/okhttp.OkHttpClient( 1051): <-- 200 OK http://tymsgapi.qun7.com/v1/core/ykota (64ms, unknown-length body)
04-02 09:46:19.826 E/dangbei111( 1051): cccccc requestRemoteInfoInner BaseResponse{message='success', data=null, code=0}
04-02 09:46:19.827 W/System.err( 1051): java.lang.NullPointerException: Attempt to invoke virtual method 'java.lang.String com.etna.haqu.model.business.bean.db.remote.RemoteUpdateBean.getDownloadId()' on a null object reference
04-02 09:46:19.827 W/System.err( 1051): at com.dangbei.etna.update.remote.RemoteUpdateHelper$requestRemoteInfoInner$1$2.invoke(RemoteUpdateHelper.kt:199)
04-02 09:46:19.827 W/System.err( 1051): at com.dangbei.etna.update.remote.RemoteUpdateHelper$requestRemoteInfoInner$1$2.invoke(RemoteUpdateHelper.kt:188)
04-02 09:46:19.827 W/System.err( 1051): at com.etna.haqu.support.ext.FlowExtKt$safeCollect$3.emit(FlowExt.kt:52)
04-02 09:46:19.827 W/System.err( 1051): at kotlinx.coroutines.flow.FlowKt__ErrorsKt$catchImpl$2.emit(Errors.kt:158)
04-02 09:46:19.827 W/System.err( 1051): at kotlinx.coroutines.flow.FlowKt__ChannelsKt.emitAllImpl$FlowKt__ChannelsKt(Channels.kt:62)
04-02 09:46:19.827 W/System.err( 1051): at kotlinx.coroutines.flow.FlowKt__ChannelsKt.access$emitAllImpl$FlowKt__ChannelsKt(Channels.kt:1)
04-02 09:46:19.827 W/System.err( 1051): at kotlinx.coroutines.flow.FlowKt__ChannelsKt$emitAllImpl$1.invokeSuspend(Unknown Source:14)
04-02 09:46:19.827 W/System.err( 1051): at kotlin.coroutines.jvm.internal.BaseContinuationImpl.resumeWith(ContinuationImpl.kt:33)
04-02 09:46:19.827 W/System.err( 1051): at kotlinx.coroutines.DispatchedTask.run(DispatchedTask.kt:106)
04-02 09:46:19.827 W/System.err( 1051): at android.os.Handler.handleCallback(Handler.java:938)
04-02 09:46:19.827 W/System.err( 1051): at android.os.Handler.dispatchMessage(Handler.java:99)
04-02 09:46:19.827 W/System.err( 1051): at android.os.Looper.loopOnce(Looper.java:201)
04-02 09:46:19.827 W/System.err( 1051): at android.os.Looper.loop(Looper.java:288)
04-02 09:46:19.827 W/System.err( 1051): at android.app.ActivityThread.main(ActivityThread.java:7854)
04-02 09:46:19.827 W/System.err( 1051): at java.lang.reflect.Method.invoke(Native Method)
04-02 09:46:19.827 W/System.err( 1051): at com.android.internal.os.RuntimeInit$MethodAndArgsCaller.run(RuntimeInit.java:548)
04-02 09:46:19.827 W/System.err( 1051): at com.android.internal.os.ZygoteInit.main(ZygoteInit.java:1182)
04-02 09:46:19.830 E/ccc ( 1051): cccccc com.dangbei.haqusetting not connect
04-02 09:46:19.830 E/ccc ( 1051): cccccc updateHelper 通知更新
04-02 09:46:19.830 E/dangbei111( 1051): cccccc requestRemoteInfoInner 出现异常 Attempt to invoke virtual method 'java.lang.String com.etna.haqu.model.business.bean.db.remote.RemoteUpdateBean.getDownloadId()' on a null object reference
04-02 09:46:19.897 W/IorapForwardingService( 479): No service published for: iorapd
04-02 09:46:20.725 E/dangbei111( 1051): cccccc 准备开始进行 startScanInner
04-02 09:46:20.725 E/dangbei111( 1051): cccccc 小于10s 由于之前已经开始扫描了 不在开启新的扫描
04-02 09:46:20.899 W/IorapForwardingService( 479): No service published for: iorapd
04-02 09:46:21.007 I/UsageStatsService( 479): Time changed in by 148169 seconds
04-02 09:46:21.012 D/CompatibilityChangeReporter( 479): Compat change id reported: 168419799; UID 10073; state: DISABLED
04-02 09:46:21.019 I/PermissionControllerServiceImpl( 1820): Updating user sensitive for user 0
04-02 09:46:21.532 I/bt_stack( 673): [INFO:btsnoop.cc(338)] clear_l2cap_allowlist: Clearing acceptlist from l2cap channel. conn_handle=16 cid=4:4
04-02 09:46:21.533 I/bt_stack( 673): [INFO:eatt_impl.h(578)] supported_features_cb c9:b5:96:5c:e3:ed is_eatt_supported = 0
04-02 09:46:21.533 I/bluetooth( 673): system/bt/stack/gap/gap_ble.cc:298 client_connect_cback: No active GAP service found for peer:xx:xx:xx:xx:e3:ed callback:Disconnected
04-02 09:46:21.533 I/bt_bta_gattc( 673): system/bt/bta/gatt/bta_gattc_act.cc:1115 bta_gattc_conn_cback: Disconnected att_id:3 transport:le reason:GATT_CONN_TIMEOUT
04-02 09:46:21.533 I/bt_bta_gattc( 673): system/bt/bta/gatt/bta_gattc_act.cc:1115 bta_gattc_conn_cback: Disconnected att_id:4 transport:le reason:GATT_CONN_TIMEOUT
04-02 09:46:21.533 I/bt_bta_gattc( 673): system/bt/bta/gatt/bta_gattc_act.cc:1115 bta_gattc_conn_cback: Disconnected att_id:5 transport:le reason:GATT_CONN_TIMEOUT
04-02 09:46:21.533 I/bt_bta_gattc( 673): system/bt/bta/gatt/bta_gattc_act.cc:1115 bta_gattc_conn_cback: Disconnected att_id:6 transport:le reason:GATT_CONN_TIMEOUT
04-02 09:46:21.534 W/bt_btm_sec( 673): system/bt/stack/btm/btm_sec.cc:3685 btm_sec_disconnected: Got uncommon disconnection reason:Connection Timeout handle:0x0010
04-02 09:46:21.534 E/bt_bta_hh( 673): system/bt/bta/hh/bta_hh_le.cc:999 bta_hh_security_cmpl: Encryption failed status:BTA_HH_ERR_SEC btm_status:BTM_ERR_PROCESSING BLE mac:c9:b5:96:5c:e3:ed
04-02 09:46:21.534 I/btif_av ( 673): system/bt/btif/src/btif_av.cc:3352 btif_av_acl_disconnected: btif_av_acl_disconnected: Peer c9:b5:96:5c:e3:ed : ACL Disconnected
04-02 09:46:21.534 E/bt_upio ( 250): upio_set : /proc/bluetooth/sleep/btwrite(-1) incorrent
04-02 09:46:21.534 I/btif_av ( 673): system/bt/btif/src/btif_av.cc:1078 FindOrCreatePeer: BtifAvPeer *BtifAvSource::FindOrCreatePeer(const RawAddress &, tBTA_AV_HNDL): Create peer: peer_address=c9:b5:96:5c:e3:ed bta_handle=0x41 peer_id=0
04-02 09:46:21.534 I/btif_av ( 673): system/bt/btif/src/btif_av.cc:3279 btif_av_get_peer_sep: No active sink or source peer found
04-02 09:46:21.535 I/bt_btif_a2dp_source( 673): system/bt/btif/src/btif_a2dp_source.cc:691 btif_a2dp_source_on_idle: btif_a2dp_source_on_idle: state=STATE_OFF
04-02 09:46:21.535 I/btif_av ( 673): system/bt/btif/src/btif_av.cc:3279 btif_av_get_peer_sep: No active sink or source peer found
04-02 09:46:21.535 I/bt_btif_a2dp_source( 673): system/bt/btif/src/btif_a2dp_source.cc:691 btif_a2dp_source_on_idle: btif_a2dp_source_on_idle: state=STATE_OFF
04-02 09:46:21.535 I/btif_av ( 673): system/bt/btif/src/btif_av.cc:1123 DeleteIdlePeers: DeleteIdlePeers: Deleting idle peer: c9:b5:96:5c:e3:ed bta_handle=0x41
04-02 09:46:21.536 D/BluetoothGatt( 1051): onClientConnectionState() - status=0 clientIf=6 device=C9:B5:96:5C:E3:ED
04-02 09:46:21.543 W/bt_btif ( 673): system/bt/main/bte_logmsg.cc:194 LogMsg: btif_hh_upstreams_evt: BTA_HH_OPN_EVT: handle=16, status =6
04-02 09:46:21.545 W/BluetoothHidHostService( 673): no state change: 0
04-02 09:46:21.548 I/dangbei111( 1051): cccccc on receiver=android.bluetooth.device.action.ACL_DISCONNECTED,mac=C9:B5:96:5C:E3:ED
04-02 09:46:21.667 I/bluetooth( 673): system/bt/stack/gatt/connection_manager.cc:185 on_connection_complete: Le connection completed to device:c9:b5:96:5c:e3:ed
04-02 09:46:21.667 I/bt_btm_ble( 673): system/bt/stack/btm/btm_ble.cc:1699 btm_ble_connected: Updating device record timestamp for existing ble connection
04-02 09:46:21.741 I/bt_stack( 673): [INFO:gatt_attr.cc(880)] gatt_sr_init_cl_status: bda=c9:b5:96:5c:e3:ed, cl_supp_feat=0000, aware=1
04-02 09:46:21.741 I/bluetooth( 673): system/bt/stack/gap/gap_ble.cc:298 client_connect_cback: No active GAP service found for peer:xx:xx:xx:xx:e3:ed callback:Connected
04-02 09:46:21.741 I/bt_bta_gattc( 673): system/bt/bta/gatt/bta_gattc_act.cc:1110 bta_gattc_conn_cback: Connected att_id:3 transport:le reason:GATT_CONN_OK
04-02 09:46:21.741 I/bt_bta_gattc( 673): system/bt/bta/gatt/bta_gattc_act.cc:1110 bta_gattc_conn_cback: Connected att_id:4 transport:le reason:GATT_CONN_OK
04-02 09:46:21.741 I/bt_bta_gattc( 673): system/bt/bta/gatt/bta_gattc_act.cc:1110 bta_gattc_conn_cback: Connected att_id:5 transport:le reason:GATT_CONN_OK
04-02 09:46:21.741 I/bt_bta_gattc( 673): system/bt/bta/gatt/bta_gattc_act.cc:1110 bta_gattc_conn_cback: Connected att_id:6 transport:le reason:GATT_CONN_OK
04-02 09:46:21.741 I/bluetooth( 673): system/bt/stack/gatt/connection_manager.cc:185 on_connection_complete: Le connection completed to device:c9:b5:96:5c:e3:ed
04-02 09:46:21.741 I/bt_stack( 673): [INFO:eatt_impl.h(634)] connect device c9:b5:96:5c:e3:ed rolecentral
04-02 09:46:21.741 I/bt_btif_dm( 673): system/bt/btif/src/btif_dm.cc:497 btif_update_remote_version_property: Remote version info valid:true [xx:xx:xx:xx:e3:ed]: 8, 50e, 8
04-02 09:46:21.757 W/bt_btm ( 673): system/bt/main/bte_logmsg.cc:194 LogMsg: Security Manager: BTM_SetEncryption busy, enqueue request
04-02 09:46:21.758 D/BluetoothGatt( 1051): onClientConnectionState() - status=0 clientIf=6 device=C9:B5:96:5C:E3:ED
04-02 09:46:21.758 D/BluetoothGatt( 1051): discoverServices() - device: C9:B5:96:5C:E3:ED
04-02 09:46:21.759 E/BluetoothPhonePolicy( 673): Received unexpected intent, action=android.bluetooth.device.action.ACL_CONNECTED
04-02 09:46:21.760 I/BluetoothPhonePolicy( 673): processDeviceConnected, device=C9:B5:96:5C:E3:ED
04-02 09:46:21.760 D/BluetoothDatabase( 673): setConnection: device=C9:B5:96:5C:E3:ED and isA2dpDevice=false
04-02 09:46:21.760 D/BluetoothDatabase( 673): Updating last connected time for device: C9:B5:96:5C:E3:ED to 6
04-02 09:46:21.760 D/BluetoothDatabase( 673): updateDatabase C9:B5:96:5C:E3:ED
04-02 09:46:21.766 I/dangbei111( 1051): cccccc on receiver=android.bluetooth.device.action.ACL_CONNECTED,mac=C9:B5:96:5C:E3:ED
04-02 09:46:21.767 I/dangbei111( 1051): cccccc 收到 ACTION_ACL_CONNECTED 的广播
04-02 09:46:21.767 E/dangbei111( 1051): 5s后准备进行遥控器ota信息检测
04-02 09:46:21.769 I/bt_bta_gattc( 673): system/bt/bta/gatt/bta_gattc_cache.cc:902 bta_gattc_get_gatt_db: bta_gattc_get_gatt_db
04-02 09:46:21.773 D/BluetoothGatt( 1051): onSearchComplete() = Device=C9:B5:96:5C:E3:ED Status=0
