03-31 16:35:55.530 D/vold_prepare_subdirs( 1011): Setting up mode 771 uid 0 gid 1000 context u:object_r:apex_module_data_file:s0 on path: /data/misc_ce/0/apexdata/com.android.ipsec
03-31 16:35:55.530 W/Gralloc3( 680): allocator 3.x is not supported
03-31 16:35:55.531 D/vold_prepare_subdirs( 1011): Setting up mode 771 uid 0 gid 1000 context u:object_r:apex_module_data_file:s0 on path: /data/misc_ce/0/apexdata/com.android.i18n
03-31 16:35:55.532 D/vold_prepare_subdirs( 1011): Setting up mode 771 uid 0 gid 1000 context u:object_r:apex_module_data_file:s0 on path: /data/misc_ce/0/apexdata/com.android.extservices
03-31 16:35:55.534 D/vold_prepare_subdirs( 1011): Setting up mode 771 uid 0 gid 1000 context u:object_r:apex_module_data_file:s0 on path: /data/misc_ce/0/apexdata/com.android.conscrypt
03-31 16:35:55.536 D/vold_prepare_subdirs( 1011): Setting up mode 771 uid 0 gid 1000 context u:object_r:apex_module_data_file:s0 on path: /data/misc_ce/0/apexdata/com.android.art
03-31 16:35:55.537 D/vold_prepare_subdirs( 1011): Setting up mode 771 uid 0 gid 1000 context u:object_r:apex_appsearch_data_file:s0 on path: /data/misc_ce/0/apexdata/com.android.appsearch
03-31 16:35:55.537 I/gralloc ( 257): alloc buffer:W:1920 H:1080 S:1920 PL[1920 1080] SZ:8294400 fmt:43 if:0 af:43 usg:20000b00 fg:00000004
03-31 16:35:55.538 D/vold_prepare_subdirs( 1011): Setting up mode 771 uid 0 gid 1000 context u:object_r:apex_module_data_file:s0 on path: /data/misc_ce/0/apexdata/com.android.adbd
03-31 16:35:55.538 E/ion ( 680): ioctl c0044901 failed with code -1: Inappropriate ioctl for device
03-31 16:35:55.539 D/vold_prepare_subdirs( 1011): Setting up mode 700 uid 1000 gid 1000 context u:object_r:backup_data_file:s0 on path: /data/system_ce/0/backup
03-31 16:35:55.540 D/vold_prepare_subdirs( 1011): Setting up mode 700 uid 1000 gid 1000 context u:object_r:backup_data_file:s0 on path: /data/system_ce/0/backup_stage
03-31 16:35:55.541 D/vold_prepare_subdirs( 1011): Setting up mode 700 uid 1000 gid 1000 context u:object_r:face_vendor_data_file:s0 on path: /data/vendor_ce/0/facedata
03-31 16:35:55.549 V/UserDataPreparer( 479): Found /data/user/0 with serial number 0
03-31 16:35:55.549 V/UserDataPreparer( 479): Found /data/system_ce/0 with serial number 0
03-31 16:35:55.551 D/UserDataPreparer( 479): Setting property: sys.user.0.ce_available=true
03-31 16:35:55.552 V/PackageManager( 479): reconcileAppsData for null u0 0x2 migrateAppData=false
03-31 16:35:55.555 I/gralloc ( 257): alloc buffer:W:1920 H:1080 S:1920 PL[1920 1080] SZ:8294400 fmt:43 if:0 af:43 usg:20000b00 fg:00000004
03-31 16:35:55.564 W/sunxihwc( 258): computeLayerMemoryFootprint: Unknown pixelformat(-1)
03-31 16:35:55.663 I/update_engine( 391): [INFO:cleanup_previous_update_action.cc(112)] Executing task 6
03-31 16:35:55.672 I/update_engine( 391): [INFO:cleanup_previous_update_action.cc(189)] Boot completed, waiting on markBootSuccessful()
03-31 16:35:55.675 I/update_engine( 391): EnsureMetadataMounted does nothing in Android mode.
03-31 16:35:55.677 I/update_engine( 391): Read merge statistics file failed: No such file or directory
03-31 16:35:55.684 I/update_engine( 391): [INFO:cleanup_previous_update_action.cc(261)] Waiting for any previous merge request to complete. This can take up to several minutes.
03-31 16:35:55.686 E/update_engine( 391): Read state file failed: No such file or directory
03-31 16:35:55.687 E/update_engine( 391): Read state file failed: No such file or directory
03-31 16:35:55.689 I/update_engine( 391): CheckMergeState for snapshots returned: 0
03-31 16:35:55.690 I/update_engine( 391): ProcessUpdateState handling state: 0
03-31 16:35:55.691 I/update_engine( 391): [INFO:cleanup_previous_update_action.cc(287)] Can't find any snapshot to merge.
03-31 16:35:55.692 E/update_engine( 391): Read state file failed: No such file or directory
03-31 16:35:55.693 I/update_engine( 391): [INFO:cleanup_previous_update_action.cc(130)] Stopping/suspending/completing CleanupPreviousUpdateAction
03-31 16:35:55.695 I/update_engine( 391): [INFO:cleanup_previous_update_action.cc(469)] Not reporting merge stats because state is None
03-31 16:35:55.699 I/update_engine( 391): [INFO:cleanup_previous_update_action.cc(130)] Stopping/suspending/completing CleanupPreviousUpdateAction
03-31 16:35:55.700 I/update_engine( 391): [INFO:action_processor.cc(116)] ActionProcessor: finished last action CleanupPreviousUpdateAction with code ErrorCode::kSuccess
03-31 16:35:55.701 I/update_engine( 391): [INFO:update_attempter_android.cc(549)] Processing Done.
03-31 16:35:55.702 I/update_engine( 391): [INFO:update_attempter_android.cc(701)] Terminating cleanup previous update.
03-31 16:35:55.760 W/HdmiCecController( 479): Failed to send 45:7D with errorCode=1
03-31 16:35:55.756 I/EventThread( 263): type=1400 audit(0.0:369): avc: denied { search } for name="extcon" dev="sysfs" ino=18102 scontext=u:r:hal_tv_cec_default:s0 tcontext=u:object_r:sysfs_extcon:s0 tclass=dir permissive=1
01-01 08:00:25.720 I/init (164)( 164): drop_caches: 3
03-31 16:35:55.899 D/XiriService( 307): check file name: /data/data/com.android.cts.priv.ctsshim/lib
03-31 16:35:55.901 D/XiriService( 307): check file name: /data/data/com.android.cts.priv.ctsshim/lib
03-31 16:35:55.905 D/XiriService( 307): check file name: /data/data/com.android.dynsystem/lib
03-31 16:35:55.906 D/XiriService( 307): check file name: /data/data/com.android.dynsystem/lib
03-31 16:35:55.907 D/XiriService( 307): check file name: /data/data/com.dangbei.lerad.rocky/lib
03-31 16:35:55.909 D/XiriService( 307): check file name: /data/data/com.dangbei.lerad.rocky/lib
03-31 16:35:55.909 D/XiriService( 307): check file name: /data/data/com.android.tv.settings/lib
03-31 16:35:55.909 D/XiriService( 307): check file name: /data/data/com.android.tv.settings/lib
03-31 16:35:55.910 D/XiriService( 307): check file name: /data/data/com.android.tv.settings/lib
03-31 16:35:55.910 D/XiriService( 307): check file name: /data/data/com.oranth.factory/lib
03-31 16:35:55.911 D/XiriService( 307): check file name: /data/data/com.oranth.factory/lib
03-31 16:35:55.912 D/XiriService( 307): check file name: /data/data/com.dangbei.zhushou.os/lib
03-31 16:35:55.912 D/XiriService( 307): check file name: /data/data/com.dangbei.zhushou.os/lib
03-31 16:35:55.913 D/XiriService( 307): check file name: /data/data/com.sohu.inputmethod.sogou.tv/lib
03-31 16:35:55.914 D/XM_HIDREAD( 317): add@ add@/kernel/slab/:0000008
03-31 16:35:55.914 D/XiriService( 307): check file name: /data/data/com.sohu.inputmethod.sogou.tv/lib
03-31 16:35:55.884 I/init ( 164): type=1400 audit(0.0:370): avc: denied { write } for name="dirty_expire_centisecs" dev="proc" ino=14017 scontext=u:r:vendor_init:s0 tcontext=u:object_r:proc_dirty:s0 tclass=file permissive=1
03-31 16:35:55.916 D/XiriService( 307): check file name: /data/data/com.oranth.ledstatus/lib
03-31 16:35:55.918 D/XiriService( 307): check file name: /data/data/com.oranth.ledstatus/lib
03-31 16:35:55.920 D/XiriService( 307): check file name: /data/data/com.dangbei.lerad.videoposter/lib
01-01 08:00:25.747 I/zram0 ( 1): detected capacity change from 0 to 1541578752
03-31 16:35:55.921 D/XiriService( 307): check file name: /data/data/com.dangbei.lerad.videoposter/lib
03-31 16:35:55.922 D/XiriService( 307): check file name: /data/data/com.android.networkstack/lib
03-31 16:35:55.923 D/XiriService( 307): check file name: /data/data/com.android.networkstack/lib
03-31 16:35:55.924 D/XiriService( 307): check file name: /data/data/com.android.networkstack/lib
03-31 16:35:55.925 D/XiriService( 307): check file name: /data/data/android/lib
03-31 16:35:55.927 D/XiriService( 307): check file name: /data/data/android/lib
03-31 16:35:55.927 D/XiriService( 307): check file name: /data/data/com.dangbei.screencast/lib
03-31 16:35:55.928 D/XiriService( 307): check file name: /data/data/com.dangbei.screencast/lib
03-31 16:35:55.930 D/XiriService( 307): check file name: /data/data/com.dangbei.leard.leradlauncher/lib
03-31 16:35:55.931 D/XiriService( 307): check file name: /data/data/com.dangbei.leard.leradlauncher/lib
03-31 16:35:55.932 D/XiriService( 307): check file name: /data/data/com.android.providers.settings/lib
03-31 16:35:55.933 D/XiriService( 307): check file name: /data/data/com.android.providers.settings/lib
03-31 16:35:55.938 D/XiriService( 307): check file name: /data/data/com.android.printspooler/lib
03-31 16:35:55.940 D/XiriService( 307): check file name: /data/data/com.android.webview/lib
03-31 16:35:55.940 D/XiriService( 307): check file name: /data/data/com.android.inputdevices/lib
03-31 16:35:55.941 D/XiriService( 307): check file name: /data/data/com.android.bips/lib
03-31 16:35:55.944 D/XiriService( 307): check file name: /data/data/com.android.bips/lib
03-31 16:35:55.944 D/XiriService( 307): check file name: /data/data/com.oranth.inputmacsn/lib
03-31 16:35:55.945 D/XiriService( 307): check file name: /data/data/com.android.keychain/lib
03-31 16:35:55.945 D/XiriService( 307): check file name: /data/data/com.android.keychain/lib
03-31 16:35:55.945 D/XiriService( 307): check file name: /data/data/android.ext.services/lib
03-31 16:35:55.946 D/XiriService( 307): check file name: /data/data/android.ext.services/lib
03-31 16:35:55.884 I/xiriservice_All( 307): type=1400 audit(0.0:371): avc: denied { search } for name="com.android.cts.priv.ctsshim" dev="mmcblk0p25" ino=590 scontext=u:r:init:s0 tcontext=u:object_r:privapp_data_file:s0:c512,c768 tclass=dir permissive=1
03-31 16:35:55.947 D/XiriService( 307): check file name: /data/data/com.android.localtransport/lib
03-31 16:35:55.949 D/XiriService( 307): check file name: /data/data/com.android.localtransport/lib
03-31 16:35:55.951 D/XiriService( 307): check file name: /data/data/com.android.packageinstaller/lib
03-31 16:35:55.952 D/XiriService( 307): check file name: /data/data/com.android.packageinstaller/lib
03-31 16:35:55.954 D/XiriService( 307): check file name: /data/data/com.oranth.usbopenft/lib
03-31 16:35:55.955 D/XiriService( 307): check file name: /data/data/com.oranth.usbopenft/lib
03-31 16:35:55.956 D/XiriService( 307): check file name: /data/data/com.android.networkstack.tethering/lib
03-31 16:35:55.957 D/XiriService( 307): check file name: /data/data/com.android.networkstack.tethering/lib
03-31 16:35:55.958 D/XiriService( 307): check file name: /data/data/com.dangbei.lerad.etna.haqu/lib
03-31 16:35:55.959 D/XiriService( 307): check file name: /data/data/com.dangbei.lerad.etna.haqu/lib
03-31 16:35:55.960 D/XiriService( 307): check file name: /data/data/com.oranth.powerwindow/lib
03-31 16:35:55.961 D/XiriService( 307): check file name: /data/data/com.oranth.powerwindow/lib
03-31 16:35:55.962 D/XiriService( 307): check file name: /data/data/com.android.networkstack.permissionconfig/lib
03-31 16:35:55.963 D/XiriService( 307): check file name: /data/data/com.android.networkstack.permissionconfig/lib
03-31 16:35:55.965 D/XiriService( 307): check file name: /data/data/com.dangbei.lerad.screensaver/lib
03-31 16:35:55.966 D/XiriService( 307): check file name: /data/data/com.dangbei.lerad.screensaver/lib
03-31 16:35:55.968 D/XiriService( 307): check file name: /data/data/com.android.wallpaperbackup/lib
03-31 16:35:55.968 D/XiriService( 307): check file name: /data/data/com.android.wallpaperbackup/lib
03-31 16:35:55.970 D/XiriService( 307): check file name: /data/data/com.android.providers.media.module/lib
03-31 16:35:55.971 D/XiriService( 307): check file name: /data/data/com.android.providers.media.module/lib
03-31 16:35:55.972 D/XiriService( 307): check file name: /data/data/com.oranth.storage/lib
03-31 16:35:55.884 I/xiriservice_All( 307): type=1400 audit(0.0:372): avc: denied { read } for name="lib" dev="mmcblk0p25" ino=3669 scontext=u:r:init:s0 tcontext=u:object_r:privapp_data_file:s0:c512,c768 tclass=lnk_file permissive=1
03-31 16:35:55.974 D/XiriService( 307): check file name: /data/data/com.oranth.storage/lib
03-31 16:35:55.974 D/XiriService( 307): check file name: /data/data/com.android.location.fused/lib
03-31 16:35:55.975 D/XiriService( 307): check file name: /data/data/com.android.location.fused/lib
03-31 16:35:55.976 D/XiriService( 307): check file name: /data/data/com.dangbei.haqusetting/lib
03-31 16:35:55.977 D/XiriService( 307): check file name: /data/data/com.dangbei.haqusetting/lib
01-01 08:00:25.817 I/mkswap ( 1): Swapspace size: 1505444k, UUID=da1075cf-1d8d-477d-be14-11ff3a55c5fe
03-31 16:35:55.884 I/xiriservice_All( 307): type=1400 audit(0.0:373): avc: denied { read } for name="lib" dev="mmcblk0p25" ino=3795 scontext=u:r:init:s0 tcontext=u:object_r:privapp_data_file:s0:c512,c768 tclass=lnk_file permissive=1
03-31 16:35:55.884 I/xiriservice_All( 307): type=1400 audit(0.0:374): avc: denied { search } for name="com.android.dynsystem" dev="mmcblk0p25" ino=598 scontext=u:r:init:s0 tcontext=u:object_r:system_app_data_file:s0 tclass=dir permissive=1
03-31 16:35:55.884 I/xiriservice_All( 307): type=1400 audit(0.0:375): avc: denied { read } for name="lib" dev="mmcblk0p25" ino=3671 scontext=u:r:init:s0 tcontext=u:object_r:system_app_data_file:s0 tclass=lnk_file permissive=1
03-31 16:35:55.998 D/XiriService( 307): check file name: /data/data/com.softwinner.miracastReceiver/lib
03-31 16:35:55.912 I/xiriservice_All( 307): type=1400 audit(0.0:376): avc: denied { search } for name="com.sohu.inputmethod.sogou.tv" dev="mmcblk0p25" ino=1429 scontext=u:r:init:s0 tcontext=u:object_r:app_data_file:s0:c47,c256,c512,c768 tclass=dir permissive=1
03-31 16:35:55.912 I/xiriservice_All( 307): type=1400 audit(0.0:377): avc: denied { read } for name="lib" dev="mmcblk0p25" ino=3681 scontext=u:r:init:s0 tcontext=u:object_r:app_data_file:s0:c47,c256,c512,c768 tclass=lnk_file permissive=1
03-31 16:35:55.916 I/xiriservice_All( 307): type=1400 audit(0.0:378): avc: denied { search } for name="com.dangbei.lerad.videoposter" dev="mmcblk0p25" ino=766 scontext=u:r:init:s0 tcontext=u:object_r:app_data_file:s0:c512,c768 tclass=dir permissive=1
03-31 16:35:55.916 I/xiriservice_All( 307): type=1400 audit(0.0:379): avc: denied { read } for name="lib" dev="mmcblk0p25" ino=3685 scontext=u:r:init:s0 tcontext=u:object_r:app_data_file:s0:c512,c768 tclass=lnk_file permissive=1
03-31 16:35:55.916 I/xiriservice_All( 307): type=1400 audit(0.0:380): avc: denied { read } for name="lib" dev="mmcblk0p25" ino=3687 scontext=u:r:init:s0 tcontext=u:object_r:radio_data_file:s0 tclass=lnk_file permissive=1
03-31 16:35:55.932 I/xiriservice_All( 307): type=1400 audit(0.0:381): avc: denied { search } for name="com.android.printspooler" dev="mmcblk0p25" ino=952 scontext=u:r:init:s0 tcontext=u:object_r:app_data_file:s0:c52,c256,c512,c768 tclass=dir permissive=1
03-31 16:35:55.932 I/xiriservice_All( 307): type=1400 audit(0.0:382): avc: denied { read } for name="lib" dev="mmcblk0p25" ino=3809 scontext=u:r:init:s0 tcontext=u:object_r:app_data_file:s0:c52,c256,c512,c768 tclass=lnk_file permissive=1
03-31 16:35:55.936 I/xiriservice_All( 307): type=1400 audit(0.0:383): avc: denied { search } for name="com.android.webview" dev="mmcblk0p25" ino=969 scontext=u:r:init:s0 tcontext=u:object_r:app_data_file:s0:c60,c256,c512,c768 tclass=dir permissive=1
03-31 16:35:55.999 D/XiriService( 307): check file name: /data/data/com.softwinner.miracastReceiver/lib
03-31 16:35:55.936 I/xiriservice_All( 307): type=1400 audit(0.0:384): avc: denied { read } for name="lib" dev="mmcblk0p25" ino=3810 scontext=u:r:init:s0 tcontext=u:object_r:app_data_file:s0:c60,c256,c512,c768 tclass=lnk_file permissive=1
03-31 16:35:55.960 I/xiriservice_All( 307): type=1400 audit(0.0:385): avc: denied { search } for name="com.dangbei.lerad.screensaver" dev="mmcblk0p25" ino=1208 scontext=u:r:init:s0 tcontext=u:object_r:app_data_file:s0:c50,c256,c512,c768 tclass=dir permissive=1
03-31 16:35:55.960 I/xiriservice_All( 307): type=1400 audit(0.0:386): avc: denied { read } for name="lib" dev="mmcblk0p25" ino=3720 scontext=u:r:init:s0 tcontext=u:object_r:app_data_file:s0:c50,c256,c512,c768 tclass=lnk_file permissive=1
03-31 16:35:55.964 I/xiriservice_All( 307): type=1400 audit(0.0:387): avc: denied { search } for name="com.android.providers.media.module" dev="mmcblk0p25" ino=1280 scontext=u:r:init:s0 tcontext=u:object_r:privapp_data_file:s0:c74,c256,c512,c768 tclass=dir permissive=1
03-31 16:35:55.964 I/xiriservice_All( 307): type=1400 audit(0.0:388): avc: denied { read } for name="lib" dev="mmcblk0p25" ino=3724 scontext=u:r:init:s0 tcontext=u:object_r:privapp_data_file:s0:c74,c256,c512,c768 tclass=lnk_file permissive=1
03-31 16:35:56.000 D/XiriService( 307): check file name: /data/data/com.android.bluetooth/lib
03-31 16:35:55.996 I/xiriservice_All( 307): type=1400 audit(0.0:389): avc: denied { read } for name="lib" dev="mmcblk0p25" ino=3732 scontext=u:r:init:s0 tcontext=u:object_r:bluetooth_data_file:s0 tclass=lnk_file permissive=1
03-31 16:35:56.001 V/PackageManager( 479): reconcileAppsData finished 112 packages
03-31 16:35:56.002 D/XiriService( 307): check file name: /data/data/com.android.bluetooth/lib
03-31 16:35:56.002 I/ActivityManager( 479): User 0 state changed from RUNNING_LOCKED to RUNNING_UNLOCKING
03-31 16:35:56.003 D/ActivityManager( 479): Unlocking user 0 progress 20
03-31 16:35:56.004 W/system_server( 479): Long monitor contention with owner android.display (529) at void com.android.server.am.ActivityManagerService.finishBooting()(ActivityManagerService.java:4816) waiters=0 in void com.android.server.am.BroadcastQueue.processNextBroadcast(boolean) for 596ms
03-31 16:35:56.012 I/SystemServerTimingAsync( 479): ssm.UnlockingUser-0
03-31 16:35:56.012 I/SystemServiceManager( 479): Calling onUnlockingUser 0
03-31 16:35:56.018 D/BluetoothManagerService( 479): User 0 unlocked
03-31 16:35:56.019 D/StorageManagerService( 479): onUnlockUser 0
03-31 16:35:56.019 I/StorageSessionController( 479): On user unlock 0
03-31 16:35:56.019 I/StorageSessionController( 479): Initialialising...
03-31 16:35:56.020 I/vold ( 187): onUserStarted: 0
03-31 16:35:56.022 D/SystemUIService( 680): Starting Wifi now
03-31 16:35:56.023 D/BluetoothManagerService( 479): MESSAGE_USER_UNLOCKED
03-31 16:35:56.023 D/ActivityManagerTiming( 479): FinishBooting took to complete: 872ms
03-31 16:35:56.024 D/AW_CODE ( 479): rotation =0
03-31 16:35:56.020 I/ndroid.systemui( 680): type=1400 audit(0.0:390): avc: denied { search } for name="com.android.systemui" dev="mmcblk0p25" ino=507 scontext=u:r:platform_app:s0:c512,c768 tcontext=u:object_r:app_data_file:s0:c512,c768 tclass=dir permissive=1 app=com.softwinner.screenshot
03-31 16:35:56.025 E/WifiHAL ( 667): wifi_get_link_stats: requestResponse Error:-5
03-31 16:35:56.027 W/TextServicesManagerService( 479): no available spell checker services found
03-31 16:35:56.031 E/WifiVendorHal( 479): getWifiLinkLayerStats_1_5_Internal(l.1191) failed {.code = ERROR_INVALID_ARGS, .description = }
03-31 16:35:56.028 I/SharedPreferenc( 680): type=1400 audit(0.0:391): avc: denied { open } for path="/data/user_de/0/com.android.systemui/shared_prefs/com.android.systemui.xml" dev="mmcblk0p25" ino=2195 scontext=u:r:platform_app:s0:c512,c768 tcontext=u:object_r:app_data_file:s0:c512,c768 tclass=file permissive=1 app=com.softwinner.screenshot
03-31 16:35:56.034 D/WifiService( 479): Handle user unlock 0
03-31 16:35:56.039 I/WallpaperManagerService( 479): on-unlock-user-0
03-31 16:35:56.039 D/WallpaperManagerService( 479): on-unlock-user-0 took to complete: 0ms
03-31 16:35:56.044 D/AW_CODE ( 479): rotation =0
03-31 16:35:56.045 W/BatteryExternalStatsWorker( 479): error reading modem stats:ERROR_PHONE_NOT_AVAILABLE
03-31 16:35:56.046 V/StorageManagerService( 479): Found primary storage at VolumeInfo{emulated;0}:
03-31 16:35:56.046 V/StorageManagerService( 479): type=EMULATED diskId=null partGuid= mountFlags=0 mountUserId=0
03-31 16:35:56.046 V/StorageManagerService( 479): state=UNMOUNTED
03-31 16:35:56.046 V/StorageManagerService( 479): fsType=null fsUuid=null fsLabel=null
03-31 16:35:56.046 V/StorageManagerService( 479): path=null internalPath=null
03-31 16:35:56.047 I/StorageManagerService( 479): Mounting volume VolumeInfo{emulated;0}:
03-31 16:35:56.047 I/StorageManagerService( 479): type=EMULATED diskId=null partGuid= mountFlags=PRIMARY|VISIBLE
03-31 16:35:56.047 I/StorageManagerService( 479): mountUserId=0 state=UNMOUNTED
03-31 16:35:56.047 I/StorageManagerService( 479): fsType=null fsUuid=null fsLabel=null
03-31 16:35:56.047 I/StorageManagerService( 479): path=null internalPath=null
01-01 08:00:25.872 I/ ( 1): Adding 1505444k swap on /dev/block/zram0. Priority:-2 extents:1 across:1505444k SS
03-31 16:35:56.050 I/netd ( 243): interfaceGetCfg(wlan0) -> {InterfaceConfigurationParcel{ifName: wlan0, hwAddr: b4:2f:03:15:e4:ce, ipv4Addr: 0.0.0.0, prefixLength: 0, flags: [up, broadcast, multicast]}} <3.20ms>
03-31 16:35:56.050 I/vold ( 187): Mounting emulated fuse volume
03-31 16:35:56.053 W/Looper ( 479): Slow dispatch took 289ms main h=android.os.Handler c=com.android.server.hdmi.WorkSourceUidPreservingRunnable@38f012a m=0
03-31 16:35:56.055 I/netd ( 243): interfaceGetCfg(wlan0) -> {InterfaceConfigurationParcel{ifName: wlan0, hwAddr: b4:2f:03:15:e4:ce, ipv4Addr: 0.0.0.0, prefixLength: 0, flags: [up, broadcast, multicast]}} <0.47ms>
03-31 16:35:56.057 W/VoiceInteractionManager( 479): no available voice recognition services found for user 0
03-31 16:35:56.058 D/ColorDisplayService( 479): setUp: currentUser=0
03-31 16:35:56.060 I/HibernationStateDiskStore( 479): No hibernation file on disk for file /data/system_ce/0/hibernation/states
03-31 16:35:56.062 D/WifiService( 479): Handle boot completed
03-31 16:35:56.062 W/ContextImpl( 824): Calling a method in the system process without a qualified user: android.app.ContextImpl.startService:1816 android.content.ContextWrapper.startService:774 android.content.ContextWrapper.startService:774 com.android.tv.settings.users.UserSwitchListenerService$BootReceiver.onReceive:50 android.app.ActivityThread.handleReceiver:4308
03-31 16:35:56.063 I/BackupManagerService( 479): Starting service for user: 0
03-31 16:35:56.064 V/BackupManagerService( 479): [UserID:0] Starting with transport com.android.localtransport/.LocalTransport
03-31 16:35:56.065 D/AutofillManagerServiceImpl( 479): Reset component for user 0:
03-31 16:35:56.065 D/FieldClassificationStrategy( 479): reset(): service is not bound. Do nothing.
03-31 16:35:56.066 W/AppBindingService( 479): [Default SMS app] u0 Target package not found
03-31 16:35:56.067 D/AutofillUI( 479): destroySaveUiUiThread(): already destroyed
03-31 16:35:56.070 D/BackupManagerService( 479): [UserID:0] Started thread backup-0
03-31 16:35:56.072 D/SystemServerTimingAsync( 479): ssm.UnlockingUser-0 took to complete: 60ms
03-31 16:35:56.076 D/ColorDisplayService( 479): onNightDisplayAutoModeChanged: autoMode=0
03-31 16:35:56.078 I/ColorDisplayService( 479): Turning off night display
03-31 16:35:56.084 I/UsageStatsService( 479): User[0] Rollover scheduled @ 2026-04-01 16:35:56(1775032556034)
03-31 16:35:56.085 D/XM_HIDREAD( 317): add@ add@/devices/virtual/bdi/0:47
03-31 16:35:56.090 I/UsageStatsService( 479): Time changed in by 1774946130 seconds
03-31 16:35:56.076 I/init ( 1021): type=1400 audit(0.0:392): avc: denied { entrypoint } for path="/system/bin/appsdisable" dev="dm-0" ino=892 scontext=u:r:shell:s0 tcontext=u:object_r:system_file:s0 tclass=file permissive=1
03-31 16:35:56.080 I/xiriservice_All( 324): type=1400 audit(0.0:393): avc: denied { read } for scontext=u:r:init:s0 tcontext=u:r:init:s0 tclass=netlink_kobject_uevent_socket permissive=1
03-31 16:35:56.094 I/vold ( 187): Bind mounting /data/media to /mnt/pass_through/0/emulated
03-31 16:35:56.095 I/WifiScoreCard( 479): Installing MemoryStore
03-31 16:35:56.095 I/WifiHealthMonitor( 479): Installing MemoryStore
03-31 16:35:56.099 D/ColorDisplayService( 479): Setting bright color reduction level: 50
03-31 16:35:56.100 I/ActivityTaskManager( 479): Loading recents for user 0 into memory.
03-31 16:35:56.107 I/StorageSessionController( 479): On volume mount VolumeInfo{emulated;0}:
03-31 16:35:56.107 I/StorageSessionController( 479): type=EMULATED diskId=null partGuid= mountFlags=PRIMARY|VISIBLE
03-31 16:35:56.107 I/StorageSessionController( 479): mountUserId=0 state=CHECKING
03-31 16:35:56.107 I/StorageSessionController( 479): fsType=null fsUuid=null fsLabel=null
03-31 16:35:56.107 I/StorageSessionController( 479): path=/storage/emulated internalPath=/data/media
03-31 16:35:56.108 V/PackageConfigPersister( 479): loadPackages: empty list files from /data/system_ce/0/package_configs
03-31 16:35:56.109 I/UsageStatsService( 479): User[0] Flushing usage stats to disk
03-31 16:35:56.113 W/ActivityManager( 479): UserLifecycleEvent 5 received without an active userJourneySession.
03-31 16:35:56.119 I/StorageSessionController( 479): Creating connection for user: 0
03-31 16:35:56.119 W/ActivityManager( 479): UserLifecycleEvent 6 received without an active userJourneySession.
03-31 16:35:56.119 I/ActivityManager( 479): User 0 state changed from RUNNING_UNLOCKING to RUNNING_UNLOCKED
03-31 16:35:56.119 I/StorageSessionController( 479): Creating and starting session with id: emulated;0
03-31 16:35:56.121 I/StorageUserConnection( 479): Binding to the ExternalStorageService for user 0
03-31 16:35:56.140 D/CompatibilityChangeReporter( 479): Compat change id reported: 135634846; UID 10074; state: DISABLED
03-31 16:35:56.144 D/CompatibilityChangeReporter( 479): Compat change id reported: 143937733; UID 10074; state: ENABLED
03-31 16:35:56.161 D/SystemServerTiming( 479): SystemUserUnlock took to complete: 748ms
03-31 16:35:56.164 I/StorageUserConnection( 479): Bound to the ExternalStorageService for user 0
03-31 16:35:56.176 I/rainbow_flow( 325): type=1400 audit(0.0:394): avc: denied { ioctl } for path="/dev/spidev1.0" dev="tmpfs" ino=3270 ioctlcmd=0x6b00 scontext=u:r:init:s0 tcontext=u:object_r:device:s0 tclass=chr_file permissive=1
03-31 16:35:56.188 I/SELinux ( 479): SELinux: Loaded file_contexts
03-31 16:35:56.202 D/Zygote ( 244): Forked child process 1033
03-31 16:35:56.205 W/ActivityManager( 479): Slow operation: 66ms so far, now at startProcess: returned from zygote!
03-31 16:35:56.210 I/bootstat( 1023): Service started: /system/bin/bootstat --record_boot_complete --record_boot_reason --record_time_since_factory_reset -l
03-31 16:35:56.217 I/ActivityManager( 479): com.dangbei.lerad.etna.haqu is exempt from freezer
03-31 16:35:56.223 E/bootstat( 1023): Failed to read /data/misc/bootstat/post_decrypt_time_elapsed: No such file or directory
03-31 16:35:56.223 E/bootstat( 1023): Failed to parse boot time record: /data/misc/bootstat/post_decrypt_time_elapsed
03-31 16:35:56.227 I/Zygote ( 1033): seccomp disabled by setenforce 0
03-31 16:35:56.241 E/BackupPasswordManager( 479): Unable to read backup pw version
03-31 16:35:56.244 E/BackupPasswordManager( 479): Unable to read saved backup pw hash
03-31 16:35:56.249 W/InputMethodUtils( 479): Found no fallback locale. imis=[InputMethodInfo{com.sohu.inputmethod.sogou.tv/.SogouIME, settings: com.sohu.inputmethod.sogou.SogouIMESettingsLauncher}]
03-31 16:35:56.249 W/bootstat( 1023): LogBootEvents, atomInfo not defined for events:last_boot_time_utc,build_date,ro.boottime.init.cold_boot_wait,boot_reason,system_boot_reason,time_since_last_boot
03-31 16:35:56.251 D/CompatibilityChangeReporter( 479): Compat change id reported: 135634846; UID 1000; state: DISABLED
03-31 16:35:56.253 W/ActivityManager( 479): Slow operation: 115ms so far, now at startProcess: done updating battery stats
03-31 16:35:56.254 I/Watchdog( 479): Interesting Java process com.android.providers.media.module started. Pid 1033
03-31 16:35:56.254 W/ActivityManager( 479): Slow operation: 115ms so far, now at startProcess: building log message
03-31 16:35:56.254 I/ActivityManager( 479): app.processName = com.android.providers.media.module
03-31 16:35:56.254 I/ActivityManager( 479): Start proc 1033:com.android.providers.media.module/u0a74 for service {com.android.providers.media.module/com.android.providers.media.fuse.ExternalStorageServiceImpl}
03-31 16:35:56.254 W/ActivityManager( 479): Slow operation: 115ms so far, now at startProcess: starting to update pids map
03-31 16:35:56.254 W/ActivityManager( 479): Slow operation: 115ms so far, now at startProcess: done updating pids map
03-31 16:35:56.260 I/BLEAudioDrive_HV410( 249): select timeout!
03-31 16:35:56.265 W/InputMethodUtils( 479): No software keyboard is found. imis=[InputMethodInfo{com.sohu.inputmethod.sogou.tv/.SogouIME, settings: com.sohu.inputmethod.sogou.SogouIMESettingsLauncher}] systemLocale=zh_CN fallbackLocale=null
03-31 16:35:56.268 W/Looper ( 479): Slow dispatch took 208ms main h=android.os.Handler c=null m=5000
03-31 16:35:56.270 D/WifiNetworkFactory( 479): Registering NetworkFactory
03-31 16:35:56.273 D/ConnectivityService( 479): Got NetworkProvider Messenger for WifiNetworkFactory
03-31 16:35:56.273 D/Zygote ( 244): Forked child process 1051
03-31 16:35:56.274 D/UntrustedWifiNetworkFactory( 479): Registering NetworkFactory
03-31 16:35:56.274 D/ConnectivityService( 479): Got NetworkProvider Messenger for UntrustedWifiNetworkFactory
03-31 16:35:56.274 D/OemPaidWifiNetworkFactory( 479): Registering NetworkFactory
03-31 16:35:56.280 W/ActivityManager( 479): Slow operation: 75ms so far, now at startProcess: returned from zygote!
03-31 16:35:56.285 I/Zygote ( 1051): seccomp disabled by setenforce 0
03-31 16:35:56.286 W/Looper ( 479): Slow delivery took 244ms main h=com.android.server.notification.NotificationManagerService$WorkerHandler c=com.android.server.notification.NotificationManagerService$EnqueueNotificationRunnable@92f90cb m=0
03-31 16:35:56.287 D/ConnectivityService( 479): Got NetworkProvider Messenger for OemPaidWifiNetworkFactory
03-31 16:35:56.291 W/Searchables( 479): No global search activity found
03-31 16:35:56.297 I/adbd ( 397): jdwp connection from 1033
03-31 16:35:56.303 I/NotificationHistory( 479): Attempted to unlock gone/disabled user 0
03-31 16:35:56.305 I/system_server( 479): Using smaps_rollup for pss collection
03-31 16:35:56.308 I/rainbow_flow( 325): type=1400 audit(0.0:395): avc: denied { ioctl } for path="/dev/spidev1.0" dev="tmpfs" ino=3270 ioctlcmd=0x6b00 scontext=u:r:init:s0 tcontext=u:object_r:device:s0 tclass=chr_file permissive=1
03-31 16:35:56.319 W/ActivityManager( 479): Slow operation: 114ms so far, now at startProcess: done updating battery stats
03-31 16:35:56.319 W/ActivityManager( 479): Slow operation: 114ms so far, now at startProcess: building log message
03-31 16:35:56.319 I/ActivityManager( 479): app.processName = com.dangbei.lerad.etna.haqu
03-31 16:35:56.319 I/ActivityManager( 479): Start proc 1051:com.dangbei.lerad.etna.haqu/1000 for added application com.dangbei.lerad.etna.haqu
03-31 16:35:56.320 W/ActivityManager( 479): Slow operation: 115ms so far, now at startProcess: starting to update pids map
03-31 16:35:56.320 W/ActivityManager( 479): Slow operation: 116ms so far, now at startProcess: done updating pids map
03-31 16:35:56.322 I/adbd ( 397): jdwp connection from 1051
03-31 16:35:56.323 I/ActivityManager( 479): Posting BOOT_COMPLETED user #0
03-31 16:35:56.336 I/xiriservice_All( 324): type=1400 audit(0.0:396): avc: denied { read } for scontext=u:r:init:s0 tcontext=u:r:init:s0 tclass=netlink_kobject_uevent_socket permissive=1
03-31 16:35:56.340 D/XM_HIDREAD( 317): add@ add@/class/hci_reg
03-31 16:35:56.340 D/XM_HIDREAD( 317): add@ add@/module/sunxi_hci
03-31 16:35:56.343 I/AdbDebuggingManager( 479): Not connected to any wireless network. Not enabling adbwifi.
03-31 16:35:56.345 W/Looper ( 479): Slow dispatch took 962ms android.fg h=com.android.server.adb.AdbDebuggingManager$AdbDebuggingHandler c=null m=11
03-31 16:35:56.345 W/Looper ( 479): Slow delivery took 961ms android.fg h=com.android.server.adb.AdbDebuggingManager$AdbDebuggingHandler c=null m=26
03-31 16:35:56.347 V/BackupManagerConstants( 479): getKeyValueBackupIntervalMilliseconds(...) returns 14400000
03-31 16:35:56.347 V/BackupManagerConstants( 479): getKeyValueBackupFuzzMilliseconds(...) returns 600000
03-31 16:35:56.347 V/BackupManagerConstants( 479): getKeyValueBackupRequiredNetworkType(...) returns 1
03-31 16:35:56.347 V/BackupManagerConstants( 479): getKeyValueBackupRequireCharging(...) returns true
03-31 16:35:56.348 V/KeyValueBackupJob( 479): Scheduling k/v pass in 241 minutes
03-31 16:35:56.354 I/AppWidgetServiceImpl( 479): Processing of handleUserUnlocked u0 took 3 ms
03-31 16:35:56.356 D/ConnectivityService( 479): requestNetwork for uid/pid:1000/479 activeRequest: null callbackRequest: 22 [NetworkRequest [ REQUEST id=23, [ Capabilities: INTERNET&NOT_RESTRICTED&TRUSTED&NOT_VCN_MANAGED Uid: 1000 RequestorUid: 1000 RequestorPkg: android] ]] callback flags: 0 priority: 2147483647
03-31 16:35:56.357 D/ConnectivityService( 479): NetReassign [no changes]
03-31 16:35:56.360 D/PPPOE ( 479): got request NetworkRequest [ REQUEST id=23, [ Capabilities: INTERNET&NOT_RESTRICTED&TRUSTED&NOT_VCN_MANAGED Uid: 1000 RequestorUid: 1000 RequestorPkg: android] ]
03-31 16:35:56.361 D/Ethernet( 479): got request NetworkRequest [ REQUEST id=23, [ Capabilities: INTERNET&NOT_RESTRICTED&TRUSTED&NOT_VCN_MANAGED Uid: 1000 RequestorUid: 1000 RequestorPkg: android] ]
03-31 16:35:56.361 D/EthernetNetworkFactory( 479): acceptRequest, request: NetworkRequest [ REQUEST id=23, [ Capabilities: INTERNET&NOT_RESTRICTED&TRUSTED&NOT_VCN_MANAGED Uid: 1000 RequestorUid: 1000 RequestorPkg: android] ]
03-31 16:35:56.361 I/EthernetNetworkFactory( 479): networkForRequest, request: NetworkRequest [ REQUEST id=23, [ Capabilities: INTERNET&NOT_RESTRICTED&TRUSTED&NOT_VCN_MANAGED Uid: 1000 RequestorUid: 1000 RequestorPkg: android] ], network: null
03-31 16:35:56.360 I/runin.sh( 1032): type=1400 audit(0.0:397): avc: denied { dac_read_search } for capability=2 scontext=u:r:shell:s0 tcontext=u:r:shell:s0 tclass=capability permissive=1
03-31 16:35:56.371 V/BackupManagerService( 479): [UserID:0] No ancestral data
03-31 16:35:56.374 D/AdbService( 479): setAdbEnabled(true), mIsAdbUsbEnabled=true, mIsAdbWifiEnabled=true, transportType=1
03-31 16:35:56.374 D/AW_CODE ( 479): rotation =0
03-31 16:35:56.374 W/Looper ( 479): Drained
03-31 16:35:56.372 I/EventThread( 263): type=1400 audit(0.0:398): avc: denied { search } for name="extcon" dev="sysfs" ino=18102 scontext=u:r:hal_tv_cec_default:s0 tcontext=u:object_r:sysfs_extcon:s0 tclass=dir permissive=1
03-31 16:35:56.377 W/Looper ( 479): Drained
03-31 16:35:56.378 D/CompatibilityChangeReporter( 479): Compat change id reported: 135634846; UID 10031; state: DISABLED
03-31 16:35:56.378 D/AW_CODE ( 479): rotation =0
03-31 16:35:56.380 D/CompatibilityChangeReporter( 479): Compat change id reported: 177438394; UID 10031; state: DISABLED
03-31 16:35:56.382 D/CompatibilityChangeReporter( 479): Compat change id reported: 135772972; UID 10031; state: DISABLED
03-31 16:35:56.383 D/CompatibilityChangeReporter( 479): Compat change id reported: 135754954; UID 10031; state: ENABLED
03-31 16:35:56.385 D/CompatibilityChangeReporter( 479): Compat change id reported: 143937733; UID 10031; state: ENABLED
03-31 16:35:56.392 E/system_server( 479): No package ID 7f found for ID 0x7f070090.
03-31 16:35:56.392 E/system_server( 479): No package ID 7f found for ID 0x7f10009b.
03-31 16:35:56.405 D/CompatibilityChangeReporter( 479): Compat change id reported: 168419799; UID 10074; state: DISABLED
01-01 08:00:26.240 W/sunxi-ehci( 164): EHCI SUNXI driver
01-01 08:00:26.259 W/ ( 164): sunxi ehci0-controller don't init wakeup source
03-31 16:35:56.411 D/Zygote ( 244): Forked child process 1068
03-31 16:35:56.426 W/ActivityManager( 479): Slow operation: 53ms so far, now at startProcess: returned from zygote!
03-31 16:35:56.441 D/CompatibilityChangeReporter( 479): Compat change id reported: 168419799; UID 1000; state: DISABLED
03-31 16:35:56.442 D/CompatibilityChangeReporter( 1033): Compat change id reported: 171979766; UID 10074; state: DISABLED
03-31 16:35:56.445 W/ActivityManager( 479): Slow operation: 73ms so far, now at startProcess: done updating battery stats
03-31 16:35:56.446 W/ActivityManager( 479): Slow operation: 73ms so far, now at startProcess: building log message
03-31 16:35:56.446 I/ActivityManager( 479): app.processName = com.android.traceur
03-31 16:35:56.446 I/ActivityManager( 479): Start proc 1068:com.android.traceur/u0a31 for broadcast {com.android.traceur/com.android.traceur.Receiver}
01-01 08:00:26.269 W/[sunxi-ehci0]( 164): probe, pdev->name: 5101000.ehci0-controller, sunxi_ehci: 0xffffffc008f81018, 0x:ffffffc015445000, irq_no:32
03-31 16:35:56.446 W/ActivityManager( 479): Slow operation: 73ms so far, now at startProcess: starting to update pids map
03-31 16:35:56.446 W/ActivityManager( 479): Slow operation: 74ms so far, now at startProcess: done updating pids map
03-31 16:35:56.452 D/XM_HIDREAD( 317): add@ add@/devices/virtual/devlink/regulator.8--5101000.ehci0-controller
01-01 08:00:26.294 I/sunxi-ehci 5101000.ehci0-controller( 164): EHCI Host Controller
03-31 16:35:56.456 I/Zygote ( 1068): seccomp disabled by setenforce 0
03-31 16:35:56.472 D/CompatibilityChangeReporter( 1051): Compat change id reported: 171979766; UID 1000; state: DISABLED
01-01 08:00:26.303 I/sunxi-ehci 5101000.ehci0-controller( 164): new USB bus registered, assigned bus number 1
03-31 16:35:56.484 I/adbd ( 397): jdwp connection from 1068
03-31 16:35:56.493 D/BluetoothOppFileProvider( 673): Initialized
03-31 16:35:56.493 W/IorapForwardingService( 479): No service published for: iorapd
03-31 16:35:56.495 I/SystemServerTimingAsync( 479): ssm.UnlockedUser-0
03-31 16:35:56.495 I/SystemServiceManager( 479): Calling onUnlockedUser 0
01-01 08:00:26.326 I/sunxi-ehci 5101000.ehci0-controller( 164): irq 50, io mem 0x05101000
03-31 16:35:56.501 I/LaunchParamsPersister( 479): Didn't find launch param folder for user 0
03-31 16:35:56.505 D/SystemServerTimingAsync( 479): ssm.UnlockedUser-0 took to complete: 10ms
03-31 16:35:56.505 W/ActivityManager( 479): UserLifecycleEvent 6 received without an active userJourneySession.
03-31 16:35:56.506 D/FallbackHome( 824): User unlocked and real home found; let's go!
03-31 16:35:56.524 I/BackupManagerService( 479): isBackupEnabled() => false due to absent settings file
03-31 16:35:56.524 D/BackupManagerService( 479): user:0 readBackupEnableState enabled:false
03-31 16:35:56.525 I/BackupManagerService( 479): [UserID:0] Backup enabled => false
01-01 08:00:26.356 I/sunxi-ehci 5101000.ehci0-controller( 164): USB 2.0 started, EHCI 1.00
01-01 08:00:26.366 I/usb1 ( 164): New USB device found, idVendor=1d6b, idProduct=0002, bcdDevice= 5.04
01-01 08:00:26.379 I/usb1 ( 164): New USB device strings: Mfr=3, Product=2, SerialNumber=1
03-31 16:35:56.544 E/TaskPersister( 479): File error accessing recents directory (directory doesn't exist?).
01-01 08:00:26.389 I/usb1 ( 164): Product: EHCI Host Controller
03-31 16:35:56.545 I/ActivityStarter( 479): ---START u0 {act=android.intent.action.MAIN cat=[android.intent.category.HOME] flg=0x10000100 cmp=com.dangbei.leard.leradlauncher/com.dangbei.launcher.home.LauncherActivity (has extras)} from uid 0
03-31 16:35:56.549 I/BpBinder( 292): onLastStrongRef automatically unlinking death recipients:
03-31 16:35:56.554 D/ApplicationLoaders( 1051): Returning zygote-cached class loader: /system/framework/android.test.base.jar
01-01 08:00:26.396 I/usb1 ( 164): Manufacturer: Linux 5.4.125+ ehci_hcd
03-31 16:35:56.555 D/ApplicationLoaders( 1051): Returning zygote-cached class loader: /system/framework/android.hidl.manager-V1.0-java.jar
03-31 16:35:56.555 D/ApplicationLoaders( 1051): Returning zygote-cached class loader: /system/framework/android.hidl.base-V1.0-java.jar
01-01 08:00:26.404 I/usb1 ( 164): SerialNumber: sunxi-ehci
03-31 16:35:56.574 D/XM_HIDREAD( 317): add@ add@/devices/platform/soc@3000000/5101000.ehci0-controller/usb1
03-31 16:35:56.579 I/BLEAudioDrive_HV410( 249): not hidraw* create or delete event
03-31 16:35:56.568 I/xiriservice_All( 324): type=1400 audit(0.0:399): avc: denied { read } for scontext=u:r:init:s0 tcontext=u:r:init:s0 tclass=netlink_kobject_uevent_socket permissive=1
03-31 16:35:56.580 D/XM_HIDREAD( 317): add@ add@/devices/platform/soc@3000000/5101000.ehci0-controller/usb1/1-0:1.0
03-31 16:35:56.586 W/NotificationHistory( 479): Attempted to add notif for locked/gone/disabled user 0
03-31 16:35:56.587 W/Looper ( 479): Slow dispatch took 100ms main h=com.android.server.notification.NotificationManagerService$WorkerHandler c=com.android.server.notification.NotificationManagerService$PostNotificationRunnable@a05ae5 m=0
03-31 16:35:56.588 V/NotificationAssistants( 479): disabling notification assistant for user 0: ComponentInfo{android.ext.services/android.ext.services.notification.Assistant}
03-31 16:35:56.588 D/NotificationListeners( 479): Removing active service ComponentInfo{android.ext.services/android.ext.services.notification.Assistant}
01-01 08:00:26.417 I/hub 1-0 ( 164): 1.0: USB hub found
01-01 08:00:26.423 I/hub 1-0 ( 164): 1.0: 1 port detected
03-31 16:35:56.588 I/rainbow_flow( 325): type=1400 audit(0.0:400): avc: denied { ioctl } for path="/dev/spidev1.0" dev="tmpfs" ino=3270 ioctlcmd=0x6b00 scontext=u:r:init:s0 tcontext=u:object_r:device:s0 tclass=chr_file permissive=1
03-31 16:35:56.601 D/CompatibilityChangeReporter( 479): Compat change id reported: 174042980; UID 1000; state: DISABLED
03-31 16:35:56.610 D/ActivityTaskManager( 479): isHomeLauncher info= ActivityInfo{cf597c8 com.dangbei.launcher.home.LauncherActivity}
01-01 08:00:26.436 W/ ( 164): sunxi ehci1-controller don't init wakeup source
01-01 08:00:26.443 W/[sunxi-ehci1]( 164): probe, pdev->name: 5200000.ehci1-controller, sunxi_ehci: 0xffffffc008f816d8, 0x:ffffffc01573d000, irq_no:34
03-31 16:35:56.612 I/Binder:479_1( 1088): type=1400 audit(0.0:401): avc: denied { execute } for name="am" dev="dm-1" ino=1164 scontext=u:r:system_server:s0 tcontext=u:object_r:vendor_file:s0 tclass=file permissive=1
03-31 16:35:56.612 I/Binder:479_1( 1088): type=1400 audit(0.0:402): avc: denied { read open } for path="/vendor/xbin/am" dev="dm-1" ino=1164 scontext=u:r:system_server:s0 tcontext=u:object_r:vendor_file:s0 tclass=file permissive=1
03-31 16:35:56.612 I/Binder:479_1( 1088): type=1400 audit(0.0:403): avc: denied { execute_no_trans } for path="/vendor/xbin/am" dev="dm-1" ino=1164 scontext=u:r:system_server:s0 tcontext=u:object_r:vendor_file:s0 tclass=file permissive=1
03-31 16:35:56.621 D/XM_HIDREAD( 317): add@ add@/devices/virtual/devlink/regulator.8--5200000.ehci1-controller
01-01 08:00:26.459 W/audit ( 1088): audit_lost=1 audit_rate_limit=5 audit_backlog_limit=64
01-01 08:00:26.461 I/sunxi-ehci 5200000.ehci1-controller( 164): EHCI Host Controller
01-01 08:00:26.468 E/audit ( 1088): rate limit exceeded
01-01 08:00:26.476 I/sunxi-ehci 5200000.ehci1-controller( 164): new USB bus registered, assigned bus number 2
03-31 16:35:56.641 I/AW_PowerHAL( 261): Power setMode: SUSTAINED_PERFORMANCE to: 1
03-31 16:35:56.645 D/CompatibilityChangeReporter( 479): Compat change id reported: 168419799; UID 1000; state: DISABLED
03-31 16:35:56.661 D/CompatibilityChangeReporter( 479): Compat change id reported: 168419799; UID 10031; state: DISABLED
01-01 08:00:26.493 I/sunxi-ehci 5200000.ehci1-controller( 164): irq 52, io mem 0x05200000
03-31 16:35:56.668 W/ActivityManager( 479): Slow operation: 127ms so far, now at attachApplicationLocked: immediately before bindApplication
03-31 16:35:56.671 W/AW_PowerHAL( 261): Could not open nsi-bw: No such file or directory
03-31 16:35:56.672 I/AW_PowerHAL( 261): cur-mode:PERFORMANCE
03-31 16:35:56.673 W/ActivityManager( 479): Slow operation: 132ms so far, now at attachApplicationLocked: immediately after bindApplication
03-31 16:35:56.674 W/ActivityManager( 479): Slow operation: 133ms so far, now at attachApplicationLocked: after updateLruProcessLocked
03-31 16:35:56.679 D/CompatibilityChangeReporter( 479): Compat change id reported: 181136395; UID 1000; state: DISABLED
03-31 16:35:56.682 D/CompatibilityChangeReporter( 479): Compat change id reported: 174042936; UID 1000; state: DISABLED
03-31 16:35:56.683 W/ActivityManager( 479): Slow operation: 141ms so far, now at attachApplicationLocked: after mServices.attachApplicationLocked
03-31 16:35:56.692 W/ActivityManager( 479): Slow operation: 150ms so far, now at attachApplicationLocked: after sendPendingBroadcastsLocked
01-01 08:00:26.520 I/sunxi-ehci 5200000.ehci1-controller( 164): USB 2.0 started, EHCI 1.00
03-31 16:35:56.696 I/ActivityManager( 479): com.android.keychain is exempt from freezer
03-31 16:35:56.696 D/CompatibilityChangeReporter( 1068): Compat change id reported: 171979766; UID 10031; state: ENABLED
03-31 16:35:56.697 D/CompatibilityChangeReporter( 479): Compat change id reported: 135634846; UID 1000; state: DISABLED
03-31 16:35:56.702 V/NotificationAssistants( 479): enabling notification assistant for 0: ComponentInfo{android.ext.services/android.ext.services.notification.Assistant}
03-31 16:35:56.702 V/NotificationAssistants( 479): binding: Intent { act=android.service.notification.NotificationAssistantService cmp=android.ext.services/.notification.Assistant (has extras) }
03-31 16:35:56.703 I/ActivityManager( 479): com.dangbei.leard.leradlauncher is exempt from freezer
03-31 16:35:56.710 W/Looper ( 479): Slow dispatch took 122ms main h=android.app.ActivityThread$H c=android.app.LoadedApk$ReceiverDispatcher$Args$$ExternalSyntheticLambda0@5f7dc09 m=0
03-31 16:35:56.712 W/Looper ( 479): Slow delivery took 223ms main h=android.app.ActivityThread$H c=android.app.LoadedApk$ReceiverDispatcher$Args$$ExternalSyntheticLambda0@7899e0e m=0
01-01 08:00:26.530 E/debugfs ( 164): Directory 'sunxi-ehci' with parent 'ehci' already present!
01-01 08:00:26.541 I/usb2 ( 164): New USB device found, idVendor=1d6b, idProduct=0002, bcdDevice= 5.04
01-01 08:00:26.553 I/usb2 ( 164): New USB device strings: Mfr=3, Product=2, SerialNumber=1
03-31 16:35:56.725 I/ActivityManager( 479): com.oranth.ledstatus is exempt from freezer
01-01 08:00:26.564 I/usb2 ( 164): Product: EHCI Host Controller
01-01 08:00:26.571 I/usb2 ( 164): Manufacturer: Linux 5.4.125+ ehci_hcd
03-31 16:35:56.728 D/Zygote ( 244): Forked child process 1093
03-31 16:35:56.737 I/ActivityManager( 479): app.processName = com.android.keychain
03-31 16:35:56.737 I/ActivityManager( 479): Start proc 1093:com.android.keychain/1000 for service {com.android.keychain/com.android.keychain.KeyChainService}
03-31 16:35:56.738 I/Zygote ( 1093): seccomp disabled by setenforce 0
01-01 08:00:26.579 I/usb2 ( 164): SerialNumber: sunxi-ehci
03-31 16:35:56.751 D/XM_HIDREAD( 317): add@ add@/devices/platform/soc@3000000/5200000.ehci1-controller/usb2
01-01 08:00:26.594 I/hub 2-0 ( 164): 1.0: USB hub found
01-01 08:00:26.599 I/hub 2-0 ( 164): 1.0: 1 port detected
01-01 08:00:26.608 W/ ( 164): sunxi ehci2-controller don't init wakeup source
03-31 16:35:56.758 D/XM_HIDREAD( 317): add@ add@/devices/platform/soc@3000000/5200000.ehci1-controller/usb2/2-0:1.0
03-31 16:35:56.755 D/TvPipController( 680): onTaskStackChanged()
03-31 16:35:56.760 D/Zygote ( 244): Forked child process 1095
03-31 16:35:56.763 W/ActivityManager( 479): Slow operation: 61ms so far, now at startProcess: returned from zygote!
03-31 16:35:56.764 W/ActivityManager( 479): Slow operation: 61ms so far, now at startProcess: done updating battery stats
03-31 16:35:56.764 W/ActivityManager( 479): Slow operation: 61ms so far, now at startProcess: building log message
03-31 16:35:56.764 I/ActivityManager( 479): app.processName = com.dangbei.leard.leradlauncher
03-31 16:35:56.764 I/ActivityManager( 479): Start proc 1095:com.dangbei.leard.leradlauncher/1000 for top-activity {com.dangbei.leard.leradlauncher/com.dangbei.launcher.home.LauncherActivity}
03-31 16:35:56.764 W/ActivityManager( 479): Slow operation: 61ms so far, now at startProcess: starting to update pids map
03-31 16:35:56.764 W/ActivityManager( 479): Slow operation: 62ms so far, now at startProcess: done updating pids map
03-31 16:35:56.773 I/Zygote ( 1095): seccomp disabled by setenforce 0
01-01 08:00:26.623 W/[sunxi-ehci2]( 164): probe, pdev->name: 5310000.ehci2-controller, sunxi_ehci: 0xffffffc008f81d98, 0x:ffffffc015803000, irq_no:36
01-01 08:00:26.641 I/sunxi-ehci 5310000.ehci2-controller( 164): EHCI Host Controller
01-01 08:00:26.650 I/sunxi-ehci 5310000.ehci2-controller( 164): new USB bus registered, assigned bus number 3
03-31 16:35:56.792 D/Zygote ( 244): Forked child process 1107
03-31 16:35:56.793 W/ActivityManager( 479): Slow operation: 69ms so far, now at startProcess: returned from zygote!
03-31 16:35:56.794 W/ActivityManager( 479): Slow operation: 70ms so far, now at startProcess: done updating battery stats
03-31 16:35:56.794 W/ActivityManager( 479): Slow operation: 70ms so far, now at startProcess: building log message
03-31 16:35:56.794 I/ActivityManager( 479): app.processName = com.oranth.ledstatus
03-31 16:35:56.794 I/ActivityManager( 479): Start proc 1107:com.oranth.ledstatus/1000 for service {com.oranth.ledstatus/com.oranth.ledstatus.LedStatusService}
03-31 16:35:56.794 W/ActivityManager( 479): Slow operation: 70ms so far, now at startProcess: starting to update pids map
03-31 16:35:56.794 W/ActivityManager( 479): Slow operation: 70ms so far, now at startProcess: done updating pids map
03-31 16:35:56.797 V/GraphicsEnvironment( 1033): ANGLE Developer option for 'com.android.providers.media.module' set to: 'default'
03-31 16:35:56.797 V/GraphicsEnvironment( 1033): Neither updatable production driver nor prerelease driver is supported.
03-31 16:35:56.800 I/adbd ( 397): jdwp connection from 1095
03-31 16:35:56.801 D/XM_HIDREAD( 317): add@ add@/devices/virtual/devlink/regulator.8--5310000.ehci2-controller
03-31 16:35:56.802 D/NetworkSecurityConfig( 1033): No Network Security Config specified, using platform default
03-31 16:35:56.803 D/NetworkSecurityConfig( 1033): No Network Security Config specified, using platform default
