03-31 16:35:51.781 I/HidlServiceManagement( 667): Removing namespace from process name android.hardware.wifi@1.0-service-lazy to wifi@1.0-service-lazy.
03-31 16:35:51.782 I/hw-BpHwBinder( 183): onLastStrongRef automatically unlinking death recipients
03-31 16:35:51.783 I/android_os_HwBinder( 479): HwBinder: Starting thread pool for getting: android.hardware.wifi@1.0::IWifi/default
03-31 16:35:51.786 D/WifiNl80211Manager( 479): tearing down interfaces in wificond
03-31 16:35:51.830 D/WifiAdaptConnObserver( 479): Adaptive connectivity status initialized to: true
03-31 16:35:51.831 D/WifiController( 479): EnabledState.enter()
03-31 16:35:51.831 E/DefaultPermGrantPolicy( 479): Package not found: org.xbmc.kodi
03-31 16:35:51.831 W/DefaultPermGrantPolicy( 479): No such package:org.xbmc.kodi
03-31 16:35:51.831 E/DefaultPermGrantPolicy( 479): Package not found: cm.aptoidetv.pt
03-31 16:35:51.831 W/DefaultPermGrantPolicy( 479): No such package:cm.aptoidetv.pt
03-31 16:35:51.832 D/WifiClientModeManager[unknown]( 479): entering IdleState
03-31 16:35:51.832 E/DefaultPermGrantPolicy( 479): Package not found: com.softwinner.TvdFileManager
03-31 16:35:51.832 W/DefaultPermGrantPolicy( 479): No such package:com.softwinner.TvdFileManager
03-31 16:35:51.832 E/DefaultPermGrantPolicy( 479): Package not found: com.softwinner.TvdVideo
03-31 16:35:51.832 W/DefaultPermGrantPolicy( 479): No such package:com.softwinner.TvdVideo
03-31 16:35:51.832 E/DefaultPermGrantPolicy( 479): Package not found: com.android.chrome
03-31 16:35:51.832 W/DefaultPermGrantPolicy( 479): No such package:com.android.chrome
03-31 16:35:51.832 E/DefaultPermGrantPolicy( 479): Package not found: com.android.vending
03-31 16:35:51.832 W/DefaultPermGrantPolicy( 479): No such package:com.android.vending
03-31 16:35:51.833 D/WifiHWInfo( 667): Start to load wireless module hardware info table...
03-31 16:35:51.833 D/WifiHWInfo( 667): Entry [01], BUS: SDIO, ID: 0x024C8179, Name: rtl8189es.
03-31 16:35:51.833 D/WifiHWInfo( 667): Entry [02], BUS: SDIO, ID: 0x024CB723, Name: rtl8723bs_vq0.
03-31 16:35:51.833 D/WifiHWInfo( 667): Entry [03], BUS: SDIO, ID: 0x024CB703, Name: rtl8723cs.
03-31 16:35:51.833 D/WifiHWInfo( 667): Entry [04], BUS: SDIO, ID: 0x024CD723, Name: rtl8723ds.
03-31 16:35:51.833 D/WifiHWInfo( 667): Entry [05], BUS: SDIO, ID: 0x024CF179, Name: rtl8189fs.
03-31 16:35:51.833 D/WifiHWInfo( 667): Entry [06], BUS: SDIO, ID: 0x024CB822, Name: rtl88x2bs.
03-31 16:35:51.833 D/WifiHWInfo( 667): Entry [07], BUS: USB, ID: 0x0BDAD723, Name: rtl8723du.
03-31 16:35:51.833 D/WifiHWInfo( 667): Entry [08], BUS: USB, ID: 0x0BDA8179, Name: rtl8188etv.
03-31 16:35:51.833 D/WifiHWInfo( 667): Entry [09], BUS: USB, ID: 0x0BDA0179, Name: rtl8188eu.
03-31 16:35:51.833 D/WifiHWInfo( 667): Entry [10], BUS: USB, ID: 0x0BDA818B, Name: rtl8192eu.
03-31 16:35:51.833 D/WifiHWInfo( 667): Entry [11], BUS: USB, ID: 0x0BDAB720, Name: rtl8723bu.
03-31 16:35:51.833 D/WifiHWInfo( 667): Entry [12], BUS: USB, ID: 0x0BDAC82C, Name: rtl8822cu.
03-31 16:35:51.833 D/WifiHWInfo( 667): Entry [13], BUS: USB, ID: 0x0BDAF179, Name: rtl8188fu.
03-31 16:35:51.833 D/WifiHWInfo( 667): Entry [14], BUS: SDIO, ID: 0x02D0A9A6, Name: ap6212.
03-31 16:35:51.833 D/WifiHWInfo( 667): Entry [15], BUS: SDIO, ID: 0x02D04330, Name: ap6330.
03-31 16:35:51.833 D/WifiHWInfo( 667): Entry [16], BUS: SDIO, ID: 0x02D04356, Name: ap6356s.
03-31 16:35:51.833 D/WifiHWInfo( 667): Entry [17], BUS: SDIO, ID: 0x02D0A9BF, Name: ap6255.
03-31 16:35:51.833 D/WifiHWInfo( 667): Entry [18], BUS: SDIO, ID: 0x02D04334, Name: bcm43342.
03-31 16:35:51.833 D/WifiHWInfo( 667): Entry [19], BUS: SDIO, ID: 0x00202281, Name: xr819.
03-31 16:35:51.833 D/WifiHWInfo( 667): Entry [20], BUS: SDIO, ID: 0x0A9E2282, Name: xr829.
03-31 16:35:51.833 D/WifiHWInfo( 667): Entry [21], BUS: SDIO, ID: 0x0271050A, Name: qca6174a.
03-31 16:35:51.833 D/WifiHWInfo( 667): Entry [22], BUS: SDIO, ID: 0x30303030, Name: ssv6x5x.
03-31 16:35:51.833 D/WifiHWInfo( 667): Entry [23], BUS: SDIO, ID: 0x00000000, Name: uwe5621.
03-31 16:35:51.833 D/WifiHWInfo( 667): Entry [24], BUS: SDIO, ID: 0x54490145, Name: aic8800.
03-31 16:35:51.833 D/WifiHWInfo( 667): Entry [25], BUS: SDIO, ID: 0xC8A1C08D, Name: aic8800.
03-31 16:35:51.833 D/WifiHWInfo( 667): Entry [26], BUS: USB, ID: 0xA69C8800, Name: aic8800.
03-31 16:35:51.833 D/WifiHWInfo( 667): Entry [27], BUS: USB, ID: 0x007A8888, Name: atbm6023is.
03-31 16:35:51.833 D/WifiHWInfo( 667): Entry [28], BUS: SDIO, ID: 0x02E79086, Name: 9012p.
03-31 16:35:51.833 D/WifiHWInfo( 667): Entry [29], BUS: SDIO, ID: 0x007A6011, Name: atbm613x_wifi_sdio.
03-31 16:35:51.833 D/WifiHWInfo( 667): Entry [30], BUS: SDIO, ID: 0x024CC822, Name: 88x2cs.
03-31 16:35:51.833 D/WifiHWInfo( 667): Entry [31], BUS: SDIO, ID: 0x000018F0, Name: dummy.
03-31 16:35:51.834 W/android.hardware.wifi@1.0-service-lazy( 667): DRIVER_MODULE_TAG: sprdwl_ng : Success
03-31 16:35:51.834 I/android.hardware.wifi@1.0-service-lazy( 667): driver_module_path: /vendor/lib/modules/sprdwl_ng.ko
03-31 16:35:51.834 I/android.hardware.wifi@1.0-service-lazy( 667): driver_module_arg:
03-31 16:35:51.835 E/DefaultPermGrantPolicy( 479): Package not found: com.google.android.tts
03-31 16:35:51.835 W/DefaultPermGrantPolicy( 479): No such package:com.google.android.tts
03-31 16:35:51.835 E/DefaultPermGrantPolicy( 479): Package not found: com.google.android.youtube.tv
03-31 16:35:51.835 W/DefaultPermGrantPolicy( 479): No such package:com.google.android.youtube.tv
03-31 16:35:51.835 E/DefaultPermGrantPolicy( 479): Package not found: com.google.android.katniss
03-31 16:35:51.836 W/DefaultPermGrantPolicy( 479): No such package:com.google.android.katniss
03-31 16:35:51.836 E/DefaultPermGrantPolicy( 479): Package not found: com.google.android.gms
03-31 16:35:51.836 W/DefaultPermGrantPolicy( 479): No such package:com.google.android.gms
03-31 16:35:51.840 D/StagingManagerTiming( 479): restoreSessions took to complete: 6ms
03-31 16:35:51.840 D/SystemServerTiming( 479): MakePackageManagerServiceReady took to complete: 110ms
03-31 16:35:51.840 I/SystemServerTiming( 479): MakeDisplayManagerServiceReady
03-31 16:35:51.843 E/DisplayModeDirector( 479): Asked about unknown display, returning empty display mode specs!(id=0)
03-31 16:35:51.843 E/DisplayModeDirector( 479): Asked about unknown display, returning empty display mode specs!(id=0)
03-31 16:35:51.846 D/SystemServerTiming( 479): MakeDisplayManagerServiceReady took to complete: 6ms
03-31 16:35:51.846 I/SystemServerTiming( 479): StartDeviceSpecificServices
03-31 16:35:51.846 D/SystemServerTiming( 479): StartDeviceSpecificServices took to complete: 0ms
03-31 16:35:51.846 I/SystemServerTiming( 479): GameManagerService
03-31 16:35:51.847 I/SystemServiceManager( 479): Starting com.android.server.app.GameManagerService$Lifecycle
03-31 16:35:51.854 D/SystemServerTiming( 479): GameManagerService took to complete: 7ms
03-31 16:35:51.854 I/SystemServerTiming( 479): StartBootPhaseDeviceSpecificServicesReady
03-31 16:35:51.854 I/SystemServiceManager( 479): Starting phase 520
03-31 16:35:51.854 I/SystemServerTiming( 479): OnBootPhase_520
03-31 16:35:51.854 D/SoundTriggerService( 479): onBootPhase: 520 : false
03-31 16:35:51.854 D/SystemServerTiming( 479): OnBootPhase_520 took to complete: 1ms
03-31 16:35:51.854 D/SystemServerTiming( 479): StartBootPhaseDeviceSpecificServicesReady took to complete: 1ms
03-31 16:35:51.854 I/SystemServerTiming( 479): AppSearchManagerService
03-31 16:35:51.859 I/system_server( 479): Waiting for a blocking GC ClassLinker
03-31 16:35:51.868 D/XM_HIDREAD( 317): add@ add@/bus/platform/drivers/unisoc_wifi
03-31 16:35:51.869 D/XM_HIDREAD( 317): add@ add@/devices/platform/unisoc_wifi
03-31 16:35:51.872 I/system_server( 479): Background young concurrent copying GC freed 47897(3462KB) AllocSpace objects, 12(384KB) LOS objects, 26% free, 9167KB/12MB, paused 336us total 134.301ms
03-31 16:35:51.873 I/system_server( 479): WaitForGcToComplete blocked ClassLinker on Background for 13.706ms
03-31 16:35:51.874 W/JHwRemoteBinder( 479): BinderProxy is being destroyed but the application did not call unlinkToDeath to unlink all of its death recipients beforehand. Releasing leaked death recipient: com.android.server.usb.UsbDeviceManager$UsbHandlerHal$UsbGadgetDeathRecipient
03-31 16:35:51.876 I/SystemServiceManager( 479): Starting com.android.server.appsearch.AppSearchManagerService
03-31 16:35:51.879 D/SystemServerTiming( 479): AppSearchManagerService took to complete: 24ms
03-31 16:35:51.879 I/SystemServerTiming( 479): StartMediaCommunicationService
03-31 16:35:51.879 I/SystemServiceManager( 479): Starting com.android.server.media.MediaCommunicationService
03-31 16:35:51.881 D/SystemServerTiming( 479): StartMediaCommunicationService took to complete: 2ms
03-31 16:35:51.881 I/SystemServerTiming( 479): PhaseActivityManagerReady
03-31 16:35:51.881 I/SystemServerTiming( 479): controllersReady
03-31 16:35:51.885 I/SystemServerTimingAsync( 479): InitThreadPoolExec:Update app-ops uidState in case package com.android.providers.media.module changed
03-31 16:35:51.885 I/SystemServerTimingAsync( 479): InitThreadPoolExec:Update app-ops uidState in case package com.android.systemui changed
03-31 16:35:51.885 D/SystemServerInitThreadPool( 479): Started executing Update app-ops uidState in case package com.android.systemui changed
03-31 16:35:51.886 I/SystemServerTimingAsync( 479): InitThreadPoolExec:Update app-ops uidState in case package com.android.music changed
03-31 16:35:51.886 D/SystemServerInitThreadPool( 479): Started executing Update app-ops uidState in case package com.android.music changed
03-31 16:35:51.886 D/SystemServerInitThreadPool( 479): Finished executing Update app-ops uidState in case package com.android.music changed
03-31 16:35:51.886 D/SystemServerTimingAsync( 479): InitThreadPoolExec:Update app-ops uidState in case package com.android.music changed took to complete: 0ms
03-31 16:35:51.886 I/SystemServerTimingAsync( 479): InitThreadPoolExec:Update app-ops uidState in case package com.android.providers.media changed
03-31 16:35:51.886 D/SystemServerInitThreadPool( 479): Started executing Update app-ops uidState in case package com.android.providers.media changed
03-31 16:35:51.886 D/SystemServerInitThreadPool( 479): Finished executing Update app-ops uidState in case package com.android.providers.media changed
03-31 16:35:51.886 D/SystemServerTimingAsync( 479): InitThreadPoolExec:Update app-ops uidState in case package com.android.providers.media changed took to complete: 0ms
03-31 16:35:51.886 I/SystemServerTimingAsync( 479): InitThreadPoolExec:Update app-ops uidState in case package com.android.providers.contacts changed
03-31 16:35:51.886 D/SystemServerInitThreadPool( 479): Started executing Update app-ops uidState in case package com.android.providers.contacts changed
03-31 16:35:51.886 D/SystemServerInitThreadPool( 479): Finished executing Update app-ops uidState in case package com.android.providers.contacts changed
03-31 16:35:51.886 D/SystemServerTimingAsync( 479): InitThreadPoolExec:Update app-ops uidState in case package com.android.providers.contacts changed took to complete: 1ms
03-31 16:35:51.886 I/SystemServerTimingAsync( 479): InitThreadPoolExec:Update app-ops uidState in case package com.android.bluetooth changed
03-31 16:35:51.886 D/SystemServerInitThreadPool( 479): Started executing Update app-ops uidState in case package com.android.bluetooth changed
03-31 16:35:51.886 D/SystemServerInitThreadPool( 479): Finished executing Update app-ops uidState in case package com.android.bluetooth changed
03-31 16:35:51.886 D/SystemServerTimingAsync( 479): InitThreadPoolExec:Update app-ops uidState in case package com.android.bluetooth changed took to complete: 0ms
03-31 16:35:51.886 D/SystemServerTiming( 479): controllersReady took to complete: 5ms
03-31 16:35:51.886 D/SystemServerInitThreadPool( 479): Started executing Update app-ops uidState in case package com.android.providers.media.module changed
03-31 16:35:51.887 I/SystemServerTimingAsync( 479): InitThreadPoolExec:Update app-ops uidState in case package com.dangbei.hqguide changed
03-31 16:35:51.888 I/SystemServerTimingAsync( 479): InitThreadPoolExec:Update app-ops uidState in case package com.oranth.ledstatus changed
03-31 16:35:51.888 D/SystemServerInitThreadPool( 479): Started executing Update app-ops uidState in case package com.oranth.ledstatus changed
03-31 16:35:51.888 D/SystemServerInitThreadPool( 479): Started executing Update app-ops uidState in case package com.dangbei.hqguide changed
03-31 16:35:51.888 D/SystemServerInitThreadPool( 479): Finished executing Update app-ops uidState in case package com.oranth.ledstatus changed
03-31 16:35:51.888 D/SystemServerInitThreadPool( 479): Finished executing Update app-ops uidState in case package com.dangbei.hqguide changed
03-31 16:35:51.888 D/SystemServerInitThreadPool( 479): Finished executing Update app-ops uidState in case package com.android.providers.media.module changed
03-31 16:35:51.888 D/SystemServerTimingAsync( 479): InitThreadPoolExec:Update app-ops uidState in case package com.android.providers.media.module changed took to complete: 3ms
03-31 16:35:51.888 I/SystemServerTimingAsync( 479): InitThreadPoolExec:Update app-ops uidState in case package android changed
03-31 16:35:51.888 D/SystemServerInitThreadPool( 479): Started executing Update app-ops uidState in case package android changed
03-31 16:35:51.889 D/SystemServerInitThreadPool( 479): Finished executing Update app-ops uidState in case package android changed
03-31 16:35:51.889 D/SystemServerTimingAsync( 479): InitThreadPoolExec:Update app-ops uidState in case package android changed took to complete: 0ms
03-31 16:35:51.889 I/SystemServerTimingAsync( 479): InitThreadPoolExec:Update app-ops uidState in case package com.dangbei.leard.leradlauncher changed
03-31 16:35:51.889 D/SystemServerInitThreadPool( 479): Started executing Update app-ops uidState in case package com.dangbei.leard.leradlauncher changed
03-31 16:35:51.889 D/SystemServerInitThreadPool( 479): Finished executing Update app-ops uidState in case package com.dangbei.leard.leradlauncher changed
03-31 16:35:51.889 D/SystemServerTimingAsync( 479): InitThreadPoolExec:Update app-ops uidState in case package com.dangbei.leard.leradlauncher changed took to complete: 0ms
03-31 16:35:51.889 I/SystemServerTimingAsync( 479): InitThreadPoolExec:Update app-ops uidState in case package com.oranth.powerwindow changed
03-31 16:35:51.889 D/SystemServerInitThreadPool( 479): Started executing Update app-ops uidState in case package com.oranth.powerwindow changed
03-31 16:35:51.889 D/SystemServerInitThreadPool( 479): Finished executing Update app-ops uidState in case package com.oranth.powerwindow changed
03-31 16:35:51.889 D/SystemServerTimingAsync( 479): InitThreadPoolExec:Update app-ops uidState in case package com.oranth.powerwindow changed took to complete: 0ms
03-31 16:35:51.889 I/SystemServerTimingAsync( 479): InitThreadPoolExec:Update app-ops uidState in case package com.dangbei.haqusetting changed
03-31 16:35:51.889 D/SystemServerInitThreadPool( 479): Started executing Update app-ops uidState in case package com.dangbei.haqusetting changed
03-31 16:35:51.889 D/SystemServerInitThreadPool( 479): Finished executing Update app-ops uidState in case package com.dangbei.haqusetting changed
03-31 16:35:51.889 D/SystemServerTimingAsync( 479): InitThreadPoolExec:Update app-ops uidState in case package com.dangbei.haqusetting changed took to complete: 1ms
03-31 16:35:51.889 D/SystemServerTimingAsync( 479): InitThreadPoolExec:Update app-ops uidState in case package com.dangbei.hqguide changed took to complete: 0ms
03-31 16:35:51.889 D/SystemServerInitThreadPool( 479): Finished executing Update app-ops uidState in case package com.android.systemui changed
03-31 16:35:51.889 D/SystemServerTimingAsync( 479): InitThreadPoolExec:Update app-ops uidState in case package com.android.systemui changed took to complete: 4ms
03-31 16:35:51.890 D/SystemServerTimingAsync( 479): InitThreadPoolExec:Update app-ops uidState in case package com.oranth.ledstatus changed took to complete: 1ms
03-31 16:35:51.891 I/SystemServerTiming( 479): killProcesses
03-31 16:35:51.891 D/SystemServerTiming( 479): killProcesses took to complete: 0ms
03-31 16:35:51.891 I/ActivityManager( 479): System now ready
03-31 16:35:51.891 I/SystemServerTiming( 479): updateTopComponentForFactoryTest
03-31 16:35:51.891 D/SystemServerTiming( 479): updateTopComponentForFactoryTest took to complete: 0ms
03-31 16:35:51.891 I/SystemServerTiming( 479): registerActivityLaunchObserver
03-31 16:35:51.892 D/SystemServerTiming( 479): registerActivityLaunchObserver took to complete: 1ms
03-31 16:35:51.892 I/SystemServerTiming( 479): watchDeviceProvisioning
03-31 16:35:51.896 D/SystemServerTiming( 479): watchDeviceProvisioning took to complete: 3ms
03-31 16:35:51.896 I/SystemServerTiming( 479): retrieveSettings
03-31 16:35:51.898 I/ActivityTaskManager( 479): Config changes=10000000 {1.0 ?mcc?mnc [zh_CN] ldltr sw720dp w1280dp h696dp 240dpi xlrg long land television -touch qwerty/v/v dpad/v winConfig={ mBounds=Rect(0, 0 - 1920, 1080) mAppBounds=Rect(0, 0 - 1920, 1080) mMaxBounds=Rect(0, 0 - 1920, 1080) mWindowingMode=fullscreen mDisplayWindowingMode=fullscreen mActivityType=undefined mAlwaysOnTop=undefined mRotation=ROTATION_0} s.6 fontWeightAdjustment=0}
03-31 16:35:51.898 I/WindowManager( 479): Override config changes=10000000 {1.0 ?mcc?mnc [zh_CN] ldltr sw720dp w1280dp h696dp 240dpi xlrg long land television -touch qwerty/v/v dpad/v winConfig={ mBounds=Rect(0, 0 - 1920, 1080) mAppBounds=Rect(0, 0 - 1920, 1080) mMaxBounds=Rect(0, 0 - 1920, 1080) mWindowingMode=fullscreen mDisplayWindowingMode=fullscreen mActivityType=undefined mAlwaysOnTop=undefined mRotation=ROTATION_0} s.6 fontWeightAdjustment=0} for displayId=0
03-31 16:35:51.902 D/SystemServerTiming( 479): retrieveSettings took to complete: 6ms
03-31 16:35:51.902 I/SystemServerTiming( 479): Ugm.onSystemReady
03-31 16:35:51.902 D/SystemServerTiming( 479): Ugm.onSystemReady took to complete: 1ms
03-31 16:35:51.902 I/SystemServerTiming( 479): updateForceBackgroundCheck
03-31 16:35:51.903 D/SystemServerTiming( 479): updateForceBackgroundCheck took to complete: 0ms
03-31 16:35:51.903 I/SystemServer( 479): Making services ready
03-31 16:35:51.903 I/SystemServerTiming( 479): StartActivityManagerReadyPhase
03-31 16:35:51.903 I/SystemServiceManager( 479): Starting phase 550
03-31 16:35:51.903 I/SystemServerTiming( 479): OnBootPhase_550
03-31 16:35:51.905 I/hwservicemanager( 183): getTransport: Cannot find entry android.hardware.thermal@2.0::IThermal/default in either framework or device VINTF manifest.
03-31 16:35:51.905 E/ThermalHalWrapper( 479): Thermal HAL 2.0 service not connected.
03-31 16:35:51.906 I/hwservicemanager( 183): getTransport: Cannot find entry android.hardware.thermal@1.1::IThermal/default in either framework or device VINTF manifest.
03-31 16:35:51.907 E/ThermalHalWrapper( 479): Thermal HAL 1.1 service not connected.
03-31 16:35:51.907 I/hwservicemanager( 183): getTransport: Cannot find entry android.hardware.thermal@1.0::IThermal/default in either framework or device VINTF manifest.
03-31 16:35:51.907 E/ThermalHalWrapper( 479): Thermal HAL 1.0 service not connected.
03-31 16:35:51.907 W/ThermalManagerService( 479): No Thermal HAL service on this device
03-31 16:35:51.911 W/ActivityManager( 479): Unable to start service Intent { act=com.android.ITelecomService cmp=com.android.server.telecom/.components.TelecomService } U=0: not found
03-31 16:35:51.914 I/SyncManager( 479): No initial accounts
03-31 16:35:51.918 D/BluetoothManagerService( 479): Bluetooth boot completed
03-31 16:35:51.918 D/BluetoothManagerService( 479): Auto-enabling Bluetooth.
03-31 16:35:51.920 D/BluetoothA2dp( 479): Binding service...
03-31 16:35:51.922 D/BluetoothManagerService( 479): MESSAGE_ENABLE(0): mBluetooth = null
03-31 16:35:51.922 D/BluetoothManagerService( 479): binding Bluetooth service
03-31 16:35:51.923 I/BluetoothAirplaneModeListener( 479): start
03-31 16:35:51.926 D/CompatibilityChangeReporter( 479): Compat change id reported: 135634846; UID 1002; state: DISABLED
03-31 16:35:51.941 W/InputMethodUtils( 479): Found no fallback locale. imis=[InputMethodInfo{com.sohu.inputmethod.sogou.tv/.SogouIME, settings: com.sohu.inputmethod.sogou.SogouIMESettingsLauncher}]
03-31 16:35:51.941 W/InputMethodUtils( 479): No software keyboard is found. imis=[InputMethodInfo{com.sohu.inputmethod.sogou.tv/.SogouIME, settings: com.sohu.inputmethod.sogou.SogouIMESettingsLauncher}] systemLocale=zh_CN fallbackLocale=null
03-31 16:35:51.944 I/RebootEscrowManager( 479): No reboot escrow data found for users, skipping loading escrow data
03-31 16:35:51.942 D/Zygote ( 244): Forked child process 673
03-31 16:35:51.946 I/ActivityManager( 479): app.processName = com.android.bluetooth
03-31 16:35:51.946 I/ActivityManager( 479): Start proc 673:com.android.bluetooth/1002 for service {com.android.bluetooth/com.android.bluetooth.btservice.AdapterService}
03-31 16:35:51.948 I/WallpaperManagerService( 479): No static wallpaper imagery; defaults will be shown
03-31 16:35:51.949 V/WallpaperManagerService( 479): bindWallpaperComponentLocked: componentName=ComponentInfo{com.android.systemui/com.android.systemui.ImageWallpaper}
03-31 16:35:51.951 I/Zygote ( 673): seccomp disabled by setenforce 0
03-31 16:35:51.953 D/CompatibilityChangeReporter( 479): Compat change id reported: 135634846; UID 10062; state: DISABLED
03-31 16:35:51.953 D/CompatibilityChangeReporter( 479): Compat change id reported: 177438394; UID 10062; state: DISABLED
03-31 16:35:51.953 D/CompatibilityChangeReporter( 479): Compat change id reported: 135772972; UID 10062; state: DISABLED
03-31 16:35:51.953 D/CompatibilityChangeReporter( 479): Compat change id reported: 135754954; UID 10062; state: ENABLED
03-31 16:35:51.954 D/CompatibilityChangeReporter( 479): Compat change id reported: 143937733; UID 10062; state: ENABLED
03-31 16:35:51.964 D/Zygote ( 244): Forked child process 680
03-31 16:35:51.966 I/ActivityManager( 479): app.processName = com.android.systemui
03-31 16:35:51.966 I/ActivityManager( 479): Start proc 680:com.android.systemui/u0a62 for service {com.android.systemui/com.android.systemui.ImageWallpaper}
03-31 16:35:51.967 I/adbd ( 397): jdwp connection from 673
03-31 16:35:51.971 E/BitmapFactory( 479): Unable to decode stream: java.io.FileNotFoundException: /data/system/users/0/wallpaper_orig: open failed: ENOENT (No such file or directory)
03-31 16:35:51.971 W/WallpaperManagerService( 479): Invalid wallpaper data
03-31 16:35:51.971 E/WallpaperManagerService( 479): Unable to apply new wallpaper
03-31 16:35:51.973 V/audio_hw_primary( 249): adev_set_parameters, A2dpSuspended=false
03-31 16:35:51.974 D/AdbService( 479): systemReady
03-31 16:35:51.975 D/BluetoothManagerService( 479): Trying to bind to profile: 1, while Bluetooth was disabled
03-31 16:35:51.975 D/BluetoothA2dp( 479): Binding service...
03-31 16:35:51.976 I/SystemServerTimingAsync( 479): InitThreadPoolExec:UsbService$Lifecycle#onBootPhase
03-31 16:35:51.976 D/SystemServerInitThreadPool( 479): Started executing UsbService$Lifecycle#onBootPhase
03-31 16:35:51.977 D/SoundTriggerService( 479): onBootPhase: 550 : false
03-31 16:35:51.977 I/Zygote ( 680): seccomp disabled by setenforce 0
03-31 16:35:51.977 E/android.hardware.usb@1.0-service( 268): Failed to open /sys/class/typec
03-31 16:35:51.978 E/UsbPortManager( 479): port status enquiry failed
03-31 16:35:51.978 D/SystemServerInitThreadPool( 479): Finished executing UsbService$Lifecycle#onBootPhase
03-31 16:35:51.979 D/SystemServerTimingAsync( 479): InitThreadPoolExec:UsbService$Lifecycle#onBootPhase took to complete: 2ms
03-31 16:35:51.981 V/audio_hw_primary( 249): adev_set_parameters, BT_SCO=off
03-31 16:35:51.982 I/AS.AudioDeviceInventory( 479): removePreferredDevicesForStrategySync, strategy: 14
03-31 16:35:51.986 D/audio_hw_primary( 249): Mic get_audio_devices_active:
03-31 16:35:51.986 D/audio_hw_primary( 249): get_audio_devices_active: AUDIO_HDMI
03-31 16:35:51.987 D/xm_audio( 249): adev_get_parameters
03-31 16:35:51.987 I/hash_map_utils( 284): system/bt/osi/src/hash_map_utils.cc:81 hash_map_utils_dump_string_keys_string_values: key: 'audio_devices_out_active' value: ''
03-31 16:35:51.991 V/audio_hw_primary( 249): adev_set_parameters, mediasw.sft.rawdata=HDMI_RAW
03-31 16:35:51.991 I/AppBindingService( 479): Updating constants with: null
03-31 16:35:51.872 I//system/bin/init( 1): type=1107 audit(0.0:327): uid=0 auid=4294967295 ses=4294967295 subj=u:r:init:s0 msg='avc: denied { set } for property=vendor.mediasw.sft.rawdata pid=249 uid=1041 gid=1005 scontext=u:r:hal_audio_default:s0 tcontext=u:object_r:vendor_audio_prop:s0 tclass=property_service permissive=1'
03-31 16:35:51.997 I/AudioFlinger( 284): systemReady
03-31 16:35:52.002 D/AS.AudioService( 479): No vibrator found
03-31 16:35:52.004 I/adbd ( 397): jdwp connection from 680
03-31 16:35:52.013 I/PackageManager( 479): Permission ownership changed. Updating all permissions.
01-01 08:00:21.710 I/WCN ( 667): start_marlin [MARLIN_WIFI]
01-01 08:00:21.716 D/ ( 667): CPU: 1 PID: 667 Comm: wifi@1.0-servic Tainted: G O 5.4.125+ #3
01-01 08:00:21.726 D/Hardware name( 667): sun50iw9 (DT)
01-01 08:00:21.731 D/Call trace( 667):
01-01 08:00:21.734 D/ ( 667): dump_backtrace.cfi_jt+0x0/0x4
01-01 08:00:21.740 D/ ( 667): dump_stack+0xbc/0x104
01-01 08:00:21.744 D/ ( 667): marlin_set_power+0x2c/0x78c [uwe5621_bsp_sdio]
01-01 08:00:21.752 D/ ( 667): start_marlin+0xbc/0x14c [uwe5621_bsp_sdio]
01-01 08:00:21.758 D/ ( 667): sprdwl_probe+0x28/0x3f4 [sprdwl_ng]
01-01 08:00:21.764 D/ ( 667): platform_drv_probe+0xac/0xf0
01-01 08:00:21.770 D/ ( 667): really_probe+0x340/0x8f8
01-01 08:00:21.774 D/ ( 667): driver_probe_device+0x70/0x144
01-01 08:00:21.780 D/ ( 667): __device_attach_driver+0x14c/0x210
01-01 08:00:21.786 D/ ( 667): bus_for_each_drv+0x98/0x10c
01-01 08:00:21.791 D/ ( 667): __device_attach.llvm.11688684802597760888+0x108/0x1a8
01-01 08:00:21.799 D/ ( 667): bus_probe_device+0x3c/0xdc
01-01 08:00:21.804 D/ ( 667): device_add+0x950/0xb78
01-01 08:00:21.808 D/ ( 667): platform_device_add+0x90/0x260
01-01 08:00:21.814 D/ ( 667): init_module+0x48/0xfc4 [sprdwl_ng]
01-01 08:00:21.820 D/ ( 667): do_one_initcall+0xc4/0x238
01-01 08:00:21.825 D/ ( 667): do_init_module+0x58/0x2e0
01-01 08:00:21.830 D/ ( 667): load_module+0x31b8/0x3a40
01-01 08:00:21.835 D/ ( 667): __arm64_sys_finit_module+0xbc/0x120
01-01 08:00:21.841 D/ ( 667): el0_svc_common+0xb8/0x1cc
01-01 08:00:21.846 D/ ( 667): el0_svc_compat_handler+0x1c/0x28
01-01 08:00:21.851 D/ ( 667): el0_svc_compat+0x8/0x24
01-01 08:00:21.858 I/WCN ( 667): marlin power state:0, subsys: [MARLIN_WIFI] power 1
01-01 08:00:21.867 I/WCN ( 667): the first power on start
03-31 16:35:52.034 D/MediaCodecList( 360): Allowing all OMX codecs
03-31 16:35:52.036 E/cutils-trace( 360): Error opening trace file: No such file or directory (2)
03-31 16:35:52.032 I/rainbow_flow( 325): type=1400 audit(0.0:328): avc: denied { ioctl } for path="/dev/spidev1.0" dev="tmpfs" ino=3270 ioctlcmd=0x6b00 scontext=u:r:init:s0 tcontext=u:object_r:device:s0 tclass=chr_file permissive=1
03-31 16:35:52.040 I/OMXClient( 360): IOmx service obtained
03-31 16:35:52.043 I/OMXStore( 366): makeComponentInstance(OMX.allwinner.video.decoder.avc) in android.hardwar process
03-31 16:35:52.040 I/EventThread( 263): type=1400 audit(0.0:329): avc: denied { search } for name="extcon" dev="sysfs" ino=18102 scontext=u:r:hal_tv_cec_default:s0 tcontext=u:object_r:sysfs_extcon:s0 tclass=dir permissive=1
03-31 16:35:52.050 I/omx_vdec_aw( 366): : OmxDecoderCreate.
03-31 16:35:52.051 W/omx_vdec( 366): <__AwOmxVdecSetParameter:1561>: Set Parameter called in valid state
03-31 16:35:52.051 W/omx_vdec( 366): : pParamProfileLevel->nProfileIndex[0x3] error!
03-31 16:35:52.051 E/OMXNodeInstance( 366): getParameter(0xf0c55000:allwinner.decoder.avc, ParamVideoProfileLevelQuerySupported(0x600000f)) ERROR: BadParameter(0x80001005)
03-31 16:35:52.052 W/omx_vdec( 366): <__AwOmxVdecGetExtensionIndex:1737>: GetExtensionIndex OMX.google.android.index.describeColorFormat, err [0x80001001].
03-31 16:35:52.052 W/omx_vdec( 366): <__AwOmxVdecGetExtensionIndex:1737>: GetExtensionIndex OMX.google.android.index.describeColorFormat2, err [0x80001001].
03-31 16:35:52.052 E/omx_vdec( 366): : erro: pParamData->nIndex > m_sPortFormatType.nIndex
03-31 16:35:52.052 W/omx_vdec( 366): <__AwOmxVdecGetExtensionIndex:1737>: GetExtensionIndex OMX.google.android.index.describeColorFormat, err [0x80001001].
03-31 16:35:52.052 W/omx_vdec( 366): <__AwOmxVdecGetExtensionIndex:1737>: GetExtensionIndex OMX.google.android.index.describeColorFormat2, err [0x80001001].
03-31 16:35:52.052 E/omx_vdec( 366): : erro: pParamData->nIndex > m_sPortFormatType.nIndex
03-31 16:35:52.052 W/omx_vdec( 366): <__AwOmxVdecGetExtensionIndex:1737>: GetExtensionIndex OMX.google.android.index.describeColorFormat, err [0x80001001].
03-31 16:35:52.052 W/omx_vdec( 366): <__AwOmxVdecGetExtensionIndex:1737>: GetExtensionIndex OMX.google.android.index.describeColorFormat2, err [0x80001001].
03-31 16:35:52.052 E/omx_vdec( 366): : erro: pParamData->nIndex > m_sPortFormatType.nIndex
03-31 16:35:52.053 W/omx_vdec( 366): <__AwOmxVdecGetExtensionIndex:1737>: GetExtensionIndex OMX.google.android.index.describeColorFormat, err [0x80001001].
03-31 16:35:52.053 W/omx_vdec( 366): <__AwOmxVdecGetExtensionIndex:1737>: GetExtensionIndex OMX.google.android.index.describeColorFormat2, err [0x80001001].
03-31 16:35:52.053 E/omx_vdec( 366): : erro: pParamData->nIndex > m_sPortFormatType.nIndex
03-31 16:35:52.053 W/omx_vdec( 366): <__AwOmxVdecGetExtensionIndex:1737>: GetExtensionIndex OMX.google.android.index.describeColorFormat, err [0x80001001].
03-31 16:35:52.053 W/omx_vdec( 366): <__AwOmxVdecGetExtensionIndex:1737>: GetExtensionIndex OMX.google.android.index.describeColorFormat2, err [0x80001001].
03-31 16:35:52.053 E/omx_vdec( 366): : erro: pParamData->nIndex > m_sPortFormatType.nIndex
03-31 16:35:52.053 W/omx_vdec( 366): <__AwOmxVdecGetExtensionIndex:1737>: GetExtensionIndex OMX.google.android.index.describeColorFormat, err [0x80001001].
03-31 16:35:52.053 W/omx_vdec( 366): <__AwOmxVdecGetExtensionIndex:1737>: GetExtensionIndex OMX.google.android.index.describeColorFormat2, err [0x80001001].
03-31 16:35:52.054 E/omx_vdec( 366): : erro: pParamData->nIndex > m_sPortFormatType.nIndex
03-31 16:35:52.054 W/omx_vdec( 366): <__AwOmxVdecGetExtensionIndex:1737>: GetExtensionIndex OMX.google.android.index.describeColorFormat, err [0x80001001].
03-31 16:35:52.054 W/omx_vdec( 366): <__AwOmxVdecGetExtensionIndex:1737>: GetExtensionIndex OMX.google.android.index.describeColorFormat2, err [0x80001001].
03-31 16:35:52.054 E/omx_vdec( 366): : erro: pParamData->nIndex > m_sPortFormatType.nIndex
03-31 16:35:52.054 W/omx_vdec( 366): <__AwOmxVdecGetExtensionIndex:1737>: GetExtensionIndex OMX.google.android.index.describeColorFormat, err [0x80001001].
03-31 16:35:52.054 W/omx_vdec( 366): <__AwOmxVdecGetExtensionIndex:1737>: GetExtensionIndex OMX.google.android.index.describeColorFormat2, err [0x80001001].
03-31 16:35:52.054 E/omx_vdec( 366): : erro: pParamData->nIndex > m_sPortFormatType.nIndex
03-31 16:35:52.054 W/omx_vdec( 366): <__AwOmxVdecGetExtensionIndex:1737>: GetExtensionIndex OMX.google.android.index.describeColorFormat, err [0x80001001].
03-31 16:35:52.054 W/omx_vdec( 366): <__AwOmxVdecGetExtensionIndex:1737>: GetExtensionIndex OMX.google.android.index.describeColorFormat2, err [0x80001001].
03-31 16:35:52.055 E/omx_vdec( 366): : erro: pParamData->nIndex > m_sPortFormatType.nIndex
03-31 16:35:52.055 W/omx_vdec( 366): <__AwOmxVdecGetExtensionIndex:1737>: GetExtensionIndex OMX.google.android.index.describeColorFormat, err [0x80001001].
03-31 16:35:52.055 W/omx_vdec( 366): <__AwOmxVdecGetExtensionIndex:1737>: GetExtensionIndex OMX.google.android.index.describeColorFormat2, err [0x80001001].
03-31 16:35:52.055 E/omx_vdec( 366): : erro: pParamData->nIndex > m_sPortFormatType.nIndex
03-31 16:35:52.055 W/omx_vdec( 366): <__AwOmxVdecGetExtensionIndex:1737>: GetExtensionIndex OMX.google.android.index.describeColorFormat, err [0x80001001].
03-31 16:35:52.055 W/omx_vdec( 366): <__AwOmxVdecGetExtensionIndex:1737>: GetExtensionIndex OMX.google.android.index.describeColorFormat2, err [0x80001001].
03-31 16:35:52.055 E/omx_vdec( 366): : erro: pParamData->nIndex > m_sPortFormatType.nIndex
03-31 16:35:52.055 W/omx_vdec( 366): <__AwOmxVdecGetExtensionIndex:1737>: GetExtensionIndex OMX.google.android.index.describeColorFormat, err [0x80001001].
03-31 16:35:52.056 W/omx_vdec( 366): <__AwOmxVdecGetExtensionIndex:1737>: GetExtensionIndex OMX.google.android.index.describeColorFormat2, err [0x80001001].
03-31 16:35:52.056 E/omx_vdec( 366): : erro: pParamData->nIndex > m_sPortFormatType.nIndex
03-31 16:35:52.056 W/omx_vdec( 366): <__AwOmxVdecGetExtensionIndex:1737>: GetExtensionIndex OMX.google.android.index.describeColorFormat, err [0x80001001].
03-31 16:35:52.056 W/omx_vdec( 366): <__AwOmxVdecGetExtensionIndex:1737>: GetExtensionIndex OMX.google.android.index.describeColorFormat2, err [0x80001001].
03-31 16:35:52.056 E/omx_vdec( 366): : erro: pParamData->nIndex > m_sPortFormatType.nIndex
03-31 16:35:52.056 W/omx_vdec( 366): <__AwOmxVdecGetExtensionIndex:1737>: GetExtensionIndex OMX.google.android.index.describeColorFormat, err [0x80001001].
03-31 16:35:52.056 W/omx_vdec( 366): <__AwOmxVdecGetExtensionIndex:1737>: GetExtensionIndex OMX.google.android.index.describeColorFormat2, err [0x80001001].
03-31 16:35:52.056 E/omx_vdec( 366): : erro: pParamData->nIndex > m_sPortFormatType.nIndex
03-31 16:35:52.056 W/omx_vdec( 366): <__AwOmxVdecGetExtensionIndex:1737>: GetExtensionIndex OMX.google.android.index.describeColorFormat, err [0x80001001].
03-31 16:35:52.057 W/omx_vdec( 366): <__AwOmxVdecGetExtensionIndex:1737>: GetExtensionIndex OMX.google.android.index.describeColorFormat2, err [0x80001001].
03-31 16:35:52.057 E/omx_vdec( 366): : erro: pParamData->nIndex > m_sPortFormatType.nIndex
03-31 16:35:52.057 W/omx_vdec( 366): <__AwOmxVdecGetExtensionIndex:1737>: GetExtensionIndex OMX.google.android.index.describeColorFormat, err [0x80001001].
03-31 16:35:52.057 W/omx_vdec( 366): <__AwOmxVdecGetExtensionIndex:1737>: GetExtensionIndex OMX.google.android.index.describeColorFormat2, err [0x80001001].
03-31 16:35:52.057 E/omx_vdec( 366): : erro: pParamData->nIndex > m_sPortFormatType.nIndex
03-31 16:35:52.057 W/omx_vdec( 366): <__AwOmxVdecGetExtensionIndex:1737>: GetExtensionIndex OMX.google.android.index.describeColorFormat, err [0x80001001].
03-31 16:35:52.057 W/omx_vdec( 366): <__AwOmxVdecGetExtensionIndex:1737>: GetExtensionIndex OMX.google.android.index.describeColorFormat2, err [0x80001001].
03-31 16:35:52.058 E/omx_vdec( 366): : erro: pParamData->nIndex > m_sPortFormatType.nIndex
03-31 16:35:52.058 W/omx_vdec( 366): <__AwOmxVdecGetExtensionIndex:1737>: GetExtensionIndex OMX.google.android.index.describeColorFormat, err [0x80001001].
03-31 16:35:52.058 W/omx_vdec( 366): <__AwOmxVdecGetExtensionIndex:1737>: GetExtensionIndex OMX.google.android.index.describeColorFormat2, err [0x80001001].
03-31 16:35:52.058 E/omx_vdec( 366): : erro: pParamData->nIndex > m_sPortFormatType.nIndex
03-31 16:35:52.058 W/omx_vdec( 366): <__AwOmxVdecGetExtensionIndex:1737>: GetExtensionIndex OMX.google.android.index.describeColorFormat, err [0x80001001].
03-31 16:35:52.058 W/omx_vdec( 366): <__AwOmxVdecGetExtensionIndex:1737>: GetExtensionIndex OMX.google.android.index.describeColorFormat2, err [0x80001001].
03-31 16:35:52.059 E/omx_vdec( 366): : erro: pParamData->nIndex > m_sPortFormatType.nIndex
03-31 16:35:52.059 W/omx_vdec( 366): <__AwOmxVdecGetExtensionIndex:1737>: GetExtensionIndex OMX.google.android.index.describeColorFormat, err [0x80001001].
03-31 16:35:52.059 W/omx_vdec( 366): <__AwOmxVdecGetExtensionIndex:1737>: GetExtensionIndex OMX.google.android.index.describeColorFormat2, err [0x80001001].
03-31 16:35:52.059 E/omx_vdec( 366): : erro: pParamData->nIndex > m_sPortFormatType.nIndex
03-31 16:35:52.059 W/omx_vdec( 366): <__AwOmxVdecGetExtensionIndex:1737>: GetExtensionIndex OMX.google.android.index.describeColorFormat, err [0x80001001].
03-31 16:35:52.060 W/omx_vdec( 366): <__AwOmxVdecGetExtensionIndex:1737>: GetExtensionIndex OMX.google.android.index.describeColorFormat2, err [0x80001001].
03-31 16:35:52.060 E/omx_vdec( 366): : erro: pParamData->nIndex > m_sPortFormatType.nIndex
03-31 16:35:52.061 W/omx_vdec( 366): <__AwOmxVdecGetExtensionIndex:1737>: GetExtensionIndex OMX.google.android.index.describeColorFormat, err [0x80001001].
03-31 16:35:52.061 W/omx_vdec( 366): <__AwOmxVdecGetExtensionIndex:1737>: GetExtensionIndex OMX.google.android.index.describeColorFormat2, err [0x80001001].
03-31 16:35:52.061 E/omx_vdec( 366): : erro: pParamData->nIndex > m_sPortFormatType.nIndex
03-31 16:35:52.061 W/omx_vdec( 366): <__AwOmxVdecGetExtensionIndex:1737>: GetExtensionIndex OMX.google.android.index.describeColorFormat, err [0x80001001].
03-31 16:35:52.062 W/omx_vdec( 366): <__AwOmxVdecGetExtensionIndex:1737>: GetExtensionIndex OMX.google.android.index.describeColorFormat2, err [0x80001001].
03-31 16:35:52.062 E/omx_vdec( 366): : erro: pParamData->nIndex > m_sPortFormatType.nIndex
03-31 16:35:52.062 W/omx_vdec( 366): <__AwOmxVdecGetExtensionIndex:1737>: GetExtensionIndex OMX.google.android.index.describeColorFormat, err [0x80001001].
03-31 16:35:52.062 W/omx_vdec( 366): <__AwOmxVdecGetExtensionIndex:1737>: GetExtensionIndex OMX.google.android.index.describeColorFormat2, err [0x80001001].
03-31 16:35:52.062 E/omx_vdec( 366): : erro: pParamData->nIndex > m_sPortFormatType.nIndex
03-31 16:35:52.062 W/omx_vdec( 366): <__AwOmxVdecGetExtensionIndex:1737>: GetExtensionIndex OMX.google.android.index.describeColorFormat, err [0x80001001].
03-31 16:35:52.062 W/omx_vdec( 366): <__AwOmxVdecGetExtensionIndex:1737>: GetExtensionIndex OMX.google.android.index.describeColorFormat2, err [0x80001001].
03-31 16:35:52.062 E/omx_vdec( 366): : erro: pParamData->nIndex > m_sPortFormatType.nIndex
03-31 16:35:52.063 W/omx_vdec( 366): <__AwOmxVdecGetExtensionIndex:1737>: GetExtensionIndex OMX.google.android.index.describeColorFormat, err [0x80001001].
03-31 16:35:52.063 W/omx_vdec( 366): <__AwOmxVdecGetExtensionIndex:1737>: GetExtensionIndex OMX.google.android.index.describeColorFormat2, err [0x80001001].
03-31 16:35:52.063 E/omx_vdec( 366): : erro: pParamData->nIndex > m_sPortFormatType.nIndex
03-31 16:35:52.063 W/omx_vdec( 366): <__AwOmxVdecGetExtensionIndex:1737>: GetExtensionIndex OMX.google.android.index.describeColorFormat, err [0x80001001].
03-31 16:35:52.063 W/omx_vdec( 366): <__AwOmxVdecGetExtensionIndex:1737>: GetExtensionIndex OMX.google.android.index.describeColorFormat2, err [0x80001001].
03-31 16:35:52.063 E/omx_vdec( 366): : erro: pParamData->nIndex > m_sPortFormatType.nIndex
03-31 16:35:52.063 W/omx_vdec( 366): <__AwOmxVdecGetExtensionIndex:1737>: GetExtensionIndex OMX.google.android.index.describeColorFormat, err [0x80001001].
03-31 16:35:52.063 W/omx_vdec( 366): <__AwOmxVdecGetExtensionIndex:1737>: GetExtensionIndex OMX.google.android.index.describeColorFormat2, err [0x80001001].
03-31 16:35:52.064 E/omx_vdec( 366): : erro: pParamData->nIndex > m_sPortFormatType.nIndex
03-31 16:35:52.064 W/omx_vdec( 366): <__AwOmxVdecGetExtensionIndex:1737>: GetExtensionIndex OMX.google.android.index.describeColorFormat, err [0x80001001].
03-31 16:35:52.064 W/omx_vdec( 366): <__AwOmxVdecGetExtensionIndex:1737>: GetExtensionIndex OMX.google.android.index.describeColorFormat2, err [0x80001001].
03-31 16:35:52.064 E/omx_vdec( 366): : erro: pParamData->nIndex > m_sPortFormatType.nIndex
03-31 16:35:52.064 W/omx_vdec( 366): <__AwOmxVdecGetExtensionIndex:1737>: GetExtensionIndex OMX.google.android.index.describeColorFormat, err [0x80001001].
03-31 16:35:52.064 W/omx_vdec( 366): <__AwOmxVdecGetExtensionIndex:1737>: GetExtensionIndex OMX.google.android.index.describeColorFormat2, err [0x80001001].
03-31 16:35:52.064 E/omx_vdec( 366): : erro: pParamData->nIndex > m_sPortFormatType.nIndex
03-31 16:35:52.064 W/omx_vdec( 366): <__AwOmxVdecGetExtensionIndex:1737>: GetExtensionIndex OMX.google.android.index.describeColorFormat, err [0x80001001].
03-31 16:35:52.064 W/omx_vdec( 366): <__AwOmxVdecGetExtensionIndex:1737>: GetExtensionIndex OMX.google.android.index.describeColorFormat2, err [0x80001001].
03-31 16:35:52.065 E/omx_vdec( 366): : erro: pParamData->nIndex > m_sPortFormatType.nIndex
03-31 16:35:52.065 W/omx_vdec( 366): <__AwOmxVdecGetExtensionIndex:1737>: GetExtensionIndex OMX.google.android.index.describeColorFormat, err [0x80001001].
03-31 16:35:52.065 W/omx_vdec( 366): <__AwOmxVdecGetExtensionIndex:1737>: GetExtensionIndex OMX.google.android.index.describeColorFormat2, err [0x80001001].
03-31 16:35:52.065 E/omx_vdec( 366): : erro: pParamData->nIndex > m_sPortFormatType.nIndex
03-31 16:35:52.065 W/omx_vdec( 366): <__AwOmxVdecGetExtensionIndex:1737>: GetExtensionIndex OMX.google.android.index.describeColorFormat, err [0x80001001].
03-31 16:35:52.065 W/omx_vdec( 366): <__AwOmxVdecGetExtensionIndex:1737>: GetExtensionIndex OMX.google.android.index.describeColorFormat2, err [0x80001001].
03-31 16:35:52.065 W/ACodec ( 360): [OMX.allwinner.video.decoder.avc] stopping checking formats after 32: COLOR_FormatYUV420Planar(13)
03-31 16:35:52.065 W/omx_vdec( 366): <__AwOmxVdecGetExtensionIndex:1737>: GetExtensionIndex OMX.google.android.index.configureVideoTunnelMode, err [0x80001001].
03-31 16:35:52.065 E/OMXNodeInstance( 366): getExtensionIndex(0xf0c55000:allwinner.decoder.avc, OMX.google.android.index.configureVideoTunnelMode) ERROR: Undefined(0x80001001)
03-31 16:35:52.065 D/MediaCodecInfo( 360): detail feature-tunneled-playback wasn't present to remove
03-31 16:35:52.066 W/omx_vdec( 366): <__AwOmxVdecGetExtensionIndex:1737>: GetExtensionIndex OMX.google.android.index.storeANWBufferInMetadata, err [0x80001001].
03-31 16:35:52.066 W/omx_vdec_aw( 366): <__anSetExtPara:3011>: Setparameter: unknown param 2131755011
03-31 16:35:52.066 W/OMXNodeInstance( 366): [0xf0c55000:allwinner.decoder.avc] component does not support metadata mode; using fallback
03-31 16:35:52.066 W/libc ( 366): invalid pthread_t (0) passed to pthread_join
03-31 16:35:52.066 W/libc ( 366): invalid pthread_t (0) passed to pthread_join
03-31 16:35:52.066 W/libc ( 366): invalid pthread_t (0) passed to pthread_join
03-31 16:35:52.069 I/OMXClient( 360): IOmx service obtained
03-31 16:35:52.069 W/SystemServiceManager( 479): Service com.android.server.policy.PermissionPolicyService took 78 ms in onBootPhase
03-31 16:35:52.069 I/OMXStore( 366): makeComponentInstance(OMX.allwinner.video.decoder.avc.secure) in android.hardwar process
03-31 16:35:52.070 D/SystemServerTiming( 479): OnBootPhase_550 took to complete: 166ms
03-31 16:35:52.070 D/SystemServerTiming( 479): StartActivityManagerReadyPhase took to complete: 166ms
03-31 16:35:52.070 I/SystemServerTiming( 479): StartObservingNativeCrashes
03-31 16:35:52.070 D/SystemServerTiming( 479): StartObservingNativeCrashes took to complete: 1ms
03-31 16:35:52.070 D/CompatibilityChangeReporter( 479): Compat change id reported: 168419799; UID 1002; state: DISABLED
03-31 16:35:52.070 I/SystemServerTiming( 479): RegisterAppOpsPolicy
03-31 16:35:52.071 W/ActivityManager( 479): Slow operation: 70ms so far, now at attachApplicationLocked: immediately before bindApplication
03-31 16:35:52.074 E/omx_vdec( 366): : This platform does not support secure video playback
03-31 16:35:52.075 E/omx_sem ( 366): : handle is null
03-31 16:35:52.075 E/omx_sem ( 366): : handle is null
03-31 16:35:52.075 E/omx_sem ( 366): : handle is null
03-31 16:35:52.075 E/omx_sem ( 366): : handle is null
03-31 16:35:52.075 E/omx_sem ( 366): : handle is null
03-31 16:35:52.075 W/omx_vdec_aw( 366): : pdec is null
03-31 16:35:52.075 E/android.hardware.media.omx@1.0-service( 366): Failed to allocate omx component 'OMX.allwinner.video.decoder.avc.secure' err=InvalidComponentName(0x80001002)
03-31 16:35:52.075 W/OmxInfoBuilder( 360): Fail to add media type video/avc to codec OMX.allwinner.video.decoder.avc.secure
03-31 16:35:52.077 I/OMXClient( 360): IOmx service obtained
03-31 16:35:52.078 I/OMXStore( 366): makeComponentInstance(OMX.allwinner.video.decoder.hevc) in android.hardwar process
03-31 16:35:52.079 I/omx_vdec_aw( 366): : OmxDecoderCreate.
03-31 16:35:52.079 W/omx_vdec( 366): <__AwOmxVdecSetParameter:1561>: Set Parameter called in valid state
03-31 16:35:52.080 W/omx_vdec( 366): : pParamProfileLevel->nProfileIndex[0x1] error!
03-31 16:35:52.080 E/OMXNodeInstance( 366): getParameter(0xf0c55000:allwinner.decoder.hevc, ParamVideoProfileLevelQuerySupported(0x600000f)) ERROR: BadParameter(0x80001005)
03-31 16:35:52.080 W/omx_vdec( 366): <__AwOmxVdecGetExtensionIndex:1737>: GetExtensionIndex OMX.google.android.index.describeColorFormat, err [0x80001001].
03-31 16:35:52.080 W/omx_vdec( 366): <__AwOmxVdecGetExtensionIndex:1737>: GetExtensionIndex OMX.google.android.index.describeColorFormat2, err [0x80001001].
03-31 16:35:52.080 E/omx_vdec( 366): : erro: pParamData->nIndex > m_sPortFormatType.nIndex
03-31 16:35:52.080 W/omx_vdec( 366): <__AwOmxVdecGetExtensionIndex:1737>: GetExtensionIndex OMX.google.android.index.describeColorFormat, err [0x80001001].
03-31 16:35:52.080 W/ActivityManager( 479): Slow operation: 80ms so far, now at attachApplicationLocked: immediately after bindApplication
03-31 16:35:52.080 W/omx_vdec( 366): <__AwOmxVdecGetExtensionIndex:1737>: GetExtensionIndex OMX.google.android.index.describeColorFormat2, err [0x80001001].
03-31 16:35:52.080 W/ActivityManager( 479): Slow operation: 80ms so far, now at attachApplicationLocked: after updateLruProcessLocked
03-31 16:35:52.081 E/omx_vdec( 366): : erro: pParamData->nIndex > m_sPortFormatType.nIndex
03-31 16:35:52.081 W/omx_vdec( 366): <__AwOmxVdecGetExtensionIndex:1737>: GetExtensionIndex OMX.google.android.index.describeColorFormat, err [0x80001001].
03-31 16:35:52.081 W/omx_vdec( 366): <__AwOmxVdecGetExtensionIndex:1737>: GetExtensionIndex OMX.google.android.index.describeColorFormat2, err [0x80001001].
03-31 16:35:52.081 E/omx_vdec( 366): : erro: pParamData->nIndex > m_sPortFormatType.nIndex
03-31 16:35:52.081 W/omx_vdec( 366): <__AwOmxVdecGetExtensionIndex:1737>: GetExtensionIndex OMX.google.android.index.describeColorFormat, err [0x80001001].
03-31 16:35:52.081 W/omx_vdec( 366): <__AwOmxVdecGetExtensionIndex:1737>: GetExtensionIndex OMX.google.android.index.describeColorFormat2, err [0x80001001].
03-31 16:35:52.081 E/omx_vdec( 366): : erro: pParamData->nIndex > m_sPortFormatType.nIndex
03-31 16:35:52.081 W/omx_vdec( 366): <__AwOmxVdecGetExtensionIndex:1737>: GetExtensionIndex OMX.google.android.index.describeColorFormat, err [0x80001001].
03-31 16:35:52.081 W/omx_vdec( 366): <__AwOmxVdecGetExtensionIndex:1737>: GetExtensionIndex OMX.google.android.index.describeColorFormat2, err [0x80001001].
03-31 16:35:52.081 E/omx_vdec( 366): : erro: pParamData->nIndex > m_sPortFormatType.nIndex
03-31 16:35:52.082 W/omx_vdec( 366): <__AwOmxVdecGetExtensionIndex:1737>: GetExtensionIndex OMX.google.android.index.describeColorFormat, err [0x80001001].
03-31 16:35:52.082 W/omx_vdec( 366): <__AwOmxVdecGetExtensionIndex:1737>: GetExtensionIndex OMX.google.android.index.describeColorFormat2, err [0x80001001].
03-31 16:35:52.082 E/omx_vdec( 366): : erro: pParamData->nIndex > m_sPortFormatType.nIndex
03-31 16:35:52.082 W/omx_vdec( 366): <__AwOmxVdecGetExtensionIndex:1737>: GetExtensionIndex OMX.google.android.index.describeColorFormat, err [0x80001001].
03-31 16:35:52.082 W/omx_vdec( 366): <__AwOmxVdecGetExtensionIndex:1737>: GetExtensionIndex OMX.google.android.index.describeColorFormat2, err [0x80001001].
03-31 16:35:52.082 E/omx_vdec( 366): : erro: pParamData->nIndex > m_sPortFormatType.nIndex
03-31 16:35:52.082 W/omx_vdec( 366): <__AwOmxVdecGetExtensionIndex:1737>: GetExtensionIndex OMX.google.android.index.describeColorFormat, err [0x80001001].
03-31 16:35:52.082 W/omx_vdec( 366): <__AwOmxVdecGetExtensionIndex:1737>: GetExtensionIndex OMX.google.android.index.describeColorFormat2, err [0x80001001].
03-31 16:35:52.082 E/omx_vdec( 366): : erro: pParamData->nIndex > m_sPortFormatType.nIndex
03-31 16:35:52.083 W/omx_vdec( 366): <__AwOmxVdecGetExtensionIndex:1737>: GetExtensionIndex OMX.google.android.index.describeColorFormat, err [0x80001001].
03-31 16:35:52.083 W/omx_vdec( 366): <__AwOmxVdecGetExtensionIndex:1737>: GetExtensionIndex OMX.google.android.index.describeColorFormat2, err [0x80001001].
03-31 16:35:52.083 E/omx_vdec( 366): : erro: pParamData->nIndex > m_sPortFormatType.nIndex
03-31 16:35:52.083 W/omx_vdec( 366): <__AwOmxVdecGetExtensionIndex:1737>: GetExtensionIndex OMX.google.android.index.describeColorFormat, err [0x80001001].
03-31 16:35:52.083 W/omx_vdec( 366): <__AwOmxVdecGetExtensionIndex:1737>: GetExtensionIndex OMX.google.android.index.describeColorFormat2, err [0x80001001].
03-31 16:35:52.083 E/omx_vdec( 366): : erro: pParamData->nIndex > m_sPortFormatType.nIndex
03-31 16:35:52.083 W/omx_vdec( 366): <__AwOmxVdecGetExtensionIndex:1737>: GetExtensionIndex OMX.google.android.index.describeColorFormat, err [0x80001001].
03-31 16:35:52.083 W/omx_vdec( 366): <__AwOmxVdecGetExtensionIndex:1737>: GetExtensionIndex OMX.google.android.index.describeColorFormat2, err [0x80001001].
03-31 16:35:52.084 E/omx_vdec( 366): : erro: pParamData->nIndex > m_sPortFormatType.nIndex
03-31 16:35:52.084 W/omx_vdec( 366): <__AwOmxVdecGetExtensionIndex:1737>: GetExtensionIndex OMX.google.android.index.describeColorFormat, err [0x80001001].
03-31 16:35:52.084 W/omx_vdec( 366): <__AwOmxVdecGetExtensionIndex:1737>: GetExtensionIndex OMX.google.android.index.describeColorFormat2, err [0x80001001].
03-31 16:35:52.084 E/omx_vdec( 366): : erro: pParamData->nIndex > m_sPortFormatType.nIndex
