03-31 16:35:58.865 E/ActivityManager( 479): java.lang.Throwable
03-31 16:35:58.865 E/ActivityManager( 479): at com.android.server.am.ActivityManagerService.checkBroadcastFromSystem(ActivityManagerService.java:12816)
03-31 16:35:58.865 E/ActivityManager( 479): at com.android.server.am.ActivityManagerService.broadcastIntentLocked(ActivityManagerService.java:13416)
03-31 16:35:58.865 E/ActivityManager( 479): at com.android.server.am.ActivityManagerService.broadcastIntentLocked(ActivityManagerService.java:12833)
03-31 16:35:58.865 E/ActivityManager( 479): at com.android.server.am.ActivityManagerService.broadcastIntentWithFeature(ActivityManagerService.java:13670)
03-31 16:35:58.865 E/ActivityManager( 479): at android.app.IActivityManager$Stub.onTransact(IActivityManager.java:2326)
03-31 16:35:58.865 E/ActivityManager( 479): at com.android.server.am.ActivityManagerService.onTransact(ActivityManagerService.java:2509)
03-31 16:35:58.865 E/ActivityManager( 479): at android.os.Binder.execTransactInternal(Binder.java:1179)
03-31 16:35:58.865 E/ActivityManager( 479): at android.os.Binder.execTransact(Binder.java:1143)
03-31 16:35:58.868 E/ActivityManager( 479): Sending non-protected broadcast lerad.service.etna.haqu from system 1051:com.dangbei.lerad.etna.haqu/1000 pkg com.dangbei.lerad.etna.haqu
03-31 16:35:58.868 E/ActivityManager( 479): java.lang.Throwable
03-31 16:35:58.868 E/ActivityManager( 479): at com.android.server.am.ActivityManagerService.checkBroadcastFromSystem(ActivityManagerService.java:12816)
03-31 16:35:58.868 E/ActivityManager( 479): at com.android.server.am.ActivityManagerService.broadcastIntentLocked(ActivityManagerService.java:13513)
03-31 16:35:58.868 E/ActivityManager( 479): at com.android.server.am.ActivityManagerService.broadcastIntentLocked(ActivityManagerService.java:12833)
03-31 16:35:58.868 E/ActivityManager( 479): at com.android.server.am.ActivityManagerService.broadcastIntentWithFeature(ActivityManagerService.java:13670)
03-31 16:35:58.868 E/ActivityManager( 479): at android.app.IActivityManager$Stub.onTransact(IActivityManager.java:2326)
03-31 16:35:58.868 E/ActivityManager( 479): at com.android.server.am.ActivityManagerService.onTransact(ActivityManagerService.java:2509)
03-31 16:35:58.868 E/ActivityManager( 479): at android.os.Binder.execTransactInternal(Binder.java:1179)
03-31 16:35:58.868 E/ActivityManager( 479): at android.os.Binder.execTransact(Binder.java:1143)
03-31 16:35:58.872 E/ccc ( 1051): cccccc etna-service onStartCommand
03-31 16:35:58.882 D/WifiNl80211Manager( 479): Scan result ready event
03-31 16:35:58.883 D/WifiNative( 479): Scan result ready event
03-31 16:35:58.884 E/CoreService( 1051): onStartCommand
03-31 16:35:58.890 I/DropBoxManagerService( 479): add tag=system_server_wtf isTagEnabled=true flags=0x2
03-31 16:35:58.908 I/DropBoxManagerService( 479): add tag=system_server_wtf isTagEnabled=true flags=0x2
03-31 16:35:58.887 D/SystemUIBootTiming( 680): SystemUIService: bootcomplete com.android.systemui.statusbar.tv.TvStatusBar took 31 ms
03-31 16:35:58.909 D/SystemUIService( 680): loading: com.android.systemui.statusbar.tv.notifications.TvNotificationPanel
03-31 16:35:58.909 D/SystemUIService( 680): running: com.android.systemui.statusbar.tv.notifications.TvNotificationPanel@117f1a7
03-31 16:35:58.910 D/SystemUIBootTiming( 680): SystemUIService: bootcomplete com.android.systemui.statusbar.tv.notifications.TvNotificationPanel took 1 ms
03-31 16:35:58.910 D/SystemUIService( 680): loading: com.android.systemui.statusbar.tv.notifications.TvNotificationHandler
03-31 16:35:58.923 D/SystemUIService( 680): running: com.android.systemui.statusbar.tv.notifications.TvNotificationHandler@fcf654
03-31 16:35:58.933 D/CompatibilityChangeReporter( 479): Compat change id reported: 168419799; UID 10074; state: DISABLED
03-31 16:35:58.949 D/nativeloader( 1095): classloader namespace configured for unbundled product apk. library_path=/product/app/webview/lib/arm:/product/app/webview/webview.apk!/lib/armeabi-v7a:/product/lib:/system/product/lib
03-31 16:35:58.953 W/ContextImpl( 1051): Calling a method in the system process without a qualified user: android.app.ContextImpl.bindService:1895 android.content.ContextWrapper.bindService:810 com.dangbei.lerad.etna.lib.client.EtnaClient.bindServer:138 com.dangbei.lerad.etna.lib.client.EtnaClient.access$600:29 com.dangbei.lerad.etna.lib.client.EtnaClient$3.call:205
03-31 16:35:58.957 E/hq ( 1095): LauncherCallback:::onViewCreate
03-31 16:35:58.957 D/LocalBluetoothProfileManager( 680): Adding local MAP profile
03-31 16:35:58.957 E/hq ( 1095): LauncherCallback:::onAttach
03-31 16:35:58.973 D/SystemUIBootTiming( 680): SystemUIService: bootcomplete com.android.systemui.statusbar.tv.notifications.TvNotificationHandler took 63 ms
03-31 16:35:58.973 D/SystemUIService( 680): loading: com.android.systemui.statusbar.tv.VpnStatusObserver
03-31 16:35:58.982 D/BluetoothHeadset( 680): Proxy object connected
03-31 16:35:59.019 I/MediaProvider( 1033): Begin Intent { act=com.android.providers.media.action.SCAN_VOLUME (has extras) }
03-31 16:35:59.045 E/hq ( 1095): LauncherCallback:::inspect
03-31 16:35:59.046 E/hq ( 1095): AdHelper:::后台配置是否展现广告: true
03-31 16:35:59.048 D/OsInitLaunch( 1095): send cache: launchHome, launchMainActivity, null, 1
03-31 16:35:59.051 D/OsInitLaunch( 1095): send cache: mangoAuth, null, AUTH_NO_NETWORK, null
03-31 16:35:59.074 D/ConnectivityService( 479): NetReassign [no changes]
03-31 16:35:59.089 D/BluetoothMap( 680): Create BluetoothMap proxy object
03-31 16:35:59.106 E/dangbei111( 1051): 5mins后会再次获取电量
03-31 16:35:59.106 E/dangbei111( 1051): getBattery delay 300000
03-31 16:35:59.107 E/ccc ( 1051): cccccc etnaService addListener com.dangbei.lerad.etna.lib.client.EtnaServerListener@2a4070f com.dangbei.etna.setting
03-31 16:35:59.107 E/ccc ( 1051): cccccc SettingHelper onServerConnected
03-31 16:35:59.108 D/BluetoothMap( 680): Binding service...
03-31 16:35:59.111 E/ccc ( 1051): cccccc etnaService addListener com.dangbei.lerad.etna.lib.client.EtnaServerListener@ae001a5 com.dangbei.etna.update
03-31 16:35:59.113 E/ccc ( 1051): cccccc UpdateHelper onServerConnected
03-31 16:35:59.121 E/ccc ( 1051): cccccc sendCycleCheckBootGuideStatusMessage
03-31 16:35:59.125 W/ContextImpl( 1051): Calling a method in the system process without a qualified user: android.app.ContextImpl.startService:1816 android.content.ContextWrapper.startService:774 com.dangbei.etna.setting.core.SettingHelper.startRocky:260 com.dangbei.etna.setting.core.SettingHelper.sendCycleCheckBootGuideStatusMessage:206 com.dangbei.etna.setting.core.SettingHelper.startLoop:195
03-31 16:35:59.128 E/ccc ( 1051): cccccc etnaService addListener com.dangbei.lerad.etna.lib.client.EtnaServerListener@c7f297a com.dangbei.lerad.etna.haqu.andes
03-31 16:35:59.140 V/GraphicsEnvironment( 1238): ANGLE Developer option for 'com.android.providers.contacts' set to: 'default'
03-31 16:35:59.141 V/GraphicsEnvironment( 1238): Neither updatable production driver nor prerelease driver is supported.
03-31 16:35:59.152 D/NetworkSecurityConfig( 1238): No Network Security Config specified, using platform default
03-31 16:35:59.152 W/system_server( 479): Long monitor contention with owner android.bg (539) at void com.android.server.pm.Settings$RuntimePermissionPersistence$MyHandler.handleMessage(android.os.Message)(Settings.java:5648) waiters=2 in android.content.pm.ProviderInfo com.android.server.pm.ComponentResolver.queryProvider(java.lang.String, int, int) for 101ms
03-31 16:35:59.153 D/NsdService( 479): New client listening to asynchronous messages
03-31 16:35:59.153 D/NetworkSecurityConfig( 1238): No Network Security Config specified, using platform default
03-31 16:35:59.154 D/NsdService( 479): New client, channel: com.android.internal.util.AsyncChannel@29efe8b messenger: android.os.Messenger@9c2eb68
03-31 16:35:59.155 D/CompatibilityChangeReporter( 479): Compat change id reported: 168419799; UID 1000; state: DISABLED
03-31 16:35:59.155 D/ColorDisplayService( 479): NightDisplayTintController Animation cancelled: false to matrix:
03-31 16:35:59.155 D/ColorDisplayService( 479): 1.000000 0.000000 0.000000 0.000000 0.000000 1.000000 0.000000 0.000000 0.000000 0.000000 1.000000 0.000000 0.000000 0.000000 0.000000 1.000000 min matrix coefficients:
03-31 16:35:59.155 D/ColorDisplayService( 479): 1.000000 0.000000 0.000000 0.000000 0.000000 1.000000 0.000000 0.000000 0.000000 0.000000 1.000000 0.000000 0.000000 0.000000 0.000000 1.000000 max matrix coefficients:
03-31 16:35:59.155 D/ColorDisplayService( 479): 1.000000 0.000000 0.000000 0.000000 0.000000 1.000000 0.000000 0.000000 0.000000 0.000000 1.000000 0.000000 0.000000 0.000000 0.000000 1.000000
03-31 16:35:59.155 W/ContextImpl( 1051): Calling a method in the system process without a qualified user: android.app.ContextImpl.bindService:1895 android.content.ContextWrapper.bindService:810 com.dangbei.lerad.etna.lib.client.EtnaClient.bindServer:138 com.dangbei.lerad.etna.lib.client.EtnaClient.access$600:29 com.dangbei.lerad.etna.lib.client.EtnaClient$3.call:205
03-31 16:35:59.156 V/MediaStore( 1033): Examining volume emulated;0 with name external_primary and state mounted
03-31 16:35:59.159 I/d.leradlaunche( 1095): Waiting for a blocking GC ClassLinker
03-31 16:35:59.160 W/ContextImpl( 1051): Calling a method in the system process without a qualified user: android.app.ContextImpl.bindService:1895 android.content.ContextWrapper.bindService:810 com.dangbei.lerad.etna.lib.client.EtnaClient.bindServer:138 com.dangbei.lerad.etna.lib.client.EtnaClient.access$600:29 com.dangbei.lerad.etna.lib.client.EtnaClient$3.call:205
03-31 16:35:59.157 D/SystemUIService( 680): running: com.android.systemui.statusbar.tv.VpnStatusObserver@2df6e9f
03-31 16:35:59.160 V/GraphicsEnvironment( 1234): ANGLE Developer option for 'com.android.music' set to: 'default'
03-31 16:35:59.160 D/SystemUIBootTiming( 680): SystemUIService: bootcomplete com.android.systemui.statusbar.tv.VpnStatusObserver took 187 ms
03-31 16:35:59.160 D/SystemUIService( 680): loading: com.android.systemui.globalactions.GlobalActionsComponent
03-31 16:35:59.160 V/GraphicsEnvironment( 1234): Neither updatable production driver nor prerelease driver is supported.
03-31 16:35:59.164 D/CompatibilityChangeReporter( 1051): Compat change id reported: 191844585; UID 1000; state: DISABLED
03-31 16:35:59.165 I/Choreographer( 1095): Skipped 91 frames! The application may be doing too much work on its main thread.
03-31 16:35:59.167 D/NetworkSecurityConfig( 1234): No Network Security Config specified, using platform default
03-31 16:35:59.167 D/NsdService( 479): mdnssd [start-service]
03-31 16:35:59.169 D/CompatibilityChangeReporter( 479): Compat change id reported: 158002302; UID 1000; state: ENABLED
03-31 16:35:59.170 D/SystemUIService( 680): running: com.android.systemui.globalactions.GlobalActionsComponent@8aa1bb5
03-31 16:35:59.171 D/NetworkSecurityConfig( 1234): No Network Security Config specified, using platform default
03-31 16:35:59.175 E/NsdService( 479): Failed to execute mdnssd [start-service]
03-31 16:35:59.175 E/NsdService( 479): com.android.server.NativeDaemonConnector$NativeDaemonFailureException: command '1 mdnssd start-service' failed with '402 1 Service already running'
03-31 16:35:59.175 E/NsdService( 479): at com.android.server.NativeDaemonConnector.executeForList(NativeDaemonConnector.java:516)
03-31 16:35:59.175 E/NsdService( 479): at com.android.server.NativeDaemonConnector.execute(NativeDaemonConnector.java:412)
03-31 16:35:59.175 E/NsdService( 479): at com.android.server.NativeDaemonConnector.execute(NativeDaemonConnector.java:407)
03-31 16:35:59.175 E/NsdService( 479): at com.android.server.NsdService$DaemonConnection.execute(NsdService.java:743)
03-31 16:35:59.175 E/NsdService( 479): at com.android.server.NsdService$DaemonConnection.maybeStart(NsdService.java:758)
03-31 16:35:59.175 E/NsdService( 479): at com.android.server.NsdService$NsdStateMachine.maybeStartDaemon(NsdService.java:100)
03-31 16:35:59.175 E/NsdService( 479): at com.android.server.NsdService$NsdStateMachine.access$1600(NsdService.java:88)
03-31 16:35:59.175 E/NsdService( 479): at com.android.server.NsdService$NsdStateMachine$DefaultState.processMessage(NsdService.java:223)
03-31 16:35:59.175 E/NsdService( 479): at com.android.internal.util.StateMachine$SmHandler.processMsg(StateMachine.java:993)
03-31 16:35:59.175 E/NsdService( 479): at com.android.internal.util.StateMachine$SmHandler.handleMessage(StateMachine.java:810)
03-31 16:35:59.175 E/NsdService( 479): at android.os.Handler.dispatchMessage(Handler.java:106)
03-31 16:35:59.175 E/NsdService( 479): at android.os.Looper.loopOnce(Looper.java:201)
03-31 16:35:59.175 E/NsdService( 479): at android.os.Looper.loop(Looper.java:288)
03-31 16:35:59.175 E/NsdService( 479): at android.os.HandlerThread.run(HandlerThread.java:67)
03-31 16:35:59.179 D/SystemUIBootTiming( 680): SystemUIService: bootcomplete com.android.systemui.globalactions.GlobalActionsComponent took 18 ms
03-31 16:35:59.179 D/SystemUIService( 680): loading: com.android.systemui.usb.StorageNotification
03-31 16:35:59.191 D/SystemUIService( 680): running: com.android.systemui.usb.StorageNotification@9d31916
03-31 16:35:59.208 I/ActivityManager( 479): com.dangbei.lerad.rocky is exempt from freezer
03-31 16:35:59.215 I/hwservicemanager( 183): getTransport: Cannot find entry android.hardware.configstore@1.0::ISurfaceFlingerConfigs/default in either framework or device VINTF manifest.
03-31 16:35:59.216 D/CompatibilityChangeReporter( 479): Compat change id reported: 135634846; UID 1000; state: DISABLED
03-31 16:35:59.218 W/ActivityManager( 479): Slow operation: 60ms so far, now at startProcess: done starting proc!
03-31 16:35:59.219 E/ccc ( 1051): cccccc sendCycleCheckBroadcast
03-31 16:35:59.221 W/ContextImpl( 1051): Calling a method in the system process without a qualified user: android.app.ContextImpl.sendBroadcast:1173 android.content.ContextWrapper.sendBroadcast:479 com.dangbei.etna.setting.core.SettingHelper.sendCycleToProjector:250 com.dangbei.etna.setting.core.SettingHelper.sendCycleCheckBroadcast:219 com.dangbei.etna.setting.core.SettingHelper.sendCycleCheckBootGuideStatusMessage:207
03-31 16:35:59.236 D/installd( 356): Found quota mount /dev/block/by-name/userdata at /data
03-31 16:35:59.236 D/installd( 356): Found quota mount /dev/block/by-name/userdata at /data/user/0
03-31 16:35:59.236 D/installd( 356): Found quota mount /dev/block/by-name/userdata at /mnt/pass_through/0/emulated
03-31 16:35:59.236 D/installd( 356): Found quota mount /dev/block/by-name/userdata at /mnt/user/0/emulated/0/Android/data
03-31 16:35:59.236 D/installd( 356): Found quota mount /dev/block/by-name/userdata at /storage/emulated/0/Android/data
03-31 16:35:59.236 D/installd( 356): Found quota mount /dev/block/by-name/userdata at /mnt/androidwritable/0/emulated/0/Android/data
03-31 16:35:59.237 D/installd( 356): Found quota mount /dev/block/by-name/userdata at /mnt/installer/0/emulated/0/Android/data
03-31 16:35:59.237 D/installd( 356): Found quota mount /dev/block/by-name/userdata at /mnt/user/0/emulated/0/Android/obb
03-31 16:35:59.237 D/installd( 356): Found quota mount /dev/block/by-name/userdata at /storage/emulated/0/Android/obb
03-31 16:35:59.237 D/installd( 356): Found quota mount /dev/block/by-name/userdata at /mnt/androidwritable/0/emulated/0/Android/obb
03-31 16:35:59.237 D/installd( 356): Found quota mount /dev/block/by-name/userdata at /mnt/installer/0/emulated/0/Android/obb
03-31 16:35:59.238 D/installd( 356): Found storage mount /dev/block/by-name/userdata at /mnt/pass_through/0/emulated
03-31 16:35:59.240 W/ContextImpl( 1051): Calling a method in the system process without a qualified user: android.app.ContextImpl.sendBroadcast:1173 android.content.ContextWrapper.sendBroadcast:479 com.dangbei.etna.setting.core.SettingHelper.sendCycleToVoice:235 com.dangbei.etna.setting.core.SettingHelper.sendCycleCheckBroadcast:220 com.dangbei.etna.setting.core.SettingHelper.sendCycleCheckBootGuideStatusMessage:207
03-31 16:35:59.244 D/LocalBluetoothProfileManager( 680): Adding local OPP profile
03-31 16:35:59.246 D/music_MediaPlaybackSer( 1234): onCreate()
03-31 16:35:59.251 D/StorageManagerService( 479): Volume emulated;0 broadcasting checking to UserHandle{0}
03-31 16:35:59.252 D/music_MediaPlaybackSer( 1234): Create MusicProvider
03-31 16:35:59.253 D/StorageManagerService( 479): Volume emulated;0 broadcasting mounted to UserHandle{0}
03-31 16:35:59.254 V/MediaStore( 1033): Examining volume emulated;0 with name external_primary and state mounted
03-31 16:35:59.257 D/music_MediaPlaybackSer( 1234): Create MediaSession
03-31 16:35:59.257 D/StorageNotification( 680): Notifying about private volume: VolumeInfo{private}:
03-31 16:35:59.257 D/StorageNotification( 680): type=PRIVATE diskId=null partGuid=null mountFlags=0 mountUserId=-10000
03-31 16:35:59.257 D/StorageNotification( 680): state=MOUNTED
03-31 16:35:59.257 D/StorageNotification( 680): fsType=null fsUuid=null fsLabel=null
03-31 16:35:59.257 D/StorageNotification( 680): path=/data internalPath=null
03-31 16:35:59.260 E/ActivityManager( 479): Sending non-protected broadcast com.dangbei.etna.setting.action_cycle_check_broadcast from system 1051:com.dangbei.lerad.etna.haqu/1000 pkg com.dangbei.lerad.etna.haqu
03-31 16:35:59.260 E/ActivityManager( 479): java.lang.Throwable
03-31 16:35:59.260 E/ActivityManager( 479): at com.android.server.am.ActivityManagerService.checkBroadcastFromSystem(ActivityManagerService.java:12816)
03-31 16:35:59.260 E/ActivityManager( 479): at com.android.server.am.ActivityManagerService.broadcastIntentLocked(ActivityManagerService.java:13513)
03-31 16:35:59.260 E/ActivityManager( 479): at com.android.server.am.ActivityManagerService.broadcastIntentLocked(ActivityManagerService.java:12833)
03-31 16:35:59.260 E/ActivityManager( 479): at com.android.server.am.ActivityManagerService.broadcastIntentWithFeature(ActivityManagerService.java:13670)
03-31 16:35:59.260 E/ActivityManager( 479): at android.app.IActivityManager$Stub.onTransact(IActivityManager.java:2326)
03-31 16:35:59.260 E/ActivityManager( 479): at com.android.server.am.ActivityManagerService.onTransact(ActivityManagerService.java:2509)
03-31 16:35:59.260 E/ActivityManager( 479): at android.os.Binder.execTransactInternal(Binder.java:1179)
03-31 16:35:59.260 E/ActivityManager( 479): at android.os.Binder.execTransact(Binder.java:1143)
03-31 16:35:59.264 I/DropBoxManagerService( 479): add tag=system_server_wtf isTagEnabled=true flags=0x2
03-31 16:35:59.270 D/WanCommander( 1051): handleConnection:
03-31 16:35:59.272 D/SystemUIBootTiming( 680): SystemUIService: bootcomplete com.android.systemui.usb.StorageNotification took 93 ms
03-31 16:35:59.273 D/SystemUIService( 680): loading: com.android.systemui.power.PowerUI
03-31 16:35:59.273 D/SystemUIService( 680): running: com.android.systemui.power.PowerUI@f6f0c6d
03-31 16:35:59.276 D/Zygote ( 244): Forked child process 1324
03-31 16:35:59.277 E/HWComposer( 292): getSupportedContentTypes: getSupportedContentTypes failed for display 0: Unsupported (8)
03-31 16:35:59.277 W/ActivityManager( 479): Slow operation: 78ms so far, now at startProcess: returned from zygote!
03-31 16:35:59.278 D/LocalBluetoothProfileManager( 680): Adding local HID_HOST profile
03-31 16:35:59.280 W/ActivityManager( 479): Slow operation: 80ms so far, now at startProcess: done updating battery stats
03-31 16:35:59.280 W/ActivityManager( 479): Slow operation: 80ms so far, now at startProcess: building log message
03-31 16:35:59.280 I/ActivityManager( 479): app.processName = com.dangbei.lerad.rocky
03-31 16:35:59.280 I/ActivityManager( 479): Start proc 1324:com.dangbei.lerad.rocky/1000 for service {com.dangbei.lerad.rocky/com.dangbei.rocky.RockyService}
03-31 16:35:59.280 W/ActivityManager( 479): Slow operation: 81ms so far, now at startProcess: starting to update pids map
03-31 16:35:59.281 W/ActivityManager( 479): Slow operation: 82ms so far, now at startProcess: done updating pids map
03-31 16:35:59.284 I/hwservicemanager( 183): getTransport: Cannot find entry android.hardware.graphics.mapper@4.0::IMapper/default in either framework or device VINTF manifest.
03-31 16:35:59.285 I/Gralloc4( 1095): mapper 4.x is not supported
03-31 16:35:59.286 I/hwservicemanager( 183): getTransport: Cannot find entry android.hardware.graphics.mapper@3.0::IMapper/default in either framework or device VINTF manifest.
03-31 16:35:59.287 W/Gralloc3( 1095): mapper 3.x is not supported
03-31 16:35:59.288 D/CompatibilityChangeReporter( 1095): Compat change id reported: 147600208; UID 1000; state: DISABLED
03-31 16:35:59.289 E/EtnaListener( 1051): onServerConnected
03-31 16:35:59.289 E/ccc ( 1051): cccccc etnaService addListener com.dangbei.lerad.etna.lib.client.EtnaServerListener@ae001a5 com.dangbei.etna.update
03-31 16:35:59.289 I/Zygote ( 1324): seccomp disabled by setenforce 0
03-31 16:35:59.291 E/ccc ( 1051): cccccc UpdateHelper onServerConnected
03-31 16:35:59.293 E/ccc ( 1051): cccccc etnaService addListener com.dangbei.lerad.etna.lib.client.EtnaServerListener@2f56dd2 com.dangbei.etna.setting
03-31 16:35:59.293 E/ccc ( 1051): cccccc SettingHelper onServerConnected
03-31 16:35:59.295 E/gralloc ( 1095): Arm Module v1.0
03-31 16:35:59.300 I/hwservicemanager( 183): getTransport: Cannot find entry android.hardware.graphics.allocator@4.0::IAllocator/default in either framework or device VINTF manifest.
03-31 16:35:59.301 W/Gralloc4( 1095): allocator 4.x is not supported
03-31 16:35:59.301 I/hwservicemanager( 183): getTransport: Cannot find entry android.hardware.graphics.allocator@3.0::IAllocator/default in either framework or device VINTF manifest.
03-31 16:35:59.302 W/Gralloc3( 1095): allocator 3.x is not supported
03-31 16:35:59.300 I/rainbow_flow( 325): type=1400 audit(0.0:426): avc: denied { ioctl } for path="/dev/spidev1.0" dev="tmpfs" ino=3270 ioctlcmd=0x6b00 scontext=u:r:init:s0 tcontext=u:object_r:device:s0 tclass=chr_file permissive=1
03-31 16:35:59.310 I/gralloc ( 257): alloc buffer:W:1920 H:1080 S:1920 PL[1920 1080] SZ:8294400 fmt:1 if:0 af:1 usg:20000b00 fg:00000004
03-31 16:35:59.311 E/ion ( 1095): ioctl c0044901 failed with code -1: Inappropriate ioctl for device
03-31 16:35:59.322 I/gralloc ( 257): alloc buffer:W:1920 H:1080 S:1920 PL[1920 1080] SZ:8294400 fmt:1 if:0 af:1 usg:20000b00 fg:00000004
03-31 16:35:59.323 V/MediaStore( 1033): Examining volume emulated;0 with name external_primary and state mounted
03-31 16:35:59.329 I/gralloc ( 257): alloc buffer:W:1920 H:1080 S:1920 PL[1920 1080] SZ:8294400 fmt:1 if:0 af:1 usg:20000b00 fg:00000004
03-31 16:35:59.333 I/adbd ( 397): jdwp connection from 1324
03-31 16:35:59.354 D/BluetoothHidHost( 680): Binding service...
03-31 16:35:59.357 E/ccc ( 1051): cccccc sendCycleCheckBootGuideStatusMessage
03-31 16:35:59.359 W/ContextImpl( 1051): Calling a method in the system process without a qualified user: android.app.ContextImpl.startService:1816 android.content.ContextWrapper.startService:774 com.dangbei.etna.setting.core.SettingHelper.startRocky:260 com.dangbei.etna.setting.core.SettingHelper.sendCycleCheckBootGuideStatusMessage:206 com.dangbei.etna.setting.core.SettingHelper.startLoop:195
03-31 16:35:59.367 E/ccc ( 1051): cccccc sendCycleCheckBroadcast
03-31 16:35:59.370 W/ContextImpl( 1051): Calling a method in the system process without a qualified user: android.app.ContextImpl.sendBroadcast:1173 android.content.ContextWrapper.sendBroadcast:479 com.dangbei.etna.setting.core.SettingHelper.sendCycleToProjector:250 com.dangbei.etna.setting.core.SettingHelper.sendCycleCheckBroadcast:219 com.dangbei.etna.setting.core.SettingHelper.sendCycleCheckBootGuideStatusMessage:207
03-31 16:35:59.370 V/MediaPlayerList( 673): onActiveSessionsChanged: number of controllers: 0
03-31 16:35:59.380 D/LocalBluetoothProfileManager( 680): Adding local HID_DEVICE profile
03-31 16:35:59.381 W/ContextImpl( 1051): Calling a method in the system process without a qualified user: android.app.ContextImpl.sendBroadcast:1173 android.content.ContextWrapper.sendBroadcast:479 com.dangbei.etna.setting.core.SettingHelper.sendCycleToVoice:235 com.dangbei.etna.setting.core.SettingHelper.sendCycleCheckBroadcast:220 com.dangbei.etna.setting.core.SettingHelper.sendCycleCheckBootGuideStatusMessage:207
03-31 16:35:59.376 I/EventThread( 263): type=1400 audit(0.0:427): avc: denied { search } for name="extcon" dev="sysfs" ino=18102 scontext=u:r:hal_tv_cec_default:s0 tcontext=u:object_r:sysfs_extcon:s0 tclass=dir permissive=1
03-31 16:35:59.387 E/ActivityManager( 479): Sending non-protected broadcast com.dangbei.etna.setting.action_cycle_check_broadcast from system 1051:com.dangbei.lerad.etna.haqu/1000 pkg com.dangbei.lerad.etna.haqu
03-31 16:35:59.387 E/ActivityManager( 479): java.lang.Throwable
03-31 16:35:59.387 E/ActivityManager( 479): at com.android.server.am.ActivityManagerService.checkBroadcastFromSystem(ActivityManagerService.java:12816)
03-31 16:35:59.387 E/ActivityManager( 479): at com.android.server.am.ActivityManagerService.broadcastIntentLocked(ActivityManagerService.java:13513)
03-31 16:35:59.387 E/ActivityManager( 479): at com.android.server.am.ActivityManagerService.broadcastIntentLocked(ActivityManagerService.java:12833)
03-31 16:35:59.387 E/ActivityManager( 479): at com.android.server.am.ActivityManagerService.broadcastIntentWithFeature(ActivityManagerService.java:13670)
03-31 16:35:59.387 E/ActivityManager( 479): at android.app.IActivityManager$Stub.onTransact(IActivityManager.java:2326)
03-31 16:35:59.387 E/ActivityManager( 479): at com.android.server.am.ActivityManagerService.onTransact(ActivityManagerService.java:2509)
03-31 16:35:59.387 E/ActivityManager( 479): at android.os.Binder.execTransactInternal(Binder.java:1179)
03-31 16:35:59.387 E/ActivityManager( 479): at android.os.Binder.execTransact(Binder.java:1143)
03-31 16:35:59.408 I/ndroid.systemui( 680): type=1400 audit(0.0:428): avc: denied { search } for name="com.android.systemui" dev="mmcblk0p25" ino=507 scontext=u:r:platform_app:s0:c512,c768 tcontext=u:object_r:app_data_file:s0:c512,c768 tclass=dir permissive=1 app=com.softwinner.screenshot
03-31 16:35:59.408 I/ranth.ledstatus( 1107): type=1400 audit(0.0:429): avc: denied { open } for path="/dev/__properties__/u:object_r:vendor_default_prop:s0" dev="tmpfs" ino=2967 scontext=u:r:system_app:s0 tcontext=u:object_r:vendor_default_prop:s0 tclass=file permissive=1
03-31 16:35:59.408 I/ranth.ledstatus( 1107): type=1400 audit(0.0:430): avc: denied { getattr } for path="/dev/__properties__/u:object_r:vendor_default_prop:s0" dev="tmpfs" ino=2967 scontext=u:r:system_app:s0 tcontext=u:object_r:vendor_default_prop:s0 tclass=file permissive=1
03-31 16:35:59.447 D/MobclickAgent( 1095): Report policy : ReportAtLaunch
03-31 16:35:59.461 I/ActivityManager( 479): com.android.localtransport is exempt from freezer
03-31 16:35:59.497 D/SystemUIBootTiming( 680): SystemUIService: bootcomplete com.android.systemui.power.PowerUI took 225 ms
03-31 16:35:59.505 E/hq ( 1095): USBReceiver:::USBReceiver onReceive: action=android.intent.action.MEDIA_MOUNTED
03-31 16:35:59.508 D/Zygote ( 244): Forked child process 1366
03-31 16:35:59.509 D/BufferPoolAccessor2.0( 479): bufferpool2 0xea901958 : 0(0 size) total buffers - 0(0 size) used buffers - 2/7 (recycle/alloc) - 6/76 (fetch/transfer)
03-31 16:35:59.509 D/BufferPoolAccessor2.0( 479): bufferpool2 0xe89e3b98 : 0(0 size) total buffers - 0(0 size) used buffers - 2/7 (recycle/alloc) - 6/46 (fetch/transfer)
03-31 16:35:59.509 D/BufferPoolAccessor2.0( 479): bufferpool2 0xe91870d8 : 0(0 size) total buffers - 0(0 size) used buffers - 2/7 (recycle/alloc) - 5/42 (fetch/transfer)
03-31 16:35:59.509 D/BufferPoolAccessor2.0( 479): bufferpool2 0xe89e4318 : 0(0 size) total buffers - 0(0 size) used buffers - 1/7 (recycle/alloc) - 13/294 (fetch/transfer)
03-31 16:35:59.509 D/BufferPoolAccessor2.0( 479): evictor expired: 4, evicted: 4
03-31 16:35:59.511 I/ActivityManager( 479): app.processName = com.android.localtransport
03-31 16:35:59.511 I/ActivityManager( 479): Start proc 1366:com.android.localtransport/1000 for service {com.android.localtransport/com.android.localtransport.LocalTransportService}
03-31 16:35:59.511 W/ActivityManager( 479): Slow operation: 51ms so far, now at startProcess: starting to update pids map
03-31 16:35:59.515 D/BufferPoolAccessor2.0( 387): bufferpool2 0xef477b98 : 0(0 size) total buffers - 0(0 size) used buffers - 40/44 (recycle/alloc) - 4/43 (fetch/transfer)
03-31 16:35:59.517 W/IorapForwardingService( 479): No service published for: iorapd
03-31 16:35:59.523 D/BufferPoolAccessor2.0( 387): bufferpool2 0xef477f58 : 0(0 size) total buffers - 0(0 size) used buffers - 15/19 (recycle/alloc) - 4/18 (fetch/transfer)
03-31 16:35:59.523 D/BufferPoolAccessor2.0( 387): bufferpool2 0xef478458 : 0(0 size) total buffers - 0(0 size) used buffers - 42/46 (recycle/alloc) - 4/45 (fetch/transfer)
03-31 16:35:59.523 D/BufferPoolAccessor2.0( 387): bufferpool2 0xef477418 : 0(0 size) total buffers - 0(0 size) used buffers - 33/36 (recycle/alloc) - 3/35 (fetch/transfer)
03-31 16:35:59.523 D/BufferPoolAccessor2.0( 387): bufferpool2 0xef477198 : 0(0 size) total buffers - 0(0 size) used buffers - 138/145 (recycle/alloc) - 7/144 (fetch/transfer)
03-31 16:35:59.524 I/Zygote ( 1366): seccomp disabled by setenforce 0
03-31 16:35:59.525 E/dangbei111( 1051): cccccc 检查遥控器是否连接: Dangbei C9:B5:96:5C:E3:ED
03-31 16:35:59.532 E/ActivityRecord( 479): real home.....com.dangbei.leard.leradlauncher/com.dangbei.launcher.home.LauncherActivity
03-31 16:35:59.532 E/+++ActivityRecord( 479): pre led_switch = 5
03-31 16:35:59.523 D/BufferPoolAccessor2.0( 387): bufferpool2 0xef4772d8 : 0(0 size) total buffers - 0(0 size) used buffers - 17/21 (recycle/alloc) - 4/20 (fetch/transfer)
03-31 16:35:59.533 D/BufferPoolAccessor2.0( 387): evictor expired: 6, evicted: 6
03-31 16:35:59.555 D/BootAnimation( 523): BootAnimationStopTiming start time: 27179ms
03-31 16:35:59.564 D/TheRouter::RouterInject( 1095): interception::===interface com.dangbei.leard.protocol.down.DownProtocol===DownProtocolProxy257627156
03-31 16:35:59.567 E/dangbei111( 1051): cccccc 检查遥控器是否连接: 蓝牙的结果 Dangbei C9:B5:96:5C:E3:ED false
03-31 16:35:59.568 D/SystemUIService( 680): loading: com.android.systemui.media.RingtonePlayer
03-31 16:35:59.570 D/SystemUIService( 680): running: com.android.systemui.media.RingtonePlayer@e70a04c
03-31 16:35:59.571 I/adbd ( 397): jdwp connection from 1366
03-31 16:35:59.578 E/dangbei111( 1051): cccccc input中没有遥控器存在
03-31 16:35:59.579 E/dangbei111( 1051): cccccc 蓝牙状态连接 不是连接状态 啥都不干
03-31 16:35:59.593 D/CompatibilityChangeReporter( 1234): Compat change id reported: 160794467; UID 10048; state: DISABLED
03-31 16:35:59.594 D/BluetoothHidDevice( 680): Binding service...
03-31 16:35:59.602 D/TheRouter::RouterInject( 1095): interception::===interface com.dangbei.leard.protocol.install.IInstallProtocol===InstallAppManagerInterface49023491
01-01 08:00:29.421 W/audit ( 1370): audit_lost=39 audit_rate_limit=5 audit_backlog_limit=64
01-01 08:00:29.438 E/audit ( 1370): rate limit exceeded
03-31 16:35:59.609 E/FactoryResetOperateImpl( 1095): isFirstBoot 2
03-31 16:35:59.610 E/FactoryResetOperateImpl( 1095): isFirstBoot 2
03-31 16:35:59.625 D/TheRouter::RouterInject( 1095): interception::===interface com.dangbei.leard.protocol.etna.EtnaManagerInterface===EtnaManagerInterfaceImpl45641726
03-31 16:35:59.630 D/music_MediaPlaybackSer( 1234): updatePlaybackState, playback state=0
03-31 16:35:59.633 E/dangbei111( 1051): cccccc 蓝牙状态连接 配对状态 啥都不做
03-31 16:35:59.647 I/WindowManager( 479): ******* TELLING SURFACE FLINGER WE ARE BOOTED!
03-31 16:35:59.649 I/SurfaceFlinger( 292): Boot is finished (15179 ms)
03-31 16:35:59.654 D/SystemUIBootTiming( 680): SystemUIService: bootcomplete com.android.systemui.media.RingtonePlayer took 86 ms
03-31 16:35:59.666 D/SystemUIService( 680): loading: com.android.systemui.keyboard.KeyboardUI
03-31 16:35:59.666 D/SystemUIService( 680): running: com.android.systemui.keyboard.KeyboardUI@7794d9b
01-01 08:00:29.504 I/init ( 1): Service 'idmap2d' (pid 354) received signal 9
03-31 16:35:59.685 W/OverlayManager( 479): service 'idmap' died
03-31 16:35:59.707 I/servicemanager( 182): Found android.hardware.power.IPower/default in device VINTF manifest.
03-31 16:35:59.708 I/PowerAdvisor( 292): Loaded AIDL Power HAL service
03-31 16:35:59.708 I/AW_PowerHAL( 261): check: Mode 6 not Supported ,do nothing
03-31 16:35:59.709 I/AW_PowerHAL( 261): isBoostSupported: 1
03-31 16:35:59.711 D/SystemUIBootTiming( 680): SystemUIService: bootcomplete com.android.systemui.keyboard.KeyboardUI took 45 ms
03-31 16:35:59.711 D/SystemUIService( 680): loading: com.android.systemui.shortcut.ShortcutKeyDispatcher
03-31 16:35:59.713 D/SystemUIService( 680): running: com.android.systemui.shortcut.ShortcutKeyDispatcher@52d7538
03-31 16:35:59.715 W/system_server( 479): Long monitor contention with owner android.anim (530) at void com.android.server.wm.WindowSurfacePlacer$Traverser.run()(WindowSurfacePlacer.java:58) waiters=0 in void com.android.server.wm.WindowManagerService$H.handleMessage(android.os.Message) for 208ms
03-31 16:35:59.718 D/SystemUIBootTiming( 680): SystemUIService: bootcomplete com.android.systemui.shortcut.ShortcutKeyDispatcher took 7 ms
03-31 16:35:59.718 D/SystemUIService( 680): loading: com.android.systemui.VendorServices
03-31 16:35:59.720 D/SystemUIService( 680): running: com.android.systemui.VendorServices@974da76
03-31 16:35:59.721 D/SystemUIBootTiming( 680): SystemUIService: bootcomplete com.android.systemui.VendorServices took 3 ms
03-31 16:35:59.721 D/SystemUIService( 680): loading: com.android.systemui.SliceBroadcastRelayHandler
03-31 16:35:59.721 D/SystemUIService( 680): running: com.android.systemui.SliceBroadcastRelayHandler@e952877
03-31 16:35:59.727 W/system_server( 479): Long monitor contention with owner android.anim (530) at void com.android.server.wm.WindowSurfacePlacer$Traverser.run()(WindowSurfacePlacer.java:58) waiters=1 in void com.android.server.wm.ActivityTaskManagerService$LocalService.onProcessMapped(int, com.android.server.wm.WindowProcessController) for 215ms
03-31 16:35:59.730 W/ActivityManager( 479): Slow operation: 270ms so far, now at startProcess: done updating pids map
03-31 16:35:59.731 W/system_server( 479): Long monitor contention with owner ActivityManager:procStart (541) at void com.android.server.am.ProcessList.handleProcessStart(com.android.server.am.ProcessRecord, java.lang.String, int[], int, int, int, java.lang.String, java.lang.String, java.lang.String, long)(ProcessList.java:2161) waiters=1 in void com.android.server.am.ActivityManagerService.addPackageDependency(java.lang.String) for 147ms
01-01 08:00:29.550 I/init ( 1): Control message: Processed ctl.stop for 'rainbow_flow' from pid: 1398 (stop rainbow_flow voice breathe flow_led net_disconnect)
03-31 16:35:59.749 I/AW_PowerHAL( 261): Power setMode: SUSTAINED_PERFORMANCE to: 0
01-01 08:00:29.576 I/init ( 1): Control message: Processed ctl.stop for 'voice' from pid: 1398 (stop rainbow_flow voice breathe flow_led net_disconnect)
03-31 16:35:59.756 I/AW_PowerHAL( 261): cur-mode:SCHEDUTIL-Home
03-31 16:35:59.757 D/SystemUIBootTiming( 680): SystemUIService: bootcomplete com.android.systemui.SliceBroadcastRelayHandler took 36 ms
03-31 16:35:59.763 D/SystemUIService( 680): loading: com.android.systemui.statusbar.notification.InstantAppNotifier
03-31 16:35:59.764 D/SystemUIService( 680): running: com.android.systemui.statusbar.notification.InstantAppNotifier@ae0ace4
03-31 16:35:59.770 D/CompatibilityChangeReporter( 1324): Compat change id reported: 171979766; UID 1000; state: DISABLED
03-31 16:35:59.770 E/hq ( 1095): NetWorkStateReceiver:::NetWorkStateReceiver onReceive: 网络变化广播 >>>> intent.action=android.net.wifi.SCAN_RESULTS
03-31 16:35:59.771 D/music_MusicApp( 1234): add mount callback: com.android.music.MediaPlaybackService@b42bf67
01-01 08:00:29.596 I/init ( 1): Control message: Processed ctl.stop for 'breathe' from pid: 1398 (stop rainbow_flow voice breathe flow_led net_disconnect)
03-31 16:35:59.776 D/aaa ( 1107): LedStatusService onStartCommand begin
03-31 16:35:59.777 D/aaa ( 1107): topPkg is -------------- :com.dangbei.leard.leradlauncher
03-31 16:35:59.787 D/BufferPoolAccessor2.0( 824): bufferpool2 0xea375f98 : 0(0 size) total buffers - 0(0 size) used buffers - 1/7 (recycle/alloc) - 6/96 (fetch/transfer)
03-31 16:35:59.787 D/BufferPoolAccessor2.0( 824): evictor expired: 1, evicted: 1
03-31 16:35:59.794 D/music_MusicApp( 1234): received action: android.intent.action.MEDIA_MOUNTED
01-01 08:00:29.617 I/init ( 1): Control message: Processed ctl.stop for 'flow_led' from pid: 1398 (stop rainbow_flow voice breathe flow_led net_disconnect)
03-31 16:35:59.795 D/music_MediaPlaybackSer( 1234): mount changed: isMounted: true, stop playing ...
01-01 08:00:29.636 I/init ( 1): Sending signal 9 to service 'net_disconnect' (pid 1387) process group...
03-31 16:35:59.797 D/LocalBluetoothProfileManager( 680): Adding local PAN profile
03-31 16:35:59.797 D/music_MediaPlaybackSer( 1234): OnGetRoot: clientPackageName=com.android.bluetooth; clientUid=1002 ; rootHints=null
03-31 16:35:59.798 I/AvrcpBrowsedPlayerWrapper( 673): onConnected: com.android.music is connected
03-31 16:35:59.799 D/AvrcpBrowsablePlayerConnector( 673): Browse player callback called: package=com.android.music : status=0
03-31 16:35:59.799 D/AvrcpBrowsablePlayerConnector( 673): Received a message: msg.what=1
03-31 16:35:59.800 E/hq ( 1095): LookupControler:::startLookupControllerTimer
03-31 16:35:59.800 I/AvrcpBrowsablePlayerConnector( 673): Checking root contents for com.android.music
03-31 16:35:59.808 D/music_MediaPlaybackSer( 1234): onDestroy
03-31 16:35:59.812 D/music_MusicApp( 1234): remove mount callback: com.android.music.MediaPlaybackService@b42bf67
03-31 16:35:59.812 D/music_MediaPlaybackSer( 1234): handleStopRequest: mState=0 error=destroy
03-31 16:35:59.812 D/music_MediaPlaybackSer( 1234): updatePlaybackState, playback state=1
03-31 16:35:59.814 D/hq ( 1095): NetWorkStateReceiver:::检查网络,并且持续更新 isConnect=false
03-31 16:35:59.819 D/Playback( 1234): giveUpAudioFocus
03-31 16:35:59.820 D/Playback( 1234): relaxResources. releaseMediaPlayer=true
03-31 16:35:59.822 D/CompatibilityChangeReporter( 479): Compat change id reported: 168419799; UID 1000; state: DISABLED
03-31 16:35:59.831 D/SystemUIBootTiming( 680): SystemUIService: bootcomplete com.android.systemui.statusbar.notification.InstantAppNotifier took 67 ms
03-31 16:35:59.831 D/SystemUIService( 680): loading: com.android.systemui.toast.ToastUI
03-31 16:35:59.832 D/SystemUIService( 680): running: com.android.systemui.toast.ToastUI@229d513
03-31 16:35:59.832 D/SystemUIBootTiming( 680): SystemUIService: bootcomplete com.android.systemui.toast.ToastUI took 1 ms
03-31 16:35:59.832 D/SystemUIService( 680): loading: com.android.systemui.wmshell.WMShell
03-31 16:35:59.833 D/SystemUIService( 680): running: com.android.systemui.wmshell.WMShell@a6db350
03-31 16:35:59.834 W/InputManager-JNI( 479): Input channel object '6f95d7 com.android.tv.settings/com.android.tv.settings.system.FallbackHome (client)' was disposed without first being removed with the input manager!
03-31 16:35:59.838 D/ApplicationLoaders( 1324): Returning zygote-cached class loader: /system/framework/android.test.base.jar
03-31 16:35:59.838 D/ApplicationLoaders( 1324): Returning zygote-cached class loader: /system/framework/android.hidl.manager-V1.0-java.jar
03-31 16:35:59.838 D/ApplicationLoaders( 1324): Returning zygote-cached class loader: /system/framework/android.hidl.base-V1.0-java.jar
03-31 16:35:59.840 E/WifiHAL ( 667): wifi_get_link_stats: requestResponse Error:-5
03-31 16:35:59.848 D/BluetoothPan( 680): Binding service...
03-31 16:35:59.848 E/WifiVendorHal( 479): getWifiLinkLayerStats_1_5_Internal(l.1191) failed {.code = ERROR_INVALID_ARGS, .description = }
03-31 16:35:59.852 D/music_MediaPlaybackSer( 1234): updatePlaybackState, playback state=1
03-31 16:35:59.855 W/Looper ( 479): Slow dispatch took 141ms android.fg h=android.os.Handler c=com.android.server.wm.ActivityMetricsLogger$$ExternalSyntheticLambda1@363e3e2 m=0
03-31 16:35:59.855 I/ActivityTaskManager( 479): +++Displayed com.dangbei.leard.leradlauncher/com.dangbei.launcher.home.LauncherActivity: +2s984ms
01-01 08:00:29.666 I/libprocessgroup( 1): Successfully killed process cgroup uid 0 pid 1387 in 17ms
01-01 08:00:29.677 I/init ( 1): Control message: Processed ctl.stop for 'net_disconnect' from pid: 1398 (stop rainbow_flow voice breathe flow_led net_disconnect)
03-31 16:35:59.857 D/CompatibilityChangeReporter( 479): Compat change id reported: 182734110; UID 10074; state: DISABLED
03-31 16:35:59.868 D/music_MediaPlaybackSer( 1234): onCreate()
03-31 16:35:59.868 D/music_MediaPlaybackSer( 1234): Create MusicProvider
03-31 16:35:59.868 D/music_MediaPlaybackSer( 1234): Create MediaSession
03-31 16:35:59.871 D/CompatibilityChangeReporter( 1366): Compat change id reported: 171979766; UID 1000; state: ENABLED
03-31 16:35:59.875 W/ContextImpl( 1095): Calling a method in the system process without a qualified user: android.app.ContextImpl.bindService:1895 android.content.ContextWrapper.bindService:810 ye.b.h:57 ye.b$c.call:3 af.c$a.run:5
03-31 16:35:59.885 D/hdmi-cec( 263): receive invalid cec message!
03-31 16:35:59.885 D/hdmi-cec( 263): receive poll message [04], skip!
03-31 16:35:59.887 V/MediaPlayerList( 673): onActiveSessionsChanged: number of controllers: 0
01-01 08:00:29.700 I/init ( 1): Service 'net_disconnect' (pid 1387) received signal 9 oneshot service took 0.250000 seconds in background
01-01 08:00:29.725 I/init ( 1): Untracked pid 1397 received signal 9
03-31 16:35:59.919 V/MediaPlayerList( 673): onActiveSessionsChanged: number of controllers: 0
03-31 16:35:59.922 D/music_MediaPlaybackSer( 1234): updatePlaybackState, playback state=0
03-31 16:35:59.949 I/d.leradlaunche( 1095): Background concurrent copying GC freed 174804(6104KB) AllocSpace objects, 28(7468KB) LOS objects, 49% free, 6481KB/12MB, paused 183us total 1.163s
03-31 16:35:59.964 I/d.leradlaunche( 1095): WaitForGcToComplete blocked ClassLinker on Background for 804.809ms
03-31 16:35:59.973 D/LocalBluetoothProfileManager( 680): Adding local PBAP profile
03-31 16:35:59.976 D/SystemUIBootTiming( 680): SystemUIService: bootcomplete com.android.systemui.wmshell.WMShell took 144 ms
03-31 16:35:59.976 D/SystemUIService( 680): loading: com.android.systemui.media.systemsounds.HomeSoundEffectController
03-31 16:35:59.977 D/SystemUIService( 680): running: com.android.systemui.media.systemsounds.HomeSoundEffectController@849c68
03-31 16:35:59.978 D/SystemUIBootTiming( 680): SystemUIService: bootcomplete com.android.systemui.media.systemsounds.HomeSoundEffectController took 2 ms
03-31 16:35:59.981 I/ManagerService( 680): --------------------- system activated! ---------------
03-31 16:35:59.981 D/SystemUIBootTiming( 680): SystemUIService: bootcomplete com.android.systemui.oranth.ManagerService took 3 ms
03-31 16:35:59.984 D/CompatibilityChangeReporter( 479): Compat change id reported: 168419799; UID 1000; state: DISABLED
03-31 16:36:00.012 D/music_MusicApp( 1234): add mount callback: com.android.music.MediaPlaybackService@7101fb2
03-31 16:36:00.020 D/music_MediaPlaybackSer( 1234): OnGetRoot: clientPackageName=com.android.bluetooth; clientUid=1002 ; rootHints=null
03-31 16:36:00.023 I/AvrcpBrowsedPlayerWrapper( 673): onConnected: com.android.music is connected
03-31 16:36:00.024 I/AvrcpBrowsedPlayerWrapper( 673): getFolderItems: Connected to browsable player: com.android.music
03-31 16:36:00.026 D/NetworkSecurityConfig( 479): No Network Security Config specified, using platform default
03-31 16:36:00.029 D/music_MediaPlaybackSer( 1234): OnLoadChildren: parentMediaId=__ROOT__
03-31 16:36:00.030 D/MusicProvider( 1234): retrieveMediaAsync called
03-31 16:36:00.033 E/BootReceiver( 479): Could not open /sys/kernel/tracing/instances/bootreceiver/trace_pipe
03-31 16:36:00.033 E/BootReceiver( 479): android.system.ErrnoException: open failed: ENOENT (No such file or directory)
03-31 16:36:00.033 E/BootReceiver( 479): at libcore.io.Linux.open(Native Method)
03-31 16:36:00.033 E/BootReceiver( 479): at libcore.io.ForwardingOs.open(ForwardingOs.java:567)
03-31 16:36:00.033 E/BootReceiver( 479): at libcore.io.BlockGuardOs.open(BlockGuardOs.java:273)
03-31 16:36:00.033 E/BootReceiver( 479): at android.system.Os.open(Os.java:501)
03-31 16:36:00.033 E/BootReceiver( 479): at com.android.server.BootReceiver.onReceive(BootReceiver.java:167)
03-31 16:36:00.033 E/BootReceiver( 479): at android.app.ActivityThread.handleReceiver(ActivityThread.java:4308)
03-31 16:36:00.033 E/BootReceiver( 479): at android.app.ActivityThread.access$1600(ActivityThread.java:247)
03-31 16:36:00.033 E/BootReceiver( 479): at android.app.ActivityThread$H.handleMessage(ActivityThread.java:2064)
03-31 16:36:00.033 E/BootReceiver( 479): at android.os.Handler.dispatchMessage(Handler.java:106)
03-31 16:36:00.033 E/BootReceiver( 479): at android.os.Looper.loopOnce(Looper.java:201)
03-31 16:36:00.033 E/BootReceiver( 479): at android.os.Looper.loop(Looper.java:288)
03-31 16:36:00.033 E/BootReceiver( 479): at com.android.server.SystemServer.run(SystemServer.java:966)
03-31 16:36:00.033 E/BootReceiver( 479): at com.android.server.SystemServer.main(SystemServer.java:628)
03-31 16:36:00.033 E/BootReceiver( 479): at java.lang.reflect.Method.invoke(Native Method)
03-31 16:36:00.033 E/BootReceiver( 479): at com.android.internal.os.RuntimeInit$MethodAndArgsCaller.run(RuntimeInit.java:548)
03-31 16:36:00.033 E/BootReceiver( 479): at com.android.internal.os.ZygoteInit.main(ZygoteInit.java:1160)
03-31 16:36:00.042 W/ContextImpl( 824): Calling a method in the system process without a qualified user: android.app.ContextImpl.startService:1816 android.content.ContextWrapper.startService:774 android.content.ContextWrapper.startService:774 com.android.tv.settings.users.UserSwitchListenerService$BootReceiver.onReceive:50 android.app.ActivityThread.handleReceiver:4308
03-31 16:36:00.049 V/AudioDeviceManagerObserver( 479): AudioDeviceManagerObserver init()
03-31 16:36:00.052 D/BluetoothA2dp( 680): Proxy object connected
03-31 16:36:00.053 D/AudioDeviceManagerObserver( 479): AudioDeviceManagerObserver: newCardId: /sys/class/sound/card0/id
03-31 16:36:00.054 I/ContactsPerf( 1238): VoicemailContentProvider.onCreate start
03-31 16:36:00.055 D/AudioDeviceManagerObserver( 479): AudioDeviceManagerObserver: devName: pcmC0D0p
03-31 16:36:00.057 D/AudioDeviceManagerObserver( 479): ~~~~~~~~ AudioDeviceManagerObserver: findNameMap: id: audiocodec
03-31 16:36:00.057 D/AudioDeviceManagerObserver( 479): AudioDeviceManagerObserver: name_linux: audiocodec, name_android: AUDIO_CODEC
03-31 16:36:00.058 D/AudioDeviceManagerObserver( 479): AudioDeviceManagerObserver: newCardId: /sys/class/sound/card1/id
03-31 16:36:00.059 D/AudioDeviceManagerObserver( 479): AudioDeviceManagerObserver: devName: pcmC1D0c
03-31 16:36:00.059 I/UtilCommon( 1095): bluetoothMac=B4:2F:03:15:6F:44
03-31 16:36:00.060 D/AudioDeviceManagerObserver( 479): ~~~~~~~~ AudioDeviceManagerObserver: findNameMap: id: sndspdif
03-31 16:36:00.060 E/wangli ( 1095): env: 0_true
03-31 16:36:00.061 D/AudioDeviceManagerObserver( 479): AudioDeviceManagerObserver: devName: pcmC1D0p
03-31 16:36:00.061 D/AudioDeviceManagerObserver( 479): ~~~~~~~~ AudioDeviceManagerObserver: findNameMap: id: sndspdif
03-31 16:36:00.061 D/AudioDeviceManagerObserver( 479): AudioDeviceManagerObserver: name_linux: sndspdif, name_android: AUDIO_SPDIF
03-31 16:36:00.061 D/AudioDeviceManagerObserver( 479): AudioDeviceManagerObserver: newCardId: /sys/class/sound/card2/id
03-31 16:36:00.062 D/AudioDeviceManagerObserver( 479): AudioDeviceManagerObserver: name_linux: ahubdam, name_android: AUDIO_SPDIF
03-31 16:36:00.064 D/AudioDeviceManagerObserver( 479): AudioDeviceManagerObserver: newCardId: /sys/class/sound/card3/id
03-31 16:36:00.068 D/AudioDeviceManagerObserver( 479): AudioDeviceManagerObserver: devName: pcmC3D0c
03-31 16:36:00.068 D/AudioDeviceManagerObserver( 479): ~~~~~~~~ AudioDeviceManagerObserver: findNameMap: id: ahubhdmi
03-31 16:36:00.069 D/AudioDeviceManagerObserver( 479): AudioDeviceManagerObserver: devName: pcmC3D0p
03-31 16:36:00.074 D/AudioDeviceManagerObserver( 479): ~~~~~~~~ AudioDeviceManagerObserver: findNameMap: id: ahubhdmi
03-31 16:36:00.076 D/AudioDeviceManagerObserver( 479): AudioDeviceManagerObserver: name_linux: ahubhdmi, name_android: AUDIO_USB_ahubhdmi
03-31 16:36:00.076 D/AudioDeviceManagerObserver( 479): AudioDeviceManagerObserver: newCardId: /sys/class/sound/card4/id
03-31 16:36:00.078 D/AudioDeviceManagerObserver( 479): AudioDeviceManagerObserver: devName: pcmC4D0c
03-31 16:36:00.078 D/AudioDeviceManagerObserver( 479): ~~~~~~~~ AudioDeviceManagerObserver: findNameMap: id: ahubi2s2
03-31 16:36:00.079 D/AudioDeviceManagerObserver( 479): AudioDeviceManagerObserver: devName: pcmC4D0p
03-31 16:36:00.079 D/AudioDeviceManagerObserver( 479): ~~~~~~~~ AudioDeviceManagerObserver: findNameMap: id: ahubi2s2
03-31 16:36:00.079 D/AudioDeviceManagerObserver( 479): AudioDeviceManagerObserver: name_linux: ahubi2s2, name_android: AUDIO_USB_ahubi2s2
03-31 16:36:00.079 D/AudioDeviceManagerObserver( 479): AudioDeviceManagerObserver: newCardId: /sys/class/sound/card5/id
03-31 16:36:00.080 V/AudioDeviceManagerObserver( 479): This kernel does not have sound card5
03-31 16:36:00.081 D/AudioManagerEx( 479): AudioManagerEx
03-31 16:36:00.083 I/RecoverySystem( 479): No recovery log file
03-31 16:36:00.092 I/DropBoxManagerService( 479): add tag=SYSTEM_BOOT isTagEnabled=true flags=0x2
03-31 16:36:00.094 D/audio_hw_primary( 249): getAudioDevices()
03-31 16:36:00.094 D/audio_hw_primary( 249): out dev:AUDIO_CODEC
03-31 16:36:00.094 D/audio_hw_primary( 249): in dev:AUDIO_SPDIF
03-31 16:36:00.094 D/audio_hw_primary( 249): out dev:AUDIO_SPDIF
