01-01 08:01:44.318 I/ ( 378): DVI mode selected: packets not configured
01-01 08:01:44.324 I/ ( 378): Error: set vsif failed
01-01 08:01:44.351 I/ ( 378): DVI mode selected: packets not configured
01-01 08:01:44.357 I/ ( 378): Error: set vsif failed
01-01 08:01:44.375 I/ ( 378): DVI mode selected: packets not configured
01-01 08:01:44.381 I/ ( 378): Error: set vsif failed
04-02 09:46:43.952 W/IorapForwardingService( 479): No service published for: iorapd
04-02 09:46:44.254 I/gbei.screencas( 3092): Background concurrent copying GC freed 89699(5835KB) AllocSpace objects, 48(1216KB) LOS objects, 49% free, 3750KB/7500KB, paused 205us total 161.167ms
04-02 09:46:44.281 I/efs.px.api( 2975): get config from server, url is https://errlog.umeng.com/apm_cc
04-02 09:46:44.291 D/hdmi-cec( 263): receive invalid cec message!
04-02 09:46:44.291 D/hdmi-cec( 263): receive poll message [04], skip!
01-01 08:01:45.098 E/sprdwl ( 949): sprdwl_rx_rsp_process ctx_id 0 recv rsp[WIFI_CMD_TX_DATA] status[SPRDWL_CMD_STATUS_ERROR]
01-01 08:01:45.113 E/sprdwl ( 949): sprdwl_rx_rsp_process ctx_id 0 recv rsp[WIFI_CMD_TX_DATA] status[SPRDWL_CMD_STATUS_ERROR]
01-01 08:01:45.130 E/sprdwl ( 949): sprdwl_rx_rsp_process ctx_id 0 recv rsp[WIFI_CMD_TX_DATA] status[SPRDWL_CMD_STATUS_ERROR]
01-01 08:01:45.145 E/sprdwl ( 949): sprdwl_rx_rsp_process ctx_id 0 recv rsp[WIFI_CMD_TX_DATA] status[SPRDWL_CMD_STATUS_ERROR]
01-01 08:01:45.158 E/sprdwl ( 949): sprdwl_rx_rsp_process ctx_id 0 recv rsp[WIFI_CMD_TX_DATA] status[SPRDWL_CMD_STATUS_ERROR]
01-01 08:01:45.170 E/sprdwl ( 949): sprdwl_rx_rsp_process ctx_id 0 recv rsp[WIFI_CMD_TX_DATA] status[SPRDWL_CMD_STATUS_ERROR]
01-01 08:01:45.185 E/sprdwl ( 949): sprdwl_rx_rsp_process ctx_id 0 recv rsp[WIFI_CMD_TX_DATA] status[SPRDWL_CMD_STATUS_ERROR]
01-01 08:01:45.200 E/sprdwl ( 949): sprdwl_rx_rsp_process ctx_id 0 recv rsp[WIFI_CMD_TX_DATA] status[SPRDWL_CMD_STATUS_ERROR]
01-01 08:01:45.214 E/sprdwl ( 949): sprdwl_rx_rsp_process ctx_id 0 recv rsp[WIFI_CMD_TX_DATA] status[SPRDWL_CMD_STATUS_ERROR]
01-01 08:01:45.229 E/sprdwl ( 949): sprdwl_rx_rsp_process ctx_id 0 recv rsp[WIFI_CMD_TX_DATA] status[SPRDWL_CMD_STATUS_ERROR]
01-01 08:01:45.241 E/sprdwl ( 949): sprdwl_rx_rsp_process ctx_id 0 recv rsp[WIFI_CMD_TX_DATA] status[SPRDWL_CMD_STATUS_ERROR]
01-01 08:01:45.254 E/sprdwl ( 949): sprdwl_rx_rsp_process ctx_id 0 recv rsp[WIFI_CMD_TX_DATA] status[SPRDWL_CMD_STATUS_ERROR]
01-01 08:01:45.269 E/sprdwl ( 949): sprdwl_rx_rsp_process ctx_id 0 recv rsp[WIFI_CMD_TX_DATA] status[SPRDWL_CMD_STATUS_ERROR]
01-01 08:01:45.294 E/sprdwl ( 949): sprdwl_rx_rsp_process ctx_id 0 recv rsp[WIFI_CMD_TX_DATA] status[SPRDWL_CMD_STATUS_ERROR]
01-01 08:01:45.307 E/sprdwl ( 949): sprdwl_rx_rsp_process ctx_id 0 recv rsp[WIFI_CMD_TX_DATA] status[SPRDWL_CMD_STATUS_ERROR]
04-02 09:46:44.817 W/TelephonyPermissions( 479): reportAccessDeniedToReadIdentifiers:com.dangbei.screencast:getSerial:-1
04-02 09:46:44.839 V/NFC ( 3092): this device does not have NFC support
04-02 09:46:44.954 W/IorapForwardingService( 479): No service published for: iorapd
04-02 09:46:45.017 I/system_server( 479): Background young concurrent copying GC freed 162211(9247KB) AllocSpace objects, 44(1040KB) LOS objects, 46% free, 11MB/21MB, paused 313us total 165.598ms
04-02 09:46:45.184 I/efs.config( 2975): config request succ, config is:
04-02 09:46:45.184 I/efs.config( 2975): {"msg":"成功","code":0,"cip":"127.0.0.1","config":{"common":{"updateInteval":480,"gate_way_https":true},"sign":"f3NQXAxFclJWa1oUDA==","app_configs":[{"conditions":[{"val":"0.0.0.0","opc":">=","fld":"ver"}],"actions":[{"opt":"apm_netperf_state","set":100},{"opt":"apm_netperf_day_limit","set":100},{"opt":"apm_netperf_res_bd_state","set":100},{"opt":"apm_oom_state","set":0},{"opt":"apm_netperf_data_rate","set":10},{"opt":"apm_native_h5perf_sampling_rate","set":5},{"opt":"apm_netperf_req_hd_state","set":100},{"opt":"apm_netperf_sampling_rate","set":1},{"opt":"flutter_dart_exception_max_count","set":20},{"opt":"flutter_pv_sampling_rate","set":5},{"opt":"apm_netperf_res_hd_state","set":100},{"opt":"flutter_page_state","set":100},{"opt":"flutter_page_rate","set":5},{"opt":"apm_memperf_sampling_rate","set":0},{"opt":"apm_crash_user_upload_type","set":1},{"opt":"apm_memperf_collect_max_period_sec","set":600},{"opt":"apm_crash_user_max_count","set":20},{"opt":"apm_netperf_bd_state","set":100},{"opt":"apm_native_h5_state","set":0},{"opt":"apm_mem_state","set":0},{"opt":"flutter_dart_exception_state","set":100},{"opt":"flutter_pv_max_count","set":200},{"opt":"apm_memperf_collect_interval","set":5},{"opt":"apm_flutter_state","set":100},{"opt":"apm_patrace_switch_rate","set":5},{"opt":"record_accumulation_time","set":60},{"opt":"apm_net_state","set":0},{"opt":"apm_startperf_sampling_rate","set":5},{"opt":"apm_oom_sampling_rate","set":5}]}]},"stm":1775094405,"cver":1735614866}
04-02 09:46:45.184 I/efs.config( 2975): efs config is {"msg":"成功","code":0,"cip":"127.0.0.1","config":{"common":{"updateInteval":480,"gate_way_https":true},"sign":"f3NQXAxFclJWa1oUDA==","app_configs":[{"conditions":[{"val":"0.0.0.0","opc":">=","fld":"ver"}],"actions":[{"opt":"apm_netperf_state","set":100},{"opt":"apm_netperf_day_limit","set":100},{"opt":"apm_netperf_res_bd_state","set":100},{"opt":"apm_oom_state","set":0},{"opt":"apm_netperf_data_rate","set":10},{"opt":"apm_native_h5perf_sampling_rate","set":5},{"opt":"apm_netperf_req_hd_state","set":100},{"opt":"apm_netperf_sampling_rate","set":1},{"opt":"flutter_dart_exception_max_count","set":20},{"opt":"flutter_pv_sampling_rate","set":5},{"opt":"apm_netperf_res_hd_state","set":100},{"opt":"flutter_page_state","set":100},{"opt":"flutter_page_rate","set":5},{"opt":"apm_memperf_sampling_rate","set":0},{"opt":"apm_crash_user_upload_type","set":1},{"opt":"apm_memperf_collect_max_period_sec","set":600},{"opt":"apm_crash_user_max_count","set":20},{"opt":"apm_netperf_bd_state","set":100},{"opt":"apm_native_h5_state","set":0},{"opt":"apm_mem_state","set":0},{"opt":"flutter_dart_exception_state","set":100},{"opt":"flutter_pv_max_count","set":200},{"opt":"apm_memperf_collect_interval","set":5},{"opt":"apm_flutter_state","set":100},{"opt":"apm_patrace_switch_rate","set":5},{"opt":"record_accumulation_time","set":60},{"opt":"apm_net_state","set":0},{"opt":"apm_startperf_sampling_rate","set":5},{"opt":"apm_oom_sampling_rate","set":5}]}]},"stm":1775094405,"cver":1735614866}
04-02 09:46:45.184 I/efs.base( 2975): lt=event`ev_ct=efs_core`ev_ac=config_coverage`tm=2026-04-02 09:46:18`dn=e47c7bd2-9fa9-451d-9f60-8dbb33e77f9c`ps=com.dangbei.screencast:bg_guard`um_os=android`stime=1775094398943`pid=2975`fr=android`pkg=com.dangbei.screencast`cver=1735614866`vcode=20830`dsp_w=1920`uid=e47c7bd2-9fa9-451d-9f60-8dbb33e77f9c`rom=12`wid=e47c7bd2-9fa9-451d-9f60-8dbb33e77f9c`um_app_carrier=`um_access=wifi`um_app_channel=os`um_crash_sdk_version=1.4.0`ctime=1775094405`model=dbbox-a2`lang=zh`net=wifi`brand=dangbei`dsp_h=1080`um_network_type=0`ver=v2.8.3`build_model=DBBOX-A2`w_tm=1775094405`appid=5fc60c21094d637f3130af19`um_umid_header=ai35af5d3062696c923ab8439457101f1b`sdk=31`tzone=Asia/Shanghai`sdk_ver=1.3.6.umeng
04-02 09:46:45.185 E/efs.config( 2975): updateConfigCond error
04-02 09:46:45.185 E/efs.config( 2975): java.lang.NumberFormatException: For input string: "v2"
04-02 09:46:45.185 E/efs.config( 2975): at java.lang.Integer.parseInt(Integer.java:615)
04-02 09:46:45.185 E/efs.config( 2975): at java.lang.Integer.parseInt(Integer.java:650)
04-02 09:46:45.185 E/efs.config( 2975): at com.efs.sdk.base.core.config.a.d.a(Unknown Source:33)
04-02 09:46:45.185 E/efs.config( 2975): at com.efs.sdk.base.core.config.a.d.a(Unknown Source:8)
04-02 09:46:45.185 E/efs.config( 2975): at com.efs.sdk.base.core.config.a.d.a(Unknown Source:404)
04-02 09:46:45.185 E/efs.config( 2975): at com.efs.sdk.base.core.config.a.d.a(Unknown Source:129)
04-02 09:46:45.185 E/efs.config( 2975): at com.efs.sdk.base.core.config.a.c.a(Unknown Source:4)
04-02 09:46:45.185 E/efs.config( 2975): at com.efs.sdk.base.core.config.a.c.e(Unknown Source:53)
04-02 09:46:45.185 E/efs.config( 2975): at com.efs.sdk.base.core.config.a.c.handleMessage(Unknown Source:105)
04-02 09:46:45.185 E/efs.config( 2975): at android.os.Handler.dispatchMessage(Handler.java:102)
04-02 09:46:45.185 E/efs.config( 2975): at android.os.Looper.loopOnce(Looper.java:201)
04-02 09:46:45.185 E/efs.config( 2975): at android.os.Looper.loop(Looper.java:288)
04-02 09:46:45.185 E/efs.config( 2975): at android.os.HandlerThread.run(HandlerThread.java:67)
01-01 08:01:46.126 E/sprdwl ( 949): sprdwl_rx_rsp_process ctx_id 0 recv rsp[WIFI_CMD_TX_DATA] status[SPRDWL_CMD_STATUS_ERROR]
04-02 09:46:45.905 I/BLEAudioDrive_HV410( 249): select timeout!
04-02 09:46:45.951 E/bt_upio ( 250): upio_set : /proc/bluetooth/sleep/btwrite(-1) incorrent
04-02 09:46:45.956 W/IorapForwardingService( 479): No service published for: iorapd
04-02 09:46:45.973 E/dangbei111( 1051): cccccc 检查遥控器是否连接: Dangbei C9:B5:96:5C:E3:ED
04-02 09:46:45.977 E/dangbei111( 1051): cccccc 检查遥控器是否连接: 蓝牙的结果 Dangbei C9:B5:96:5C:E3:ED true
04-02 09:46:45.977 E/dangbei111( 1051): cccccc input中没有遥控器存在
04-02 09:46:45.977 E/dangbei111( 1051): cccccc 蓝牙状态连接 开启8s check任务
04-02 09:46:45.977 E/dangbei111( 1051): cccccc 没有遥控器连接 不进行 getRCInfo return
04-02 09:46:45.977 E/dangbei111( 1051): getBattery delay 0
04-02 09:46:45.982 I/bt_btif_config( 673): system/bt/btif/src/btif_config.cc:137 btif_get_device_type: Device [c9:b5:96:5c:e3:ed] device type 2
04-02 09:46:45.983 I/bt_stack( 673): [INFO:connection_manager.cc(104)] App id=0x06already doing background connection to c9:b5:96:5c:e3:ed
04-02 09:46:45.982 D/BluetoothGatt( 1051): discoverServices() - device: C9:B5:96:5C:E3:ED
04-02 09:46:45.985 E/dangbei111( 1051): 5mins后会再次获取电量
04-02 09:46:45.985 E/dangbei111( 1051): getBattery delay 300000
04-02 09:46:45.986 I/bt_bta_gattc( 673): system/bt/bta/gatt/bta_gattc_cache.cc:902 bta_gattc_get_gatt_db: bta_gattc_get_gatt_db
04-02 09:46:45.990 D/BluetoothGatt( 1051): onSearchComplete() = Device=C9:B5:96:5C:E3:ED Status=0
04-02 09:46:46.259 E/GuardService( 2975): startMainRunnable:
04-02 09:46:46.565 D/UtilLog ( 2252): 日志批量上报 进行正常循环 !!!!!!本次有0次请求,共0条数据
04-02 09:46:46.579 E/WifiHAL ( 667): wifi_get_link_stats: requestResponse Error:-5
04-02 09:46:46.580 E/WifiVendorHal( 479): getWifiLinkLayerStats_1_5_Internal(l.1191) failed {.code = ERROR_INVALID_ARGS, .description = }
04-02 09:46:46.960 W/IorapForwardingService( 479): No service published for: iorapd
04-02 09:46:47.530 I/WifiService( 479): releaseMulticastLock uid=10027
04-02 09:46:47.532 I/WifiService( 479): releaseMulticastLock uid=10027
04-02 09:46:47.552 D/HiSight-SinkService( 3092): setDiscoverable true
04-02 09:46:47.553 D/wenhc ( 1095): getScreenInfo uri = content://com.dangbei.screencast.parts.info/screen_cast
04-02 09:46:47.554 D/wenhc ( 1095): getScreenInfo uri = content://com.dangbei.screencast.parts.info/screen_cast
04-02 09:46:47.554 D/NearFieldManager( 3092): init.
04-02 09:46:47.555 D/NearFieldManager( 3092): try check dmsdp
04-02 09:46:47.581 D/NearFieldManager( 3092): package not exist
04-02 09:46:47.586 D/CompatibilityChangeReporter( 479): Compat change id reported: 135634846; UID 10027; state: DISABLED
04-02 09:46:47.587 D/CompatibilityChangeReporter( 479): Compat change id reported: 143937733; UID 10027; state: DISABLED
04-02 09:46:47.587 D/NearFieldManager( 3092): bind nearfield service true
04-02 09:46:47.588 D/NearFieldManager( 3092): registerCallback true
04-02 09:46:47.589 D/HiSight-Discovery( 3092): set deviceInfo type:46
04-02 09:46:47.589 D/HiSight-Discovery( 3092): startAdvertise 1
04-02 09:46:47.604 D/Zygote ( 244): Forked child process 3269
04-02 09:46:47.606 I/ActivityManager( 479): app.processName = com.huawei.connection
04-02 09:46:47.606 I/ActivityManager( 479): Start proc 3269:com.huawei.connection/u0a27 for service {com.dangbei.screencast/com.huawei.connection.service.NearFieldManagerService}
04-02 09:46:47.614 I/Zygote ( 3269): seccomp disabled by setenforce 0
04-02 09:46:47.636 I/adbd ( 397): jdwp connection from 3269
04-02 09:46:47.617 I/rainbow_flow( 1993): type=1400 audit(0.0:1208): avc: denied { ioctl } for path="/dev/spidev1.0" dev="tmpfs" ino=3270 ioctlcmd=0x6b00 scontext=u:r:init:s0 tcontext=u:object_r:device:s0 tclass=chr_file permissive=1
04-02 09:46:47.664 D/CompatibilityChangeReporter( 3269): Compat change id reported: 171979766; UID 10027; state: DISABLED
04-02 09:46:47.671 D/ApplicationLoaders( 3269): Returning zygote-cached class loader: /system/framework/android.test.base.jar
04-02 09:46:47.671 D/ApplicationLoaders( 3269): Returning zygote-cached class loader: /system/framework/android.hidl.manager-V1.0-java.jar
04-02 09:46:47.671 D/ApplicationLoaders( 3269): Returning zygote-cached class loader: /system/framework/android.hidl.base-V1.0-java.jar
04-02 09:46:47.691 V/GraphicsEnvironment( 3269): ANGLE Developer option for 'com.dangbei.screencast' set to: 'default'
04-02 09:46:47.692 V/GraphicsEnvironment( 3269): Neither updatable production driver nor prerelease driver is supported.
04-02 09:46:47.693 D/NetworkSecurityConfig( 3269): Using Network Security Config from resource network_security_config debugBuild: false
04-02 09:46:47.695 D/NetworkSecurityConfig( 3269): Using Network Security Config from resource network_security_config debugBuild: false
04-02 09:46:47.697 D/HiSight-SinkService( 3092): setDiscoverable true
04-02 09:46:47.698 D/HiSight-Discovery( 3092): set deviceInfo type:46
04-02 09:46:47.698 D/HiSight-Discovery( 3092): startAdvertise 1
04-02 09:46:47.698 I/MultiDex( 3269): VM with version 2.1.0 has multidex support
04-02 09:46:47.698 I/MultiDex( 3269): Installing application
04-02 09:46:47.698 I/MultiDex( 3269): VM has multidex support, MultiDex support library is disabled.
04-02 09:46:47.699 D/wenhc ( 1095): getScreenInfo uri = content://com.dangbei.screencast.parts.info/screen_cast
04-02 09:46:47.701 D/wenhc ( 1095): getScreenInfo uri = content://com.dangbei.screencast.parts.info/screen_cast
04-02 09:46:47.722 D/HiSight-SinkService( 3092): setDiscoverable true
04-02 09:46:47.723 D/HiSight-Discovery( 3092): set deviceInfo type:46
04-02 09:46:47.723 D/HiSight-Discovery( 3092): startAdvertise 1
04-02 09:46:47.723 E/HuaweiCastService( 3092): onStartCommand in 0
04-02 09:46:47.724 D/wenhc ( 1095): getScreenInfo uri = content://com.dangbei.screencast.parts.info/screen_cast
04-02 09:46:47.724 D/wenhc ( 1095): getScreenInfo uri = content://com.dangbei.screencast.parts.info/screen_cast
04-02 09:46:47.788 I/crashsdk( 3269): version unique build id: 6230cced
04-02 09:46:47.792 D/crashsdk( 3269): Native log stat thread 3308 setup, waiting
04-02 09:46:47.796 I/crashsdk( 3269): begin hack android.os.Process
04-02 09:46:47.796 I/crashsdk( 3269): end hack android.os.Process
04-02 09:46:47.800 I/TDLog ( 3269): setReportUncaughtExceptions: true
04-02 09:46:47.805 E/Application( 3269): onCreate:Version:v2.8.3/20830/883432e
04-02 09:46:47.789 I/Thread-3( 3269): type=1400 audit(0.0:1209): avc: denied { read } for name="version" dev="proc" ino=4026532049 scontext=u:r:platform_app:s0:c512,c768 tcontext=u:object_r:proc_version:s0 tclass=file permissive=1 app=com.dangbei.screencast
04-02 09:46:47.827 I/Matrix.AnrTracer( 3269): anrTrace, final mAnrBeatTime:400, mAnrBeatRate:400
04-02 09:46:47.830 W/ServiceManager( 479): Permission failure: android.permission.HIGH_SAMPLING_RATE_SENSORS from uid=10027 pid=3269
04-02 09:46:47.833 E/LaunchManager( 3269): Non main process !
04-02 09:46:47.834 W/System.err( 3269): java.lang.NullPointerException: Attempt to invoke virtual method 'boolean com.efs.sdk.launch.LaunchConfigManager.enableTracer()' on a null object reference
04-02 09:46:47.834 W/System.err( 3269): at com.umeng.umcrash.UMCrash.init(Unknown Source:403)
04-02 09:46:47.834 W/System.err( 3269): at java.lang.reflect.Method.invoke(Native Method)
04-02 09:46:47.835 W/System.err( 3269): at com.umeng.commonsdk.UMConfigure.init(Unknown Source:811)
04-02 09:46:47.835 W/System.err( 3269): at b.f.f.b.a(:4)
04-02 09:46:47.835 D/NearFieldManagerService( 3269): NearFieldManagerService.
04-02 09:46:47.835 W/System.err( 3269): at h.o.a.run(Unknown Source:2)
04-02 09:46:47.835 D/NearFieldManagerService( 3269): onCreate, enter.
04-02 09:46:47.836 I/NearFieldManagerService( 3269): onBind, enter.
04-02 09:46:47.836 D/NearFieldManagerService( 3269): initService
04-02 09:46:47.836 D/NearFieldManagerService( 3269): NearField starting...
04-02 09:46:47.837 D/NearFieldUtils( 3269): checkSystemProperty in
04-02 09:46:47.837 D/NearFieldUtils( 3269): checkSystemProperty: systemProperties:
04-02 09:46:47.837 E/NearFieldUtils( 3269): validProperty: priority is null
04-02 09:46:47.841 D/NearFieldManager( 3092): service connected.
04-02 09:46:47.842 D/HiSight-Discovery( 3092): eventId: 4001
04-02 09:46:47.843 D/HiSight-Discovery( 3092): msg 4001
04-02 09:46:47.843 D/HiSight-Discovery( 3092): bind success, status Ready
04-02 09:46:47.843 D/HiSight-Discovery( 3092): startAdvertise 2
04-02 09:46:47.843 D/HiSight-Discovery( 3092): stopAdvertise.
04-02 09:46:47.843 D/HiSight-Discovery( 3092): nearFieldStartListen deviceType 46
04-02 09:46:47.844 I/TDLog ( 3269): TalkingData SDK init...
04-02 09:46:47.844 I/TDLog ( 3269): SDK_VERSION is: Android+TD+V5.0.7 gp Type:Native Build_Num:2141
04-02 09:46:47.844 I/TDLog ( 3269): App ID is: B9D7815EC975466AB1332111FCE62DF5
04-02 09:46:47.844 I/TDLog ( 3269): App Channel is: os
04-02 09:46:47.844 I/TDLog ( 3269): App Custom is:
04-02 09:46:47.844 I/TDLog ( 3269): SDK_OVC is: TDOVC+a3bb7754719798526508b6caad480dd7+SaaS
04-02 09:46:47.845 I/NearFieldManagerImpl( 3269): setDeviceInfo, sDeviceId changes
04-02 09:46:47.845 I/NearFieldManagerImpl( 3269): setDeviceInfo, sDeviceName changes
04-02 09:46:47.845 I/crashsdk( 3269): Catcher mask: 5000, 20480
04-02 09:46:47.845 D/NearFieldManagerImpl( 3269): setServiceData, sServiceData=[], serviceData=[32]
04-02 09:46:47.846 E/NearFieldManager( 3092): setIdnNetworkPriority: networkPortPriority is empty
04-02 09:46:47.846 D/NearFieldManager( 3092): StartListen moduleId: CastPlusDiscoveryModule
04-02 09:46:47.846 I/crashsdk( 3269): Catcher thread 3274
04-02 09:46:47.846 D/crashsdk( 3269): Register ANR handler ...
04-02 09:46:47.846 D/NearFieldManagerImpl( 3269): onReceive action get:android.net.conn.CONNECTIVITY_CHANGE
04-02 09:46:47.789 I/Thread-3( 3269): type=1400 audit(0.0:1210): avc: denied { open } for path="/proc/version" dev="proc" ino=4026532049 scontext=u:r:platform_app:s0:c512,c768 tcontext=u:object_r:proc_version:s0 tclass=file permissive=1 app=com.dangbei.screencast
04-02 09:46:47.847 D/NearFieldManagerImpl( 3269): startListen: moduleId: CastPlusDiscoveryModule
04-02 09:46:47.847 D/NearFieldUtils( 3269): getPreferredIpAddress exec
04-02 09:46:47.847 D/NearFieldUtils( 3269): getPreferredIpAddress by custom priority
04-02 09:46:47.847 D/NearFieldUtils( 3269): getIpByInterfaceSetting customIdnNetworkPriority:[]
04-02 09:46:47.847 D/NearFieldUtils( 3269): getPreferredIpAddress by default priority
04-02 09:46:47.848 D/NearFieldUtils( 3269): getPreferredIpAddress exec
04-02 09:46:47.848 D/NearFieldUtils( 3269): getPreferredIpAddress by custom priority
04-02 09:46:47.848 D/NearFieldUtils( 3269): getIpByInterfaceSetting customIdnNetworkPriority:[]
04-02 09:46:47.848 D/NearFieldUtils( 3269): getPreferredIpAddress by default priority
04-02 09:46:47.853 W/efs.send_log( 3269): tryFileLock start!
04-02 09:46:47.789 I/Thread-3( 3269): type=1400 audit(0.0:1211): avc: denied { getattr } for path="/proc/version" dev="proc" ino=4026532049 scontext=u:r:platform_app:s0:c512,c768 tcontext=u:object_r:proc_version:s0 tclass=file permissive=1 app=com.dangbei.screencast
01-01 08:01:48.454 E/sprdwl ( 949): sprdwl_rx_rsp_process ctx_id 0 recv rsp[WIFI_CMD_TX_DATA] status[SPRDWL_CMD_STATUS_ERROR]
01-01 08:01:48.468 E/sprdwl ( 949): sprdwl_rx_rsp_process ctx_id 0 recv rsp[WIFI_CMD_TX_DATA] status[SPRDWL_CMD_STATUS_ERROR]
04-02 09:46:47.913 D/NearFieldUtils( 3269): to get wlan0 ip address
04-02 09:46:47.913 D/NearFieldUtils( 3269): get wlan0 IP succeed.
04-02 09:46:47.913 E/NearFieldManagerImpl( 3269): notifyByPriority: interfaceNameInUse is null
04-02 09:46:47.913 D/NearFieldManagerImpl( 3269): handleConnectivityAction: notified by default
01-01 08:01:48.484 E/sprdwl ( 949): sprdwl_rx_rsp_process ctx_id 0 recv rsp[WIFI_CMD_TX_DATA] status[SPRDWL_CMD_STATUS_ERROR]
04-02 09:46:47.923 D/NearFieldUtils( 3269): to get wlan0 ip address
04-02 09:46:47.923 D/NearFieldUtils( 3269): get wlan0 IP succeed.
04-02 09:46:47.923 I/NearFieldManagerImpl( 3269): wlan Connected
04-02 09:46:47.923 E/NearFieldManagerUtilsNative( 3269): Begin System.loadLibrary()
04-02 09:46:47.925 D/NearFieldUtils( 3269): to get wlan0 ip address
04-02 09:46:47.925 D/NearFieldUtils( 3269): get wlan0 IP succeed.
04-02 09:46:47.925 D/NearFieldManagerImpl( 3269): sDeviceType: 46
04-02 09:46:47.926 D/NearFieldManagerImpl( 3269): registerDevice() is called.
04-02 09:46:47.930 I/efs.config( 3269): --->>> 删除旧的配置文件 false
01-01 08:01:48.499 E/sprdwl ( 949): sprdwl_rx_rsp_process ctx_id 0 recv rsp[WIFI_CMD_TX_DATA] status[SPRDWL_CMD_STATUS_ERROR]
01-01 08:01:48.513 E/sprdwl ( 949): sprdwl_rx_rsp_process ctx_id 0 recv rsp[WIFI_CMD_TX_DATA] status[SPRDWL_CMD_STATUS_ERROR]
04-02 09:46:47.949 I/efs.base( 3269): lt=event`ev_ct=efs_core`ev_ac=pvuv`tm=2026-04-02 09:46:91`dn=e47c7bd2-9fa9-451d-9f60-8dbb33e77f9c`ps=com.huawei.connection`um_os=android`stime=1775094407536`pid=3269`fr=android`pkg=com.dangbei.screencast`vcode=20830`dsp_w=1920`uid=e47c7bd2-9fa9-451d-9f60-8dbb33e77f9c`rom=12`wid=e47c7bd2-9fa9-451d-9f60-8dbb33e77f9c`um_app_carrier=`um_access=wifi`um_app_channel=os`um_crash_sdk_version=1.4.0`ctime=1775094407`model=dbbox-a2`lang=zh`net=wifi`brand=dangbei`dsp_h=1080`um_network_type=0`ver=v2.8.3`build_model=DBBOX-A2`w_tm=1775094407`appid=5fc60c21094d637f3130af19`um_umid_header=ai35af5d3062696c923ab8439457101f1b`sdk=31`tzone=Asia/Shanghai`sdk_ver=1.3.6.umeng
04-02 09:46:47.959 I/HicomNfTimerManager( 3269): epoll fd:122 create success
04-02 09:46:47.959 I/HicomNfTimerManager( 3269): epoll add fd:123--->122 success
04-02 09:46:47.959 I/HicomNfTimerManager( 3269): time fd:123 add to epoll success
04-02 09:46:47.960 I/efs.config( 3269): current config version (-1) is older than another (1735614866)
04-02 09:46:47.960 I/efs.config( 3269): load config from storage and notify observer
04-02 09:46:47.961 W/IorapForwardingService( 479): No service published for: iorapd
01-01 08:01:48.526 E/sprdwl ( 949): sprdwl_rx_rsp_process ctx_id 0 recv rsp[WIFI_CMD_TX_DATA] status[SPRDWL_CMD_STATUS_ERROR]
04-02 09:46:47.968 E/dangbei111( 1051): cccccc 检测到网络 准备请求遥控器ota信息
04-02 09:46:47.969 W/ContextImpl( 1051): Calling a method in the system process without a qualified user: android.app.ContextImpl.sendBroadcast:1173 android.content.ContextWrapper.sendBroadcast:479 com.dangbei.remotecontroller.RemoteControllerReceiver.sendMessageToUpdateHelper:122 com.dangbei.remotecontroller.RemoteControllerReceiver.access$100:28 com.dangbei.remotecontroller.RemoteControllerReceiver$1.handleMessage:41
04-02 09:46:47.970 E/ActivityManager( 479): Sending non-protected broadcast com.dangbei.remote.connected from system 1051:com.dangbei.lerad.etna.haqu/1000 pkg com.dangbei.lerad.etna.haqu
04-02 09:46:47.970 E/ActivityManager( 479): java.lang.Throwable
04-02 09:46:47.970 E/ActivityManager( 479): at com.android.server.am.ActivityManagerService.checkBroadcastFromSystem(ActivityManagerService.java:12816)
04-02 09:46:47.970 E/ActivityManager( 479): at com.android.server.am.ActivityManagerService.broadcastIntentLocked(ActivityManagerService.java:13416)
04-02 09:46:47.970 E/ActivityManager( 479): at com.android.server.am.ActivityManagerService.broadcastIntentLocked(ActivityManagerService.java:12833)
04-02 09:46:47.970 E/ActivityManager( 479): at com.android.server.am.ActivityManagerService.broadcastIntentWithFeature(ActivityManagerService.java:13670)
04-02 09:46:47.970 E/ActivityManager( 479): at android.app.IActivityManager$Stub.onTransact(IActivityManager.java:2326)
04-02 09:46:47.970 E/ActivityManager( 479): at com.android.server.am.ActivityManagerService.onTransact(ActivityManagerService.java:2509)
04-02 09:46:47.970 E/ActivityManager( 479): at android.os.Binder.execTransactInternal(Binder.java:1179)
04-02 09:46:47.970 E/ActivityManager( 479): at android.os.Binder.execTransact(Binder.java:1143)
04-02 09:46:47.970 I/HicomNf_java_to_c( 3269): notifyNetworkStateChanged with maskStr, networkType: 0, networkState: 0, mask:
04-02 09:46:47.970 I/HicomNfMainCtrlManager( 3269): NotifyNetworkStateChanged is called with networkState: 0
04-02 09:46:47.970 I/HicomNfMainCtrlManager( 3269): P2P and USB are both disconnected
04-02 09:46:47.970 I/HicomNfSecureManager( 3269): stop listening
04-02 09:46:47.970 D/nStackXDFinder( 3269): NSTACKX_Init:[146] :nstack ctrl creat epollfd 126
04-02 09:46:47.970 I/HicomNfSecureManager( 3269): StopListening, m_sessionInfoLock out, before calling NSTACKX_DMsgClose 2
04-02 09:46:47.970 I/HicomNfSecureManager( 3269): StopListening, after calling NSTACKX_DMsgClose 2
04-02 09:46:47.971 I/nStackXDFinder( 3269): InitDefaultInterfaceName:[779] :InitDefaultInterfaceName exec
04-02 09:46:47.971 D/nStackXCoAP( 3269): CoapServerInit:[174] :CoapServerInit is called
04-02 09:46:47.971 E/nStackXDFinder( 3269): GetLocalIp:[401] :GetLocalIp exec
04-02 09:46:47.971 E/nStackXDFinder( 3269): GetLocalIp:[407] :GetLocalIp, ifInfo is null
04-02 09:46:47.971 I/HicomNfMainCtrlManager( 3269): NSTACKX_RegisterDevice is called
04-02 09:46:47.971 D/NearFieldManagerImpl( 3269): Register device success.
04-02 09:46:47.971 I/NearFieldManagerImpl( 3269): serviceName is castPlus
04-02 09:46:47.972 D/NearFieldManagerImpl( 3269): registerCapability() called with: capabilityBitmapNum = 1, capabilityBitmap = [8]
04-02 09:46:47.972 I/HicomNf_java_to_c( 3269): registerCapability, capabilityBitmapNum: 1
04-02 09:46:47.972 I/HicomNfMainCtrlManager( 3269): RegisterCapability: 1, 8
04-02 09:46:47.971 E/ActivityManager( 479): Sending non-protected broadcast com.dangbei.remote.connected from system 1051:com.dangbei.lerad.etna.haqu/1000 pkg com.dangbei.lerad.etna.haqu
04-02 09:46:47.971 E/ActivityManager( 479): java.lang.Throwable
04-02 09:46:47.971 E/ActivityManager( 479): at com.android.server.am.ActivityManagerService.checkBroadcastFromSystem(ActivityManagerService.java:12816)
04-02 09:46:47.971 E/ActivityManager( 479): at com.android.server.am.ActivityManagerService.broadcastIntentLocked(ActivityManagerService.java:13513)
04-02 09:46:47.971 E/ActivityManager( 479): at com.android.server.am.ActivityManagerService.broadcastIntentLocked(ActivityManagerService.java:12833)
04-02 09:46:47.971 E/ActivityManager( 479): at com.android.server.am.ActivityManagerService.broadcastIntentWithFeature(ActivityManagerService.java:13670)
04-02 09:46:47.971 E/ActivityManager( 479): at android.app.IActivityManager$Stub.onTransact(IActivityManager.java:2326)
04-02 09:46:47.971 E/ActivityManager( 479): at com.android.server.am.ActivityManagerService.onTransact(ActivityManagerService.java:2509)
04-02 09:46:47.971 E/ActivityManager( 479): at android.os.Binder.execTransactInternal(Binder.java:1179)
04-02 09:46:47.971 E/ActivityManager( 479): at android.os.Binder.execTransact(Binder.java:1143)
04-02 09:46:47.972 I/DropBoxManagerService( 479): add tag=system_server_wtf isTagEnabled=true flags=0x2
04-02 09:46:47.972 D/NearFieldManagerImpl( 3269): Register capability succeed with capabilityBitmapNum = 1, capabilityBitmap = [8]
04-02 09:46:47.972 D/NearFieldManagerImpl( 3269): registerServiceData() called with: serviceData = 32
04-02 09:46:47.972 D/NearFieldManagerImpl( 3269): registerModule() called with: packageModuleName = com.huawei.connection+CastPlusDiscoveryModule
04-02 09:46:47.973 I/HicomNf_java_to_c( 3269): registerModule, moduleName: com.huawei.connection+CastPlusDiscoveryModule
04-02 09:46:47.973 I/HicomNfMainCtrlManager( 3269): Enter RegisterModule
04-02 09:46:47.973 I/HicomNfRegManager( 3269): RegisterModule OK, add module name com.huawei.connection+CastPlusDiscoveryModule
04-02 09:46:47.974 I/Hisight-DeviceListManager( 3092): init DeviceListManager.
04-02 09:46:47.979 I/nStackXDFinder( 3269): UpdateLocalNetworkInterface:[472] :UpdateLocalNetworkInterface exec,initerfaceName:wlan0
01-01 08:01:48.542 E/sprdwl ( 949): sprdwl_rx_rsp_process ctx_id 0 recv rsp[WIFI_CMD_TX_DATA] status[SPRDWL_CMD_STATUS_ERROR]
04-02 09:46:47.980 E/nStackXDFinder( 3269): GetLocalIp:[401] :GetLocalIp exec
04-02 09:46:47.980 E/nStackXDFinder( 3269): GetLocalIp:[407] :GetLocalIp, ifInfo is null
04-02 09:46:47.980 I/nStackXDFinder( 3269): UpdateLocalNetworkInterface:[498] :UpdateLocalNetworkInterface copy ip value in default process
04-02 09:46:47.980 E/nStackXDFinder( 3269): GetLocalIp:[401] :GetLocalIp exec
04-02 09:46:47.980 D/nStackXCoAP( 3269): CoapServerInit:[174] :CoapServerInit is called
04-02 09:46:47.980 E/nStackXDFinder( 3269): GetLocalIp:[401] :GetLocalIp exec
04-02 09:46:47.981 I/DropBoxManagerService( 479): add tag=system_server_wtf isTagEnabled=true flags=0x2
04-02 09:46:47.982 I/nStackXUtil( 3269): BindToDevice:[352] :BindToDevice exec
04-02 09:46:47.982 I/nStackXUtil( 3269): GetInterfaceByPriority:[279] :GetInterfaceByPriority exec
04-02 09:46:47.982 I/nStackXUtil( 3269): GetInterfaceByDefault:[309] :GetInterfaceByDefault exec
04-02 09:46:47.982 I/nStackXUtil( 3269): GetInterfaceByDefault:[316] :GetInterfaceByDefault, ndevice name: lo
04-02 09:46:47.982 I/nStackXUtil( 3269): GetInterfaceByDefault:[316] :GetInterfaceByDefault, ndevice name: wlan0
04-02 09:46:47.982 I/nStackXUtil( 3269): BindToDevice:[374] :BindToDevice, Bind localAddr name: wlan0
04-02 09:46:47.982 E/nStackXUtil( 3269): BindToDeviceInner:[188] :setsockopt fail, errno = 1
04-02 09:46:47.982 E/nStackXCoAP( 3269): CoapGetContext:[250] :bind to device fail
04-02 09:46:47.982 D/nStackXCoAP( 3269): CoapInitResources:[744] :CoapInitResources g_wlanOrEthContext update
04-02 09:46:47.983 I/nStackXDFinder( 3269): RegisterServiceData:[728] :RegisterServiceData, serviceData=[32]
04-02 09:46:47.985 E/dangbei111( 1051): 读出来的遥控器版本不是空 CSH260331
04-02 09:46:47.985 E/dangbei111( 1051): cccccc requestRemoteInfoInner factory NA version CSH260331
04-02 09:46:47.985 D/Hisight-DeviceListManager( 3092): get old secret key
04-02 09:46:47.988 I/HicomNf_java_to_c( 3269): notifyNetworkStateChanged with maskStr, networkType: 0, networkState: 1, mask: 255.255.254.0
04-02 09:46:47.988 I/HicomNfMainCtrlManager( 3269): NotifyNetworkStateChanged is called with networkState: 1
04-02 09:46:47.988 I/HicomNfSecureManager( 3269): StartListening, before calling NSTACKX_DMsgServer
04-02 09:46:47.988 I/nStackXDMsg( 3269): NSTACKX_DMsgServer:[1335] :msgReceiver is not NULL
04-02 09:46:47.989 D/nStackXDMsg( 3269): StartDMsgMainThread:[1274] :pthread_create
04-02 09:46:47.989 I/HicomNfSecureManager( 3269): StartListening, after calling NSTACKX_DMsgServer
04-02 09:46:47.989 I/HicomNfSecureManager( 3269): OnehopSecureCtrlManager: succeeded to StartListening with type 0
04-02 09:46:47.990 W/efs.info.manager( 3269): network change: wifi
01-01 08:01:48.558 E/sprdwl ( 949): sprdwl_rx_rsp_process ctx_id 0 recv rsp[WIFI_CMD_TX_DATA] status[SPRDWL_CMD_STATUS_ERROR]
04-02 09:46:47.998 I/okhttp.OkHttpClient( 1051): --> POST http://tymsgapi.qun7.com/v1/core/ykota (622-byte body)
04-02 09:46:48.006 E/Hisight-ConnectAuthCallBack( 3092): readSecureFile failed, no such file
04-02 09:46:48.006 W/Hisight-DeviceListManager( 3092): deviceRecords is empty
04-02 09:46:48.006 W/Hisight-DeviceListManager( 3092): occur error, clear all the list
04-02 09:46:48.006 D/Hisight-HiChainAuthControl( 3092): start HiChainAuthControl
04-02 09:46:48.010 I/ConnectAuthJNI( 3092): JNI_OnLoad begin load
04-02 09:46:48.010 I/ConnectAuthJNI( 3092): RegisterNativeMethod begin
04-02 09:46:48.011 I/ConnectAuthJNI( 3092): RegisterNativeMethod end
04-02 09:46:48.011 I/ConnectAuthJNI( 3092): RegisterNativeMethod 1004 methodLen=10
04-02 09:46:48.011 I/ConnectAuthJNI( 3092): RegisterNativeMethod 1007 RegisterNatives=0
04-02 09:46:48.011 I/ConnectAuthJNI( 3092): InitArraylist 1013
04-02 09:46:48.011 I/ConnectAuthJNI( 3092): InitConnectAuthStaticJNIMethod 1114 methodRet=0
04-02 09:46:48.011 E/ConnectAuthJNI( 3092): JNI_OnLoad finish....1138
04-02 09:46:48.011 D/Hisight-HiChainAuthControl( 3092): setupAuthIfNeeded, HiChainInstance hasn't been initialized
04-02 09:46:48.011 I/ConnectAuthJNI( 3092): Java_com_huawei_hisight_security_ConnectAuthNative_nativeSetup 795 call HiChainNativeSetup
04-02 09:46:48.011 I/ConnectAuthJNI( 3092): HiChainNativeSetup 565 registe_log
04-02 09:46:48.011 I/ConnectAuthJNI( 3092): HksStorageRegisterFileCallbacks 245 register hks file callback status =0
04-02 09:46:48.011 I/ConnectAuthJNI( 3092): HksRegisterGetDeviceIdCallback 268 register hks get hardware udid callback status =0
04-02 09:46:48.011 D/ConnectAuthJNI( 3092): [HiChain] get_instance Begin get instance
04-02 09:46:48.011 I/ConnectAuthJNI( 3092): [HKS] hks_service_key_info_init hks init : begin
04-02 09:46:48.011 I/ConnectAuthJNI( 3092): FileRead 113 FileRead
04-02 09:46:48.011 I/ConnectAuthJNI( 3092): FileRead 122 FileRead call readSecureFile begin
04-02 09:46:48.012 E/Hisight-ConnectAuthCallBack( 3092): readSecureFile failed, no such file
04-02 09:46:48.012 W/ConnectAuthJNI( 3092): FileRead 132 FileRead call readSecureFile byteArray is null
04-02 09:46:48.012 I/ConnectAuthJNI( 3092): [HKS] hks_rkc_init RKC init:begin, is_key_info_exist=0
04-02 09:46:48.012 I/ConnectAuthJNI( 3092): [HKS] hks_rkc_init_entropy the entropy is empty
04-02 09:46:48.012 I/ConnectAuthJNI( 3092): FileSize 214 FileSize
04-02 09:46:48.012 I/ConnectAuthJNI( 3092): FileSize 230 fileSize=258
04-02 09:46:48.012 I/ConnectAuthJNI( 3092): FileRead 113 FileRead
04-02 09:46:48.012 I/ConnectAuthJNI( 3092): FileRead 122 FileRead call readSecureFile begin
04-02 09:46:48.013 I/ConnectAuthJNI( 3092): FileRead 135 FileRead call readSecureFile end
04-02 09:46:48.013 I/ConnectAuthJNI( 3092): FileRead 150 fileBuff size 258, buf len 258
04-02 09:46:48.013 I/ConnectAuthJNI( 3092): FileSize 214 FileSize
04-02 09:46:48.013 I/ConnectAuthJNI( 3092): FileSize 230 fileSize=258
04-02 09:46:48.013 I/ConnectAuthJNI( 3092): FileRead 113 FileRead
04-02 09:46:48.013 I/ConnectAuthJNI( 3092): FileRead 122 FileRead call readSecureFile begin
04-02 09:46:48.013 I/ConnectAuthJNI( 3092): FileRead 135 FileRead call readSecureFile end
04-02 09:46:48.013 I/ConnectAuthJNI( 3092): FileRead 150 fileBuff size 258, buf len 258
04-02 09:46:48.013 I/ConnectAuthJNI( 3092): [HKS] hks_rkc_load_ksf load ksf success
04-02 09:46:48.013 I/ConnectAuthJNI( 3092): [HKS] hks_rkc_init root key component init success
04-02 09:46:48.013 I/ConnectAuthJNI( 3092): [HKS] hks_rkc_init RKC init:end,rc=0
04-02 09:46:48.013 I/ConnectAuthJNI( 3092): [HKS] hks_service_key_info_init hks init : end
04-02 09:46:48.013 I/ConnectAuthJNI( 3092): GetHiChainProtocolParamsCallback 371 GetHiChainProtocolParamsCallback operation_code= 99
04-02 09:46:48.013 I/ConnectAuthJNI( 3092): paramLen is ,=0
04-02 09:46:48.013 I/ConnectAuthJNI( 3092): paramLen is ,=0
04-02 09:46:48.013 I/ConnectAuthJNI( 3092): GetHiChainProtocolParamsCallback 402 GetHiChainProtocolParamsCallback end
04-02 09:46:48.013 I/ConnectAuthJNI( 3092): [HiChain] get_instance Get instance success
04-02 09:46:48.013 I/ConnectAuthJNI( 3092): Java_com_huawei_hisight_security_ConnectAuthNative_nativeGetHiChainInstance 598 get instance success
04-02 09:46:48.013 D/Hisight-HiChainAuthControl( 3092): destroyAuth
04-02 09:46:48.013 I/ConnectAuthJNI( 3092): Java_com_huawei_hisight_security_ConnectAuthNative_nativeDestroy 603 destroy
04-02 09:46:48.014 D/Hisight-HiChainAuthControl( 3092): setupAuthIfNeeded, HiChainInstance hasn't been initialized
04-02 09:46:48.014 I/ConnectAuthJNI( 3092): Java_com_huawei_hisight_security_ConnectAuthNative_nativeSetup 795 call HiChainNativeSetup
04-02 09:46:48.014 I/ConnectAuthJNI( 3092): HiChainNativeSetup 565 registe_log
04-02 09:46:48.014 I/ConnectAuthJNI( 3092): HksStorageRegisterFileCallbacks 245 register hks file callback status =0
04-02 09:46:48.014 I/ConnectAuthJNI( 3092): HksRegisterGetDeviceIdCallback 268 register hks get hardware udid callback status =0
04-02 09:46:48.014 D/ConnectAuthJNI( 3092): [HiChain] get_instance Begin get instance
04-02 09:46:48.014 I/ConnectAuthJNI( 3092): [HKS] hks_service_key_info_init hks init : begin
04-02 09:46:48.014 I/ConnectAuthJNI( 3092): [HKS] hks_service_key_info_init hks init : end
04-02 09:46:48.014 I/ConnectAuthJNI( 3092): GetHiChainProtocolParamsCallback 371 GetHiChainProtocolParamsCallback operation_code= 99
04-02 09:46:48.014 I/ConnectAuthJNI( 3092): paramLen is ,=0
04-02 09:46:48.014 I/ConnectAuthJNI( 3092): paramLen is ,=0
04-02 09:46:48.014 I/ConnectAuthJNI( 3092): GetHiChainProtocolParamsCallback 402 GetHiChainProtocolParamsCallback end
04-02 09:46:48.014 I/ConnectAuthJNI( 3092): [HiChain] get_instance Get instance success
04-02 09:46:48.014 I/ConnectAuthJNI( 3092): Java_com_huawei_hisight_security_ConnectAuthNative_nativeGetHiChainInstance 598 get instance success
04-02 09:46:48.014 W/ConnectAuthJNI( 3092): GetListTrustPeers 899 trustPeerSize=0
04-02 09:46:48.014 D/Hisight-HiChainAuthControl( 3092): destroyAuth
04-02 09:46:48.014 I/ConnectAuthJNI( 3092): Java_com_huawei_hisight_security_ConnectAuthNative_nativeDestroy 603 destroy
04-02 09:46:48.014 D/Hisight-HiChainAuthControl( 3092): setupAuthIfNeeded, HiChainInstance hasn't been initialized
04-02 09:46:48.014 I/ConnectAuthJNI( 3092): Java_com_huawei_hisight_security_ConnectAuthNative_nativeSetup 795 call HiChainNativeSetup
04-02 09:46:48.014 I/ConnectAuthJNI( 3092): HiChainNativeSetup 565 registe_log
04-02 09:46:48.014 I/ConnectAuthJNI( 3092): HksStorageRegisterFileCallbacks 245 register hks file callback status =0
04-02 09:46:48.014 I/ConnectAuthJNI( 3092): HksRegisterGetDeviceIdCallback 268 register hks get hardware udid callback status =0
04-02 09:46:48.014 D/ConnectAuthJNI( 3092): [HiChain] get_instance Begin get instance
04-02 09:46:48.014 I/ConnectAuthJNI( 3092): [HKS] hks_service_key_info_init hks init : begin
04-02 09:46:48.014 I/ConnectAuthJNI( 3092): [HKS] hks_service_key_info_init hks init : end
04-02 09:46:48.014 I/ConnectAuthJNI( 3092): GetHiChainProtocolParamsCallback 371 GetHiChainProtocolParamsCallback operation_code= 99
04-02 09:46:48.014 I/ConnectAuthJNI( 3092): paramLen is ,=0
04-02 09:46:48.014 I/ConnectAuthJNI( 3092): paramLen is ,=0
04-02 09:46:48.014 I/ConnectAuthJNI( 3092): GetHiChainProtocolParamsCallback 402 GetHiChainProtocolParamsCallback end
04-02 09:46:48.014 I/ConnectAuthJNI( 3092): [HiChain] get_instance Get instance success
04-02 09:46:48.014 I/ConnectAuthJNI( 3092): Java_com_huawei_hisight_security_ConnectAuthNative_nativeGetHiChainInstance 598 get instance success
04-02 09:46:48.015 W/ConnectAuthJNI( 3092): GetListTrustPeers 899 trustPeerSize=0
04-02 09:46:48.015 D/Hisight-DeviceListManager( 3092): init trusted list size: 0
04-02 09:46:48.015 D/HiSight-ConnectionManager( 3092): setAuthInfo, authMode: 1
04-02 09:46:47.981 I/DefaultDispatch( 1051): type=1400 audit(0.0:1212): avc: denied { read } for name="devices" dev="proc" ino=4026532014 scontext=u:r:system_app:s0 tcontext=u:object_r:proc:s0 tclass=file permissive=1
04-02 09:46:47.981 I/DefaultDispatch( 1051): type=1400 audit(0.0:1213): avc: denied { open } for path="/proc/bus/input/devices" dev="proc" ino=4026532014 scontext=u:r:system_app:s0 tcontext=u:object_r:proc:s0 tclass=file permissive=1
04-02 09:46:47.981 I/DefaultDispatch( 1051): type=1400 audit(0.0:1214): avc: denied { getattr } for path="/proc/bus/input/devices" dev="proc" ino=4026532014 scontext=u:r:system_app:s0 tcontext=u:object_r:proc:s0 tclass=file permissive=1
01-01 08:01:48.645 E/sprdwl ( 949): sprdwl_rx_rsp_process ctx_id 0 recv rsp[WIFI_CMD_TX_DATA] status[SPRDWL_CMD_STATUS_ERROR]
01-01 08:01:48.660 E/sprdwl ( 949): sprdwl_rx_rsp_process ctx_id 0 recv rsp[WIFI_CMD_TX_DATA] status[SPRDWL_CMD_STATUS_ERROR]
01-01 08:01:48.674 E/sprdwl ( 949): sprdwl_rx_rsp_process ctx_id 0 recv rsp[WIFI_CMD_TX_DATA] status[SPRDWL_CMD_STATUS_ERROR]
01-01 08:01:48.688 E/sprdwl ( 949): sprdwl_rx_rsp_process ctx_id 0 recv rsp[WIFI_CMD_TX_DATA] status[SPRDWL_CMD_STATUS_ERROR]
01-01 08:01:48.705 E/sprdwl ( 949): sprdwl_rx_rsp_process ctx_id 0 recv rsp[WIFI_CMD_TX_DATA] status[SPRDWL_CMD_STATUS_ERROR]
04-02 09:46:48.144 I/okhttp.OkHttpClient( 1051): <-- 200 OK http://tymsgapi.qun7.com/v1/core/ykota (145ms, unknown-length body)
04-02 09:46:48.149 E/dangbei111( 1051): cccccc requestRemoteInfoInner BaseResponse{message='success', data=null, code=0}
04-02 09:46:48.150 W/System.err( 1051): java.lang.NullPointerException: Attempt to invoke virtual method 'java.lang.String com.etna.haqu.model.business.bean.db.remote.RemoteUpdateBean.getDownloadId()' on a null object reference
04-02 09:46:48.150 W/System.err( 1051): at com.dangbei.etna.update.remote.RemoteUpdateHelper$requestRemoteInfoInner$1$2.invoke(RemoteUpdateHelper.kt:199)
04-02 09:46:48.150 W/System.err( 1051): at com.dangbei.etna.update.remote.RemoteUpdateHelper$requestRemoteInfoInner$1$2.invoke(RemoteUpdateHelper.kt:188)
04-02 09:46:48.150 W/System.err( 1051): at com.etna.haqu.support.ext.FlowExtKt$safeCollect$3.emit(FlowExt.kt:52)
04-02 09:46:48.151 W/System.err( 1051): at kotlinx.coroutines.flow.FlowKt__ErrorsKt$catchImpl$2.emit(Errors.kt:158)
04-02 09:46:48.151 W/System.err( 1051): at kotlinx.coroutines.flow.FlowKt__ChannelsKt.emitAllImpl$FlowKt__ChannelsKt(Channels.kt:62)
04-02 09:46:48.151 W/System.err( 1051): at kotlinx.coroutines.flow.FlowKt__ChannelsKt.access$emitAllImpl$FlowKt__ChannelsKt(Channels.kt:1)
04-02 09:46:48.151 W/System.err( 1051): at kotlinx.coroutines.flow.FlowKt__ChannelsKt$emitAllImpl$1.invokeSuspend(Unknown Source:14)
04-02 09:46:48.151 W/System.err( 1051): at kotlin.coroutines.jvm.internal.BaseContinuationImpl.resumeWith(ContinuationImpl.kt:33)
04-02 09:46:48.151 W/System.err( 1051): at kotlinx.coroutines.DispatchedTask.run(DispatchedTask.kt:106)
04-02 09:46:48.151 W/System.err( 1051): at android.os.Handler.handleCallback(Handler.java:938)
04-02 09:46:48.151 W/System.err( 1051): at android.os.Handler.dispatchMessage(Handler.java:99)
04-02 09:46:48.151 W/System.err( 1051): at android.os.Looper.loopOnce(Looper.java:201)
04-02 09:46:48.151 W/System.err( 1051): at android.os.Looper.loop(Looper.java:288)
04-02 09:46:48.151 W/System.err( 1051): at android.app.ActivityThread.main(ActivityThread.java:7854)
04-02 09:46:48.151 W/System.err( 1051): at java.lang.reflect.Method.invoke(Native Method)
04-02 09:46:48.151 W/System.err( 1051): at com.android.internal.os.RuntimeInit$MethodAndArgsCaller.run(RuntimeInit.java:548)
04-02 09:46:48.152 W/System.err( 1051): at com.android.internal.os.ZygoteInit.main(ZygoteInit.java:1182)
01-01 08:01:48.719 E/sprdwl ( 949): sprdwl_rx_rsp_process ctx_id 0 recv rsp[WIFI_CMD_TX_DATA] status[SPRDWL_CMD_STATUS_ERROR]
04-02 09:46:48.155 E/ccc ( 1051): cccccc com.dangbei.haqusetting not connect
04-02 09:46:48.155 E/ccc ( 1051): cccccc updateHelper 通知更新
04-02 09:46:48.155 E/dangbei111( 1051): cccccc requestRemoteInfoInner 出现异常 Attempt to invoke virtual method 'java.lang.String com.etna.haqu.model.business.bean.db.remote.RemoteUpdateBean.getDownloadId()' on a null object reference
01-01 08:01:48.734 E/sprdwl ( 949): sprdwl_rx_rsp_process ctx_id 0 recv rsp[WIFI_CMD_TX_DATA] status[SPRDWL_CMD_STATUS_ERROR]
01-01 08:01:48.749 E/sprdwl ( 949): sprdwl_rx_rsp_process ctx_id 0 recv rsp[WIFI_CMD_TX_DATA] status[SPRDWL_CMD_STATUS_ERROR]
01-01 08:01:48.761 E/sprdwl ( 949): sprdwl_rx_rsp_process ctx_id 0 recv rsp[WIFI_CMD_TX_DATA] status[SPRDWL_CMD_STATUS_ERROR]
01-01 08:01:48.775 E/sprdwl ( 949): sprdwl_rx_rsp_process ctx_id 0 recv rsp[WIFI_CMD_TX_DATA] status[SPRDWL_CMD_STATUS_ERROR]
01-01 08:01:48.790 E/sprdwl ( 949): sprdwl_rx_rsp_process ctx_id 0 recv rsp[WIFI_CMD_TX_DATA] status[SPRDWL_CMD_STATUS_ERROR]
01-01 08:01:48.808 E/sprdwl ( 949): sprdwl_rx_rsp_process ctx_id 0 recv rsp[WIFI_CMD_TX_DATA] status[SPRDWL_CMD_STATUS_ERROR]
01-01 08:01:48.821 E/sprdwl ( 949): sprdwl_rx_rsp_process ctx_id 0 recv rsp[WIFI_CMD_TX_DATA] status[SPRDWL_CMD_STATUS_ERROR]
01-01 08:01:48.838 E/sprdwl ( 949): sprdwl_rx_rsp_process ctx_id 0 recv rsp[WIFI_CMD_TX_DATA] status[SPRDWL_CMD_STATUS_ERROR]
01-01 08:01:48.852 E/sprdwl ( 949): sprdwl_rx_rsp_process ctx_id 0 recv rsp[WIFI_CMD_TX_DATA] status[SPRDWL_CMD_STATUS_ERROR]
04-02 09:46:48.543 E/raop ( 3092): JavaCallback init
04-02 09:46:48.651 W/TelephonyPermissions( 479): reportAccessDeniedToReadIdentifiers:com.dangbei.screencast:getSerial:-1
04-02 09:46:48.679 V/NFC ( 3269): this device does not have NFC support
01-01 08:01:49.450 E/sprdwl ( 949): sprdwl_rx_rsp_process ctx_id 0 recv rsp[WIFI_CMD_TX_DATA] status[SPRDWL_CMD_STATUS_ERROR]
01-01 08:01:49.468 E/sprdwl ( 949): sprdwl_rx_rsp_process ctx_id 0 recv rsp[WIFI_CMD_TX_DATA] status[SPRDWL_CMD_STATUS_ERROR]
01-01 08:01:49.483 E/sprdwl ( 949): sprdwl_rx_rsp_process ctx_id 0 recv rsp[WIFI_CMD_TX_DATA] status[SPRDWL_CMD_STATUS_ERROR]
01-01 08:01:49.499 E/sprdwl ( 949): sprdwl_rx_rsp_process ctx_id 0 recv rsp[WIFI_CMD_TX_DATA] status[SPRDWL_CMD_STATUS_ERROR]
01-01 08:01:49.516 E/sprdwl ( 949): sprdwl_rx_rsp_process ctx_id 0 recv rsp[WIFI_CMD_TX_DATA] status[SPRDWL_CMD_STATUS_ERROR]
01-01 08:01:49.530 E/sprdwl ( 949): sprdwl_rx_rsp_process ctx_id 0 recv rsp[WIFI_CMD_TX_DATA] status[SPRDWL_CMD_STATUS_ERROR]
04-02 09:46:48.978 E/dangbei111( 1051): cccccc 准备开始进行 startScanInner
04-02 09:46:48.978 E/dangbei111( 1051): cccccc 小于10s 由于之前已经开始扫描了 不在开启新的扫描
01-01 08:01:49.543 E/sprdwl ( 949): sprdwl_rx_rsp_process ctx_id 0 recv rsp[WIFI_CMD_TX_DATA] status[SPRDWL_CMD_STATUS_ERROR]
04-02 09:46:48.980 W/IorapForwardingService( 479): No service published for: iorapd
01-01 08:01:49.559 E/sprdwl ( 949): sprdwl_rx_rsp_process ctx_id 0 recv rsp[WIFI_CMD_TX_DATA] status[SPRDWL_CMD_STATUS_ERROR]
01-01 08:01:49.574 E/sprdwl ( 949): sprdwl_rx_rsp_process ctx_id 0 recv rsp[WIFI_CMD_TX_DATA] status[SPRDWL_CMD_STATUS_ERROR]
01-01 08:01:49.588 E/sprdwl ( 949): sprdwl_rx_rsp_process ctx_id 0 recv rsp[WIFI_CMD_TX_DATA] status[SPRDWL_CMD_STATUS_ERROR]
01-01 08:01:49.604 E/sprdwl ( 949): sprdwl_rx_rsp_process ctx_id 0 recv rsp[WIFI_CMD_TX_DATA] status[SPRDWL_CMD_STATUS_ERROR]
01-01 08:01:49.620 E/sprdwl ( 949): sprdwl_rx_rsp_process ctx_id 0 recv rsp[WIFI_CMD_TX_DATA] status[SPRDWL_CMD_STATUS_ERROR]
01-01 08:01:49.635 E/sprdwl ( 949): sprdwl_rx_rsp_process ctx_id 0 recv rsp[WIFI_CMD_TX_DATA] status[SPRDWL_CMD_STATUS_ERROR]
01-01 08:01:49.649 E/sprdwl ( 949): sprdwl_rx_rsp_process ctx_id 0 recv rsp[WIFI_CMD_TX_DATA] status[SPRDWL_CMD_STATUS_ERROR]
01-01 08:01:49.664 E/sprdwl ( 949): sprdwl_rx_rsp_process ctx_id 0 recv rsp[WIFI_CMD_TX_DATA] status[SPRDWL_CMD_STATUS_ERROR]
01-01 08:01:49.680 E/sprdwl ( 949): sprdwl_rx_rsp_process ctx_id 0 recv rsp[WIFI_CMD_TX_DATA] status[SPRDWL_CMD_STATUS_ERROR]
01-01 08:01:49.695 E/sprdwl ( 949): sprdwl_rx_rsp_process ctx_id 0 recv rsp[WIFI_CMD_TX_DATA] status[SPRDWL_CMD_STATUS_ERROR]
01-01 08:01:49.710 E/sprdwl ( 949): sprdwl_rx_rsp_process ctx_id 0 recv rsp[WIFI_CMD_TX_DATA] status[SPRDWL_CMD_STATUS_ERROR]
01-01 08:01:49.724 E/sprdwl ( 949): sprdwl_rx_rsp_process ctx_id 0 recv rsp[WIFI_CMD_TX_DATA] status[SPRDWL_CMD_STATUS_ERROR]
01-01 08:01:49.740 E/sprdwl ( 949): sprdwl_rx_rsp_process ctx_id 0 recv rsp[WIFI_CMD_TX_DATA] status[SPRDWL_CMD_STATUS_ERROR]
04-02 09:46:49.257 E/GuardService( 2975): killMyselfRunnable:
04-02 09:46:49.257 I/crashsdk( 2975): android_os_Process_sendSignal. PID: 2975 SIG: 9
04-02 09:46:49.257 I/crashsdk( 2975): onKillProcess. SIG: 9
04-02 09:46:49.261 I/crashsdk( 2975): Kill PID: 2975 (com.dangbei.screencast:bg_guard) by pid: 2975 (com.dangbei.screencast:bg_guard) tid: 2975 (main)
04-02 09:46:49.261 I/crashsdk( 2975): SIG: 9, fg: false, exiting: false, main process: false, time: 20260402094649
04-02 09:46:49.261 I/crashsdk( 2975): State in disk: 'b'
04-02 09:46:49.261 I/crashsdk( 2975): at android.os.Process.sendSignal(Native Method)
04-02 09:46:49.261 I/crashsdk( 2975): at android.os.Process.killProcess(Process.java:1153)
04-02 09:46:49.261 I/crashsdk( 2975): at com.dangbei.screencast.startup.GuardService$a.run(:2)
04-02 09:46:49.261 I/crashsdk( 2975): at android.os.Handler.handleCallback(Handler.java:938)
04-02 09:46:49.261 I/crashsdk( 2975): at android.os.Handler.dispatchMessage(Handler.java:99)
04-02 09:46:49.261 I/crashsdk( 2975): at android.os.Looper.loopOnce(Looper.java:201)
04-02 09:46:49.261 I/crashsdk( 2975): at android.os.Looper.loop(Looper.java:288)
04-02 09:46:49.261 I/crashsdk( 2975): at android.app.ActivityThread.main(ActivityThread.java:7854)
04-02 09:46:49.261 I/crashsdk( 2975): at java.lang.reflect.Method.invoke(Native Method)
04-02 09:46:49.261 I/crashsdk( 2975): at com.android.internal.os.RuntimeInit$MethodAndArgsCaller.run(RuntimeInit.java:548)
04-02 09:46:49.261 I/crashsdk( 2975): at com.android.internal.os.ZygoteInit.main(ZygoteInit.java:1182)
04-02 09:46:49.262 I/Process ( 2975): Sending signal. PID: 2975 SIG: 9
04-02 09:46:49.313 W/efs.send_log( 3092): tryFileLock sendlock sucess! processname: com.dangbei.screencast
04-02 09:46:49.315 I/Zygote ( 244): Process 2975 exited due to signal 9 (Killed)
04-02 09:46:49.316 I/libprocessgroup( 479): Successfully killed process cgroup uid 10027 pid 2975 in 0ms
04-02 09:46:49.317 I/ActivityManager( 479): Process com.dangbei.screencast:bg_guard (pid 2975) has died: prcp FGS
01-01 08:01:49.891 I/init ( 1): Untracked pid 3058 exited with status 0
01-01 08:01:50.143 W/hdr10p_Configure( 378): 58 callbacks suppressed
01-01 08:01:50.143 I/ ( 378): DVI mode selected: packets not configured
01-01 08:01:50.156 W/set_vsif_config( 378): 58 callbacks suppressed
01-01 08:01:50.156 I/ ( 378): Error: set vsif failed
04-02 09:46:49.592 E/WifiHAL ( 667): wifi_get_link_stats: requestResponse Error:-5
