01-01 08:00:15.100 W/android.hardware.media.omx@1.0-service( 366): Could not read additional policy file '/vendor/etc/seccomp_policy/mediacodec.policy'
01-01 08:00:15.100 W/android.hardware.media.omx@1.0-service( 366): libminijail[366]: failed to get path of fd 4: No such file or directory
01-01 08:00:15.101 W/android.hardware.media.omx@1.0-service( 366): libminijail[366]: allowing syscall: clock_gettime
01-01 08:00:15.101 W/android.hardware.media.omx@1.0-service( 366): libminijail[366]: allowing syscall: connect
01-01 08:00:15.101 W/android.hardware.media.omx@1.0-service( 366): libminijail[366]: allowing syscall: fcntl64
01-01 08:00:15.101 W/kmsgd ( 395): logRotateSizeKBytes is 8192
01-01 08:00:15.101 W/android.hardware.media.omx@1.0-service( 366): libminijail[366]: allowing syscall: socket
01-01 08:00:15.101 W/android.hardware.media.omx@1.0-service( 366): libminijail[366]: allowing syscall: writev
01-01 08:00:15.101 W/kmsgd ( 395): maxRotatedLogs is 8
01-01 08:00:15.101 W/kmsgd ( 395): outputFileName is /data/media/awlog/kernel/kmsg
01-01 08:00:15.101 W/android.hardware.media.omx@1.0-service( 366): libminijail[366]: compile_file: (59): syscall getrandom redefined here
01-01 08:00:15.102 W/android.hardware.media.omx@1.0-service( 366): libminijail[366]: compile_file: (15): previous definition here
01-01 08:00:15.108 I/kmsgd ( 395): openLogFile append
01-01 08:00:15.108 W/android.hardware.media.omx@1.0-service( 366): libminijail[366]: compile_file: /system/etc/seccomp_policy/crash_dump.arm.policy(1): syscall read redefined here
01-01 08:00:15.108 W/android.hardware.media.omx@1.0-service( 366): libminijail[366]: compile_file: (9): previous definition here
01-01 08:00:15.108 W/android.hardware.media.omx@1.0-service( 366): libminijail[366]: compile_file: /system/etc/seccomp_policy/crash_dump.arm.policy(2): syscall write redefined here
01-01 08:00:15.108 W/android.hardware.media.omx@1.0-service( 366): libminijail[366]: compile_file: (5): previous definition here
01-01 08:00:15.108 W/android.hardware.media.omx@1.0-service( 366): libminijail[366]: compile_file: /system/etc/seccomp_policy/crash_dump.arm.policy(3): syscall exit redefined here
01-01 08:00:15.108 W/android.hardware.media.omx@1.0-service( 366): libminijail[366]: compile_file: (40): previous definition here
01-01 08:00:15.109 W/android.hardware.media.omx@1.0-service( 366): libminijail[366]: compile_file: /system/etc/seccomp_policy/crash_dump.arm.policy(4): syscall rt_sigreturn redefined here
01-01 08:00:15.109 W/android.hardware.media.omx@1.0-service( 366): libminijail[366]: compile_file: (45): previous definition here
01-01 08:00:15.109 W/android.hardware.media.omx@1.0-service( 366): libminijail[366]: compile_file: /system/etc/seccomp_policy/crash_dump.arm.policy(6): syscall exit_group redefined here
01-01 08:00:15.109 W/android.hardware.media.omx@1.0-service( 366): libminijail[366]: compile_file: (44): previous definition here
01-01 08:00:15.109 W/android.hardware.media.omx@1.0-service( 366): libminijail[366]: compile_file: /system/etc/seccomp_policy/crash_dump.arm.policy(7): syscall clock_gettime redefined here
01-01 08:00:15.109 W/android.hardware.media.omx@1.0-service( 366): libminijail[366]: compile_file: (7): previous definition here
01-01 08:00:15.109 W/android.hardware.media.omx@1.0-service( 366): libminijail[366]: compile_file: /system/etc/seccomp_policy/crash_dump.arm.policy(8): syscall gettimeofday redefined here
01-01 08:00:15.109 W/android.hardware.media.omx@1.0-service( 366): libminijail[366]: compile_file: (47): previous definition here
01-01 08:00:15.109 W/android.hardware.media.omx@1.0-service( 366): libminijail[366]: compile_file: /system/etc/seccomp_policy/crash_dump.arm.policy(9): syscall futex redefined here
01-01 08:00:15.109 W/android.hardware.media.omx@1.0-service( 366): libminijail[366]: compile_file: (3): previous definition here
01-01 08:00:15.109 W/android.hardware.media.omx@1.0-service( 366): libminijail[366]: compile_file: /system/etc/seccomp_policy/crash_dump.arm.policy(10): syscall getrandom redefined here
01-01 08:00:15.109 W/android.hardware.media.omx@1.0-service( 366): libminijail[366]: compile_file: (15): previous definition here
01-01 08:00:15.109 W/android.hardware.media.omx@1.0-service( 366): libminijail[366]: compile_file: /system/etc/seccomp_policy/crash_dump.arm.policy(13): syscall ppoll redefined here
01-01 08:00:15.109 W/android.hardware.media.omx@1.0-service( 366): libminijail[366]: compile_file: (13): previous definition here
01-01 08:00:15.109 W/android.hardware.media.omx@1.0-service( 366): libminijail[366]: compile_file: /system/etc/seccomp_policy/crash_dump.arm.policy(14): syscall pipe2 redefined here
01-01 08:00:15.109 W/android.hardware.media.omx@1.0-service( 366): libminijail[366]: compile_file: (46): previous definition here
01-01 08:00:15.109 W/android.hardware.media.omx@1.0-service( 366): libminijail[366]: compile_file: /system/etc/seccomp_policy/crash_dump.arm.policy(15): syscall openat redefined here
01-01 08:00:15.110 W/android.hardware.media.omx@1.0-service( 366): libminijail[366]: compile_file: (30): previous definition here
01-01 08:00:15.110 W/android.hardware.media.omx@1.0-service( 366): libminijail[366]: compile_file: /system/etc/seccomp_policy/crash_dump.arm.policy(16): syscall dup redefined here
01-01 08:00:15.110 W/android.hardware.media.omx@1.0-service( 366): libminijail[366]: compile_file: (12): previous definition here
01-01 08:00:15.110 W/android.hardware.media.omx@1.0-service( 366): libminijail[366]: compile_file: /system/etc/seccomp_policy/crash_dump.arm.policy(17): syscall close redefined here
01-01 08:00:15.110 W/android.hardware.media.omx@1.0-service( 366): libminijail[366]: compile_file: (10): previous definition here
01-01 08:00:15.110 W/android.hardware.media.omx@1.0-service( 366): libminijail[366]: compile_file: /system/etc/seccomp_policy/crash_dump.arm.policy(18): syscall lseek redefined here
01-01 08:00:15.110 W/android.hardware.media.omx@1.0-service( 366): libminijail[366]: compile_file: (50): previous definition here
01-01 08:00:15.110 W/android.hardware.media.omx@1.0-service( 366): libminijail[366]: compile_file: /system/etc/seccomp_policy/crash_dump.arm.policy(19): syscall getdents64 redefined here
01-01 08:00:15.110 W/android.hardware.media.omx@1.0-service( 366): libminijail[366]: compile_file: (58): previous definition here
01-01 08:00:15.110 W/android.hardware.media.omx@1.0-service( 366): libminijail[366]: compile_file: /system/etc/seccomp_policy/crash_dump.arm.policy(20): syscall faccessat redefined here
01-01 08:00:15.110 W/android.hardware.media.omx@1.0-service( 366): libminijail[366]: compile_file: (38): previous definition here
01-01 08:00:15.110 W/android.hardware.media.omx@1.0-service( 366): libminijail[366]: compile_file: /system/etc/seccomp_policy/crash_dump.arm.policy(25): syscall rt_sigprocmask redefined here
01-01 08:00:15.110 W/android.hardware.media.omx@1.0-service( 366): libminijail[366]: compile_file: (41): previous definition here
01-01 08:00:15.110 W/android.hardware.media.omx@1.0-service( 366): libminijail[366]: compile_file: /system/etc/seccomp_policy/crash_dump.arm.policy(28): syscall prctl redefined here
01-01 08:00:15.110 W/android.hardware.media.omx@1.0-service( 366): libminijail[366]: compile_file: (6): previous definition here
01-01 08:00:15.111 W/android.hardware.media.omx@1.0-service( 366): libminijail[366]: compile_file: /system/etc/seccomp_policy/crash_dump.arm.policy(29): syscall madvise redefined here
01-01 08:00:15.111 W/android.hardware.media.omx@1.0-service( 366): libminijail[366]: compile_file: (29): previous definition here
01-01 08:00:15.111 W/android.hardware.media.omx@1.0-service( 366): libminijail[366]: compile_file: /system/etc/seccomp_policy/crash_dump.arm.policy(30): syscall mprotect redefined here
01-01 08:00:15.111 W/android.hardware.media.omx@1.0-service( 366): libminijail[366]: compile_file: (28): previous definition here
01-01 08:00:15.111 W/android.hardware.media.omx@1.0-service( 366): libminijail[366]: compile_file: /system/etc/seccomp_policy/crash_dump.arm.policy(31): syscall munmap redefined here
01-01 08:00:15.111 W/android.hardware.media.omx@1.0-service( 366): libminijail[366]: compile_file: (27): previous definition here
01-01 08:00:15.111 W/android.hardware.media.omx@1.0-service( 366): libminijail[366]: compile_file: /system/etc/seccomp_policy/crash_dump.arm.policy(32): syscall getuid32 redefined here
01-01 08:00:15.111 W/android.hardware.media.omx@1.0-service( 366): libminijail[366]: compile_file: (34): previous definition here
01-01 08:00:15.111 W/android.hardware.media.omx@1.0-service( 366): libminijail[366]: compile_file: /system/etc/seccomp_policy/crash_dump.arm.policy(33): syscall fstat64 redefined here
01-01 08:00:15.111 W/android.hardware.media.omx@1.0-service( 366): libminijail[366]: compile_file: (35): previous definition here
01-01 08:00:15.111 W/android.hardware.media.omx@1.0-service( 366): libminijail[366]: compile_file: /system/etc/seccomp_policy/crash_dump.arm.policy(34): syscall mmap2 redefined here
01-01 08:00:15.111 W/android.hardware.media.omx@1.0-service( 366): libminijail[366]: compile_file: (14): previous definition here
01-01 08:00:15.116 W/android.hardware.media.omx@1.0-service( 366): libminijail[366]: logging seccomp filter failures
01-01 08:00:15.137 I/cedarc ( 366): : register h265 decoder success!
01-01 08:00:15.144 E/cedarc ( 366): : dlopen 'libawh265soft.so' fail: dlopen failed: library "libawh265soft.so" not found
01-01 08:00:15.145 I/cedarc ( 366): : register h264 decoder success!
01-01 08:00:15.146 I/cedarc ( 366): : register mjpeg decoder success!
01-01 08:00:15.146 I/cedarc ( 366): : register mjpegplus decoder success!
01-01 08:00:15.147 I/cedarc ( 366): : register mpeg2 decoder success!
01-01 08:00:15.148 W/cedarc ( 366): : Invalid plugin, CedarPluginVDInit not found, lib:libawmpeg4base.so.
01-01 08:00:15.157 I/cedarc ( 366): : register mpeg4Normal decoder success!
01-01 08:00:15.158 I/cedarc ( 366): : register Mpeg4Vp6 decoder success!
01-01 08:00:15.159 I/cedarc ( 366): : register mpeg4dx decoder success!
01-01 08:00:15.159 I/cedarc ( 366): : register mpeg4H263 decoder success!
01-01 08:00:15.160 I/cedarc ( 366): : register vp8 decoder success!
01-01 08:00:15.161 I/cedarc ( 366): : register vc1 decoder success!
01-01 08:00:15.172 I/zygote ( 244): Using memfd for future sealing
01-01 08:00:15.181 I/SoftOMXPlugin( 366): createOMXPlugin
01-01 08:00:15.182 D/MediaCodecsXmlParser( 366): parsing /vendor/etc/media_codecs.xml...
01-01 08:00:15.182 I/main_extractorservice( 358): enable media.extractor memory limits
01-01 08:00:15.182 V/MediaUtils( 358): physMem: 2055442432
01-01 08:00:15.182 V/MediaUtils( 358): requested limit: 411088480
01-01 08:00:15.183 I/libc ( 358): malloc_limit: Allocation limit enabled, max size 411088480 bytes
01-01 08:00:15.187 D/MediaCodecsXmlParser( 366): parsing /vendor/etc/media_codecs_google_audio.xml...
01-01 08:00:15.187 D/MediaCodecsXmlParser( 366): unable to open media codecs configuration xml file: /vendor/etc/media_codecs_google_audio.xml
01-01 08:00:15.196 D/MediaCodecsXmlParser( 366): parsing /vendor/etc/media_codecs_google_video.xml...
01-01 08:00:15.196 D/MediaCodecsXmlParser( 366): unable to open media codecs configuration xml file: /vendor/etc/media_codecs_google_video.xml
01-01 08:00:15.196 I/android.hardware.usb.gadget@1.1-service.aw( 268): setCurrentUsbFunctions Adb
01-01 08:00:15.196 D/MediaCodecsXmlParser( 366): parsing /vendor/etc/media_codecs_performance.xml...
01-01 08:00:15.196 I/android.hardware.usb.gadget@1.1-service.aw( 268): Service started
01-01 08:00:15.197 I/android.hardware.usb.gadget@1.1-service.aw( 268): Usb Gadget setcurrent functions called successfully
01-01 08:00:15.197 I/update_engine( 391): [INFO:main.cc(55)] A/B Update Engine starting
01-01 08:00:15.203 W/mediaextractor( 358): Could not read additional policy file '/vendor/etc/seccomp_policy/mediaextractor.policy'
01-01 08:00:15.204 W/mediaextractor( 358): libminijail[358]: failed to get path of fd 4: No such file or directory
01-01 08:00:15.204 W/mediaextractor( 358): libminijail[358]: allowing syscall: clock_gettime
01-01 08:00:15.204 D/MediaCodecsXmlParser( 366): MediaCodec: cannot update non-existing codec: OMX.google.h264.encoder at line 25 of /vendor/etc/media_codecs_performance.xml
01-01 08:00:15.204 D/MediaCodecsXmlParser( 366): MediaCodec: cannot update non-existing codec: OMX.google.h263.encoder at line 31 of /vendor/etc/media_codecs_performance.xml
01-01 08:00:15.204 W/mediaextractor( 358): libminijail[358]: allowing syscall: connect
01-01 08:00:15.204 D/MediaCodecsXmlParser( 366): MediaCodec: cannot update non-existing codec: OMX.google.mpeg4.encoder at line 34 of /vendor/etc/media_codecs_performance.xml
01-01 08:00:15.204 D/MediaCodecsXmlParser( 366): MediaCodec: cannot update non-existing codec: OMX.google.vp8.encoder at line 37 of /vendor/etc/media_codecs_performance.xml
01-01 08:00:15.204 W/mediaextractor( 358): libminijail[358]: allowing syscall: fcntl64
01-01 08:00:15.204 W/mediaextractor( 358): libminijail[358]: allowing syscall: socket
01-01 08:00:15.204 D/MediaCodecsXmlParser( 366): MediaCodec: cannot update non-existing codec: OMX.allwinner.video.decoder.h263 at line 59 of /vendor/etc/media_codecs_performance.xml
01-01 08:00:15.204 W/mediaextractor( 358): libminijail[358]: allowing syscall: writev
01-01 08:00:15.204 D/MediaCodecsXmlParser( 366): MediaCodec: cannot update non-existing codec: OMX.google.mpeg4.decoder at line 80 of /vendor/etc/media_codecs_performance.xml
01-01 08:00:15.204 E/cutils-trace( 391): Error opening trace file: No such file or directory (2)
01-01 08:00:15.204 D/MediaCodecsXmlParser( 366): MediaCodec: cannot update non-existing codec: OMX.google.h264.decoder at line 83 of /vendor/etc/media_codecs_performance.xml
01-01 08:00:15.205 D/MediaCodecsXmlParser( 366): MediaCodec: cannot update non-existing codec: OMX.google.h263.decoder at line 89 of /vendor/etc/media_codecs_performance.xml
01-01 08:00:15.205 D/MediaCodecsXmlParser( 366): MediaCodec: cannot update non-existing codec: OMX.google.hevc.decoder at line 93 of /vendor/etc/media_codecs_performance.xml
01-01 08:00:15.205 D/MediaCodecsXmlParser( 366): MediaCodec: cannot update non-existing codec: OMX.google.vp8.decoder at line 101 of /vendor/etc/media_codecs_performance.xml
01-01 08:00:15.205 D/MediaCodecsXmlParser( 366): MediaCodec: cannot update non-existing codec: OMX.google.vp9.decoder at line 107 of /vendor/etc/media_codecs_performance.xml
01-01 08:00:15.205 I/MediaCodecsXmlParser( 366): Did not find media_codecs_shaping.xml in search path
01-01 08:00:15.206 E/cutils-trace( 366): Error opening trace file: No such file or directory (2)
01-01 08:00:15.207 W/mediaextractor( 358): libminijail[358]: compile_file: /apex/com.android.media/etc/seccomp_policy/crash_dump.arm.policy(1): syscall read redefined here
01-01 08:00:15.207 W/mediaextractor( 358): libminijail[358]: compile_file: (19): previous definition here
01-01 08:00:15.207 W/mediaextractor( 358): libminijail[358]: compile_file: /apex/com.android.media/etc/seccomp_policy/crash_dump.arm.policy(2): syscall write redefined here
01-01 08:00:15.207 W/mediaextractor( 358): libminijail[358]: compile_file: (6): previous definition here
01-01 08:00:15.207 W/mediaextractor( 358): libminijail[358]: compile_file: /apex/com.android.media/etc/seccomp_policy/crash_dump.arm.policy(3): syscall exit redefined here
01-01 08:00:15.207 W/mediaextractor( 358): libminijail[358]: compile_file: (27): previous definition here
01-01 08:00:15.207 E/cutils-trace( 377): Error opening trace file: No such file or directory (2)
01-01 08:00:15.207 W/mediaextractor( 358): libminijail[358]: compile_file: /apex/com.android.media/etc/seccomp_policy/crash_dump.arm.policy(4): syscall rt_sigreturn redefined here
01-01 08:00:15.208 W/mediaextractor( 358): libminijail[358]: compile_file: (29): previous definition here
01-01 08:00:15.208 W/mediaextractor( 358): libminijail[358]: compile_file: /apex/com.android.media/etc/seccomp_policy/crash_dump.arm.policy(6): syscall exit_group redefined here
01-01 08:00:15.208 W/mediaextractor( 358): libminijail[358]: compile_file: (28): previous definition here
01-01 08:00:15.208 W/mediaextractor( 358): libminijail[358]: compile_file: /apex/com.android.media/etc/seccomp_policy/crash_dump.arm.policy(7): syscall clock_gettime redefined here
01-01 08:00:15.208 W/mediaextractor( 358): libminijail[358]: compile_file: (20): previous definition here
01-01 08:00:15.208 W/mediaextractor( 358): libminijail[358]: compile_file: /apex/com.android.media/etc/seccomp_policy/crash_dump.arm.policy(9): syscall futex redefined here
01-01 08:00:15.208 W/mediaextractor( 358): libminijail[358]: compile_file: (4): previous definition here
01-01 08:00:15.208 W/mediaextractor( 358): libminijail[358]: compile_file: /apex/com.android.media/etc/seccomp_policy/crash_dump.arm.policy(10): syscall getrandom redefined here
01-01 08:00:15.208 W/mediaextractor( 358): libminijail[358]: compile_file: (43): previous definition here
01-01 08:00:15.208 W/mediaextractor( 358): libminijail[358]: compile_file: /apex/com.android.media/etc/seccomp_policy/crash_dump.arm.policy(12): syscall gettid redefined here
01-01 08:00:15.209 W/mediaextractor( 358): libminijail[358]: compile_file: (34): previous definition here
01-01 08:00:15.209 W/mediaextractor( 358): libminijail[358]: compile_file: /apex/com.android.media/etc/seccomp_policy/crash_dump.arm.policy(15): syscall openat redefined here
01-01 08:00:15.209 W/mediaextractor( 358): libminijail[358]: compile_file: (16): previous definition here
01-01 08:00:15.216 W/mediaextractor( 358): libminijail[358]: compile_file: /apex/com.android.media/etc/seccomp_policy/crash_dump.arm.policy(16): syscall dup redefined here
01-01 08:00:15.216 W/mediaextractor( 358): libminijail[358]: compile_file: (11): previous definition here
01-01 08:00:15.216 W/mediaextractor( 358): libminijail[358]: compile_file: /apex/com.android.media/etc/seccomp_policy/crash_dump.arm.policy(17): syscall close redefined here
01-01 08:00:15.216 W/mediaextractor( 358): libminijail[358]: compile_file: (9): previous definition here
01-01 08:00:15.216 W/mediaextractor( 358): libminijail[358]: compile_file: /apex/com.android.media/etc/seccomp_policy/crash_dump.arm.policy(18): syscall lseek redefined here
01-01 08:00:15.217 W/mediaextractor( 358): libminijail[358]: compile_file: (21): previous definition here
01-01 08:00:15.217 W/mediaextractor( 358): libminijail[358]: compile_file: /apex/com.android.media/etc/seccomp_policy/crash_dump.arm.policy(20): syscall faccessat redefined here
01-01 08:00:15.217 W/mediaextractor( 358): libminijail[358]: compile_file: (30): previous definition here
01-01 08:00:15.217 W/mediaextractor( 358): libminijail[358]: compile_file: /apex/com.android.media/etc/seccomp_policy/crash_dump.arm.policy(25): syscall rt_sigprocmask redefined here
01-01 08:00:15.218 W/mediaextractor( 358): libminijail[358]: compile_file: (35): previous definition here
01-01 08:00:15.219 W/mediaextractor( 358): libminijail[358]: compile_file: /apex/com.android.media/etc/seccomp_policy/crash_dump.arm.policy(28): syscall prctl redefined here
01-01 08:00:15.219 W/mediaextractor( 358): libminijail[358]: compile_file: (5): previous definition here
01-01 08:00:15.220 W/mediaextractor( 358): libminijail[358]: compile_file: /apex/com.android.media/etc/seccomp_policy/crash_dump.arm.policy(29): syscall madvise redefined here
01-01 08:00:15.220 W/mediaextractor( 358): libminijail[358]: compile_file: (31): previous definition here
01-01 08:00:15.221 W/mediaextractor( 358): libminijail[358]: compile_file: /apex/com.android.media/etc/seccomp_policy/crash_dump.arm.policy(30): syscall mprotect redefined here
01-01 08:00:15.221 W/mediaextractor( 358): libminijail[358]: compile_file: (12): previous definition here
01-01 08:00:15.221 W/mediaextractor( 358): libminijail[358]: compile_file: /apex/com.android.media/etc/seccomp_policy/crash_dump.arm.policy(31): syscall munmap redefined here
01-01 08:00:15.222 W/mediaextractor( 358): libminijail[358]: compile_file: (10): previous definition here
01-01 08:00:15.222 W/mediaextractor( 358): libminijail[358]: compile_file: /apex/com.android.media/etc/seccomp_policy/crash_dump.arm.policy(32): syscall getuid32 redefined here
01-01 08:00:15.223 W/mediaextractor( 358): libminijail[358]: compile_file: (13): previous definition here
01-01 08:00:15.223 W/mediaextractor( 358): libminijail[358]: compile_file: /apex/com.android.media/etc/seccomp_policy/crash_dump.arm.policy(33): syscall fstat64 redefined here
01-01 08:00:15.223 W/mediaextractor( 358): libminijail[358]: compile_file: (25): previous definition here
01-01 08:00:15.223 W/mediaextractor( 358): libminijail[358]: compile_file: /apex/com.android.media/etc/seccomp_policy/crash_dump.arm.policy(34): syscall mmap2 redefined here
01-01 08:00:15.224 W/mediaextractor( 358): libminijail[358]: compile_file: (8): previous definition here
01-01 08:00:15.224 W/mediaextractor( 358): libminijail[358]: compile_file: /apex/com.android.media/etc/seccomp_policy/crash_dump.arm.policy(35): syscall geteuid32 redefined here
01-01 08:00:15.224 I/HidlServiceManagement( 366): Registered android.hardware.media.omx@1.0::IOmx/default
01-01 08:00:15.225 I/HidlServiceManagement( 366): Removing namespace from process name android.hardware.media.omx@1.0-service to omx@1.0-service.
01-01 08:00:15.225 W/mediaextractor( 358): libminijail[358]: compile_file: (38): previous definition here
01-01 08:00:15.225 W/mediaextractor( 358): libminijail[358]: compile_file: /apex/com.android.media/etc/seccomp_policy/crash_dump.arm.policy(36): syscall getgid32 redefined here
01-01 08:00:15.225 W/mediaextractor( 358): libminijail[358]: compile_file: (39): previous definition here
01-01 08:00:15.226 I/android.hardware.media.omx@1.0-service( 366): IOmx HAL service created.
01-01 08:00:15.226 W/mediaextractor( 358): libminijail[358]: compile_file: /apex/com.android.media/etc/seccomp_policy/crash_dump.arm.policy(37): syscall getegid32 redefined here
01-01 08:00:15.226 W/mediaextractor( 358): libminijail[358]: compile_file: (40): previous definition here
01-01 08:00:15.226 W/mediaextractor( 358): libminijail[358]: compile_file: /apex/com.android.media/etc/seccomp_policy/crash_dump.arm.policy(38): syscall getgroups32 redefined here
01-01 08:00:15.226 W/mediaextractor( 358): libminijail[358]: compile_file: (41): previous definition here
01-01 08:00:15.227 I/OmxStore( 366): omx common prefix: 'OMX.'
01-01 08:00:15.227 D/MediaCodecsXmlParser( 366): parsing /vendor/etc/media_codecs.xml...
01-01 08:00:15.227 D/MediaCodecsXmlParser( 366): parsing /vendor/etc/media_codecs_google_audio.xml...
01-01 08:00:15.227 D/MediaCodecsXmlParser( 366): unable to open media codecs configuration xml file: /vendor/etc/media_codecs_google_audio.xml
01-01 08:00:15.227 W/mediaextractor( 358): libminijail[358]: logging seccomp filter failures
01-01 08:00:15.230 D/MediaCodecsXmlParser( 366): parsing /vendor/etc/media_codecs_google_video.xml...
01-01 08:00:15.230 D/MediaCodecsXmlParser( 366): unable to open media codecs configuration xml file: /vendor/etc/media_codecs_google_video.xml
01-01 08:00:15.230 D/MediaCodecsXmlParser( 366): parsing /vendor/etc/media_codecs_performance.xml...
01-01 08:00:15.230 D/MediaCodecsXmlParser( 366): MediaCodec: cannot update non-existing codec: OMX.google.h264.encoder at line 25 of /vendor/etc/media_codecs_performance.xml
01-01 08:00:15.231 D/MediaCodecsXmlParser( 366): MediaCodec: cannot update non-existing codec: OMX.google.h263.encoder at line 31 of /vendor/etc/media_codecs_performance.xml
01-01 08:00:15.231 D/MediaCodecsXmlParser( 366): MediaCodec: cannot update non-existing codec: OMX.google.mpeg4.encoder at line 34 of /vendor/etc/media_codecs_performance.xml
01-01 08:00:15.231 D/MediaCodecsXmlParser( 366): MediaCodec: cannot update non-existing codec: OMX.google.vp8.encoder at line 37 of /vendor/etc/media_codecs_performance.xml
01-01 08:00:15.231 D/MediaCodecsXmlParser( 366): MediaCodec: cannot update non-existing codec: OMX.allwinner.video.decoder.h263 at line 59 of /vendor/etc/media_codecs_performance.xml
01-01 08:00:15.231 D/MediaCodecsXmlParser( 366): MediaCodec: cannot update non-existing codec: OMX.google.mpeg4.decoder at line 80 of /vendor/etc/media_codecs_performance.xml
01-01 08:00:15.231 D/MediaCodecsXmlParser( 366): MediaCodec: cannot update non-existing codec: OMX.google.h264.decoder at line 83 of /vendor/etc/media_codecs_performance.xml
01-01 08:00:15.231 D/MediaCodecsXmlParser( 366): MediaCodec: cannot update non-existing codec: OMX.google.h263.decoder at line 89 of /vendor/etc/media_codecs_performance.xml
01-01 08:00:15.231 D/MediaCodecsXmlParser( 366): MediaCodec: cannot update non-existing codec: OMX.google.hevc.decoder at line 93 of /vendor/etc/media_codecs_performance.xml
01-01 08:00:15.231 D/MediaCodecsXmlParser( 366): MediaCodec: cannot update non-existing codec: OMX.google.vp8.decoder at line 101 of /vendor/etc/media_codecs_performance.xml
01-01 08:00:15.231 D/MediaCodecsXmlParser( 366): MediaCodec: cannot update non-existing codec: OMX.google.vp9.decoder at line 107 of /vendor/etc/media_codecs_performance.xml
01-01 08:00:15.236 I/MediaCodecsXmlParser( 366): Did not find media_codecs_shaping.xml in search path
01-01 08:00:15.236 E/MediaCodecsXmlParser( 366): Cannot find the role for a decoder of type video/divx
01-01 08:00:15.236 E/MediaCodecsXmlParser( 366): Cannot find the role for a decoder of type video/jpeg
01-01 08:00:15.236 E/MediaCodecsXmlParser( 366): Cannot find the role for a decoder of type video/mpeg1
01-01 08:00:15.236 E/MediaCodecsXmlParser( 366): Cannot find the role for a decoder of type video/x-ms-mpeg4v1
01-01 08:00:15.236 E/MediaCodecsXmlParser( 366): Cannot find the role for a decoder of type video/x-ms-mpeg4v2
01-01 08:00:15.236 E/MediaCodecsXmlParser( 366): Cannot find the role for a decoder of type video/rvg2
01-01 08:00:15.236 E/MediaCodecsXmlParser( 366): Cannot find the role for a decoder of type video/flv1
01-01 08:00:15.236 E/MediaCodecsXmlParser( 366): Cannot find the role for a decoder of type video/wvc1
01-01 08:00:15.236 E/MediaCodecsXmlParser( 366): Cannot find the role for a decoder of type video/x-vnd.on2.vp6
01-01 08:00:15.236 E/MediaCodecsXmlParser( 366): Cannot find the role for a decoder of type video/wmv1
01-01 08:00:15.237 E/MediaCodecsXmlParser( 366): Cannot find the role for a decoder of type video/wmv2
01-01 08:00:15.237 E/MediaCodecsXmlParser( 366): Cannot find the role for a decoder of type video/xvid
01-01 08:00:15.252 I/adbd ( 397): persist.adb.watchdog set to ''
01-01 08:00:15.253 I/adbd ( 397): persist.sys.test_harness set to ''
01-01 08:00:15.253 I/adbd ( 397): adb watchdog timeout set to 600 seconds
01-01 08:00:15.254 I/adbd ( 397): Setup mdns on port= 5555
01-01 08:00:15.254 I/adbd ( 397): adbd listening on tcp:5555
01-01 08:00:15.255 I/adbd ( 397): adbd listening on vsock:5555
01-01 08:00:15.255 I/adbd ( 397): adbd started
01-01 08:00:15.257 I/HidlServiceManagement( 377): Registered android.hardware.radio@1.6::IRadio/slot1
01-01 08:00:15.264 I/adbd ( 397): opening control endpoint /dev/usb-ffs/adb/ep0
01-01 08:00:15.268 I/adbd ( 397): Waiting for persist.adb.tls_server.enable=1
01-01 08:00:15.268 I/adbd ( 397): persist.adb.tls_server.enable changed to 1
01-01 08:00:15.264 I/EventThread( 263): type=1400 audit(0.0:282): avc: denied { search } for name="extcon" dev="sysfs" ino=18102 scontext=u:r:hal_tv_cec_default:s0 tcontext=u:object_r:sysfs_extcon:s0 tclass=dir permissive=1
01-01 08:00:15.273 I/mediaswcodec( 387): media swcodec service starting
01-01 08:00:15.276 I/adbd ( 397): adbwifi started on port 34833
01-01 08:00:15.276 I/adbd ( 397): TlsServer running on port 34833
01-01 08:00:15.276 I/adbd ( 397): adb wifi started on port 34833
01-01 08:00:15.277 I/adbd ( 397): Waiting for persist.adb.tls_server.enable=0
01-01 08:00:15.284 I/adbd ( 397): Registering secure_connect service (adb-5c00104d56404831b53-6Oxx7M)
01-01 08:00:15.373 I/ ( 414): read descriptors
01-01 08:00:15.392 I/ ( 414): read strings
01-01 08:00:15.296 W/mediaswcodec( 387): Could not read additional policy file '/vendor/etc/seccomp_policy/mediaswcodec.policy'
01-01 08:00:15.297 W/mediaswcodec( 387): libminijail[387]: failed to get path of fd 4: No such file or directory
01-01 08:00:15.297 W/mediaswcodec( 387): libminijail[387]: allowing syscall: clock_gettime
01-01 08:00:15.297 W/mediaswcodec( 387): libminijail[387]: allowing syscall: connect
01-01 08:00:15.297 W/mediaswcodec( 387): libminijail[387]: allowing syscall: fcntl64
01-01 08:00:15.297 W/mediaswcodec( 387): libminijail[387]: allowing syscall: socket
01-01 08:00:15.297 W/mediaswcodec( 387): libminijail[387]: allowing syscall: writev
01-01 08:00:15.298 W/mediaswcodec( 387): libminijail[387]: compile_file: (71): syscall futex redefined here
01-01 08:00:15.298 W/mediaswcodec( 387): libminijail[387]: compile_file: (15): previous definition here
01-01 08:00:15.300 W/mediaswcodec( 387): libminijail[387]: logging seccomp filter failures
01-01 08:00:15.302 I/CodecServiceRegistrant( 387): Creating software Codec2 service...
01-01 08:00:15.305 I/android.hardware.usb.gadget@1.1-service.aw( 268): GADGET pulled up
01-01 08:00:15.305 E/cutils-trace( 387): Error opening trace file: No such file or directory (2)
01-01 08:00:15.305 I/adbd ( 397): UsbFfsConnection constructed
01-01 08:00:15.309 I/adbd ( 397): UsbFfs-monitor thread spawned
01-01 08:00:15.309 I/adbd ( 397): USB event: FUNCTIONFS_BIND
01-01 08:00:15.341 I/HidlServiceManagement( 366): Registered android.hardware.media.omx@1.0::IOmxStore/default
01-01 08:00:15.342 I/HidlServiceManagement( 366): Removing namespace from process name android.hardware.media.omx@1.0-service to omx@1.0-service.
01-01 08:00:15.353 I/MediaExtractorFactory( 358): plugin directory not present (/system/lib/extractors)
01-01 08:00:15.353 I/MediaExtractorFactory( 358): plugin directory not present (/system_ext/lib/extractors)
01-01 08:00:15.354 I/HidlServiceManagement( 377): Registered android.hardware.radio.config@1.3::IRadioConfig/default
01-01 08:00:15.355 I/update_engine( 391): [INFO:boot_control_android.cc(69)] Loaded boot control hidl hal.
01-01 08:00:15.357 D/isomountservice( 357): main isomount service is running.
01-01 08:00:15.359 I/update_engine( 391): [INFO:daemon_state_android.cc(44)] Booted in dev mode.
01-01 08:00:15.359 I/isomountservice( 357): ServiceManager: 0xec0e6cc0
01-01 08:00:15.371 I/update_engine( 391): [INFO:update_attempter_android.cc(1082)] Scheduling CleanupPreviousUpdateAction.
01-01 08:00:15.376 I/update_engine( 391): [INFO:action_processor.cc(51)] ActionProcessor: starting CleanupPreviousUpdateAction
01-01 08:00:15.376 I/HidlServiceManagement( 387): Registered android.hardware.media.c2@1.2::IComponentStore/software
01-01 08:00:15.378 I/update_engine( 391): [INFO:cleanup_previous_update_action.cc(149)] Starting/resuming CleanupPreviousUpdateAction
01-01 08:00:15.380 I/update_engine( 391): [INFO:cleanup_previous_update_action.cc(124)] CleanupPreviousUpdateAction scheduled task ID 1 for WaitBootCompleted
01-01 08:00:15.381 I/HidlServiceManagement( 377): Registered android.hardware.radio@1.2::ISap/slot1
01-01 08:00:15.387 V/MediaUtils( 359): physMem: 2055442432
01-01 08:00:15.392 V/MediaUtils( 359): requested limit: 134217728
01-01 08:00:15.392 I/libc ( 359): malloc_limit: Allocation limit enabled, max size 134217728 bytes
01-01 08:00:15.393 I/hwservicemanager( 183): getTransport: Cannot find entry android.hardware.media.c2@1.0::IComponentStore/default in either framework or device VINTF manifest.
01-01 08:00:15.396 I/cameraserver( 352): ServiceManager: 0xeb843960
01-01 08:00:15.397 I/CameraService( 352): CameraService started (pid=352)
01-01 08:00:15.397 I/CameraService( 352): CameraService process starting
01-01 08:00:15.397 W/BatteryNotifier( 352): batterystats service unavailable!
01-01 08:00:15.398 I/CodecServiceRegistrant( 387): Preferred Codec2 store is defaulted to "software".
01-01 08:00:15.398 I/CodecServiceRegistrant( 387): Software Codec2 service created and registered.
01-01 08:00:15.398 W/BatteryNotifier( 352): batterystats service unavailable!
01-01 08:00:15.398 E/cutils-trace( 352): Error opening trace file: No such file or directory (2)
01-01 08:00:15.402 D/gpioservice( 353): main gpio service is running.
01-01 08:00:15.404 I/gpioservice( 353): ServiceManager: 0xf26c9cc0
01-01 08:00:15.404 D/GpioService( 353): GpioService created
01-01 08:00:15.405 E/SELinux ( 182): avc: denied { add } for pid=353 uid=0 name=softwinner.gpio scontext=u:r:gpioservice:s0 tcontext=u:object_r:default_android_service:s0 tclass=service_manager permissive=1
01-01 08:00:15.413 I/CameraProviderManager( 352): Connecting to new camera provider: external/0, isRemote? 1
01-01 08:00:15.414 I/CameraProviderManager( 352): Camera provider external/0 ready with 0 camera devices
01-01 08:00:15.415 I/cameraserver( 352): Waiting for activity service
01-01 08:00:15.415 W/CameraProviderManager( 352): addProviderLocked: Camera provider HAL with name 'external/0' already registered
01-01 08:00:15.421 D/AudioPowerUsage( 359): AudioPowerUsage
01-01 08:00:15.421 D/AudioAnalytics( 359): AudioAnalytics
01-01 08:00:15.421 D/MediaMetricsService( 359): MediaMetricsService
01-01 08:00:15.440 I/ServiceManager( 284): Waiting for service 'media.metrics' on '/dev/binder' successful after waiting 1051ms
01-01 08:00:15.441 I/AudioFlinger( 284): Using default 3000 mSec as standby time.
01-01 08:00:15.446 I/ServiceManager( 359): Waiting for service 'package_native' on '/dev/binder'...
01-01 08:00:15.471 D/systemmixservice( 364): main SystemMix service is running.
01-01 08:00:15.473 E/cutils-trace( 363): Error opening trace file: No such file or directory (2)
01-01 08:00:15.472 I/rainbow_flow( 325): type=1400 audit(0.0:283): avc: denied { ioctl } for path="/dev/spidev1.0" dev="tmpfs" ino=3270 ioctlcmd=0x6b00 scontext=u:r:init:s0 tcontext=u:object_r:device:s0 tclass=chr_file permissive=1
01-01 08:00:15.474 I/systemmixservice( 364): ServiceManager: 0xf3f14cb0
01-01 08:00:15.474 D/SystemMixService( 364): SystemMixService created
01-01 08:00:15.475 E/SELinux ( 182): avc: denied { add } for pid=364 uid=0 name=softwinner.systemmix scontext=u:r:systemmix:s0 tcontext=u:object_r:default_android_service:s0 tclass=service_manager permissive=1
01-01 08:00:15.489 E/APM::HwModule( 284): refreshSupportedDevices: invalid source devices for primary input
01-01 08:00:15.489 E/APM::HwModule( 284): refreshSupportedDevices: invalid source devices for fast input
01-01 08:00:15.494 D/Zygote ( 244): VMRuntime.setVerifierEnabled(false)
01-01 08:00:15.496 W/storaged( 363): health: invalid battery status
01-01 08:00:15.503 I/ServiceManager( 363): Waiting for service 'package_native' on '/dev/binder'...
01-01 08:00:15.506 D/APM_EngineLoader( 284): Loaded engine from libaudiopolicyenginedefault.so
01-01 08:00:15.506 D/APM::AudioPolicyEngine/Base( 284): loadAudioPolicyEngineConfig: No configuration found, using default matching phone experience.
01-01 08:00:15.516 D/multiir ( 361): multi_ir open uinput dev
01-01 08:00:15.512 I/xiriservice_All( 324): type=1400 audit(0.0:284): avc: denied { read } for scontext=u:r:init:s0 tcontext=u:r:init:s0 tclass=netlink_kobject_uevent_socket permissive=1
01-01 08:00:15.518 D/XM_HIDREAD( 317): add@ add@/devices/virtual/input/input1
01-01 08:00:15.629 I/input ( 361): sunxi-ir-uinput as /devices/virtual/input/input1
01-01 08:00:15.530 D/multiir ( 361): uinputfd=4
01-01 08:00:15.531 D/XM_HIDREAD( 317): add@ add@/devices/virtual/input/input1/event1
01-01 08:00:15.537 W/zygote ( 244): Verification of android.app.appsearch.AppSearchResult android.app.appsearch.AppSearchResult.throwableToFailedResult(java.lang.Throwable) took 101.286ms (1204.50 bytecodes/s) (2856B approximate peak alloc)
01-01 08:00:15.546 W/APM::AudioPolicyEngine/Base( 284): loadAudioPolicyEngineConfig: No configuration of AUDIO_STREAM_ASSISTANT found, using default volume configuration
01-01 08:00:15.546 W/APM::AudioPolicyEngine/Base( 284): loadAudioPolicyEngineConfig: No configuration of AUDIO_STREAM_CALL_ASSISTANT found, using default volume configuration
01-01 08:00:15.567 V/audio_hw_primary( 249): init_audio_devices, line: 611
01-01 08:00:15.568 D/audio_hw_primary( 249): read card /sys/class/sound/card0/id
01-01 08:00:15.568 D/audio_hw_primary( 249): /sys/class/sound/card0/id, audiocodec, len: 11
01-01 08:00:15.568 D/audio_hw_primary( 249): linux name = audiocodec, android name = AUDIO_CODEC
01-01 08:00:15.568 D/audio_hw_primary( 249): find name map, card_id = audiocodec, card_name = AUDIO_CODEC
01-01 08:00:15.568 V/audio_hw_primary( 249): card: 0, name: AUDIO_CODEC, capture: 0, playback: 1
01-01 08:00:15.568 D/audio_hw_primary( 249): read card /sys/class/sound/card1/id
01-01 08:00:15.569 D/audio_hw_primary( 249): /sys/class/sound/card1/id, sndspdif, len: 9
01-01 08:00:15.569 D/audio_hw_primary( 249): linux name = sndspdif, android name = AUDIO_SPDIF
01-01 08:00:15.569 D/audio_hw_primary( 249): find name map, card_id = sndspdif, card_name = AUDIO_SPDIF
01-01 08:00:15.569 V/audio_hw_primary( 249): card: 1, name: AUDIO_SPDIF, capture: 1, playback: 1
01-01 08:00:15.569 D/audio_hw_primary( 249): read card /sys/class/sound/card2/id
01-01 08:00:15.569 D/audio_hw_primary( 249): /sys/class/sound/card2/id, ahubdam, len: 8
01-01 08:00:15.569 D/audio_hw_primary( 249): linux name = ahubdam, android name = AUDIO_DAM
01-01 08:00:15.569 D/audio_hw_primary( 249): find name map, card_id = ahubdam, card_name = AUDIO_DAM
01-01 08:00:15.569 V/audio_hw_primary( 249): card: 2, name: AUDIO_DAM, capture: 0, playback: 0
01-01 08:00:15.570 D/audio_hw_primary( 249): read card /sys/class/sound/card3/id
01-01 08:00:15.571 D/audio_hw_primary( 249): /sys/class/sound/card3/id, ahubhdmi, len: 9
01-01 08:00:15.571 D/audio_hw_primary( 249): linux name = ahubhdmi, android name = AUDIO_HDMI
01-01 08:00:15.571 D/audio_hw_primary( 249): find name map, card_id = ahubhdmi, card_name = AUDIO_HDMI
01-01 08:00:15.571 V/audio_hw_primary( 249): card: 3, name: AUDIO_HDMI, capture: 1, playback: 1
01-01 08:00:15.571 D/audio_hw_primary( 249): read card /sys/class/sound/card4/id
01-01 08:00:15.571 D/audio_hw_primary( 249): /sys/class/sound/card4/id, ahubi2s2, len: 9
01-01 08:00:15.571 D/audio_hw_primary( 249): linux name = ahubi2s2, android name = AUDIO_I2S2
01-01 08:00:15.571 D/audio_hw_primary( 249): find name map, card_id = ahubi2s2, card_name = AUDIO_I2S2
01-01 08:00:15.571 V/audio_hw_primary( 249): card: 4, name: AUDIO_I2S2, capture: 1, playback: 1
01-01 08:00:15.571 D/audio_hw_primary( 249): getCardNumbyName: name = AUDIO_CODEC , card = 0
01-01 08:00:15.571 D/audio_hw_primary( 249): getCardNumbyName: name = AUDIO_DAM , card = 2
01-01 08:00:15.571 D/audio_hw_primary( 249): getCardNumbyName: name = AUDIO_HDMI , card = 3
01-01 08:00:15.571 D/audio_hw_primary( 249): getCardNumbyName: name = AUDIO_I2S2 , card = 4
01-01 08:00:15.571 D/audio_hw_primary( 249): getCardNumbyName: name = AUDIO_SPDIF , card = 1
01-01 08:00:15.571 E/audio_hw_primary( 249): AUDIO_BT card does not exist
01-01 08:00:15.571 E/audio_hw_primary( 249): AUDIO_MIX card does not exist
01-01 08:00:15.571 V/audio_hw_primary( 249): init_audio_devices_active, line: 635
01-01 08:00:15.571 V/audio_hw_primary( 249): init_audio_devices_active: get property persist.vendor.audio.input.active: AUDIO_CODEC
01-01 08:00:15.568 I//system/bin/init( 1): type=1107 audit(0.0:285): uid=0 auid=4294967295 ses=4294967295 subj=u:r:init:s0 msg='avc: denied { set } for property=persist.vendor.audio.input.active pid=249 uid=1041 gid=1005 scontext=u:r:hal_audio_default:s0 tcontext=u:object_r:vendor_default_prop:s0 tclass=property_service permissive=1'
01-01 08:00:15.575 D/multiir ( 361): uevent listen start
01-01 08:00:15.581 V/audio_hw_primary( 249): set property persist.vendor.audio.input.active: AUDIO_CODEC ok
01-01 08:00:15.581 V/audio_hw_primary( 249): init_audio_devices_active: get property persist.vendor.audio.output.active: AUDIO_HDMI
01-01 08:00:15.593 V/audio_hw_primary( 249): set property persist.vendor.audio.output.active: AUDIO_HDMI ok
01-01 08:00:15.593 V/audio_hw_primary( 249): AUDIO_HDMI output device will be active
01-01 08:00:15.593 D/audio_hw_primary( 249): XX 2 0 2 0
01-01 08:00:15.595 W/audio_route( 249): Control 'External Speaker Switch' doesn't exist - skipping
01-01 08:00:15.596 W/audio_route( 249): Control 'Headphone Switch' doesn't exist - skipping
01-01 08:00:15.597 W/audio_route( 249): Control 'Earpiece Switch' doesn't exist - skipping
01-01 08:00:15.597 W/audio_route( 249): Control 'AIF1IN0R Mux' doesn't exist - skipping
01-01 08:00:15.597 W/audio_route( 249): Control 'AIF1IN0L Mux' doesn't exist - skipping
01-01 08:00:15.597 W/audio_route( 249): Control 'DACR Mixer AIF1DA0R Switch' doesn't exist - skipping
01-01 08:00:15.597 W/audio_route( 249): Control 'DACL Mixer AIF1DA0L Switch' doesn't exist - skipping
01-01 08:00:15.597 W/audio_route( 249): Control 'AIF1OUT0L Mux' doesn't exist - skipping
01-01 08:00:15.598 W/audio_route( 249): Control 'AIF1OUT0R Mux' doesn't exist - skipping
01-01 08:00:15.598 W/audio_route( 249): Control 'AIF1 AD0L Mixer ADCL Switch' doesn't exist - skipping
01-01 08:00:15.598 W/audio_route( 249): Control 'AIF1 AD0R Mixer ADCR Switch' doesn't exist - skipping
01-01 08:00:15.598 W/audio_route( 249): Control 'ADCR Mux' doesn't exist - skipping
01-01 08:00:15.598 W/audio_route( 249): Control 'ADCL Mux' doesn't exist - skipping
01-01 08:00:15.598 W/audio_route( 249): Control 'HP_R Mux' doesn't exist - skipping
01-01 08:00:15.598 W/audio_route( 249): Control 'HP_L Mux' doesn't exist - skipping
01-01 08:00:15.598 W/audio_route( 249): Control 'HP_R Mux' doesn't exist - skipping
01-01 08:00:15.598 W/audio_route( 249): Control 'HP_L Mux' doesn't exist - skipping
01-01 08:00:15.599 W/audio_route( 249): Control 'Right Output Mixer DACR Switch' doesn't exist - skipping
01-01 08:00:15.599 W/audio_route( 249): Control 'Left Output Mixer DACL Switch' doesn't exist - skipping
01-01 08:00:15.599 W/audio_route( 249): Control 'SPK_L Mux' doesn't exist - skipping
01-01 08:00:15.599 W/audio_route( 249): Control 'SPK_R Mux' doesn't exist - skipping
01-01 08:00:15.599 W/audio_route( 249): Control 'External Speaker Switch' doesn't exist - skipping
01-01 08:00:15.600 W/audio_route( 249): Control 'Headphone Switch' doesn't exist - skipping
01-01 08:00:15.600 W/audio_route( 249): Control 'AIF1IN0R Mux' doesn't exist - skipping
01-01 08:00:15.600 W/audio_route( 249): Control 'AIF1IN0L Mux' doesn't exist - skipping
01-01 08:00:15.600 W/audio_route( 249): Control 'DACR Mixer AIF1DA0R Switch' doesn't exist - skipping
01-01 08:00:15.600 W/audio_route( 249): Control 'DACL Mixer AIF1DA0L Switch' doesn't exist - skipping
01-01 08:00:15.600 W/audio_route( 249): Control 'Left Output Mixer DACR Switch' doesn't exist - skipping
01-01 08:00:15.600 W/audio_route( 249): Control 'Left Output Mixer DACL Switch' doesn't exist - skipping
01-01 08:00:15.600 W/audio_route( 249): Control 'SPK_L Mux' doesn't exist - skipping
01-01 08:00:15.600 W/audio_route( 249): Control 'External Speaker Switch' doesn't exist - skipping
01-01 08:00:15.600 W/audio_route( 249): unknown enum value string 0 for ctl LINEOUTL src LR
01-01 08:00:15.600 W/audio_route( 249): unknown enum value string 0 for ctl LINEOUTR src LR
01-01 08:00:15.600 W/audio_route( 249): Control 'DACR Mixer AIF1DA0R Switch' doesn't exist - skipping
01-01 08:00:15.601 W/audio_route( 249): Control 'DACL Mixer AIF1DA0L Switch' doesn't exist - skipping
01-01 08:00:15.601 W/audio_route( 249): Control 'AIF1 AD0L Mixer ADCL Switch' doesn't exist - skipping
01-01 08:00:15.601 W/audio_route( 249): Control 'AIF1 AD0R Mixer ADCR Switch' doesn't exist - skipping
01-01 08:00:15.601 W/audio_route( 249): Control 'Left Output Mixer DACL Switch' doesn't exist - skipping
01-01 08:00:15.601 W/audio_route( 249): Control 'Left Output Mixer DACR Switch' doesn't exist - skipping
01-01 08:00:15.601 W/audio_route( 249): Control 'Right Output Mixer DACL Switch' doesn't exist - skipping
01-01 08:00:15.601 W/audio_route( 249): Control 'Right Output Mixer DACR Switch' doesn't exist - skipping
01-01 08:00:15.601 W/audio_route( 249): Control 'Headphone Switch' doesn't exist - skipping
01-01 08:00:15.601 W/audio_route( 249): Control 'External Speaker Switch' doesn't exist - skipping
01-01 08:00:15.601 W/audio_route( 249): Control 'AIF1OUT0R Mux' doesn't exist - skipping
01-01 08:00:15.601 W/audio_route( 249): Control 'AIF1OUT0L Mux' doesn't exist - skipping
01-01 08:00:15.601 W/audio_route( 249): Control 'AIF1 AD0R Mixer ADCR Switch' doesn't exist - skipping
01-01 08:00:15.602 W/audio_route( 249): Control 'AIF1 AD0L Mixer ADCL Switch' doesn't exist - skipping
01-01 08:00:15.602 W/audio_route( 249): Control 'ADCR Mux' doesn't exist - skipping
01-01 08:00:15.603 W/audio_route( 249): Control 'ADCL Mux' doesn't exist - skipping
01-01 08:00:15.603 W/audio_route( 249): Control 'LADC input Mixer MIC1 boost Switch' doesn't exist - skipping
01-01 08:00:15.603 W/audio_route( 249): Control 'RADC input Mixer MIC1 boost Switch' doesn't exist - skipping
01-01 08:00:15.603 W/audio_route( 249): Control 'AIF1OUT0R Mux' doesn't exist - skipping
01-01 08:00:15.603 W/audio_route( 249): Control 'AIF1OUT0L Mux' doesn't exist - skipping
01-01 08:00:15.603 W/audio_route( 249): Control 'AIF1 AD0R Mixer ADCR Switch' doesn't exist - skipping
01-01 08:00:15.603 W/audio_route( 249): Control 'AIF1 AD0L Mixer ADCL Switch' doesn't exist - skipping
01-01 08:00:15.603 W/audio_route( 249): Control 'ADCR Mux' doesn't exist - skipping
01-01 08:00:15.604 W/audio_route( 249): Control 'ADCL Mux' doesn't exist - skipping
01-01 08:00:15.604 W/audio_route( 249): Control 'MIC2 SRC' doesn't exist - skipping
01-01 08:00:15.604 W/audio_route( 249): Control 'LADC input Mixer MIC2 boost Switch' doesn't exist - skipping
01-01 08:00:15.604 W/audio_route( 249): Control 'RADC input Mixer MIC2 boost Switch' doesn't exist - skipping
01-01 08:00:15.604 W/audio_route( 249): Control 'ADCL Mux' doesn't exist - skipping
01-01 08:00:15.604 W/audio_route( 249): Control 'ADCR Mux' doesn't exist - skipping
01-01 08:00:15.604 W/audio_route( 249): Control 'AIF1 AD0L Mixer ADCL Switch' doesn't exist - skipping
01-01 08:00:15.604 W/audio_route( 249): Control 'AIF1 AD0R Mixer ADCR Switch' doesn't exist - skipping
01-01 08:00:15.604 W/audio_route( 249): Control 'AIF1OUT0L Mux' doesn't exist - skipping
01-01 08:00:15.604 W/audio_route( 249): Control 'AIF1OUT0R Mux' doesn't exist - skipping
01-01 08:00:15.606 W/audio_route( 249): Control 'AIF2 ADC volume' doesn't exist - skipping
01-01 08:00:15.606 W/audio_route( 249): Control 'LEFT ADC input Mixer MIC1 boost Switch' doesn't exist - skipping
01-01 08:00:15.606 W/audio_route( 249): Control 'ADCL Mux' doesn't exist - skipping
01-01 08:00:15.606 W/audio_route( 249): Control 'AIF2 ADL Mixer ADCL Switch' doesn't exist - skipping
01-01 08:00:15.606 W/audio_route( 249): Control 'AIF2OUTL Mux' doesn't exist - skipping
01-01 08:00:15.606 W/audio_route( 249): Control 'AIF2INL Mux' doesn't exist - skipping
01-01 08:00:15.606 W/audio_route( 249): Control 'AIF2INL Mux switch aif2inl aif2Switch' doesn't exist - skipping
01-01 08:00:15.606 W/audio_route( 249): Control 'DACL Mixer AIF2DACL Switch' doesn't exist - skipping
01-01 08:00:15.606 W/audio_route( 249): Control 'Right Output Mixer DACL Switch' doesn't exist - skipping
01-01 08:00:15.606 W/audio_route( 249): Control 'Left Output Mixer DACL Switch' doesn't exist - skipping
01-01 08:00:15.606 W/audio_route( 249): Control 'SPK_L Mux' doesn't exist - skipping
01-01 08:00:15.606 W/audio_route( 249): Control 'SPK_R Mux' doesn't exist - skipping
01-01 08:00:15.606 W/audio_route( 249): Control 'External Speaker Switch' doesn't exist - skipping
01-01 08:00:15.607 W/audio_route( 249): Control 'AIF2 ADC volume' doesn't exist - skipping
01-01 08:00:15.607 W/audio_route( 249): Control 'MIC2 SRC' doesn't exist - skipping
01-01 08:00:15.607 W/audio_route( 249): Control 'LEFT ADC input Mixer MIC2 boost Switch' doesn't exist - skipping
01-01 08:00:15.607 W/audio_route( 249): Control 'ADCL Mux' doesn't exist - skipping
01-01 08:00:15.607 W/audio_route( 249): Control 'AIF2 ADL Mixer ADCL Switch' doesn't exist - skipping
01-01 08:00:15.607 W/audio_route( 249): Control 'AIF2OUTL Mux' doesn't exist - skipping
01-01 08:00:15.607 W/audio_route( 249): Control 'AIF2INL Mux' doesn't exist - skipping
01-01 08:00:15.607 W/audio_route( 249): Control 'AIF2INL Mux switch aif2inl aif2Switch' doesn't exist - skipping
01-01 08:00:15.607 W/audio_route( 249): Control 'DACL Mixer AIF2DACL Switch' doesn't exist - skipping
01-01 08:00:15.607 W/audio_route( 249): Control 'Left Output Mixer DACL Switch' doesn't exist - skipping
01-01 08:00:15.607 W/audio_route( 249): Control 'Right Output Mixer DACL Switch' doesn't exist - skipping
01-01 08:00:15.607 W/audio_route( 249): Control 'HP_L Mux' doesn't exist - skipping
01-01 08:00:15.607 W/audio_route( 249): Control 'HP_R Mux' doesn't exist - skipping
01-01 08:00:15.608 W/audio_route( 249): Control 'Headphone Switch' doesn't exist - skipping
01-01 08:00:15.609 W/audio_route( 249): Control 'AIF2 ADC volume' doesn't exist - skipping
01-01 08:00:15.609 W/audio_route( 249): Control 'LEFT ADC input Mixer MIC1 boost Switch' doesn't exist - skipping
01-01 08:00:15.609 W/audio_route( 249): Control 'ADCL Mux' doesn't exist - skipping
01-01 08:00:15.609 W/audio_route( 249): Control 'AIF2 ADL Mixer ADCL Switch' doesn't exist - skipping
01-01 08:00:15.609 W/audio_route( 249): Control 'AIF2OUTL Mux' doesn't exist - skipping
01-01 08:00:15.609 W/audio_route( 249): Control 'AIF2INL Mux' doesn't exist - skipping
01-01 08:00:15.609 W/audio_route( 249): Control 'AIF2INL Mux switch aif2inl aif2Switch' doesn't exist - skipping
