01-01 08:00:06.288 0 0 I : [3 T232 ..] F2FS-fs (dm-42): recover_dentry: ino = 4734, name = , dir = 879, err = 0
01-01 08:00:06.290 0 0 I : [3 T232 ..] F2FS-fs (dm-42): recover_data: ino = 4734 (i_size: recover) recovered = 438, err = 0
01-01 08:00:06.291 0 0 I : [3 T232 ..] F2FS-fs (dm-42): recover_inode: ino = 47fd, name = , inline = 21
01-01 08:00:06.292 0 0 I : [3 T232 ..] F2FS-fs (dm-42): recover_dentry: ino = 47fd, name = , dir = 879, err = 0
01-01 08:00:06.294 0 0 I : [3 T232 ..] F2FS-fs (dm-42): recover_data: ino = 47fd (i_size: recover) recovered = 437, err = 0
01-01 08:00:06.294 0 0 I : [3 T232 ..] F2FS-fs (dm-42): recover_inode: ino = 47d1, name = , inline = 21
01-01 08:00:06.296 0 0 I : [3 T232 ..] F2FS-fs (dm-42): recover_dentry: ino = 47d1, name = , dir = 105, err = 0
01-01 08:00:06.297 0 0 I : [3 T232 ..] F2FS-fs (dm-42): recover_data: ino = 47d1 (i_size: recover) recovered = 1, err = 0
01-01 08:00:06.298 0 0 I : [3 T232 ..] F2FS-fs (dm-42): recover_inode: ino = 3d56, name = , inline = 21
01-01 08:00:06.299 0 0 I : [3 T232 ..] F2FS-fs (dm-42): recover_dentry: ino = 3d56, name = , dir = 7e, err = 0
01-01 08:00:06.300 0 0 I : [3 T232 ..] F2FS-fs (dm-42): recover_data: ino = 3d56 (i_size: recover) recovered = 1, err = 0
01-01 08:00:06.302 0 0 I : [3 T232 ..] F2FS-fs (dm-42): recover_inode: ino = 3d58, name = , inline = 21
01-01 08:00:06.303 0 0 I : [3 T232 ..] F2FS-fs (dm-42): recover_dentry: ino = 3d58, name = , dir = 105, err = 0
01-01 08:00:06.304 0 0 I : [3 T232 ..] F2FS-fs (dm-42): recover_data: ino = 3d58 (i_size: recover) recovered = 1, err = 0
01-01 08:00:06.305 0 0 I : [3 T232 ..] F2FS-fs (dm-42): recover_inode: ino = 3c9a, name = , inline = 21
01-01 08:00:06.306 0 0 I : [3 T232 ..] F2FS-fs (dm-42): recover_dentry: ino = 3c9a, name = , dir = 879, err = 0
01-01 08:00:06.308 0 0 I : [3 T232 ..] F2FS-fs (dm-42): recover_data: ino = 3c9a (i_size: recover) recovered = 1, err = 0
01-01 08:00:06.309 0 0 I : [3 T232 ..] F2FS-fs (dm-42): recover_inode: ino = 3cbb, name = , inline = 21
01-01 08:00:06.310 0 0 I : [3 T232 ..] F2FS-fs (dm-42): recover_dentry: ino = 3cbb, name = , dir = 879, err = 0
01-01 08:00:06.311 0 0 I : [3 T232 ..] F2FS-fs (dm-42): recover_data: ino = 3cbb (i_size: recover) recovered = 1, err = 0
01-01 08:00:06.312 0 0 I : [3 T232 ..] F2FS-fs (dm-42): recover_inode: ino = 3ed1, name = , inline = 21
01-01 08:00:06.313 0 0 I : [3 T232 ..] F2FS-fs (dm-42): recover_dentry: ino = 3ed1, name = , dir = 879, err = 0
01-01 08:00:06.315 0 0 I : [3 T232 ..] F2FS-fs (dm-42): recover_data: ino = 3ed1 (i_size: recover) recovered = 1, err = 0
01-01 08:00:06.316 0 0 I : [3 T232 ..] F2FS-fs (dm-42): recover_inode: ino = 3e83, name = , inline = 21
01-01 08:00:06.317 0 0 I : [3 T232 ..] F2FS-fs (dm-42): recover_dentry: ino = 3e83, name = , dir = 879, err = 0
01-01 08:00:06.318 0 0 I : [3 T232 ..] F2FS-fs (dm-42): recover_data: ino = 3e83 (i_size: recover) recovered = 1, err = 0
01-01 08:00:06.319 0 0 I : [3 T232 ..] F2FS-fs (dm-42): recover_inode: ino = 3e52, name = , inline = 21
01-01 08:00:06.321 0 0 I : [3 T232 ..] F2FS-fs (dm-42): recover_dentry: ino = 3e52, name = , dir = 879, err = 0
01-01 08:00:06.322 0 0 I : [3 T232 ..] F2FS-fs (dm-42): recover_data: ino = 3e52 (i_size: recover) recovered = 1, err = 0
01-01 08:00:06.323 0 0 I : [3 T232 ..] F2FS-fs (dm-42): recover_inode: ino = 3edc, name = , inline = 21
01-01 08:00:06.324 0 0 I : [3 T232 ..] F2FS-fs (dm-42): recover_dentry: ino = 3edc, name = , dir = 879, err = 0
01-01 08:00:06.325 0 0 I : [3 T232 ..] F2FS-fs (dm-42): recover_data: ino = 3edc (i_size: recover) recovered = 1, err = 0
01-01 08:00:06.327 0 0 I : [3 T232 ..] F2FS-fs (dm-42): recover_inode: ino = 3fb8, name = , inline = 21
01-01 08:00:06.328 0 0 I : [3 T232 ..] F2FS-fs (dm-42): recover_dentry: ino = 3fb8, name = , dir = 879, err = 0
01-01 08:00:06.329 0 0 I : [3 T232 ..] F2FS-fs (dm-42): recover_data: ino = 3fb8 (i_size: recover) recovered = 1, err = 0
01-01 08:00:06.330 0 0 I : [3 T232 ..] F2FS-fs (dm-42): recover_inode: ino = 4d5b, name = , inline = 21
01-01 08:00:06.331 0 0 I : [3 T232 ..] F2FS-fs (dm-42): recover_dentry: ino = 4d5b, name = , dir = 879, err = 0
01-01 08:00:06.333 0 0 I : [3 T232 ..] F2FS-fs (dm-42): recover_data: ino = 4d5b (i_size: recover) recovered = 1, err = 0
01-01 08:00:06.334 0 0 I : [3 T232 ..] F2FS-fs (dm-42): recover_inode: ino = 4c71, name = , inline = 21
01-01 08:00:06.335 0 0 I : [3 T232 ..] F2FS-fs (dm-42): recover_dentry: ino = 4c71, name = , dir = 4b1, err = 0
01-01 08:00:06.336 0 0 I : [3 T232 ..] F2FS-fs (dm-42): recover_data: ino = 4c71 (i_size: recover) recovered = 1, err = 0
01-01 08:00:06.337 0 0 I : [3 T232 ..] F2FS-fs (dm-42): recover_inode: ino = 4cf6, name = , inline = 21
01-01 08:00:06.338 0 0 I : [3 T232 ..] F2FS-fs (dm-42): recover_dentry: ino = 4cf6, name = , dir = 4b1, err = 0
01-01 08:00:06.340 0 0 I : [3 T232 ..] F2FS-fs (dm-42): recover_data: ino = 4cf6 (i_size: recover) recovered = 1, err = 0
01-01 08:00:06.341 0 0 I : [3 T232 ..] F2FS-fs (dm-42): recover_inode: ino = 4cdd, name = , inline = 21
01-01 08:00:06.342 0 0 I : [3 T232 ..] F2FS-fs (dm-42): recover_dentry: ino = 4cdd, name = , dir = 879, err = 0
01-01 08:00:06.343 0 0 I : [3 T232 ..] F2FS-fs (dm-42): recover_data: ino = 4cdd (i_size: recover) recovered = 1, err = 0
01-01 08:00:06.345 0 0 I : [3 T232 ..] F2FS-fs (dm-42): recover_inode: ino = 4ce3, name = , inline = 21
01-01 08:00:06.346 0 0 I : [3 T232 ..] F2FS-fs (dm-42): recover_dentry: ino = 4ce3, name = , dir = 879, err = 0
01-01 08:00:06.347 0 0 I : [3 T232 ..] F2FS-fs (dm-42): recover_data: ino = 4ce3 (i_size: recover) recovered = 1, err = 0
01-01 08:00:06.348 0 0 I : [3 T232 ..] F2FS-fs (dm-42): recover_inode: ino = 4d02, name = , inline = 21
01-01 08:00:06.349 0 0 I : [3 T232 ..] F2FS-fs (dm-42): recover_dentry: ino = 4d02, name = , dir = 879, err = 0
01-01 08:00:06.350 0 0 I : [3 T232 ..] F2FS-fs (dm-42): recover_data: ino = 4d02 (i_size: recover) recovered = 1, err = 0
01-01 08:00:06.352 0 0 I : [3 T232 ..] F2FS-fs (dm-42): recover_inode: ino = 4d00, name = , inline = 21
01-01 08:00:06.353 0 0 I : [3 T232 ..] F2FS-fs (dm-42): recover_dentry: ino = 4d00, name = , dir = 879, err = 0
01-01 08:00:06.354 0 0 I : [3 T232 ..] F2FS-fs (dm-42): recover_data: ino = 4d00 (i_size: recover) recovered = 1, err = 0
01-01 08:00:06.355 0 0 I : [3 T232 ..] F2FS-fs (dm-42): recover_inode: ino = 4cf8, name = , inline = 21
01-01 08:00:06.356 0 0 I : [3 T232 ..] F2FS-fs (dm-42): recover_dentry: ino = 4cf8, name = , dir = 879, err = 0
01-01 08:00:06.358 0 0 I : [3 T232 ..] F2FS-fs (dm-42): recover_data: ino = 4cf8 (i_size: recover) recovered = 1, err = 0
01-01 08:00:06.359 0 0 I : [3 T232 ..] F2FS-fs (dm-42): recover_inode: ino = 4d19, name = , inline = 21
01-01 08:00:06.360 0 0 I : [3 T232 ..] F2FS-fs (dm-42): recover_dentry: ino = 4d19, name = , dir = 879, err = 0
01-01 08:00:06.361 0 0 I : [3 T232 ..] F2FS-fs (dm-42): recover_data: ino = 4d19 (i_size: recover) recovered = 1, err = 0
01-01 08:00:06.362 0 0 I : [3 T232 ..] F2FS-fs (dm-42): recover_inode: ino = 4cf0, name = , inline = 21
01-01 08:00:06.364 0 0 I : [3 T232 ..] F2FS-fs (dm-42): recover_dentry: ino = 4cf0, name = , dir = 4b1, err = 0
01-01 08:00:06.365 0 0 I : [3 T232 ..] F2FS-fs (dm-42): recover_data: ino = 4cf0 (i_size: recover) recovered = 1, err = 0
01-01 08:00:06.373 0 0 I : [3 T232 ..] F2FS-fs (dm-42): checkpoint: version = 2d275225
01-01 08:00:06.373 0 0 I : [3 T232 ..] F2FS-fs (dm-42): Mounted with checkpoint version = 2d275225
01-01 08:00:06.405 0 0 I [2 T1 ..] zram0: detected capacity change from 0 to 2485320
01-01 08:00:06.425 0 0 I : [0 T1 ..] Adding 1242656k swap on /dev/block/zram0. Priority:-2 extents:1 across:1242656k SS
01-01 08:00:06.471 0 0 D [0 T305 ..] vdc: Waited 0ms for vold
01-01 08:00:06.486 0 0 I [2 T1 ..] fscrypt: AES-256-CTS-CBC using implementation "cts-cbc-aes-ce"
01-01 08:00:06.487 0 0 I [2 T1 ..] fscrypt: AES-256-XTS using blk-crypto-fallback
01-01 08:00:06.519 0 0 I : [2 T304 ..] vt session 304-0 create
01-01 08:00:06.527 0 0 I : [2 T304 ..] [DV] module not install
01-01 08:00:06.547 0 0 E [2 T232 ..] vold: keystore2 Keystore earlyBootEnded returned service specific error: -68
01-01 08:00:06.572 0 0 I : [1 T275 ..] video_composer_open iminor(inode) =0
01-01 08:00:06.572 0 0 I [1 T275 ..] vc: [0]vd_render_index_get: render_index is 0.
01-01 08:00:06.574 0 0 I [1 T275 ..] vc: [0]get capability: min 64 64; max 4096 2160
01-01 08:00:06.574 0 0 I : [1 T275 ..] video_composer_open iminor(inode) =1
01-01 08:00:06.575 0 0 I [1 T275 ..] vc: [1]vd_render_index_get: render_index is 1.
01-01 08:00:06.577 0 0 I [1 T275 ..] vc: [1]get capability: min 64 64; max 2048 1080
01-01 08:00:06.582 0 0 I [1 T275 ..] vc: [0]get capability: min 64 64; max 4096 2160
01-01 08:00:06.583 0 0 I [1 T275 ..] vc: [1]get capability: min 64 64; max 2048 1080
01-01 08:00:06.593 0 0 I [1 T320 ..] apexd: Scanning /system/apex for pre-installed ApexFiles
01-01 08:00:06.593 0 0 I [1 T320 ..] apexd: Found pre-installed APEX /system/apex/com.amlogic.mediaextractor.apex
01-01 08:00:06.595 0 0 I [1 T320 ..] apexd: Found pre-installed APEX /system/apex/com.android.adbd.capex
01-01 08:00:06.596 0 0 I [1 T320 ..] apexd: Found pre-installed APEX /system/apex/com.android.adservices.capex
01-01 08:00:06.597 0 0 I [1 T320 ..] apexd: Found pre-installed APEX /system/apex/com.android.apex.cts.shim.apex
01-01 08:00:06.598 0 0 I [1 T320 ..] apexd: Found pre-installed APEX /system/apex/com.android.appsearch.capex
01-01 08:00:06.599 0 0 I [1 T320 ..] apexd: Found pre-installed APEX /system/apex/com.android.art.capex
01-01 08:00:06.600 0 0 I [1 T320 ..] apexd: Found pre-installed APEX /system/apex/com.android.btservices.apex
01-01 08:00:06.601 0 0 I [1 T320 ..] apexd: Found pre-installed APEX /system/apex/com.android.configinfrastructure.capex
01-01 08:00:06.603 0 0 I [1 T320 ..] apexd: Found pre-installed APEX /system/apex/com.android.conscrypt.capex
01-01 08:00:06.646 0 0 I [2 T275 ..] [hdmitx: ] avmute_store -1
01-01 08:00:06.733 0 0 I [1 T356 ..] loop4: detected capacity change from 0 to 536
01-01 08:00:06.734 0 0 I [3 T357 ..] loop5: detected capacity change from 0 to 10392
01-01 08:00:06.734 0 0 I [0 T358 ..] loop6: detected capacity change from 0 to 25264
01-01 08:00:06.737 0 0 I [2 T359 ..] loop7: detected capacity change from 0 to 20400
01-01 08:00:06.740 0 0 I : [1 T357 ..] EXT4-fs (loop5): mounted filesystem without journal. Opts: (null). Quota mode: none.
01-01 08:00:06.743 0 0 I [1 T357 ..] loop8: detected capacity change from 0 to 38408
01-01 08:00:06.746 0 0 I : [0 T359 ..] EXT4-fs (loop7): mounted filesystem without journal. Opts: (null). Quota mode: none.
01-01 08:00:06.748 0 0 I [0 T359 ..] loop9: detected capacity change from 0 to 576
01-01 08:00:06.748 0 0 I : [2 T358 ..] EXT4-fs (loop6): mounted filesystem without journal. Opts: (null). Quota mode: none.
01-01 08:00:06.749 0 0 I : [1 T357 ..] EXT4-fs (loop8): mounted filesystem without journal. Opts: (null). Quota mode: none.
01-01 08:00:06.752 0 0 I : [2 T356 ..] EXT4-fs (loop4): mounted filesystem without journal. Opts: (null). Quota mode: none.
01-01 08:00:06.753 0 0 I [1 T357 ..] loop10: detected capacity change from 0 to 2224
01-01 08:00:06.756 0 0 I [1 T356 ..] loop11: detected capacity change from 0 to 4320
01-01 08:00:06.758 0 0 I [1 T358 ..] loop12: detected capacity change from 0 to 7024
01-01 08:00:06.759 0 0 I : [0 T357 ..] EXT4-fs (loop10): mounted filesystem without journal. Opts: (null). Quota mode: none.
01-01 08:00:06.761 0 0 I [0 T357 ..] loop13: detected capacity change from 0 to 68064
01-01 08:00:06.762 0 0 I : [2 T356 ..] EXT4-fs (loop11): mounted filesystem without journal. Opts: (null). Quota mode: none.
01-01 08:00:06.763 0 0 I : [2 T359 ..] EXT4-fs (loop9): mounted filesystem without journal. Opts: (null). Quota mode: none.
01-01 08:00:06.763 0 0 I : [1 T358 ..] EXT4-fs (loop12): mounted filesystem without journal. Opts: (null). Quota mode: none.
01-01 08:00:06.765 0 0 I [2 T359 ..] loop14: detected capacity change from 0 to 1048
01-01 08:00:06.766 0 0 I [1 T356 ..] loop15: detected capacity change from 0 to 1616
01-01 08:00:06.766 0 0 I : [0 T357 ..] EXT4-fs (loop13): mounted filesystem without journal. Opts: (null). Quota mode: none.
01-01 08:00:06.769 0 0 I [0 T357 ..] loop16: detected capacity change from 0 to 6248
01-01 08:00:06.771 0 0 I [1 T358 ..] loop17: detected capacity change from 0 to 34880
01-01 08:00:06.773 0 0 I : [2 T356 ..] EXT4-fs (loop15): mounted filesystem without journal. Opts: (null). Quota mode: none.
01-01 08:00:06.773 0 0 I : [0 T357 ..] EXT4-fs (loop16): mounted filesystem without journal. Opts: (null). Quota mode: none.
01-01 08:00:06.776 0 0 I : [1 T359 ..] EXT4-fs (loop14): mounted filesystem without journal. Opts: (null). Quota mode: none.
01-01 08:00:06.777 0 0 I [2 T356 ..] loop18: detected capacity change from 0 to 8888
01-01 08:00:06.777 0 0 I : [1 T358 ..] EXT4-fs (loop17): mounted filesystem without journal. Opts: (null). Quota mode: none.
01-01 08:00:06.778 0 0 I [2 T357 ..] loop19: detected capacity change from 0 to 39832
01-01 08:00:06.780 0 0 I [1 T359 ..] loop20: detected capacity change from 0 to 5656
01-01 08:00:06.781 0 0 I [1 T358 ..] loop21: detected capacity change from 0 to 50632
01-01 08:00:06.795 0 0 I [1 T357 ..] device-mapper: verity: sha256 using implementation "sha256-ce"
01-01 08:00:06.803 0 0 I [2 T356 ..] device-mapper: verity: sha256 using implementation "sha256-ce"
01-01 08:00:06.807 0 0 I [2 T358 ..] device-mapper: verity: sha256 using implementation "sha256-ce"
01-01 08:00:06.807 0 0 I [3 T359 ..] device-mapper: verity: sha256 using implementation "sha256-ce"
01-01 08:00:06.826 0 0 I : [2 T357 ..] EXT4-fs (dm-40): mounted filesystem without journal. Opts: (null). Quota mode: none.
01-01 08:00:06.829 0 0 I [2 T357 ..] loop22: detected capacity change from 0 to 6680
01-01 08:00:06.834 0 0 I : [2 T356 ..] EXT4-fs (dm-41): mounted filesystem without journal. Opts: (null). Quota mode: none.
01-01 08:00:06.837 0 0 I [2 T356 ..] loop23: detected capacity change from 0 to 8568
01-01 08:00:06.838 0 0 I : [3 T358 ..] EXT4-fs (dm-38): mounted filesystem without journal. Opts: (null). Quota mode: none.
01-01 08:00:06.838 0 0 I : [1 T359 ..] EXT4-fs (dm-39): mounted filesystem without journal. Opts: (null). Quota mode: none.
01-01 08:00:06.839 0 0 I [2 T359 ..] loop24: detected capacity change from 0 to 16592
01-01 08:00:06.841 0 0 I [1 T358 ..] loop25: detected capacity change from 0 to 1512
01-01 08:00:06.863 0 0 I [1 T357 ..] device-mapper: verity: sha256 using implementation "sha256-ce"
01-01 08:00:06.867 0 0 I [1 T358 ..] device-mapper: verity: sha256 using implementation "sha256-ce"
01-01 08:00:06.867 0 0 I [0 T356 ..] device-mapper: verity: sha256 using implementation "sha256-ce"
01-01 08:00:06.873 0 0 I [1 T359 ..] device-mapper: verity: sha256 using implementation "sha256-ce"
01-01 08:00:06.888 0 0 I : [1 T357 ..] EXT4-fs (dm-37): mounted filesystem without journal. Opts: (null). Quota mode: none.
01-01 08:00:06.891 0 0 I [0 T357 ..] loop26: detected capacity change from 0 to 536
01-01 08:00:06.897 0 0 I : [0 T358 ..] EXT4-fs (dm-28): mounted filesystem without journal. Opts: (null). Quota mode: none.
01-01 08:00:06.900 0 0 I [0 T358 ..] loop27: detected capacity change from 0 to 6024
01-01 08:00:06.901 0 0 I : [1 T356 ..] EXT4-fs (dm-35): mounted filesystem without journal. Opts: (null). Quota mode: none.
01-01 08:00:06.902 0 0 I : [1 T359 ..] EXT4-fs (dm-32): mounted filesystem without journal. Opts: (null). Quota mode: none.
01-01 08:00:06.905 0 0 I [0 T356 ..] loop28: detected capacity change from 0 to 17432
01-01 08:00:06.907 0 0 I [2 T359 ..] loop29: detected capacity change from 0 to 5920
01-01 08:00:06.912 0 0 I [0 T357 ..] device-mapper: verity: sha256 using implementation "sha256-ce"
01-01 08:00:06.931 0 0 I [2 T358 ..] device-mapper: verity: sha256 using implementation "sha256-ce"
01-01 08:00:06.931 0 0 I [1 T359 ..] device-mapper: verity: sha256 using implementation "sha256-ce"
01-01 08:00:06.933 0 0 I [0 T356 ..] device-mapper: verity: sha256 using implementation "sha256-ce"
01-01 08:00:06.941 0 0 I : [2 T357 ..] EXT4-fs (dm-31): mounted filesystem without journal. Opts: (null). Quota mode: none.
01-01 08:00:06.944 0 0 I [1 T357 ..] loop30: detected capacity change from 0 to 6496
01-01 08:00:06.958 0 0 I : [1 T356 ..] EXT4-fs (dm-27): mounted filesystem without journal. Opts: (null). Quota mode: none.
01-01 08:00:06.961 0 0 I [1 T358 ..] loop31: detected capacity change from 0 to 49208
01-01 08:00:06.961 0 0 I [3 T357 ..] device-mapper: verity: sha256 using implementation "sha256-ce"
01-01 08:00:06.962 0 0 I [0 T356 ..] loop32: detected capacity change from 0 to 4648
01-01 08:00:06.974 0 0 I : [0 T359 ..] EXT4-fs (dm-25): mounted filesystem without journal. Opts: (null). Quota mode: none.
01-01 08:00:06.976 0 0 I [2 T359 ..] loop33: detected capacity change from 0 to 42104
01-01 08:00:06.979 0 0 I [1 T358 ..] device-mapper: verity: sha256 using implementation "sha256-ce"
01-01 08:00:06.983 0 0 I [3 T356 ..] device-mapper: verity: sha256 using implementation "sha256-ce"
01-01 08:00:06.988 0 0 I : [0 T357 ..] EXT4-fs (dm-23): mounted filesystem without journal. Opts: (null). Quota mode: none.
01-01 08:00:06.989 0 0 I : [3 T358 ..] EXT4-fs (dm-22): mounted filesystem without journal. Opts: (null). Quota mode: none.
01-01 08:00:06.994 0 0 I [3 T358 ..] loop34: detected capacity change from 0 to 536
01-01 08:00:06.995 0 0 I [3 T357 ..] loop35: detected capacity change from 0 to 34544
01-01 08:00:07.004 0 0 I [2 T359 ..] device-mapper: verity: sha256 using implementation "sha256-ce"
01-01 08:00:07.017 0 0 I [0 T357 ..] device-mapper: verity: sha256 using implementation "sha256-ce"
01-01 08:00:07.017 0 0 I [3 T358 ..] device-mapper: verity: sha256 using implementation "sha256-ce"
01-01 08:00:07.017 0 0 I : [1 T356 ..] EXT4-fs (dm-21): mounted filesystem without journal. Opts: (null). Quota mode: none.
01-01 08:00:07.022 0 0 I [0 T356 ..] loop36: detected capacity change from 0 to 30080
01-01 08:00:07.029 0 0 I : [0 T359 ..] EXT4-fs (dm-17): mounted filesystem without journal. Opts: (null). Quota mode: none.
01-01 08:00:07.043 0 0 I [2 T356 ..] device-mapper: verity: sha256 using implementation "sha256-ce"
01-01 08:00:07.044 0 0 I : [3 T358 ..] EXT4-fs (dm-14): mounted filesystem without journal. Opts: (null). Quota mode: none.
01-01 08:00:07.050 0 0 I : [3 T357 ..] EXT4-fs (dm-16): mounted filesystem without journal. Opts: (null). Quota mode: none.
01-01 08:00:07.067 0 0 I : [1 T356 ..] EXT4-fs (dm-12): mounted filesystem without journal. Opts: (null). Quota mode: none.
01-01 08:00:07.321 0 0 D [1 T423 ..] vdc: Waited 0ms for vold
01-01 08:00:07.424 0 0 I [0 T1 ..] selinux: SELinux: Skipping restorecon on directory(/data)
01-01 08:00:07.652 0 0 I [3 T429 ..] fs-verity: sha256 using implementation "sha256-ce"
01-01 08:00:07.888 0 0 I [1 T431 ..] apexd: Snapshot DE subcommand detected
01-01 08:00:07.890 0 0 I [0 T431 ..] apexd-snapshotde: Marking APEXd as ready
01-01 08:00:07.921 0 0 I [1 T144 ..] [media_sync]: mediasync_policy_manager_init(ffffffc00cabd000) initiation success.
01-01 08:00:07.936 0 0 I : [3 T144 ..] aml-vcodec-dec vcodec_dec: v4ldec registered as /dev/video26
01-01 08:00:08.069 0 0 I [2 T1 ..] selinux: SELinux: Skipping restorecon on directory(/data/dalvik-cache/arm)
01-01 08:00:08.070 0 0 E [2 T1 ..] selinux: SELinux: Could not stat /data/dalvik-cache/arm64: No such file or directory.
01-01 08:00:08.071 0 0 E [2 T1 ..] selinux: SELinux: Could not stat /data/dalvik-cache/riscv64: No such file or directory.
01-01 08:00:08.072 0 0 E [2 T1 ..] selinux: SELinux: Could not stat /data/dalvik-cache/x86: No such file or directory.
01-01 08:00:08.073 0 0 E [2 T1 ..] selinux: SELinux: Could not stat /data/dalvik-cache/x86_64: No such file or directory.
01-01 08:00:08.083 0 0 I [2 T1 ..] selinux: SELinux: Skipping restorecon on directory(/data/misc/apexdata/com.android.wifi)
01-01 08:00:08.092 0 0 I [2 T144 ..] init: Not setting encryption policy on: /data/media
01-01 08:00:08.136 0 0 D [2 T448 ..] LibBpfLoader: Loading optional ELF object /apex/com.android.tethering/etc/bpf/test.o with license Apache 2.0
01-01 08:00:08.136 0 0 I [2 T448 ..] LibBpfLoader: Section bpfloader_min_ver value is 2 [0x2]
01-01 08:00:08.137 0 0 I [2 T448 ..] LibBpfLoader: Section bpfloader_max_ver value is 25 [0x19]
01-01 08:00:08.138 0 0 D [2 T448 ..] LibBpfLoader: Couldn't find section bpfloader_min_required_ver (defaulting to 0 [0x0]).
01-01 08:00:08.138 0 0 I [2 T448 ..] LibBpfLoader: Section size_of_bpf_map_def value is 120 [0x78]
01-01 08:00:08.139 0 0 I [2 T448 ..] LibBpfLoader: Section size_of_bpf_prog_def value is 92 [0x5c]
01-01 08:00:08.140 0 0 I [2 T448 ..] LibBpfLoader: BpfLoader version 0x00026 ignoring ELF object /apex/com.android.tethering/etc/bpf/test.o with max ver 0x00019
01-01 08:00:08.140 0 0 I [3 T449 ..] update_verifier: Started with arg 1: nonencrypted
01-01 08:00:08.142 0 0 I [2 T448 ..] bpfloader: Loaded object: /apex/com.android.tethering/etc/bpf/test.o
01-01 08:00:08.152 0 0 D [2 T448 ..] LibBpfLoader: Loading critical for Connectivity (Tethering) ELF object /apex/com.android.tethering/etc/bpf/offload.o with license Apache 2.0
01-01 08:00:08.152 0 0 I [2 T448 ..] LibBpfLoader: Section bpfloader_min_ver value is 2 [0x2]
01-01 08:00:08.153 0 0 I [1 T449 ..] update_verifier: Using AIDL version of IBootControl
01-01 08:00:08.154 0 0 I [1 T270 ..] android.hardware.boot-service: sys.boot_completed:
01-01 08:00:08.154 0 0 I [1 T449 ..] update_verifier: Booting slot 0: isSlotMarkedSuccessful=1
01-01 08:00:08.155 0 0 I [1 T449 ..] update_verifier: Leaving update_verifier.
01-01 08:00:08.216 0 0 I : [0 T144 ..] Mass Storage Function, version: 2009/09/11
01-01 08:00:08.216 0 0 I [0 T144 ..] LUN: removable file: (no medium)
01-01 08:00:08.229 0 0 I : [1 T144 ..] file system registered
01-01 08:00:08.242 0 0 W : [1 T144 ..] using random self ethernet address
01-01 08:00:08.242 0 0 W : [1 T144 ..] using random host ethernet address
01-01 08:00:08.367 0 0 W [3 T144 ..] 0: amvdec_vc1 module init
01-01 08:00:08.370 0 0 W [3 T144 ..] 0: amvdec_vc1 module init
01-01 08:00:08.427 0 0 W : [3 T144 ..] amvenc probe, hcodec get reset failed: -2
01-01 08:00:08.531 0 0 E : [0 T144 ..] have register same node[av1-v4l] on decoder before
01-01 08:00:08.538 0 0 I : [0 T144 ..] Registered frame rate driver success.
01-01 08:00:08.713 0 0 W [1 T468 ..] healthd: No battery devices found
01-01 08:00:08.735 0 0 W [1 T468 ..] healthd: battery none chg=
01-01 08:00:08.774 0 0 I [2 T480 ..] [pm]: early_suspend_state=0
01-01 08:00:08.892 0 0 W [1 T448 ..] printk: bpfloader: 594 output lines suppressed due to ratelimiting
01-01 08:00:09.002 0 0 E [0 T144 ..] map_store: rm default
01-01 08:00:09.002 0 0 E [0 T144 ..] map_store: add default decoder ppmgr deinterlace amvideo
01-01 08:00:09.005 0 0 I [0 T144 ..] [snd-soc]: drc high cut scale set to 0%
01-01 08:00:09.006 0 0 I [3 T144 ..] [snd-soc]: drc low boost scale set to 0%
01-01 08:00:09.009 0 0 I [0 T144 ..] [snd-soc]: drc mode set to RF
01-01 08:00:09.042 0 0 I [0 T94 ..] binder: undelivered transaction 1240, process died.
01-01 08:00:09.085 0 0 I [1 T144 ..] usbcore: registered new interface driver wifi_usb_common
01-01 08:00:09.085 0 0 W : [1 T144 ..] aml_usb_common->
01-01 08:00:09.085 0 0 W : [1 T144 ..] aml_wifi_usb_insmod(138) aml common driver insmod
01-01 08:00:09.087 0 0 W : [1 T144 ..] *****************aml sdio common driver is insmoded********************
01-01 08:00:09.088 0 0 W : [1 T144 ..] aml_wifi_sdio_insmod(279) start...
01-01 08:00:09.574 0 0 I [1 T216 ..] servicemanager: Notifying gsiservice they don't (previously: do) have clients when we now have no record of a client
01-01 08:00:09.576 0 0 I [1 T216 ..] servicemanager: Unregistering gsiservice
01-01 08:00:09.576 0 0 I [1 T216 ..] BpBinder: onLastStrongRef automatically unlinking death recipients:
01-01 08:00:09.695 0 0 I [2 T216 ..] servicemanager: Could not find android.hardware.net.nlinterceptor.IInterceptor/default in the VINTF manifest.
01-01 08:00:09.730 0 0 I [1 T216 ..] servicemanager: Could not find android.hardware.gatekeeper.IGatekeeper/default in the VINTF manifest.
01-01 08:00:09.733 0 0 I [0 T216 ..] servicemanager: Found android.hardware.health.IHealth/default in device VINTF manifest.
01-01 08:00:09.742 0 0 I [0 T216 ..] servicemanager: Found android.hardware.usb.gadget.IUsbGadget/default in device VINTF manifest.
01-01 08:00:09.850 0 0 I [2 T622 ..] [hdmitx: ] tee load hdcp key ready: 0x0
01-01 08:00:09.850 0 0 I [2 T622 ..] [hdmitx: ] hdmi ready but hdcp not enabled, enable now
01-01 08:00:09.953 0 0 I [0 T216 ..] servicemanager: Found android.hardware.boot.IBootControl/default in device VINTF manifest.
01-01 08:00:09.992 0 0 I : [2 T8 ..] [TEE] E/TA: parse_keybox:1766 [PROVISION-TA] v1 keybox is no longer supported
01-01 08:00:09.993 0 0 I : [2 T8 ..] [TEE] E/TA: provision_key_store:1996 [PROVISION-TA] parse data failed, res = 0xFFFF000A
01-01 08:00:09.994 0 0 I : [2 T8 ..] [TEE] E/TC:? 00 tee_rpmb_verify_key_sync_counter:1008 Verify key returning 0xffff0008
01-01 08:00:09.995 0 0 I : [2 T8 ..] [TEE] E/TA: hdcp_load_key:962 [HDCP-TA] hdcp_load_key: read hdcp key(hdcp_tx22.bin) ret = 0xFFFF0008
01-01 08:00:09.997 0 0 I : [2 T8 ..] [TEE] E/TC:? 00 tee_rpmb_verify_key_sync_counter:1008 Verify key returning 0xffff0008
01-01 08:00:09.998 0 0 I : [2 T8 ..] [TEE] E/TA: hdcp_load_key:962 [HDCP-TA] hdcp_load_key: read hdcp key(hdcp_tx14.bin) ret = 0xFFFF0008
01-01 08:00:10.019 0 0 E [3 T619 ..] [usb]: crg_gadget_async_callbacks get state 1
01-01 08:00:10.058 0 0 I [3 T216 ..] servicemanager: Found android.frameworks.cameraservice.service.ICameraService/default in framework VINTF manifest.
01-01 08:00:10.059 0 0 I [3 T216 ..] servicemanager: Found android.frameworks.cameraservice.service.ICameraService/default in framework VINTF manifest.
01-01 08:00:10.553 0 0 I [1 T463 ..] [debug]: audio_utils_ioctl SET_LIB_SIZE 4306308
01-01 08:00:10.553 0 0 I [1 T463 ..] [debug]: audio_utils_ioctl WRITE_LIB
01-01 08:00:10.565 0 0 I [0 T463 ..] [hdmitx: ] hdmitx21_audio_mute_op: AUD_MUTE path=0x8000000
01-01 08:00:10.565 0 0 I [0 T463 ..] [hdmitx: ] hdmitx21_ext_set_audio_output enable:0
01-01 08:00:10.593 0 0 I [2 T647 ..] audio_ddr_mngr: frddrs[0] registered by device fe330000.audiobus:tdm@2
01-01 08:00:10.594 0 0 I [2 T647 ..] [snd-soc]: aml_audio_reset, reg 0xa, shift 9, use_vadtop 0
01-01 08:00:10.595 0 0 I [2 T647 ..] [snd-soc]: aml_audio_reset, reg 0xa, shift 14, use_vadtop 0
01-01 08:00:10.596 0 0 I [2 T647 ..] [snd-soc]: hdmitx src switch to spdif 0
01-01 08:00:10.596 0 0 I [2 T647 ..] [snd-soc]: sharebuffer_spdifout_prepare get_hdmitx_audio_src(rtd->card):0 spdif_id:0
01-01 08:00:10.598 0 0 I [3 T647 ..] [hdmitx: ] hdmitx_audio_notify_callback[804] type:1 rate:0 size:0 chs:0 i2s_ch_mask:0 aud_src_if:0
01-01 08:00:10.599 0 0 E [3 T647 ..] [hdmitx: ] *HDMITX_ERROR* audio chn setting, must be 2, 4, 6 or 8, Rst as def
01-01 08:00:10.600 0 0 I [3 T647 ..] [hdmitx: ] aout notify format CT_PCM
01-01 08:00:10.601 0 0 I [3 T647 ..] [hdmitx: ] set audio
01-01 08:00:10.601 0 0 I [3 T647 ..] [hdmitx: ] audio_param->chs = -1
01-01 08:00:10.602 0 0 I [3 T647 ..] [hdmitx: ] aud_src_if = 0
01-01 08:00:10.603 0 0 I [3 T647 ..] [hdmitx: ] aud_n_para = 5824
01-01 08:00:10.603 0 0 I [3 T647 ..] [hdmitx: ] set audio param
01-01 08:00:10.604 0 0 D [3 T647 ..] [snd-soc]: spdif_a fifo ctrl, frddr:0 type:1, 16 bits, chmask 0x3, swap 0x10
01-01 08:00:10.604 0 0 I [3 T647 ..] [hdmitx: ] hdmitx_audio_notify_callback[804] type:1 rate:3 size:1 chs:2 i2s_ch_mask:1 aud_src_if:0
01-01 08:00:10.605 0 0 I [3 T647 ..] [hdmitx: ] aout notify format CT_PCM
01-01 08:00:10.606 0 0 I [3 T647 ..] [hdmitx: ] set audio
01-01 08:00:10.606 0 0 I [3 T647 ..] [hdmitx: ] audio_param->chs = 1
01-01 08:00:10.607 0 0 I [3 T647 ..] [hdmitx: ] aud_src_if = 0
01-01 08:00:10.608 0 0 I [3 T647 ..] [hdmitx: ] aud_n_para = 5824
01-01 08:00:10.608 0 0 I [3 T647 ..] [hdmitx: ] set audio param
01-01 08:00:10.609 0 0 I [0 T78 ..] [snd-codec-t9015]: aml_T9015_audio_set_bias_level
01-01 08:00:10.610 0 0 I [2 T78 ..] [snd-codec-t9015]: aml_T9015_audio_set_bias_level
01-01 08:00:10.617 0 0 D [3 T647 ..] [snd-soc]: spdif_a is set to enable
01-01 08:00:10.623 0 0 I [3 T647 ..] [snd-soc]: release_spdif_same_src(), 1039 src sel 3
01-01 08:00:10.623 0 0 I [3 T647 ..] [snd-soc]: ss_free() samesrc 3, lvl 1
01-01 08:00:10.625 0 0 I [2 T647 ..] audio_ddr_mngr: frddrs[1] registered by device fe330000.audiobus:spdif@0
01-01 08:00:10.626 0 0 D [2 T647 ..] [snd-soc]: aml_spdif_fifo_ctrl, bit depth:16, frddr type:1, toddr:type:1
01-01 08:00:10.627 0 0 I [2 T647 ..] [snd-soc]: aml_audio_reset, reg 0xa, shift 9, use_vadtop 0
01-01 08:00:10.628 0 0 I [2 T647 ..] [snd-soc]: aml_audio_reset, reg 0xa, shift 14, use_vadtop 0
01-01 08:00:10.629 0 0 I [2 T647 ..] [hdmitx: ] hdmitx_audio_notify_callback[804] type:1 rate:3 size:1 chs:2 i2s_ch_mask:0 aud_src_if:1
01-01 08:00:10.630 0 0 E [2 T647 ..] [hdmitx: ] *HDMITX_ERROR* audio chn msk, must larger than 0
01-01 08:00:10.631 0 0 I [2 T647 ..] [hdmitx: ] aout notify format CT_PCM
01-01 08:00:10.632 0 0 I [2 T647 ..] [hdmitx: ] set audio
01-01 08:00:10.632 0 0 I [2 T647 ..] [hdmitx: ] audio_param->chs = 1
01-01 08:00:10.633 0 0 I [2 T647 ..] [hdmitx: ] aud_src_if = 1
01-01 08:00:10.633 0 0 I [2 T647 ..] [hdmitx: ] aud_n_para = 5824
01-01 08:00:10.634 0 0 I [2 T647 ..] [hdmitx: ] set audio param
01-01 08:00:13.082 0 0 I [3 T419 ..] AidlLazyServiceRegistrar: Process has 1 (of 1 available) client(s) in use after notification apexservice has clients: 1
01-01 08:00:13.082 0 0 I [2 T418 ..] apexd: getActivePackages received by ApexService
01-01 08:00:13.083 0 0 I [3 T419 ..] AidlLazyServiceRegistrar: Shutdown prevented by forcePersist override flag.
01-01 08:00:13.655 0 0 I [0 T418 ..] apexd: getAllPackages received by ApexService
01-01 08:00:14.814 0 0 I [0 T216 ..] servicemanager: Could not find android.hardware.sensors.ISensors/default in the VINTF manifest.
01-01 08:00:14.823 0 0 I [2 T216 ..] servicemanager: Found android.hardware.health.IHealth/default in device VINTF manifest.
01-01 08:00:14.825 0 0 W [1 T468 ..] healthd: battery none chg=
01-01 08:00:14.950 0 0 E [1 T672 ..] [snd-soc]: aml_audio_set_spdif_mute(), no pinctrl
01-01 08:00:14.958 0 0 I [2 T216 ..] servicemanager: Found vendor.amlogic.hardware.droidaudio.IDroidAudio/default in framework VINTF manifest.
01-01 08:00:15.000 0 0 I [1 T216 ..] servicemanager: Could not find android.hardware.vibrator.IVibratorManager/default in the VINTF manifest.
01-01 08:00:15.002 0 0 I [1 T216 ..] servicemanager: Could not find android.hardware.vibrator.IVibrator/default in the VINTF manifest. --------- beginning of system
05-19 16:34:24.746 687 687 D SystemServerTiming: OnBootPhase_200_com.android.server.display.DisplayManagerService
05-19 16:34:24.746 687 687 V SystemServerTiming: OnBootPhase_200_com.android.server.display.DisplayManagerService took to complete: 0ms
05-19 16:34:24.746 687 687 D SystemServerTiming: OnBootPhase_200_com.android.server.pm.verify.domain.DomainVerificationService
05-19 16:34:24.746 687 687 V SystemServerTiming: OnBootPhase_200_com.android.server.pm.verify.domain.DomainVerificationService took to complete: 0ms
05-19 16:34:24.746 687 687 D SystemServerTiming: OnBootPhase_200_com.android.server.pm.PackageInstallerService$Lifecycle
05-19 16:34:24.746 687 687 V SystemServerTiming: OnBootPhase_200_com.android.server.pm.PackageInstallerService$Lifecycle took to complete: 0ms
05-19 16:34:24.746 687 687 D SystemServerTiming: OnBootPhase_200_com.android.server.pm.UserManagerService$LifeCycle
05-19 16:34:24.746 687 687 V SystemServerTiming: OnBootPhase_200_com.android.server.pm.UserManagerService$LifeCycle took to complete: 0ms
05-19 16:34:24.746 687 687 D SystemServerTiming: OnBootPhase_200_com.android.server.om.OverlayManagerService
05-19 16:34:24.746 687 687 V SystemServerTiming: OnBootPhase_200_com.android.server.om.OverlayManagerService took to complete: 0ms
05-19 16:34:24.746 687 687 D SystemServerTiming: OnBootPhase_200_com.android.server.resources.ResourcesManagerService
05-19 16:34:24.746 687 687 V SystemServerTiming: OnBootPhase_200_com.android.server.resources.ResourcesManagerService took to complete: 0ms
05-19 16:34:24.746 687 687 D SystemServerTiming: OnBootPhase_200_com.android.server.sensorprivacy.SensorPrivacyService
05-19 16:34:24.746 687 687 V SystemServerTiming: OnBootPhase_200_com.android.server.sensorprivacy.SensorPrivacyService took to complete: 0ms
05-19 16:34:24.746 687 687 D SystemServerTiming: OnBootPhase_200_com.android.server.sensors.SensorService
05-19 16:34:24.746 687 687 V SystemServerTiming: OnBootPhase_200_com.android.server.sensors.SensorService took to complete: 0ms
05-19 16:34:24.746 687 687 D SystemServerTiming: OnBootPhase_200_com.android.server.SystemConfigService
05-19 16:34:24.746 687 687 V SystemServerTiming: OnBootPhase_200_com.android.server.SystemConfigService took to complete: 0ms
05-19 16:34:24.746 687 687 D SystemServerTiming: OnBootPhase_200_com.android.server.BatteryService
05-19 16:34:24.746 687 687 V SystemServerTiming: OnBootPhase_200_com.android.server.BatteryService took to complete: 0ms
05-19 16:34:24.746 687 687 D SystemServerTiming: OnBootPhase_200_com.android.server.usage.UsageStatsService
05-19 16:34:24.746 687 687 V SystemServerTiming: OnBootPhase_200_com.android.server.usage.UsageStatsService took to complete: 0ms
05-19 16:34:24.746 687 687 D SystemServerTiming: OnBootPhase_200_com.android.server.webkit.WebViewUpdateService
05-19 16:34:24.746 687 687 V SystemServerTiming: OnBootPhase_200_com.android.server.webkit.WebViewUpdateService took to complete: 0ms
05-19 16:34:24.746 687 687 D SystemServerTiming: OnBootPhase_200_com.android.server.CachedDeviceStateService
05-19 16:34:24.746 687 687 V SystemServerTiming: OnBootPhase_200_com.android.server.CachedDeviceStateService took to complete: 0ms
05-19 16:34:24.746 687 687 D SystemServerTiming: OnBootPhase_200_com.android.server.BinderCallsStatsService$LifeCycle
05-19 16:34:24.746 687 687 V SystemServerTiming: OnBootPhase_200_com.android.server.BinderCallsStatsService$LifeCycle took to complete: 0ms
05-19 16:34:24.746 687 687 D SystemServerTiming: OnBootPhase_200_com.android.server.LooperStatsService$Lifecycle
05-19 16:34:24.746 687 687 V SystemServerTiming: OnBootPhase_200_com.android.server.LooperStatsService$Lifecycle took to complete: 0ms
05-19 16:34:24.746 687 687 D SystemServerTiming: OnBootPhase_200_com.android.server.rollback.RollbackManagerService
05-19 16:34:24.746 687 687 V SystemServerTiming: OnBootPhase_200_com.android.server.rollback.RollbackManagerService took to complete: 0ms
05-19 16:34:24.746 687 687 D SystemServerTiming: OnBootPhase_200_com.android.server.os.NativeTombstoneManagerService
05-19 16:34:24.746 687 687 V SystemServerTiming: OnBootPhase_200_com.android.server.os.NativeTombstoneManagerService took to complete: 0ms
05-19 16:34:24.746 687 687 D SystemServerTiming: OnBootPhase_200_com.android.server.os.BugreportManagerService
05-19 16:34:24.746 687 687 V SystemServerTiming: OnBootPhase_200_com.android.server.os.BugreportManagerService took to complete: 0ms
05-19 16:34:24.746 687 687 D SystemServerTiming: OnBootPhase_200_com.android.server.gpu.GpuService
05-19 16:34:24.746 687 687 V SystemServerTiming: OnBootPhase_200_com.android.server.gpu.GpuService took to complete: 0ms
05-19 16:34:24.746 687 687 D SystemServerTiming: OnBootPhase_200_com.android.server.security.rkp.RemoteProvisioningService
05-19 16:34:24.746 687 687 V SystemServerTiming: OnBootPhase_200_com.android.server.security.rkp.RemoteProvisioningService took to complete: 0ms
05-19 16:34:24.746 687 687 D SystemServerTiming: OnBootPhase_200_com.android.server.cpu.CpuMonitorService
05-19 16:34:24.746 687 687 V SystemServerTiming: OnBootPhase_200_com.android.server.cpu.CpuMonitorService took to complete: 0ms
05-19 16:34:24.746 687 687 D SystemServerTiming: OnBootPhase_200_com.android.server.security.KeyChainSystemService
05-19 16:34:24.746 687 687 V SystemServerTiming: OnBootPhase_200_com.android.server.security.KeyChainSystemService took to complete: 0ms
05-19 16:34:24.746 687 687 D SystemServerTiming: OnBootPhase_200_com.android.server.BinaryTransparencyService
05-19 16:34:24.747 687 687 V SystemServerTiming: OnBootPhase_200_com.android.server.BinaryTransparencyService took to complete: 0ms
05-19 16:34:24.747 687 687 D SystemServerTiming: OnBootPhase_200_com.android.server.accounts.AccountManagerService$Lifecycle
05-19 16:34:24.747 687 687 V SystemServerTiming: OnBootPhase_200_com.android.server.accounts.AccountManagerService$Lifecycle took to complete: 0ms
05-19 16:34:24.747 687 687 D SystemServerTiming: OnBootPhase_200_com.android.server.content.ContentService$Lifecycle
05-19 16:34:24.747 687 687 V SystemServerTiming: OnBootPhase_200_com.android.server.content.ContentService$Lifecycle took to complete: 0ms
05-19 16:34:24.747 687 687 D SystemServerTiming: OnBootPhase_200_com.android.server.deviceconfig.DeviceConfigInit$Lifecycle
05-19 16:34:24.747 687 687 V SystemServerTiming: OnBootPhase_200_com.android.server.deviceconfig.DeviceConfigInit$Lifecycle took to complete: 0ms
05-19 16:34:24.747 687 687 D SystemServerTiming: OnBootPhase_200_com.android.server.DropBoxManagerService
05-19 16:34:24.747 687 687 V SystemServerTiming: OnBootPhase_200_com.android.server.DropBoxManagerService took to complete: 0ms
05-19 16:34:24.747 687 687 D SystemServerTiming: OnBootPhase_200_com.android.role.RoleService
05-19 16:34:24.747 687 687 V SystemServerTiming: OnBootPhase_200_com.android.role.RoleService took to complete: 0ms
05-19 16:34:24.747 687 687 D SystemServerTiming: OnBootPhase_200_com.android.server.vibrator.VibratorManagerService$Lifecycle
05-19 16:34:24.747 687 687 V SystemServerTiming: OnBootPhase_200_com.android.server.vibrator.VibratorManagerService$Lifecycle took to complete: 0ms
05-19 16:34:24.747 687 687 D SystemServerTiming: OnBootPhase_200_com.android.server.tare.InternalResourceService
05-19 16:34:24.747 687 687 V SystemServerTiming: OnBootPhase_200_com.android.server.tare.InternalResourceService took to complete: 0ms
05-19 16:34:24.747 687 687 D SystemServerTiming: OnBootPhase_200_com.android.server.alarm.AlarmManagerService
05-19 16:34:24.747 687 687 V SystemServerTiming: OnBootPhase_200_com.android.server.alarm.AlarmManagerService took to complete: 0ms
05-19 16:34:24.747 687 687 D SystemServerTiming: OnBootPhase_200_com.android.server.devicestate.DeviceStateManagerService
05-19 16:34:24.747 687 687 V SystemServerTiming: OnBootPhase_200_com.android.server.devicestate.DeviceStateManagerService took to complete: 0ms
05-19 16:34:24.747 687 687 D SystemServerTiming: OnBootPhase_200_com.android.server.camera.CameraServiceProxy
05-19 16:34:24.747 687 687 V SystemServerTiming: OnBootPhase_200_com.android.server.camera.CameraServiceProxy took to complete: 0ms
05-19 16:34:24.747 687 687 V SystemServerTiming: OnBootPhase_200 took to complete: 2ms
05-19 16:34:24.750 687 687 I WindowManager: No existing display settings, starting empty
05-19 16:34:24.750 687 687 I WindowManager: No existing display settings, starting empty
05-19 16:34:24.773 687 687 V SystemServerTiming: StartWindowManagerService took to complete: 28ms
05-19 16:34:24.773 687 687 D SystemServerTiming: SetWindowManagerService
05-19 16:34:24.823 687 687 I ActivityTaskManager: Loaded persisted task ids for user 0
05-19 16:34:24.828 687 687 V SystemServerTiming: SetWindowManagerService took to complete: 55ms
05-19 16:34:24.828 687 687 D SystemServerTiming: WindowManagerServiceOnInitReady
05-19 16:34:24.844 687 706 W BroadcastLoopers: Found previously unknown looper Thread[android.ui,5,main]
05-19 16:34:24.846 687 687 V SystemServerTiming: WindowManagerServiceOnInitReady took to complete: 18ms
05-19 16:34:24.847 687 759 D SystemServerTimingAsync: InitThreadPoolExec:StartISensorManagerService
05-19 16:34:24.847 687 759 D SystemServerInitThreadPool: Started executing StartISensorManagerService
05-19 16:34:24.847 687 687 D SystemServerTiming: StartInputManager
05-19 16:34:24.847 687 759 D SystemServerTimingAsync: StartISensorManagerService
05-19 16:34:24.847 687 769 D SystemServerTimingAsync: InitThreadPoolExec:StartHidlServices
05-19 16:34:24.847 687 687 I InputManager: Starting input manager
05-19 16:34:24.847 687 769 D SystemServerInitThreadPool: Started executing StartHidlServices
05-19 16:34:24.847 687 769 D SystemServerTimingAsync: StartHidlServices
05-19 16:34:24.848 687 687 V SystemServerTiming: StartInputManager took to complete: 1ms
05-19 16:34:24.848 687 687 D SystemServerTiming: DisplayManagerWindowManagerAndInputReady
05-19 16:34:24.848 687 687 V HistoricalRegistry: Interaction before persistence initialized
05-19 16:34:24.848 687 769 V SystemServerTimingAsync: StartHidlServices took to complete: 1ms
05-19 16:34:24.848 687 769 D SystemServerInitThreadPool: Finished executing StartHidlServices
05-19 16:34:24.848 687 769 V SystemServerTimingAsync: InitThreadPoolExec:StartHidlServices took to complete: 1ms
05-19 16:34:24.849 687 687 V SystemServerTiming: DisplayManagerWindowManagerAndInputReady took to complete: 1ms
05-19 16:34:24.849 687 687 D SystemServerTiming: StartBluetoothService
05-19 16:34:24.850 687 687 I SystemServiceManager: Starting com.android.server.bluetooth.BluetoothService
01-01 08:00:15.152 0 0 I [1 T216 ..] servicemanager: Found android.frameworks.sensorservice.ISensorManager/default in framework VINTF manifest.
05-19 16:34:24.854 687 759 V SystemServerTimingAsync: StartISensorManagerService took to complete: 7ms
05-19 16:34:24.855 687 759 D SystemServerInitThreadPool: Finished executing StartISensorManagerService
05-19 16:34:24.855 687 759 V SystemServerTimingAsync: InitThreadPoolExec:StartISensorManagerService took to complete: 8ms
05-19 16:34:24.858 687 687 V SystemServerTiming: StartBluetoothService took to complete: 9ms
05-19 16:34:24.859 687 687 D SystemServerTiming: IpConnectivityMetrics
05-19 16:34:24.859 687 687 I SystemServiceManager: Starting com.android.server.connectivity.IpConnectivityMetrics
05-19 16:34:24.860 687 687 V SystemServerTiming: IpConnectivityMetrics took to complete: 1ms
05-19 16:34:24.860 687 687 D SystemServerTiming: NetworkWatchlistService
05-19 16:34:24.860 687 687 I SystemServiceManager: Starting com.android.server.net.watchlist.NetworkWatchlistService$Lifecycle
05-19 16:34:24.865 687 687 I WatchlistSettings: Reload watchlist settings done
05-19 16:34:24.866 687 790 I WatchlistLoggingHandler: No need to aggregate record yet.
05-19 16:34:24.866 687 790 I WatchlistLoggingHandler: Milliseconds spent on tryAggregateRecords(): 0
05-19 16:34:24.866 687 687 V SystemServerTiming: NetworkWatchlistService took to complete: 6ms
05-19 16:34:24.866 687 687 D SystemServerTiming: PinnerService
05-19 16:34:24.866 687 687 I SystemServiceManager: Starting com.android.server.PinnerService
05-19 16:34:24.868 687 687 V HistoricalRegistry: Interaction before persistence initialized
05-19 16:34:24.871 687 687 V SystemServerTiming: PinnerService took to complete: 5ms
05-19 16:34:24.872 687 687 D SystemServerTiming: SignedConfigService
05-19 16:34:24.873 687 687 V SystemServerTiming: SignedConfigService took to complete: 1ms
05-19 16:34:24.873 687 687 D SystemServerTiming: AppIntegrityService
05-19 16:34:24.873 687 687 I SystemServiceManager: Starting com.android.server.integrity.AppIntegrityManagerService
05-19 16:34:24.876 687 687 E IntegrityFileManager: Error creating staging and rules directory
05-19 16:34:24.878 687 687 V SystemServerTiming: AppIntegrityService took to complete: 5ms
05-19 16:34:24.878 687 687 D SystemServerTiming: StartLogcatManager
05-19 16:34:24.879 687 687 I SystemServiceManager: Starting com.android.server.logcat.LogcatManagerService
05-19 16:34:24.881 687 687 V SystemServerTiming: StartLogcatManager took to complete: 3ms
05-19 16:34:24.902 687 687 I WindowManager: SAFE MODE not enabled
05-19 16:34:24.903 687 687 D SystemServerTiming: StartInputMethodManagerLifecycle
05-19 16:34:24.903 687 687 I SystemServiceManager: Starting com.android.server.inputmethod.InputMethodManagerService$Lifecycle
05-19 16:34:24.911 687 687 V SystemServerTiming: StartInputMethodManagerLifecycle took to complete: 8ms
05-19 16:34:24.911 687 687 D SystemServerTiming: StartAccessibilityManagerService
05-19 16:34:24.911 687 687 I SystemServiceManager: Starting com.android.server.accessibility.AccessibilityManagerService$Lifecycle
05-19 16:34:24.924 687 687 V SystemServerTiming: StartAccessibilityManagerService took to complete: 14ms
05-19 16:34:24.925 687 687 D SystemServerTiming: MakeDisplayReady
05-19 16:34:24.928 687 687 I ActivityTaskManager: Config changes=20005df8 {1.0 ?mcc0mnc [zh_CN] ldltr sw720dp w1280dp h720dp 240dpi xlrg long land ?uimode ?night -touch -keyb/v/h dpad/v winConfig={ mBounds=Rect(0, 0 - 1920, 1080) mAppBounds=Rect(0, 0 - 1920, 1080) mMaxBounds=Rect(0, 0 - 1920, 1080) mDisplayRotation=ROTATION_0 mWindowingMode=fullscreen mDisplayWindowingMode=fullscreen mActivityType=undefined mAlwaysOnTop=undefined mRotation=ROTATION_0} s.2 ?fontWeightAdjustment}
05-19 16:34:24.931 687 687 I WindowManager: Override config changes=60007dfc {1.0 ?mcc0mnc [zh_CN] ldltr sw720dp w1280dp h720dp 240dpi xlrg long land ?uimode ?night -touch -keyb/v/h dpad/v winConfig={ mBounds=Rect(0, 0 - 1920, 1080) mAppBounds=Rect(0, 0 - 1920, 1080) mMaxBounds=Rect(0, 0 - 1920, 1080) mDisplayRotation=ROTATION_0 mWindowingMode=fullscreen mDisplayWindowingMode=fullscreen mActivityType=undefined mAlwaysOnTop=undefined mRotation=ROTATION_0} s.2 ?fontWeightAdjustment} for displayId=0
05-19 16:34:24.936 687 687 I DisplayDevice: [0] Layerstack set to 0 for local:4637128676863791115
05-19 16:34:24.943 687 687 V SystemServerTiming: MakeDisplayReady took to complete: 18ms
05-19 16:34:24.943 687 687 D SystemServerTiming: StartStorageManagerService
05-19 16:34:24.943 687 687 I SystemServiceManager: Starting com.android.server.StorageManagerService$Lifecycle
05-19 16:34:24.945 687 708 W BroadcastLoopers: Found previously unknown looper Thread[android.display,5,main]
05-19 16:34:24.958 687 797 D StorageManagerService: Thinking about reset, mBootCompleted=false, mDaemonConnected=true
05-19 16:34:24.959 687 687 V SystemServerTiming: StartStorageManagerService took to complete: 16ms
05-19 16:34:24.959 687 687 D SystemServerTiming: StartStorageStatsService
05-19 16:34:24.959 687 797 D StorageManagerService: Thinking about reset, mBootCompleted=false, mDaemonConnected=true
05-19 16:34:24.959 687 687 I SystemServiceManager: Starting com.android.server.usage.StorageStatsService$Lifecycle
05-19 16:34:24.971 687 687 V SystemServerTiming: StartStorageStatsService took to complete: 12ms
05-19 16:34:24.971 687 687 D SystemServerTiming: StartUiModeManager
05-19 16:34:24.971 687 687 I SystemServiceManager: Starting com.android.server.UiModeManagerService
05-19 16:34:24.973 687 712 D SystemServerTimingAsync: InitThreadPoolExec:UiModeManager.onStart
05-19 16:34:24.973 687 712 D SystemServerInitThreadPool: Started executing UiModeManager.onStart
05-19 16:34:24.974 687 687 V SystemServerTiming: StartUiModeManager took to complete: 3ms
05-19 16:34:24.974 687 687 D SystemServerTiming: StartLocaleManagerService
05-19 16:34:24.974 687 687 I SystemServiceManager: Starting com.android.server.locales.LocaleManagerService
05-19 16:34:24.978 687 687 V SystemServerTiming: StartLocaleManagerService took to complete: 4ms
05-19 16:34:24.978 687 687 D SystemServerTiming: StartGrammarInflectionService
05-19 16:34:24.978 687 687 I SystemServiceManager: Starting com.android.server.grammaticalinflection.GrammaticalInflectionService
05-19 16:34:24.978 687 712 D SystemServerInitThreadPool: Finished executing UiModeManager.onStart
05-19 16:34:24.978 687 712 V SystemServerTimingAsync: InitThreadPoolExec:UiModeManager.onStart took to complete: 5ms
05-19 16:34:24.979 687 687 V SystemServerTiming: StartGrammarInflectionService took to complete: 1ms
05-19 16:34:24.980 687 687 D SystemServerTiming: StartAppHibernationService
05-19 16:34:24.980 687 687 I SystemServiceManager: Starting com.android.server.apphibernation.AppHibernationService
05-19 16:34:24.984 687 687 V SystemServerTiming: StartAppHibernationService took to complete: 4ms
05-19 16:34:24.984 687 687 D SystemServerTiming: ArtManagerLocal
05-19 16:34:24.987 687 687 V SystemServerTiming: ArtManagerLocal took to complete: 3ms
05-19 16:34:24.987 687 687 D SystemServerTiming: UpdatePackagesIfNeeded
05-19 16:34:24.987 687 687 I Watchdog: Pausing HandlerChecker: main thread for reason: dexopt. Pause count: 1
05-19 16:34:24.988 687 687 I Watchdog: Resuming HandlerChecker: main thread for reason: dexopt. Pause count: 0
05-19 16:34:24.988 687 687 V SystemServerTiming: UpdatePackagesIfNeeded took to complete: 1ms
05-19 16:34:24.988 687 687 D SystemServerTiming: PerformFstrimIfNeeded
05-19 16:34:24.989 687 687 V SystemServerTiming: PerformFstrimIfNeeded took to complete: 1ms
05-19 16:34:24.989 687 687 D SystemServerTiming: StartLockSettingsService
05-19 16:34:24.992 687 687 I SystemServiceManager: Starting com.android.server.locksettings.LockSettingsService$Lifecycle
05-19 16:34:25.011 687 687 V SystemServerTiming: StartLockSettingsService took to complete: 21ms
05-19 16:34:25.011 687 687 D SystemServerTiming: StartPersistentDataBlock
05-19 16:34:25.011 687 687 I SystemServiceManager: Starting com.android.server.PersistentDataBlockService
05-19 16:34:25.012 687 687 V SystemServerTiming: StartPersistentDataBlock took to complete: 1ms
05-19 16:34:25.012 687 687 D SystemServerTiming: StartTestHarnessMode
05-19 16:34:25.012 687 748 D SystemServerTimingAsync: InitThreadPoolExec:PersistentDataBlockService.onStart
