05-19 16:34:25.012 687 748 D SystemServerInitThreadPool: Started executing PersistentDataBlockService.onStart
05-19 16:34:25.012 687 687 I SystemServiceManager: Starting com.android.server.testharness.TestHarnessModeService
05-19 16:34:25.014 687 687 V SystemServerTiming: StartTestHarnessMode took to complete: 3ms
05-19 16:34:25.015 687 687 D SystemServerTiming: StartOemLockService
05-19 16:34:25.015 687 687 I SystemServiceManager: Starting com.android.server.oemlock.OemLockService
01-01 08:00:15.314 0 0 I [1 T216 ..] servicemanager: Found android.hardware.oemlock.IOemLock/default in device VINTF manifest.
05-19 16:34:25.018 687 687 I OemLock : Using vendor lock via the HAL(aidl)
01-01 08:00:15.318 0 0 I [3 T216 ..] servicemanager: Found android.hardware.oemlock.IOemLock/default in device VINTF manifest.
05-19 16:34:25.022 687 687 V SystemServerTiming: StartOemLockService took to complete: 7ms
05-19 16:34:25.022 687 687 D SystemServerTiming: StartDeviceIdleController
05-19 16:34:25.023 687 687 I SystemServiceManager: Starting com.android.server.DeviceIdleController
05-19 16:34:25.030 687 687 V SystemServerTiming: StartDeviceIdleController took to complete: 8ms
05-19 16:34:25.030 687 687 D SystemServerTiming: StartDevicePolicyManager
05-19 16:34:25.030 687 687 I SystemServiceManager: Starting com.android.server.devicepolicy.DevicePolicyManagerService$Lifecycle
05-19 16:34:25.051 687 687 V SystemServerTiming: StartDevicePolicyManager took to complete: 21ms
05-19 16:34:25.051 687 687 D SystemServerTiming: StartStatusBarManagerService
05-19 16:34:25.056 687 687 V SystemServerTiming: StartStatusBarManagerService took to complete: 4ms
05-19 16:34:25.056 687 687 D SystemServer: MusicRecognitionManagerService not defined by OEM or disabled by flag
05-19 16:34:25.056 687 687 D SystemServer: ContentCaptureService disabled because resource is not overlaid
05-19 16:34:25.057 687 687 D SystemServer: AttentionService is not configured on this device
05-19 16:34:25.058 687 687 D SystemServer: RotationResolverService is not configured on this device
05-19 16:34:25.059 687 687 D SystemServer: SystemCaptionsManagerService disabled because resource is not overlaid
05-19 16:34:25.059 687 687 D SystemServerTiming: StartTextToSpeechManagerService
05-19 16:34:25.059 687 687 I SystemServiceManager: Starting com.android.server.texttospeech.TextToSpeechManagerService
05-19 16:34:25.061 687 687 V SystemServerTiming: StartTextToSpeechManagerService took to complete: 2ms
05-19 16:34:25.062 687 687 D SystemServerTiming: StartAmbientContextService
05-19 16:34:25.062 687 687 I SystemServiceManager: Starting com.android.server.ambientcontext.AmbientContextManagerService
05-19 16:34:25.065 687 687 V SystemServerTiming: StartAmbientContextService took to complete: 3ms
05-19 16:34:25.065 687 687 D SystemServerTiming: startWearableSensingService
05-19 16:34:25.065 687 687 I SystemServiceManager: Starting com.android.server.wearable.WearableSensingManagerService
05-19 16:34:25.068 687 687 V SystemServerTiming: startWearableSensingService took to complete: 3ms
05-19 16:34:25.068 687 687 D SystemServerTiming: StartSpeechRecognitionManagerService
05-19 16:34:25.068 687 687 I SystemServiceManager: Starting com.android.server.speech.SpeechRecognitionManagerService
05-19 16:34:25.070 687 687 V SystemServerTiming: StartSpeechRecognitionManagerService took to complete: 2ms
05-19 16:34:25.070 687 687 D SystemServer: AppPredictionService not defined by OEM
05-19 16:34:25.070 687 687 D SystemServer: ContentSuggestionsService not defined by OEM
05-19 16:34:25.070 687 687 D SystemServerTiming: StartSearchUiService
05-19 16:34:25.070 687 687 I SystemServiceManager: Starting com.android.server.searchui.SearchUiManagerService
05-19 16:34:25.073 687 687 V SystemServerTiming: StartSearchUiService took to complete: 3ms
05-19 16:34:25.073 687 687 D SystemServerTiming: StartSmartspaceService
05-19 16:34:25.073 687 687 I SystemServiceManager: Starting com.android.server.smartspace.SmartspaceManagerService
05-19 16:34:25.076 687 687 V SystemServerTiming: StartSmartspaceService took to complete: 3ms
05-19 16:34:25.076 687 687 D SystemServerTiming: InitConnectivityModuleConnector
05-19 16:34:25.076 687 687 V SystemServerTiming: InitConnectivityModuleConnector took to complete: 0ms
05-19 16:34:25.076 687 687 D SystemServerTiming: InitNetworkStackClient
05-19 16:34:25.077 687 687 V SystemServerTiming: InitNetworkStackClient took to complete: 1ms
05-19 16:34:25.077 687 687 D SystemServerTiming: StartNetworkManagementService
05-19 16:34:25.081 687 687 V SystemServerTiming: StartNetworkManagementService took to complete: 4ms
05-19 16:34:25.081 687 687 D SystemServerTiming: StartFontManagerService
05-19 16:34:25.105 687 748 D SystemServerInitThreadPool: Finished executing PersistentDataBlockService.onStart
05-19 16:34:25.105 687 748 V SystemServerTimingAsync: InitThreadPoolExec:PersistentDataBlockService.onStart took to complete: 93ms
05-19 16:34:25.264 687 687 V SystemServerTiming: StartFontManagerService took to complete: 183ms
05-19 16:34:25.264 687 687 D SystemServerTiming: StartTextServicesManager
05-19 16:34:25.264 687 687 I SystemServiceManager: Starting com.android.server.textservices.TextServicesManagerService$Lifecycle
05-19 16:34:25.266 687 687 V SystemServerTiming: StartTextServicesManager took to complete: 2ms
05-19 16:34:25.266 687 687 D SystemServerTiming: StartTextClassificationManagerService
05-19 16:34:25.266 687 687 I SystemServiceManager: Starting com.android.server.textclassifier.TextClassificationManagerService$Lifecycle
05-19 16:34:25.270 687 687 V SystemServerTiming: StartTextClassificationManagerService took to complete: 4ms
05-19 16:34:25.270 687 687 D SystemServerTiming: StartNetworkScoreService
05-19 16:34:25.271 687 687 I SystemServiceManager: Starting com.android.server.NetworkScoreService$Lifecycle
05-19 16:34:25.273 687 687 V SystemServerTiming: StartNetworkScoreService took to complete: 2ms
05-19 16:34:25.273 687 687 D SystemServerTiming: StartNetworkStatsService
05-19 16:34:25.275 687 687 I SystemServiceManager: Starting com.android.server.NetworkStatsServiceInitializer
05-19 16:34:25.311 687 687 V SystemServerTiming: StartNetworkStatsService took to complete: 38ms
05-19 16:34:25.311 687 687 D SystemServerTiming: StartNetworkPolicyManagerService
05-19 16:34:25.320 687 687 V SystemServerTiming: StartNetworkPolicyManagerService took to complete: 9ms
05-19 16:34:25.320 687 687 D SystemServerTiming: StartWifi
05-19 16:34:25.424 687 687 I SystemServiceManager: Starting com.android.server.wifi.WifiService
01-01 08:00:15.760 0 0 I [0 T216 ..] servicemanager: Found android.hardware.wifi.IWifi/default in device VINTF manifest.
01-01 08:00:15.764 0 0 I [0 T216 ..] servicemanager: Found android.hardware.wifi.supplicant.ISupplicant/default in device VINTF manifest.
05-19 16:34:25.496 600 600 I wificond: New wificond event callback registered
05-19 16:34:25.505 687 687 V HistoricalRegistry: Interaction before persistence initialized
05-19 16:34:25.506 687 687 V HistoricalRegistry: Interaction before persistence initialized
05-19 16:34:25.511 687 687 V SystemServerTiming: StartWifi took to complete: 191ms
05-19 16:34:25.511 687 687 D SystemServerTiming: StartWifiScanning
05-19 16:34:25.512 687 687 I SystemServiceManager: Starting com.android.server.wifi.scanner.WifiScanningService
05-19 16:34:25.515 687 687 V SystemServerTiming: StartWifiScanning took to complete: 3ms
05-19 16:34:25.515 687 687 D SystemServerTiming: StartWifiP2P
05-19 16:34:25.516 687 687 I SystemServiceManager: Starting com.android.server.wifi.p2p.WifiP2pService
05-19 16:34:25.522 687 687 V SystemServerTiming: StartWifiP2P took to complete: 7ms
05-19 16:34:25.522 687 687 D SystemServerTiming: StartPacProxyService
05-19 16:34:25.524 687 687 V SystemServerTiming: StartPacProxyService took to complete: 2ms
05-19 16:34:25.524 687 687 D SystemServerTiming: StartConnectivityService
05-19 16:34:25.525 687 687 I SystemServiceManager: Starting com.android.server.ConnectivityServiceInitializer
05-19 16:34:25.560 687 687 D CompatibilityChangeReporter: Compat change id reported: 182478738; UID 1000; state: ENABLED
05-19 16:34:25.571 687 830 W BroadcastLoopers: Found previously unknown looper Thread[NsdService,5,main]
05-19 16:34:25.588 687 687 V SystemServerTiming: StartConnectivityService took to complete: 63ms
05-19 16:34:25.588 687 687 D SystemServerTiming: StartVpnManagerService
05-19 16:34:25.594 687 687 V SystemServerTiming: StartVpnManagerService took to complete: 6ms
05-19 16:34:25.594 687 687 D SystemServerTiming: StartVcnManagementService
05-19 16:34:25.597 687 687 V SystemServerTiming: StartVcnManagementService took to complete: 3ms
05-19 16:34:25.597 687 687 D SystemServerTiming: StartSystemUpdateManagerService
05-19 16:34:25.598 687 687 I SystemUpdateManagerService: No existing info file /data/system/system-update-info.xml
05-19 16:34:25.599 687 687 V SystemServerTiming: StartSystemUpdateManagerService took to complete: 2ms
05-19 16:34:25.599 687 687 D SystemServerTiming: StartUpdateLockService
05-19 16:34:25.600 687 687 W BroadcastLoopers: Found previously unknown looper Thread[main,5,main]
05-19 16:34:25.600 687 687 V SystemServerTiming: StartUpdateLockService took to complete: 1ms
05-19 16:34:25.600 687 687 D SystemServerTiming: StartNotificationManager
05-19 16:34:25.601 687 687 I SystemServiceManager: Starting com.android.server.notification.NotificationManagerService
05-19 16:34:25.616 687 687 D ConditionProviders.SCP: new ScheduleConditionProvider()
05-19 16:34:25.628 687 687 D ConditionProviders: Subscribing to condition://android/event?userId=-10000&calendar=&reply=1 with ComponentInfo{android/com.android.server.notification.EventConditionProvider}
05-19 16:34:25.628 687 687 D ConditionProviders: Subscribing to condition://android/schedule?days=1.2.3.4.5.6.7&start=22.0&end=7.0&exitAtAlarm=true with ComponentInfo{android/com.android.server.notification.ScheduleConditionProvider}
05-19 16:34:25.639 687 687 I NotificationAssistants: Read notification assistant permissions from xml
05-19 16:34:25.639 687 687 I ConditionProviders: Read condition provider permissions from xml
05-19 16:34:25.640 687 687 I ConditionProviders: Read condition provider permissions from xml
05-19 16:34:25.640 687 687 D NotificationAssistants: Approving default notification assistant for user 0
05-19 16:34:25.640 687 687 I ConditionProviders: Allowing condition provider android.ext.services/android.ext.services.notification.Assistant (userSet: true)
05-19 16:34:25.653 687 687 V SystemServerTiming: StartNotificationManager took to complete: 52ms
05-19 16:34:25.653 687 687 D SystemServerTiming: StartDeviceMonitor
05-19 16:34:25.653 687 687 I SystemServiceManager: Starting com.android.server.storage.DeviceStorageMonitorService
05-19 16:34:25.655 687 687 V SystemServerTiming: StartDeviceMonitor took to complete: 2ms
05-19 16:34:25.655 687 687 D SystemServerTiming: StartTimeDetectorService
05-19 16:34:25.656 687 687 I SystemServiceManager: Starting com.android.server.timedetector.TimeDetectorService$Lifecycle
05-19 16:34:25.661 687 687 V SystemServerTiming: StartTimeDetectorService took to complete: 5ms
05-19 16:34:25.661 687 687 D SystemServerTiming: StartLocationManagerService
05-19 16:34:25.661 687 687 I SystemServiceManager: Starting com.android.server.location.LocationManagerService$Lifecycle
05-19 16:34:25.669 687 687 V SystemServerTiming: StartLocationManagerService took to complete: 8ms
05-19 16:34:25.670 687 687 D SystemServerTiming: StartCountryDetectorService
05-19 16:34:25.671 687 687 V SystemServerTiming: StartCountryDetectorService took to complete: 1ms
05-19 16:34:25.671 687 687 D SystemServerTiming: StartTimeZoneDetectorService
05-19 16:34:25.671 687 687 I SystemServiceManager: Starting com.android.server.timezonedetector.TimeZoneDetectorService$Lifecycle
05-19 16:34:25.678 687 687 V SystemServerTiming: StartTimeZoneDetectorService took to complete: 7ms
05-19 16:34:25.678 687 687 D SystemServerTiming: StartAltitudeService
05-19 16:34:25.679 687 687 I SystemServiceManager: Starting com.android.server.location.altitude.AltitudeService$Lifecycle
05-19 16:34:25.680 687 687 V SystemServerTiming: StartAltitudeService took to complete: 2ms
05-19 16:34:25.680 687 687 D SystemServerTiming: StartLocationTimeZoneManagerService
05-19 16:34:25.680 687 687 I SystemServiceManager: Starting com.android.server.timezonedetector.location.LocationTimeZoneManagerService$Lifecycle
05-19 16:34:25.680 687 687 D LocationTZDetector: Geo time zone detection feature is disabled in config
05-19 16:34:25.680 687 687 V SystemServerTiming: StartLocationTimeZoneManagerService took to complete: 0ms
05-19 16:34:25.680 687 687 D SystemServerTiming: StartSearchManagerService
05-19 16:34:25.681 687 687 I SystemServiceManager: Starting com.android.server.search.SearchManagerService$Lifecycle
05-19 16:34:25.682 687 687 V SystemServerTiming: StartSearchManagerService took to complete: 2ms
05-19 16:34:25.683 687 687 D SystemServerTiming: StartWallpaperManagerService
05-19 16:34:25.683 687 687 I SystemServiceManager: Starting com.android.server.wallpaper.WallpaperManagerService$Lifecycle
05-19 16:34:25.687 687 687 V SystemServerTiming: StartWallpaperManagerService took to complete: 4ms
05-19 16:34:25.687 687 687 D SystemServerTiming: StartWallpaperEffectsGenerationService
05-19 16:34:25.687 687 687 I SystemServiceManager: Starting com.android.server.wallpapereffectsgeneration.WallpaperEffectsGenerationManagerService
05-19 16:34:25.689 687 687 V SystemServerTiming: StartWallpaperEffectsGenerationService took to complete: 2ms
05-19 16:34:25.689 687 687 D SystemServerTiming: StartAudioService
05-19 16:34:25.689 687 687 I SystemServiceManager: Starting com.android.server.audio.AudioService$Lifecycle
05-19 16:34:25.737 687 687 V SystemServerTiming: StartAudioService took to complete: 48ms
05-19 16:34:25.737 687 687 D SystemServerTiming: StartSoundTriggerMiddlewareService
05-19 16:34:25.737 687 687 I SystemServiceManager: Starting com.android.server.soundtrigger_middleware.SoundTriggerMiddlewareService$Lifecycle
05-19 16:34:25.740 687 687 I SoundTriggerMiddlewareDefaultHalFactory: Connecting to default soundtrigger-V2.x.ISoundTriggerHw
05-19 16:34:25.741 687 687 E SoundTriggerMiddlewareImpl: Failed to add a SoundTriggerModule instance
05-19 16:34:25.741 687 687 E SoundTriggerMiddlewareImpl: java.util.NoSuchElementException
05-19 16:34:25.741 687 687 E SoundTriggerMiddlewareImpl: at android.os.HwBinder.getService(Native Method)
05-19 16:34:25.741 687 687 E SoundTriggerMiddlewareImpl: at android.hardware.soundtrigger.V2_0.ISoundTriggerHw.getService(ISoundTriggerHw.java:57)
05-19 16:34:25.741 687 687 E SoundTriggerMiddlewareImpl: at android.hardware.soundtrigger.V2_0.ISoundTriggerHw.getService(ISoundTriggerHw.java:64)
05-19 16:34:25.741 687 687 E SoundTriggerMiddlewareImpl: at com.android.server.soundtrigger_middleware.DefaultHalFactory.create(DefaultHalFactory.java:76)
05-19 16:34:25.741 687 687 E SoundTriggerMiddlewareImpl: at com.android.server.soundtrigger_middleware.SoundTriggerModule.attachToHal(SoundTriggerModule.java:176)
05-19 16:34:25.741 687 687 E SoundTriggerMiddlewareImpl: at com.android.server.soundtrigger_middleware.SoundTriggerModule.(SoundTriggerModule.java:105)
05-19 16:34:25.741 687 687 E SoundTriggerMiddlewareImpl: at com.android.server.soundtrigger_middleware.SoundTriggerMiddlewareImpl.(SoundTriggerMiddlewareImpl.java:86)
05-19 16:34:25.741 687 687 E SoundTriggerMiddlewareImpl: at com.android.server.soundtrigger_middleware.SoundTriggerMiddlewareService$Lifecycle.onStart(SoundTriggerMiddlewareService.java:248)
05-19 16:34:25.741 687 687 E SoundTriggerMiddlewareImpl: at com.android.server.SystemServiceManager.startService(SystemServiceManager.java:255)
05-19 16:34:25.741 687 687 E SoundTriggerMiddlewareImpl: at com.android.server.SystemServiceManager.startService(SystemServiceManager.java:233)
05-19 16:34:25.741 687 687 E SoundTriggerMiddlewareImpl: at com.android.server.SystemServer.startOtherServices(SystemServer.java:2226)
05-19 16:34:25.741 687 687 E SoundTriggerMiddlewareImpl: at com.android.server.SystemServer.run(SystemServer.java:946)
05-19 16:34:25.741 687 687 E SoundTriggerMiddlewareImpl: at com.android.server.SystemServer.main(SystemServer.java:668)
05-19 16:34:25.741 687 687 E SoundTriggerMiddlewareImpl: at java.lang.reflect.Method.invoke(Native Method)
05-19 16:34:25.741 687 687 E SoundTriggerMiddlewareImpl: at com.android.internal.os.RuntimeInit$MethodAndArgsCaller.run(RuntimeInit.java:552)
05-19 16:34:25.741 687 687 E SoundTriggerMiddlewareImpl: at com.android.internal.os.ZygoteInit.main(ZygoteInit.java:956)
05-19 16:34:25.746 687 687 V SystemServerTiming: StartSoundTriggerMiddlewareService took to complete: 9ms
05-19 16:34:25.746 687 687 D SystemServerTiming: StartWiredAccessoryManager
05-19 16:34:25.747 687 687 W WiredAccessoryManager: This kernel does not have wired headset support
05-19 16:34:25.748 687 687 W WiredAccessoryManager: This kernel does not have usb audio support
05-19 16:34:25.748 687 687 W WiredAccessoryManager: This kernel does not have HDMI audio support
05-19 16:34:25.748 687 687 V SystemServerTiming: StartWiredAccessoryManager took to complete: 2ms
05-19 16:34:25.748 687 687 D SystemServerTiming: StartAdbService
05-19 16:34:25.749 687 687 I SystemServiceManager: Starting com.android.server.adb.AdbService$Lifecycle
05-19 16:34:25.752 687 687 V SystemServerTiming: StartAdbService took to complete: 4ms
05-19 16:34:25.752 687 687 D SystemServerTiming: StartUsbService
05-19 16:34:25.752 687 687 I SystemServiceManager: Starting com.android.server.usb.UsbService$Lifecycle
05-19 16:34:25.753 687 687 V SystemServerTiming: StartUsbService took to complete: 1ms
05-19 16:34:25.753 687 769 D SystemServerTimingAsync: InitThreadPoolExec:UsbService$Lifecycle#onStart
05-19 16:34:25.753 687 687 D SystemServerTiming: StartSerialService
05-19 16:34:25.753 687 769 D SystemServerInitThreadPool: Started executing UsbService$Lifecycle#onStart
05-19 16:34:25.754 687 687 V SystemServerTiming: StartSerialService took to complete: 1ms
05-19 16:34:25.754 687 687 D SystemServerTiming: StartHardwarePropertiesManagerService
05-19 16:34:25.755 687 687 V SystemServerTiming: StartHardwarePropertiesManagerService took to complete: 1ms
05-19 16:34:25.756 687 687 D SystemServerTiming: StartTwilightService
05-19 16:34:25.756 687 687 I SystemServiceManager: Starting com.android.server.twilight.TwilightService
05-19 16:34:25.756 687 687 V SystemServerTiming: StartTwilightService took to complete: 0ms
05-19 16:34:25.756 687 687 D SystemServerTiming: StartColorDisplay
05-19 16:34:25.757 687 687 I SystemServiceManager: Starting com.android.server.display.color.ColorDisplayService
05-19 16:34:25.760 687 687 V SystemServerTiming: StartColorDisplay took to complete: 4ms
05-19 16:34:25.760 687 687 D SystemServerTiming: StartJobScheduler
05-19 16:34:25.761 687 687 I SystemServiceManager: Starting com.android.server.job.JobSchedulerService
05-19 16:34:25.762 687 769 I UsbDeviceManager: failed to write to /sys/class/android_usb/android0/f_rndis/ethaddr
05-19 16:34:25.762 687 769 D UsbPortManager: Querying USB Gadget HAL version
05-19 16:34:25.763 687 769 I UsbPortManager: USB Gadget HAL AIDL present
05-19 16:34:25.764 687 769 D UsbDeviceManager: getInstance done
05-19 16:34:25.768 687 769 W StorageManagerService: No primary storage defined yet; hacking together a stub
05-19 16:34:25.769 687 705 I UsbGadgetAidl: USB Gadget HAL AIDL version: GADGET_HAL_V2_0
05-19 16:34:25.771 687 702 E UsbDeviceManager: Usb getCurrentUsbFunctionsCb failed ,functions:1 ,status:2 ,transactionId:1
05-19 16:34:25.772 687 705 I UsbDeviceManager: processing MSG_GET_CURRENT_USB_FUNCTIONS
05-19 16:34:25.772 687 705 I UsbDeviceManager: updating mCurrentFunctions
05-19 16:34:25.772 687 705 I UsbDeviceManager: mCurrentFunctions:0applied:1
05-19 16:34:25.773 687 707 D JobStore: Start tag: job-info
05-19 16:34:25.775 687 769 D UsbPortManager: Querying USB HAL version
05-19 16:34:25.776 687 769 I UsbPortManager: USB HAL AIDL present
05-19 16:34:25.778 687 769 D UsbPortManager: getInstance done
05-19 16:34:25.781 687 751 I UsbPortManager: all: opID:1 successful
05-19 16:34:25.782 687 687 V HistoricalRegistry: Interaction before persistence initialized
05-19 16:34:25.782 687 687 V HistoricalRegistry: Interaction before persistence initialized
05-19 16:34:25.784 687 769 D SystemServerInitThreadPool: Finished executing UsbService$Lifecycle#onStart
05-19 16:34:25.784 687 769 V SystemServerTimingAsync: InitThreadPoolExec:UsbService$Lifecycle#onStart took to complete: 31ms
05-19 16:34:25.784 687 687 W JobScheduler: !!! RTC not yet good; tracking time updates for job scheduling
05-19 16:34:25.785 687 707 D JobStore: Start tag: job-info
05-19 16:34:25.786 687 687 V SystemServerTiming: StartJobScheduler took to complete: 26ms
05-19 16:34:25.786 687 687 D SystemServerTiming: StartSoundTrigger
05-19 16:34:25.786 687 707 I JobStore: Read 6 jobs
05-19 16:34:25.786 687 687 I SystemServiceManager: Starting com.android.server.soundtrigger.SoundTriggerService
05-19 16:34:25.788 687 687 V SystemServerTiming: StartSoundTrigger took to complete: 2ms
05-19 16:34:25.788 687 687 D SystemServerTiming: StartTrustManager
05-19 16:34:25.789 687 687 I SystemServiceManager: Starting com.android.server.trust.TrustManagerService
05-19 16:34:25.792 687 687 V SystemServerTiming: StartTrustManager took to complete: 4ms
05-19 16:34:25.792 687 687 D SystemServerTiming: StartBackupManager
05-19 16:34:25.792 687 687 I SystemServiceManager: Starting com.android.server.backup.BackupManagerService$Lifecycle
05-19 16:34:25.794 687 687 D BackupManagerService: Default backup user id = 0
05-19 16:34:25.795 687 687 V SystemServerTiming: StartBackupManager took to complete: 3ms
05-19 16:34:25.795 687 687 D SystemServerTiming: StartAppWidgetService
05-19 16:34:25.796 687 687 I SystemServiceManager: Starting com.android.server.appwidget.AppWidgetService
05-19 16:34:25.800 687 687 V SystemServerTiming: StartAppWidgetService took to complete: 5ms
05-19 16:34:25.800 687 687 D SystemServerTiming: StartVoiceRecognitionManager
05-19 16:34:25.801 687 687 I SystemServiceManager: Starting com.android.server.voiceinteraction.VoiceInteractionManagerService
05-19 16:34:25.809 687 687 V SystemServerTiming: StartVoiceRecognitionManager took to complete: 8ms
05-19 16:34:25.810 687 687 D SystemServerTiming: StartGestureLauncher
05-19 16:34:25.810 687 687 I SystemServiceManager: Starting com.android.server.GestureLauncherService
05-19 16:34:25.810 687 687 V SystemServerTiming: StartGestureLauncher took to complete: 0ms
05-19 16:34:25.810 687 687 D SystemServerTiming: StartSensorNotification
05-19 16:34:25.810 687 687 I SystemServiceManager: Starting com.android.server.SensorNotificationService
05-19 16:34:25.811 687 687 V SystemServerTiming: StartSensorNotification took to complete: 1ms
05-19 16:34:25.811 687 687 D SystemServerTiming: StartDiskStatsService
05-19 16:34:25.813 687 687 D CompatibilityChangeReporter: Compat change id reported: 253665015; UID 1000; state: ENABLED
05-19 16:34:25.813 687 687 D CompatibilityChangeReporter: Compat change id reported: 253665015; UID 1000; state: DISABLED
05-19 16:34:25.814 687 687 D CompatibilityChangeReporter: Compat change id reported: 194532703; UID 1000; state: ENABLED
05-19 16:34:25.814 687 687 D CompatibilityChangeReporter: Compat change id reported: 194532703; UID 1000; state: DISABLED
05-19 16:34:25.816 687 687 V SystemServerTiming: StartDiskStatsService took to complete: 6ms
05-19 16:34:25.817 687 687 D SystemServerTiming: RuntimeService
05-19 16:34:25.817 687 687 V SystemServerTiming: RuntimeService took to complete: 0ms
05-19 16:34:25.817 687 687 D SystemServerTiming: StartNetworkTimeUpdateService
05-19 16:34:25.820 687 687 V SystemServerTiming: StartNetworkTimeUpdateService took to complete: 3ms
05-19 16:34:25.820 687 687 D SystemServerTiming: CertBlacklister
05-19 16:34:25.821 687 687 V SystemServerTiming: CertBlacklister took to complete: 1ms
05-19 16:34:25.821 687 687 D SystemServerTiming: StartEmergencyAffordanceService
05-19 16:34:25.821 687 687 I SystemServiceManager: Starting com.android.server.emergency.EmergencyAffordanceService
05-19 16:34:25.823 687 687 V SystemServerTiming: StartEmergencyAffordanceService took to complete: 2ms
05-19 16:34:25.823 687 687 D SystemServerTiming: startBlobStoreManagerService
05-19 16:34:25.823 687 687 I SystemServiceManager: Starting com.android.server.blob.BlobStoreManagerService
05-19 16:34:25.827 687 687 V SystemServerTiming: startBlobStoreManagerService took to complete: 4ms
05-19 16:34:25.827 687 687 D SystemServerTiming: StartDreamManager
05-19 16:34:25.828 687 687 I SystemServiceManager: Starting com.android.server.dreams.DreamManagerService
05-19 16:34:25.830 687 687 V SystemServerTiming: StartDreamManager took to complete: 3ms
05-19 16:34:25.830 687 687 D SystemServerTiming: AddGraphicsStatsService
05-19 16:34:25.834 687 687 V SystemServerTiming: AddGraphicsStatsService took to complete: 5ms
05-19 16:34:25.835 687 687 D SystemServerTiming: StartAttestationVerificationService
05-19 16:34:25.835 687 687 I SystemServiceManager: Starting com.android.server.security.AttestationVerificationManagerService
05-19 16:34:25.836 687 687 D AVF : Started
05-19 16:34:25.837 687 687 V SystemServerTiming: StartAttestationVerificationService took to complete: 2ms
05-19 16:34:25.837 687 687 D SystemServerTiming: StartRestrictionManager
05-19 16:34:25.837 687 687 I SystemServiceManager: Starting com.android.server.restrictions.RestrictionsManagerService
05-19 16:34:25.839 687 687 V SystemServerTiming: StartRestrictionManager took to complete: 2ms
05-19 16:34:25.839 687 687 D SystemServerTiming: StartMediaSessionService
05-19 16:34:25.839 687 687 I SystemServiceManager: Starting com.android.server.media.MediaSessionService
05-19 16:34:25.844 687 687 V SystemServerTiming: StartMediaSessionService took to complete: 5ms
05-19 16:34:25.844 687 687 D SystemServerTiming: StartHdmiControlService
05-19 16:34:25.845 687 687 I SystemServiceManager: Starting com.android.server.hdmi.HdmiControlService
05-19 16:34:25.850 687 687 D HdmiControlService: Initial power status is set to 0
05-19 16:34:25.852 687 687 D HDMI : updateEarcEnabled audioControlEnabled:true, earcFeatureEnabled:true res:true
05-19 16:34:25.852 687 687 D HDMI : initOthers
05-19 16:34:25.859 687 687 I HdmiControlService: Device does not support MHL-control.
05-19 16:34:25.860 687 687 W HDMI : [1]:Could not connect to eARC AIDL HAL.
05-19 16:34:25.860 687 687 I HdmiControlService: Device does not support eARC.
05-19 16:34:25.861 687 687 D HDMI : enableSystemCecControl: true
05-19 16:34:25.876 687 687 D HDMI : initPortInfo port info:port_id: 0, type: HDMI_OUT, address: 0x1000, cec: true, arc: true, mhl: false, earc: false
05-19 16:34:25.881 687 840 W BroadcastLoopers: Found previously unknown looper Thread[AudioService,5,main]
05-19 16:34:25.882 687 687 V SystemServerTiming: StartHdmiControlService took to complete: 38ms
05-19 16:34:25.883 687 687 D SystemServerTiming: StartTvInteractiveAppManager
05-19 16:34:25.883 687 687 I SystemServiceManager: Starting com.android.server.tv.interactive.TvInteractiveAppManagerService
05-19 16:34:25.885 687 687 V SystemServerTiming: StartTvInteractiveAppManager took to complete: 2ms
05-19 16:34:25.886 687 687 D SystemServerTiming: StartTvInputManager
05-19 16:34:25.886 687 687 I SystemServiceManager: Starting com.android.server.tv.TvInputManagerService
05-19 16:34:25.892 687 687 V SystemServerTiming: StartTvInputManager took to complete: 6ms
05-19 16:34:25.892 687 687 D SystemServerTiming: StartMediaResourceMonitor
05-19 16:34:25.893 687 687 I SystemServiceManager: Starting com.android.server.media.MediaResourceMonitorService
05-19 16:34:25.894 687 687 V SystemServerTiming: StartMediaResourceMonitor took to complete: 1ms
05-19 16:34:25.894 687 687 D SystemServerTiming: StartTvRemoteService
05-19 16:34:25.894 687 687 I SystemServiceManager: Starting com.android.server.tv.TvRemoteService
05-19 16:34:25.895 687 687 V SystemServerTiming: StartTvRemoteService took to complete: 1ms
05-19 16:34:25.895 687 687 D SystemServerTiming: StartMediaRouterService
05-19 16:34:25.896 687 687 V HistoricalRegistry: Interaction before persistence initialized
05-19 16:34:25.900 687 687 V SystemServerTiming: StartMediaRouterService took to complete: 5ms
05-19 16:34:25.900 687 687 D SystemServerTiming: StartBiometricService
05-19 16:34:25.900 687 687 I SystemServiceManager: Starting com.android.server.biometrics.BiometricService
05-19 16:34:25.908 687 687 V HistoricalRegistry: Interaction before persistence initialized
05-19 16:34:25.912 687 687 V SystemServerTiming: StartBiometricService took to complete: 12ms
05-19 16:34:25.912 687 687 D SystemServerTiming: StartAuthService
05-19 16:34:25.913 687 687 I SystemServiceManager: Starting com.android.server.biometrics.AuthService
05-19 16:34:25.916 687 687 V SystemServerTiming: StartAuthService took to complete: 4ms
05-19 16:34:25.917 687 687 D SystemServerTiming: StartDynamicCodeLoggingService
05-19 16:34:25.919 687 687 V SystemServerTiming: StartDynamicCodeLoggingService took to complete: 2ms
05-19 16:34:25.919 687 687 D SystemServerTiming: StartPruneInstantAppsJobService
05-19 16:34:25.920 687 687 V SystemServerTiming: StartPruneInstantAppsJobService took to complete: 1ms
05-19 16:34:25.920 687 687 D SystemServerTiming: StartShortcutServiceLifecycle
05-19 16:34:25.920 687 687 I SystemServiceManager: Starting com.android.server.pm.ShortcutService$Lifecycle
05-19 16:34:25.924 687 687 V HistoricalRegistry: Interaction before persistence initialized
05-19 16:34:25.926 687 687 V SystemServerTiming: StartShortcutServiceLifecycle took to complete: 6ms
05-19 16:34:25.926 687 687 D SystemServerTiming: StartLauncherAppsService
05-19 16:34:25.926 687 687 I SystemServiceManager: Starting com.android.server.pm.LauncherAppsService
05-19 16:34:25.930 687 687 V SystemServerTiming: StartLauncherAppsService took to complete: 4ms
05-19 16:34:25.930 687 687 D SystemServerTiming: StartCrossProfileAppsService
05-19 16:34:25.931 687 687 I SystemServiceManager: Starting com.android.server.pm.CrossProfileAppsService
05-19 16:34:25.932 687 687 V SystemServerTiming: StartCrossProfileAppsService took to complete: 1ms
05-19 16:34:25.932 687 687 D SystemServerTiming: StartPeopleService
05-19 16:34:25.932 687 687 I SystemServiceManager: Starting com.android.server.people.PeopleService
05-19 16:34:25.934 687 687 V SystemServerTiming: StartPeopleService took to complete: 2ms
05-19 16:34:25.934 687 687 D SystemServerTiming: StartMediaMetricsManager
05-19 16:34:25.935 687 687 I SystemServiceManager: Starting com.android.server.media.metrics.MediaMetricsManagerService
05-19 16:34:25.936 687 687 V SystemServerTiming: StartMediaMetricsManager took to complete: 2ms
05-19 16:34:25.936 687 687 D SystemServerTiming: StartBackgroundInstallControlService
05-19 16:34:25.937 687 687 I SystemServiceManager: Starting com.android.server.pm.BackgroundInstallControlService
05-19 16:34:25.940 687 687 V SystemServerTiming: StartBackgroundInstallControlService took to complete: 4ms
05-19 16:34:25.940 687 687 D SystemServerTiming: StartMediaProjectionManager
05-19 16:34:25.940 687 687 I SystemServiceManager: Starting com.android.server.media.projection.MediaProjectionManagerService
05-19 16:34:25.946 687 687 V SystemServerTiming: StartMediaProjectionManager took to complete: 6ms
05-19 16:34:25.946 687 687 D SystemServerTiming: StartSliceManagerService
05-19 16:34:25.946 687 687 I SystemServiceManager: Starting com.android.server.slice.SliceManagerService$Lifecycle
05-19 16:34:25.949 687 687 V SystemServerTiming: StartSliceManagerService took to complete: 3ms
05-19 16:34:25.950 687 687 D SystemServerTiming: StartStatsCompanion
05-19 16:34:25.951 687 687 I SystemServiceManager: Starting com.android.server.stats.StatsCompanion$Lifecycle
05-19 16:34:25.954 687 687 V SystemServerTiming: StartStatsCompanion took to complete: 4ms
05-19 16:34:25.954 687 687 D SystemServerTiming: StartRebootReadinessManagerService
05-19 16:34:25.955 687 687 I SystemServiceManager: Starting com.android.server.scheduling.RebootReadinessManagerService$Lifecycle
05-19 16:34:25.963 687 687 V SystemServerTiming: StartRebootReadinessManagerService took to complete: 9ms
05-19 16:34:25.963 687 687 D SystemServerTiming: StartStatsPullAtomService
05-19 16:34:25.963 687 687 I SystemServiceManager: Starting com.android.server.stats.pull.StatsPullAtomService
05-19 16:34:25.963 687 687 V SystemServerTiming: StartStatsPullAtomService took to complete: 0ms
05-19 16:34:25.963 687 687 D SystemServerTiming: StatsBootstrapAtomService
05-19 16:34:25.963 687 687 I SystemServiceManager: Starting com.android.server.stats.bootstrap.StatsBootstrapAtomService$Lifecycle
05-19 16:34:25.964 687 687 V SystemServerTiming: StatsBootstrapAtomService took to complete: 1ms
05-19 16:34:25.965 687 687 D SystemServerTiming: StartIncidentCompanionService
05-19 16:34:25.965 687 687 I SystemServiceManager: Starting com.android.server.incident.IncidentCompanionService
05-19 16:34:25.966 687 687 V SystemServerTiming: StartIncidentCompanionService took to complete: 1ms
05-19 16:34:25.966 687 687 D SystemServerTiming: StarSdkSandboxManagerService
05-19 16:34:25.967 687 687 I SystemServiceManager: Starting com.android.server.sdksandbox.SdkSandboxManagerService$Lifecycle
05-19 16:34:25.976 687 687 V SystemServerTiming: StarSdkSandboxManagerService took to complete: 10ms
05-19 16:34:25.976 687 687 D SystemServerTiming: StartAdServicesManagerService
05-19 16:34:25.976 687 687 I SystemServiceManager: Starting com.android.server.adservices.AdServicesManagerService$Lifecycle
05-19 16:34:25.979 687 687 V SystemServerTiming: StartAdServicesManagerService took to complete: 3ms
05-19 16:34:25.979 687 687 D SystemServerTiming: StartOnDevicePersonalizationSystemService
05-19 16:34:25.980 687 687 I SystemServiceManager: Starting com.android.server.ondevicepersonalization.OnDevicePersonalizationSystemService$Lifecycle
05-19 16:34:25.981 687 687 V SystemServerTiming: StartOnDevicePersonalizationSystemService took to complete: 2ms
05-19 16:34:25.981 687 687 D SystemServerTiming: StartAutoFillService
05-19 16:34:25.982 687 687 I SystemServiceManager: Starting com.android.server.autofill.AutofillManagerService
05-19 16:34:25.985 687 687 D AutofillManagerService: setLogLevelFromSettings(): level=2, debug=true, verbose=false
05-19 16:34:25.985 687 687 D AutofillManagerService: setMaxPartitionsFromSettings(): 10
05-19 16:34:25.985 687 687 D AutofillManagerService: setMaxVisibleDatasetsFromSettings(): 0
05-19 16:34:25.988 687 706 D AutofillUI: destroySaveUiUiThread(): already destroyed
05-19 16:34:25.988 687 687 D AutofillManagerServiceImpl: Reset component for user 0:null
05-19 16:34:25.990 687 687 V SystemServerTiming: StartAutoFillService took to complete: 9ms
05-19 16:34:25.991 687 687 D SystemServer: TranslationService not defined by OEM
05-19 16:34:25.991 687 687 D SystemServerTiming: StartClipboardService
05-19 16:34:25.991 687 687 I SystemServiceManager: Starting com.android.server.clipboard.ClipboardService
05-19 16:34:25.996 687 687 V SystemServerTiming: StartClipboardService took to complete: 5ms
05-19 16:34:25.996 687 687 D SystemServerTiming: AppServiceManager
05-19 16:34:25.996 687 687 I SystemServiceManager: Starting com.android.server.appbinding.AppBindingService$Lifecycle
05-19 16:34:25.998 687 687 V SystemServerTiming: AppServiceManager took to complete: 2ms
05-19 16:34:25.998 687 687 D SystemServerTiming: startTracingServiceProxy
05-19 16:34:25.999 687 687 I SystemServiceManager: Starting com.android.server.tracing.TracingServiceProxy
05-19 16:34:26.000 687 687 V SystemServerTiming: startTracingServiceProxy took to complete: 2ms
05-19 16:34:26.000 687 687 D SystemServerTiming: MakeLockSettingsServiceReady
05-19 16:34:26.012 687 687 I LockSettingsService: Device doesn't implement AuthSecret HAL
05-19 16:34:26.015 687 687 V SystemServerTiming: MakeLockSettingsServiceReady took to complete: 15ms
05-19 16:34:26.015 687 687 D SystemServerTiming: StartBootPhaseLockSettingsReady
05-19 16:34:26.015 687 687 I SystemServiceManager: Starting phase 480
05-19 16:34:26.015 687 687 D SystemServerTiming: OnBootPhase_480
05-19 16:34:26.015 687 687 D SystemServerTiming: OnBootPhase_480_com.android.server.security.FileIntegrityService
05-19 16:34:26.015 687 687 V SystemServerTiming: OnBootPhase_480_com.android.server.security.FileIntegrityService took to complete: 0ms
05-19 16:34:26.015 687 687 D SystemServerTiming: OnBootPhase_480_com.android.server.pm.Installer
05-19 16:34:26.015 687 687 V SystemServerTiming: OnBootPhase_480_com.android.server.pm.Installer took to complete: 0ms
05-19 16:34:26.015 687 687 D SystemServerTiming: OnBootPhase_480_com.android.server.os.DeviceIdentifiersPolicyService
05-19 16:34:26.015 687 687 V SystemServerTiming: OnBootPhase_480_com.android.server.os.DeviceIdentifiersPolicyService took to complete: 0ms
05-19 16:34:26.015 687 687 D SystemServerTiming: OnBootPhase_480_com.android.server.flags.FeatureFlagsService
05-19 16:34:26.015 687 687 V SystemServerTiming: OnBootPhase_480_com.android.server.flags.FeatureFlagsService took to complete: 0ms
05-19 16:34:26.015 687 687 D SystemServerTiming: OnBootPhase_480_com.android.server.uri.UriGrantsManagerService$Lifecycle
05-19 16:34:26.015 687 687 V SystemServerTiming: OnBootPhase_480_com.android.server.uri.UriGrantsManagerService$Lifecycle took to complete: 0ms
05-19 16:34:26.015 687 687 D SystemServerTiming: OnBootPhase_480_com.android.server.powerstats.PowerStatsService
05-19 16:34:26.015 687 687 V SystemServerTiming: OnBootPhase_480_com.android.server.powerstats.PowerStatsService took to complete: 0ms
05-19 16:34:26.015 687 687 D SystemServerTiming: OnBootPhase_480_com.android.server.permission.access.AccessCheckingService
05-19 16:34:26.015 687 687 V SystemServerTiming: OnBootPhase_480_com.android.server.permission.access.AccessCheckingService took to complete: 0ms
05-19 16:34:26.015 687 687 D SystemServerTiming: OnBootPhase_480_com.android.server.wm.ActivityTaskManagerService$Lifecycle
05-19 16:34:26.015 687 687 V SystemServerTiming: OnBootPhase_480_com.android.server.wm.ActivityTaskManagerService$Lifecycle took to complete: 0ms
05-19 16:34:26.015 687 687 D SystemServerTiming: OnBootPhase_480_com.android.server.am.ActivityManagerService$Lifecycle
05-19 16:34:26.015 687 687 V SystemServerTiming: OnBootPhase_480_com.android.server.am.ActivityManagerService$Lifecycle took to complete: 0ms
05-19 16:34:26.015 687 687 D SystemServerTiming: OnBootPhase_480_com.android.server.pm.DataLoaderManagerService
05-19 16:34:26.015 687 687 V SystemServerTiming: OnBootPhase_480_com.android.server.pm.DataLoaderManagerService took to complete: 0ms
05-19 16:34:26.015 687 687 D SystemServerTiming: OnBootPhase_480_com.android.server.power.PowerManagerService
05-19 16:34:26.015 687 687 V SystemServerTiming: OnBootPhase_480_com.android.server.power.PowerManagerService took to complete: 0ms
05-19 16:34:26.015 687 687 D SystemServerTiming: OnBootPhase_480_com.android.server.power.ThermalManagerService
05-19 16:34:26.015 687 687 V SystemServerTiming: OnBootPhase_480_com.android.server.power.ThermalManagerService took to complete: 0ms
05-19 16:34:26.015 687 687 D SystemServerTiming: OnBootPhase_480_com.android.server.power.hint.HintManagerService
05-19 16:34:26.015 687 687 V SystemServerTiming: OnBootPhase_480_com.android.server.power.hint.HintManagerService took to complete: 0ms
05-19 16:34:26.015 687 687 D SystemServerTiming: OnBootPhase_480_com.android.server.recoverysystem.RecoverySystemService$Lifecycle
05-19 16:34:26.015 687 687 V SystemServerTiming: OnBootPhase_480_com.android.server.recoverysystem.RecoverySystemService$Lifecycle took to complete: 0ms
05-19 16:34:26.015 687 687 D SystemServerTiming: OnBootPhase_480_com.android.server.lights.LightsService
05-19 16:34:26.015 687 687 V SystemServerTiming: OnBootPhase_480_com.android.server.lights.LightsService took to complete: 0ms
05-19 16:34:26.015 687 687 D SystemServerTiming: OnBootPhase_480_com.android.server.display.DisplayManagerService
05-19 16:34:26.015 687 687 V SystemServerTiming: OnBootPhase_480_com.android.server.display.DisplayManagerService took to complete: 0ms
05-19 16:34:26.015 687 687 D SystemServerTiming: OnBootPhase_480_com.android.server.pm.verify.domain.DomainVerificationService
05-19 16:34:26.015 687 687 V SystemServerTiming: OnBootPhase_480_com.android.server.pm.verify.domain.DomainVerificationService took to complete: 0ms
05-19 16:34:26.016 687 687 D SystemServerTiming: OnBootPhase_480_com.android.server.pm.PackageInstallerService$Lifecycle
05-19 16:34:26.016 687 687 V SystemServerTiming: OnBootPhase_480_com.android.server.pm.PackageInstallerService$Lifecycle took to complete: 0ms
05-19 16:34:26.016 687 687 D SystemServerTiming: OnBootPhase_480_com.android.server.pm.UserManagerService$LifeCycle
05-19 16:34:26.016 687 687 V SystemServerTiming: OnBootPhase_480_com.android.server.pm.UserManagerService$LifeCycle took to complete: 0ms
05-19 16:34:26.016 687 687 D SystemServerTiming: OnBootPhase_480_com.android.server.om.OverlayManagerService
05-19 16:34:26.016 687 687 V SystemServerTiming: OnBootPhase_480_com.android.server.om.OverlayManagerService took to complete: 0ms
05-19 16:34:26.016 687 687 D SystemServerTiming: OnBootPhase_480_com.android.server.resources.ResourcesManagerService
05-19 16:34:26.016 687 687 V SystemServerTiming: OnBootPhase_480_com.android.server.resources.ResourcesManagerService took to complete: 0ms
05-19 16:34:26.016 687 687 D SystemServerTiming: OnBootPhase_480_com.android.server.sensorprivacy.SensorPrivacyService
05-19 16:34:26.016 687 687 V SystemServerTiming: OnBootPhase_480_com.android.server.sensorprivacy.SensorPrivacyService took to complete: 0ms
05-19 16:34:26.016 687 687 D SystemServerTiming: OnBootPhase_480_com.android.server.sensors.SensorService
05-19 16:34:26.016 687 687 V SystemServerTiming: OnBootPhase_480_com.android.server.sensors.SensorService took to complete: 0ms
05-19 16:34:26.016 687 687 D SystemServerTiming: OnBootPhase_480_com.android.server.SystemConfigService
05-19 16:34:26.016 687 687 V SystemServerTiming: OnBootPhase_480_com.android.server.SystemConfigService took to complete: 0ms
05-19 16:34:26.016 687 687 D SystemServerTiming: OnBootPhase_480_com.android.server.BatteryService
05-19 16:34:26.016 687 687 V SystemServerTiming: OnBootPhase_480_com.android.server.BatteryService took to complete: 0ms
05-19 16:34:26.016 687 687 D SystemServerTiming: OnBootPhase_480_com.android.server.usage.UsageStatsService
05-19 16:34:26.016 687 687 V SystemServerTiming: OnBootPhase_480_com.android.server.usage.UsageStatsService took to complete: 0ms
05-19 16:34:26.016 687 687 D SystemServerTiming: OnBootPhase_480_com.android.server.webkit.WebViewUpdateService
05-19 16:34:26.016 687 687 V SystemServerTiming: OnBootPhase_480_com.android.server.webkit.WebViewUpdateService took to complete: 0ms
05-19 16:34:26.016 687 687 D SystemServerTiming: OnBootPhase_480_com.android.server.CachedDeviceStateService
05-19 16:34:26.016 687 687 V SystemServerTiming: OnBootPhase_480_com.android.server.CachedDeviceStateService took to complete: 0ms
05-19 16:34:26.016 687 687 D SystemServerTiming: OnBootPhase_480_com.android.server.BinderCallsStatsService$LifeCycle
05-19 16:34:26.016 687 687 V SystemServerTiming: OnBootPhase_480_com.android.server.BinderCallsStatsService$LifeCycle took to complete: 0ms
05-19 16:34:26.016 687 687 D SystemServerTiming: OnBootPhase_480_com.android.server.LooperStatsService$Lifecycle
05-19 16:34:26.016 687 687 V SystemServerTiming: OnBootPhase_480_com.android.server.LooperStatsService$Lifecycle took to complete: 0ms
05-19 16:34:26.016 687 687 D SystemServerTiming: OnBootPhase_480_com.android.server.rollback.RollbackManagerService
05-19 16:34:26.016 687 687 V SystemServerTiming: OnBootPhase_480_com.android.server.rollback.RollbackManagerService took to complete: 0ms
05-19 16:34:26.016 687 687 D SystemServerTiming: OnBootPhase_480_com.android.server.os.NativeTombstoneManagerService
05-19 16:34:26.016 687 687 V SystemServerTiming: OnBootPhase_480_com.android.server.os.NativeTombstoneManagerService took to complete: 0ms
05-19 16:34:26.016 687 687 D SystemServerTiming: OnBootPhase_480_com.android.server.os.BugreportManagerService
05-19 16:34:26.016 687 687 V SystemServerTiming: OnBootPhase_480_com.android.server.os.BugreportManagerService took to complete: 0ms
05-19 16:34:26.016 687 687 D SystemServerTiming: OnBootPhase_480_com.android.server.gpu.GpuService
05-19 16:34:26.016 687 687 V SystemServerTiming: OnBootPhase_480_com.android.server.gpu.GpuService took to complete: 0ms
05-19 16:34:26.016 687 687 D SystemServerTiming: OnBootPhase_480_com.android.server.security.rkp.RemoteProvisioningService
05-19 16:34:26.016 687 687 V SystemServerTiming: OnBootPhase_480_com.android.server.security.rkp.RemoteProvisioningService took to complete: 0ms
05-19 16:34:26.016 687 687 D SystemServerTiming: OnBootPhase_480_com.android.server.cpu.CpuMonitorService
05-19 16:34:26.016 687 687 V SystemServerTiming: OnBootPhase_480_com.android.server.cpu.CpuMonitorService took to complete: 0ms
05-19 16:34:26.016 687 687 D SystemServerTiming: OnBootPhase_480_com.android.server.security.KeyChainSystemService
05-19 16:34:26.016 687 687 V SystemServerTiming: OnBootPhase_480_com.android.server.security.KeyChainSystemService took to complete: 0ms
05-19 16:34:26.016 687 687 D SystemServerTiming: OnBootPhase_480_com.android.server.BinaryTransparencyService
05-19 16:34:26.016 687 687 V SystemServerTiming: OnBootPhase_480_com.android.server.BinaryTransparencyService took to complete: 0ms
05-19 16:34:26.016 687 687 D SystemServerTiming: OnBootPhase_480_com.android.server.accounts.AccountManagerService$Lifecycle
05-19 16:34:26.016 687 687 V SystemServerTiming: OnBootPhase_480_com.android.server.accounts.AccountManagerService$Lifecycle took to complete: 0ms
05-19 16:34:26.016 687 687 D SystemServerTiming: OnBootPhase_480_com.android.server.content.ContentService$Lifecycle
05-19 16:34:26.016 687 687 V SystemServerTiming: OnBootPhase_480_com.android.server.content.ContentService$Lifecycle took to complete: 0ms
05-19 16:34:26.016 687 687 D SystemServerTiming: OnBootPhase_480_com.android.server.deviceconfig.DeviceConfigInit$Lifecycle
05-19 16:34:26.016 687 687 V SystemServerTiming: OnBootPhase_480_com.android.server.deviceconfig.DeviceConfigInit$Lifecycle took to complete: 0ms
05-19 16:34:26.016 687 687 D SystemServerTiming: OnBootPhase_480_com.android.server.DropBoxManagerService
05-19 16:34:26.016 687 687 V SystemServerTiming: OnBootPhase_480_com.android.server.DropBoxManagerService took to complete: 0ms
05-19 16:34:26.017 687 687 D SystemServerTiming: OnBootPhase_480_com.android.role.RoleService
05-19 16:34:26.017 687 687 V SystemServerTiming: OnBootPhase_480_com.android.role.RoleService took to complete: 0ms
05-19 16:34:26.017 687 687 D SystemServerTiming: OnBootPhase_480_com.android.server.vibrator.VibratorManagerService$Lifecycle
05-19 16:34:26.017 687 687 V SystemServerTiming: OnBootPhase_480_com.android.server.vibrator.VibratorManagerService$Lifecycle took to complete: 0ms
05-19 16:34:26.017 687 687 D SystemServerTiming: OnBootPhase_480_com.android.server.tare.InternalResourceService
05-19 16:34:26.017 687 687 V SystemServerTiming: OnBootPhase_480_com.android.server.tare.InternalResourceService took to complete: 0ms
05-19 16:34:26.017 687 687 D SystemServerTiming: OnBootPhase_480_com.android.server.alarm.AlarmManagerService
05-19 16:34:26.017 687 687 V SystemServerTiming: OnBootPhase_480_com.android.server.alarm.AlarmManagerService took to complete: 0ms
05-19 16:34:26.017 687 687 D SystemServerTiming: OnBootPhase_480_com.android.server.devicestate.DeviceStateManagerService
05-19 16:34:26.017 687 687 V SystemServerTiming: OnBootPhase_480_com.android.server.devicestate.DeviceStateManagerService took to complete: 0ms
05-19 16:34:26.017 687 687 D SystemServerTiming: OnBootPhase_480_com.android.server.camera.CameraServiceProxy
05-19 16:34:26.017 687 687 V SystemServerTiming: OnBootPhase_480_com.android.server.camera.CameraServiceProxy took to complete: 0ms
05-19 16:34:26.017 687 687 D SystemServerTiming: OnBootPhase_480_com.android.server.bluetooth.BluetoothService
05-19 16:34:26.017 687 687 V SystemServerTiming: OnBootPhase_480_com.android.server.bluetooth.BluetoothService took to complete: 0ms
05-19 16:34:26.017 687 687 D SystemServerTiming: OnBootPhase_480_com.android.server.connectivity.IpConnectivityMetrics
05-19 16:34:26.017 687 687 V SystemServerTiming: OnBootPhase_480_com.android.server.connectivity.IpConnectivityMetrics took to complete: 0ms
05-19 16:34:26.017 687 687 D SystemServerTiming: OnBootPhase_480_com.android.server.net.watchlist.NetworkWatchlistService$Lifecycle
05-19 16:34:26.017 687 687 V SystemServerTiming: OnBootPhase_480_com.android.server.net.watchlist.NetworkWatchlistService$Lifecycle took to complete: 0ms
05-19 16:34:26.017 687 687 D SystemServerTiming: OnBootPhase_480_com.android.server.PinnerService
05-19 16:34:26.017 687 687 V SystemServerTiming: OnBootPhase_480_com.android.server.PinnerService took to complete: 0ms
05-19 16:34:26.017 687 687 D SystemServerTiming: OnBootPhase_480_com.android.server.integrity.AppIntegrityManagerService
05-19 16:34:26.017 687 687 V SystemServerTiming: OnBootPhase_480_com.android.server.integrity.AppIntegrityManagerService took to complete: 0ms
05-19 16:34:26.017 687 687 D SystemServerTiming: OnBootPhase_480_com.android.server.logcat.LogcatManagerService
05-19 16:34:26.017 687 687 V SystemServerTiming: OnBootPhase_480_com.android.server.logcat.LogcatManagerService took to complete: 0ms
