05-19 16:34:29.218 687 687 V SystemServerTimingAsync: ssm.onStartUser-0_com.android.server.stats.pull.StatsPullAtomService took to complete: 0ms
05-19 16:34:29.218 687 687 D SystemServerTimingAsync: ssm.onStartUser-0_com.android.server.stats.bootstrap.StatsBootstrapAtomService$Lifecycle
05-19 16:34:29.218 687 687 V SystemServerTimingAsync: ssm.onStartUser-0_com.android.server.stats.bootstrap.StatsBootstrapAtomService$Lifecycle took to complete: 0ms
05-19 16:34:29.218 687 687 D SystemServerTimingAsync: ssm.onStartUser-0_com.android.server.incident.IncidentCompanionService
05-19 16:34:29.218 687 687 V SystemServerTimingAsync: ssm.onStartUser-0_com.android.server.incident.IncidentCompanionService took to complete: 0ms
05-19 16:34:29.218 687 687 D SystemServerTimingAsync: ssm.onStartUser-0_com.android.server.sdksandbox.SdkSandboxManagerService$Lifecycle
05-19 16:34:29.218 687 687 V SystemServerTimingAsync: ssm.onStartUser-0_com.android.server.sdksandbox.SdkSandboxManagerService$Lifecycle took to complete: 0ms
05-19 16:34:29.218 687 687 D SystemServerTimingAsync: ssm.onStartUser-0_com.android.server.adservices.AdServicesManagerService$Lifecycle
05-19 16:34:29.218 687 687 V SystemServerTimingAsync: ssm.onStartUser-0_com.android.server.adservices.AdServicesManagerService$Lifecycle took to complete: 0ms
05-19 16:34:29.218 687 687 D SystemServerTimingAsync: ssm.onStartUser-0_com.android.server.ondevicepersonalization.OnDevicePersonalizationSystemService$Lifecycle
05-19 16:34:29.218 687 687 V SystemServerTimingAsync: ssm.onStartUser-0_com.android.server.ondevicepersonalization.OnDevicePersonalizationSystemService$Lifecycle took to complete: 0ms
05-19 16:34:29.218 687 687 D SystemServerTimingAsync: ssm.onStartUser-0_com.android.server.autofill.AutofillManagerService
05-19 16:34:29.218 687 687 V SystemServerTimingAsync: ssm.onStartUser-0_com.android.server.autofill.AutofillManagerService took to complete: 0ms
05-19 16:34:29.218 687 687 D SystemServerTimingAsync: ssm.onStartUser-0_com.android.server.clipboard.ClipboardService
05-19 16:34:29.218 687 687 V SystemServerTimingAsync: ssm.onStartUser-0_com.android.server.clipboard.ClipboardService took to complete: 0ms
05-19 16:34:29.218 687 687 D SystemServerTimingAsync: ssm.onStartUser-0_com.android.server.appbinding.AppBindingService$Lifecycle
05-19 16:34:29.218 687 687 W AppBindingService: [Default SMS app] u0 Target package not found
05-19 16:34:29.218 687 687 V SystemServerTimingAsync: ssm.onStartUser-0_com.android.server.appbinding.AppBindingService$Lifecycle took to complete: 1ms
05-19 16:34:29.219 687 687 D SystemServerTimingAsync: ssm.onStartUser-0_com.android.server.tracing.TracingServiceProxy
05-19 16:34:29.219 687 687 V SystemServerTimingAsync: ssm.onStartUser-0_com.android.server.tracing.TracingServiceProxy took to complete: 0ms
05-19 16:34:29.219 687 687 D SystemServerTimingAsync: ssm.onStartUser-0_com.android.server.policy.PermissionPolicyService
05-19 16:34:29.219 687 687 V SystemServerTimingAsync: ssm.onStartUser-0_com.android.server.policy.PermissionPolicyService took to complete: 0ms
05-19 16:34:29.219 687 687 D SystemServerTimingAsync: ssm.onStartUser-0_com.android.server.pm.StagingManager$Lifecycle
05-19 16:34:29.219 687 687 V SystemServerTimingAsync: ssm.onStartUser-0_com.android.server.pm.StagingManager$Lifecycle took to complete: 0ms
05-19 16:34:29.219 687 687 D SystemServerTimingAsync: ssm.onStartUser-0_com.android.server.app.GameManagerService$Lifecycle
05-19 16:34:29.219 687 687 D GameManagerService: Starting user 0
05-19 16:34:29.226 687 687 V SystemServerTimingAsync: ssm.onStartUser-0_com.android.server.app.GameManagerService$Lifecycle took to complete: 7ms
05-19 16:34:29.226 687 687 D SystemServerTimingAsync: ssm.onStartUser-0_com.android.safetycenter.SafetyCenterService
05-19 16:34:29.226 687 687 V SystemServerTimingAsync: ssm.onStartUser-0_com.android.safetycenter.SafetyCenterService took to complete: 0ms
05-19 16:34:29.226 687 687 D SystemServerTimingAsync: ssm.onStartUser-0_com.android.server.appsearch.AppSearchModule$Lifecycle
05-19 16:34:29.226 687 687 V SystemServerTimingAsync: ssm.onStartUser-0_com.android.server.appsearch.AppSearchModule$Lifecycle took to complete: 0ms
05-19 16:34:29.226 687 687 D SystemServerTimingAsync: ssm.onStartUser-0_com.android.server.media.MediaCommunicationService
05-19 16:34:29.226 687 687 V SystemServerTimingAsync: ssm.onStartUser-0_com.android.server.media.MediaCommunicationService took to complete: 1ms
05-19 16:34:29.226 687 687 D SystemServerTimingAsync: ssm.onStartUser-0_com.android.server.compat.overrides.AppCompatOverridesService$Lifecycle
05-19 16:34:29.226 687 687 V SystemServerTimingAsync: ssm.onStartUser-0_com.android.server.compat.overrides.AppCompatOverridesService$Lifecycle took to complete: 0ms
05-19 16:34:29.227 687 687 D SystemServerTimingAsync: ssm.onStartUser-0_com.android.server.healthconnect.HealthConnectManagerService
05-19 16:34:29.227 687 687 V SystemServerTimingAsync: ssm.onStartUser-0_com.android.server.healthconnect.HealthConnectManagerService took to complete: 0ms
05-19 16:34:29.227 687 687 D SystemServerTimingAsync: ssm.onStartUser-0_com.android.server.devicelock.DeviceLockService
05-19 16:34:29.227 687 687 V SystemServerTimingAsync: ssm.onStartUser-0_com.android.server.devicelock.DeviceLockService took to complete: 0ms
05-19 16:34:29.227 687 687 V SystemServerTimingAsync: ssm.StartUser-0 took to complete: 2053ms
05-19 16:34:29.227 687 687 D SystemServerTiming: startPersistentApps
05-19 16:34:29.229 687 687 I ActivityManager: com.droidlogic is exempt from freezer
05-19 16:34:29.229 687 687 D CompatibilityChangeReporter: Compat change id reported: 135634846; UID 1000; state: DISABLED
05-19 16:34:29.250 687 687 D CompatibilityChangeReporter: Compat change id reported: 135634846; UID 1068; state: DISABLED
05-19 16:34:29.251 687 687 V SystemServerTiming: startPersistentApps took to complete: 24ms
05-19 16:34:29.251 687 687 D SystemServerTiming: startHomeOnAllDisplays
05-19 16:34:29.259 687 687 D WindowManager: ThemeHomeDelay: Home launch was deferred.
05-19 16:34:29.259 687 687 V SystemServerTiming: startHomeOnAllDisplays took to complete: 1ms
05-19 16:34:29.259 687 687 D SystemServerTiming: showSystemReadyErrorDialogs
01-01 08:00:19.574 0 0 I [0 T418 ..] AidlLazyServiceRegistrar: Process has 0 (of 1 available) client(s) in use after notification apexservice has clients: 0
01-01 08:00:19.576 0 0 I [0 T418 ..] AidlLazyServiceRegistrar: Shutdown prevented by forcePersist override flag.
05-19 16:34:29.404 687 687 E Build : Vendor interface is incompatible, error=1
05-19 16:34:29.404 687 687 E ActivityTaskManager: Build fingerprint is not consistent, warning user
05-19 16:34:29.404 687 687 V SystemServerTiming: showSystemReadyErrorDialogs took to complete: 145ms
05-19 16:34:29.404 687 687 D SystemServerTiming: sendUserStartBroadcast
05-19 16:34:29.405 687 687 V SystemServerTiming: sendUserStartBroadcast took to complete: 1ms
05-19 16:34:29.405 687 687 D SystemServerTiming: resumeTopActivities
05-19 16:34:29.406 687 687 D WindowManager: ThemeHomeDelay: Home launch was deferred.
05-19 16:34:29.406 687 687 V SystemServerTiming: resumeTopActivities took to complete: 0ms
05-19 16:34:29.406 687 687 D SystemServerTiming: sendUserSwitchBroadcasts
05-19 16:34:29.407 687 687 V SystemServerTiming: sendUserSwitchBroadcasts took to complete: 0ms
05-19 16:34:29.407 687 687 D SystemServerTiming: setBinderProxies
05-19 16:34:29.408 687 687 V SystemServerTiming: setBinderProxies took to complete: 1ms
05-19 16:34:29.408 687 687 V SystemServerTiming: ActivityManagerStartApps took to complete: 2234ms
05-19 16:34:29.408 687 687 D SystemServerTiming: componentAlias
05-19 16:34:29.408 687 687 D ComponentAliasResolver: Compat listener set.
05-19 16:34:29.408 687 687 V SystemServerTiming: componentAlias took to complete: 0ms
05-19 16:34:29.408 687 687 V SystemServerTiming: PhaseActivityManagerReady took to complete: 3023ms
05-19 16:34:29.408 687 687 D SystemServerTiming: LockSettingsThirdPartyAppsStarted
05-19 16:34:29.408 687 687 V SystemServerTiming: LockSettingsThirdPartyAppsStarted took to complete: 1ms
05-19 16:34:29.409 687 687 D SystemServerTiming: StartSystemUI
05-19 16:34:29.409 687 717 W ActivityManager: Slow operation: 181ms so far, now at startProcess: done updating battery stats
05-19 16:34:29.409 687 717 W ActivityManager: Slow operation: 181ms so far, now at startProcess: building log message
05-19 16:34:29.409 687 717 I ActivityManager: Start proc 1088:com.droidlogic/1000 for added application com.droidlogic
05-19 16:34:29.409 687 717 W ActivityManager: Slow operation: 182ms so far, now at startProcess: starting to update pids map
05-19 16:34:29.410 687 717 W ActivityManager: Slow operation: 182ms so far, now at startProcess: done updating pids map
05-19 16:34:29.410 687 717 W ActivityManager: Slow operation: 178ms so far, now at startProcess: asking zygote to start proc
05-19 16:34:29.411 687 956 D CompatibilityChangeReporter: Compat change id reported: 168419799; UID 1000; state: DISABLED
05-19 16:34:29.412 687 956 D CompatibilityChangeReporter: Compat change id reported: 273564678; UID 1000; state: DISABLED
05-19 16:34:29.419 687 762 D CompatibilityChangeReporter: Compat change id reported: 218533173; UID 10040; state: DISABLED
05-19 16:34:29.419 687 762 D CompatibilityChangeReporter: Compat change id reported: 262645982; UID 10040; state: DISABLED
05-19 16:34:29.420 687 762 D CompatibilityChangeReporter: Compat change id reported: 218533173; UID 10066; state: DISABLED
05-19 16:34:29.420 687 762 D CompatibilityChangeReporter: Compat change id reported: 262645982; UID 10066; state: DISABLED
05-19 16:34:29.421 687 762 D CompatibilityChangeReporter: Compat change id reported: 218533173; UID 10059; state: ENABLED
05-19 16:34:29.422 687 762 D CompatibilityChangeReporter: Compat change id reported: 262645982; UID 10059; state: ENABLED
05-19 16:34:29.423 687 717 W ActivityManager: Slow operation: 191ms so far, now at startProcess: returned from zygote!
05-19 16:34:29.424 687 762 D CompatibilityChangeReporter: Compat change id reported: 218533173; UID 10071; state: ENABLED
05-19 16:34:29.424 687 762 D CompatibilityChangeReporter: Compat change id reported: 262645982; UID 10071; state: ENABLED
05-19 16:34:29.425 687 762 D CompatibilityChangeReporter: Compat change id reported: 218533173; UID 10055; state: ENABLED
05-19 16:34:29.426 687 762 D CompatibilityChangeReporter: Compat change id reported: 262645982; UID 10055; state: ENABLED
05-19 16:34:29.431 687 762 D CompatibilityChangeReporter: Compat change id reported: 218533173; UID 10016; state: ENABLED
05-19 16:34:29.432 887 887 V SystemUIBootTiming: StartServices com.android.systemui.SliceBroadcastRelayHandler took to complete: 0ms
05-19 16:34:29.433 687 687 W ActivityManager: Unable to start service Intent { flg=0x100 cmp=com.droidlogic/.StubKeyguardService } U=0: not found
05-19 16:34:29.433 687 687 V SystemServerTiming: StartSystemUI took to complete: 24ms
05-19 16:34:29.433 687 687 V SystemServerTiming: startOtherServices took to complete: 4854ms
05-19 16:34:29.433 687 687 D SystemServerTiming: startApexServices
05-19 16:34:29.433 687 687 D SystemServerTiming: starting com.android.server.scheduling.RebootReadinessManagerService$Lifecycle
05-19 16:34:29.434 687 762 D CompatibilityChangeReporter: Compat change id reported: 262645982; UID 10016; state: ENABLED
05-19 16:34:29.434 687 717 W ActivityManager: Slow operation: 202ms so far, now at startProcess: done updating battery stats
05-19 16:34:29.434 687 717 W ActivityManager: Slow operation: 202ms so far, now at startProcess: building log message
05-19 16:34:29.434 687 717 I ActivityManager: Start proc 1104:com.android.se/1068 for added application com.android.se
05-19 16:34:29.434 687 717 W ActivityManager: Slow operation: 202ms so far, now at startProcess: starting to update pids map
05-19 16:34:29.434 687 717 W ActivityManager: Slow operation: 202ms so far, now at startProcess: done updating pids map
05-19 16:34:29.435 687 762 D CompatibilityChangeReporter: Compat change id reported: 218533173; UID 10017; state: ENABLED
05-19 16:34:29.436 687 687 I SystemServiceManager: Starting com.android.server.scheduling.RebootReadinessManagerService$Lifecycle
05-19 16:34:29.436 687 687 I SystemServiceManager: Not starting an already started service com.android.server.scheduling.RebootReadinessManagerService$Lifecycle
05-19 16:34:29.437 687 687 V SystemServerTiming: starting com.android.server.scheduling.RebootReadinessManagerService$Lifecycle took to complete: 3ms
05-19 16:34:29.437 687 687 V SystemServerTiming: startApexServices took to complete: 4ms
05-19 16:34:29.438 687 687 D SystemServerTiming: UpdateWatchdogTimeout
05-19 16:34:29.438 687 687 I Watchdog: Watchdog timeout updated to 60000 millis
05-19 16:34:29.438 687 687 V SystemServerTiming: UpdateWatchdogTimeout took to complete: 0ms
05-19 16:34:29.438 687 687 V SystemServerTiming: StartServices took to complete: 6687ms
05-19 16:34:29.439 687 762 D CompatibilityChangeReporter: Compat change id reported: 262645982; UID 10017; state: ENABLED
05-19 16:34:29.440 687 762 D CompatibilityChangeReporter: Compat change id reported: 218533173; UID 10056; state: ENABLED
05-19 16:34:29.440 687 762 D CompatibilityChangeReporter: Compat change id reported: 262645982; UID 10056; state: ENABLED
05-19 16:34:29.442 687 762 D CompatibilityChangeReporter: Compat change id reported: 218533173; UID 10073; state: ENABLED
05-19 16:34:29.445 687 687 W Looper : Slow delivery took 6269ms main h=android.app.PropertyInvalidatedCache$AutoCorker$1 c=null m=0
05-19 16:34:29.447 687 762 D CompatibilityChangeReporter: Compat change id reported: 262645982; UID 10073; state: ENABLED
05-19 16:34:29.448 687 762 D CompatibilityChangeReporter: Compat change id reported: 218533173; UID 10039; state: DISABLED
05-19 16:34:29.448 687 762 D CompatibilityChangeReporter: Compat change id reported: 262645982; UID 10039; state: DISABLED
05-19 16:34:29.449 687 762 D CompatibilityChangeReporter: Compat change id reported: 218533173; UID 10004; state: ENABLED
05-19 16:34:29.449 687 762 D CompatibilityChangeReporter: Compat change id reported: 262645982; UID 10004; state: ENABLED
05-19 16:34:29.450 687 762 D CompatibilityChangeReporter: Compat change id reported: 218533173; UID 10018; state: ENABLED
05-19 16:34:29.451 687 762 D CompatibilityChangeReporter: Compat change id reported: 262645982; UID 10018; state: ENABLED
05-19 16:34:29.452 687 762 D CompatibilityChangeReporter: Compat change id reported: 218533173; UID 10035; state: ENABLED
05-19 16:34:29.452 687 762 D CompatibilityChangeReporter: Compat change id reported: 262645982; UID 10035; state: ENABLED
05-19 16:34:29.453 687 762 D CompatibilityChangeReporter: Compat change id reported: 218533173; UID 10036; state: ENABLED
05-19 16:34:29.454 687 762 D CompatibilityChangeReporter: Compat change id reported: 262645982; UID 10036; state: ENABLED
05-19 16:34:29.456 687 762 D CompatibilityChangeReporter: Compat change id reported: 218533173; UID 10026; state: ENABLED
05-19 16:34:29.456 687 762 D CompatibilityChangeReporter: Compat change id reported: 262645982; UID 10026; state: ENABLED
05-19 16:34:29.458 687 762 D CompatibilityChangeReporter: Compat change id reported: 218533173; UID 10068; state: ENABLED
05-19 16:34:29.459 687 762 D CompatibilityChangeReporter: Compat change id reported: 262645982; UID 10068; state: ENABLED
05-19 16:34:29.460 687 708 I DisplayDeviceRepository: Display device changed: DisplayDeviceInfo{"内置屏幕": uniqueId="local:4637128676863791115", 1920 x 1080, modeId 1, renderFrameRate 59.94006, defaultModeId 1, supportedModes [{id=1, width=1920, height=1080, fps=59.94006, alternativeRefreshRates=[], supportedHdrTypes=[]}, {id=2, width=1920, height=1080, fps=60.000004, alternativeRefreshRates=[], supportedHdrTypes=[]}, {id=3, width=1920, height=1080, fps=50.0, alternativeRefreshRates=[], supportedHdrTypes=[]}, {id=4, width=1280, height=720, fps=59.94006, alternativeRefreshRates=[], supportedHdrTypes=[]}, {id=5, width=1280, height=720, fps=60.000004, alternativeRefreshRates=[], supportedHdrTypes=[]}, {id=6, width=1280, height=720, fps=50.0, alternativeRefreshRates=[], supportedHdrTypes=[]}, {id=7, width=720, height=576, fps=50.0, alternativeRefreshRates=[], supportedHdrTypes=[]}, {id=8, width=720, height=480, fps=59.94006, alternativeRefreshRates=[], supportedHdrTypes=[]}, {id=9, width=720, height=480, fps=60.000004, alternativeRefreshRates=[], supportedHdrTypes=[]}], colorMode 0, supportedColorModes [0], hdrCapabilities HdrCapabilities{mSupportedHdrTypes=[], mMaxLuminance=500.0, mMaxAverageLuminance=500.0, mMinLuminance=0.0}, allmSupported false, gameContentTypeSupported false, density 240, 101.6 x 101.6 dpi, appVsyncOff 2000000, presDeadline 13683333, touch INTERNAL, rotation 0, type INTERNAL, address {port=11, model=0x405a63f68a3e50}, deviceProductInfo DeviceProductInfo{name=VX2270 SERIES, manufacturerPnpId=VSC, productId=57388, modelYear=null, manufactureDate=ManufactureDate{week=16, year=2015}, connectionToSinkType=2}, state ON, committedState ON, frameRateOverride , brightnessMinimum 0.0, brightnessMaximum 1.0, brightnessDefault 0.39763778, hdrSdrRatio NaN, FLAG_ALLOWED_TO_BE_DEFAULT_DISPLAY, FLAG_ROTATES_WITH_CONTENT, FLAG_SECURE, FLAG_SUPPORTS_PROTECTED_BUFFERS, FLAG_TRUSTED, installOrientation 0, displayShape DisplayShape{ spec=729782573 displayWidth=1920 displayHeight=1080 physicalPixelDisplaySizeRatio=1.0 rotation=0 offsetX=0 offsetY=0 scale=1.0}}
05-19 16:34:29.460 687 762 D CompatibilityChangeReporter: Compat change id reported: 218533173; UID 10008; state: ENABLED
05-19 16:34:29.461 687 762 D CompatibilityChangeReporter: Compat change id reported: 262645982; UID 10008; state: ENABLED
05-19 16:34:29.462 687 762 D CompatibilityChangeReporter: Compat change id reported: 218533173; UID 10005; state: ENABLED
05-19 16:34:29.463 687 762 D CompatibilityChangeReporter: Compat change id reported: 262645982; UID 10005; state: ENABLED
05-19 16:34:29.466 687 762 D CompatibilityChangeReporter: Compat change id reported: 218533173; UID 10061; state: ENABLED
05-19 16:34:29.467 687 762 D CompatibilityChangeReporter: Compat change id reported: 262645982; UID 10061; state: ENABLED
05-19 16:34:29.467 687 762 D CompatibilityChangeReporter: Compat change id reported: 218533173; UID 10037; state: ENABLED
05-19 16:34:29.468 687 762 D CompatibilityChangeReporter: Compat change id reported: 262645982; UID 10037; state: ENABLED
05-19 16:34:29.469 687 687 D ConditionProviders.SCP: onConnected
05-19 16:34:29.469 687 687 D ConditionProviders.SCP: onSubscribe condition://android/schedule?days=1.2.3.4.5.6.7&start=22.0&end=7.0&exitAtAlarm=true
05-19 16:34:29.469 687 762 D CompatibilityChangeReporter: Compat change id reported: 218533173; UID 10057; state: ENABLED
05-19 16:34:29.470 687 762 D CompatibilityChangeReporter: Compat change id reported: 262645982; UID 10057; state: ENABLED
05-19 16:34:29.470 687 687 D ConditionProviders.SCP: setRegistered true
05-19 16:34:29.471 687 762 D CompatibilityChangeReporter: Compat change id reported: 218533173; UID 10047; state: DISABLED
05-19 16:34:29.471 687 762 D CompatibilityChangeReporter: Compat change id reported: 262645982; UID 10047; state: DISABLED
05-19 16:34:29.472 687 762 D CompatibilityChangeReporter: Compat change id reported: 218533173; UID 10034; state: ENABLED
05-19 16:34:29.472 687 762 D CompatibilityChangeReporter: Compat change id reported: 262645982; UID 10034; state: ENABLED
05-19 16:34:29.473 687 835 W ActivityThread: Failed to find provider info for com.android.calendar (user not unlocked)
05-19 16:34:29.473 687 762 D CompatibilityChangeReporter: Compat change id reported: 218533173; UID 10065; state: ENABLED
05-19 16:34:29.473 687 835 W ActivityThread: Failed to find provider info for com.android.calendar (user not unlocked)
05-19 16:34:29.473 687 762 D CompatibilityChangeReporter: Compat change id reported: 262645982; UID 10065; state: ENABLED
05-19 16:34:29.479 687 835 D CompatibilityChangeReporter: Compat change id reported: 171306433; UID 1000; state: ENABLED
05-19 16:34:29.480 687 835 D CompatibilityChangeReporter: Compat change id reported: 218533173; UID 1000; state: ENABLED
05-19 16:34:29.481 687 687 D ConditionProviders.SCP: evaluateSubscriptionLocked cal=ScheduleCalendar[mDays={1, 2, 3, 4, 5, 6, 7}, mSchedule=ScheduleInfo{days=[1, 2, 3, 4, 5, 6, 7], startHour=22, startMinute=0, endHour=7, endMinute=0, exitAtAlarm=true, nextAlarm=Thu Jan 01 08:00:00 GMT+08:00 1970 (0)}], now=Mon May 19 16:34:29 GMT+08:00 2025 (1747643669470), nextUserAlarmTime=Thu Jan 01 08:00:00 GMT+08:00 1970 (0)
05-19 16:34:29.483 687 687 D ConditionProviders.SCP: notifyCondition condition://android/schedule?days=1.2.3.4.5.6.7&start=22.0&end=7.0&exitAtAlarm=true STATE_FALSE reason=!meetsSchedule
05-19 16:34:29.483 687 957 D CompatibilityChangeReporter: Compat change id reported: 168419799; UID 1068; state: DISABLED
05-19 16:34:29.484 687 957 D CompatibilityChangeReporter: Compat change id reported: 273564678; UID 1068; state: DISABLED
05-19 16:34:29.487 687 687 D ConditionProviders.SCP: Scheduling evaluate for Mon May 19 22:00:00 GMT+08:00 2025 (1747663200000), in +5h25m30s530ms, now=Mon May 19 16:34:29 GMT+08:00 2025 (1747643669470)
05-19 16:34:29.492 687 687 D HDMI : [R]: EF:86:10:00
05-19 16:34:29.502 687 687 D HDMI : addCecDevice new:CEC: logical_address: 0x0E device_type: 2 cec_version: 5 vendor_id: 16777215 display_name: Secondary_TV power_status: -1 physical_address: 0xFFFF port_id: -1 old:null
05-19 16:34:29.510 687 687 D CompatibilityChangeReporter: Compat change id reported: 135634846; UID 10053; state: DISABLED
05-19 16:34:29.511 687 717 D CompatibilityChangeReporter: Compat change id reported: 143937733; UID 10053; state: ENABLED
05-19 16:34:29.517 687 687 D HDMI : addCecDevice new:CEC: logical_address: 0x04 device_type: 4 cec_version: 5 vendor_id: 1877008 display_name: DBBOX-A3 power_status: 0 physical_address: 0x1000 port_id: 0 old:null
05-19 16:34:29.529 687 717 I ActivityManager: Start proc 1129:android.ext.services/u0a53 for service {android.ext.services/android.ext.services.autofill.InlineSuggestionRenderServiceImpl}
05-19 16:34:29.529 687 687 D HDMI : onInitializeCecComplete 1
05-19 16:34:29.530 687 762 D CompatibilityChangeReporter: Compat change id reported: 218533173; UID 10015; state: ENABLED
05-19 16:34:29.530 687 687 D HdmiControlService: Local device is under address allocation. Queue display callback for later process.
05-19 16:34:29.531 687 762 D CompatibilityChangeReporter: Compat change id reported: 262645982; UID 10015; state: ENABLED
05-19 16:34:29.531 687 687 D HDMI : onAddressAllocated address:4 reason:1
05-19 16:34:29.532 687 762 D CompatibilityChangeReporter: Compat change id reported: 218533173; UID 10014; state: ENABLED
05-19 16:34:29.532 687 762 D CompatibilityChangeReporter: Compat change id reported: 262645982; UID 10014; state: ENABLED
05-19 16:34:29.533 687 762 D CompatibilityChangeReporter: Compat change id reported: 218533173; UID 10009; state: ENABLED
05-19 16:34:29.533 687 858 D HDMI : [S]: 4F:84:10:00:04
05-19 16:34:29.534 687 762 D CompatibilityChangeReporter: Compat change id reported: 262645982; UID 10009; state: ENABLED
05-19 16:34:29.535 687 762 D CompatibilityChangeReporter: Compat change id reported: 218533173; UID 10027; state: DISABLED
05-19 16:34:29.535 687 762 D CompatibilityChangeReporter: Compat change id reported: 262645982; UID 10027; state: DISABLED
05-19 16:34:29.536 687 762 D CompatibilityChangeReporter: Compat change id reported: 218533173; UID 10044; state: DISABLED
05-19 16:34:29.536 687 762 D CompatibilityChangeReporter: Compat change id reported: 262645982; UID 10044; state: DISABLED
05-19 16:34:29.537 687 762 D CompatibilityChangeReporter: Compat change id reported: 218533173; UID 10046; state: DISABLED
05-19 16:34:29.541 687 762 D CompatibilityChangeReporter: Compat change id reported: 262645982; UID 10046; state: DISABLED
05-19 16:34:29.542 687 762 D CompatibilityChangeReporter: Compat change id reported: 218533173; UID 10024; state: ENABLED
05-19 16:34:29.542 687 762 D CompatibilityChangeReporter: Compat change id reported: 262645982; UID 10024; state: ENABLED
05-19 16:34:29.543 687 762 D CompatibilityChangeReporter: Compat change id reported: 218533173; UID 10038; state: ENABLED
05-19 16:34:29.544 687 762 D CompatibilityChangeReporter: Compat change id reported: 262645982; UID 10038; state: ENABLED
05-19 16:34:29.544 687 762 D CompatibilityChangeReporter: Compat change id reported: 218533173; UID 10031; state: ENABLED
05-19 16:34:29.545 687 762 D CompatibilityChangeReporter: Compat change id reported: 262645982; UID 10031; state: ENABLED
05-19 16:34:29.550 687 762 D CompatibilityChangeReporter: Compat change id reported: 218533173; UID 10051; state: ENABLED
05-19 16:34:29.550 687 762 D CompatibilityChangeReporter: Compat change id reported: 262645982; UID 10051; state: ENABLED
05-19 16:34:29.551 687 762 D CompatibilityChangeReporter: Compat change id reported: 218533173; UID 10070; state: ENABLED
05-19 16:34:29.551 687 762 D CompatibilityChangeReporter: Compat change id reported: 262645982; UID 10070; state: ENABLED
05-19 16:34:29.552 687 762 D CompatibilityChangeReporter: Compat change id reported: 218533173; UID 10006; state: ENABLED
05-19 16:34:29.553 687 762 D CompatibilityChangeReporter: Compat change id reported: 262645982; UID 10006; state: ENABLED
05-19 16:34:29.553 687 762 D CompatibilityChangeReporter: Compat change id reported: 218533173; UID 10021; state: ENABLED
05-19 16:34:29.554 687 762 D CompatibilityChangeReporter: Compat change id reported: 262645982; UID 10021; state: ENABLED
05-19 16:34:29.555 687 762 D CompatibilityChangeReporter: Compat change id reported: 218533173; UID 10075; state: DISABLED
05-19 16:34:29.555 687 762 D CompatibilityChangeReporter: Compat change id reported: 262645982; UID 10075; state: DISABLED
05-19 16:34:29.557 687 762 D CompatibilityChangeReporter: Compat change id reported: 218533173; UID 10001; state: ENABLED
05-19 16:34:29.557 687 762 D CompatibilityChangeReporter: Compat change id reported: 262645982; UID 10001; state: ENABLED
05-19 16:34:29.559 687 762 D CompatibilityChangeReporter: Compat change id reported: 218533173; UID 10032; state: ENABLED
05-19 16:34:29.559 687 762 D CompatibilityChangeReporter: Compat change id reported: 262645982; UID 10032; state: ENABLED
05-19 16:34:29.562 687 762 D CompatibilityChangeReporter: Compat change id reported: 218533173; UID 10003; state: ENABLED
05-19 16:34:29.563 687 762 D CompatibilityChangeReporter: Compat change id reported: 262645982; UID 10003; state: ENABLED
05-19 16:34:29.564 687 762 D CompatibilityChangeReporter: Compat change id reported: 218533173; UID 10053; state: ENABLED
05-19 16:34:29.565 687 762 D CompatibilityChangeReporter: Compat change id reported: 262645982; UID 10053; state: ENABLED
05-19 16:34:29.565 687 762 D CompatibilityChangeReporter: Compat change id reported: 218533173; UID 10063; state: ENABLED
05-19 16:34:29.567 687 687 D HDMI : DeviceDiscoveryAction start com.android.server.hdmi.DeviceDiscoveryAction@8364b9b
05-19 16:34:29.572 687 762 D CompatibilityChangeReporter: Compat change id reported: 262645982; UID 10063; state: ENABLED
05-19 16:34:29.572 687 762 D CompatibilityChangeReporter: Compat change id reported: 218533173; UID 10030; state: ENABLED
05-19 16:34:29.573 687 762 D CompatibilityChangeReporter: Compat change id reported: 262645982; UID 10030; state: ENABLED
05-19 16:34:29.574 687 762 D CompatibilityChangeReporter: Compat change id reported: 218533173; UID 10013; state: ENABLED
05-19 16:34:29.575 687 762 D CompatibilityChangeReporter: Compat change id reported: 262645982; UID 10013; state: ENABLED
05-19 16:34:29.577 687 762 D CompatibilityChangeReporter: Compat change id reported: 218533173; UID 10025; state: ENABLED
05-19 16:34:29.577 687 762 D CompatibilityChangeReporter: Compat change id reported: 262645982; UID 10025; state: ENABLED
05-19 16:34:29.580 687 762 D CompatibilityChangeReporter: Compat change id reported: 218533173; UID 10023; state: ENABLED
05-19 16:34:29.581 687 762 D CompatibilityChangeReporter: Compat change id reported: 262645982; UID 10023; state: ENABLED
05-19 16:34:29.582 687 762 D CompatibilityChangeReporter: Compat change id reported: 218533173; UID 10020; state: ENABLED
05-19 16:34:29.583 687 762 D CompatibilityChangeReporter: Compat change id reported: 262645982; UID 10020; state: ENABLED
05-19 16:34:29.583 687 762 D CompatibilityChangeReporter: Compat change id reported: 218533173; UID 10058; state: ENABLED
05-19 16:34:29.584 687 762 D CompatibilityChangeReporter: Compat change id reported: 262645982; UID 10058; state: ENABLED
05-19 16:34:29.584 687 701 D CompatibilityChangeReporter: Compat change id reported: 168419799; UID 10053; state: DISABLED
05-19 16:34:29.584 687 762 D CompatibilityChangeReporter: Compat change id reported: 218533173; UID 10022; state: ENABLED
05-19 16:34:29.585 687 701 D CompatibilityChangeReporter: Compat change id reported: 273564678; UID 10053; state: DISABLED
05-19 16:34:29.585 687 762 D CompatibilityChangeReporter: Compat change id reported: 262645982; UID 10022; state: ENABLED
05-19 16:34:29.590 687 687 D HDMI : receive android.intent.action.CONFIGURATION_CHANGED
05-19 16:34:29.594 887 887 V SystemUIBootTiming: StartServices com.android.systemui.accessibility.WindowMagnification took to complete: 162ms
05-19 16:34:29.595 687 687 D HDMI : receive android.intent.action.CONFIGURATION_CHANGED
05-19 16:34:29.601 687 687 I HdmiCecLocalDeviceSource: queryDisplayStatus already in progress
05-19 16:34:29.601 687 687 I PackageWatchdog: Syncing health check requests for packages: {}
05-19 16:34:29.601 687 687 I ExplicitHealthCheckController: Service not ready to get health check supported packages. Binding...
05-19 16:34:29.602 687 956 D CompatibilityChangeReporter: Compat change id reported: 161145287; UID 1068; state: ENABLED
05-19 16:34:29.603 687 687 I ExplicitHealthCheckController: Explicit health check service is bound
05-19 16:34:29.605 1073 1073 W ActivityThread: Failed to find provider info for bluetooth_legacy.provider (user not unlocked)
01-01 08:00:19.907 0 0 I [1 T216 ..] servicemanager: Could not find android.hardware.secure_element.ISecureElement/eSE1 in the VINTF manifest.
05-19 16:34:29.614 687 762 D CompatibilityChangeReporter: Compat change id reported: 218533173; UID 10000; state: ENABLED
05-19 16:34:29.614 687 762 D CompatibilityChangeReporter: Compat change id reported: 262645982; UID 10000; state: ENABLED
05-19 16:34:29.615 687 762 D CompatibilityChangeReporter: Compat change id reported: 218533173; UID 10011; state: ENABLED
05-19 16:34:29.616 687 762 D CompatibilityChangeReporter: Compat change id reported: 262645982; UID 10011; state: ENABLED
01-01 08:00:19.915 0 0 I [3 T216 ..] servicemanager: Could not find android.hardware.secure_element.ISecureElement/SIM1 in the VINTF manifest.
05-19 16:34:29.628 887 887 V SystemUIBootTiming: StartServices com.android.systemui.bouncer.domain.interactor.BouncerMessageAuditLogger took to complete: 34ms
05-19 16:34:29.629 887 887 V SystemUIBootTiming: StartServices com.android.systemui.broadcast.BroadcastDispatcherStartable took to complete: 0ms
05-19 16:34:29.634 687 701 D CompatibilityChangeReporter: Compat change id reported: 170503758; UID 10053; state: ENABLED
05-19 16:34:29.634 687 762 D CompatibilityChangeReporter: Compat change id reported: 218533173; UID 10041; state: DISABLED
05-19 16:34:29.634 687 762 D CompatibilityChangeReporter: Compat change id reported: 262645982; UID 10041; state: DISABLED
05-19 16:34:29.635 687 762 D CompatibilityChangeReporter: Compat change id reported: 218533173; UID 10067; state: DISABLED
05-19 16:34:29.635 687 762 D CompatibilityChangeReporter: Compat change id reported: 262645982; UID 10067; state: DISABLED
05-19 16:34:29.636 687 762 D CompatibilityChangeReporter: Compat change id reported: 218533173; UID 10043; state: ENABLED
05-19 16:34:29.637 687 762 D CompatibilityChangeReporter: Compat change id reported: 262645982; UID 10043; state: ENABLED
05-19 16:34:29.637 687 762 D CompatibilityChangeReporter: Compat change id reported: 218533173; UID 10010; state: ENABLED
05-19 16:34:29.638 687 762 D CompatibilityChangeReporter: Compat change id reported: 262645982; UID 10010; state: ENABLED
05-19 16:34:29.639 687 956 D CompatibilityChangeReporter: Compat change id reported: 261072174; UID 1000; state: ENABLED
05-19 16:34:29.639 687 762 D CompatibilityChangeReporter: Compat change id reported: 218533173; UID 10028; state: ENABLED
05-19 16:34:29.640 687 762 D CompatibilityChangeReporter: Compat change id reported: 262645982; UID 10028; state: ENABLED
05-19 16:34:29.641 887 887 V SystemUIBootTiming: StartServices com.android.systemui.flags.FeatureFlagsDebugStartable took to complete: 12ms
05-19 16:34:29.641 687 762 D CompatibilityChangeReporter: Compat change id reported: 218533173; UID 10049; state: DISABLED
05-19 16:34:29.642 687 762 D CompatibilityChangeReporter: Compat change id reported: 262645982; UID 10049; state: DISABLED
05-19 16:34:29.643 687 762 D CompatibilityChangeReporter: Compat change id reported: 218533173; UID 10072; state: ENABLED
05-19 16:34:29.644 687 762 D CompatibilityChangeReporter: Compat change id reported: 262645982; UID 10072; state: ENABLED
05-19 16:34:29.647 687 762 D CompatibilityChangeReporter: Compat change id reported: 218533173; UID 10019; state: ENABLED
05-19 16:34:29.648 687 762 D CompatibilityChangeReporter: Compat change id reported: 262645982; UID 10019; state: ENABLED
05-19 16:34:29.649 887 887 V SystemUIBootTiming: StartServices com.android.systemui.globalactions.GlobalActionsComponent took to complete: 8ms
05-19 16:34:29.650 687 762 D CompatibilityChangeReporter: Compat change id reported: 218533173; UID 10074; state: ENABLED
05-19 16:34:29.650 687 762 D CompatibilityChangeReporter: Compat change id reported: 262645982; UID 10074; state: ENABLED
05-19 16:34:29.651 887 887 V SystemUIBootTiming: StartServices com.android.systemui.keyboard.KeyboardUI took to complete: 1ms
05-19 16:34:29.651 687 762 D CompatibilityChangeReporter: Compat change id reported: 218533173; UID 10064; state: ENABLED
05-19 16:34:29.652 687 762 D CompatibilityChangeReporter: Compat change id reported: 262645982; UID 10064; state: ENABLED
05-19 16:34:29.658 687 762 D CompatibilityChangeReporter: Compat change id reported: 218533173; UID 10052; state: ENABLED
05-19 16:34:29.659 687 762 D CompatibilityChangeReporter: Compat change id reported: 218533173; UID 10007; state: ENABLED
05-19 16:34:29.659 887 887 V SystemUIBootTiming: StartServices com.android.systemui.keyguard.ResourceTrimmer took to complete: 8ms
05-19 16:34:29.660 687 762 D CompatibilityChangeReporter: Compat change id reported: 262645982; UID 10007; state: ENABLED
05-19 16:34:29.671 687 762 D CompatibilityChangeReporter: Compat change id reported: 218533173; UID 10062; state: ENABLED
05-19 16:34:29.672 687 762 D CompatibilityChangeReporter: Compat change id reported: 262645982; UID 10062; state: ENABLED
05-19 16:34:29.673 687 762 D CompatibilityChangeReporter: Compat change id reported: 218533173; UID 10069; state: ENABLED
05-19 16:34:29.673 687 762 D CompatibilityChangeReporter: Compat change id reported: 262645982; UID 10069; state: ENABLED
05-19 16:34:29.676 687 762 D CompatibilityChangeReporter: Compat change id reported: 218533173; UID 10033; state: ENABLED
05-19 16:34:29.676 687 762 D CompatibilityChangeReporter: Compat change id reported: 262645982; UID 10033; state: DISABLED
05-19 16:34:29.678 687 762 D CompatibilityChangeReporter: Compat change id reported: 218533173; UID 10002; state: ENABLED
05-19 16:34:29.679 687 762 D CompatibilityChangeReporter: Compat change id reported: 262645982; UID 10002; state: ENABLED
05-19 16:34:29.680 687 762 D CompatibilityChangeReporter: Compat change id reported: 218533173; UID 10060; state: ENABLED
05-19 16:34:29.680 687 762 D CompatibilityChangeReporter: Compat change id reported: 262645982; UID 10060; state: ENABLED
05-19 16:34:29.681 687 762 D CompatibilityChangeReporter: Compat change id reported: 218533173; UID 10054; state: ENABLED
05-19 16:34:29.682 687 762 D CompatibilityChangeReporter: Compat change id reported: 262645982; UID 10054; state: ENABLED
05-19 16:34:29.683 687 762 D CompatibilityChangeReporter: Compat change id reported: 218533173; UID 10012; state: ENABLED
05-19 16:34:29.684 687 762 D CompatibilityChangeReporter: Compat change id reported: 262645982; UID 10012; state: ENABLED
05-19 16:34:29.685 687 858 D HDMI : [S]: 4F:87:1C:A4:10
05-19 16:34:29.688 887 887 V SystemUIBootTiming: StartServices com.android.systemui.keyguard.domain.interactor.KeyguardTransitionCoreStartable took to complete: 28ms
05-19 16:34:29.689 687 957 D CompatibilityChangeReporter: Compat change id reported: 161145287; UID 1002; state: ENABLED
05-19 16:34:29.691 887 887 V SystemUIBootTiming: StartServices com.android.systemui.keyguard.domain.interactor.SystemUIKeyguardFaceAuthInteractor took to complete: 2ms
05-19 16:34:29.693 887 887 V SystemUIBootTiming: StartServices com.android.systemui.media.RingtonePlayer took to complete: 2ms
05-19 16:34:29.694 887 887 V SystemUIBootTiming: StartServices com.android.systemui.media.systemsounds.HomeSoundEffectController took to complete: 0ms
05-19 16:34:29.696 887 887 V SystemUIBootTiming: StartServices com.android.systemui.motiontool.MotionToolStartable took to complete: 1ms
05-19 16:34:29.727 687 762 D CompatibilityChangeReporter: Compat change id reported: 265195908; UID 1068; state: ENABLED
05-19 16:34:29.729 887 887 V SystemUIBootTiming: StartServices com.android.systemui.power.PowerUI took to complete: 33ms
05-19 16:34:29.751 887 887 V SystemUIBootTiming: StartServices com.android.systemui.privacy.television.TvPrivacyChipsController took to complete: 22ms
05-19 16:34:29.751 887 887 V SystemUIBootTiming: StartServices com.android.systemui.qs.QSFragmentStartable took to complete: 0ms
05-19 16:34:29.764 687 762 D CompatibilityChangeReporter: Compat change id reported: 265195908; UID 10053; state: ENABLED
01-01 08:00:20.063 0 0 E [0 T216 ..] servicemanager: VINTF HALs require names in the format type/instance (e.g. some.package.foo.IFoo/default) but got: suspend_control
01-01 08:00:20.065 0 0 I [0 T216 ..] servicemanager: Could not find android.hardware.bluetooth.IBluetoothHci/default in the VINTF manifest.
05-19 16:34:29.788 687 956 D HDMI : Process pid:1088 is calling addHotplugEventListener
01-01 08:00:20.081 0 0 I [0 T465 ..] [wireless]: [wifi_power_ioctl] aml module chip is aml_w2_s
01-01 08:00:20.099 0 0 I [1 T465 ..] [wireless]: BT_RADIO going: on
01-01 08:00:20.100 0 0 I [1 T465 ..] [wireless]: AML_BT: going ON,btpower_evt=0
05-19 16:34:29.836 887 887 V SystemUIBootTiming: StartServices com.android.systemui.qs.pipeline.domain.startable.QSPipelineCoreStartable took to complete: 85ms
05-19 16:34:29.841 687 858 D HDMI : [S]: 40:8C
05-19 16:34:29.843 687 687 W Looper : Slow dispatch took 238ms main h=android.app.ActivityThread$H c=null m=114
05-19 16:34:29.843 887 887 V SystemUIBootTiming: StartServices com.android.systemui.scene.domain.startable.SceneContainerStartable took to complete: 7ms
05-19 16:34:29.843 887 887 V SystemUIBootTiming: StartServices com.android.systemui.settings.UserFileManagerImpl took to complete: 0ms
05-19 16:34:29.844 887 887 V SystemUIBootTiming: StartServices com.android.systemui.shortcut.ShortcutKeyDispatcher took to complete: 1ms
05-19 16:34:29.847 687 687 D CompatibilityChangeReporter: Compat change id reported: 161145287; UID 1000; state: ENABLED
05-19 16:34:29.848 687 687 D CompatibilityChangeReporter: Compat change id reported: 161145287; UID 1000; state: DISABLED
05-19 16:34:29.850 887 887 V SystemUIBootTiming: StartServices com.android.systemui.statusbar.notification.InstantAppNotifier took to complete: 6ms
05-19 16:34:29.854 687 687 I MR2ServiceImpl: addProviderRoutes | provider: com.android.server.media/.SystemMediaRoute2Provider, routes: [DEVICE_ROUTE | 电视]
05-19 16:34:29.856 887 887 V SystemUIBootTiming: StartServices com.android.systemui.statusbar.notification.interruption.KeyguardNotificationVisibilityProviderImpl took to complete: 6ms
05-19 16:34:29.857 687 687 D WallpaperManagerService: WPMS.onServiceConnected-ComponentInfo{com.android.systemui/com.android.systemui.wallpapers.ImageWallpaper}
05-19 16:34:29.857 687 687 D WallpaperManagerService: WPMS.attachServiceLocked
05-19 16:34:29.858 687 687 D WallpaperManagerService: WPMS.connectLocked-ComponentInfo{com.android.systemui/com.android.systemui.wallpapers.ImageWallpaper}
05-19 16:34:29.859 687 687 V WallpaperManagerService: WPMS.connectLocked-ComponentInfo{com.android.systemui/com.android.systemui.wallpapers.ImageWallpaper} took to complete: 1ms
05-19 16:34:29.859 687 687 V WallpaperManagerService: WPMS.attachServiceLocked took to complete: 3ms
05-19 16:34:29.860 687 687 D WallpaperManagerService: WPMS.saveSettingsLocked-0
05-19 16:34:29.861 887 887 V SystemUIBootTiming: StartServices com.android.systemui.statusbar.notification.logging.NotificationMemoryMonitor took to complete: 5ms
05-19 16:34:29.861 887 887 V SystemUIBootTiming: StartServices com.android.systemui.statusbar.phone.LetterboxBackgroundProvider took to complete: 0ms
05-19 16:34:29.864 687 687 V WallpaperManagerService: WPMS.saveSettingsLocked-0 took to complete: 4ms
05-19 16:34:29.864 687 687 V WallpaperManagerService: WPMS.onServiceConnected-ComponentInfo{com.android.systemui/com.android.systemui.wallpapers.ImageWallpaper} took to complete: 7ms
05-19 16:34:29.864 887 887 V SystemUIBootTiming: StartServices com.android.systemui.statusbar.pipeline.mobile.data.repository.CarrierConfigCoreStartable took to complete: 2ms
05-19 16:34:29.864 687 687 D WallpaperManagerService: WPMS.onServiceConnected-ComponentInfo{com.android.systemui/com.android.systemui.wallpapers.ImageWallpaper}
05-19 16:34:29.864 687 687 D WallpaperManagerService: WPMS.attachServiceLocked
05-19 16:34:29.864 687 687 V WallpaperManagerService: WPMS.attachServiceLocked took to complete: 0ms
05-19 16:34:29.864 687 687 V WallpaperManagerService: WPMS.onServiceConnected-ComponentInfo{com.android.systemui/com.android.systemui.wallpapers.ImageWallpaper} took to complete: 0ms
05-19 16:34:29.880 687 957 W WindowManager: [addWindow] title:com.android.systemui.wallpapers.ImageWallpaper
05-19 16:34:29.881 687 957 D CompatibilityChangeReporter: Compat change id reported: 168419799; UID 10052; state: DISABLED
05-19 16:34:29.881 687 957 D CompatibilityChangeReporter: Compat change id reported: 273564678; UID 10052; state: DISABLED
05-19 16:34:29.901 687 687 D HDMI : addCecDevice new:CEC: logical_address: 0x0E device_type: 2 cec_version: 5 vendor_id: 16777215 display_name: Secondary_TV power_status: -1 physical_address: 0xFFFF port_id: -1 old:null
01-01 08:00:20.196 0 0 I [3 T216 ..] servicemanager: Could not find android.hardware.input.processor.IInputProcessor/default in the VINTF manifest.
05-19 16:34:29.904 687 687 D HdmiControlService: Switching to full volume behavior
05-19 16:34:29.906 687 687 D HDMI : setActiveSource logical:0x04 physical:0x1000 HdmiCecLocalDeviceSource#handleSetStreamPath()
05-19 16:34:29.909 687 687 D HDMI : ActiveSourceHistoryRecord active source=(0x04, 0x1000) isActiveSource=true from=HdmiCecLocalDeviceSource#handleSetStreamPath()
05-19 16:34:29.910 687 687 D HDMI : No wakelock is used to keep the display on.
05-19 16:34:29.910 687 687 D HDMI : setActiveSource logical:0x04 physical:0x1000 ActiveSourceAction
05-19 16:34:29.914 687 687 D HDMI : ActiveSourceHistoryRecord active source=(0x04, 0x1000) isActiveSource=true from=ActiveSourceAction
05-19 16:34:29.914 687 687 D AudioService: onHdmiCecVolumeControlFeature enabled:false
01-01 08:00:20.212 0 0 W : [1 T1062 ..] [aml_android_priv_ioctl 128] vif idx=0 cmd=SETSUSPENDMODE 1
01-01 08:00:20.213 0 0 W : [1 T1062 ..] [aml_android_set_suspend_mode 77] set google_cast 1
05-19 16:34:29.920 687 687 I ExplicitHealthCheckController: Explicit health check service is connected ComponentInfo{android.ext.services/android.ext.services.watchdog.ExplicitHealthCheckServiceImpl}
05-19 16:34:29.921 687 687 I ExplicitHealthCheckController: Service initialized, syncing requests
05-19 16:34:29.928 687 837 D AudioService: setWiredDeviceConnectionState( type:400 state:DEVICE_STATE_AVAILABLE addr: name:) from android
05-19 16:34:29.929 687 837 I AS.AudioDeviceInventory: handleDeviceConnection(true dev:400 address: name:)
05-19 16:34:29.929 687 837 I AS.AudioDeviceInventory: deviceKey:0x400:
05-19 16:34:29.929 687 837 I AS.AudioDeviceInventory: deviceInfo:null is(already)Connected:false
01-01 08:00:20.230 0 0 W : [3 T1062 ..] [aml_android_priv_ioctl 128] vif idx=0 cmd=SETSUSPENDMODE 0
01-01 08:00:20.230 0 0 W : [3 T1062 ..] [aml_android_set_suspend_mode 77] set google_cast 0
05-19 16:34:29.940 687 956 D CompatibilityChangeReporter: Compat change id reported: 182478738; UID 10052; state: ENABLED
05-19 16:34:29.943 687 687 D SystemServerTiming: ManagedServices.unbindOtherUserServices_current0
05-19 16:34:29.943 687 687 V SystemServerTiming: ManagedServices.unbindOtherUserServices_current0 took to complete: 0ms
05-19 16:34:29.943 687 687 D SystemServerTiming: ManagedServices.unbindOtherUserServices_current0
05-19 16:34:29.943 687 687 V SystemServerTiming: ManagedServices.unbindOtherUserServices_current0 took to complete: 0ms
05-19 16:34:29.943 687 687 D SystemServerTiming: ManagedServices.unbindOtherUserServices_current0
05-19 16:34:29.944 687 687 V SystemServerTiming: ManagedServices.unbindOtherUserServices_current0 took to complete: 0ms
05-19 16:34:29.944 687 687 V NotificationAssistants: enabling notification assistant for 0: ComponentInfo{android.ext.services/android.ext.services.notification.Assistant}
05-19 16:34:29.945 687 687 V NotificationAssistants: binding: Intent { act=android.service.notification.NotificationAssistantService cmp=android.ext.services/.notification.Assistant (has extras) }
05-19 16:34:29.949 687 687 D OomAdjuster: Not killing cached processes
01-01 08:00:20.244 0 0 I [2 T647 ..] audio_ddr_mngr: frddrs[1] released by device fe330000.audiobus:spdif@0
01-01 08:00:20.245 0 0 D [2 T647 ..] [snd-soc]: spdif_a is set to disable
01-01 08:00:20.245 0 0 I [2 T647 ..] [snd-soc]: aml_audio_reset, reg 0xa, shift 9, use_vadtop 0
01-01 08:00:20.246 0 0 I [2 T647 ..] [snd-soc]: aml_audio_reset, reg 0xa, shift 14, use_vadtop 0
01-01 08:00:20.247 0 0 I [2 T647 ..] [snd-soc]: hdmitx src switch to spdif 0
01-01 08:00:20.247 0 0 I [2 T647 ..] [snd-soc]: sharebuffer_spdifout_prepare get_hdmitx_audio_src(rtd->card):0 spdif_id:0
01-01 08:00:20.249 0 0 I [2 T647 ..] [hdmitx: ] hdmitx_audio_notify_callback[804] type:1 rate:0 size:0 chs:0 i2s_ch_mask:0 aud_src_if:0
01-01 08:00:20.250 0 0 E [2 T647 ..] [hdmitx: ] *HDMITX_ERROR* audio chn setting, must be 2, 4, 6 or 8, Rst as def
01-01 08:00:20.251 0 0 I [2 T647 ..] [hdmitx: ] aout notify format CT_PCM
01-01 08:00:20.252 0 0 I [2 T647 ..] [hdmitx: ] set audio
01-01 08:00:20.252 0 0 I [2 T647 ..] [hdmitx: ] audio_param->chs = -1
05-19 16:34:29.954 887 887 V SystemUIBootTiming: StartServices com.android.systemui.statusbar.pipeline.mobile.ui.MobileUiAdapter took to complete: 90ms
05-19 16:34:29.956 887 887 V SystemUIBootTiming: StartServices com.android.systemui.statusbar.pipeline.wifi.data.repository.WifiRepositoryDagger took to complete: 1ms
01-01 08:00:20.253 0 0 I [2 T647 ..] [hdmitx: ] aud_src_if = 0
01-01 08:00:20.254 0 0 I [2 T647 ..] [hdmitx: ] aud_n_para = 5824
01-01 08:00:20.254 0 0 I [2 T647 ..] [hdmitx: ] set audio param
01-01 08:00:20.255 0 0 D [2 T647 ..] [snd-soc]: spdif_a fifo ctrl, frddr:0 type:1, 16 bits, chmask 0x3, swap 0x10
01-01 08:00:20.255 0 0 I [2 T647 ..] [hdmitx: ] hdmitx_audio_notify_callback[804] type:1 rate:3 size:1 chs:2 i2s_ch_mask:1 aud_src_if:0
01-01 08:00:20.256 0 0 I [2 T647 ..] [hdmitx: ] aout notify format CT_PCM
05-19 16:34:29.959 687 953 I StatusBarManagerService: registerStatusBar bar=com.android.internal.statusbar.IStatusBar$Stub$Proxy@2a675e4
05-19 16:34:29.960 887 887 V SystemUIBootTiming: StartServices com.android.systemui.statusbar.tv.TvStatusBar took to complete: 4ms
01-01 08:00:20.257 0 0 I [2 T647 ..] [hdmitx: ] set audio
01-01 08:00:20.257 0 0 I [2 T647 ..] [hdmitx: ] audio_param->chs = 1
01-01 08:00:20.258 0 0 I [2 T647 ..] [hdmitx: ] aud_src_if = 0
01-01 08:00:20.259 0 0 I [2 T647 ..] [hdmitx: ] aud_n_para = 5824
01-01 08:00:20.259 0 0 I [2 T647 ..] [hdmitx: ] set audio param
01-01 08:00:20.263 0 0 D [2 T647 ..] [snd-soc]: spdif_a is set to enable
05-19 16:34:29.967 887 887 V SystemUIBootTiming: StartServices com.android.systemui.statusbar.tv.VpnStatusObserver took to complete: 7ms
01-01 08:00:20.266 0 0 I [2 T647 ..] [snd-soc]: release_spdif_same_src(), 1039 src sel 3
01-01 08:00:20.266 0 0 I [2 T647 ..] [snd-soc]: ss_free() samesrc 3, lvl 1
01-01 08:00:20.267 0 0 I [2 T647 ..] audio_ddr_mngr: frddrs[1] registered by device fe330000.audiobus:spdif@0
01-01 08:00:20.268 0 0 D [2 T647 ..] [snd-soc]: aml_spdif_fifo_ctrl, bit depth:16, frddr type:1, toddr:type:1
05-19 16:34:29.971 887 887 V SystemUIBootTiming: StartServices com.android.systemui.statusbar.tv.notifications.TvNotificationHandler took to complete: 4ms
05-19 16:34:29.971 887 887 V SystemUIBootTiming: StartServices com.android.systemui.statusbar.tv.notifications.TvNotificationPanel took to complete: 0ms
01-01 08:00:20.271 0 0 I [2 T647 ..] [snd-soc]: aml_audio_reset, reg 0xa, shift 9, use_vadtop 0
01-01 08:00:20.271 0 0 I [2 T647 ..] [snd-soc]: aml_audio_reset, reg 0xa, shift 14, use_vadtop 0
01-01 08:00:20.272 0 0 I [2 T647 ..] [hdmitx: ] hdmitx_audio_notify_callback[804] type:1 rate:3 size:1 chs:2 i2s_ch_mask:0 aud_src_if:1
01-01 08:00:20.273 0 0 E [2 T647 ..] [hdmitx: ] *HDMITX_ERROR* audio chn msk, must larger than 0
