05-19 16:34:27.142 887 930 V WindowManagerShell: DefaultTransitionHandler init took 32ms
05-19 16:34:27.144 887 930 V WindowManagerShell: Adding external interface from Transitions with key extra_shell_shell_transitions
05-19 16:34:27.150 687 687 V SystemServerTiming: StartNetworkStack took to complete: 21ms
05-19 16:34:27.151 687 687 D SystemServerTiming: StartTethering
05-19 16:34:27.151 687 717 I ActivityManager: Start proc 938:com.android.networkstack.process/1073 for service {com.android.networkstack/com.android.server.NetworkStackService}
05-19 16:34:27.153 687 687 V SystemServerTiming: StartTethering took to complete: 2ms
05-19 16:34:27.153 687 687 D SystemServerTiming: MakeCountryDetectionServiceReady
05-19 16:34:27.153 687 687 V SystemServerTiming: MakeCountryDetectionServiceReady took to complete: 0ms
05-19 16:34:27.153 687 687 D SystemServerTiming: MakeNetworkTimeUpdateReady
05-19 16:34:27.154 887 930 V WindowManagerShell: Adding command class transitions for Transitions
05-19 16:34:27.154 887 930 V WindowManagerShell: Transitions init took 11ms
05-19 16:34:27.154 887 930 V WindowManagerShell: FullscreenTaskListener init took 1ms
05-19 16:34:27.155 687 687 V SystemServerTiming: MakeNetworkTimeUpdateReady took to complete: 2ms
05-19 16:34:27.155 687 687 D SystemServerTiming: MakeInputManagerServiceReady
05-19 16:34:27.157 887 930 V WindowManagerShell: addHandler: ActivityEmbeddingController
05-19 16:34:27.157 887 930 V WindowManagerShell: ActivityEmbeddingController init took 2ms
05-19 16:34:27.157 887 930 V WindowManagerShell: Adding external interface from StartingWindowController with key extra_shell_starting_window
05-19 16:34:27.157 887 930 V WindowManagerShell: StartingWindowController init took 0ms
05-19 16:34:27.157 887 930 V WindowManagerShell: Adding command class protolog for ProtoLogController
05-19 16:34:27.157 887 930 V WindowManagerShell: ProtoLogController init took 0ms
05-19 16:34:27.157 887 930 V WindowManagerShell: addHandler: TvPipTransition
01-01 08:00:17.454 0 0 W : [2 T508 ..]
01-01 08:00:17.454 0 0 W : [2 T508 ..] ==========================================
01-01 08:00:17.455 0 0 W : [2 T508 ..] aml_sdio_remove++ func->num =3
01-01 08:00:17.455 0 0 W : [2 T508 ..] ==========================================
05-19 16:34:27.157 887 930 V WindowManagerShell: TvPipTransition init took 0ms
01-01 08:00:17.458 0 0 W : [2 T508 ..]
01-01 08:00:17.458 0 0 W : [2 T508 ..] ==========================================
01-01 08:00:17.458 0 0 W : [2 T508 ..] aml_sdio_remove++ func->num =2
01-01 08:00:17.459 0 0 W : [2 T508 ..] ==========================================
01-01 08:00:17.462 0 0 W : [2 T508 ..]
01-01 08:00:17.462 0 0 W : [2 T508 ..] ==========================================
01-01 08:00:17.463 0 0 W : [2 T508 ..] aml_sdio_remove++ func->num =1
01-01 08:00:17.463 0 0 W : [2 T508 ..] ==========================================
01-01 08:00:17.464 0 0 W : [1 T508 ..] *****************aml sdio common driver is rmmoded********************
05-19 16:34:27.167 477 508 I android.hardware.wifi-service.droidlogic: found the match wifi is: aml_w2_s
05-19 16:34:27.168 477 508 I android.hardware.wifi-service.droidlogic: insmod driver: /vendor/lib/modules/w2_comm.ko
05-19 16:34:27.169 687 687 V SystemServerTiming: MakeInputManagerServiceReady took to complete: 14ms
05-19 16:34:27.169 687 687 D SystemServerTiming: MakeTelephonyRegistryReady
05-19 16:34:27.169 687 687 V SystemServerTiming: MakeTelephonyRegistryReady took to complete: 0ms
05-19 16:34:27.170 687 687 D SystemServerTiming: MakeMediaRouterServiceReady
05-19 16:34:27.170 687 687 I MR2ServiceImpl: switchUser | user: 0
05-19 16:34:27.171 687 687 V SystemServerTiming: MakeMediaRouterServiceReady took to complete: 1ms
05-19 16:34:27.171 687 687 D SystemServerTiming: IncidentDaemonReady
05-19 16:34:27.173 687 687 V SystemServerTiming: IncidentDaemonReady took to complete: 2ms
05-19 16:34:27.173 687 687 D SystemServerTiming: MakeIncrementalServiceReady
05-19 16:34:27.173 687 687 V SystemServerTiming: MakeIncrementalServiceReady took to complete: 0ms
05-19 16:34:27.173 687 687 D SystemServerTiming: OdsignStatsLogger
05-19 16:34:27.173 687 687 V SystemServerTiming: OdsignStatsLogger took to complete: 0ms
05-19 16:34:27.174 687 687 D SystemServerTiming: getCurrentUser
05-19 16:34:27.174 687 687 I ActivityManager: Current user:0
05-19 16:34:27.174 687 687 V SystemServerTiming: getCurrentUser took to complete: 0ms
05-19 16:34:27.174 687 687 D SystemServerTiming: ActivityManagerStartApps
05-19 16:34:27.174 687 687 D SystemServerTimingAsync: ssm.StartUser-0
05-19 16:34:27.175 687 687 I SystemServiceManager: Calling onStartUser 0
05-19 16:34:27.175 687 687 D SystemServerTimingAsync: ssm.onStartUser-0_com.android.server.security.FileIntegrityService
05-19 16:34:27.175 687 687 V SystemServerTimingAsync: ssm.onStartUser-0_com.android.server.security.FileIntegrityService took to complete: 0ms
05-19 16:34:27.175 687 687 D SystemServerTimingAsync: ssm.onStartUser-0_com.android.server.pm.Installer
05-19 16:34:27.175 687 687 V SystemServerTimingAsync: ssm.onStartUser-0_com.android.server.pm.Installer took to complete: 0ms
05-19 16:34:27.175 687 687 D SystemServerTimingAsync: ssm.onStartUser-0_com.android.server.os.DeviceIdentifiersPolicyService
05-19 16:34:27.175 687 687 V SystemServerTimingAsync: ssm.onStartUser-0_com.android.server.os.DeviceIdentifiersPolicyService took to complete: 0ms
05-19 16:34:27.175 687 687 D SystemServerTimingAsync: ssm.onStartUser-0_com.android.server.flags.FeatureFlagsService
05-19 16:34:27.175 687 687 V SystemServerTimingAsync: ssm.onStartUser-0_com.android.server.flags.FeatureFlagsService took to complete: 0ms
05-19 16:34:27.175 687 687 D SystemServerTimingAsync: ssm.onStartUser-0_com.android.server.uri.UriGrantsManagerService$Lifecycle
05-19 16:34:27.175 687 687 V SystemServerTimingAsync: ssm.onStartUser-0_com.android.server.uri.UriGrantsManagerService$Lifecycle took to complete: 0ms
05-19 16:34:27.175 687 687 D SystemServerTimingAsync: ssm.onStartUser-0_com.android.server.powerstats.PowerStatsService
05-19 16:34:27.175 687 687 V SystemServerTimingAsync: ssm.onStartUser-0_com.android.server.powerstats.PowerStatsService took to complete: 0ms
05-19 16:34:27.175 687 687 D SystemServerTimingAsync: ssm.onStartUser-0_com.android.server.permission.access.AccessCheckingService
05-19 16:34:27.175 687 687 V SystemServerTimingAsync: ssm.onStartUser-0_com.android.server.permission.access.AccessCheckingService took to complete: 0ms
05-19 16:34:27.175 687 687 D SystemServerTimingAsync: ssm.onStartUser-0_com.android.server.wm.ActivityTaskManagerService$Lifecycle
05-19 16:34:27.175 687 687 V SystemServerTimingAsync: ssm.onStartUser-0_com.android.server.wm.ActivityTaskManagerService$Lifecycle took to complete: 0ms
05-19 16:34:27.175 687 687 D SystemServerTimingAsync: ssm.onStartUser-0_com.android.server.am.ActivityManagerService$Lifecycle
05-19 16:34:27.175 687 687 V SystemServerTimingAsync: ssm.onStartUser-0_com.android.server.am.ActivityManagerService$Lifecycle took to complete: 0ms
05-19 16:34:27.175 687 687 D SystemServerTimingAsync: ssm.onStartUser-0_com.android.server.pm.DataLoaderManagerService
05-19 16:34:27.175 687 687 V SystemServerTimingAsync: ssm.onStartUser-0_com.android.server.pm.DataLoaderManagerService took to complete: 0ms
05-19 16:34:27.175 687 687 D SystemServerTimingAsync: ssm.onStartUser-0_com.android.server.power.PowerManagerService
05-19 16:34:27.175 687 687 V SystemServerTimingAsync: ssm.onStartUser-0_com.android.server.power.PowerManagerService took to complete: 0ms
05-19 16:34:27.175 687 687 D SystemServerTimingAsync: ssm.onStartUser-0_com.android.server.power.ThermalManagerService
05-19 16:34:27.175 687 687 V SystemServerTimingAsync: ssm.onStartUser-0_com.android.server.power.ThermalManagerService took to complete: 0ms
05-19 16:34:27.176 687 687 D SystemServerTimingAsync: ssm.onStartUser-0_com.android.server.power.hint.HintManagerService
05-19 16:34:27.176 687 687 V SystemServerTimingAsync: ssm.onStartUser-0_com.android.server.power.hint.HintManagerService took to complete: 0ms
05-19 16:34:27.176 687 687 D SystemServerTimingAsync: ssm.onStartUser-0_com.android.server.recoverysystem.RecoverySystemService$Lifecycle
05-19 16:34:27.176 687 687 V SystemServerTimingAsync: ssm.onStartUser-0_com.android.server.recoverysystem.RecoverySystemService$Lifecycle took to complete: 0ms
05-19 16:34:27.176 687 687 D SystemServerTimingAsync: ssm.onStartUser-0_com.android.server.lights.LightsService
05-19 16:34:27.176 687 687 V SystemServerTimingAsync: ssm.onStartUser-0_com.android.server.lights.LightsService took to complete: 0ms
05-19 16:34:27.176 687 687 D SystemServerTimingAsync: ssm.onStartUser-0_com.android.server.display.DisplayManagerService
05-19 16:34:27.176 687 687 V SystemServerTimingAsync: ssm.onStartUser-0_com.android.server.display.DisplayManagerService took to complete: 0ms
05-19 16:34:27.176 687 687 D SystemServerTimingAsync: ssm.onStartUser-0_com.android.server.pm.verify.domain.DomainVerificationService
05-19 16:34:27.176 687 687 V SystemServerTimingAsync: ssm.onStartUser-0_com.android.server.pm.verify.domain.DomainVerificationService took to complete: 0ms
05-19 16:34:27.176 687 687 D SystemServerTimingAsync: ssm.onStartUser-0_com.android.server.pm.PackageInstallerService$Lifecycle
05-19 16:34:27.176 687 687 V SystemServerTimingAsync: ssm.onStartUser-0_com.android.server.pm.PackageInstallerService$Lifecycle took to complete: 0ms
05-19 16:34:27.176 687 687 D SystemServerTimingAsync: ssm.onStartUser-0_com.android.server.pm.UserManagerService$LifeCycle
05-19 16:34:27.176 687 687 V SystemServerTimingAsync: ssm.onStartUser-0_com.android.server.pm.UserManagerService$LifeCycle took to complete: 0ms
05-19 16:34:27.178 687 687 D SystemServerTimingAsync: ssm.onStartUser-0_com.android.server.om.OverlayManagerService
01-01 08:00:17.465 0 0 W : [1 T508 ..] rmmod aml wifi comm
01-01 08:00:17.474 0 0 I : [1 T508 ..] aml_init_wlan_mem ok
01-01 08:00:17.475 0 0 W [3 T508 ..] aml_sdio_probe(177): func->num 1 sdio block size=512,
01-01 08:00:17.475 0 0 W [3 T508 ..] aml_sdio_probe(187): func->num 1 sdio_func=0000000048ac3e76,
01-01 08:00:17.477 0 0 W [3 T508 ..] aml_sdio_probe(194): func_num=1, last func num=7
05-19 16:34:27.182 887 930 V WindowManagerShell: TvPipController init took 23ms
05-19 16:34:27.182 887 930 V WindowManagerShell: addHandler: KeyguardTransitionHandler
05-19 16:34:27.182 887 930 V WindowManagerShell: KeyguardTransitionHandler init took 0ms
01-01 08:00:17.481 0 0 W [0 T508 ..] aml_sdio_probe(177): func->num 2 sdio block size=512,
01-01 08:00:17.482 0 0 W [0 T508 ..] aml_sdio_probe(187): func->num 2 sdio_func=0000000088557e31,
01-01 08:00:17.483 0 0 W [0 T508 ..] aml_sdio_probe(194): func_num=2, last func num=7
01-01 08:00:17.485 0 0 W [0 T508 ..] aml_sdio_probe(177): func->num 3 sdio block size=512,
01-01 08:00:17.486 0 0 W [0 T508 ..] aml_sdio_probe(187): func->num 3 sdio_func=0000000011c3b743,
01-01 08:00:17.487 0 0 W [0 T508 ..] aml_sdio_probe(194): func_num=3, last func num=7
01-01 08:00:17.488 0 0 W [1 T508 ..] aml_sdio_probe(177): func->num 4 sdio block size=512,
01-01 08:00:17.488 0 0 W [1 T508 ..] aml_sdio_probe(187): func->num 4 sdio_func=000000000f9c9f79,
01-01 08:00:17.489 0 0 W [1 T508 ..] aml_sdio_probe(194): func_num=4, last func num=7
01-01 08:00:17.492 0 0 W [1 T508 ..] aml_sdio_probe(177): func->num 5 sdio block size=512,
01-01 08:00:17.493 0 0 W [1 T508 ..] aml_sdio_probe(187): func->num 5 sdio_func=00000000b55c9dfe,
01-01 08:00:17.494 0 0 W [1 T508 ..] aml_sdio_probe(194): func_num=5, last func num=7
01-01 08:00:17.495 0 0 W [1 T508 ..] aml_sdio_probe(177): func->num 6 sdio block size=512,
01-01 08:00:17.495 0 0 W [1 T508 ..] aml_sdio_probe(187): func->num 6 sdio_func=00000000a9a6bc4c,
01-01 08:00:17.496 0 0 W [1 T508 ..] aml_sdio_probe(194): func_num=6, last func num=7
01-01 08:00:17.501 0 0 W [1 T508 ..] aml_sdio_probe(177): func->num 7 sdio block size=512,
01-01 08:00:17.501 0 0 W [1 T508 ..] aml_sdio_probe(187): func->num 7 sdio_func=000000004a44a827,
01-01 08:00:17.502 0 0 W [1 T508 ..] aml_sdio_probe: 197, sdio probe success
01-01 08:00:17.503 0 0 I : [1 T508 ..] sectoin 25, size 327680
01-01 08:00:17.504 0 0 W : [1 T508 ..] *****************aml sdio common driver is insmoded********************
01-01 08:00:17.505 0 0 W : [1 T508 ..] aml_sdio_insmod(449) start...
05-19 16:34:27.207 477 508 I android.hardware.wifi-service.droidlogic: insmod driver: /vendor/lib/modules/aml_bt.ko
05-19 16:34:27.211 687 702 D GameManagerService: User ID '0' does not have a Game Mode selected for package: 'com.android.networkstack'
05-19 16:34:27.212 687 702 D CompatibilityChangeReporter: Compat change id reported: 168419799; UID 1073; state: DISABLED
05-19 16:34:27.212 687 702 D CompatibilityChangeReporter: Compat change id reported: 273564678; UID 1073; state: DISABLED
05-19 16:34:27.218 887 930 D ShellBackPreview: Back animation enabled=false
05-19 16:34:27.220 687 762 D CompatibilityChangeReporter: Compat change id reported: 265195908; UID 1073; state: ENABLED
05-19 16:34:27.233 887 930 V WindowManagerShell: Adding external interface from BackAnimationController with key extra_shell_back_animation
01-01 08:00:17.530 0 0 W [0 T508 ..] aml_bt: no symbol version for aml_pci_read_for_bt
01-01 08:00:17.532 0 0 I [0 T508 ..] BTI: amlbt_init, type:1536
01-01 08:00:17.532 0 0 I [0 T508 ..] BTI: amlbt_init, type:0x600 inter AMLBT_INTF_SDIO, family AMLBT_FAMILY_W2
01-01 08:00:17.534 0 0 I [0 T508 ..] BTI: amlbt_sdio_probe
01-01 08:00:17.534 0 0 I [0 T508 ..] BTI: BTAML version:0x20240820
01-01 08:00:17.534 0 0 I [0 T508 ..] BTI: ++++++sdio bt driver insmod start.++++++
01-01 08:00:17.536 0 0 I [0 T508 ..] BTI: major number:466
01-01 08:00:17.536 0 0 I [0 T508 ..] BTI: BT_sdiodev driver(major 466) installed.
05-19 16:34:27.247 477 508 I android.hardware.wifi-service.droidlogic: insmod driver: /vendor/lib/modules/w2.ko
01-01 08:00:17.543 0 0 I [0 T508 ..] BTI: amlbt_sdio_init: BT_major 466
01-01 08:00:17.543 0 0 I [0 T508 ..] BTI: amlbt_sdio_init: devID 488636416
01-01 08:00:17.544 0 0 I [0 T508 ..] BTI: ------sdio bt driver insmod end.------
01-01 08:00:17.545 0 0 I : [0 T508 ..] sdio_bt sdio_bt: Init 1536 OK!
05-19 16:34:27.264 887 930 V WindowManagerShell: BackAnimationController init took 82ms
05-19 16:34:27.264 887 930 W Looper : Slow dispatch took 165ms wmshell.main h=android.os.Handler c=com.android.wm.shell.common.ShellExecutor$$ExternalSyntheticLambda0@4097aa8 m=0
05-19 16:34:27.264 887 930 V ShellDragAndDrop: Display added: 0
01-01 08:00:17.574 0 0 W : [1 T508 ..] >>> aml_mod_init()
01-01 08:00:17.574 0 0 W : [1 T508 ..] v1.9.10_2024-12.20-w2 driver:daba90760+469302
01-01 08:00:17.574 0 0 W : [1 T508 ..] aml_bus_type = 0.
01-01 08:00:17.575 0 0 W : [1 T508 ..] >>> aml_platform_init()
01-01 08:00:17.576 0 0 W : [1 T508 ..] >>> aml_cfg80211_init()
05-19 16:34:27.280 687 913 D CompatibilityChangeReporter: Compat change id reported: 135634846; UID 10051; state: DISABLED
05-19 16:34:27.281 687 913 D CompatibilityChangeReporter: Compat change id reported: 177438394; UID 10051; state: DISABLED
05-19 16:34:27.281 687 913 D CompatibilityChangeReporter: Compat change id reported: 135772972; UID 10051; state: DISABLED
05-19 16:34:27.281 687 913 D CompatibilityChangeReporter: Compat change id reported: 135754954; UID 10051; state: ENABLED
01-01 08:00:17.578 0 0 I : [1 T508 ..] sectoin 24, size 122880
01-01 08:00:17.578 0 0 I : [1 T508 ..] sectoin 7, size 11088
01-01 08:00:17.580 0 0 W [2 T508 ..] aml_cfg80211_init: 6472
01-01 08:00:17.580 0 0 W [2 T508 ..] aml_cfg80211_init: 6476
05-19 16:34:27.291 687 957 I ActivityManager: Process WebViewLoader-armeabi-v7a (pid 915) has died: psvc PER
05-19 16:34:27.295 687 706 D DisplayManagerService: Drop pending events for gone uid 1037
01-01 08:00:17.581 0 0 W : [2 T508 ..] [aml_apply_regdom 143] apply regdom alpha=00
01-01 08:00:17.600 0 0 E : [3 T536 ..] meson8b-dwmac fe368000.ethernet: Failed to reset the dma
01-01 08:00:17.601 0 0 E : [3 T536 ..] meson8b-dwmac fe368000.ethernet eth0: stmmac_hw_setup: DMA engine initialization failed
01-01 08:00:17.603 0 0 E : [3 T536 ..] meson8b-dwmac fe368000.ethernet eth0: stmmac_open: Hw setup failed
05-19 16:34:27.323 687 687 W SystemServiceManager: Service com.android.server.om.OverlayManagerService took 134 ms in onStartUser-0
05-19 16:34:27.323 687 701 D CompatibilityChangeReporter: Compat change id reported: 171306433; UID 1000; state: ENABLED
05-19 16:34:27.324 687 687 V SystemServerTimingAsync: ssm.onStartUser-0_com.android.server.om.OverlayManagerService took to complete: 146ms
05-19 16:34:27.324 687 687 D SystemServerTimingAsync: ssm.onStartUser-0_com.android.server.resources.ResourcesManagerService
05-19 16:34:27.324 687 687 V SystemServerTimingAsync: ssm.onStartUser-0_com.android.server.resources.ResourcesManagerService took to complete: 0ms
05-19 16:34:27.324 687 687 D SystemServerTimingAsync: ssm.onStartUser-0_com.android.server.sensorprivacy.SensorPrivacyService
05-19 16:34:27.338 687 956 W WindowManager: [addWindow] title:ShellDropTarget
05-19 16:34:27.339 687 687 D CompatibilityChangeReporter: Compat change id reported: 265464455; UID 10052; state: DISABLED
05-19 16:34:27.339 687 687 D CompatibilityChangeReporter: Compat change id reported: 265452344; UID 10052; state: DISABLED
05-19 16:34:27.340 687 687 D CompatibilityChangeReporter: Compat change id reported: 266124927; UID 10052; state: DISABLED
05-19 16:34:27.345 687 687 D CompatibilityChangeReporter: Compat change id reported: 265451093; UID 10052; state: DISABLED
05-19 16:34:27.345 687 687 D CompatibilityChangeReporter: Compat change id reported: 265456536; UID 10052; state: DISABLED
05-19 16:34:27.346 687 687 D CompatibilityChangeReporter: Compat change id reported: 255940284; UID 10052; state: DISABLED
05-19 16:34:27.347 687 687 D CompatibilityChangeReporter: Compat change id reported: 236283604; UID 10052; state: DISABLED
05-19 16:34:27.347 687 687 D CompatibilityChangeReporter: Compat change id reported: 263959004; UID 10052; state: DISABLED
05-19 16:34:27.348 687 687 D CompatibilityChangeReporter: Compat change id reported: 264304459; UID 10052; state: DISABLED
05-19 16:34:27.348 687 687 D CompatibilityChangeReporter: Compat change id reported: 264301586; UID 10052; state: DISABLED
05-19 16:34:27.348 687 687 D CompatibilityChangeReporter: Compat change id reported: 254631730; UID 10052; state: DISABLED
05-19 16:34:27.349 687 687 D CompatibilityChangeReporter: Compat change id reported: 273509367; UID 10052; state: DISABLED
05-19 16:34:27.349 687 687 D CompatibilityChangeReporter: Compat change id reported: 263259275; UID 10052; state: DISABLED
05-19 16:34:27.350 687 687 D CompatibilityChangeReporter: Compat change id reported: 174042980; UID 10052; state: DISABLED
05-19 16:34:27.350 687 687 D CompatibilityChangeReporter: Compat change id reported: 174042936; UID 10052; state: DISABLED
05-19 16:34:27.350 687 687 D CompatibilityChangeReporter: Compat change id reported: 181136395; UID 10052; state: DISABLED
05-19 16:34:27.365 687 687 D CompatibilityChangeReporter: Compat change id reported: 194480991; UID 10052; state: ENABLED
05-19 16:34:27.372 687 687 W ActivityTaskManager: startActivity called from non-Activity context; forcing Intent.FLAG_ACTIVITY_NEW_TASK for: Intent { flg=0x840000 cmp=com.android.systemui/.sensorprivacy.television.TvSensorPrivacyChangedActivity (has extras) }
05-19 16:34:27.380 687 687 D CompatibilityChangeReporter: Compat change id reported: 184838306; UID 10052; state: DISABLED
05-19 16:34:27.381 687 687 D CompatibilityChangeReporter: Compat change id reported: 185004937; UID 10052; state: DISABLED
05-19 16:34:27.383 687 687 D CompatibilityChangeReporter: Compat change id reported: 197654537; UID 10052; state: ENABLED
05-19 16:34:27.389 687 687 I ActivityTaskManager: START u0 {flg=0x840000 cmp=com.android.systemui/.sensorprivacy.television.TvSensorPrivacyChangedActivity (has extras)} with LAUNCH_SINGLE_TOP from uid 1000 (BAL_ALLOW_ALLOWLISTED_UID) result code=0
01-01 08:00:17.684 0 0 W : [2 T508 ..] [aml_cfg80211_init 6535] set REGULATORY_COUNTRY_IE_IGNORE
01-01 08:00:17.684 0 0 W [2 T508 ..] aml_cfg80211_init: 6572
01-01 08:00:17.685 0 0 W : [2 T508 ..] aml_rxbuf_list_init host_buf:62c00000
01-01 08:00:17.686 0 0 W : [1 T508 ..] aml_sdio_calibration right, use this config: i:0, j:0, k:0, l:0
01-01 08:00:17.688 0 0 W : [1 T508 ..] bbpll done !
01-01 08:00:17.688 0 0 W : [1 T508 ..] bbpll init ok!
01-01 08:00:17.688 0 0 W [1 T508 ..] aml_platform_reset: 900, offset 8010e0 regval 2
01-01 08:00:17.689 0 0 W [1 T508 ..] aml_platform_reset: 909 before regval_status:0
05-19 16:34:27.400 687 687 W ActivityTaskManager: startActivity called from non-Activity context; forcing Intent.FLAG_ACTIVITY_NEW_TASK for: Intent { flg=0x840000 cmp=com.android.systemui/.sensorprivacy.television.TvSensorPrivacyChangedActivity (has extras) }
05-19 16:34:27.405 687 687 I ActivityTaskManager: START u0 {flg=0x840000 cmp=com.android.systemui/.sensorprivacy.television.TvSensorPrivacyChangedActivity (has extras)} with LAUNCH_SINGLE_TOP from uid 1000 (BAL_ALLOW_ALLOWLISTED_UID) result code=3
01-01 08:00:17.704 0 0 W [1 T508 ..] aml_platform_reset: 919 regval_aml:2, regval_cpu:70004, regval_status:0
01-01 08:00:17.704 0 0 W [1 T508 ..] aml_platform_reset: 928
05-19 16:34:27.410 687 687 W ActivityTaskManager: startActivity called from non-Activity context; forcing Intent.FLAG_ACTIVITY_NEW_TASK for: Intent { flg=0x840000 cmp=com.android.systemui/.sensorprivacy.television.TvSensorPrivacyChangedActivity (has extras) }
05-19 16:34:27.413 687 687 I ActivityTaskManager: START u0 {flg=0x840000 cmp=com.android.systemui/.sensorprivacy.television.TvSensorPrivacyChangedActivity (has extras)} with LAUNCH_SINGLE_TOP from uid 1000 (BAL_ALLOW_ALLOWLISTED_UID) result code=3
01-01 08:00:17.716 0 0 W [2 T508 ..] aml_plat_stop_agcfsm: 571, read 0xc0b390, 0x11003
01-01 08:00:17.716 0 0 W [2 T508 ..] aml_plat_stop_agcfsm: 578, read 0xc00874, 0x0
01-01 08:00:17.717 0 0 W [2 T508 ..] aml_plat_agc_load: 681, agc_addr c0b390, memclk 0, agc_ver 2, clkctrladdr c00874
01-01 08:00:17.718 0 0 W [2 T508 ..] aml_plat_agc_download: 206, src addr 0x60c0a000, size 2048
01-01 08:00:17.719 0 0 W [2 T508 ..] aml_download_wifi_fw_img: 1164
05-19 16:34:27.428 687 956 D GameManagerService: User ID '0' does not have a Game Mode selected for package: 'com.android.systemui'
05-19 16:34:27.433 687 701 W ActivityManager: Slow operation: 64ms so far, now at finishAttachApplicationInner: after mServices.attachApplicationLocked
05-19 16:34:27.433 687 701 W ActivityManager: Slow operation: 64ms so far, now at finishAttachApplicationInner: after dispatching broadcasts
01-01 08:00:17.730 0 0 I : [2 T508 ..] sectoin 20, size 262144
05-19 16:34:27.440 687 687 W ActivityTaskManager: startActivity called from non-Activity context; forcing Intent.FLAG_ACTIVITY_NEW_TASK for: Intent { flg=0x840000 cmp=com.android.systemui/.sensorprivacy.television.TvSensorPrivacyChangedActivity (has extras) }
05-19 16:34:27.441 887 930 W Looper : Slow delivery took 158ms wmshell.main h=android.os.Handler c=com.android.wm.shell.draganddrop.DragAndDropController$$ExternalSyntheticLambda0@82f21ec m=0
05-19 16:34:27.441 887 930 W Looper : Slow dispatch took 177ms wmshell.main h=android.os.Handler c=com.android.wm.shell.draganddrop.DragAndDropController$$ExternalSyntheticLambda0@82f21ec m=0
05-19 16:34:27.441 887 930 D WindowManagerShell: TvPipController: onImeVisibilityChanged(), visible=false, height=0
01-01 08:00:17.736 0 0 W [2 T508 ..] aml_download_wifi_fw_img(1205): img len 0x40000, start download fw
01-01 08:00:17.744 0 0 W : [2 T508 ..] Host HAL: write ICCM SUCCESS!!!!
05-19 16:34:27.446 687 687 I ActivityTaskManager: START u0 {flg=0x840000 cmp=com.android.systemui/.sensorprivacy.television.TvSensorPrivacyChangedActivity (has extras)} with LAUNCH_SINGLE_TOP from uid 1000 (BAL_ALLOW_ALLOWLISTED_UID) result code=3
05-19 16:34:27.450 687 687 W SystemServiceManager: Service com.android.server.sensorprivacy.SensorPrivacyService took 126 ms in onStartUser-0
05-19 16:34:27.452 687 687 V SystemServerTimingAsync: ssm.onStartUser-0_com.android.server.sensorprivacy.SensorPrivacyService took to complete: 128ms
05-19 16:34:27.452 687 687 D SystemServerTimingAsync: ssm.onStartUser-0_com.android.server.sensors.SensorService
05-19 16:34:27.452 687 956 D CoreBackPreview: Window{2690c6d u0 ShellDropTarget}: Setting back callback OnBackInvokedCallbackInfo{mCallback=android.window.IOnBackInvokedCallback$Stub$Proxy@517b59e, mPriority=0, mIsAnimationCallback=false}
05-19 16:34:27.452 687 687 V SystemServerTimingAsync: ssm.onStartUser-0_com.android.server.sensors.SensorService took to complete: 0ms
05-19 16:34:27.452 687 687 D SystemServerTimingAsync: ssm.onStartUser-0_com.android.server.SystemConfigService
05-19 16:34:27.452 687 687 V SystemServerTimingAsync: ssm.onStartUser-0_com.android.server.SystemConfigService took to complete: 0ms
05-19 16:34:27.452 687 687 D SystemServerTimingAsync: ssm.onStartUser-0_com.android.server.BatteryService
05-19 16:34:27.452 687 687 V SystemServerTimingAsync: ssm.onStartUser-0_com.android.server.BatteryService took to complete: 0ms
05-19 16:34:27.452 687 687 D SystemServerTimingAsync: ssm.onStartUser-0_com.android.server.usage.UsageStatsService
05-19 16:34:27.452 687 687 V SystemServerTimingAsync: ssm.onStartUser-0_com.android.server.usage.UsageStatsService took to complete: 0ms
05-19 16:34:27.452 687 687 D SystemServerTimingAsync: ssm.onStartUser-0_com.android.server.webkit.WebViewUpdateService
05-19 16:34:27.452 687 687 V SystemServerTimingAsync: ssm.onStartUser-0_com.android.server.webkit.WebViewUpdateService took to complete: 0ms
05-19 16:34:27.452 687 687 D SystemServerTimingAsync: ssm.onStartUser-0_com.android.server.CachedDeviceStateService
05-19 16:34:27.452 687 687 V SystemServerTimingAsync: ssm.onStartUser-0_com.android.server.CachedDeviceStateService took to complete: 0ms
05-19 16:34:27.452 687 687 D SystemServerTimingAsync: ssm.onStartUser-0_com.android.server.BinderCallsStatsService$LifeCycle
05-19 16:34:27.452 687 687 V SystemServerTimingAsync: ssm.onStartUser-0_com.android.server.BinderCallsStatsService$LifeCycle took to complete: 0ms
05-19 16:34:27.452 687 687 D SystemServerTimingAsync: ssm.onStartUser-0_com.android.server.LooperStatsService$Lifecycle
05-19 16:34:27.452 687 687 V SystemServerTimingAsync: ssm.onStartUser-0_com.android.server.LooperStatsService$Lifecycle took to complete: 0ms
05-19 16:34:27.453 687 687 D SystemServerTimingAsync: ssm.onStartUser-0_com.android.server.rollback.RollbackManagerService
05-19 16:34:27.453 687 687 V SystemServerTimingAsync: ssm.onStartUser-0_com.android.server.rollback.RollbackManagerService took to complete: 0ms
05-19 16:34:27.453 687 687 D SystemServerTimingAsync: ssm.onStartUser-0_com.android.server.os.NativeTombstoneManagerService
05-19 16:34:27.453 687 687 V SystemServerTimingAsync: ssm.onStartUser-0_com.android.server.os.NativeTombstoneManagerService took to complete: 0ms
05-19 16:34:27.453 687 687 D SystemServerTimingAsync: ssm.onStartUser-0_com.android.server.os.BugreportManagerService
05-19 16:34:27.453 687 687 V SystemServerTimingAsync: ssm.onStartUser-0_com.android.server.os.BugreportManagerService took to complete: 0ms
05-19 16:34:27.453 687 687 D SystemServerTimingAsync: ssm.onStartUser-0_com.android.server.gpu.GpuService
05-19 16:34:27.453 687 687 V SystemServerTimingAsync: ssm.onStartUser-0_com.android.server.gpu.GpuService took to complete: 0ms
05-19 16:34:27.453 687 687 D SystemServerTimingAsync: ssm.onStartUser-0_com.android.server.security.rkp.RemoteProvisioningService
05-19 16:34:27.453 687 687 V SystemServerTimingAsync: ssm.onStartUser-0_com.android.server.security.rkp.RemoteProvisioningService took to complete: 0ms
05-19 16:34:27.453 687 687 D SystemServerTimingAsync: ssm.onStartUser-0_com.android.server.cpu.CpuMonitorService
05-19 16:34:27.453 687 687 V SystemServerTimingAsync: ssm.onStartUser-0_com.android.server.cpu.CpuMonitorService took to complete: 0ms
05-19 16:34:27.453 687 687 D SystemServerTimingAsync: ssm.onStartUser-0_com.android.server.security.KeyChainSystemService
05-19 16:34:27.453 687 687 V SystemServerTimingAsync: ssm.onStartUser-0_com.android.server.security.KeyChainSystemService took to complete: 0ms
05-19 16:34:27.453 887 930 W Looper : Drained
05-19 16:34:27.453 687 687 D SystemServerTimingAsync: ssm.onStartUser-0_com.android.server.BinaryTransparencyService
05-19 16:34:27.453 687 687 V SystemServerTimingAsync: ssm.onStartUser-0_com.android.server.BinaryTransparencyService took to complete: 0ms
05-19 16:34:27.453 687 687 D SystemServerTimingAsync: ssm.onStartUser-0_com.android.server.accounts.AccountManagerService$Lifecycle
05-19 16:34:27.453 687 687 V SystemServerTimingAsync: ssm.onStartUser-0_com.android.server.accounts.AccountManagerService$Lifecycle took to complete: 0ms
05-19 16:34:27.453 687 687 D SystemServerTimingAsync: ssm.onStartUser-0_com.android.server.content.ContentService$Lifecycle
05-19 16:34:27.453 687 687 V SystemServerTimingAsync: ssm.onStartUser-0_com.android.server.content.ContentService$Lifecycle took to complete: 0ms
05-19 16:34:27.453 687 687 D SystemServerTimingAsync: ssm.onStartUser-0_com.android.server.deviceconfig.DeviceConfigInit$Lifecycle
05-19 16:34:27.453 687 687 V SystemServerTimingAsync: ssm.onStartUser-0_com.android.server.deviceconfig.DeviceConfigInit$Lifecycle took to complete: 0ms
05-19 16:34:27.453 687 687 D SystemServerTimingAsync: ssm.onStartUser-0_com.android.server.DropBoxManagerService
05-19 16:34:27.453 687 687 V SystemServerTimingAsync: ssm.onStartUser-0_com.android.server.DropBoxManagerService took to complete: 0ms
05-19 16:34:27.453 687 687 D SystemServerTimingAsync: ssm.onStartUser-0_com.android.role.RoleService
01-01 08:00:17.750 0 0 W [2 T508 ..] aml_download_wifi_fw_img(1260): dccm img len 0x40000, start download dccm
01-01 08:00:17.757 0 0 W : [3 T508 ..] Host HAL: write DCCM SUCCESS!!!!
01-01 08:00:17.757 0 0 W : [3 T508 ..] >>> aml_ipc_init()
01-01 08:00:17.757 0 0 W : [3 T508 ..] >>> aml_cmd_mgr_init()
01-01 08:00:17.758 0 0 W : [3 T508 ..] >>> aml_elems_allocs()
01-01 08:00:17.758 0 0 I : [3 T508 ..] sectoin 11, size 1111588
05-19 16:34:27.462 687 956 D CompatibilityChangeReporter: Compat change id reported: 253665015; UID 1073; state: ENABLED
05-19 16:34:27.463 687 956 D CompatibilityChangeReporter: Compat change id reported: 194532703; UID 1073; state: ENABLED
05-19 16:34:27.467 687 777 D CompatibilityChangeReporter: Compat change id reported: 135634846; UID 10062; state: DISABLED
05-19 16:34:27.468 687 777 D CompatibilityChangeReporter: Compat change id reported: 177438394; UID 10062; state: DISABLED
05-19 16:34:27.468 687 777 D CompatibilityChangeReporter: Compat change id reported: 135772972; UID 10062; state: DISABLED
05-19 16:34:27.468 687 777 D CompatibilityChangeReporter: Compat change id reported: 135754954; UID 10062; state: ENABLED
05-19 16:34:27.469 687 717 D CompatibilityChangeReporter: Compat change id reported: 143937733; UID 10062; state: ENABLED
05-19 16:34:27.476 687 715 D CountryDetector: Using custom country detector class: com.android.server.location.ComprehensiveCountryDetector
05-19 16:34:27.477 687 715 E CountryDetector: Could not instantiate the custom country detector class
05-19 16:34:27.477 687 715 D CountryDetector: Using default country detector
05-19 16:34:27.483 687 717 I ActivityManager: Start proc 992:com.android.permissioncontroller/u0a62 for service {com.android.permissioncontroller/com.android.permissioncontroller.role.service.RoleControllerServiceImpl}
05-19 16:34:27.507 687 750 D CompatibilityChangeReporter: Compat change id reported: 157233955; UID 10052; state: ENABLED
05-19 16:34:27.529 687 701 D GameManagerService: User ID '0' does not have a Game Mode selected for package: 'com.android.permissioncontroller'
05-19 16:34:27.531 687 701 D CompatibilityChangeReporter: Compat change id reported: 168419799; UID 10062; state: DISABLED
05-19 16:34:27.532 687 701 D CompatibilityChangeReporter: Compat change id reported: 273564678; UID 10062; state: DISABLED
05-19 16:34:27.535 687 762 D CompatibilityChangeReporter: Compat change id reported: 265195908; UID 10062; state: ENABLED
05-19 16:34:27.543 687 701 D CompatibilityChangeReporter: Compat change id reported: 170503758; UID 10062; state: ENABLED
05-19 16:34:27.570 687 701 D CompatibilityChangeReporter: Compat change id reported: 161145287; UID 1073; state: ENABLED
05-19 16:34:27.575 687 701 I MR2ServiceImpl: registerManager | uid: 10052, pid: 887, package: com.android.systemui, user: 0
05-19 16:34:27.636 687 750 D CompatibilityChangeReporter: Compat change id reported: 182478738; UID 1073; state: ENABLED
05-19 16:34:27.666 887 887 V SystemUIBootTiming: DependencyInjection took to complete: 0ms
01-01 08:00:18.066 0 0 I : [1 T508 ..] sectoin 26, size 384640
01-01 08:00:18.066 0 0 W : [2 T508 ..] aml_pci_platform_enable(2493) irq_flag=0x418 irq=69
01-01 08:00:18.067 0 0 W : [2 T508 ..] aml_pci_platform_enable(2495) request_irq ret=0
01-01 08:00:18.068 0 0 W : [2 T508 ..] aml_sdio_platform_on 1990 end
01-01 08:00:18.068 0 0 W [2 T508 ..] aml_cfg80211_init: 6583
01-01 08:00:18.069 0 0 W : [2 T508 ..] >>> aml_send_reset()
01-01 08:00:18.069 0 0 W [2 T508 ..] aml_send_reset: 558
01-01 08:00:18.070 0 0 W : [2 T508 ..] >>> aml_send_msg()
01-01 08:00:18.071 0 0 W : [2 T1030 ..] ipc_sdio_host_msgack_handler 0000000084f4f851
01-01 08:00:18.071 0 0 W : [2 T1030 ..] [aml_msgackind 2038] msg ack hostid=0xffffff80641a2200
01-01 08:00:18.072 0 0 W : [2 T1030 ..] [cmd_mgr_llind 329] cmd tkn[0] flags:001a result: -4 cmd: 0-MM_RESET_REQ - reqcfm( 1-MM_RESET_CFM)
01-01 08:00:18.074 0 0 W : [2 T1030 ..] [cmd_mgr_msgind 409] cmd tkn[0] flags:0012 result: -4 cmd: 0-MM_RESET_REQ - reqcfm( 1-MM_RESET_CFM)
01-01 08:00:18.075 0 0 W : [2 T1030 ..] [cmd_complete 65] cmd tkn[0] flags:0002 result: -4 cmd: 0-MM_RESET_REQ - reqcfm( 1-MM_RESET_CFM)
01-01 08:00:18.077 0 0 W : [1 T508 ..] >>> aml_send_version_req()
01-01 08:00:18.078 0 0 W : [1 T508 ..] >>> aml_send_msg()
01-01 08:00:18.078 0 0 W : [2 T1030 ..] ipc_sdio_host_msgack_handler 00000000389e999f
01-01 08:00:18.079 0 0 W : [2 T1030 ..] [aml_msgackind 2038] msg ack hostid=0xffffff8064153100
01-01 08:00:18.080 0 0 W : [2 T1030 ..] [cmd_mgr_llind 329] cmd tkn[1] flags:001a result: -4 cmd: 4-MM_VERSION_REQ - reqcfm( 5-MM_VERSION_CFM)
01-01 08:00:18.082 0 0 W : [2 T1030 ..] [cmd_mgr_msgind 409] cmd tkn[1] flags:0012 result: -4 cmd: 4-MM_VERSION_REQ - reqcfm( 5-MM_VERSION_CFM)
01-01 08:00:18.083 0 0 W : [2 T1030 ..] [cmd_complete 65] cmd tkn[1] flags:0002 result: -4 cmd: 4-MM_VERSION_REQ - reqcfm( 5-MM_VERSION_CFM)
01-01 08:00:18.085 0 0 W : [2 T508 ..] >>> aml_set_vers()
01-01 08:00:18.086 0 0 I : [2 T508 ..] ieee80211 phy0: PHY features: [NSS=2][CHBW=80][LDPC][VHT][HE][BFMEE][MUMIMORX]
01-01 08:00:18.087 0 0 I : [2 T508 ..] ieee80211 phy0: FW features: [BCN][RADAR][PS][UAPSD][AMPDU][AMSDU][P2P][P2P_GO][UMAC][VHT][HE][BFMEE][WAPI][MFP][MU_MIMO_RX][TDLS][TWT][FTM_INIT][FAKE_FTM_RSP]
01-01 08:00:18.089 0 0 W : [2 T508 ..] >>> aml_send_me_config_req()
01-01 08:00:18.089 0 0 I : [2 T508 ..] ieee80211 phy0: HT supp 1, VHT supp 1, HE supp 1
01-01 08:00:18.090 0 0 W : [2 T508 ..] >>> aml_send_msg()
01-01 08:00:18.091 0 0 W : [2 T1030 ..] ipc_sdio_host_msgack_handler 0000000089f61866
01-01 08:00:18.092 0 0 W : [2 T1030 ..] [aml_msgackind 2038] msg ack hostid=0xffffff80641a2c00
01-01 08:00:18.093 0 0 W : [2 T1030 ..] [cmd_mgr_llind 329] cmd tkn[2] flags:001a result: -4 cmd:5120-ME_CONFIG_REQ - reqcfm(5121-ME_CONFIG_CFM)
01-01 08:00:18.094 0 0 W : [2 T1030 ..] [cmd_mgr_msgind 409] cmd tkn[2] flags:0012 result: -4 cmd:5120-ME_CONFIG_REQ - reqcfm(5121-ME_CONFIG_CFM)
01-01 08:00:18.096 0 0 W : [2 T1030 ..] [cmd_complete 65] cmd tkn[2] flags:0002 result: -4 cmd:5120-ME_CONFIG_REQ - reqcfm(5121-ME_CONFIG_CFM)
01-01 08:00:18.098 0 0 W : [1 T508 ..] >>> aml_send_extcapab_req()
01-01 08:00:18.098 0 0 W : [1 T508 ..] >>> aml_send_msg()
01-01 08:00:18.099 0 0 W : [2 T1030 ..] ipc_sdio_host_msgack_handler 000000006a8eac35
01-01 08:00:18.100 0 0 W : [2 T1030 ..] [aml_msgackind 2038] msg ack hostid=0xffffff8064153600
01-01 08:00:18.100 0 0 W : [2 T1030 ..] [cmd_mgr_llind 329] cmd tkn[3] flags:0008 result: -4 cmd: 105-MM_EXT_CAPAB - reqcfm(1023-none)
01-01 08:00:18.102 0 0 W : [2 T1030 ..] [cmd_complete 65] cmd tkn[3] flags:0000 result: -4 cmd: 105-MM_EXT_CAPAB - reqcfm(1023-none)
01-01 08:00:18.104 0 0 W : [0 T508 ..] [aml_reg_notifier 6037] initiator=0, hint_type=0, alpha=00, region=0
01-01 08:00:18.105 0 0 W : [0 T508 ..] >>> aml_send_me_chan_config_req()
01-01 08:00:18.105 0 0 W : [0 T508 ..] >>> aml_send_msg()
01-01 08:00:18.106 0 0 W : [2 T1030 ..] ipc_sdio_host_msgack_handler 000000003abc7a36
01-01 08:00:18.107 0 0 W : [2 T1030 ..] [aml_msgackind 2038] msg ack hostid=0xffffff805e71c900
01-01 08:00:18.108 0 0 W : [2 T1030 ..] [cmd_mgr_llind 329] cmd tkn[4] flags:001a result: -4 cmd:5122-ME_CHAN_CONFIG_REQ - reqcfm(5123-ME_CHAN_CONFIG_CFM)
01-01 08:00:18.110 0 0 W : [2 T1030 ..] [cmd_mgr_msgind 409] cmd tkn[4] flags:0012 result: -4 cmd:5122-ME_CHAN_CONFIG_REQ - reqcfm(5123-ME_CHAN_CONFIG_CFM)
01-01 08:00:18.111 0 0 W : [2 T1030 ..] [cmd_complete 65] cmd tkn[4] flags:0002 result: -4 cmd:5122-ME_CHAN_CONFIG_REQ - reqcfm(5123-ME_CHAN_CONFIG_CFM)
01-01 08:00:18.113 0 0 W : [2 T508 ..] [aml_wq_init 162] workqueue init
01-01 08:00:18.120 0 0 W : [3 T508 ..] [aml_send_sync_trace 4388] sync token[40343]
01-01 08:00:18.120 0 0 W : [3 T508 ..] >>> aml_send_msg()
01-01 08:00:18.122 0 0 F [3 T508 ..] aml_send_msg: bypassing (AML_DEV_RESTARTING set) 0x00
01-01 08:00:18.122 0 0 W : [3 T508 ..] [aml_trace_buf_init 1015] trace mutex init
01-01 08:00:18.122 0 0 W : [3 T508 ..] [recy_dbg][aml_recy_init 745] recovery func init
01-01 08:00:18.123 0 0 W : [3 T508 ..] >>> aml_send_me_chan_config_req()
01-01 08:00:18.125 0 0 W : [3 T508 ..] >>> aml_send_msg()
01-01 08:00:18.126 0 0 W : [2 T1030 ..] ipc_sdio_host_msgack_handler 00000000c96b6561
01-01 08:00:18.126 0 0 W : [2 T1030 ..] [aml_msgackind 2038] msg ack hostid=0xffffff8063348c80
01-01 08:00:18.127 0 0 W : [2 T1030 ..] [cmd_mgr_llind 329] cmd tkn[5] flags:001a result: -4 cmd:5122-ME_CHAN_CONFIG_REQ - reqcfm(5123-ME_CHAN_CONFIG_CFM)
01-01 08:00:18.129 0 0 W : [2 T1030 ..] [cmd_mgr_msgind 409] cmd tkn[5] flags:0012 result: -4 cmd:5122-ME_CHAN_CONFIG_REQ - reqcfm(5123-ME_CHAN_CONFIG_CFM)
01-01 08:00:18.131 0 0 W : [2 T1030 ..] [cmd_complete 65] cmd tkn[5] flags:0002 result: -4 cmd:5122-ME_CHAN_CONFIG_REQ - reqcfm(5123-ME_CHAN_CONFIG_CFM)
01-01 08:00:18.133 0 0 W : [0 T508 ..] >>> aml_send_msg()
01-01 08:00:18.133 0 0 W : [2 T1030 ..] ipc_sdio_host_msgack_handler 000000000b3a9623
01-01 08:00:18.134 0 0 W : [2 T1030 ..] [aml_msgackind 2038] msg ack hostid=0xffffff8063382300
01-01 08:00:18.135 0 0 W : [2 T1030 ..] [cmd_mgr_llind 329] cmd tkn[6] flags:001a result: -4 cmd: 105-MM_SUB_READ_EFUSE - reqcfm(16391-unknown)
01-01 08:00:18.136 0 0 W : [2 T1030 ..] [cmd_mgr_msgind 409] cmd tkn[6] flags:0012 result: -4 cmd: 105-MM_SUB_READ_EFUSE - reqcfm(16391-unknown)
01-01 08:00:18.138 0 0 W : [2 T1030 ..] [cmd_complete 65] cmd tkn[6] flags:0002 result: -4 cmd: 105-MM_SUB_READ_EFUSE - reqcfm(16391-unknown)
01-01 08:00:18.139 0 0 W [1 T508 ..] read_efuse: value = 40139da8
01-01 08:00:18.140 0 0 W : [2 T1030 ..] fmac efuse read: address:0x8 value:0x40139DA8
01-01 08:00:18.140 0 0 W : [1 T508 ..] >>> aml_send_msg()
01-01 08:00:18.142 0 0 W : [2 T1030 ..] ipc_sdio_host_msgack_handler 00000000d1b5cfea
01-01 08:00:18.142 0 0 W : [2 T1030 ..] [aml_msgackind 2038] msg ack hostid=0xffffff8064153f80
01-01 08:00:18.143 0 0 W : [2 T1030 ..] [cmd_mgr_llind 329] cmd tkn[7] flags:001a result: -4 cmd: 105-MM_SUB_READ_EFUSE - reqcfm(16391-unknown)
01-01 08:00:18.145 0 0 W : [2 T1030 ..] [cmd_mgr_msgind 409] cmd tkn[7] flags:0012 result: -4 cmd: 105-MM_SUB_READ_EFUSE - reqcfm(16391-unknown)
01-01 08:00:18.146 0 0 W : [2 T1030 ..] [cmd_complete 65] cmd tkn[7] flags:0002 result: -4 cmd: 105-MM_SUB_READ_EFUSE - reqcfm(16391-unknown)
01-01 08:00:18.148 0 0 W [2 T508 ..] read_efuse: value = 7fff1218
05-19 16:34:27.849 887 930 D WindowManagerShell: TvPipController: onTaskStackChanged()
01-01 08:00:18.149 0 0 W : [2 T1030 ..] fmac efuse read: address:0x9 value:0x7FFF1218
01-01 08:00:18.149 0 0 W : [2 T508 ..] [aml_cfg_get_chipid 167] get_chipid from efuse:121840139da8
01-01 08:00:18.150 0 0 W : [2 T508 ..] >>> aml_send_msg()
01-01 08:00:18.151 0 0 W : [2 T1030 ..] ipc_sdio_host_msgack_handler 0000000092929dc9
01-01 08:00:18.152 0 0 W : [2 T1030 ..] [aml_msgackind 2038] msg ack hostid=0xffffff80641a2a00
01-01 08:00:18.153 0 0 W : [2 T1030 ..] [cmd_mgr_llind 329] cmd tkn[8] flags:001a result: -4 cmd: 105-MM_SUB_READ_EFUSE - reqcfm(16391-unknown)
01-01 08:00:18.155 0 0 W : [2 T1030 ..] [cmd_mgr_msgind 409] cmd tkn[8] flags:0012 result: -4 cmd: 105-MM_SUB_READ_EFUSE - reqcfm(16391-unknown)
01-01 08:00:18.156 0 0 W : [2 T1030 ..] [cmd_complete 65] cmd tkn[8] flags:0002 result: -4 cmd: 105-MM_SUB_READ_EFUSE - reqcfm(16391-unknown)
01-01 08:00:18.158 0 0 W [1 T508 ..] read_efuse: value = 1ffff
01-01 08:00:18.158 0 0 W : [2 T1030 ..] fmac efuse read: address:0x7 value:0x1FFFF
01-01 08:00:18.158 0 0 W : [1 T508 ..] >>> aml_send_msg()
01-01 08:00:18.161 0 0 W : [2 T1030 ..] ipc_sdio_host_msgack_handler 00000000d1b5cfea
01-01 08:00:18.161 0 0 W : [2 T1030 ..] [aml_msgackind 2038] msg ack hostid=0xffffff8064153f80
01-01 08:00:18.162 0 0 W : [2 T1030 ..] [cmd_mgr_llind 329] cmd tkn[9] flags:001a result: -4 cmd: 105-MM_SUB_READ_EFUSE - reqcfm(16391-unknown)
01-01 08:00:18.164 0 0 W : [2 T1030 ..] [cmd_mgr_msgind 409] cmd tkn[9] flags:0012 result: -4 cmd: 105-MM_SUB_READ_EFUSE - reqcfm(16391-unknown)
01-01 08:00:18.166 0 0 W : [2 T1030 ..] [cmd_complete 65] cmd tkn[9] flags:0002 result: -4 cmd: 105-MM_SUB_READ_EFUSE - reqcfm(16391-unknown)
01-01 08:00:18.167 0 0 W [1 T508 ..] read_efuse: value = 2d2062b9
01-01 08:00:18.167 0 0 W : [2 T1030 ..] fmac efuse read: address:0x1 value:0x2D2062B9
01-01 08:00:18.168 0 0 W : [1 T508 ..] >>> aml_send_msg()
01-01 08:00:18.169 0 0 W : [2 T1030 ..] ipc_sdio_host_msgack_handler 00000000d1b5cfea
01-01 08:00:18.170 0 0 W : [2 T1030 ..] [aml_msgackind 2038] msg ack hostid=0xffffff8064153f80
01-01 08:00:18.171 0 0 W : [2 T1030 ..] [cmd_mgr_llind 329] cmd tkn[10] flags:001a result: -4 cmd: 105-MM_SUB_READ_EFUSE - reqcfm(16391-unknown)
01-01 08:00:18.173 0 0 W : [2 T1030 ..] [cmd_mgr_msgind 409] cmd tkn[10] flags:0012 result: -4 cmd: 105-MM_SUB_READ_EFUSE - reqcfm(16391-unknown)
01-01 08:00:18.174 0 0 W : [2 T1030 ..] [cmd_complete 65] cmd tkn[10] flags:0002 result: -4 cmd: 105-MM_SUB_READ_EFUSE - reqcfm(16391-unknown)
01-01 08:00:18.176 0 0 W [1 T508 ..] read_efuse: value = 1c79
01-01 08:00:18.176 0 0 W : [2 T1030 ..] fmac efuse read: address:0x2 value:0x1C79
01-01 08:00:18.176 0 0 W : [1 T508 ..] [aml_cfg_to_file 273] get mac address from efuse is:1c:79:2d:20:62:b9
01-01 08:00:18.177 0 0 W : [1 T508 ..] [aml_cfg_to_file 303] vif0 mac address:1c:79:2d:20:62:b9, vif1 mac address: 1e:79:2d:20:62:b9, vif2 mac address: 1e:79:2d:20:62:b8
01-01 08:00:18.180 0 0 W : [1 T508 ..] [aml_interface_add 1454] vif index=0, type=2
01-01 08:00:18.181 0 0 W : [1 T508 ..] set_scan_hang, flag:0, [aml_interface_add 1494]
01-01 08:00:18.190 0 0 W : [1 T508 ..] [aml_rps_map_set 46] set rps_cpus as [0]
01-01 08:00:18.190 0 0 W : [1 T508 ..] [aml_rps_map_set 46] set rps_cpus as [0]
01-01 08:00:18.191 0 0 W : [1 T508 ..] [aml_rps_map_set 46] set rps_cpus as [0]
01-01 08:00:18.192 0 0 W : [1 T508 ..] [aml_rps_map_set 46] set rps_cpus as [0]
01-01 08:00:18.193 0 0 I : [1 T508 ..] new interface create wlan0 success
01-01 08:00:18.193 0 0 W : [1 T508 ..] [aml_interface_add 1454] vif index=1, type=2
01-01 08:00:18.194 0 0 W : [1 T508 ..] set_scan_hang, flag:0, [aml_interface_add 1494]
01-01 08:00:18.364 0 0 W : [3 T508 ..] [aml_rps_map_set 46] set rps_cpus as [0]
01-01 08:00:18.364 0 0 W : [3 T508 ..] [aml_rps_map_set 46] set rps_cpus as [0]
01-01 08:00:18.365 0 0 W : [3 T508 ..] [aml_rps_map_set 46] set rps_cpus as [0]
01-01 08:00:18.365 0 0 W : [3 T508 ..] [aml_rps_map_set 46] set rps_cpus as [0]
01-01 08:00:18.366 0 0 I : [3 T508 ..] new interface create p2p0 success
01-01 08:00:18.398 0 0 W : [1 T508 ..] [aml_interface_add 1454] vif index=2, type=2
01-01 08:00:18.398 0 0 W : [1 T508 ..] set_scan_hang, flag:0, [aml_interface_add 1494]
01-01 08:00:18.418 0 0 W : [0 T508 ..] [aml_rps_map_set 46] set rps_cpus as [0]
01-01 08:00:18.418 0 0 W : [0 T508 ..] [aml_rps_map_set 46] set rps_cpus as [0]
01-01 08:00:18.419 0 0 W : [0 T508 ..] [aml_rps_map_set 46] set rps_cpus as [0]
01-01 08:00:18.420 0 0 W : [0 T508 ..] [aml_rps_map_set 46] set rps_cpus as [0]
01-01 08:00:18.420 0 0 I : [0 T508 ..] new interface create ap0 success
01-01 08:00:18.421 0 0 W : [0 T508 ..] >>> aml_send_msg()
01-01 08:00:18.422 0 0 W : [2 T1030 ..] ipc_sdio_host_msgack_handler 00000000a7e2e559
01-01 08:00:18.422 0 0 W : [2 T1030 ..] [aml_msgackind 2038] msg ack hostid=0xffffff8063320200
01-01 08:00:18.423 0 0 W : [2 T1030 ..] [cmd_mgr_llind 329] cmd tkn[11] flags:0008 result: -4 cmd: 105-MM_SUB_SET_TEMP_START - reqcfm(1023-none)
01-01 08:00:18.425 0 0 W : [2 T1030 ..] [cmd_complete 65] cmd tkn[11] flags:0000 result: -4 cmd: 105-MM_SUB_SET_TEMP_START - reqcfm(1023-none)
01-01 08:00:18.427 0 0 W : [2 T508 ..] [aml_log_nl_init 1183] aml trace netlink init OK!
05-19 16:34:28.129 477 508 I android.hardware.wifi-service.droidlogic: check loading wifi driver is ok...
05-19 16:34:28.130 477 508 W android.hardware.wifi-service.droidlogic: driver loaded
05-19 16:34:28.131 477 508 I android.hardware.wifi-service.droidlogic: After driver loaded, wifi_name:aml_w2_s
05-19 16:34:28.137 477 508 I android.hardware.wifi-service.droidlogic: Even /data/vendor/wifi/wpa/wpa_supplicant.conf exists, still overwrite it.
05-19 16:34:28.138 477 508 I android.hardware.wifi-service.droidlogic: Migrated conf file from /vendor/etc/wifi/unbcm_supplicant.conf to /data/vendor/wifi/wpa/wpa_supplicant.conf: Operation not permitted
05-19 16:34:28.138 477 508 I android.hardware.wifi-service.droidlogic: Even /data/vendor/wifi/wpa/p2p_supplicant.conf exists, still overwrite it.
05-19 16:34:28.139 477 508 I android.hardware.wifi-service.droidlogic: Migrated conf file from /vendor/etc/wifi/p2p_supplicant.conf to /data/vendor/wifi/wpa/p2p_supplicant.conf: Read-only file system
05-19 16:34:28.139 477 508 I android.hardware.wifi-service.droidlogic: no bcm and uwe wifi ,need use p2p0 with p2p interface
05-19 16:34:28.140 477 508 I android.hardware.wifi-service.droidlogic: Wifi HAL started
05-19 16:34:28.181 477 508 W android.hardware.wifi-service.droidlogic: No active wlan interfaces in use! Using default
05-19 16:34:28.181 477 508 E android.hardware.wifi-service.droidlogic: Unknown iface name: wlan0
05-19 16:34:28.181 477 508 E android.hardware.wifi-service.droidlogic: Unknown iface name: wlan0
05-19 16:34:28.211 477 508 W android.hardware.wifi-service.droidlogic: No active wlan interfaces in use! Using default
05-19 16:34:28.211 477 508 E android.hardware.wifi-service.droidlogic: Unknown iface name: wlan0
05-19 16:34:28.211 477 508 E android.hardware.wifi-service.droidlogic: Unknown iface name: wlan0
01-01 08:00:18.522 0 0 W : [1 T508 ..] >>> aml_open()
01-01 08:00:18.522 0 0 W : [1 T508 ..] [recy_dbg][aml_recy_flags_set 57] set flags(0x200), new flags(0x200)
01-01 08:00:18.522 0 0 W : [1 T508 ..] >>> aml_send_start()
01-01 08:00:18.523 0 0 W : [1 T508 ..] >>> aml_send_msg()
01-01 08:00:18.524 0 0 W : [2 T1030 ..] ipc_sdio_host_msgack_handler 00000000e96297e6
01-01 08:00:18.524 0 0 W : [2 T1030 ..] [aml_msgackind 2038] msg ack hostid=0xffffff806427bb80
01-01 08:00:18.525 0 0 W : [2 T1030 ..] [cmd_mgr_llind 329] cmd tkn[12] flags:001a result: -4 cmd: 2-MM_START_REQ - reqcfm( 3-MM_START_CFM)
01-01 08:00:18.527 0 0 W : [2 T1030 ..] [cmd_mgr_msgind 409] cmd tkn[12] flags:0012 result: -4 cmd: 2-MM_START_REQ - reqcfm( 3-MM_START_CFM)
01-01 08:00:18.529 0 0 W : [2 T1030 ..] [cmd_complete 65] cmd tkn[12] flags:0002 result: -4 cmd: 2-MM_START_REQ - reqcfm( 3-MM_START_CFM)
01-01 08:00:18.531 0 0 W : [2 T508 ..] >>> aml_send_add_if()
01-01 08:00:18.531 0 0 W : [2 T508 ..] >>> aml_send_msg()
01-01 08:00:18.532 0 0 W : [2 T1030 ..] ipc_sdio_host_msgack_handler 000000000a91a985
01-01 08:00:18.532 0 0 W : [2 T1030 ..] [aml_msgackind 2038] msg ack hostid=0xffffff80641a2a80
01-01 08:00:18.533 0 0 W : [2 T1030 ..] [cmd_mgr_llind 329] cmd tkn[13] flags:001a result: -4 cmd: 6-MM_ADD_IF_REQ - reqcfm( 7-MM_ADD_IF_CFM)
01-01 08:00:18.535 0 0 W : [2 T1030 ..] [cmd_mgr_msgind 409] cmd tkn[13] flags:0012 result: -4 cmd: 6-MM_ADD_IF_REQ - reqcfm( 7-MM_ADD_IF_CFM)
01-01 08:00:18.537 0 0 W : [2 T1030 ..] [cmd_complete 65] cmd tkn[13] flags:0002 result: -4 cmd: 6-MM_ADD_IF_REQ - reqcfm( 7-MM_ADD_IF_CFM)
01-01 08:00:18.538 0 0 W : [1 T508 ..] [aml_open 1102] vif_idx=0, type=2, name=wlan0 sta_mode=1
01-01 08:00:18.538 0 0 W : [1 T508 ..] >>> aml_send_msg()
01-01 08:00:18.540 0 0 W : [2 T1030 ..] ipc_sdio_host_msgack_handler 00000000241a613b
01-01 08:00:18.541 0 0 W : [2 T1030 ..] [aml_msgackind 2038] msg ack hostid=0xffffff806427b500
01-01 08:00:18.542 0 0 W : [2 T1030 ..] [cmd_mgr_llind 329] cmd tkn[14] flags:001a result: -4 cmd: 105-MM_SUB_READ_EFUSE - reqcfm(16391-unknown)
01-01 08:00:18.543 0 0 W : [2 T1030 ..] [cmd_mgr_msgind 409] cmd tkn[14] flags:0012 result: -4 cmd: 105-MM_SUB_READ_EFUSE - reqcfm(16391-unknown)
01-01 08:00:18.545 0 0 W : [2 T1030 ..] [cmd_complete 65] cmd tkn[14] flags:0002 result: -4 cmd: 105-MM_SUB_READ_EFUSE - reqcfm(16391-unknown)
01-01 08:00:18.547 0 0 W [0 T508 ..] read_efuse: value = 6401b8e
01-01 08:00:18.547 0 0 W : [0 T508 ..] >>> aml_send_msg()
