05-19 16:34:26.182 687 687 D SystemServerTiming: OnBootPhase_500_com.android.server.location.LocationManagerService$Lifecycle
05-19 16:34:26.184 687 687 V HistoricalRegistry: Interaction before persistence initialized
05-19 16:34:26.185 687 687 V SystemServerTiming: OnBootPhase_500_com.android.server.location.LocationManagerService$Lifecycle took to complete: 3ms
05-19 16:34:26.185 687 687 D SystemServerTiming: OnBootPhase_500_com.android.server.timezonedetector.TimeZoneDetectorService$Lifecycle
05-19 16:34:26.185 687 687 V SystemServerTiming: OnBootPhase_500_com.android.server.timezonedetector.TimeZoneDetectorService$Lifecycle took to complete: 0ms
05-19 16:34:26.185 687 687 D SystemServerTiming: OnBootPhase_500_com.android.server.location.altitude.AltitudeService$Lifecycle
05-19 16:34:26.185 687 687 V SystemServerTiming: OnBootPhase_500_com.android.server.location.altitude.AltitudeService$Lifecycle took to complete: 0ms
05-19 16:34:26.185 687 687 D SystemServerTiming: OnBootPhase_500_com.android.server.timezonedetector.location.LocationTimeZoneManagerService$Lifecycle
05-19 16:34:26.185 687 687 V SystemServerTiming: OnBootPhase_500_com.android.server.timezonedetector.location.LocationTimeZoneManagerService$Lifecycle took to complete: 0ms
05-19 16:34:26.185 687 687 D SystemServerTiming: OnBootPhase_500_com.android.server.search.SearchManagerService$Lifecycle
05-19 16:34:26.185 687 687 V SystemServerTiming: OnBootPhase_500_com.android.server.search.SearchManagerService$Lifecycle took to complete: 0ms
05-19 16:34:26.185 687 687 D SystemServerTiming: OnBootPhase_500_com.android.server.wallpaper.WallpaperManagerService$Lifecycle
05-19 16:34:26.185 687 687 V SystemServerTiming: OnBootPhase_500_com.android.server.wallpaper.WallpaperManagerService$Lifecycle took to complete: 0ms
05-19 16:34:26.186 687 687 D SystemServerTiming: OnBootPhase_500_com.android.server.wallpapereffectsgeneration.WallpaperEffectsGenerationManagerService
05-19 16:34:26.186 687 687 V SystemServerTiming: OnBootPhase_500_com.android.server.wallpapereffectsgeneration.WallpaperEffectsGenerationManagerService took to complete: 0ms
05-19 16:34:26.186 687 687 D SystemServerTiming: OnBootPhase_500_com.android.server.audio.AudioService$Lifecycle
05-19 16:34:26.186 687 687 V SystemServerTiming: OnBootPhase_500_com.android.server.audio.AudioService$Lifecycle took to complete: 0ms
05-19 16:34:26.186 687 687 D SystemServerTiming: OnBootPhase_500_com.android.server.soundtrigger_middleware.SoundTriggerMiddlewareService$Lifecycle
05-19 16:34:26.186 687 687 V SystemServerTiming: OnBootPhase_500_com.android.server.soundtrigger_middleware.SoundTriggerMiddlewareService$Lifecycle took to complete: 0ms
05-19 16:34:26.186 687 687 D SystemServerTiming: OnBootPhase_500_com.android.server.adb.AdbService$Lifecycle
05-19 16:34:26.186 687 687 V SystemServerTiming: OnBootPhase_500_com.android.server.adb.AdbService$Lifecycle took to complete: 0ms
05-19 16:34:26.186 687 687 D SystemServerTiming: OnBootPhase_500_com.android.server.usb.UsbService$Lifecycle
05-19 16:34:26.186 687 687 V SystemServerTiming: OnBootPhase_500_com.android.server.usb.UsbService$Lifecycle took to complete: 0ms
05-19 16:34:26.186 687 687 D SystemServerTiming: OnBootPhase_500_com.android.server.twilight.TwilightService
05-19 16:34:26.186 687 687 V SystemServerTiming: OnBootPhase_500_com.android.server.twilight.TwilightService took to complete: 0ms
05-19 16:34:26.186 687 687 D SystemServerTiming: OnBootPhase_500_com.android.server.display.color.ColorDisplayService
05-19 16:34:26.186 687 687 V SystemServerTiming: OnBootPhase_500_com.android.server.display.color.ColorDisplayService took to complete: 0ms
05-19 16:34:26.186 687 687 D SystemServerTiming: OnBootPhase_500_com.android.server.job.JobSchedulerService
05-19 16:34:26.189 687 819 W BroadcastLoopers: Found previously unknown looper Thread[WifiHandlerThread,5,main]
05-19 16:34:26.205 687 687 V HistoricalRegistry: Interaction before persistence initialized
05-19 16:34:26.206 687 687 V SystemServerTiming: OnBootPhase_500_com.android.server.job.JobSchedulerService took to complete: 20ms
05-19 16:34:26.206 687 687 D SystemServerTiming: OnBootPhase_500_com.android.server.soundtrigger.SoundTriggerService
05-19 16:34:26.206 687 687 D SoundTriggerService: onBootPhase: 500 : false
05-19 16:34:26.206 687 687 V SystemServerTiming: OnBootPhase_500_com.android.server.soundtrigger.SoundTriggerService took to complete: 0ms
05-19 16:34:26.206 687 687 D SystemServerTiming: OnBootPhase_500_com.android.server.trust.TrustManagerService
05-19 16:34:26.207 687 687 V SystemServerTiming: OnBootPhase_500_com.android.server.trust.TrustManagerService took to complete: 1ms
05-19 16:34:26.207 687 687 D SystemServerTiming: OnBootPhase_500_com.android.server.backup.BackupManagerService$Lifecycle
05-19 16:34:26.207 687 687 V SystemServerTiming: OnBootPhase_500_com.android.server.backup.BackupManagerService$Lifecycle took to complete: 0ms
05-19 16:34:26.207 687 687 D SystemServerTiming: OnBootPhase_500_com.android.server.appwidget.AppWidgetService
05-19 16:34:26.208 687 687 V SystemServerTiming: OnBootPhase_500_com.android.server.appwidget.AppWidgetService took to complete: 0ms
05-19 16:34:26.208 687 687 D SystemServerTiming: OnBootPhase_500_com.android.server.voiceinteraction.VoiceInteractionManagerService
05-19 16:34:26.208 687 687 V SystemServerTiming: OnBootPhase_500_com.android.server.voiceinteraction.VoiceInteractionManagerService took to complete: 0ms
05-19 16:34:26.208 687 687 D SystemServerTiming: OnBootPhase_500_com.android.server.GestureLauncherService
05-19 16:34:26.208 687 687 V SystemServerTiming: OnBootPhase_500_com.android.server.GestureLauncherService took to complete: 0ms
05-19 16:34:26.208 687 687 D SystemServerTiming: OnBootPhase_500_com.android.server.SensorNotificationService
05-19 16:34:26.208 687 687 V SystemServerTiming: OnBootPhase_500_com.android.server.SensorNotificationService took to complete: 0ms
05-19 16:34:26.208 687 687 D SystemServerTiming: OnBootPhase_500_com.android.server.emergency.EmergencyAffordanceService
05-19 16:34:26.208 687 687 V SystemServerTiming: OnBootPhase_500_com.android.server.emergency.EmergencyAffordanceService took to complete: 0ms
05-19 16:34:26.208 687 687 D SystemServerTiming: OnBootPhase_500_com.android.server.blob.BlobStoreManagerService
05-19 16:34:26.208 687 687 V SystemServerTiming: OnBootPhase_500_com.android.server.blob.BlobStoreManagerService took to complete: 0ms
05-19 16:34:26.208 687 687 D SystemServerTiming: OnBootPhase_500_com.android.server.dreams.DreamManagerService
05-19 16:34:26.208 687 687 V SystemServerTiming: OnBootPhase_500_com.android.server.dreams.DreamManagerService took to complete: 0ms
05-19 16:34:26.208 687 687 D SystemServerTiming: OnBootPhase_500_com.android.server.security.AttestationVerificationManagerService
05-19 16:34:26.208 687 687 V SystemServerTiming: OnBootPhase_500_com.android.server.security.AttestationVerificationManagerService took to complete: 0ms
05-19 16:34:26.208 687 687 D SystemServerTiming: OnBootPhase_500_com.android.server.restrictions.RestrictionsManagerService
05-19 16:34:26.208 687 687 V SystemServerTiming: OnBootPhase_500_com.android.server.restrictions.RestrictionsManagerService took to complete: 0ms
05-19 16:34:26.208 687 687 D SystemServerTiming: OnBootPhase_500_com.android.server.media.MediaSessionService
05-19 16:34:26.208 687 687 V SystemServerTiming: OnBootPhase_500_com.android.server.media.MediaSessionService took to complete: 0ms
05-19 16:34:26.208 687 687 D SystemServerTiming: OnBootPhase_500_com.android.server.hdmi.HdmiControlService
05-19 16:34:26.208 477 508 W android.hardware.wifi-service.droidlogic: Duplicate death notification registration
05-19 16:34:26.211 687 687 V SystemServerTiming: OnBootPhase_500_com.android.server.hdmi.HdmiControlService took to complete: 3ms
05-19 16:34:26.211 687 687 D SystemServerTiming: OnBootPhase_500_com.android.server.tv.interactive.TvInteractiveAppManagerService
05-19 16:34:26.212 687 687 V SystemServerTiming: OnBootPhase_500_com.android.server.tv.interactive.TvInteractiveAppManagerService took to complete: 1ms
05-19 16:34:26.212 687 687 D SystemServerTiming: OnBootPhase_500_com.android.server.tv.TvInputManagerService
05-19 16:34:26.213 687 687 D HDMI : Process pid:687 is calling addHotplugEventListener
05-19 16:34:26.215 687 687 V SystemServerTiming: OnBootPhase_500_com.android.server.tv.TvInputManagerService took to complete: 3ms
05-19 16:34:26.215 687 687 D SystemServerTiming: OnBootPhase_500_com.android.server.media.MediaResourceMonitorService
05-19 16:34:26.215 687 687 V SystemServerTiming: OnBootPhase_500_com.android.server.media.MediaResourceMonitorService took to complete: 0ms
05-19 16:34:26.215 687 687 D SystemServerTiming: OnBootPhase_500_com.android.server.tv.TvRemoteService
05-19 16:34:26.215 687 687 V SystemServerTiming: OnBootPhase_500_com.android.server.tv.TvRemoteService took to complete: 0ms
05-19 16:34:26.215 687 687 D SystemServerTiming: OnBootPhase_500_com.android.server.biometrics.BiometricService
05-19 16:34:26.215 687 687 V SystemServerTiming: OnBootPhase_500_com.android.server.biometrics.BiometricService took to complete: 0ms
05-19 16:34:26.215 687 687 D SystemServerTiming: OnBootPhase_500_com.android.server.biometrics.AuthService
05-19 16:34:26.215 687 687 V SystemServerTiming: OnBootPhase_500_com.android.server.biometrics.AuthService took to complete: 0ms
05-19 16:34:26.215 687 687 D SystemServerTiming: OnBootPhase_500_com.android.server.pm.ShortcutService$Lifecycle
05-19 16:34:26.215 687 687 V SystemServerTiming: OnBootPhase_500_com.android.server.pm.ShortcutService$Lifecycle took to complete: 0ms
05-19 16:34:26.216 687 687 D SystemServerTiming: OnBootPhase_500_com.android.server.pm.LauncherAppsService
05-19 16:34:26.216 687 687 V SystemServerTiming: OnBootPhase_500_com.android.server.pm.LauncherAppsService took to complete: 0ms
05-19 16:34:26.216 687 687 D SystemServerTiming: OnBootPhase_500_com.android.server.pm.CrossProfileAppsService
05-19 16:34:26.216 687 687 V SystemServerTiming: OnBootPhase_500_com.android.server.pm.CrossProfileAppsService took to complete: 0ms
05-19 16:34:26.216 687 687 D SystemServerTiming: OnBootPhase_500_com.android.server.people.PeopleService
05-19 16:34:26.216 687 687 V SystemServerTiming: OnBootPhase_500_com.android.server.people.PeopleService took to complete: 1ms
05-19 16:34:26.217 687 687 D SystemServerTiming: OnBootPhase_500_com.android.server.media.metrics.MediaMetricsManagerService
05-19 16:34:26.217 687 687 V SystemServerTiming: OnBootPhase_500_com.android.server.media.metrics.MediaMetricsManagerService took to complete: 0ms
05-19 16:34:26.217 687 687 D SystemServerTiming: OnBootPhase_500_com.android.server.pm.BackgroundInstallControlService
05-19 16:34:26.217 687 687 V SystemServerTiming: OnBootPhase_500_com.android.server.pm.BackgroundInstallControlService took to complete: 0ms
05-19 16:34:26.217 687 687 D SystemServerTiming: OnBootPhase_500_com.android.server.media.projection.MediaProjectionManagerService
05-19 16:34:26.217 687 687 V SystemServerTiming: OnBootPhase_500_com.android.server.media.projection.MediaProjectionManagerService took to complete: 0ms
05-19 16:34:26.217 687 687 D SystemServerTiming: OnBootPhase_500_com.android.server.slice.SliceManagerService$Lifecycle
05-19 16:34:26.217 687 687 V SystemServerTiming: OnBootPhase_500_com.android.server.slice.SliceManagerService$Lifecycle took to complete: 0ms
05-19 16:34:26.217 687 687 D SystemServerTiming: OnBootPhase_500_com.android.server.stats.StatsCompanion$Lifecycle
05-19 16:34:26.217 687 687 V SystemServerTiming: OnBootPhase_500_com.android.server.stats.StatsCompanion$Lifecycle took to complete: 0ms
05-19 16:34:26.217 687 687 D SystemServerTiming: OnBootPhase_500_com.android.server.scheduling.RebootReadinessManagerService$Lifecycle
05-19 16:34:26.217 687 687 V SystemServerTiming: OnBootPhase_500_com.android.server.scheduling.RebootReadinessManagerService$Lifecycle took to complete: 0ms
05-19 16:34:26.217 687 687 D SystemServerTiming: OnBootPhase_500_com.android.server.stats.pull.StatsPullAtomService
05-19 16:34:26.217 687 687 V SystemServerTiming: OnBootPhase_500_com.android.server.stats.pull.StatsPullAtomService took to complete: 0ms
05-19 16:34:26.217 687 687 D SystemServerTiming: OnBootPhase_500_com.android.server.stats.bootstrap.StatsBootstrapAtomService$Lifecycle
05-19 16:34:26.217 687 687 V SystemServerTiming: OnBootPhase_500_com.android.server.stats.bootstrap.StatsBootstrapAtomService$Lifecycle took to complete: 0ms
05-19 16:34:26.217 687 687 D SystemServerTiming: OnBootPhase_500_com.android.server.incident.IncidentCompanionService
05-19 16:34:26.217 687 687 V SystemServerTiming: OnBootPhase_500_com.android.server.incident.IncidentCompanionService took to complete: 0ms
05-19 16:34:26.217 687 687 D SystemServerTiming: OnBootPhase_500_com.android.server.sdksandbox.SdkSandboxManagerService$Lifecycle
05-19 16:34:26.217 687 687 V SystemServerTiming: OnBootPhase_500_com.android.server.sdksandbox.SdkSandboxManagerService$Lifecycle took to complete: 0ms
05-19 16:34:26.217 687 687 D SystemServerTiming: OnBootPhase_500_com.android.server.adservices.AdServicesManagerService$Lifecycle
05-19 16:34:26.217 687 687 V SystemServerTiming: OnBootPhase_500_com.android.server.adservices.AdServicesManagerService$Lifecycle took to complete: 0ms
05-19 16:34:26.217 687 687 D SystemServerTiming: OnBootPhase_500_com.android.server.ondevicepersonalization.OnDevicePersonalizationSystemService$Lifecycle
05-19 16:34:26.217 687 687 V SystemServerTiming: OnBootPhase_500_com.android.server.ondevicepersonalization.OnDevicePersonalizationSystemService$Lifecycle took to complete: 0ms
05-19 16:34:26.217 687 687 D SystemServerTiming: OnBootPhase_500_com.android.server.autofill.AutofillManagerService
05-19 16:34:26.217 687 687 V SystemServerTiming: OnBootPhase_500_com.android.server.autofill.AutofillManagerService took to complete: 0ms
05-19 16:34:26.217 687 687 D SystemServerTiming: OnBootPhase_500_com.android.server.clipboard.ClipboardService
05-19 16:34:26.217 687 687 V SystemServerTiming: OnBootPhase_500_com.android.server.clipboard.ClipboardService took to complete: 0ms
05-19 16:34:26.217 687 687 D SystemServerTiming: OnBootPhase_500_com.android.server.appbinding.AppBindingService$Lifecycle
05-19 16:34:26.217 687 687 V SystemServerTiming: OnBootPhase_500_com.android.server.appbinding.AppBindingService$Lifecycle took to complete: 0ms
05-19 16:34:26.217 687 687 D SystemServerTiming: OnBootPhase_500_com.android.server.tracing.TracingServiceProxy
05-19 16:34:26.217 687 687 V SystemServerTiming: OnBootPhase_500_com.android.server.tracing.TracingServiceProxy took to complete: 0ms
05-19 16:34:26.217 687 687 V SystemServerTiming: OnBootPhase_500 took to complete: 191ms
05-19 16:34:26.217 687 687 V SystemServerTiming: StartBootPhaseSystemServicesReady took to complete: 191ms
05-19 16:34:26.217 687 687 D SystemServerTiming: MakeWindowManagerServiceReady
05-19 16:34:26.222 687 715 I HealthServiceWrapperAidl: health: HealthServiceWrapper listening to AIDL HAL
05-19 16:34:26.224 687 687 V SystemServerTiming: MakeWindowManagerServiceReady took to complete: 7ms
05-19 16:34:26.224 687 687 D SystemServerTiming: RegisterLogMteState
05-19 16:34:26.225 687 687 V SystemServerTiming: RegisterLogMteState took to complete: 1ms
05-19 16:34:26.225 687 715 D StatsPullAtomService: Registering pullers with statsd
05-19 16:34:26.225 477 508 W android.hardware.wifi-service.droidlogic: --------------------------------
05-19 16:34:26.225 477 508 W android.hardware.wifi-service.droidlogic: Wi-Fi Hal(Amlogic multi-wifi so library) build info:
05-19 16:34:26.225 477 508 W android.hardware.wifi-service.droidlogic: Author: ShenZhen wifi platform team
05-19 16:34:26.225 477 508 W android.hardware.wifi-service.droidlogic: Branch name: s-amlogic
05-19 16:34:26.225 477 508 W android.hardware.wifi-service.droidlogic: Last Commit Info:
05-19 16:34:26.225 477 508 W android.hardware.wifi-service.droidlogic: commit 261ff018afdce4373c75fbf43963aa0d35f58dc5
05-19 16:34:26.225 477 508 W android.hardware.wifi-service.droidlogic: Author: li.dong
05-19 16:34:26.225 477 508 W android.hardware.wifi-service.droidlogic: Date: 2024-06-18 11:01:08 +0800
05-19 16:34:26.225 477 508 W android.hardware.wifi-service.droidlogic: PD#SWPL-164711
05-19 16:34:26.225 477 508 W android.hardware.wifi-service.droidlogic: Change-Id: I2961daeab82941e3ed12007689a93099019d1795
05-19 16:34:26.225 477 508 W android.hardware.wifi-service.droidlogic: uncommit file num: 0
05-19 16:34:26.225 477 508 W android.hardware.wifi-service.droidlogic: Build name: li.dong
05-19 16:34:26.225 477 508 W android.hardware.wifi-service.droidlogic: Build time: 2024-09-06 11:01:40 +0800
05-19 16:34:26.225 477 508 W android.hardware.wifi-service.droidlogic: Build arch: arm
05-19 16:34:26.225 477 508 W android.hardware.wifi-service.droidlogic: Build use wifi_info so library: true
05-19 16:34:26.225 477 508 W android.hardware.wifi-service.droidlogic: --------------------------------
05-19 16:34:26.225 477 508 W android.hardware.wifi-service.droidlogic: use wifi info
05-19 16:34:26.227 687 687 D SystemServerTiming: StartPermissionPolicyService
05-19 16:34:26.228 687 687 I SystemServiceManager: Starting com.android.server.policy.PermissionPolicyService
01-01 08:00:16.525 0 0 I [0 T508 ..] [wireless]: [wifi_mac_write] wifi rand mac is 1c:a4:10:da:76:8a
01-01 08:00:16.525 0 0 I [0 T508 ..] [wireless]: [pci_remove] pci remove!
05-19 16:34:26.230 687 715 I StatsPullAtomService: register thermal listener successfully
05-19 16:34:26.233 687 687 V SystemServerTiming: StartPermissionPolicyService took to complete: 6ms
05-19 16:34:26.233 687 687 D SystemServerTiming: MakePackageManagerServiceReady
05-19 16:34:26.237 687 687 V HistoricalRegistry: Interaction before persistence initialized
05-19 16:34:26.237 687 687 V HistoricalRegistry: Interaction before persistence initialized
05-19 16:34:26.247 687 687 V UserDataPreparer: Found /data/user_de/0 with serial number 0
05-19 16:34:26.247 687 687 V UserDataPreparer: Found /data/user/0 with serial number 0
05-19 16:34:26.247 687 687 V UserDataPreparer: Found /data/system_de/0 with serial number 0
05-19 16:34:26.247 687 687 V UserDataPreparer: Found /data/system_ce/0 with serial number 0
05-19 16:34:26.248 687 687 V UserDataPreparer: Found /data/misc_ce/0 with serial number 0
05-19 16:34:26.248 687 687 I PermissionManager: Permission ownership changed. Updating all permissions.
05-19 16:34:26.249 687 687 W PermissionManager: Package com.android.adservices.api is an APK in APEX, but has permission allowlist on the system image. Please bundle the allowlist in the com.android.adservices APEX instead.
05-19 16:34:26.270 687 687 W PermissionManager: Privileged permission android.permission.LOCAL_MAC_ADDRESS for package com.dangbei.hqguide (/system/priv-app/dangbei-boot-guide) not in privapp-permissions allowlist
05-19 16:34:26.270 687 687 W PermissionManager: Privileged permission android.permission.BLUETOOTH_PRIVILEGED for package com.dangbei.hqguide (/system/priv-app/dangbei-boot-guide) not in privapp-permissions allowlist
05-19 16:34:26.270 687 687 W PermissionManager: Privileged permission android.permission.WRITE_SECURE_SETTINGS for package com.dangbei.hqguide (/system/priv-app/dangbei-boot-guide) not in privapp-permissions allowlist
05-19 16:34:26.293 687 687 W PermissionManager: Package com.android.providers.media.module is an APK in APEX, but has permission allowlist on the system image. Please bundle the allowlist in the com.android.mediaprovider APEX instead.
05-19 16:34:26.293 687 687 W PermissionManager: Package com.android.providers.media.module is an APK in APEX, but has permission allowlist on the system image. Please bundle the allowlist in the com.android.mediaprovider APEX instead.
05-19 16:34:26.293 687 687 W PermissionManager: Package com.android.providers.media.module is an APK in APEX, but has permission allowlist on the system image. Please bundle the allowlist in the com.android.mediaprovider APEX instead.
05-19 16:34:26.293 687 687 W PermissionManager: Package com.android.providers.media.module is an APK in APEX, but has permission allowlist on the system image. Please bundle the allowlist in the com.android.mediaprovider APEX instead.
05-19 16:34:26.293 687 687 W PermissionManager: Package com.android.providers.media.module is an APK in APEX, but has permission allowlist on the system image. Please bundle the allowlist in the com.android.mediaprovider APEX instead.
05-19 16:34:26.293 687 687 W PermissionManager: Package com.android.providers.media.module is an APK in APEX, but has permission allowlist on the system image. Please bundle the allowlist in the com.android.mediaprovider APEX instead.
05-19 16:34:26.293 687 687 W PermissionManager: Package com.android.providers.media.module is an APK in APEX, but has permission allowlist on the system image. Please bundle the allowlist in the com.android.mediaprovider APEX instead.
05-19 16:34:26.294 687 687 W PermissionManager: Package com.android.providers.media.module is an APK in APEX, but has permission allowlist on the system image. Please bundle the allowlist in the com.android.mediaprovider APEX instead.
05-19 16:34:26.294 687 687 W PermissionManager: Package com.android.providers.media.module is an APK in APEX, but has permission allowlist on the system image. Please bundle the allowlist in the com.android.mediaprovider APEX instead.
05-19 16:34:26.294 687 687 W PermissionManager: Package com.android.providers.media.module is an APK in APEX, but has permission allowlist on the system image. Please bundle the allowlist in the com.android.mediaprovider APEX instead.
05-19 16:34:26.294 687 687 W PermissionManager: Package com.android.providers.media.module is an APK in APEX, but has permission allowlist on the system image. Please bundle the allowlist in the com.android.mediaprovider APEX instead.
05-19 16:34:26.294 687 687 W PermissionManager: Package com.android.providers.media.module is an APK in APEX, but has permission allowlist on the system image. Please bundle the allowlist in the com.android.mediaprovider APEX instead.
05-19 16:34:26.294 687 687 W PermissionManager: Package com.android.providers.media.module is an APK in APEX, but has permission allowlist on the system image. Please bundle the allowlist in the com.android.mediaprovider APEX instead.
01-01 08:00:16.596 0 0 I : [0 T536 ..] meson8b-dwmac fe368000.ethernet eth0: PHY [0.0:00] driver [Generic PHY] (irq=POLL)
01-01 08:00:16.598 0 0 I : [0 T536 ..] meson8b-dwmac fe368000.ethernet eth0: Register MEM_TYPE_PAGE_POOL RxQ-0
05-19 16:34:26.307 687 741 E DefaultPermGrantPolicy: Package not found: com.droidlogic.FileBrower
05-19 16:34:26.307 687 741 E DefaultPermGrantPolicy: Package not found: com.droidlogic.videoplayer
05-19 16:34:26.308 687 741 E DefaultPermGrantPolicy: Package not found: com.android.chrome
05-19 16:34:26.308 687 741 E DefaultPermGrantPolicy: Package not found: com.android.vending
05-19 16:34:26.308 687 741 E DefaultPermGrantPolicy: Package not found: com.google.android.youtube.tv
05-19 16:34:26.311 687 687 V StagingManagerTiming: restoreSessions took to complete: 2ms
05-19 16:34:26.312 687 687 V SystemServerTiming: MakePackageManagerServiceReady took to complete: 79ms
05-19 16:34:26.312 687 687 D SystemServerTiming: MakeDisplayManagerServiceReady
01-01 08:00:16.609 0 0 I [3 T418 ..] apexd: getSessions() received by ApexService
01-01 08:00:16.622 0 0 I [1 T342 ..] [hdmitx: ] avmute_store -1
05-19 16:34:26.327 687 708 E DisplayModeDirector: Asked about unknown display, returning empty display mode specs!(id=0)
05-19 16:34:26.328 687 708 E DisplayModeDirector: Asked about unknown display, returning empty display mode specs!(id=0)
05-19 16:34:26.331 687 687 I BrightnessSynchronizer: Initial brightness readings: 101(int), 0.3927866(float)
05-19 16:34:26.332 687 687 V SystemServerTiming: MakeDisplayManagerServiceReady took to complete: 20ms
05-19 16:34:26.332 687 687 D SystemServerTiming: StartDeviceSpecificServices
05-19 16:34:26.332 687 687 V SystemServerTiming: StartDeviceSpecificServices took to complete: 0ms
05-19 16:34:26.332 687 687 D SystemServerTiming: GameManagerService
05-19 16:34:26.332 687 687 I SystemServiceManager: Starting com.android.server.app.GameManagerService$Lifecycle
05-19 16:34:26.334 687 687 V HistoricalRegistry: Interaction before persistence initialized
05-19 16:34:26.336 687 687 V SystemServerTiming: GameManagerService took to complete: 4ms
05-19 16:34:26.337 687 687 D SystemServerTiming: StartBootPhaseDeviceSpecificServicesReady
05-19 16:34:26.337 687 687 I SystemServiceManager: Starting phase 520
05-19 16:34:26.337 687 687 D SystemServerTiming: OnBootPhase_520
05-19 16:34:26.337 687 687 D SystemServerTiming: OnBootPhase_520_com.android.server.security.FileIntegrityService
05-19 16:34:26.337 687 687 V SystemServerTiming: OnBootPhase_520_com.android.server.security.FileIntegrityService took to complete: 0ms
05-19 16:34:26.337 687 687 D SystemServerTiming: OnBootPhase_520_com.android.server.pm.Installer
05-19 16:34:26.337 687 687 V SystemServerTiming: OnBootPhase_520_com.android.server.pm.Installer took to complete: 0ms
05-19 16:34:26.337 687 687 D SystemServerTiming: OnBootPhase_520_com.android.server.os.DeviceIdentifiersPolicyService
05-19 16:34:26.337 687 687 V SystemServerTiming: OnBootPhase_520_com.android.server.os.DeviceIdentifiersPolicyService took to complete: 0ms
05-19 16:34:26.337 687 687 D SystemServerTiming: OnBootPhase_520_com.android.server.flags.FeatureFlagsService
05-19 16:34:26.337 687 687 V SystemServerTiming: OnBootPhase_520_com.android.server.flags.FeatureFlagsService took to complete: 0ms
05-19 16:34:26.337 687 687 D SystemServerTiming: OnBootPhase_520_com.android.server.uri.UriGrantsManagerService$Lifecycle
05-19 16:34:26.337 687 687 V SystemServerTiming: OnBootPhase_520_com.android.server.uri.UriGrantsManagerService$Lifecycle took to complete: 0ms
05-19 16:34:26.337 687 687 D SystemServerTiming: OnBootPhase_520_com.android.server.powerstats.PowerStatsService
05-19 16:34:26.337 687 687 V SystemServerTiming: OnBootPhase_520_com.android.server.powerstats.PowerStatsService took to complete: 0ms
05-19 16:34:26.337 687 687 D SystemServerTiming: OnBootPhase_520_com.android.server.permission.access.AccessCheckingService
05-19 16:34:26.337 687 687 V SystemServerTiming: OnBootPhase_520_com.android.server.permission.access.AccessCheckingService took to complete: 0ms
05-19 16:34:26.337 687 687 D SystemServerTiming: OnBootPhase_520_com.android.server.wm.ActivityTaskManagerService$Lifecycle
05-19 16:34:26.337 687 687 V SystemServerTiming: OnBootPhase_520_com.android.server.wm.ActivityTaskManagerService$Lifecycle took to complete: 0ms
05-19 16:34:26.337 687 687 D SystemServerTiming: OnBootPhase_520_com.android.server.am.ActivityManagerService$Lifecycle
05-19 16:34:26.337 687 687 V SystemServerTiming: OnBootPhase_520_com.android.server.am.ActivityManagerService$Lifecycle took to complete: 0ms
05-19 16:34:26.337 687 687 D SystemServerTiming: OnBootPhase_520_com.android.server.pm.DataLoaderManagerService
05-19 16:34:26.337 687 687 V SystemServerTiming: OnBootPhase_520_com.android.server.pm.DataLoaderManagerService took to complete: 0ms
05-19 16:34:26.337 687 687 D SystemServerTiming: OnBootPhase_520_com.android.server.power.PowerManagerService
05-19 16:34:26.337 687 687 V SystemServerTiming: OnBootPhase_520_com.android.server.power.PowerManagerService took to complete: 0ms
05-19 16:34:26.337 687 687 D SystemServerTiming: OnBootPhase_520_com.android.server.power.ThermalManagerService
05-19 16:34:26.337 687 687 V SystemServerTiming: OnBootPhase_520_com.android.server.power.ThermalManagerService took to complete: 0ms
05-19 16:34:26.337 687 687 D SystemServerTiming: OnBootPhase_520_com.android.server.power.hint.HintManagerService
05-19 16:34:26.337 687 687 V SystemServerTiming: OnBootPhase_520_com.android.server.power.hint.HintManagerService took to complete: 0ms
05-19 16:34:26.337 687 687 D SystemServerTiming: OnBootPhase_520_com.android.server.recoverysystem.RecoverySystemService$Lifecycle
05-19 16:34:26.337 687 687 V SystemServerTiming: OnBootPhase_520_com.android.server.recoverysystem.RecoverySystemService$Lifecycle took to complete: 0ms
05-19 16:34:26.337 687 687 D SystemServerTiming: OnBootPhase_520_com.android.server.lights.LightsService
05-19 16:34:26.337 687 687 V SystemServerTiming: OnBootPhase_520_com.android.server.lights.LightsService took to complete: 0ms
05-19 16:34:26.337 687 687 D SystemServerTiming: OnBootPhase_520_com.android.server.display.DisplayManagerService
05-19 16:34:26.337 687 687 V SystemServerTiming: OnBootPhase_520_com.android.server.display.DisplayManagerService took to complete: 0ms
05-19 16:34:26.337 687 687 D SystemServerTiming: OnBootPhase_520_com.android.server.pm.verify.domain.DomainVerificationService
05-19 16:34:26.337 687 687 V SystemServerTiming: OnBootPhase_520_com.android.server.pm.verify.domain.DomainVerificationService took to complete: 1ms
05-19 16:34:26.337 687 687 D SystemServerTiming: OnBootPhase_520_com.android.server.pm.PackageInstallerService$Lifecycle
05-19 16:34:26.338 687 687 V SystemServerTiming: OnBootPhase_520_com.android.server.pm.PackageInstallerService$Lifecycle took to complete: 0ms
05-19 16:34:26.338 687 687 D SystemServerTiming: OnBootPhase_520_com.android.server.pm.UserManagerService$LifeCycle
05-19 16:34:26.338 687 687 V SystemServerTiming: OnBootPhase_520_com.android.server.pm.UserManagerService$LifeCycle took to complete: 0ms
05-19 16:34:26.338 687 687 D SystemServerTiming: OnBootPhase_520_com.android.server.om.OverlayManagerService
05-19 16:34:26.338 687 687 V SystemServerTiming: OnBootPhase_520_com.android.server.om.OverlayManagerService took to complete: 0ms
05-19 16:34:26.338 687 687 D SystemServerTiming: OnBootPhase_520_com.android.server.resources.ResourcesManagerService
05-19 16:34:26.338 687 687 V SystemServerTiming: OnBootPhase_520_com.android.server.resources.ResourcesManagerService took to complete: 0ms
05-19 16:34:26.338 687 687 D SystemServerTiming: OnBootPhase_520_com.android.server.sensorprivacy.SensorPrivacyService
05-19 16:34:26.338 687 687 V SystemServerTiming: OnBootPhase_520_com.android.server.sensorprivacy.SensorPrivacyService took to complete: 0ms
05-19 16:34:26.338 687 687 D SystemServerTiming: OnBootPhase_520_com.android.server.sensors.SensorService
05-19 16:34:26.338 687 687 V SystemServerTiming: OnBootPhase_520_com.android.server.sensors.SensorService took to complete: 0ms
05-19 16:34:26.338 687 687 D SystemServerTiming: OnBootPhase_520_com.android.server.SystemConfigService
05-19 16:34:26.338 687 687 V SystemServerTiming: OnBootPhase_520_com.android.server.SystemConfigService took to complete: 0ms
05-19 16:34:26.338 687 687 D SystemServerTiming: OnBootPhase_520_com.android.server.BatteryService
05-19 16:34:26.338 687 687 V SystemServerTiming: OnBootPhase_520_com.android.server.BatteryService took to complete: 0ms
05-19 16:34:26.338 687 687 D SystemServerTiming: OnBootPhase_520_com.android.server.usage.UsageStatsService
05-19 16:34:26.338 687 687 V SystemServerTiming: OnBootPhase_520_com.android.server.usage.UsageStatsService took to complete: 0ms
05-19 16:34:26.338 687 687 D SystemServerTiming: OnBootPhase_520_com.android.server.webkit.WebViewUpdateService
05-19 16:34:26.338 687 687 V SystemServerTiming: OnBootPhase_520_com.android.server.webkit.WebViewUpdateService took to complete: 0ms
05-19 16:34:26.338 687 687 D SystemServerTiming: OnBootPhase_520_com.android.server.CachedDeviceStateService
05-19 16:34:26.338 687 687 V SystemServerTiming: OnBootPhase_520_com.android.server.CachedDeviceStateService took to complete: 0ms
05-19 16:34:26.338 687 687 D SystemServerTiming: OnBootPhase_520_com.android.server.BinderCallsStatsService$LifeCycle
05-19 16:34:26.338 687 687 V SystemServerTiming: OnBootPhase_520_com.android.server.BinderCallsStatsService$LifeCycle took to complete: 0ms
05-19 16:34:26.338 687 687 D SystemServerTiming: OnBootPhase_520_com.android.server.LooperStatsService$Lifecycle
05-19 16:34:26.338 687 687 V SystemServerTiming: OnBootPhase_520_com.android.server.LooperStatsService$Lifecycle took to complete: 0ms
05-19 16:34:26.338 687 687 D SystemServerTiming: OnBootPhase_520_com.android.server.rollback.RollbackManagerService
05-19 16:34:26.338 687 687 V SystemServerTiming: OnBootPhase_520_com.android.server.rollback.RollbackManagerService took to complete: 0ms
05-19 16:34:26.338 687 687 D SystemServerTiming: OnBootPhase_520_com.android.server.os.NativeTombstoneManagerService
05-19 16:34:26.338 687 687 V SystemServerTiming: OnBootPhase_520_com.android.server.os.NativeTombstoneManagerService took to complete: 0ms
05-19 16:34:26.338 687 687 D SystemServerTiming: OnBootPhase_520_com.android.server.os.BugreportManagerService
05-19 16:34:26.338 687 687 V SystemServerTiming: OnBootPhase_520_com.android.server.os.BugreportManagerService took to complete: 0ms
05-19 16:34:26.338 687 687 D SystemServerTiming: OnBootPhase_520_com.android.server.gpu.GpuService
05-19 16:34:26.338 687 687 V SystemServerTiming: OnBootPhase_520_com.android.server.gpu.GpuService took to complete: 0ms
05-19 16:34:26.338 687 687 D SystemServerTiming: OnBootPhase_520_com.android.server.security.rkp.RemoteProvisioningService
05-19 16:34:26.338 687 687 V SystemServerTiming: OnBootPhase_520_com.android.server.security.rkp.RemoteProvisioningService took to complete: 0ms
05-19 16:34:26.338 687 687 D SystemServerTiming: OnBootPhase_520_com.android.server.cpu.CpuMonitorService
05-19 16:34:26.338 687 687 V SystemServerTiming: OnBootPhase_520_com.android.server.cpu.CpuMonitorService took to complete: 0ms
05-19 16:34:26.338 687 687 D SystemServerTiming: OnBootPhase_520_com.android.server.security.KeyChainSystemService
05-19 16:34:26.338 687 687 V SystemServerTiming: OnBootPhase_520_com.android.server.security.KeyChainSystemService took to complete: 0ms
05-19 16:34:26.338 687 687 D SystemServerTiming: OnBootPhase_520_com.android.server.BinaryTransparencyService
05-19 16:34:26.338 687 687 V SystemServerTiming: OnBootPhase_520_com.android.server.BinaryTransparencyService took to complete: 0ms
05-19 16:34:26.338 687 687 D SystemServerTiming: OnBootPhase_520_com.android.server.accounts.AccountManagerService$Lifecycle
05-19 16:34:26.338 687 687 V SystemServerTiming: OnBootPhase_520_com.android.server.accounts.AccountManagerService$Lifecycle took to complete: 0ms
05-19 16:34:26.338 687 687 D SystemServerTiming: OnBootPhase_520_com.android.server.content.ContentService$Lifecycle
05-19 16:34:26.338 687 687 V SystemServerTiming: OnBootPhase_520_com.android.server.content.ContentService$Lifecycle took to complete: 0ms
05-19 16:34:26.338 687 687 D SystemServerTiming: OnBootPhase_520_com.android.server.deviceconfig.DeviceConfigInit$Lifecycle
05-19 16:34:26.338 687 687 V SystemServerTiming: OnBootPhase_520_com.android.server.deviceconfig.DeviceConfigInit$Lifecycle took to complete: 0ms
05-19 16:34:26.338 687 687 D SystemServerTiming: OnBootPhase_520_com.android.server.DropBoxManagerService
05-19 16:34:26.338 687 687 V SystemServerTiming: OnBootPhase_520_com.android.server.DropBoxManagerService took to complete: 0ms
05-19 16:34:26.338 687 687 D SystemServerTiming: OnBootPhase_520_com.android.role.RoleService
05-19 16:34:26.339 687 687 V SystemServerTiming: OnBootPhase_520_com.android.role.RoleService took to complete: 0ms
05-19 16:34:26.339 687 687 D SystemServerTiming: OnBootPhase_520_com.android.server.vibrator.VibratorManagerService$Lifecycle
05-19 16:34:26.339 687 687 V SystemServerTiming: OnBootPhase_520_com.android.server.vibrator.VibratorManagerService$Lifecycle took to complete: 0ms
05-19 16:34:26.339 687 687 D SystemServerTiming: OnBootPhase_520_com.android.server.tare.InternalResourceService
05-19 16:34:26.339 687 687 V SystemServerTiming: OnBootPhase_520_com.android.server.tare.InternalResourceService took to complete: 0ms
05-19 16:34:26.339 687 687 D SystemServerTiming: OnBootPhase_520_com.android.server.alarm.AlarmManagerService
05-19 16:34:26.339 687 687 V SystemServerTiming: OnBootPhase_520_com.android.server.alarm.AlarmManagerService took to complete: 0ms
05-19 16:34:26.339 687 687 D SystemServerTiming: OnBootPhase_520_com.android.server.devicestate.DeviceStateManagerService
05-19 16:34:26.339 687 687 V SystemServerTiming: OnBootPhase_520_com.android.server.devicestate.DeviceStateManagerService took to complete: 0ms
05-19 16:34:26.339 687 687 D SystemServerTiming: OnBootPhase_520_com.android.server.camera.CameraServiceProxy
05-19 16:34:26.339 687 687 V SystemServerTiming: OnBootPhase_520_com.android.server.camera.CameraServiceProxy took to complete: 0ms
05-19 16:34:26.339 687 687 D SystemServerTiming: OnBootPhase_520_com.android.server.bluetooth.BluetoothService
05-19 16:34:26.339 687 687 V SystemServerTiming: OnBootPhase_520_com.android.server.bluetooth.BluetoothService took to complete: 0ms
05-19 16:34:26.339 687 687 D SystemServerTiming: OnBootPhase_520_com.android.server.connectivity.IpConnectivityMetrics
05-19 16:34:26.339 687 687 V SystemServerTiming: OnBootPhase_520_com.android.server.connectivity.IpConnectivityMetrics took to complete: 0ms
05-19 16:34:26.339 687 687 D SystemServerTiming: OnBootPhase_520_com.android.server.net.watchlist.NetworkWatchlistService$Lifecycle
05-19 16:34:26.339 687 687 V SystemServerTiming: OnBootPhase_520_com.android.server.net.watchlist.NetworkWatchlistService$Lifecycle took to complete: 0ms
05-19 16:34:26.339 687 687 D SystemServerTiming: OnBootPhase_520_com.android.server.PinnerService
05-19 16:34:26.339 687 687 V SystemServerTiming: OnBootPhase_520_com.android.server.PinnerService took to complete: 0ms
05-19 16:34:26.339 687 687 D SystemServerTiming: OnBootPhase_520_com.android.server.integrity.AppIntegrityManagerService
05-19 16:34:26.339 687 687 V SystemServerTiming: OnBootPhase_520_com.android.server.integrity.AppIntegrityManagerService took to complete: 0ms
05-19 16:34:26.339 687 687 D SystemServerTiming: OnBootPhase_520_com.android.server.logcat.LogcatManagerService
05-19 16:34:26.339 687 687 V SystemServerTiming: OnBootPhase_520_com.android.server.logcat.LogcatManagerService took to complete: 0ms
05-19 16:34:26.339 687 687 D SystemServerTiming: OnBootPhase_520_com.android.server.inputmethod.InputMethodManagerService$Lifecycle
05-19 16:34:26.339 687 687 V SystemServerTiming: OnBootPhase_520_com.android.server.inputmethod.InputMethodManagerService$Lifecycle took to complete: 0ms
05-19 16:34:26.339 687 687 D SystemServerTiming: OnBootPhase_520_com.android.server.accessibility.AccessibilityManagerService$Lifecycle
05-19 16:34:26.339 687 687 V SystemServerTiming: OnBootPhase_520_com.android.server.accessibility.AccessibilityManagerService$Lifecycle took to complete: 0ms
05-19 16:34:26.339 687 687 D SystemServerTiming: OnBootPhase_520_com.android.server.StorageManagerService$Lifecycle
05-19 16:34:26.339 687 687 V SystemServerTiming: OnBootPhase_520_com.android.server.StorageManagerService$Lifecycle took to complete: 0ms
05-19 16:34:26.339 687 687 D SystemServerTiming: OnBootPhase_520_com.android.server.usage.StorageStatsService$Lifecycle
05-19 16:34:26.339 687 687 V SystemServerTiming: OnBootPhase_520_com.android.server.usage.StorageStatsService$Lifecycle took to complete: 0ms
05-19 16:34:26.339 687 687 D SystemServerTiming: OnBootPhase_520_com.android.server.UiModeManagerService
05-19 16:34:26.339 687 687 V SystemServerTiming: OnBootPhase_520_com.android.server.UiModeManagerService took to complete: 0ms
05-19 16:34:26.339 687 687 D SystemServerTiming: OnBootPhase_520_com.android.server.locales.LocaleManagerService
05-19 16:34:26.339 687 687 V SystemServerTiming: OnBootPhase_520_com.android.server.locales.LocaleManagerService took to complete: 0ms
05-19 16:34:26.339 687 687 D SystemServerTiming: OnBootPhase_520_com.android.server.grammaticalinflection.GrammaticalInflectionService
05-19 16:34:26.339 687 687 V SystemServerTiming: OnBootPhase_520_com.android.server.grammaticalinflection.GrammaticalInflectionService took to complete: 0ms
05-19 16:34:26.339 687 687 D SystemServerTiming: OnBootPhase_520_com.android.server.apphibernation.AppHibernationService
05-19 16:34:26.339 687 687 V SystemServerTiming: OnBootPhase_520_com.android.server.apphibernation.AppHibernationService took to complete: 0ms
05-19 16:34:26.339 687 687 D SystemServerTiming: OnBootPhase_520_com.android.server.locksettings.LockSettingsService$Lifecycle
05-19 16:34:26.339 687 687 V SystemServerTiming: OnBootPhase_520_com.android.server.locksettings.LockSettingsService$Lifecycle took to complete: 0ms
05-19 16:34:26.339 687 687 D SystemServerTiming: OnBootPhase_520_com.android.server.PersistentDataBlockService
05-19 16:34:26.339 687 687 V SystemServerTiming: OnBootPhase_520_com.android.server.PersistentDataBlockService took to complete: 0ms
05-19 16:34:26.339 687 687 D SystemServerTiming: OnBootPhase_520_com.android.server.testharness.TestHarnessModeService
05-19 16:34:26.339 687 687 V SystemServerTiming: OnBootPhase_520_com.android.server.testharness.TestHarnessModeService took to complete: 0ms
05-19 16:34:26.339 687 687 D SystemServerTiming: OnBootPhase_520_com.android.server.oemlock.OemLockService
05-19 16:34:26.339 687 687 V SystemServerTiming: OnBootPhase_520_com.android.server.oemlock.OemLockService took to complete: 0ms
05-19 16:34:26.339 687 687 D SystemServerTiming: OnBootPhase_520_com.android.server.DeviceIdleController
05-19 16:34:26.339 687 687 V SystemServerTiming: OnBootPhase_520_com.android.server.DeviceIdleController took to complete: 0ms
05-19 16:34:26.339 687 687 D SystemServerTiming: OnBootPhase_520_com.android.server.devicepolicy.DevicePolicyManagerService$Lifecycle
05-19 16:34:26.339 687 687 V SystemServerTiming: OnBootPhase_520_com.android.server.devicepolicy.DevicePolicyManagerService$Lifecycle took to complete: 0ms
05-19 16:34:26.339 687 687 D SystemServerTiming: OnBootPhase_520_com.android.server.texttospeech.TextToSpeechManagerService
05-19 16:34:26.340 687 687 V SystemServerTiming: OnBootPhase_520_com.android.server.texttospeech.TextToSpeechManagerService took to complete: 0ms
05-19 16:34:26.340 687 687 D SystemServerTiming: OnBootPhase_520_com.android.server.ambientcontext.AmbientContextManagerService
05-19 16:34:26.340 687 687 V SystemServerTiming: OnBootPhase_520_com.android.server.ambientcontext.AmbientContextManagerService took to complete: 0ms
05-19 16:34:26.340 687 687 D SystemServerTiming: OnBootPhase_520_com.android.server.wearable.WearableSensingManagerService
05-19 16:34:26.340 687 687 V SystemServerTiming: OnBootPhase_520_com.android.server.wearable.WearableSensingManagerService took to complete: 0ms
05-19 16:34:26.340 687 687 D SystemServerTiming: OnBootPhase_520_com.android.server.speech.SpeechRecognitionManagerService
05-19 16:34:26.340 687 687 V SystemServerTiming: OnBootPhase_520_com.android.server.speech.SpeechRecognitionManagerService took to complete: 0ms
05-19 16:34:26.340 687 687 D SystemServerTiming: OnBootPhase_520_com.android.server.searchui.SearchUiManagerService
05-19 16:34:26.340 687 687 V SystemServerTiming: OnBootPhase_520_com.android.server.searchui.SearchUiManagerService took to complete: 0ms
05-19 16:34:26.340 687 687 D SystemServerTiming: OnBootPhase_520_com.android.server.smartspace.SmartspaceManagerService
05-19 16:34:26.340 687 687 V SystemServerTiming: OnBootPhase_520_com.android.server.smartspace.SmartspaceManagerService took to complete: 0ms
05-19 16:34:26.340 687 687 D SystemServerTiming: OnBootPhase_520_com.android.server.graphics.fonts.FontManagerService$Lifecycle
05-19 16:34:26.340 687 687 V SystemServerTiming: OnBootPhase_520_com.android.server.graphics.fonts.FontManagerService$Lifecycle took to complete: 0ms
05-19 16:34:26.340 687 687 D SystemServerTiming: OnBootPhase_520_com.android.server.textservices.TextServicesManagerService$Lifecycle
05-19 16:34:26.340 687 687 V SystemServerTiming: OnBootPhase_520_com.android.server.textservices.TextServicesManagerService$Lifecycle took to complete: 0ms
05-19 16:34:26.340 687 687 D SystemServerTiming: OnBootPhase_520_com.android.server.textclassifier.TextClassificationManagerService$Lifecycle
05-19 16:34:26.340 687 687 V SystemServerTiming: OnBootPhase_520_com.android.server.textclassifier.TextClassificationManagerService$Lifecycle took to complete: 0ms
05-19 16:34:26.340 687 687 D SystemServerTiming: OnBootPhase_520_com.android.server.NetworkScoreService$Lifecycle
05-19 16:34:26.340 687 687 V SystemServerTiming: OnBootPhase_520_com.android.server.NetworkScoreService$Lifecycle took to complete: 0ms
05-19 16:34:26.340 687 687 D SystemServerTiming: OnBootPhase_520_com.android.server.NetworkStatsServiceInitializer
05-19 16:34:26.340 687 687 V SystemServerTiming: OnBootPhase_520_com.android.server.NetworkStatsServiceInitializer took to complete: 0ms
05-19 16:34:26.340 687 687 D SystemServerTiming: OnBootPhase_520_com.android.server.wifi.WifiService
05-19 16:34:26.340 687 687 V SystemServerTiming: OnBootPhase_520_com.android.server.wifi.WifiService took to complete: 0ms
05-19 16:34:26.340 687 687 D SystemServerTiming: OnBootPhase_520_com.android.server.wifi.scanner.WifiScanningService
05-19 16:34:26.340 687 687 V SystemServerTiming: OnBootPhase_520_com.android.server.wifi.scanner.WifiScanningService took to complete: 0ms
05-19 16:34:26.340 687 687 D SystemServerTiming: OnBootPhase_520_com.android.server.wifi.p2p.WifiP2pService
05-19 16:34:26.340 687 687 V SystemServerTiming: OnBootPhase_520_com.android.server.wifi.p2p.WifiP2pService took to complete: 0ms
05-19 16:34:26.340 687 687 D SystemServerTiming: OnBootPhase_520_com.android.server.ConnectivityServiceInitializer
05-19 16:34:26.340 687 687 V SystemServerTiming: OnBootPhase_520_com.android.server.ConnectivityServiceInitializer took to complete: 0ms
05-19 16:34:26.340 687 687 D SystemServerTiming: OnBootPhase_520_com.android.server.notification.NotificationManagerService
05-19 16:34:26.347 687 687 V SystemServerTiming: OnBootPhase_520_com.android.server.notification.NotificationManagerService took to complete: 7ms
05-19 16:34:26.347 687 687 D SystemServerTiming: OnBootPhase_520_com.android.server.storage.DeviceStorageMonitorService
05-19 16:34:26.347 687 687 V SystemServerTiming: OnBootPhase_520_com.android.server.storage.DeviceStorageMonitorService took to complete: 0ms
05-19 16:34:26.347 687 687 D SystemServerTiming: OnBootPhase_520_com.android.server.timedetector.TimeDetectorService$Lifecycle
05-19 16:34:26.347 687 687 V SystemServerTiming: OnBootPhase_520_com.android.server.timedetector.TimeDetectorService$Lifecycle took to complete: 0ms
05-19 16:34:26.347 687 687 D SystemServerTiming: OnBootPhase_520_com.android.server.location.LocationManagerService$Lifecycle
05-19 16:34:26.347 687 687 V SystemServerTiming: OnBootPhase_520_com.android.server.location.LocationManagerService$Lifecycle took to complete: 0ms
05-19 16:34:26.347 687 687 D SystemServerTiming: OnBootPhase_520_com.android.server.timezonedetector.TimeZoneDetectorService$Lifecycle
05-19 16:34:26.347 687 687 V SystemServerTiming: OnBootPhase_520_com.android.server.timezonedetector.TimeZoneDetectorService$Lifecycle took to complete: 0ms
05-19 16:34:26.347 687 687 D SystemServerTiming: OnBootPhase_520_com.android.server.location.altitude.AltitudeService$Lifecycle
05-19 16:34:26.347 687 687 V SystemServerTiming: OnBootPhase_520_com.android.server.location.altitude.AltitudeService$Lifecycle took to complete: 0ms
05-19 16:34:26.347 687 687 D SystemServerTiming: OnBootPhase_520_com.android.server.timezonedetector.location.LocationTimeZoneManagerService$Lifecycle
05-19 16:34:26.347 687 687 V SystemServerTiming: OnBootPhase_520_com.android.server.timezonedetector.location.LocationTimeZoneManagerService$Lifecycle took to complete: 0ms
05-19 16:34:26.347 687 687 D SystemServerTiming: OnBootPhase_520_com.android.server.search.SearchManagerService$Lifecycle
05-19 16:34:26.347 687 687 V SystemServerTiming: OnBootPhase_520_com.android.server.search.SearchManagerService$Lifecycle took to complete: 0ms
05-19 16:34:26.347 687 687 D SystemServerTiming: OnBootPhase_520_com.android.server.wallpaper.WallpaperManagerService$Lifecycle
05-19 16:34:26.348 687 687 V SystemServerTiming: OnBootPhase_520_com.android.server.wallpaper.WallpaperManagerService$Lifecycle took to complete: 0ms
05-19 16:34:26.348 687 687 D SystemServerTiming: OnBootPhase_520_com.android.server.wallpapereffectsgeneration.WallpaperEffectsGenerationManagerService
05-19 16:34:26.348 687 687 V SystemServerTiming: OnBootPhase_520_com.android.server.wallpapereffectsgeneration.WallpaperEffectsGenerationManagerService took to complete: 0ms
05-19 16:34:26.348 687 687 D SystemServerTiming: OnBootPhase_520_com.android.server.audio.AudioService$Lifecycle
05-19 16:34:26.348 687 687 V SystemServerTiming: OnBootPhase_520_com.android.server.audio.AudioService$Lifecycle took to complete: 0ms
05-19 16:34:26.348 687 687 D SystemServerTiming: OnBootPhase_520_com.android.server.soundtrigger_middleware.SoundTriggerMiddlewareService$Lifecycle
05-19 16:34:26.348 687 687 V SystemServerTiming: OnBootPhase_520_com.android.server.soundtrigger_middleware.SoundTriggerMiddlewareService$Lifecycle took to complete: 0ms
05-19 16:34:26.348 687 687 D SystemServerTiming: OnBootPhase_520_com.android.server.adb.AdbService$Lifecycle
05-19 16:34:26.348 687 687 V SystemServerTiming: OnBootPhase_520_com.android.server.adb.AdbService$Lifecycle took to complete: 0ms
05-19 16:34:26.348 687 687 D SystemServerTiming: OnBootPhase_520_com.android.server.usb.UsbService$Lifecycle
05-19 16:34:26.348 687 687 V SystemServerTiming: OnBootPhase_520_com.android.server.usb.UsbService$Lifecycle took to complete: 0ms
05-19 16:34:26.348 687 687 D SystemServerTiming: OnBootPhase_520_com.android.server.twilight.TwilightService
