05-19 16:34:26.438 687 687 V SystemServerTiming: OnBootPhase_550_com.android.server.SystemConfigService took to complete: 0ms
05-19 16:34:26.438 687 687 D SystemServerTiming: OnBootPhase_550_com.android.server.BatteryService
05-19 16:34:26.438 687 687 V SystemServerTiming: OnBootPhase_550_com.android.server.BatteryService took to complete: 1ms
05-19 16:34:26.439 687 687 D SystemServerTiming: OnBootPhase_550_com.android.server.usage.UsageStatsService
05-19 16:34:26.439 687 687 V SystemServerTiming: OnBootPhase_550_com.android.server.usage.UsageStatsService took to complete: 0ms
05-19 16:34:26.439 687 687 D SystemServerTiming: OnBootPhase_550_com.android.server.webkit.WebViewUpdateService
05-19 16:34:26.439 687 687 V SystemServerTiming: OnBootPhase_550_com.android.server.webkit.WebViewUpdateService took to complete: 0ms
05-19 16:34:26.439 687 687 D SystemServerTiming: OnBootPhase_550_com.android.server.CachedDeviceStateService
05-19 16:34:26.439 687 687 V SystemServerTiming: OnBootPhase_550_com.android.server.CachedDeviceStateService took to complete: 0ms
05-19 16:34:26.439 687 687 D SystemServerTiming: OnBootPhase_550_com.android.server.BinderCallsStatsService$LifeCycle
05-19 16:34:26.439 687 687 V SystemServerTiming: OnBootPhase_550_com.android.server.BinderCallsStatsService$LifeCycle took to complete: 0ms
05-19 16:34:26.439 687 687 D SystemServerTiming: OnBootPhase_550_com.android.server.LooperStatsService$Lifecycle
05-19 16:34:26.439 687 687 V SystemServerTiming: OnBootPhase_550_com.android.server.LooperStatsService$Lifecycle took to complete: 0ms
05-19 16:34:26.439 687 687 D SystemServerTiming: OnBootPhase_550_com.android.server.rollback.RollbackManagerService
05-19 16:34:26.439 687 687 V SystemServerTiming: OnBootPhase_550_com.android.server.rollback.RollbackManagerService took to complete: 0ms
05-19 16:34:26.439 687 687 D SystemServerTiming: OnBootPhase_550_com.android.server.os.NativeTombstoneManagerService
05-19 16:34:26.440 687 687 V SystemServerTiming: OnBootPhase_550_com.android.server.os.NativeTombstoneManagerService took to complete: 1ms
05-19 16:34:26.440 687 687 D SystemServerTiming: OnBootPhase_550_com.android.server.os.BugreportManagerService
05-19 16:34:26.440 687 687 V SystemServerTiming: OnBootPhase_550_com.android.server.os.BugreportManagerService took to complete: 0ms
05-19 16:34:26.440 687 687 D SystemServerTiming: OnBootPhase_550_com.android.server.gpu.GpuService
05-19 16:34:26.440 687 687 V SystemServerTiming: OnBootPhase_550_com.android.server.gpu.GpuService took to complete: 0ms
05-19 16:34:26.440 687 687 D SystemServerTiming: OnBootPhase_550_com.android.server.security.rkp.RemoteProvisioningService
05-19 16:34:26.440 687 687 V SystemServerTiming: OnBootPhase_550_com.android.server.security.rkp.RemoteProvisioningService took to complete: 0ms
05-19 16:34:26.440 687 687 D SystemServerTiming: OnBootPhase_550_com.android.server.cpu.CpuMonitorService
05-19 16:34:26.440 687 687 V SystemServerTiming: OnBootPhase_550_com.android.server.cpu.CpuMonitorService took to complete: 0ms
05-19 16:34:26.440 687 687 D SystemServerTiming: OnBootPhase_550_com.android.server.security.KeyChainSystemService
05-19 16:34:26.440 687 687 V SystemServerTiming: OnBootPhase_550_com.android.server.security.KeyChainSystemService took to complete: 0ms
05-19 16:34:26.440 687 687 D SystemServerTiming: OnBootPhase_550_com.android.server.BinaryTransparencyService
05-19 16:34:26.440 687 687 V SystemServerTiming: OnBootPhase_550_com.android.server.BinaryTransparencyService took to complete: 0ms
05-19 16:34:26.440 687 687 D SystemServerTiming: OnBootPhase_550_com.android.server.accounts.AccountManagerService$Lifecycle
05-19 16:34:26.440 687 687 V SystemServerTiming: OnBootPhase_550_com.android.server.accounts.AccountManagerService$Lifecycle took to complete: 0ms
05-19 16:34:26.440 687 687 D SystemServerTiming: OnBootPhase_550_com.android.server.content.ContentService$Lifecycle
05-19 16:34:26.444 687 687 I SyncManager: No initial accounts
05-19 16:34:26.451 687 687 V SystemServerTiming: OnBootPhase_550_com.android.server.content.ContentService$Lifecycle took to complete: 11ms
05-19 16:34:26.452 687 687 D SystemServerTiming: OnBootPhase_550_com.android.server.deviceconfig.DeviceConfigInit$Lifecycle
05-19 16:34:26.452 687 687 V SystemServerTiming: OnBootPhase_550_com.android.server.deviceconfig.DeviceConfigInit$Lifecycle took to complete: 0ms
05-19 16:34:26.452 687 687 D SystemServerTiming: OnBootPhase_550_com.android.server.DropBoxManagerService
05-19 16:34:26.452 687 687 V SystemServerTiming: OnBootPhase_550_com.android.server.DropBoxManagerService took to complete: 0ms
05-19 16:34:26.452 687 687 D SystemServerTiming: OnBootPhase_550_com.android.role.RoleService
05-19 16:34:26.452 687 687 V SystemServerTiming: OnBootPhase_550_com.android.role.RoleService took to complete: 0ms
05-19 16:34:26.452 687 687 D SystemServerTiming: OnBootPhase_550_com.android.server.vibrator.VibratorManagerService$Lifecycle
05-19 16:34:26.452 687 687 V SystemServerTiming: OnBootPhase_550_com.android.server.vibrator.VibratorManagerService$Lifecycle took to complete: 0ms
05-19 16:34:26.452 687 687 D SystemServerTiming: OnBootPhase_550_com.android.server.tare.InternalResourceService
05-19 16:34:26.452 687 687 V SystemServerTiming: OnBootPhase_550_com.android.server.tare.InternalResourceService took to complete: 0ms
05-19 16:34:26.452 687 687 D SystemServerTiming: OnBootPhase_550_com.android.server.alarm.AlarmManagerService
05-19 16:34:26.452 687 687 V SystemServerTiming: OnBootPhase_550_com.android.server.alarm.AlarmManagerService took to complete: 0ms
05-19 16:34:26.452 687 687 D SystemServerTiming: OnBootPhase_550_com.android.server.devicestate.DeviceStateManagerService
05-19 16:34:26.452 687 687 V SystemServerTiming: OnBootPhase_550_com.android.server.devicestate.DeviceStateManagerService took to complete: 0ms
05-19 16:34:26.452 687 687 D SystemServerTiming: OnBootPhase_550_com.android.server.camera.CameraServiceProxy
05-19 16:34:26.452 687 687 V SystemServerTiming: OnBootPhase_550_com.android.server.camera.CameraServiceProxy took to complete: 0ms
05-19 16:34:26.452 687 687 D SystemServerTiming: OnBootPhase_550_com.android.server.bluetooth.BluetoothService
05-19 16:34:26.452 687 687 V SystemServerTiming: OnBootPhase_550_com.android.server.bluetooth.BluetoothService took to complete: 0ms
05-19 16:34:26.452 687 687 D SystemServerTiming: OnBootPhase_550_com.android.server.connectivity.IpConnectivityMetrics
05-19 16:34:26.452 687 687 V SystemServerTiming: OnBootPhase_550_com.android.server.connectivity.IpConnectivityMetrics took to complete: 0ms
05-19 16:34:26.452 687 687 D SystemServerTiming: OnBootPhase_550_com.android.server.net.watchlist.NetworkWatchlistService$Lifecycle
05-19 16:34:26.454 687 687 V SystemServerTiming: OnBootPhase_550_com.android.server.net.watchlist.NetworkWatchlistService$Lifecycle took to complete: 2ms
05-19 16:34:26.454 687 687 D SystemServerTiming: OnBootPhase_550_com.android.server.PinnerService
05-19 16:34:26.454 687 687 V SystemServerTiming: OnBootPhase_550_com.android.server.PinnerService took to complete: 0ms
05-19 16:34:26.454 687 687 D SystemServerTiming: OnBootPhase_550_com.android.server.integrity.AppIntegrityManagerService
05-19 16:34:26.455 687 687 V SystemServerTiming: OnBootPhase_550_com.android.server.integrity.AppIntegrityManagerService took to complete: 0ms
05-19 16:34:26.455 687 687 D SystemServerTiming: OnBootPhase_550_com.android.server.logcat.LogcatManagerService
05-19 16:34:26.455 687 687 V SystemServerTiming: OnBootPhase_550_com.android.server.logcat.LogcatManagerService took to complete: 0ms
05-19 16:34:26.455 687 687 D SystemServerTiming: OnBootPhase_550_com.android.server.inputmethod.InputMethodManagerService$Lifecycle
05-19 16:34:26.455 687 769 D SystemServerTimingAsync: InitThreadPoolExec:Lazily initialize IMMS#mImeDrawsImeNavBarRes
05-19 16:34:26.455 687 769 D SystemServerInitThreadPool: Started executing Lazily initialize IMMS#mImeDrawsImeNavBarRes
05-19 16:34:26.494 687 687 V SystemServerTiming: OnBootPhase_550_com.android.server.inputmethod.InputMethodManagerService$Lifecycle took to complete: 39ms
05-19 16:34:26.494 687 687 D SystemServerTiming: OnBootPhase_550_com.android.server.accessibility.AccessibilityManagerService$Lifecycle
05-19 16:34:26.494 687 687 V SystemServerTiming: OnBootPhase_550_com.android.server.accessibility.AccessibilityManagerService$Lifecycle took to complete: 0ms
05-19 16:34:26.494 687 687 D SystemServerTiming: OnBootPhase_550_com.android.server.StorageManagerService$Lifecycle
05-19 16:34:26.494 687 687 V SystemServerTiming: OnBootPhase_550_com.android.server.StorageManagerService$Lifecycle took to complete: 0ms
05-19 16:34:26.494 687 687 D SystemServerTiming: OnBootPhase_550_com.android.server.usage.StorageStatsService$Lifecycle
05-19 16:34:26.494 687 687 V SystemServerTiming: OnBootPhase_550_com.android.server.usage.StorageStatsService$Lifecycle took to complete: 0ms
05-19 16:34:26.494 687 687 D SystemServerTiming: OnBootPhase_550_com.android.server.UiModeManagerService
05-19 16:34:26.494 687 687 V SystemServerTiming: OnBootPhase_550_com.android.server.UiModeManagerService took to complete: 0ms
05-19 16:34:26.494 687 687 D SystemServerTiming: OnBootPhase_550_com.android.server.locales.LocaleManagerService
05-19 16:34:26.494 687 687 V SystemServerTiming: OnBootPhase_550_com.android.server.locales.LocaleManagerService took to complete: 0ms
05-19 16:34:26.494 687 687 D SystemServerTiming: OnBootPhase_550_com.android.server.grammaticalinflection.GrammaticalInflectionService
05-19 16:34:26.495 687 687 V SystemServerTiming: OnBootPhase_550_com.android.server.grammaticalinflection.GrammaticalInflectionService took to complete: 0ms
05-19 16:34:26.495 687 687 D SystemServerTiming: OnBootPhase_550_com.android.server.apphibernation.AppHibernationService
05-19 16:34:26.495 687 687 V SystemServerTiming: OnBootPhase_550_com.android.server.apphibernation.AppHibernationService took to complete: 0ms
05-19 16:34:26.495 687 687 D SystemServerTiming: OnBootPhase_550_com.android.server.locksettings.LockSettingsService$Lifecycle
05-19 16:34:26.496 687 687 I RebootEscrowManager: No reboot escrow data found for users, skipping loading escrow data
05-19 16:34:26.498 687 687 V SystemServerTiming: OnBootPhase_550_com.android.server.locksettings.LockSettingsService$Lifecycle took to complete: 2ms
05-19 16:34:26.498 687 687 D SystemServerTiming: OnBootPhase_550_com.android.server.PersistentDataBlockService
05-19 16:34:26.498 687 687 V SystemServerTiming: OnBootPhase_550_com.android.server.PersistentDataBlockService took to complete: 0ms
05-19 16:34:26.498 687 687 D SystemServerTiming: OnBootPhase_550_com.android.server.testharness.TestHarnessModeService
05-19 16:34:26.498 687 687 V SystemServerTiming: OnBootPhase_550_com.android.server.testharness.TestHarnessModeService took to complete: 0ms
05-19 16:34:26.498 687 687 D SystemServerTiming: OnBootPhase_550_com.android.server.oemlock.OemLockService
05-19 16:34:26.498 687 687 V SystemServerTiming: OnBootPhase_550_com.android.server.oemlock.OemLockService took to complete: 0ms
05-19 16:34:26.498 687 687 D SystemServerTiming: OnBootPhase_550_com.android.server.DeviceIdleController
05-19 16:34:26.498 687 687 V SystemServerTiming: OnBootPhase_550_com.android.server.DeviceIdleController took to complete: 0ms
05-19 16:34:26.498 687 687 D SystemServerTiming: OnBootPhase_550_com.android.server.devicepolicy.DevicePolicyManagerService$Lifecycle
05-19 16:34:26.498 687 687 V SystemServerTiming: OnBootPhase_550_com.android.server.devicepolicy.DevicePolicyManagerService$Lifecycle took to complete: 0ms
05-19 16:34:26.498 687 687 D SystemServerTiming: OnBootPhase_550_com.android.server.texttospeech.TextToSpeechManagerService
05-19 16:34:26.498 687 687 V SystemServerTiming: OnBootPhase_550_com.android.server.texttospeech.TextToSpeechManagerService took to complete: 0ms
05-19 16:34:26.498 687 687 D SystemServerTiming: OnBootPhase_550_com.android.server.ambientcontext.AmbientContextManagerService
05-19 16:34:26.498 687 687 V SystemServerTiming: OnBootPhase_550_com.android.server.ambientcontext.AmbientContextManagerService took to complete: 0ms
05-19 16:34:26.498 687 687 D SystemServerTiming: OnBootPhase_550_com.android.server.wearable.WearableSensingManagerService
05-19 16:34:26.498 687 687 V SystemServerTiming: OnBootPhase_550_com.android.server.wearable.WearableSensingManagerService took to complete: 0ms
05-19 16:34:26.498 687 687 D SystemServerTiming: OnBootPhase_550_com.android.server.speech.SpeechRecognitionManagerService
05-19 16:34:26.498 687 687 V SystemServerTiming: OnBootPhase_550_com.android.server.speech.SpeechRecognitionManagerService took to complete: 0ms
05-19 16:34:26.498 687 687 D SystemServerTiming: OnBootPhase_550_com.android.server.searchui.SearchUiManagerService
05-19 16:34:26.498 687 687 V SystemServerTiming: OnBootPhase_550_com.android.server.searchui.SearchUiManagerService took to complete: 0ms
05-19 16:34:26.498 687 687 D SystemServerTiming: OnBootPhase_550_com.android.server.smartspace.SmartspaceManagerService
05-19 16:34:26.498 687 687 V SystemServerTiming: OnBootPhase_550_com.android.server.smartspace.SmartspaceManagerService took to complete: 0ms
05-19 16:34:26.498 687 687 D SystemServerTiming: OnBootPhase_550_com.android.server.graphics.fonts.FontManagerService$Lifecycle
05-19 16:34:26.498 687 687 V SystemServerTiming: OnBootPhase_550_com.android.server.graphics.fonts.FontManagerService$Lifecycle took to complete: 0ms
05-19 16:34:26.498 687 687 D SystemServerTiming: OnBootPhase_550_com.android.server.textservices.TextServicesManagerService$Lifecycle
05-19 16:34:26.498 687 687 V SystemServerTiming: OnBootPhase_550_com.android.server.textservices.TextServicesManagerService$Lifecycle took to complete: 0ms
05-19 16:34:26.498 687 687 D SystemServerTiming: OnBootPhase_550_com.android.server.textclassifier.TextClassificationManagerService$Lifecycle
05-19 16:34:26.498 687 687 V SystemServerTiming: OnBootPhase_550_com.android.server.textclassifier.TextClassificationManagerService$Lifecycle took to complete: 0ms
05-19 16:34:26.498 687 687 D SystemServerTiming: OnBootPhase_550_com.android.server.NetworkScoreService$Lifecycle
05-19 16:34:26.498 687 687 V SystemServerTiming: OnBootPhase_550_com.android.server.NetworkScoreService$Lifecycle took to complete: 0ms
05-19 16:34:26.498 687 687 D SystemServerTiming: OnBootPhase_550_com.android.server.NetworkStatsServiceInitializer
05-19 16:34:26.501 687 769 D SystemServerInitThreadPool: Finished executing Lazily initialize IMMS#mImeDrawsImeNavBarRes
05-19 16:34:26.501 687 769 V SystemServerTimingAsync: InitThreadPoolExec:Lazily initialize IMMS#mImeDrawsImeNavBarRes took to complete: 46ms
05-19 16:34:26.535 687 687 V SystemServerTiming: OnBootPhase_550_com.android.server.NetworkStatsServiceInitializer took to complete: 37ms
05-19 16:34:26.535 687 687 D SystemServerTiming: OnBootPhase_550_com.android.server.wifi.WifiService
05-19 16:34:26.535 687 687 V SystemServerTiming: OnBootPhase_550_com.android.server.wifi.WifiService took to complete: 0ms
05-19 16:34:26.535 687 687 D SystemServerTiming: OnBootPhase_550_com.android.server.wifi.scanner.WifiScanningService
05-19 16:34:26.535 687 687 V SystemServerTiming: OnBootPhase_550_com.android.server.wifi.scanner.WifiScanningService took to complete: 0ms
05-19 16:34:26.535 687 687 D SystemServerTiming: OnBootPhase_550_com.android.server.wifi.p2p.WifiP2pService
05-19 16:34:26.535 687 687 V SystemServerTiming: OnBootPhase_550_com.android.server.wifi.p2p.WifiP2pService took to complete: 0ms
05-19 16:34:26.535 687 687 D SystemServerTiming: OnBootPhase_550_com.android.server.ConnectivityServiceInitializer
05-19 16:34:26.535 687 687 V SystemServerTiming: OnBootPhase_550_com.android.server.ConnectivityServiceInitializer took to complete: 0ms
05-19 16:34:26.535 687 687 D SystemServerTiming: OnBootPhase_550_com.android.server.notification.NotificationManagerService
05-19 16:34:26.535 687 687 V SystemServerTiming: OnBootPhase_550_com.android.server.notification.NotificationManagerService took to complete: 0ms
05-19 16:34:26.535 687 687 D SystemServerTiming: OnBootPhase_550_com.android.server.storage.DeviceStorageMonitorService
05-19 16:34:26.535 687 687 V SystemServerTiming: OnBootPhase_550_com.android.server.storage.DeviceStorageMonitorService took to complete: 0ms
05-19 16:34:26.535 687 687 D SystemServerTiming: OnBootPhase_550_com.android.server.timedetector.TimeDetectorService$Lifecycle
05-19 16:34:26.535 687 687 V SystemServerTiming: OnBootPhase_550_com.android.server.timedetector.TimeDetectorService$Lifecycle took to complete: 0ms
05-19 16:34:26.535 687 687 D SystemServerTiming: OnBootPhase_550_com.android.server.location.LocationManagerService$Lifecycle
05-19 16:34:26.535 687 687 V SystemServerTiming: OnBootPhase_550_com.android.server.location.LocationManagerService$Lifecycle took to complete: 0ms
05-19 16:34:26.535 687 687 D SystemServerTiming: OnBootPhase_550_com.android.server.timezonedetector.TimeZoneDetectorService$Lifecycle
05-19 16:34:26.535 687 687 V SystemServerTiming: OnBootPhase_550_com.android.server.timezonedetector.TimeZoneDetectorService$Lifecycle took to complete: 0ms
05-19 16:34:26.535 687 687 D SystemServerTiming: OnBootPhase_550_com.android.server.location.altitude.AltitudeService$Lifecycle
05-19 16:34:26.535 687 687 V SystemServerTiming: OnBootPhase_550_com.android.server.location.altitude.AltitudeService$Lifecycle took to complete: 0ms
05-19 16:34:26.535 687 687 D SystemServerTiming: OnBootPhase_550_com.android.server.timezonedetector.location.LocationTimeZoneManagerService$Lifecycle
05-19 16:34:26.535 687 687 V SystemServerTiming: OnBootPhase_550_com.android.server.timezonedetector.location.LocationTimeZoneManagerService$Lifecycle took to complete: 0ms
05-19 16:34:26.535 687 687 D SystemServerTiming: OnBootPhase_550_com.android.server.search.SearchManagerService$Lifecycle
05-19 16:34:26.535 687 687 V SystemServerTiming: OnBootPhase_550_com.android.server.search.SearchManagerService$Lifecycle took to complete: 0ms
05-19 16:34:26.535 687 687 D SystemServerTiming: OnBootPhase_550_com.android.server.wallpaper.WallpaperManagerService$Lifecycle
05-19 16:34:26.536 687 687 V WallpaperManagerService: bindWallpaperComponentLocked: componentName=ComponentInfo{com.android.systemui/com.android.systemui.wallpapers.ImageWallpaper}
05-19 16:34:26.537 687 687 D WallpaperManagerService: WPMS.bindWallpaperComponentLocked-ComponentInfo{com.android.systemui/com.android.systemui.wallpapers.ImageWallpaper}
05-19 16:34:26.543 687 687 D CompatibilityChangeReporter: Compat change id reported: 135634846; UID 10052; state: DISABLED
05-19 16:34:26.544 687 687 D CompatibilityChangeReporter: Compat change id reported: 177438394; UID 10052; state: DISABLED
05-19 16:34:26.544 687 687 D CompatibilityChangeReporter: Compat change id reported: 135772972; UID 10052; state: DISABLED
05-19 16:34:26.544 687 687 D CompatibilityChangeReporter: Compat change id reported: 135754954; UID 10052; state: ENABLED
05-19 16:34:26.545 687 717 D CompatibilityChangeReporter: Compat change id reported: 143937733; UID 10052; state: ENABLED
05-19 16:34:26.546 687 687 V WallpaperManagerService: WPMS.bindWallpaperComponentLocked-ComponentInfo{com.android.systemui/com.android.systemui.wallpapers.ImageWallpaper} took to complete: 9ms
05-19 16:34:26.548 687 687 I WallpaperDataParser: No static wallpaper imagery; defaults will be shown
05-19 16:34:26.551 687 687 D WallpaperCropper: WPMS.generateCrop
05-19 16:34:26.551 687 687 W WallpaperCropper: Invalid wallpaper data
05-19 16:34:26.551 687 687 E WallpaperCropper: Unable to apply new wallpaper
05-19 16:34:26.552 687 687 V WallpaperCropper: WPMS.generateCrop took to complete: 1ms
05-19 16:34:26.553 687 687 V SystemServerTiming: OnBootPhase_550_com.android.server.wallpaper.WallpaperManagerService$Lifecycle took to complete: 18ms
05-19 16:34:26.553 687 687 D SystemServerTiming: OnBootPhase_550_com.android.server.wallpapereffectsgeneration.WallpaperEffectsGenerationManagerService
05-19 16:34:26.553 687 687 V SystemServerTiming: OnBootPhase_550_com.android.server.wallpapereffectsgeneration.WallpaperEffectsGenerationManagerService took to complete: 0ms
05-19 16:34:26.553 687 687 D SystemServerTiming: OnBootPhase_550_com.android.server.audio.AudioService$Lifecycle
05-19 16:34:26.553 687 687 V SystemServerTiming: OnBootPhase_550_com.android.server.audio.AudioService$Lifecycle took to complete: 0ms
05-19 16:34:26.553 687 687 D SystemServerTiming: OnBootPhase_550_com.android.server.soundtrigger_middleware.SoundTriggerMiddlewareService$Lifecycle
05-19 16:34:26.553 687 687 V SystemServerTiming: OnBootPhase_550_com.android.server.soundtrigger_middleware.SoundTriggerMiddlewareService$Lifecycle took to complete: 0ms
05-19 16:34:26.553 687 687 D SystemServerTiming: OnBootPhase_550_com.android.server.adb.AdbService$Lifecycle
05-19 16:34:26.554 687 687 V SystemServerTiming: OnBootPhase_550_com.android.server.adb.AdbService$Lifecycle took to complete: 1ms
05-19 16:34:26.554 687 687 D SystemServerTiming: OnBootPhase_550_com.android.server.usb.UsbService$Lifecycle
05-19 16:34:26.555 687 687 V SystemServerTiming: OnBootPhase_550_com.android.server.usb.UsbService$Lifecycle took to complete: 1ms
05-19 16:34:26.555 687 687 D SystemServerTiming: OnBootPhase_550_com.android.server.twilight.TwilightService
05-19 16:34:26.555 687 687 V SystemServerTiming: OnBootPhase_550_com.android.server.twilight.TwilightService took to complete: 0ms
05-19 16:34:26.555 687 687 D SystemServerTiming: OnBootPhase_550_com.android.server.display.color.ColorDisplayService
05-19 16:34:26.555 687 687 V SystemServerTiming: OnBootPhase_550_com.android.server.display.color.ColorDisplayService took to complete: 0ms
05-19 16:34:26.555 687 687 D SystemServerTiming: OnBootPhase_550_com.android.server.job.JobSchedulerService
05-19 16:34:26.555 687 687 V SystemServerTiming: OnBootPhase_550_com.android.server.job.JobSchedulerService took to complete: 0ms
05-19 16:34:26.555 687 687 D SystemServerTiming: OnBootPhase_550_com.android.server.soundtrigger.SoundTriggerService
05-19 16:34:26.555 687 687 D SoundTriggerService: onBootPhase: 550 : false
05-19 16:34:26.555 687 687 V SystemServerTiming: OnBootPhase_550_com.android.server.soundtrigger.SoundTriggerService took to complete: 0ms
05-19 16:34:26.555 687 687 D SystemServerTiming: OnBootPhase_550_com.android.server.trust.TrustManagerService
05-19 16:34:26.556 687 687 V SystemServerTiming: OnBootPhase_550_com.android.server.trust.TrustManagerService took to complete: 0ms
05-19 16:34:26.556 687 687 D SystemServerTiming: OnBootPhase_550_com.android.server.backup.BackupManagerService$Lifecycle
05-19 16:34:26.556 687 687 V SystemServerTiming: OnBootPhase_550_com.android.server.backup.BackupManagerService$Lifecycle took to complete: 0ms
05-19 16:34:26.556 687 687 D SystemServerTiming: OnBootPhase_550_com.android.server.appwidget.AppWidgetService
05-19 16:34:26.556 687 687 V SystemServerTiming: OnBootPhase_550_com.android.server.appwidget.AppWidgetService took to complete: 0ms
05-19 16:34:26.556 687 687 D SystemServerTiming: OnBootPhase_550_com.android.server.voiceinteraction.VoiceInteractionManagerService
05-19 16:34:26.556 687 687 V SystemServerTiming: OnBootPhase_550_com.android.server.voiceinteraction.VoiceInteractionManagerService took to complete: 0ms
05-19 16:34:26.556 687 687 D SystemServerTiming: OnBootPhase_550_com.android.server.GestureLauncherService
05-19 16:34:26.556 687 687 V SystemServerTiming: OnBootPhase_550_com.android.server.GestureLauncherService took to complete: 0ms
05-19 16:34:26.556 687 687 D SystemServerTiming: OnBootPhase_550_com.android.server.SensorNotificationService
05-19 16:34:26.556 687 687 V SystemServerTiming: OnBootPhase_550_com.android.server.SensorNotificationService took to complete: 0ms
05-19 16:34:26.556 687 687 D SystemServerTiming: OnBootPhase_550_com.android.server.emergency.EmergencyAffordanceService
05-19 16:34:26.556 687 687 V SystemServerTiming: OnBootPhase_550_com.android.server.emergency.EmergencyAffordanceService took to complete: 0ms
05-19 16:34:26.556 687 687 D SystemServerTiming: OnBootPhase_550_com.android.server.blob.BlobStoreManagerService
05-19 16:34:26.557 687 687 V SystemServerTiming: OnBootPhase_550_com.android.server.blob.BlobStoreManagerService took to complete: 1ms
05-19 16:34:26.558 687 687 D SystemServerTiming: OnBootPhase_550_com.android.server.dreams.DreamManagerService
05-19 16:34:26.558 687 687 V SystemServerTiming: OnBootPhase_550_com.android.server.dreams.DreamManagerService took to complete: 0ms
05-19 16:34:26.558 687 687 D SystemServerTiming: OnBootPhase_550_com.android.server.security.AttestationVerificationManagerService
05-19 16:34:26.558 687 687 V SystemServerTiming: OnBootPhase_550_com.android.server.security.AttestationVerificationManagerService took to complete: 0ms
05-19 16:34:26.558 687 687 D SystemServerTiming: OnBootPhase_550_com.android.server.restrictions.RestrictionsManagerService
05-19 16:34:26.558 687 687 V SystemServerTiming: OnBootPhase_550_com.android.server.restrictions.RestrictionsManagerService took to complete: 0ms
05-19 16:34:26.558 687 687 D SystemServerTiming: OnBootPhase_550_com.android.server.media.MediaSessionService
05-19 16:34:26.559 687 687 V SystemServerTiming: OnBootPhase_550_com.android.server.media.MediaSessionService took to complete: 1ms
05-19 16:34:26.559 687 687 D SystemServerTiming: OnBootPhase_550_com.android.server.hdmi.HdmiControlService
05-19 16:34:26.559 687 687 V SystemServerTiming: OnBootPhase_550_com.android.server.hdmi.HdmiControlService took to complete: 1ms
05-19 16:34:26.560 687 687 D SystemServerTiming: OnBootPhase_550_com.android.server.tv.interactive.TvInteractiveAppManagerService
05-19 16:34:26.560 687 687 V SystemServerTiming: OnBootPhase_550_com.android.server.tv.interactive.TvInteractiveAppManagerService took to complete: 0ms
05-19 16:34:26.560 687 687 D SystemServerTiming: OnBootPhase_550_com.android.server.tv.TvInputManagerService
05-19 16:34:26.560 687 687 V SystemServerTiming: OnBootPhase_550_com.android.server.tv.TvInputManagerService took to complete: 0ms
05-19 16:34:26.560 687 687 D SystemServerTiming: OnBootPhase_550_com.android.server.media.MediaResourceMonitorService
05-19 16:34:26.560 687 687 V SystemServerTiming: OnBootPhase_550_com.android.server.media.MediaResourceMonitorService took to complete: 0ms
05-19 16:34:26.560 687 687 D SystemServerTiming: OnBootPhase_550_com.android.server.tv.TvRemoteService
05-19 16:34:26.560 687 687 V SystemServerTiming: OnBootPhase_550_com.android.server.tv.TvRemoteService took to complete: 0ms
05-19 16:34:26.560 687 687 D SystemServerTiming: OnBootPhase_550_com.android.server.biometrics.BiometricService
05-19 16:34:26.560 687 687 V SystemServerTiming: OnBootPhase_550_com.android.server.biometrics.BiometricService took to complete: 0ms
05-19 16:34:26.560 687 687 D SystemServerTiming: OnBootPhase_550_com.android.server.biometrics.AuthService
05-19 16:34:26.560 687 687 V SystemServerTiming: OnBootPhase_550_com.android.server.biometrics.AuthService took to complete: 0ms
05-19 16:34:26.560 687 687 D SystemServerTiming: OnBootPhase_550_com.android.server.pm.ShortcutService$Lifecycle
05-19 16:34:26.560 687 687 V SystemServerTiming: OnBootPhase_550_com.android.server.pm.ShortcutService$Lifecycle took to complete: 0ms
05-19 16:34:26.560 687 687 D SystemServerTiming: OnBootPhase_550_com.android.server.pm.LauncherAppsService
05-19 16:34:26.560 687 687 V SystemServerTiming: OnBootPhase_550_com.android.server.pm.LauncherAppsService took to complete: 0ms
05-19 16:34:26.560 687 687 D SystemServerTiming: OnBootPhase_550_com.android.server.pm.CrossProfileAppsService
05-19 16:34:26.560 687 687 V SystemServerTiming: OnBootPhase_550_com.android.server.pm.CrossProfileAppsService took to complete: 0ms
05-19 16:34:26.560 687 687 D SystemServerTiming: OnBootPhase_550_com.android.server.people.PeopleService
05-19 16:34:26.560 687 687 V SystemServerTiming: OnBootPhase_550_com.android.server.people.PeopleService took to complete: 0ms
05-19 16:34:26.560 687 687 D SystemServerTiming: OnBootPhase_550_com.android.server.media.metrics.MediaMetricsManagerService
05-19 16:34:26.560 687 687 V SystemServerTiming: OnBootPhase_550_com.android.server.media.metrics.MediaMetricsManagerService took to complete: 0ms
05-19 16:34:26.560 687 687 D SystemServerTiming: OnBootPhase_550_com.android.server.pm.BackgroundInstallControlService
05-19 16:34:26.560 687 687 V SystemServerTiming: OnBootPhase_550_com.android.server.pm.BackgroundInstallControlService took to complete: 0ms
05-19 16:34:26.560 687 687 D SystemServerTiming: OnBootPhase_550_com.android.server.media.projection.MediaProjectionManagerService
05-19 16:34:26.560 687 687 V SystemServerTiming: OnBootPhase_550_com.android.server.media.projection.MediaProjectionManagerService took to complete: 0ms
05-19 16:34:26.561 687 687 D SystemServerTiming: OnBootPhase_550_com.android.server.slice.SliceManagerService$Lifecycle
05-19 16:34:26.561 687 687 V SystemServerTiming: OnBootPhase_550_com.android.server.slice.SliceManagerService$Lifecycle took to complete: 0ms
05-19 16:34:26.561 687 687 D SystemServerTiming: OnBootPhase_550_com.android.server.stats.StatsCompanion$Lifecycle
05-19 16:34:26.561 687 687 V SystemServerTiming: OnBootPhase_550_com.android.server.stats.StatsCompanion$Lifecycle took to complete: 0ms
05-19 16:34:26.561 687 687 D SystemServerTiming: OnBootPhase_550_com.android.server.scheduling.RebootReadinessManagerService$Lifecycle
05-19 16:34:26.561 687 687 V SystemServerTiming: OnBootPhase_550_com.android.server.scheduling.RebootReadinessManagerService$Lifecycle took to complete: 0ms
05-19 16:34:26.561 687 687 D SystemServerTiming: OnBootPhase_550_com.android.server.stats.pull.StatsPullAtomService
05-19 16:34:26.561 687 687 V SystemServerTiming: OnBootPhase_550_com.android.server.stats.pull.StatsPullAtomService took to complete: 0ms
05-19 16:34:26.561 687 687 D SystemServerTiming: OnBootPhase_550_com.android.server.stats.bootstrap.StatsBootstrapAtomService$Lifecycle
05-19 16:34:26.561 687 687 V SystemServerTiming: OnBootPhase_550_com.android.server.stats.bootstrap.StatsBootstrapAtomService$Lifecycle took to complete: 0ms
05-19 16:34:26.561 687 687 D SystemServerTiming: OnBootPhase_550_com.android.server.incident.IncidentCompanionService
05-19 16:34:26.561 687 687 V SystemServerTiming: OnBootPhase_550_com.android.server.incident.IncidentCompanionService took to complete: 0ms
05-19 16:34:26.561 687 687 D SystemServerTiming: OnBootPhase_550_com.android.server.sdksandbox.SdkSandboxManagerService$Lifecycle
05-19 16:34:26.561 687 687 V SystemServerTiming: OnBootPhase_550_com.android.server.sdksandbox.SdkSandboxManagerService$Lifecycle took to complete: 0ms
05-19 16:34:26.561 687 687 D SystemServerTiming: OnBootPhase_550_com.android.server.adservices.AdServicesManagerService$Lifecycle
05-19 16:34:26.561 687 687 V SystemServerTiming: OnBootPhase_550_com.android.server.adservices.AdServicesManagerService$Lifecycle took to complete: 0ms
05-19 16:34:26.561 687 687 D SystemServerTiming: OnBootPhase_550_com.android.server.ondevicepersonalization.OnDevicePersonalizationSystemService$Lifecycle
05-19 16:34:26.561 687 687 V SystemServerTiming: OnBootPhase_550_com.android.server.ondevicepersonalization.OnDevicePersonalizationSystemService$Lifecycle took to complete: 0ms
05-19 16:34:26.561 687 687 D SystemServerTiming: OnBootPhase_550_com.android.server.autofill.AutofillManagerService
05-19 16:34:26.561 687 687 V SystemServerTiming: OnBootPhase_550_com.android.server.autofill.AutofillManagerService took to complete: 0ms
05-19 16:34:26.561 687 687 D SystemServerTiming: OnBootPhase_550_com.android.server.clipboard.ClipboardService
05-19 16:34:26.561 687 687 V SystemServerTiming: OnBootPhase_550_com.android.server.clipboard.ClipboardService took to complete: 0ms
05-19 16:34:26.561 687 687 D SystemServerTiming: OnBootPhase_550_com.android.server.appbinding.AppBindingService$Lifecycle
05-19 16:34:26.561 687 759 D SystemServerTimingAsync: InitThreadPoolExec:UsbService$Lifecycle#onBootPhase
05-19 16:34:26.561 687 759 D SystemServerInitThreadPool: Started executing UsbService$Lifecycle#onBootPhase
05-19 16:34:26.562 687 840 D HDMI : Process pid:687 is calling addHotplugEventListener
05-19 16:34:26.565 687 759 D SystemServerInitThreadPool: Finished executing UsbService$Lifecycle#onBootPhase
05-19 16:34:26.565 687 759 V SystemServerTimingAsync: InitThreadPoolExec:UsbService$Lifecycle#onBootPhase took to complete: 4ms
05-19 16:34:26.565 687 717 I ActivityManager: Start proc 887:com.android.systemui/u0a52 for service {com.android.systemui/com.android.systemui.wallpapers.ImageWallpaper}
05-19 16:34:26.565 687 837 W BroadcastLoopers: Found previously unknown looper Thread[AudioDeviceBroker,5,main]
05-19 16:34:26.566 687 750 I UsbPortManager: all: opID:1 successful
05-19 16:34:26.575 687 687 I AppBindingService: Updating constants with: null
05-19 16:34:26.575 687 687 V SystemServerTiming: OnBootPhase_550_com.android.server.appbinding.AppBindingService$Lifecycle took to complete: 14ms
05-19 16:34:26.575 687 687 D SystemServerTiming: OnBootPhase_550_com.android.server.tracing.TracingServiceProxy
05-19 16:34:26.575 687 687 V SystemServerTiming: OnBootPhase_550_com.android.server.tracing.TracingServiceProxy took to complete: 0ms
05-19 16:34:26.575 687 687 D SystemServerTiming: OnBootPhase_550_com.android.server.policy.PermissionPolicyService
05-19 16:34:26.575 687 687 D SystemServerTiming: Permission_grant_default_permissions-0
05-19 16:34:26.575 687 687 V SystemServerTiming: Permission_grant_default_permissions-0 took to complete: 0ms
05-19 16:34:26.575 687 687 D SystemServerTiming: Permission_synchronize_permissions-0
05-19 16:34:26.577 687 687 D SystemServerTiming: Permission_synchronize_addPackages-0
05-19 16:34:26.605 687 701 D GameManagerService: User ID '0' does not have a Game Mode selected for package: 'com.android.systemui'
05-19 16:34:26.605 687 701 D CompatibilityChangeReporter: Compat change id reported: 168419799; UID 10052; state: DISABLED
05-19 16:34:26.606 687 701 D CompatibilityChangeReporter: Compat change id reported: 273564678; UID 10052; state: DISABLED
05-19 16:34:26.623 687 762 D CompatibilityChangeReporter: Compat change id reported: 265195908; UID 10052; state: ENABLED
05-19 16:34:26.627 687 701 D CompatibilityChangeReporter: Compat change id reported: 170503758; UID 10052; state: ENABLED
05-19 16:34:26.660 687 687 V SystemServerTiming: Permission_synchronize_addPackages-0 took to complete: 83ms
05-19 16:34:26.660 687 687 D SystemServerTiming: Permission_syncPackages-0
05-19 16:34:26.662 687 687 V SystemServerTiming: Permission_syncPackages-0 took to complete: 2ms
05-19 16:34:26.662 687 687 V SystemServerTiming: Permission_synchronize_permissions-0 took to complete: 86ms
05-19 16:34:26.662 687 687 D SystemServerTiming: Permission_onInitialized-0
05-19 16:34:26.662 687 687 I PermissionManager: Permission ownership changed. Updating all permissions.
05-19 16:34:26.664 687 687 W PermissionManager: Package com.android.adservices.api is an APK in APEX, but has permission allowlist on the system image. Please bundle the allowlist in the com.android.adservices APEX instead.
05-19 16:34:26.707 687 840 D AudioService: No vibrator found
01-01 08:00:17.040 0 0 I [1 T86 ..] [mmc]: r: b_s = b, b_sz = 2c, f: b_s = 22, b_sz = 1e
01-01 08:00:17.040 0 0 I [1 T86 ..] [mmc]: the final result: sel = 1, rx = 21
01-01 08:00:17.048 0 0 I [1 T86 ..] mmc1: new ultra high speed SDR104 SDIO card at address 0000
05-19 16:34:26.760 687 687 W PermissionManager: Package com.android.providers.media.module is an APK in APEX, but has permission allowlist on the system image. Please bundle the allowlist in the com.android.mediaprovider APEX instead.
05-19 16:34:26.760 687 687 W PermissionManager: Package com.android.providers.media.module is an APK in APEX, but has permission allowlist on the system image. Please bundle the allowlist in the com.android.mediaprovider APEX instead.
05-19 16:34:26.760 687 687 W PermissionManager: Package com.android.providers.media.module is an APK in APEX, but has permission allowlist on the system image. Please bundle the allowlist in the com.android.mediaprovider APEX instead.
05-19 16:34:26.761 687 687 W PermissionManager: Package com.android.providers.media.module is an APK in APEX, but has permission allowlist on the system image. Please bundle the allowlist in the com.android.mediaprovider APEX instead.
05-19 16:34:26.761 687 687 W PermissionManager: Package com.android.providers.media.module is an APK in APEX, but has permission allowlist on the system image. Please bundle the allowlist in the com.android.mediaprovider APEX instead.
05-19 16:34:26.761 687 687 W PermissionManager: Package com.android.providers.media.module is an APK in APEX, but has permission allowlist on the system image. Please bundle the allowlist in the com.android.mediaprovider APEX instead.
05-19 16:34:26.761 687 687 W PermissionManager: Package com.android.providers.media.module is an APK in APEX, but has permission allowlist on the system image. Please bundle the allowlist in the com.android.mediaprovider APEX instead.
05-19 16:34:26.761 687 687 W PermissionManager: Package com.android.providers.media.module is an APK in APEX, but has permission allowlist on the system image. Please bundle the allowlist in the com.android.mediaprovider APEX instead.
05-19 16:34:26.761 687 687 W PermissionManager: Package com.android.providers.media.module is an APK in APEX, but has permission allowlist on the system image. Please bundle the allowlist in the com.android.mediaprovider APEX instead.
05-19 16:34:26.761 687 687 W PermissionManager: Package com.android.providers.media.module is an APK in APEX, but has permission allowlist on the system image. Please bundle the allowlist in the com.android.mediaprovider APEX instead.
05-19 16:34:26.761 687 687 W PermissionManager: Package com.android.providers.media.module is an APK in APEX, but has permission allowlist on the system image. Please bundle the allowlist in the com.android.mediaprovider APEX instead.
05-19 16:34:26.761 687 687 W PermissionManager: Package com.android.providers.media.module is an APK in APEX, but has permission allowlist on the system image. Please bundle the allowlist in the com.android.mediaprovider APEX instead.
05-19 16:34:26.761 687 687 W PermissionManager: Package com.android.providers.media.module is an APK in APEX, but has permission allowlist on the system image. Please bundle the allowlist in the com.android.mediaprovider APEX instead.
01-01 08:00:17.064 0 0 W [1 T86 ..] aml_wifi_sdio_probe: 137, sdio probe product id 0x640
01-01 08:00:17.064 0 0 W [1 T86 ..] aml_wifi_sdio_probe: ********get chip type: aml_w2_s
01-01 08:00:17.068 0 0 W [1 T86 ..] aml_wifi_sdio_probe: 137, sdio probe product id 0x640
01-01 08:00:17.068 0 0 W [1 T86 ..] aml_wifi_sdio_probe: ********get chip type: aml_w2_s
01-01 08:00:17.077 0 0 W [1 T86 ..] aml_wifi_sdio_probe: 137, sdio probe product id 0x640
01-01 08:00:17.077 0 0 W [1 T86 ..] aml_wifi_sdio_probe: ********get chip type: aml_w2_s
01-01 08:00:17.080 0 0 W [1 T86 ..] aml_wifi_sdio_probe: 137, sdio probe product id 0x640
01-01 08:00:17.081 0 0 W [1 T86 ..] aml_wifi_sdio_probe: ********get chip type: aml_w2_s
01-01 08:00:17.086 0 0 W [1 T86 ..] aml_wifi_sdio_probe: 137, sdio probe product id 0x640
01-01 08:00:17.086 0 0 W [1 T86 ..] aml_wifi_sdio_probe: ********get chip type: aml_w2_s
01-01 08:00:17.095 0 0 W [1 T86 ..] aml_wifi_sdio_probe: 137, sdio probe product id 0x640
01-01 08:00:17.096 0 0 W [1 T86 ..] aml_wifi_sdio_probe: ********get chip type: aml_w2_s
01-01 08:00:17.101 0 0 W [1 T86 ..] aml_wifi_sdio_probe: 137, sdio probe product id 0x640
01-01 08:00:17.102 0 0 W [1 T86 ..] aml_wifi_sdio_probe: ********get chip type: aml_w2_s
01-01 08:00:17.111 0 0 I [3 T508 ..] [wireless]: [usb_power_control] Set WiFi power on !
01-01 08:00:17.111 0 0 I [3 T508 ..] [wireless]: [pci_reinit] pci wifi reinit!
01-01 08:00:17.112 0 0 I [3 T508 ..] [wireless]: [wifi_power_ioctl] Set sdio wifi power up!
05-19 16:34:26.883 687 687 V SystemServerTiming: Permission_onInitialized-0 took to complete: 221ms
05-19 16:34:26.886 687 687 W SystemServiceManager: Service com.android.server.policy.PermissionPolicyService took 311 ms in onBootPhase
05-19 16:34:26.887 687 687 V SystemServerTiming: OnBootPhase_550_com.android.server.policy.PermissionPolicyService took to complete: 312ms
05-19 16:34:26.887 687 687 D SystemServerTiming: OnBootPhase_550_com.android.server.pm.StagingManager$Lifecycle
05-19 16:34:26.887 687 687 V SystemServerTiming: OnBootPhase_550_com.android.server.pm.StagingManager$Lifecycle took to complete: 0ms
05-19 16:34:26.887 687 687 D SystemServerTiming: OnBootPhase_550_com.android.server.app.GameManagerService$Lifecycle
05-19 16:34:26.887 687 687 V SystemServerTiming: OnBootPhase_550_com.android.server.app.GameManagerService$Lifecycle took to complete: 0ms
05-19 16:34:26.887 687 687 D SystemServerTiming: OnBootPhase_550_com.android.safetycenter.SafetyCenterService
05-19 16:34:26.887 687 687 V SystemServerTiming: OnBootPhase_550_com.android.safetycenter.SafetyCenterService took to complete: 0ms
05-19 16:34:26.887 687 687 D SystemServerTiming: OnBootPhase_550_com.android.server.appsearch.AppSearchModule$Lifecycle
05-19 16:34:26.887 687 687 V SystemServerTiming: OnBootPhase_550_com.android.server.appsearch.AppSearchModule$Lifecycle took to complete: 0ms
05-19 16:34:26.887 687 687 D SystemServerTiming: OnBootPhase_550_com.android.server.media.MediaCommunicationService
05-19 16:34:26.887 687 687 V SystemServerTiming: OnBootPhase_550_com.android.server.media.MediaCommunicationService took to complete: 0ms
05-19 16:34:26.887 687 687 D SystemServerTiming: OnBootPhase_550_com.android.server.compat.overrides.AppCompatOverridesService$Lifecycle
05-19 16:34:26.887 687 687 V SystemServerTiming: OnBootPhase_550_com.android.server.compat.overrides.AppCompatOverridesService$Lifecycle took to complete: 0ms
05-19 16:34:26.887 687 687 D SystemServerTiming: OnBootPhase_550_com.android.server.healthconnect.HealthConnectManagerService
05-19 16:34:26.887 687 687 V SystemServerTiming: OnBootPhase_550_com.android.server.healthconnect.HealthConnectManagerService took to complete: 0ms
05-19 16:34:26.887 687 687 D SystemServerTiming: OnBootPhase_550_com.android.server.devicelock.DeviceLockService
05-19 16:34:26.887 687 687 D DeviceLockService: onBootPhase: 550
05-19 16:34:26.887 687 687 V SystemServerTiming: OnBootPhase_550_com.android.server.devicelock.DeviceLockService took to complete: 0ms
05-19 16:34:26.887 687 687 V SystemServerTiming: OnBootPhase_550 took to complete: 459ms
05-19 16:34:26.887 687 687 V SystemServerTiming: StartActivityManagerReadyPhase took to complete: 459ms
05-19 16:34:26.887 687 687 D SystemServerTiming: StartObservingNativeCrashes
05-19 16:34:26.895 687 687 V SystemServerTiming: StartObservingNativeCrashes took to complete: 8ms
05-19 16:34:26.895 687 687 D SystemServerTiming: RegisterAppOpsPolicy
05-19 16:34:26.898 687 687 V SystemServerTiming: RegisterAppOpsPolicy took to complete: 3ms
05-19 16:34:26.898 687 687 D SystemServerTiming: MakeNetworkManagementServiceReady
05-19 16:34:26.899 687 748 D SystemServerTimingAsync: InitThreadPoolExec:WebViewFactoryPreparation
05-19 16:34:26.899 687 748 D SystemServerInitThreadPool: Started executing WebViewFactoryPreparation
05-19 16:34:26.899 687 748 I SystemServer: WebViewFactoryPreparation
05-19 16:34:26.899 687 748 D SystemServerTimingAsync: WebViewFactoryPreparation
05-19 16:34:26.901 687 687 V SystemServerTiming: MakeNetworkManagementServiceReady took to complete: 2ms
05-19 16:34:26.901 687 687 D SystemServerTiming: MakeConnectivityServiceReady
05-19 16:34:26.904 687 748 E AppOps : Bad call made by uid 1000. Package "android" does not belong to uid 1037.
05-19 16:34:26.905 687 724 W BatteryExternalStatsWorker: error reading modem stats:ERROR_PHONE_NOT_AVAILABLE
05-19 16:34:26.910 687 748 E AppOps : Cannot checkOperation
05-19 16:34:26.910 687 748 E AppOps : java.lang.SecurityException: Specified package "android" under uid 1037 but it is not
05-19 16:34:26.910 687 748 E AppOps : at com.android.server.appop.AppOpsService.verifyAndGetBypass(AppOpsService.java:3894)
05-19 16:34:26.910 687 748 E AppOps : at com.android.server.appop.AppOpsService.verifyAndGetBypass(AppOpsService.java:3754)
05-19 16:34:26.910 687 748 E AppOps : at com.android.server.appop.AppOpsService.verifyAndGetBypass(AppOpsService.java:3746)
05-19 16:34:26.910 687 748 E AppOps : at com.android.server.appop.AppOpsService.checkOperationUnchecked(AppOpsService.java:2417)
05-19 16:34:26.910 687 748 E AppOps : at com.android.server.appop.AppOpsService.checkOperationImpl(AppOpsService.java:2400)
05-19 16:34:26.910 687 748 E AppOps : at com.android.server.appop.AppOpsService.-$$Nest$mcheckOperationImpl(AppOpsService.java:0)
05-19 16:34:26.910 687 748 E AppOps : at com.android.server.appop.AppOpsService$CheckOpsDelegateDispatcher.$r8$lambda$fx57Sum-uA3sXo7NCFwrI3iq4WM(AppOpsService.java:0)
05-19 16:34:26.910 687 748 E AppOps : at com.android.server.appop.AppOpsService$CheckOpsDelegateDispatcher$$ExternalSyntheticLambda9.apply(R8$$SyntheticClass:0)
05-19 16:34:26.910 687 748 E AppOps : at com.android.server.policy.AppOpsPolicy.checkOperation(AppOpsPolicy.java:221)
05-19 16:34:26.910 687 748 E AppOps : at com.android.server.appop.AppOpsService$CheckOpsDelegateDispatcher.checkOperation(AppOpsService.java:6427)
05-19 16:34:26.910 687 748 E AppOps : at com.android.server.appop.AppOpsService.checkOperation(AppOpsService.java:2385)
05-19 16:34:26.910 687 748 E AppOps : at com.android.server.StorageManagerService$StorageManagerInternalImpl.hasExternalStorageAccess(StorageManagerService.java:4728)
05-19 16:34:26.910 687 748 E AppOps : at com.android.server.am.ProcessList.startProcessLocked(ProcessList.java:1778)
05-19 16:34:26.910 687 748 E AppOps : at com.android.server.am.ProcessList.startProcessLocked(ProcessList.java:2484)
05-19 16:34:26.910 687 748 E AppOps : at com.android.server.am.ProcessList.startProcessLocked(ProcessList.java:2629)
05-19 16:34:26.910 687 748 E AppOps : at com.android.server.am.ActivityManagerService.startIsolatedProcess(ActivityManagerService.java:2949)
05-19 16:34:26.910 687 748 E AppOps : at com.android.server.am.ActivityManagerService$LocalService.startIsolatedProcess(ActivityManagerService.java:17521)
05-19 16:34:26.910 687 748 E AppOps : at android.webkit.WebViewLibraryLoader.createRelroFile(WebViewLibraryLoader.java:126)
05-19 16:34:26.910 687 748 E AppOps : at android.webkit.WebViewLibraryLoader.createRelros(WebViewLibraryLoader.java:164)
05-19 16:34:26.910 687 748 E AppOps : at android.webkit.WebViewLibraryLoader.prepareNativeLibraries(WebViewLibraryLoader.java:152)
05-19 16:34:26.910 687 748 E AppOps : at android.webkit.WebViewFactory.onWebViewProviderChanged(WebViewFactory.java:555)
05-19 16:34:26.910 687 748 E AppOps : at com.android.server.webkit.SystemImpl.onWebViewProviderChanged(SystemImpl.java:174)
05-19 16:34:26.910 687 748 E AppOps : at com.android.server.webkit.WebViewUpdateServiceImpl.onWebViewProviderChanged(WebViewUpdateServiceImpl.java:351)
05-19 16:34:26.910 687 748 E AppOps : at com.android.server.webkit.WebViewUpdateServiceImpl.prepareWebViewInSystemServer(WebViewUpdateServiceImpl.java:182)
05-19 16:34:26.910 687 748 E AppOps : at com.android.server.webkit.WebViewUpdateService.prepareWebViewInSystemServer(WebViewUpdateService.java:129)
05-19 16:34:26.910 687 748 E AppOps : at com.android.server.SystemServer.lambda$startOtherServices$4(SystemServer.java:2939)
05-19 16:34:26.910 687 748 E AppOps : at com.android.server.SystemServer.$r8$lambda$t1R-mpe1gQ3l_T3UqaEuPqwZT88(SystemServer.java:0)
05-19 16:34:26.910 687 748 E AppOps : at com.android.server.SystemServer$$ExternalSyntheticLambda7.run(R8$$SyntheticClass:0)
05-19 16:34:26.910 687 748 E AppOps : at com.android.server.SystemServerInitThreadPool.lambda$submitTask$0(SystemServerInitThreadPool.java:107)
05-19 16:34:26.910 687 748 E AppOps : at com.android.server.SystemServerInitThreadPool.$r8$lambda$iar571g8isa6ZrPZMHj1USmyX48(SystemServerInitThreadPool.java:0)
05-19 16:34:26.910 687 748 E AppOps : at com.android.server.SystemServerInitThreadPool$$ExternalSyntheticLambda1.run(R8$$SyntheticClass:0)
05-19 16:34:26.910 687 748 E AppOps : at java.util.concurrent.Executors$RunnableAdapter.call(Executors.java:487)
05-19 16:34:26.910 687 748 E AppOps : at java.util.concurrent.FutureTask.run(FutureTask.java:264)
05-19 16:34:26.910 687 748 E AppOps : at java.util.concurrent.ThreadPoolExecutor.runWorker(ThreadPoolExecutor.java:1145)
05-19 16:34:26.910 687 748 E AppOps : at java.util.concurrent.ThreadPoolExecutor$Worker.run(ThreadPoolExecutor.java:644)
05-19 16:34:26.910 687 748 E AppOps : at com.android.internal.util.ConcurrentUtils$1$1.run(ConcurrentUtils.java:65)
05-19 16:34:26.910 687 748 I ActivityManager: android is exempt from freezer
05-19 16:34:26.911 687 748 D CompatibilityChangeReporter: Compat change id reported: 135634846; UID 1000; state: DISABLED
05-19 16:34:26.911 687 748 D CompatibilityChangeReporter: Compat change id reported: 177438394; UID 1000; state: DISABLED
05-19 16:34:26.911 687 748 D CompatibilityChangeReporter: Compat change id reported: 135772972; UID 1000; state: DISABLED
05-19 16:34:26.911 687 748 D CompatibilityChangeReporter: Compat change id reported: 178038272; UID 1000; state: DISABLED
05-19 16:34:26.912 687 748 V SystemServerTimingAsync: WebViewFactoryPreparation took to complete: 13ms
05-19 16:34:26.912 687 748 D SystemServerInitThreadPool: Finished executing WebViewFactoryPreparation
05-19 16:34:26.913 687 748 V SystemServerTimingAsync: InitThreadPoolExec:WebViewFactoryPreparation took to complete: 14ms
