05-19 16:34:26.925 687 817 W NetworkPolicy: setRestrictBackgroundUL: already false
05-19 16:34:26.928 687 717 I ActivityManager: Start proc 915:WebViewLoader-armeabi-v7a/1037 [android.webkit.WebViewLibraryLoader$RelroFileCreator] for
05-19 16:34:26.934 687 817 D CompatibilityChangeReporter: Compat change id reported: 218533173; UID 10133; state: DISABLED
05-19 16:34:26.935 687 817 D CompatibilityChangeReporter: Compat change id reported: 262645982; UID 10133; state: DISABLED
05-19 16:34:26.939 687 817 D CompatibilityChangeReporter: Compat change id reported: 218533173; UID 10045; state: ENABLED
05-19 16:34:26.940 687 817 D CompatibilityChangeReporter: Compat change id reported: 262645982; UID 10045; state: ENABLED
05-19 16:34:26.941 687 817 D CompatibilityChangeReporter: Compat change id reported: 218533173; UID 10050; state: DISABLED
05-19 16:34:26.942 687 817 D CompatibilityChangeReporter: Compat change id reported: 262645982; UID 10050; state: DISABLED
05-19 16:34:26.943 687 817 D CompatibilityChangeReporter: Compat change id reported: 171306433; UID 10050; state: DISABLED
05-19 16:34:26.947 687 817 D CompatibilityChangeReporter: Compat change id reported: 218533173; UID 10088; state: DISABLED
05-19 16:34:26.947 687 817 D CompatibilityChangeReporter: Compat change id reported: 262645982; UID 10088; state: DISABLED
05-19 16:34:26.949 687 817 D CompatibilityChangeReporter: Compat change id reported: 218533173; UID 10029; state: DISABLED
05-19 16:34:26.949 687 817 D CompatibilityChangeReporter: Compat change id reported: 262645982; UID 10029; state: DISABLED
05-19 16:34:26.951 687 817 D CompatibilityChangeReporter: Compat change id reported: 218533173; UID 10048; state: ENABLED
05-19 16:34:26.952 687 817 D CompatibilityChangeReporter: Compat change id reported: 262645982; UID 10048; state: ENABLED
05-19 16:34:26.952 687 817 D CompatibilityChangeReporter: Compat change id reported: 218533173; UID 10094; state: DISABLED
05-19 16:34:26.953 687 817 D CompatibilityChangeReporter: Compat change id reported: 262645982; UID 10094; state: DISABLED
05-19 16:34:26.954 687 817 D CompatibilityChangeReporter: Compat change id reported: 218533173; UID 10142; state: DISABLED
05-19 16:34:26.954 687 817 D CompatibilityChangeReporter: Compat change id reported: 262645982; UID 10142; state: DISABLED
05-19 16:34:26.955 687 817 D CompatibilityChangeReporter: Compat change id reported: 218533173; UID 10042; state: DISABLED
05-19 16:34:26.955 687 817 D CompatibilityChangeReporter: Compat change id reported: 262645982; UID 10042; state: DISABLED
05-19 16:34:26.956 687 817 D CompatibilityChangeReporter: Compat change id reported: 218533173; UID 10141; state: DISABLED
05-19 16:34:26.956 687 817 D CompatibilityChangeReporter: Compat change id reported: 262645982; UID 10141; state: DISABLED
05-19 16:34:26.962 687 701 D GameManagerService: User ID '0' does not have a Game Mode selected for package: 'android'
05-19 16:34:26.963 687 701 D CompatibilityChangeReporter: Compat change id reported: 168419799; UID 1000; state: DISABLED
05-19 16:34:26.963 687 701 D CompatibilityChangeReporter: Compat change id reported: 273564678; UID 1000; state: DISABLED
05-19 16:34:26.983 687 687 V SystemServerTiming: MakeConnectivityServiceReady took to complete: 82ms
05-19 16:34:26.983 687 687 D SystemServerTiming: MakeVpnManagerServiceReady
05-19 16:34:26.991 687 687 V SystemServerTiming: MakeVpnManagerServiceReady took to complete: 8ms
05-19 16:34:26.991 687 687 D SystemServerTiming: MakeVcnManagementServiceReady
05-19 16:34:27.002 687 687 V SystemServerTiming: MakeVcnManagementServiceReady took to complete: 10ms
05-19 16:34:27.002 687 687 D SystemServerTiming: MakeNetworkPolicyServiceReady
05-19 16:34:27.003 687 687 V SystemServerTiming: MakeNetworkPolicyServiceReady took to complete: 1ms
05-19 16:34:27.003 687 687 D SystemServerTiming: PhaseThirdPartyAppsCanStart
05-19 16:34:27.003 687 687 I SystemServiceManager: Starting phase 600
05-19 16:34:27.003 687 687 D SystemServerTiming: OnBootPhase_600
05-19 16:34:27.003 687 687 D SystemServerTiming: OnBootPhase_600_com.android.server.security.FileIntegrityService
05-19 16:34:27.003 687 687 V SystemServerTiming: OnBootPhase_600_com.android.server.security.FileIntegrityService took to complete: 0ms
05-19 16:34:27.004 687 687 D SystemServerTiming: OnBootPhase_600_com.android.server.pm.Installer
05-19 16:34:27.004 687 687 V SystemServerTiming: OnBootPhase_600_com.android.server.pm.Installer took to complete: 0ms
05-19 16:34:27.004 687 687 D SystemServerTiming: OnBootPhase_600_com.android.server.os.DeviceIdentifiersPolicyService
05-19 16:34:27.004 687 687 V SystemServerTiming: OnBootPhase_600_com.android.server.os.DeviceIdentifiersPolicyService took to complete: 0ms
05-19 16:34:27.004 687 687 D SystemServerTiming: OnBootPhase_600_com.android.server.flags.FeatureFlagsService
05-19 16:34:27.004 687 687 V SystemServerTiming: OnBootPhase_600_com.android.server.flags.FeatureFlagsService took to complete: 0ms
05-19 16:34:27.004 687 687 D SystemServerTiming: OnBootPhase_600_com.android.server.uri.UriGrantsManagerService$Lifecycle
05-19 16:34:27.004 687 687 V SystemServerTiming: OnBootPhase_600_com.android.server.uri.UriGrantsManagerService$Lifecycle took to complete: 0ms
05-19 16:34:27.004 687 687 D SystemServerTiming: OnBootPhase_600_com.android.server.powerstats.PowerStatsService
05-19 16:34:27.004 687 687 V SystemServerTiming: OnBootPhase_600_com.android.server.powerstats.PowerStatsService took to complete: 0ms
05-19 16:34:27.004 687 687 D SystemServerTiming: OnBootPhase_600_com.android.server.permission.access.AccessCheckingService
05-19 16:34:27.004 687 687 V SystemServerTiming: OnBootPhase_600_com.android.server.permission.access.AccessCheckingService took to complete: 0ms
05-19 16:34:27.004 687 687 D SystemServerTiming: OnBootPhase_600_com.android.server.wm.ActivityTaskManagerService$Lifecycle
05-19 16:34:27.004 687 687 V SystemServerTiming: OnBootPhase_600_com.android.server.wm.ActivityTaskManagerService$Lifecycle took to complete: 0ms
05-19 16:34:27.004 687 687 D SystemServerTiming: OnBootPhase_600_com.android.server.am.ActivityManagerService$Lifecycle
05-19 16:34:27.005 687 815 W BroadcastLoopers: Found previously unknown looper Thread[NetworkStats,5,main]
05-19 16:34:27.005 687 687 I ExplicitHealthCheckController: Explicit health checks enabled.
05-19 16:34:27.006 687 687 I PackageWatchdog: Syncing state, reason: health check state enabled
05-19 16:34:27.006 687 715 I PackageWatchdog: Saving observer state to file
05-19 16:34:27.007 687 687 V SystemServerTiming: OnBootPhase_600_com.android.server.am.ActivityManagerService$Lifecycle took to complete: 3ms
05-19 16:34:27.007 687 687 D SystemServerTiming: OnBootPhase_600_com.android.server.pm.DataLoaderManagerService
05-19 16:34:27.007 687 687 V SystemServerTiming: OnBootPhase_600_com.android.server.pm.DataLoaderManagerService took to complete: 0ms
05-19 16:34:27.007 687 687 D SystemServerTiming: OnBootPhase_600_com.android.server.power.PowerManagerService
05-19 16:34:27.008 687 687 V SystemServerTiming: OnBootPhase_600_com.android.server.power.PowerManagerService took to complete: 1ms
05-19 16:34:27.008 687 687 D SystemServerTiming: OnBootPhase_600_com.android.server.power.ThermalManagerService
05-19 16:34:27.008 687 687 V SystemServerTiming: OnBootPhase_600_com.android.server.power.ThermalManagerService took to complete: 0ms
05-19 16:34:27.008 687 687 D SystemServerTiming: OnBootPhase_600_com.android.server.power.hint.HintManagerService
05-19 16:34:27.008 687 687 V SystemServerTiming: OnBootPhase_600_com.android.server.power.hint.HintManagerService took to complete: 0ms
05-19 16:34:27.008 687 687 D SystemServerTiming: OnBootPhase_600_com.android.server.recoverysystem.RecoverySystemService$Lifecycle
05-19 16:34:27.008 687 687 V SystemServerTiming: OnBootPhase_600_com.android.server.recoverysystem.RecoverySystemService$Lifecycle took to complete: 0ms
05-19 16:34:27.008 687 687 D SystemServerTiming: OnBootPhase_600_com.android.server.lights.LightsService
05-19 16:34:27.008 687 687 V SystemServerTiming: OnBootPhase_600_com.android.server.lights.LightsService took to complete: 0ms
05-19 16:34:27.008 687 687 D SystemServerTiming: OnBootPhase_600_com.android.server.display.DisplayManagerService
05-19 16:34:27.008 687 687 V SystemServerTiming: OnBootPhase_600_com.android.server.display.DisplayManagerService took to complete: 0ms
05-19 16:34:27.008 687 687 D SystemServerTiming: OnBootPhase_600_com.android.server.pm.verify.domain.DomainVerificationService
05-19 16:34:27.008 687 687 V SystemServerTiming: OnBootPhase_600_com.android.server.pm.verify.domain.DomainVerificationService took to complete: 0ms
05-19 16:34:27.008 687 687 D SystemServerTiming: OnBootPhase_600_com.android.server.pm.PackageInstallerService$Lifecycle
05-19 16:34:27.008 687 687 V SystemServerTiming: OnBootPhase_600_com.android.server.pm.PackageInstallerService$Lifecycle took to complete: 0ms
05-19 16:34:27.008 687 687 D SystemServerTiming: OnBootPhase_600_com.android.server.pm.UserManagerService$LifeCycle
05-19 16:34:27.008 687 687 V SystemServerTiming: OnBootPhase_600_com.android.server.pm.UserManagerService$LifeCycle took to complete: 0ms
05-19 16:34:27.008 687 687 D SystemServerTiming: OnBootPhase_600_com.android.server.om.OverlayManagerService
05-19 16:34:27.008 687 687 V SystemServerTiming: OnBootPhase_600_com.android.server.om.OverlayManagerService took to complete: 0ms
05-19 16:34:27.008 687 687 D SystemServerTiming: OnBootPhase_600_com.android.server.resources.ResourcesManagerService
05-19 16:34:27.008 687 687 V SystemServerTiming: OnBootPhase_600_com.android.server.resources.ResourcesManagerService took to complete: 0ms
05-19 16:34:27.008 687 687 D SystemServerTiming: OnBootPhase_600_com.android.server.sensorprivacy.SensorPrivacyService
05-19 16:34:27.008 687 687 V SystemServerTiming: OnBootPhase_600_com.android.server.sensorprivacy.SensorPrivacyService took to complete: 0ms
05-19 16:34:27.008 687 687 D SystemServerTiming: OnBootPhase_600_com.android.server.sensors.SensorService
05-19 16:34:27.008 687 687 V SystemServerTiming: OnBootPhase_600_com.android.server.sensors.SensorService took to complete: 0ms
05-19 16:34:27.010 687 687 D SystemServerTiming: OnBootPhase_600_com.android.server.SystemConfigService
05-19 16:34:27.011 687 687 V SystemServerTiming: OnBootPhase_600_com.android.server.SystemConfigService took to complete: 0ms
05-19 16:34:27.011 687 687 D SystemServerTiming: OnBootPhase_600_com.android.server.BatteryService
05-19 16:34:27.011 687 687 V SystemServerTiming: OnBootPhase_600_com.android.server.BatteryService took to complete: 0ms
05-19 16:34:27.011 687 687 D SystemServerTiming: OnBootPhase_600_com.android.server.usage.UsageStatsService
05-19 16:34:27.011 687 687 V SystemServerTiming: OnBootPhase_600_com.android.server.usage.UsageStatsService took to complete: 0ms
05-19 16:34:27.011 687 687 D SystemServerTiming: OnBootPhase_600_com.android.server.webkit.WebViewUpdateService
05-19 16:34:27.011 687 687 V SystemServerTiming: OnBootPhase_600_com.android.server.webkit.WebViewUpdateService took to complete: 0ms
05-19 16:34:27.011 687 687 D SystemServerTiming: OnBootPhase_600_com.android.server.CachedDeviceStateService
05-19 16:34:27.011 687 687 V SystemServerTiming: OnBootPhase_600_com.android.server.CachedDeviceStateService took to complete: 0ms
05-19 16:34:27.011 687 687 D SystemServerTiming: OnBootPhase_600_com.android.server.BinderCallsStatsService$LifeCycle
05-19 16:34:27.011 687 687 V SystemServerTiming: OnBootPhase_600_com.android.server.BinderCallsStatsService$LifeCycle took to complete: 0ms
05-19 16:34:27.011 687 687 D SystemServerTiming: OnBootPhase_600_com.android.server.LooperStatsService$Lifecycle
05-19 16:34:27.011 687 687 V SystemServerTiming: OnBootPhase_600_com.android.server.LooperStatsService$Lifecycle took to complete: 0ms
05-19 16:34:27.011 687 687 D SystemServerTiming: OnBootPhase_600_com.android.server.rollback.RollbackManagerService
05-19 16:34:27.011 687 687 V SystemServerTiming: OnBootPhase_600_com.android.server.rollback.RollbackManagerService took to complete: 0ms
05-19 16:34:27.011 687 687 D SystemServerTiming: OnBootPhase_600_com.android.server.os.NativeTombstoneManagerService
05-19 16:34:27.011 687 687 V SystemServerTiming: OnBootPhase_600_com.android.server.os.NativeTombstoneManagerService took to complete: 0ms
05-19 16:34:27.011 687 687 D SystemServerTiming: OnBootPhase_600_com.android.server.os.BugreportManagerService
05-19 16:34:27.011 687 687 V SystemServerTiming: OnBootPhase_600_com.android.server.os.BugreportManagerService took to complete: 0ms
05-19 16:34:27.011 687 687 D SystemServerTiming: OnBootPhase_600_com.android.server.gpu.GpuService
05-19 16:34:27.011 687 687 V SystemServerTiming: OnBootPhase_600_com.android.server.gpu.GpuService took to complete: 0ms
05-19 16:34:27.011 687 687 D SystemServerTiming: OnBootPhase_600_com.android.server.security.rkp.RemoteProvisioningService
05-19 16:34:27.011 687 687 V SystemServerTiming: OnBootPhase_600_com.android.server.security.rkp.RemoteProvisioningService took to complete: 0ms
05-19 16:34:27.011 687 687 D SystemServerTiming: OnBootPhase_600_com.android.server.cpu.CpuMonitorService
05-19 16:34:27.011 687 687 V SystemServerTiming: OnBootPhase_600_com.android.server.cpu.CpuMonitorService took to complete: 0ms
05-19 16:34:27.011 687 687 D SystemServerTiming: OnBootPhase_600_com.android.server.security.KeyChainSystemService
05-19 16:34:27.011 687 687 V SystemServerTiming: OnBootPhase_600_com.android.server.security.KeyChainSystemService took to complete: 0ms
05-19 16:34:27.011 687 687 D SystemServerTiming: OnBootPhase_600_com.android.server.BinaryTransparencyService
05-19 16:34:27.011 687 687 V SystemServerTiming: OnBootPhase_600_com.android.server.BinaryTransparencyService took to complete: 0ms
05-19 16:34:27.011 687 687 D SystemServerTiming: OnBootPhase_600_com.android.server.accounts.AccountManagerService$Lifecycle
05-19 16:34:27.011 687 687 V SystemServerTiming: OnBootPhase_600_com.android.server.accounts.AccountManagerService$Lifecycle took to complete: 0ms
05-19 16:34:27.011 687 687 D SystemServerTiming: OnBootPhase_600_com.android.server.content.ContentService$Lifecycle
05-19 16:34:27.011 687 687 V SystemServerTiming: OnBootPhase_600_com.android.server.content.ContentService$Lifecycle took to complete: 0ms
05-19 16:34:27.011 687 687 D SystemServerTiming: OnBootPhase_600_com.android.server.deviceconfig.DeviceConfigInit$Lifecycle
05-19 16:34:27.011 687 687 V SystemServerTiming: OnBootPhase_600_com.android.server.deviceconfig.DeviceConfigInit$Lifecycle took to complete: 0ms
05-19 16:34:27.011 687 687 D SystemServerTiming: OnBootPhase_600_com.android.server.DropBoxManagerService
05-19 16:34:27.011 687 687 V SystemServerTiming: OnBootPhase_600_com.android.server.DropBoxManagerService took to complete: 0ms
05-19 16:34:27.011 687 687 D SystemServerTiming: OnBootPhase_600_com.android.role.RoleService
05-19 16:34:27.011 687 687 V SystemServerTiming: OnBootPhase_600_com.android.role.RoleService took to complete: 0ms
05-19 16:34:27.011 687 687 D SystemServerTiming: OnBootPhase_600_com.android.server.vibrator.VibratorManagerService$Lifecycle
05-19 16:34:27.011 687 687 V SystemServerTiming: OnBootPhase_600_com.android.server.vibrator.VibratorManagerService$Lifecycle took to complete: 0ms
05-19 16:34:27.011 687 687 D SystemServerTiming: OnBootPhase_600_com.android.server.tare.InternalResourceService
05-19 16:34:27.011 687 687 V SystemServerTiming: OnBootPhase_600_com.android.server.tare.InternalResourceService took to complete: 1ms
05-19 16:34:27.011 687 687 D SystemServerTiming: OnBootPhase_600_com.android.server.alarm.AlarmManagerService
05-19 16:34:27.011 687 687 V SystemServerTiming: OnBootPhase_600_com.android.server.alarm.AlarmManagerService took to complete: 0ms
05-19 16:34:27.011 687 687 D SystemServerTiming: OnBootPhase_600_com.android.server.devicestate.DeviceStateManagerService
05-19 16:34:27.012 687 687 V SystemServerTiming: OnBootPhase_600_com.android.server.devicestate.DeviceStateManagerService took to complete: 0ms
05-19 16:34:27.012 687 687 D SystemServerTiming: OnBootPhase_600_com.android.server.camera.CameraServiceProxy
05-19 16:34:27.012 687 687 V SystemServerTiming: OnBootPhase_600_com.android.server.camera.CameraServiceProxy took to complete: 0ms
05-19 16:34:27.012 687 687 D SystemServerTiming: OnBootPhase_600_com.android.server.bluetooth.BluetoothService
05-19 16:34:27.012 687 687 V SystemServerTiming: OnBootPhase_600_com.android.server.bluetooth.BluetoothService took to complete: 0ms
05-19 16:34:27.012 687 687 D SystemServerTiming: OnBootPhase_600_com.android.server.connectivity.IpConnectivityMetrics
05-19 16:34:27.012 887 887 V WindowManagerShell: Adding init callback for DisplayChangeController
05-19 16:34:27.012 687 687 V SystemServerTiming: OnBootPhase_600_com.android.server.connectivity.IpConnectivityMetrics took to complete: 0ms
05-19 16:34:27.012 687 687 D SystemServerTiming: OnBootPhase_600_com.android.server.net.watchlist.NetworkWatchlistService$Lifecycle
05-19 16:34:27.012 687 687 V SystemServerTiming: OnBootPhase_600_com.android.server.net.watchlist.NetworkWatchlistService$Lifecycle took to complete: 0ms
05-19 16:34:27.012 687 687 D SystemServerTiming: OnBootPhase_600_com.android.server.PinnerService
05-19 16:34:27.012 687 687 V SystemServerTiming: OnBootPhase_600_com.android.server.PinnerService took to complete: 0ms
05-19 16:34:27.012 887 887 V WindowManagerShell: Adding init callback for DisplayController
05-19 16:34:27.012 687 687 D SystemServerTiming: OnBootPhase_600_com.android.server.integrity.AppIntegrityManagerService
05-19 16:34:27.012 687 687 V SystemServerTiming: OnBootPhase_600_com.android.server.integrity.AppIntegrityManagerService took to complete: 0ms
05-19 16:34:27.012 687 687 D SystemServerTiming: OnBootPhase_600_com.android.server.logcat.LogcatManagerService
05-19 16:34:27.012 687 687 V SystemServerTiming: OnBootPhase_600_com.android.server.logcat.LogcatManagerService took to complete: 0ms
05-19 16:34:27.012 687 687 D SystemServerTiming: OnBootPhase_600_com.android.server.inputmethod.InputMethodManagerService$Lifecycle
05-19 16:34:27.012 887 887 V WindowManagerShell: Adding init callback for DisplayInsetsController
05-19 16:34:27.012 687 687 V SystemServerTiming: OnBootPhase_600_com.android.server.inputmethod.InputMethodManagerService$Lifecycle took to complete: 0ms
05-19 16:34:27.012 687 687 D SystemServerTiming: OnBootPhase_600_com.android.server.accessibility.AccessibilityManagerService$Lifecycle
05-19 16:34:27.012 887 887 V WindowManagerShell: Adding init callback for DisplayImeController
05-19 16:34:27.012 887 887 V WindowManagerShell: Adding init callback for ShellController
05-19 16:34:27.014 687 687 V SystemServerTiming: OnBootPhase_600_com.android.server.accessibility.AccessibilityManagerService$Lifecycle took to complete: 2ms
05-19 16:34:27.014 687 687 D SystemServerTiming: OnBootPhase_600_com.android.server.StorageManagerService$Lifecycle
05-19 16:34:27.014 687 687 V SystemServerTiming: OnBootPhase_600_com.android.server.StorageManagerService$Lifecycle took to complete: 0ms
05-19 16:34:27.014 687 687 D SystemServerTiming: OnBootPhase_600_com.android.server.usage.StorageStatsService$Lifecycle
05-19 16:34:27.014 687 687 V SystemServerTiming: OnBootPhase_600_com.android.server.usage.StorageStatsService$Lifecycle took to complete: 0ms
05-19 16:34:27.014 687 687 D SystemServerTiming: OnBootPhase_600_com.android.server.UiModeManagerService
05-19 16:34:27.014 687 687 V SystemServerTiming: OnBootPhase_600_com.android.server.UiModeManagerService took to complete: 0ms
05-19 16:34:27.014 687 687 D SystemServerTiming: OnBootPhase_600_com.android.server.locales.LocaleManagerService
05-19 16:34:27.014 687 687 V SystemServerTiming: OnBootPhase_600_com.android.server.locales.LocaleManagerService took to complete: 0ms
05-19 16:34:27.014 687 687 D SystemServerTiming: OnBootPhase_600_com.android.server.grammaticalinflection.GrammaticalInflectionService
05-19 16:34:27.014 687 687 V SystemServerTiming: OnBootPhase_600_com.android.server.grammaticalinflection.GrammaticalInflectionService took to complete: 0ms
05-19 16:34:27.014 687 687 D SystemServerTiming: OnBootPhase_600_com.android.server.apphibernation.AppHibernationService
05-19 16:34:27.014 687 687 V SystemServerTiming: OnBootPhase_600_com.android.server.apphibernation.AppHibernationService took to complete: 0ms
05-19 16:34:27.014 687 687 D SystemServerTiming: OnBootPhase_600_com.android.server.locksettings.LockSettingsService$Lifecycle
05-19 16:34:27.014 687 687 V SystemServerTiming: OnBootPhase_600_com.android.server.locksettings.LockSettingsService$Lifecycle took to complete: 0ms
05-19 16:34:27.014 687 687 D SystemServerTiming: OnBootPhase_600_com.android.server.PersistentDataBlockService
05-19 16:34:27.014 687 687 V SystemServerTiming: OnBootPhase_600_com.android.server.PersistentDataBlockService took to complete: 0ms
05-19 16:34:27.014 687 687 D SystemServerTiming: OnBootPhase_600_com.android.server.testharness.TestHarnessModeService
05-19 16:34:27.014 687 687 V SystemServerTiming: OnBootPhase_600_com.android.server.testharness.TestHarnessModeService took to complete: 0ms
05-19 16:34:27.014 687 687 D SystemServerTiming: OnBootPhase_600_com.android.server.oemlock.OemLockService
05-19 16:34:27.014 687 687 V SystemServerTiming: OnBootPhase_600_com.android.server.oemlock.OemLockService took to complete: 0ms
05-19 16:34:27.014 687 687 D SystemServerTiming: OnBootPhase_600_com.android.server.DeviceIdleController
05-19 16:34:27.014 687 687 V SystemServerTiming: OnBootPhase_600_com.android.server.DeviceIdleController took to complete: 0ms
05-19 16:34:27.014 687 687 D SystemServerTiming: OnBootPhase_600_com.android.server.devicepolicy.DevicePolicyManagerService$Lifecycle
05-19 16:34:27.014 687 687 V SystemServerTiming: OnBootPhase_600_com.android.server.devicepolicy.DevicePolicyManagerService$Lifecycle took to complete: 0ms
05-19 16:34:27.014 687 687 D SystemServerTiming: OnBootPhase_600_com.android.server.texttospeech.TextToSpeechManagerService
05-19 16:34:27.015 687 687 V SystemServerTiming: OnBootPhase_600_com.android.server.texttospeech.TextToSpeechManagerService took to complete: 1ms
05-19 16:34:27.015 687 687 D SystemServerTiming: OnBootPhase_600_com.android.server.ambientcontext.AmbientContextManagerService
05-19 16:34:27.015 687 687 V SystemServerTiming: OnBootPhase_600_com.android.server.ambientcontext.AmbientContextManagerService took to complete: 0ms
05-19 16:34:27.015 687 687 D SystemServerTiming: OnBootPhase_600_com.android.server.wearable.WearableSensingManagerService
05-19 16:34:27.015 687 687 V SystemServerTiming: OnBootPhase_600_com.android.server.wearable.WearableSensingManagerService took to complete: 0ms
05-19 16:34:27.015 687 687 D SystemServerTiming: OnBootPhase_600_com.android.server.speech.SpeechRecognitionManagerService
05-19 16:34:27.016 687 687 V SystemServerTiming: OnBootPhase_600_com.android.server.speech.SpeechRecognitionManagerService took to complete: 1ms
05-19 16:34:27.016 687 687 D SystemServerTiming: OnBootPhase_600_com.android.server.searchui.SearchUiManagerService
05-19 16:34:27.016 887 887 V WindowManagerShell: Adding init callback for DragAndDropController
05-19 16:34:27.016 687 687 V SystemServerTiming: OnBootPhase_600_com.android.server.searchui.SearchUiManagerService took to complete: 0ms
05-19 16:34:27.016 687 687 D SystemServerTiming: OnBootPhase_600_com.android.server.smartspace.SmartspaceManagerService
05-19 16:34:27.016 687 687 V SystemServerTiming: OnBootPhase_600_com.android.server.smartspace.SmartspaceManagerService took to complete: 1ms
05-19 16:34:27.016 687 687 D SystemServerTiming: OnBootPhase_600_com.android.server.graphics.fonts.FontManagerService$Lifecycle
05-19 16:34:27.016 687 687 V SystemServerTiming: OnBootPhase_600_com.android.server.graphics.fonts.FontManagerService$Lifecycle took to complete: 0ms
05-19 16:34:27.017 687 687 D SystemServerTiming: OnBootPhase_600_com.android.server.textservices.TextServicesManagerService$Lifecycle
05-19 16:34:27.017 687 687 V SystemServerTiming: OnBootPhase_600_com.android.server.textservices.TextServicesManagerService$Lifecycle took to complete: 0ms
05-19 16:34:27.017 687 687 D SystemServerTiming: OnBootPhase_600_com.android.server.textclassifier.TextClassificationManagerService$Lifecycle
05-19 16:34:27.017 687 687 V SystemServerTiming: OnBootPhase_600_com.android.server.textclassifier.TextClassificationManagerService$Lifecycle took to complete: 0ms
05-19 16:34:27.017 687 687 D SystemServerTiming: OnBootPhase_600_com.android.server.NetworkScoreService$Lifecycle
05-19 16:34:27.017 687 687 V SystemServerTiming: OnBootPhase_600_com.android.server.NetworkScoreService$Lifecycle took to complete: 0ms
05-19 16:34:27.017 687 687 D SystemServerTiming: OnBootPhase_600_com.android.server.NetworkStatsServiceInitializer
05-19 16:34:27.017 687 687 V SystemServerTiming: OnBootPhase_600_com.android.server.NetworkStatsServiceInitializer took to complete: 0ms
05-19 16:34:27.017 687 687 D SystemServerTiming: OnBootPhase_600_com.android.server.wifi.WifiService
05-19 16:34:27.017 687 687 V SystemServerTiming: OnBootPhase_600_com.android.server.wifi.WifiService took to complete: 0ms
05-19 16:34:27.017 687 687 D SystemServerTiming: OnBootPhase_600_com.android.server.wifi.scanner.WifiScanningService
05-19 16:34:27.017 687 687 V SystemServerTiming: OnBootPhase_600_com.android.server.wifi.scanner.WifiScanningService took to complete: 0ms
05-19 16:34:27.017 687 687 D SystemServerTiming: OnBootPhase_600_com.android.server.wifi.p2p.WifiP2pService
05-19 16:34:27.017 687 687 V SystemServerTiming: OnBootPhase_600_com.android.server.wifi.p2p.WifiP2pService took to complete: 0ms
05-19 16:34:27.017 687 687 D SystemServerTiming: OnBootPhase_600_com.android.server.ConnectivityServiceInitializer
05-19 16:34:27.022 687 687 V SystemServerTiming: OnBootPhase_600_com.android.server.ConnectivityServiceInitializer took to complete: 5ms
05-19 16:34:27.022 687 687 D SystemServerTiming: OnBootPhase_600_com.android.server.notification.NotificationManagerService
05-19 16:34:27.027 687 701 W PackageManager: Invalid dex load report. loadingPackageName=null, uid=1037
05-19 16:34:27.030 687 687 V SystemServerTiming: OnBootPhase_600_com.android.server.notification.NotificationManagerService took to complete: 8ms
05-19 16:34:27.030 687 687 D SystemServerTiming: OnBootPhase_600_com.android.server.storage.DeviceStorageMonitorService
05-19 16:34:27.030 687 687 V SystemServerTiming: OnBootPhase_600_com.android.server.storage.DeviceStorageMonitorService took to complete: 0ms
05-19 16:34:27.030 687 687 D SystemServerTiming: OnBootPhase_600_com.android.server.timedetector.TimeDetectorService$Lifecycle
05-19 16:34:27.030 687 687 V SystemServerTiming: OnBootPhase_600_com.android.server.timedetector.TimeDetectorService$Lifecycle took to complete: 0ms
05-19 16:34:27.030 687 687 D SystemServerTiming: OnBootPhase_600_com.android.server.location.LocationManagerService$Lifecycle
05-19 16:34:27.035 887 887 V WindowManagerShell: Adding init callback for CompatUIController
05-19 16:34:27.041 687 705 D CompatibilityChangeReporter: Compat change id reported: 261072174; UID 1000; state: ENABLED
05-19 16:34:27.042 887 887 V WindowManagerShell: Adding init callback for ShellTaskOrganizer
05-19 16:34:27.055 887 887 V WindowManagerShell: Adding init callback for DefaultTransitionHandler
05-19 16:34:27.055 887 887 V WindowManagerShell: addHandler: Default
05-19 16:34:27.055 887 887 V WindowManagerShell: addHandler: Remote
05-19 16:34:27.055 887 887 V WindowManagerShell: Adding init callback for Transitions
05-19 16:34:27.058 887 887 V WindowManagerShell: Adding init callback for FullscreenTaskListener
05-19 16:34:27.062 887 887 V WindowManagerShell: Adding init callback for ActivityEmbeddingController
05-19 16:34:27.065 687 701 D CompatibilityChangeReporter: Compat change id reported: 161145287; UID 10052; state: ENABLED
05-19 16:34:27.068 887 887 V WindowManagerShell: Adding init callback for StartingWindowController
05-19 16:34:27.068 887 887 V WindowManagerShell: Adding init callback for ProtoLogController
05-19 16:34:27.068 687 687 V SystemServerTiming: OnBootPhase_600_com.android.server.location.LocationManagerService$Lifecycle took to complete: 38ms
05-19 16:34:27.068 687 687 D SystemServerTiming: OnBootPhase_600_com.android.server.timezonedetector.TimeZoneDetectorService$Lifecycle
05-19 16:34:27.068 687 687 V SystemServerTiming: OnBootPhase_600_com.android.server.timezonedetector.TimeZoneDetectorService$Lifecycle took to complete: 0ms
05-19 16:34:27.069 687 687 D SystemServerTiming: OnBootPhase_600_com.android.server.location.altitude.AltitudeService$Lifecycle
05-19 16:34:27.069 687 687 V SystemServerTiming: OnBootPhase_600_com.android.server.location.altitude.AltitudeService$Lifecycle took to complete: 0ms
05-19 16:34:27.069 687 687 D SystemServerTiming: OnBootPhase_600_com.android.server.timezonedetector.location.LocationTimeZoneManagerService$Lifecycle
05-19 16:34:27.069 687 687 V SystemServerTiming: OnBootPhase_600_com.android.server.timezonedetector.location.LocationTimeZoneManagerService$Lifecycle took to complete: 0ms
05-19 16:34:27.069 687 687 D SystemServerTiming: OnBootPhase_600_com.android.server.search.SearchManagerService$Lifecycle
05-19 16:34:27.069 687 687 V SystemServerTiming: OnBootPhase_600_com.android.server.search.SearchManagerService$Lifecycle took to complete: 0ms
05-19 16:34:27.069 687 687 D SystemServerTiming: OnBootPhase_600_com.android.server.wallpaper.WallpaperManagerService$Lifecycle
05-19 16:34:27.069 687 687 D WallpaperManagerService: Wallpaper_switch-user-0
05-19 16:34:27.070 687 687 V WallpaperManagerService: bindWallpaperComponentLocked: componentName=ComponentInfo{com.android.systemui/com.android.systemui.wallpapers.ImageWallpaper}
05-19 16:34:27.070 687 687 D WallpaperManagerService: WPMS.bindWallpaperComponentLocked-ComponentInfo{com.android.systemui/com.android.systemui.wallpapers.ImageWallpaper}
05-19 16:34:27.071 887 887 V WindowManagerShell: Adding init callback for TvPipTransition
05-19 16:34:27.072 687 687 V WallpaperManagerService: WPMS.bindWallpaperComponentLocked-ComponentInfo{com.android.systemui/com.android.systemui.wallpapers.ImageWallpaper} took to complete: 2ms
05-19 16:34:27.073 687 687 V WallpaperManagerService: Wallpaper_switch-user-0 took to complete: 3ms
05-19 16:34:27.073 687 687 V SystemServerTiming: OnBootPhase_600_com.android.server.wallpaper.WallpaperManagerService$Lifecycle took to complete: 4ms
05-19 16:34:27.073 687 687 D SystemServerTiming: OnBootPhase_600_com.android.server.wallpapereffectsgeneration.WallpaperEffectsGenerationManagerService
05-19 16:34:27.073 687 687 V SystemServerTiming: OnBootPhase_600_com.android.server.wallpapereffectsgeneration.WallpaperEffectsGenerationManagerService took to complete: 0ms
05-19 16:34:27.073 687 687 D SystemServerTiming: OnBootPhase_600_com.android.server.audio.AudioService$Lifecycle
05-19 16:34:27.073 687 687 V SystemServerTiming: OnBootPhase_600_com.android.server.audio.AudioService$Lifecycle took to complete: 0ms
05-19 16:34:27.073 687 687 D SystemServerTiming: OnBootPhase_600_com.android.server.soundtrigger_middleware.SoundTriggerMiddlewareService$Lifecycle
05-19 16:34:27.073 687 687 V SystemServerTiming: OnBootPhase_600_com.android.server.soundtrigger_middleware.SoundTriggerMiddlewareService$Lifecycle took to complete: 0ms
05-19 16:34:27.073 687 687 D SystemServerTiming: OnBootPhase_600_com.android.server.adb.AdbService$Lifecycle
05-19 16:34:27.073 687 687 V SystemServerTiming: OnBootPhase_600_com.android.server.adb.AdbService$Lifecycle took to complete: 0ms
05-19 16:34:27.073 687 687 D SystemServerTiming: OnBootPhase_600_com.android.server.usb.UsbService$Lifecycle
05-19 16:34:27.073 687 687 V SystemServerTiming: OnBootPhase_600_com.android.server.usb.UsbService$Lifecycle took to complete: 0ms
05-19 16:34:27.073 687 687 D SystemServerTiming: OnBootPhase_600_com.android.server.twilight.TwilightService
05-19 16:34:27.073 687 687 V SystemServerTiming: OnBootPhase_600_com.android.server.twilight.TwilightService took to complete: 0ms
05-19 16:34:27.073 687 687 D SystemServerTiming: OnBootPhase_600_com.android.server.display.color.ColorDisplayService
05-19 16:34:27.073 687 687 V SystemServerTiming: OnBootPhase_600_com.android.server.display.color.ColorDisplayService took to complete: 0ms
05-19 16:34:27.073 687 687 D SystemServerTiming: OnBootPhase_600_com.android.server.job.JobSchedulerService
05-19 16:34:27.080 687 687 V SystemServerTiming: OnBootPhase_600_com.android.server.job.JobSchedulerService took to complete: 7ms
05-19 16:34:27.080 687 687 D SystemServerTiming: OnBootPhase_600_com.android.server.soundtrigger.SoundTriggerService
05-19 16:34:27.080 687 687 D SoundTriggerService: onBootPhase: 600 : false
05-19 16:34:27.083 687 687 V SystemServerTiming: OnBootPhase_600_com.android.server.soundtrigger.SoundTriggerService took to complete: 3ms
05-19 16:34:27.083 687 687 D SystemServerTiming: OnBootPhase_600_com.android.server.trust.TrustManagerService
05-19 16:34:27.085 269 290 I keystore2: system/security/keystore2/src/authorization.rs:143 - on_lock_screen_event(r#UNLOCK, user_id=0, password.is_some()=false, unlocking_sids=Some([]))
05-19 16:34:27.086 687 687 V SystemServerTiming: OnBootPhase_600_com.android.server.trust.TrustManagerService took to complete: 3ms
05-19 16:34:27.086 687 687 D SystemServerTiming: OnBootPhase_600_com.android.server.backup.BackupManagerService$Lifecycle
05-19 16:34:27.086 687 687 V SystemServerTiming: OnBootPhase_600_com.android.server.backup.BackupManagerService$Lifecycle took to complete: 0ms
05-19 16:34:27.086 687 687 D SystemServerTiming: OnBootPhase_600_com.android.server.appwidget.AppWidgetService
05-19 16:34:27.086 687 687 V SystemServerTiming: OnBootPhase_600_com.android.server.appwidget.AppWidgetService took to complete: 0ms
05-19 16:34:27.086 687 687 D SystemServerTiming: OnBootPhase_600_com.android.server.voiceinteraction.VoiceInteractionManagerService
05-19 16:34:27.087 687 687 V SystemServerTiming: OnBootPhase_600_com.android.server.voiceinteraction.VoiceInteractionManagerService took to complete: 1ms
05-19 16:34:27.087 687 687 D SystemServerTiming: OnBootPhase_600_com.android.server.GestureLauncherService
05-19 16:34:27.089 687 687 V SystemServerTiming: OnBootPhase_600_com.android.server.GestureLauncherService took to complete: 2ms
05-19 16:34:27.090 687 687 D SystemServerTiming: OnBootPhase_600_com.android.server.SensorNotificationService
05-19 16:34:27.091 687 687 V SystemServerTiming: OnBootPhase_600_com.android.server.SensorNotificationService took to complete: 1ms
05-19 16:34:27.091 687 687 D SystemServerTiming: OnBootPhase_600_com.android.server.emergency.EmergencyAffordanceService
05-19 16:34:27.091 687 687 V SystemServerTiming: OnBootPhase_600_com.android.server.emergency.EmergencyAffordanceService took to complete: 0ms
05-19 16:34:27.091 687 687 D SystemServerTiming: OnBootPhase_600_com.android.server.blob.BlobStoreManagerService
05-19 16:34:27.094 887 887 D WindowManagerShell: TvPipActionsProvider: onMediaActionsChanged()
05-19 16:34:27.094 887 887 D WindowManagerShell: TvPipActionsProvider: replaceCustomActions, count: 0
05-19 16:34:27.094 887 887 D WindowManagerShell: TvPipMenuController: setDelegate(), delegate=com.android.wm.shell.pip.tv.TvPipController@4941f24
05-19 16:34:27.094 887 887 V WindowManagerShell: Adding init callback for TvPipController
05-19 16:34:27.095 887 887 V WindowManagerShell: Adding init callback for KeyguardTransitionHandler
05-19 16:34:27.099 887 887 V WindowManagerShell: Adding init callback for BackAnimationController
05-19 16:34:27.100 887 930 V WindowManagerShell: Initializing Shell Components: 18
05-19 16:34:27.101 887 930 V WindowManagerShell: DisplayChangeController init took 1ms
05-19 16:34:27.103 887 930 V WindowManagerShell: DisplayController init took 2ms
05-19 16:34:27.105 887 930 V WindowManagerShell: DisplayInsetsController init took 1ms
05-19 16:34:27.106 687 687 V SystemServerTiming: OnBootPhase_600_com.android.server.blob.BlobStoreManagerService took to complete: 15ms
05-19 16:34:27.106 687 687 D SystemServerTiming: OnBootPhase_600_com.android.server.dreams.DreamManagerService
05-19 16:34:27.106 887 930 V WindowManagerShell: DisplayImeController init took 0ms
05-19 16:34:27.106 887 930 V WindowManagerShell: Adding dump callback for ShellController
05-19 16:34:27.106 887 930 V WindowManagerShell: ShellController init took 0ms
05-19 16:34:27.106 887 930 V WindowManagerShell: Adding external interface from DragAndDropController with key extra_shell_drag_and_drop
05-19 16:34:27.106 887 930 V WindowManagerShell: Adding dump callback for DragAndDropController
05-19 16:34:27.106 887 930 V WindowManagerShell: DragAndDropController init took 0ms
05-19 16:34:27.106 887 930 V WindowManagerShell: Adding command class compatui for CompatUIShellCommandHandler
05-19 16:34:27.106 887 930 V WindowManagerShell: CompatUIController init took 0ms
05-19 16:34:27.106 887 930 V WindowManagerShell: Adding dump callback for ShellTaskOrganizer
05-19 16:34:27.108 687 687 V SystemServerTiming: OnBootPhase_600_com.android.server.dreams.DreamManagerService took to complete: 2ms
05-19 16:34:27.108 687 687 D SystemServerTiming: OnBootPhase_600_com.android.server.security.AttestationVerificationManagerService
05-19 16:34:27.108 687 687 V SystemServerTiming: OnBootPhase_600_com.android.server.security.AttestationVerificationManagerService took to complete: 0ms
05-19 16:34:27.108 687 687 D SystemServerTiming: OnBootPhase_600_com.android.server.restrictions.RestrictionsManagerService
05-19 16:34:27.108 687 687 V SystemServerTiming: OnBootPhase_600_com.android.server.restrictions.RestrictionsManagerService took to complete: 0ms
05-19 16:34:27.108 687 687 D SystemServerTiming: OnBootPhase_600_com.android.server.media.MediaSessionService
05-19 16:34:27.108 687 687 V SystemServerTiming: OnBootPhase_600_com.android.server.media.MediaSessionService took to complete: 0ms
05-19 16:34:27.108 687 687 D SystemServerTiming: OnBootPhase_600_com.android.server.hdmi.HdmiControlService
05-19 16:34:27.108 687 687 V SystemServerTiming: OnBootPhase_600_com.android.server.hdmi.HdmiControlService took to complete: 0ms
05-19 16:34:27.108 687 687 D SystemServerTiming: OnBootPhase_600_com.android.server.tv.interactive.TvInteractiveAppManagerService
05-19 16:34:27.110 887 930 V WindowManagerShell: ShellTaskOrganizer init took 4ms
05-19 16:34:27.112 687 687 V SystemServerTiming: OnBootPhase_600_com.android.server.tv.interactive.TvInteractiveAppManagerService took to complete: 3ms
05-19 16:34:27.112 687 687 D SystemServerTiming: OnBootPhase_600_com.android.server.tv.TvInputManagerService
05-19 16:34:27.113 687 687 V SystemServerTiming: OnBootPhase_600_com.android.server.tv.TvInputManagerService took to complete: 1ms
05-19 16:34:27.113 687 687 D SystemServerTiming: OnBootPhase_600_com.android.server.media.MediaResourceMonitorService
05-19 16:34:27.113 687 687 V SystemServerTiming: OnBootPhase_600_com.android.server.media.MediaResourceMonitorService took to complete: 0ms
05-19 16:34:27.113 687 687 D SystemServerTiming: OnBootPhase_600_com.android.server.tv.TvRemoteService
05-19 16:34:27.113 687 687 V SystemServerTiming: OnBootPhase_600_com.android.server.tv.TvRemoteService took to complete: 0ms
05-19 16:34:27.113 687 687 D SystemServerTiming: OnBootPhase_600_com.android.server.biometrics.BiometricService
05-19 16:34:27.113 687 687 V SystemServerTiming: OnBootPhase_600_com.android.server.biometrics.BiometricService took to complete: 0ms
05-19 16:34:27.113 687 687 D SystemServerTiming: OnBootPhase_600_com.android.server.biometrics.AuthService
05-19 16:34:27.113 687 687 V SystemServerTiming: OnBootPhase_600_com.android.server.biometrics.AuthService took to complete: 0ms
05-19 16:34:27.113 687 687 D SystemServerTiming: OnBootPhase_600_com.android.server.pm.ShortcutService$Lifecycle
05-19 16:34:27.113 687 687 V SystemServerTiming: OnBootPhase_600_com.android.server.pm.ShortcutService$Lifecycle took to complete: 0ms
05-19 16:34:27.113 687 687 D SystemServerTiming: OnBootPhase_600_com.android.server.pm.LauncherAppsService
05-19 16:34:27.114 687 687 V SystemServerTiming: OnBootPhase_600_com.android.server.pm.LauncherAppsService took to complete: 0ms
05-19 16:34:27.114 687 687 D SystemServerTiming: OnBootPhase_600_com.android.server.pm.CrossProfileAppsService
05-19 16:34:27.114 687 687 V SystemServerTiming: OnBootPhase_600_com.android.server.pm.CrossProfileAppsService took to complete: 0ms
05-19 16:34:27.114 687 687 D SystemServerTiming: OnBootPhase_600_com.android.server.people.PeopleService
05-19 16:34:27.114 687 687 V SystemServerTiming: OnBootPhase_600_com.android.server.people.PeopleService took to complete: 0ms
05-19 16:34:27.114 687 687 D SystemServerTiming: OnBootPhase_600_com.android.server.media.metrics.MediaMetricsManagerService
05-19 16:34:27.114 687 687 V SystemServerTiming: OnBootPhase_600_com.android.server.media.metrics.MediaMetricsManagerService took to complete: 0ms
05-19 16:34:27.114 687 687 D SystemServerTiming: OnBootPhase_600_com.android.server.pm.BackgroundInstallControlService
05-19 16:34:27.114 687 687 V SystemServerTiming: OnBootPhase_600_com.android.server.pm.BackgroundInstallControlService took to complete: 0ms
05-19 16:34:27.114 687 687 D SystemServerTiming: OnBootPhase_600_com.android.server.media.projection.MediaProjectionManagerService
05-19 16:34:27.115 687 687 V SystemServerTiming: OnBootPhase_600_com.android.server.media.projection.MediaProjectionManagerService took to complete: 0ms
05-19 16:34:27.115 687 687 D SystemServerTiming: OnBootPhase_600_com.android.server.slice.SliceManagerService$Lifecycle
05-19 16:34:27.115 687 687 V SystemServerTiming: OnBootPhase_600_com.android.server.slice.SliceManagerService$Lifecycle took to complete: 0ms
05-19 16:34:27.115 687 687 D SystemServerTiming: OnBootPhase_600_com.android.server.stats.StatsCompanion$Lifecycle
05-19 16:34:27.115 477 508 E android.hardware.wifi-service.droidlogic: get aml true wifi is aml_w2_s
05-19 16:34:27.116 477 508 E android.hardware.wifi-service.droidlogic: multiwifi will rmmod wifi comm
01-01 08:00:17.413 0 0 I [3 T508 ..] [wireless]: [wifi_power_ioctl] wifi interface dev type: mmc1, length = 4
01-01 08:00:17.413 0 0 I [3 T508 ..] [wireless]: [wifi_power_ioctl] aml module chip is aml_w2_s
01-01 08:00:17.414 0 0 I [3 T508 ..] usbcore: deregistering interface driver wifi_usb_common
01-01 08:00:17.416 0 0 W : [3 T508 ..] aml_usb_common->
01-01 08:00:17.416 0 0 W : [3 T508 ..] aml_wifi_usb_rmmod(146) aml common driver rmmod
01-01 08:00:17.417 0 0 W : [3 T508 ..] aml_sdio_exit++
01-01 08:00:17.417 0 0 W : [3 T508 ..]
01-01 08:00:17.417 0 0 W : [3 T508 ..] ==========================================
01-01 08:00:17.419 0 0 W : [3 T508 ..] aml_sdio_remove++ func->num =7
01-01 08:00:17.419 0 0 W : [3 T508 ..] ==========================================
01-01 08:00:17.420 0 0 W : [2 T508 ..]
01-01 08:00:17.420 0 0 W : [2 T508 ..] ==========================================
01-01 08:00:17.421 0 0 W : [2 T508 ..] aml_sdio_remove++ func->num =6
05-19 16:34:27.125 687 687 V SystemServerTiming: OnBootPhase_600_com.android.server.stats.StatsCompanion$Lifecycle took to complete: 10ms
05-19 16:34:27.126 687 687 D SystemServerTiming: OnBootPhase_600_com.android.server.scheduling.RebootReadinessManagerService$Lifecycle
05-19 16:34:27.126 687 687 V SystemServerTiming: OnBootPhase_600_com.android.server.scheduling.RebootReadinessManagerService$Lifecycle took to complete: 0ms
05-19 16:34:27.126 687 687 D SystemServerTiming: OnBootPhase_600_com.android.server.stats.pull.StatsPullAtomService
01-01 08:00:17.423 0 0 W : [2 T508 ..] ==========================================
01-01 08:00:17.424 0 0 W : [2 T508 ..]
01-01 08:00:17.424 0 0 W : [2 T508 ..] ==========================================
01-01 08:00:17.425 0 0 W : [2 T508 ..] aml_sdio_remove++ func->num =5
05-19 16:34:27.126 687 687 V SystemServerTiming: OnBootPhase_600_com.android.server.stats.pull.StatsPullAtomService took to complete: 0ms
05-19 16:34:27.126 687 687 D SystemServerTiming: OnBootPhase_600_com.android.server.stats.bootstrap.StatsBootstrapAtomService$Lifecycle
05-19 16:34:27.126 687 715 D StatsPullAtomService: Registering NetworkStats pullers with statsd
05-19 16:34:27.126 687 687 V SystemServerTiming: OnBootPhase_600_com.android.server.stats.bootstrap.StatsBootstrapAtomService$Lifecycle took to complete: 0ms
05-19 16:34:27.126 687 687 D SystemServerTiming: OnBootPhase_600_com.android.server.incident.IncidentCompanionService
05-19 16:34:27.126 687 687 V SystemServerTiming: OnBootPhase_600_com.android.server.incident.IncidentCompanionService took to complete: 0ms
05-19 16:34:27.126 687 687 D SystemServerTiming: OnBootPhase_600_com.android.server.sdksandbox.SdkSandboxManagerService$Lifecycle
05-19 16:34:27.126 687 687 V SystemServerTiming: OnBootPhase_600_com.android.server.sdksandbox.SdkSandboxManagerService$Lifecycle took to complete: 0ms
05-19 16:34:27.126 687 687 D SystemServerTiming: OnBootPhase_600_com.android.server.adservices.AdServicesManagerService$Lifecycle
05-19 16:34:27.126 687 687 V SystemServerTiming: OnBootPhase_600_com.android.server.adservices.AdServicesManagerService$Lifecycle took to complete: 0ms
05-19 16:34:27.126 687 687 D SystemServerTiming: OnBootPhase_600_com.android.server.ondevicepersonalization.OnDevicePersonalizationSystemService$Lifecycle
05-19 16:34:27.126 687 687 V SystemServerTiming: OnBootPhase_600_com.android.server.ondevicepersonalization.OnDevicePersonalizationSystemService$Lifecycle took to complete: 0ms
05-19 16:34:27.126 687 687 D SystemServerTiming: OnBootPhase_600_com.android.server.autofill.AutofillManagerService
05-19 16:34:27.128 687 687 V SystemServerTiming: OnBootPhase_600_com.android.server.autofill.AutofillManagerService took to complete: 2ms
05-19 16:34:27.128 687 687 D SystemServerTiming: OnBootPhase_600_com.android.server.clipboard.ClipboardService
05-19 16:34:27.128 687 687 V SystemServerTiming: OnBootPhase_600_com.android.server.clipboard.ClipboardService took to complete: 0ms
05-19 16:34:27.128 687 687 D SystemServerTiming: OnBootPhase_600_com.android.server.appbinding.AppBindingService$Lifecycle
05-19 16:34:27.129 687 687 V SystemServerTiming: OnBootPhase_600_com.android.server.appbinding.AppBindingService$Lifecycle took to complete: 0ms
05-19 16:34:27.129 687 687 D SystemServerTiming: OnBootPhase_600_com.android.server.tracing.TracingServiceProxy
05-19 16:34:27.129 687 687 V SystemServerTiming: OnBootPhase_600_com.android.server.tracing.TracingServiceProxy took to complete: 0ms
05-19 16:34:27.129 687 687 D SystemServerTiming: OnBootPhase_600_com.android.server.policy.PermissionPolicyService
05-19 16:34:27.129 687 687 V SystemServerTiming: OnBootPhase_600_com.android.server.policy.PermissionPolicyService took to complete: 0ms
05-19 16:34:27.129 687 687 D SystemServerTiming: OnBootPhase_600_com.android.server.pm.StagingManager$Lifecycle
05-19 16:34:27.129 687 687 V SystemServerTiming: OnBootPhase_600_com.android.server.pm.StagingManager$Lifecycle took to complete: 0ms
05-19 16:34:27.129 687 687 D SystemServerTiming: OnBootPhase_600_com.android.server.app.GameManagerService$Lifecycle
05-19 16:34:27.129 687 687 V SystemServerTiming: OnBootPhase_600_com.android.server.app.GameManagerService$Lifecycle took to complete: 0ms
05-19 16:34:27.129 687 687 D SystemServerTiming: OnBootPhase_600_com.android.safetycenter.SafetyCenterService
05-19 16:34:27.129 687 687 V SystemServerTiming: OnBootPhase_600_com.android.safetycenter.SafetyCenterService took to complete: 0ms
05-19 16:34:27.130 687 687 D SystemServerTiming: OnBootPhase_600_com.android.server.appsearch.AppSearchModule$Lifecycle
05-19 16:34:27.130 687 687 V SystemServerTiming: OnBootPhase_600_com.android.server.appsearch.AppSearchModule$Lifecycle took to complete: 0ms
05-19 16:34:27.130 687 687 D SystemServerTiming: OnBootPhase_600_com.android.server.media.MediaCommunicationService
05-19 16:34:27.130 687 687 V SystemServerTiming: OnBootPhase_600_com.android.server.media.MediaCommunicationService took to complete: 0ms
05-19 16:34:27.130 687 687 D SystemServerTiming: OnBootPhase_600_com.android.server.compat.overrides.AppCompatOverridesService$Lifecycle
05-19 16:34:27.130 687 687 V SystemServerTiming: OnBootPhase_600_com.android.server.compat.overrides.AppCompatOverridesService$Lifecycle took to complete: 0ms
05-19 16:34:27.130 687 687 D SystemServerTiming: OnBootPhase_600_com.android.server.healthconnect.HealthConnectManagerService
05-19 16:34:27.130 687 687 V SystemServerTiming: OnBootPhase_600_com.android.server.healthconnect.HealthConnectManagerService took to complete: 0ms
05-19 16:34:27.130 687 687 D SystemServerTiming: OnBootPhase_600_com.android.server.devicelock.DeviceLockService
05-19 16:34:27.130 687 687 D DeviceLockService: onBootPhase: 600
05-19 16:34:27.130 687 687 V SystemServerTiming: OnBootPhase_600_com.android.server.devicelock.DeviceLockService took to complete: 0ms
05-19 16:34:27.130 687 687 V SystemServerTiming: OnBootPhase_600 took to complete: 126ms
05-19 16:34:27.130 687 687 V SystemServerTiming: PhaseThirdPartyAppsCanStart took to complete: 127ms
05-19 16:34:27.130 687 687 D SystemServerTiming: StartNetworkStack
05-19 16:34:27.135 687 687 D CompatibilityChangeReporter: Compat change id reported: 135634846; UID 1073; state: DISABLED
01-01 08:00:17.425 0 0 W : [2 T508 ..] ==========================================
01-01 08:00:17.439 0 0 W : [2 T508 ..]
01-01 08:00:17.439 0 0 W : [2 T508 ..] ==========================================
01-01 08:00:17.439 0 0 W : [2 T508 ..] aml_sdio_remove++ func->num =4
01-01 08:00:17.440 0 0 W : [2 T508 ..] ==========================================
