01-01 08:00:20.274 0 0 I [2 T647 ..] [hdmitx: ] aout notify format CT_PCM
01-01 08:00:20.275 0 0 I [2 T647 ..] [hdmitx: ] set audio
01-01 08:00:20.275 0 0 I [2 T647 ..] [hdmitx: ] audio_param->chs = 1
01-01 08:00:20.276 0 0 I [2 T647 ..] [hdmitx: ] aud_src_if = 1
01-01 08:00:20.277 0 0 I [2 T647 ..] [hdmitx: ] aud_n_para = 5824
01-01 08:00:20.277 0 0 I [2 T647 ..] [hdmitx: ] set audio param
05-19 16:34:29.983 687 957 D CompatibilityChangeReporter: Compat change id reported: 161145287; UID 10053; state: ENABLED
05-19 16:34:29.994 887 887 V SystemUIBootTiming: StartServices com.android.systemui.theme.ThemeOverlayController took to complete: 23ms
05-19 16:34:29.995 887 887 V SystemUIBootTiming: StartServices com.android.systemui.toast.ToastUI took to complete: 1ms
05-19 16:34:30.001 887 887 V SystemUIBootTiming: StartServices com.android.systemui.usb.StorageNotification took to complete: 6ms
05-19 16:34:30.004 887 887 V SystemUIBootTiming: StartServices com.android.systemui.user.ui.dialog.UserSwitcherDialogCoordinator took to complete: 3ms
01-01 08:00:20.313 0 0 I [1 T216 ..] servicemanager: Found android.hardware.graphics.allocator.IAllocator/default in device VINTF manifest.
05-19 16:34:30.021 887 887 V SystemUIBootTiming: StartServices com.android.systemui.util.NotificationChannels took to complete: 17ms
05-19 16:34:30.023 887 887 V SystemUIBootTiming: StartServices com.android.systemui.util.leak.GarbageMonitor took to complete: 1ms
01-01 08:00:20.319 0 0 I [2 T216 ..] servicemanager: Found android.hardware.graphics.allocator.IAllocator/default in device VINTF manifest.
05-19 16:34:30.088 887 887 V SystemUIBootTiming: StartServices com.android.systemui.volume.VolumeUI took to complete: 65ms
05-19 16:34:30.095 887 887 V SystemUIBootTiming: StartServices com.android.systemui.wmshell.WMShell took to complete: 7ms
05-19 16:34:30.096 887 887 V SystemUIBootTiming: StartServices com.android.systemui.VendorServices took to complete: 0ms
05-19 16:34:30.096 887 887 V SystemUIBootTiming: StartServices took to complete: 664ms
05-19 16:34:30.159 687 858 E HDMI : [1]:Failed to send 40:8C with errorCode=1
05-19 16:34:30.159 687 858 D HDMI : [S]: 40:47
05-19 16:34:30.177 687 751 D CompatibilityChangeReporter: Compat change id reported: 265464455; UID 1000; state: DISABLED
05-19 16:34:30.177 687 751 D CompatibilityChangeReporter: Compat change id reported: 265452344; UID 1000; state: DISABLED
05-19 16:34:30.178 687 751 D CompatibilityChangeReporter: Compat change id reported: 266124927; UID 1000; state: DISABLED
05-19 16:34:30.179 687 751 D CompatibilityChangeReporter: Compat change id reported: 265451093; UID 1000; state: DISABLED
05-19 16:34:30.179 687 751 D CompatibilityChangeReporter: Compat change id reported: 265456536; UID 1000; state: DISABLED
05-19 16:34:30.180 687 751 D CompatibilityChangeReporter: Compat change id reported: 255940284; UID 1000; state: DISABLED
05-19 16:34:30.180 687 751 D CompatibilityChangeReporter: Compat change id reported: 236283604; UID 1000; state: DISABLED
05-19 16:34:30.181 687 751 D CompatibilityChangeReporter: Compat change id reported: 263959004; UID 1000; state: DISABLED
05-19 16:34:30.181 687 751 D CompatibilityChangeReporter: Compat change id reported: 264304459; UID 1000; state: DISABLED
05-19 16:34:30.181 687 751 D CompatibilityChangeReporter: Compat change id reported: 264301586; UID 1000; state: DISABLED
05-19 16:34:30.182 687 751 D CompatibilityChangeReporter: Compat change id reported: 254631730; UID 1000; state: DISABLED
05-19 16:34:30.182 687 751 D CompatibilityChangeReporter: Compat change id reported: 273509367; UID 1000; state: DISABLED
05-19 16:34:30.182 687 751 D CompatibilityChangeReporter: Compat change id reported: 263259275; UID 1000; state: DISABLED
05-19 16:34:30.183 687 751 D CompatibilityChangeReporter: Compat change id reported: 174042980; UID 1000; state: DISABLED
05-19 16:34:30.183 687 751 D CompatibilityChangeReporter: Compat change id reported: 174042936; UID 1000; state: DISABLED
05-19 16:34:30.183 687 751 D CompatibilityChangeReporter: Compat change id reported: 181136395; UID 1000; state: DISABLED
05-19 16:34:30.190 687 837 I AS.AudioDeviceInventory: sendDeviceConnectionIntent(dev:0x400 state:0x1 address: name:);
01-01 08:00:20.520 0 0 I [3 T465 ..] [wireless]: [usb_power_control] Set BT power on !
05-19 16:34:30.232 687 751 D CompatibilityChangeReporter: Compat change id reported: 194480991; UID 1000; state: ENABLED
05-19 16:34:30.240 687 751 D CompatibilityChangeReporter: Compat change id reported: 197654537; UID 1000; state: ENABLED
05-19 16:34:30.245 687 751 I ActivityTaskManager: START u0 {act=android.intent.action.MAIN cat=[android.intent.category.HOME] flg=0x10000100 cmp=com.android.tv.settings/.system.FallbackHome (has extras)} with LAUNCH_MULTIPLE from uid 0 (BAL_ALLOW_ALLOWLISTED_UID) result code=0
05-19 16:34:30.247 687 708 I ActivityManager: com.android.tv.settings is exempt from freezer
05-19 16:34:30.248 687 708 D CompatibilityChangeReporter: Compat change id reported: 135634846; UID 1000; state: DISABLED
05-19 16:34:30.249 687 751 D SystemServerTiming: getUserSwitchability-0
05-19 16:34:30.250 687 751 D SystemServerTiming: TM.isInCall
05-19 16:34:30.250 687 751 V SystemServerTiming: TM.isInCall took to complete: 0ms
05-19 16:34:30.250 687 751 D SystemServerTiming: hasUserRestriction-DISALLOW_USER_SWITCH
05-19 16:34:30.250 687 751 V SystemServerTiming: hasUserRestriction-DISALLOW_USER_SWITCH took to complete: 0ms
05-19 16:34:30.250 687 751 D SystemServerTiming: getInt-ALLOW_USER_SWITCHING_WHEN_SYSTEM_USER_LOCKED
05-19 16:34:30.250 687 751 V SystemServerTiming: getInt-ALLOW_USER_SWITCHING_WHEN_SYSTEM_USER_LOCKED took to complete: 1ms
05-19 16:34:30.251 687 751 D SystemServerTiming: isUserUnlocked-USER_SYSTEM
05-19 16:34:30.251 687 751 V SystemServerTiming: isUserUnlocked-USER_SYSTEM took to complete: 0ms
05-19 16:34:30.251 687 751 V SystemServerTiming: getUserSwitchability-0 took to complete: 2ms
01-01 08:00:20.559 0 0 I [3 T1239 ..] BTI: amlbt_sdio_fops_open bt opened rf num:0xffffffff
01-01 08:00:20.560 0 0 I [3 T1239 ..] BTI: amlbt_sdio_fops_open, 0x20240820
01-01 08:00:20.560 0 0 I [2 T1239 ..] BTI: iccm start dw_state 0x0
01-01 08:00:20.561 0 0 I [2 T1239 ..] BTI: amlbt_sdio_char_write BT_fwICCM 0xf37d000, BT_fwDCCM 0xf3be000
01-01 08:00:20.565 0 0 I [0 T1239 ..] BTI: dccm start
05-19 16:34:30.270 687 717 I ActivityManager: Start proc 1240:com.android.tv.settings/1000 for top-activity {com.android.tv.settings/com.android.tv.settings.system.FallbackHome}
05-19 16:34:30.272 687 858 E HDMI : [1]:Failed to send 40:47 with errorCode=1
05-19 16:34:30.272 687 858 D HDMI : [S]: 45:7D
05-19 16:34:30.279 687 702 D SystemServerTiming: getUserSwitchability-0
05-19 16:34:30.279 687 702 D SystemServerTiming: TM.isInCall
05-19 16:34:30.280 687 702 V SystemServerTiming: TM.isInCall took to complete: 1ms
05-19 16:34:30.280 687 702 D SystemServerTiming: hasUserRestriction-DISALLOW_USER_SWITCH
05-19 16:34:30.280 687 702 V SystemServerTiming: hasUserRestriction-DISALLOW_USER_SWITCH took to complete: 0ms
05-19 16:34:30.280 687 702 D SystemServerTiming: getInt-ALLOW_USER_SWITCHING_WHEN_SYSTEM_USER_LOCKED
05-19 16:34:30.280 687 702 V SystemServerTiming: getInt-ALLOW_USER_SWITCHING_WHEN_SYSTEM_USER_LOCKED took to complete: 0ms
05-19 16:34:30.281 687 702 D SystemServerTiming: isUserUnlocked-USER_SYSTEM
05-19 16:34:30.281 687 702 V SystemServerTiming: isUserUnlocked-USER_SYSTEM took to complete: 0ms
05-19 16:34:30.281 687 702 V SystemServerTiming: getUserSwitchability-0 took to complete: 2ms
05-19 16:34:30.283 687 702 D SystemServerTiming: getUserSwitchability-0
05-19 16:34:30.283 687 702 D SystemServerTiming: TM.isInCall
05-19 16:34:30.284 687 702 V SystemServerTiming: TM.isInCall took to complete: 1ms
05-19 16:34:30.284 687 702 D SystemServerTiming: hasUserRestriction-DISALLOW_USER_SWITCH
05-19 16:34:30.284 687 702 V SystemServerTiming: hasUserRestriction-DISALLOW_USER_SWITCH took to complete: 0ms
05-19 16:34:30.284 687 702 D SystemServerTiming: getInt-ALLOW_USER_SWITCHING_WHEN_SYSTEM_USER_LOCKED
05-19 16:34:30.284 687 702 V SystemServerTiming: getInt-ALLOW_USER_SWITCHING_WHEN_SYSTEM_USER_LOCKED took to complete: 0ms
05-19 16:34:30.284 687 702 D SystemServerTiming: isUserUnlocked-USER_SYSTEM
05-19 16:34:30.284 687 702 V SystemServerTiming: isUserUnlocked-USER_SYSTEM took to complete: 0ms
05-19 16:34:30.284 687 702 V SystemServerTiming: getUserSwitchability-0 took to complete: 1ms
05-19 16:34:30.287 687 702 D SystemServerTiming: getUserSwitchability-0
05-19 16:34:30.287 687 702 D SystemServerTiming: TM.isInCall
05-19 16:34:30.287 687 702 V SystemServerTiming: TM.isInCall took to complete: 0ms
05-19 16:34:30.287 687 702 D SystemServerTiming: hasUserRestriction-DISALLOW_USER_SWITCH
05-19 16:34:30.287 687 702 V SystemServerTiming: hasUserRestriction-DISALLOW_USER_SWITCH took to complete: 0ms
05-19 16:34:30.287 687 702 D SystemServerTiming: getInt-ALLOW_USER_SWITCHING_WHEN_SYSTEM_USER_LOCKED
05-19 16:34:30.287 687 702 V SystemServerTiming: getInt-ALLOW_USER_SWITCHING_WHEN_SYSTEM_USER_LOCKED took to complete: 1ms
05-19 16:34:30.287 687 702 D SystemServerTiming: isUserUnlocked-USER_SYSTEM
05-19 16:34:30.288 687 702 V SystemServerTiming: isUserUnlocked-USER_SYSTEM took to complete: 0ms
05-19 16:34:30.288 687 702 V SystemServerTiming: getUserSwitchability-0 took to complete: 1ms
05-19 16:34:30.291 687 702 D SystemServerTiming: getUserSwitchability-0
05-19 16:34:30.291 687 702 D SystemServerTiming: TM.isInCall
05-19 16:34:30.292 687 702 V SystemServerTiming: TM.isInCall took to complete: 1ms
05-19 16:34:30.292 687 702 D SystemServerTiming: hasUserRestriction-DISALLOW_USER_SWITCH
05-19 16:34:30.292 687 702 V SystemServerTiming: hasUserRestriction-DISALLOW_USER_SWITCH took to complete: 0ms
05-19 16:34:30.292 687 702 D SystemServerTiming: getInt-ALLOW_USER_SWITCHING_WHEN_SYSTEM_USER_LOCKED
05-19 16:34:30.292 687 702 V SystemServerTiming: getInt-ALLOW_USER_SWITCHING_WHEN_SYSTEM_USER_LOCKED took to complete: 0ms
05-19 16:34:30.292 687 702 D SystemServerTiming: isUserUnlocked-USER_SYSTEM
05-19 16:34:30.292 687 702 V SystemServerTiming: isUserUnlocked-USER_SYSTEM took to complete: 0ms
05-19 16:34:30.292 687 702 V SystemServerTiming: getUserSwitchability-0 took to complete: 1ms
01-01 08:00:20.591 0 0 I [0 T1239 ..] BTI: download finished!
01-01 08:00:20.591 0 0 I [0 T1239 ..] BTI: W E 0x40000,0x20000
01-01 08:00:20.592 0 0 I [0 T1239 ..] BTI: amlbt_sdio_char_read end
05-19 16:34:30.298 687 702 D CompatibilityChangeReporter: Compat change id reported: 168419799; UID 1000; state: DISABLED
05-19 16:34:30.298 687 702 D CompatibilityChangeReporter: Compat change id reported: 273564678; UID 1000; state: DISABLED
01-01 08:00:20.594 0 0 I [0 T1239 ..] BTI: BT set rf succeed!
01-01 08:00:20.594 0 0 I [0 T1239 ..] BTI: amlbt_sdio_char_write set rf num 0x2
01-01 08:00:20.594 0 0 I [0 T1239 ..] BTI: amlbt_sdio_fops_close BT closed
05-19 16:34:30.383 687 858 E HDMI : [1]:Failed to send 45:7D with errorCode=1
05-19 16:34:30.388 687 702 V WindowManager: app ------------- force_land :0
05-19 16:34:30.389 687 702 V WindowManager: app ------------- force_land :0
05-19 16:34:30.391 687 702 D ActivityTaskManager: finish bootanim to show launcher
05-19 16:34:30.440 687 858 D HDMI : [S]: 40:8F
05-19 16:34:30.477 687 702 W WindowManager: [addWindow] title:com.android.tv.settings/com.android.tv.settings.system.FallbackHome
05-19 16:34:30.483 687 702 D CoreBackPreview: Window{8577bc u0 com.android.tv.settings/com.android.tv.settings.system.FallbackHome}: Setting back callback OnBackInvokedCallbackInfo{mCallback=android.window.IOnBackInvokedCallback$Stub$Proxy@1994a9a, mPriority=0, mIsAnimationCallback=false}
01-01 08:00:20.845 0 0 I [1 T216 ..] servicemanager: Found android.hardware.graphics.allocator.IAllocator/default in device VINTF manifest.
01-01 08:00:20.847 0 0 I [0 T216 ..] servicemanager: Found android.hardware.graphics.allocator.IAllocator/default in device VINTF manifest.
05-19 16:34:30.551 687 858 E HDMI : [1]:Failed to send 40:8F with errorCode=1
05-19 16:34:30.551 687 858 D HDMI : [S]: 4F:82:10:00
01-01 08:00:20.881 0 0 I [0 T94 ..] binder: undelivered transaction 26626, process died.
05-19 16:34:30.587 687 706 W ContextImpl: Calling a method in the system process without a qualified user: android.app.ContextImpl.startService:1899 com.android.server.wm.DisplayPolicy.lambda$focusChangedLw$5:2126 com.android.server.wm.DisplayPolicy.$r8$lambda$Znxk63oh-WzVnzo_WQefN7uxV48:0 com.android.server.wm.DisplayPolicy$$ExternalSyntheticLambda13.run:0 android.os.Handler.handleCallback:958
05-19 16:34:30.587 687 706 W ActivityManager: Unable to start service Intent { cmp=com.oranth.ledstatus/.LedStatusService } U=0: not found
05-19 16:34:30.597 687 705 V WindowManager: Sent Transition #0 createdAt=05-19 16:34:27.370
05-19 16:34:30.597 687 705 V WindowManager: startWCT=WindowContainerTransaction { changes = {} hops = [] errorCallbackToken=null taskFragmentOrganizer=null }
05-19 16:34:30.597 687 705 V WindowManager: info=null
05-19 16:34:30.601 687 705 V WindowManager: Finish Transition #0: created at
05-19 16:34:27.370 collect-started=0.786ms request-sent=17.534ms started=21.277ms ready=3022.153ms sent=3213.69ms finished=3228.875ms
05-19 16:34:30.602 687 708 D ActivityManagerTiming: FinishBooting
05-19 16:34:30.605 687 708 D WindowManager: updateCecScreenStatus 0
05-19 16:34:30.606 687 708 D HDMI : setCecSettingIntValue name:cec_screen_state, value:0
05-19 16:34:30.614 687 708 D ActivityManagerTiming: FinishBooting
05-19 16:34:30.616 687 708 I ActivityManager: About to commit checkpoint
01-01 08:00:20.914 0 0 I [1 T216 ..] servicemanager: Found android.hardware.power.IPower/default in device VINTF manifest.
05-19 16:34:30.618 687 708 I SystemServiceManager: Starting phase 1000
05-19 16:34:30.618 687 708 D ActivityManagerTiming: OnBootPhase_1000
05-19 16:34:30.618 687 708 D ActivityManagerTiming: OnBootPhase_1000_com.android.server.security.FileIntegrityService
05-19 16:34:30.618 687 708 V ActivityManagerTiming: OnBootPhase_1000_com.android.server.security.FileIntegrityService took to complete: 0ms
05-19 16:34:30.618 687 708 D ActivityManagerTiming: OnBootPhase_1000_com.android.server.pm.Installer
05-19 16:34:30.618 687 708 V ActivityManagerTiming: OnBootPhase_1000_com.android.server.pm.Installer took to complete: 0ms
05-19 16:34:30.618 687 708 D ActivityManagerTiming: OnBootPhase_1000_com.android.server.os.DeviceIdentifiersPolicyService
05-19 16:34:30.618 687 708 V ActivityManagerTiming: OnBootPhase_1000_com.android.server.os.DeviceIdentifiersPolicyService took to complete: 0ms
05-19 16:34:30.618 687 708 D ActivityManagerTiming: OnBootPhase_1000_com.android.server.flags.FeatureFlagsService
05-19 16:34:30.618 687 708 V ActivityManagerTiming: OnBootPhase_1000_com.android.server.flags.FeatureFlagsService took to complete: 0ms
05-19 16:34:30.618 687 708 D ActivityManagerTiming: OnBootPhase_1000_com.android.server.uri.UriGrantsManagerService$Lifecycle
05-19 16:34:30.618 687 708 V ActivityManagerTiming: OnBootPhase_1000_com.android.server.uri.UriGrantsManagerService$Lifecycle took to complete: 0ms
05-19 16:34:30.618 687 708 D ActivityManagerTiming: OnBootPhase_1000_com.android.server.powerstats.PowerStatsService
05-19 16:34:30.618 687 708 E PowerStatsService: Failed to start PowerStatsService loggers
05-19 16:34:30.618 687 708 V ActivityManagerTiming: OnBootPhase_1000_com.android.server.powerstats.PowerStatsService took to complete: 1ms
05-19 16:34:30.618 687 708 D ActivityManagerTiming: OnBootPhase_1000_com.android.server.permission.access.AccessCheckingService
05-19 16:34:30.618 687 708 V ActivityManagerTiming: OnBootPhase_1000_com.android.server.permission.access.AccessCheckingService took to complete: 0ms
05-19 16:34:30.618 687 708 D ActivityManagerTiming: OnBootPhase_1000_com.android.server.wm.ActivityTaskManagerService$Lifecycle
05-19 16:34:30.618 687 708 V ActivityManagerTiming: OnBootPhase_1000_com.android.server.wm.ActivityTaskManagerService$Lifecycle took to complete: 0ms
05-19 16:34:30.619 687 708 D ActivityManagerTiming: OnBootPhase_1000_com.android.server.am.ActivityManagerService$Lifecycle
05-19 16:34:30.619 687 708 V ActivityManagerTiming: OnBootPhase_1000_com.android.server.am.ActivityManagerService$Lifecycle took to complete: 0ms
05-19 16:34:30.619 687 708 D ActivityManagerTiming: OnBootPhase_1000_com.android.server.pm.DataLoaderManagerService
05-19 16:34:30.619 687 708 V ActivityManagerTiming: OnBootPhase_1000_com.android.server.pm.DataLoaderManagerService took to complete: 0ms
05-19 16:34:30.619 687 708 D ActivityManagerTiming: OnBootPhase_1000_com.android.server.power.PowerManagerService
05-19 16:34:30.621 687 736 I DisplayBrightnessStrategySelector: Changing the DisplayBrightnessStrategy from OverrideBrightnessStrategy toInvalidBrightnessStrategy for display 0
05-19 16:34:30.622 687 708 V ActivityManagerTiming: OnBootPhase_1000_com.android.server.power.PowerManagerService took to complete: 3ms
05-19 16:34:30.622 687 708 D ActivityManagerTiming: OnBootPhase_1000_com.android.server.power.ThermalManagerService
05-19 16:34:30.622 687 708 V ActivityManagerTiming: OnBootPhase_1000_com.android.server.power.ThermalManagerService took to complete: 0ms
05-19 16:34:30.622 687 708 D ActivityManagerTiming: OnBootPhase_1000_com.android.server.power.hint.HintManagerService
05-19 16:34:30.623 687 708 V ActivityManagerTiming: OnBootPhase_1000_com.android.server.power.hint.HintManagerService took to complete: 0ms
05-19 16:34:30.623 687 708 D ActivityManagerTiming: OnBootPhase_1000_com.android.server.recoverysystem.RecoverySystemService$Lifecycle
05-19 16:34:30.623 687 708 V ActivityManagerTiming: OnBootPhase_1000_com.android.server.recoverysystem.RecoverySystemService$Lifecycle took to complete: 0ms
05-19 16:34:30.623 687 708 D ActivityManagerTiming: OnBootPhase_1000_com.android.server.lights.LightsService
05-19 16:34:30.623 687 708 V ActivityManagerTiming: OnBootPhase_1000_com.android.server.lights.LightsService took to complete: 0ms
05-19 16:34:30.623 687 708 D ActivityManagerTiming: OnBootPhase_1000_com.android.server.display.DisplayManagerService
05-19 16:34:30.624 687 708 I LogicalDisplayMapper: Requesting Transition to state: 0, from state=-1, interactive=true, mBootCompleted=true
05-19 16:34:30.624 687 708 I LogicalDisplayMapper: Applying layout: [{dispId: 0(ON), displayGroupName: , addr: {port=11, model=0x405a63f68a3e50}, mThermalBrightnessThrottlingMapId: null, mRefreshRateZoneId: null, mLeadDisplayId: -1, mLeadDisplayAddress: null, mThermalRefreshRateThrottlingMapId: null}], Previous layout: [{dispId: 0(ON), displayGroupName: , addr: {port=11, model=0x405a63f68a3e50}, mThermalBrightnessThrottlingMapId: null, mRefreshRateZoneId: null, mLeadDisplayId: -1, mLeadDisplayAddress: null, mThermalRefreshRateThrottlingMapId: null}]
05-19 16:34:30.624 687 708 V ActivityManagerTiming: OnBootPhase_1000_com.android.server.display.DisplayManagerService took to complete: 1ms
05-19 16:34:30.624 687 708 D ActivityManagerTiming: OnBootPhase_1000_com.android.server.pm.verify.domain.DomainVerificationService
05-19 16:34:30.624 687 708 V ActivityManagerTiming: OnBootPhase_1000_com.android.server.pm.verify.domain.DomainVerificationService took to complete: 1ms
05-19 16:34:30.625 687 708 D ActivityManagerTiming: OnBootPhase_1000_com.android.server.pm.PackageInstallerService$Lifecycle
05-19 16:34:30.625 687 708 V ActivityManagerTiming: OnBootPhase_1000_com.android.server.pm.PackageInstallerService$Lifecycle took to complete: 0ms
05-19 16:34:30.625 687 708 D ActivityManagerTiming: OnBootPhase_1000_com.android.server.pm.UserManagerService$LifeCycle
05-19 16:34:30.625 687 708 V ActivityManagerTiming: OnBootPhase_1000_com.android.server.pm.UserManagerService$LifeCycle took to complete: 0ms
05-19 16:34:30.625 687 708 D ActivityManagerTiming: OnBootPhase_1000_com.android.server.om.OverlayManagerService
05-19 16:34:30.625 687 708 V ActivityManagerTiming: OnBootPhase_1000_com.android.server.om.OverlayManagerService took to complete: 0ms
05-19 16:34:30.625 687 708 D ActivityManagerTiming: OnBootPhase_1000_com.android.server.resources.ResourcesManagerService
05-19 16:34:30.625 687 708 V ActivityManagerTiming: OnBootPhase_1000_com.android.server.resources.ResourcesManagerService took to complete: 0ms
05-19 16:34:30.625 687 708 D ActivityManagerTiming: OnBootPhase_1000_com.android.server.sensorprivacy.SensorPrivacyService
05-19 16:34:30.625 687 708 V ActivityManagerTiming: OnBootPhase_1000_com.android.server.sensorprivacy.SensorPrivacyService took to complete: 0ms
05-19 16:34:30.625 687 708 D ActivityManagerTiming: OnBootPhase_1000_com.android.server.sensors.SensorService
05-19 16:34:30.625 687 708 V ActivityManagerTiming: OnBootPhase_1000_com.android.server.sensors.SensorService took to complete: 0ms
05-19 16:34:30.625 687 708 D ActivityManagerTiming: OnBootPhase_1000_com.android.server.SystemConfigService
05-19 16:34:30.625 687 708 V ActivityManagerTiming: OnBootPhase_1000_com.android.server.SystemConfigService took to complete: 0ms
05-19 16:34:30.625 687 708 D ActivityManagerTiming: OnBootPhase_1000_com.android.server.BatteryService
05-19 16:34:30.625 687 708 V ActivityManagerTiming: OnBootPhase_1000_com.android.server.BatteryService took to complete: 0ms
05-19 16:34:30.625 687 708 D ActivityManagerTiming: OnBootPhase_1000_com.android.server.usage.UsageStatsService
05-19 16:34:30.626 687 708 V ActivityManagerTiming: OnBootPhase_1000_com.android.server.usage.UsageStatsService took to complete: 0ms
05-19 16:34:30.626 687 708 D ActivityManagerTiming: OnBootPhase_1000_com.android.server.webkit.WebViewUpdateService
05-19 16:34:30.627 687 708 V ActivityManagerTiming: OnBootPhase_1000_com.android.server.webkit.WebViewUpdateService took to complete: 0ms
05-19 16:34:30.627 687 708 D ActivityManagerTiming: OnBootPhase_1000_com.android.server.CachedDeviceStateService
05-19 16:34:30.627 687 708 V ActivityManagerTiming: OnBootPhase_1000_com.android.server.CachedDeviceStateService took to complete: 0ms
05-19 16:34:30.627 687 708 D ActivityManagerTiming: OnBootPhase_1000_com.android.server.BinderCallsStatsService$LifeCycle
05-19 16:34:30.627 687 708 V ActivityManagerTiming: OnBootPhase_1000_com.android.server.BinderCallsStatsService$LifeCycle took to complete: 0ms
05-19 16:34:30.627 687 708 D ActivityManagerTiming: OnBootPhase_1000_com.android.server.LooperStatsService$Lifecycle
05-19 16:34:30.627 687 708 V ActivityManagerTiming: OnBootPhase_1000_com.android.server.LooperStatsService$Lifecycle took to complete: 0ms
05-19 16:34:30.627 687 708 D ActivityManagerTiming: OnBootPhase_1000_com.android.server.rollback.RollbackManagerService
05-19 16:34:30.628 687 736 V DisplayPowerController2[0]: Brightness [0.3927866] reason changing to: 'manual', previous reason: 'override'.
05-19 16:34:30.630 687 708 V ActivityManagerTiming: OnBootPhase_1000_com.android.server.rollback.RollbackManagerService took to complete: 2ms
05-19 16:34:30.630 687 708 D ActivityManagerTiming: OnBootPhase_1000_com.android.server.os.NativeTombstoneManagerService
05-19 16:34:30.630 687 708 V ActivityManagerTiming: OnBootPhase_1000_com.android.server.os.NativeTombstoneManagerService took to complete: 0ms
05-19 16:34:30.630 687 708 D ActivityManagerTiming: OnBootPhase_1000_com.android.server.os.BugreportManagerService
05-19 16:34:30.630 687 708 V ActivityManagerTiming: OnBootPhase_1000_com.android.server.os.BugreportManagerService took to complete: 0ms
05-19 16:34:30.630 687 708 D ActivityManagerTiming: OnBootPhase_1000_com.android.server.gpu.GpuService
05-19 16:34:30.630 687 708 V ActivityManagerTiming: OnBootPhase_1000_com.android.server.gpu.GpuService took to complete: 0ms
05-19 16:34:30.630 687 708 D ActivityManagerTiming: OnBootPhase_1000_com.android.server.security.rkp.RemoteProvisioningService
05-19 16:34:30.630 687 708 V ActivityManagerTiming: OnBootPhase_1000_com.android.server.security.rkp.RemoteProvisioningService took to complete: 0ms
05-19 16:34:30.630 687 708 D ActivityManagerTiming: OnBootPhase_1000_com.android.server.cpu.CpuMonitorService
05-19 16:34:30.630 687 708 V ActivityManagerTiming: OnBootPhase_1000_com.android.server.cpu.CpuMonitorService took to complete: 0ms
05-19 16:34:30.630 687 708 D ActivityManagerTiming: OnBootPhase_1000_com.android.server.security.KeyChainSystemService
05-19 16:34:30.630 687 708 V ActivityManagerTiming: OnBootPhase_1000_com.android.server.security.KeyChainSystemService took to complete: 0ms
05-19 16:34:30.630 687 708 D ActivityManagerTiming: OnBootPhase_1000_com.android.server.BinaryTransparencyService
05-19 16:34:30.630 687 708 I TransparencyService: Boot completed. Getting VBMeta Digest.
05-19 16:34:30.630 687 766 D RollbackManager: mRollbackLifetimeDurationInMillis=1209600000
05-19 16:34:30.630 687 736 I DisplayPowerController2[0]: BrightnessEvent: disp=0, physDisp=local:4637128676863791115, brt=0.3927866, initBrt=0.39763778, rcmdBrt=NaN, preBrt=NaN, lux=0.0, preLux=0.0, hbmMax=1.0, hbmMode=off, rbcStrength=0, thrmMax=1.0, powerFactor=1.0, wasShortTermModelActive=false, flags=, reason=manual, autoBrightness=false, strategy=InvalidBrightnessStrategy
05-19 16:34:30.631 687 708 D TransparencyService: VBMeta Digest: 22bc33d9ff22b54fea513c24c49808e4895a701b17252cf561e5fbc69f829f2f
05-19 16:34:30.631 687 708 I TransparencyService: Boot completed. Collecting biometric system properties.
05-19 16:34:30.632 687 708 I TransparencyService: Scheduling measurements to be taken.
05-19 16:34:30.632 687 708 I TransparencyService: Scheduling binary content-digest computation job
05-19 16:34:30.633 687 708 D CompatibilityChangeReporter: Compat change id reported: 253665015; UID 1000; state: ENABLED
05-19 16:34:30.633 687 708 D CompatibilityChangeReporter: Compat change id reported: 253665015; UID 1000; state: DISABLED
05-19 16:34:30.636 687 708 D CompatibilityChangeReporter: Compat change id reported: 194532703; UID 1000; state: ENABLED
05-19 16:34:30.636 687 708 D CompatibilityChangeReporter: Compat change id reported: 194532703; UID 1000; state: DISABLED
05-19 16:34:30.638 687 708 D TransparencyService: Job 1740526926 to measure binaries was scheduled successfully.
05-19 16:34:30.638 687 708 D TransparencyService: Registering APK & Non-Staged APEX updates...
05-19 16:34:30.639 687 708 D TransparencyService: Registering APEX updates...
05-19 16:34:30.640 687 708 V ActivityManagerTiming: OnBootPhase_1000_com.android.server.BinaryTransparencyService took to complete: 10ms
05-19 16:34:30.640 687 708 D ActivityManagerTiming: OnBootPhase_1000_com.android.server.accounts.AccountManagerService$Lifecycle
05-19 16:34:30.640 687 708 V ActivityManagerTiming: OnBootPhase_1000_com.android.server.accounts.AccountManagerService$Lifecycle took to complete: 0ms
05-19 16:34:30.640 687 708 D ActivityManagerTiming: OnBootPhase_1000_com.android.server.content.ContentService$Lifecycle
05-19 16:34:30.640 687 708 V ActivityManagerTiming: OnBootPhase_1000_com.android.server.content.ContentService$Lifecycle took to complete: 0ms
05-19 16:34:30.640 687 708 D ActivityManagerTiming: OnBootPhase_1000_com.android.server.deviceconfig.DeviceConfigInit$Lifecycle
05-19 16:34:30.640 687 708 V ActivityManagerTiming: OnBootPhase_1000_com.android.server.deviceconfig.DeviceConfigInit$Lifecycle took to complete: 0ms
05-19 16:34:30.640 687 708 D ActivityManagerTiming: OnBootPhase_1000_com.android.server.DropBoxManagerService
05-19 16:34:30.640 687 708 V ActivityManagerTiming: OnBootPhase_1000_com.android.server.DropBoxManagerService took to complete: 0ms
05-19 16:34:30.640 687 708 D ActivityManagerTiming: OnBootPhase_1000_com.android.role.RoleService
05-19 16:34:30.640 687 708 V ActivityManagerTiming: OnBootPhase_1000_com.android.role.RoleService took to complete: 0ms
05-19 16:34:30.640 687 708 D ActivityManagerTiming: OnBootPhase_1000_com.android.server.vibrator.VibratorManagerService$Lifecycle
05-19 16:34:30.640 687 708 V ActivityManagerTiming: OnBootPhase_1000_com.android.server.vibrator.VibratorManagerService$Lifecycle took to complete: 0ms
05-19 16:34:30.640 687 708 D ActivityManagerTiming: OnBootPhase_1000_com.android.server.tare.InternalResourceService
05-19 16:34:30.640 687 708 V ActivityManagerTiming: OnBootPhase_1000_com.android.server.tare.InternalResourceService took to complete: 0ms
05-19 16:34:30.640 687 708 D ActivityManagerTiming: OnBootPhase_1000_com.android.server.alarm.AlarmManagerService
05-19 16:34:30.640 687 708 V ActivityManagerTiming: OnBootPhase_1000_com.android.server.alarm.AlarmManagerService took to complete: 0ms
05-19 16:34:30.640 687 708 D ActivityManagerTiming: OnBootPhase_1000_com.android.server.devicestate.DeviceStateManagerService
05-19 16:34:30.640 687 708 V ActivityManagerTiming: OnBootPhase_1000_com.android.server.devicestate.DeviceStateManagerService took to complete: 0ms
05-19 16:34:30.640 687 708 D ActivityManagerTiming: OnBootPhase_1000_com.android.server.camera.CameraServiceProxy
05-19 16:34:30.642 687 708 V ActivityManagerTiming: OnBootPhase_1000_com.android.server.camera.CameraServiceProxy took to complete: 1ms
05-19 16:34:30.642 687 708 D ActivityManagerTiming: OnBootPhase_1000_com.android.server.bluetooth.BluetoothService
05-19 16:34:30.642 687 708 V ActivityManagerTiming: OnBootPhase_1000_com.android.server.bluetooth.BluetoothService took to complete: 0ms
05-19 16:34:30.642 687 708 D ActivityManagerTiming: OnBootPhase_1000_com.android.server.connectivity.IpConnectivityMetrics
05-19 16:34:30.642 687 708 V ActivityManagerTiming: OnBootPhase_1000_com.android.server.connectivity.IpConnectivityMetrics took to complete: 0ms
05-19 16:34:30.642 687 708 D ActivityManagerTiming: OnBootPhase_1000_com.android.server.net.watchlist.NetworkWatchlistService$Lifecycle
05-19 16:34:30.642 687 708 V ActivityManagerTiming: OnBootPhase_1000_com.android.server.net.watchlist.NetworkWatchlistService$Lifecycle took to complete: 0ms
05-19 16:34:30.642 687 708 D ActivityManagerTiming: OnBootPhase_1000_com.android.server.PinnerService
05-19 16:34:30.642 687 708 V ActivityManagerTiming: OnBootPhase_1000_com.android.server.PinnerService took to complete: 0ms
05-19 16:34:30.642 687 708 D ActivityManagerTiming: OnBootPhase_1000_com.android.server.integrity.AppIntegrityManagerService
05-19 16:34:30.642 687 708 V ActivityManagerTiming: OnBootPhase_1000_com.android.server.integrity.AppIntegrityManagerService took to complete: 0ms
05-19 16:34:30.642 687 708 D ActivityManagerTiming: OnBootPhase_1000_com.android.server.logcat.LogcatManagerService
05-19 16:34:30.642 687 708 V ActivityManagerTiming: OnBootPhase_1000_com.android.server.logcat.LogcatManagerService took to complete: 0ms
05-19 16:34:30.642 687 708 D ActivityManagerTiming: OnBootPhase_1000_com.android.server.inputmethod.InputMethodManagerService$Lifecycle
05-19 16:34:30.642 687 708 V ActivityManagerTiming: OnBootPhase_1000_com.android.server.inputmethod.InputMethodManagerService$Lifecycle took to complete: 0ms
05-19 16:34:30.642 687 708 D ActivityManagerTiming: OnBootPhase_1000_com.android.server.accessibility.AccessibilityManagerService$Lifecycle
05-19 16:34:30.643 687 708 V ActivityManagerTiming: OnBootPhase_1000_com.android.server.accessibility.AccessibilityManagerService$Lifecycle took to complete: 0ms
05-19 16:34:30.643 687 708 D ActivityManagerTiming: OnBootPhase_1000_com.android.server.StorageManagerService$Lifecycle
05-19 16:34:30.643 687 708 V ActivityManagerTiming: OnBootPhase_1000_com.android.server.StorageManagerService$Lifecycle took to complete: 0ms
05-19 16:34:30.643 687 708 D ActivityManagerTiming: OnBootPhase_1000_com.android.server.usage.StorageStatsService$Lifecycle
05-19 16:34:30.643 687 708 V ActivityManagerTiming: OnBootPhase_1000_com.android.server.usage.StorageStatsService$Lifecycle took to complete: 0ms
05-19 16:34:30.643 687 708 D ActivityManagerTiming: OnBootPhase_1000_com.android.server.UiModeManagerService
05-19 16:34:30.643 687 708 V ActivityManagerTiming: OnBootPhase_1000_com.android.server.UiModeManagerService took to complete: 0ms
05-19 16:34:30.643 687 708 D ActivityManagerTiming: OnBootPhase_1000_com.android.server.locales.LocaleManagerService
05-19 16:34:30.643 687 708 V ActivityManagerTiming: OnBootPhase_1000_com.android.server.locales.LocaleManagerService took to complete: 0ms
05-19 16:34:30.643 687 708 D ActivityManagerTiming: OnBootPhase_1000_com.android.server.grammaticalinflection.GrammaticalInflectionService
05-19 16:34:30.643 687 708 V ActivityManagerTiming: OnBootPhase_1000_com.android.server.grammaticalinflection.GrammaticalInflectionService took to complete: 0ms
05-19 16:34:30.643 687 708 D ActivityManagerTiming: OnBootPhase_1000_com.android.server.apphibernation.AppHibernationService
05-19 16:34:30.643 687 797 D StorageManagerService: Thinking about reset, mBootCompleted=true, mDaemonConnected=true
05-19 16:34:30.644 687 797 I StorageSessionController: Started resetting external storage service...
05-19 16:34:30.644 687 797 I StorageSessionController: Finished resetting external storage service
05-19 16:34:30.644 687 797 I StorageManagerService: Resetting vold...
05-19 16:34:30.644 687 708 V ActivityManagerTiming: OnBootPhase_1000_com.android.server.apphibernation.AppHibernationService took to complete: 1ms
05-19 16:34:30.645 687 708 D ActivityManagerTiming: OnBootPhase_1000_com.android.server.locksettings.LockSettingsService$Lifecycle
05-19 16:34:30.645 687 708 V ActivityManagerTiming: OnBootPhase_1000_com.android.server.locksettings.LockSettingsService$Lifecycle took to complete: 0ms
05-19 16:34:30.645 687 708 D ActivityManagerTiming: OnBootPhase_1000_com.android.server.PersistentDataBlockService
05-19 16:34:30.645 687 708 V ActivityManagerTiming: OnBootPhase_1000_com.android.server.PersistentDataBlockService took to complete: 0ms
05-19 16:34:30.645 687 708 D ActivityManagerTiming: OnBootPhase_1000_com.android.server.testharness.TestHarnessModeService
05-19 16:34:30.645 687 797 I StorageManagerService: Reset vold
05-19 16:34:30.645 687 708 D TestHarnessModeService: Completing Test Harness Mode setup.
05-19 16:34:30.646 232 232 I vold : onUserAdded: 0
05-19 16:34:30.647 687 1285 I HibernationStateDiskStore: No hibernation file on disk for file /data/system/hibernation/states
05-19 16:34:30.654 687 762 D AppStandbyController: Loaded headless system app cache in 13 ms: appIdleEnabled=true
05-19 16:34:30.680 687 708 V ActivityManagerTiming: OnBootPhase_1000_com.android.server.testharness.TestHarnessModeService took to complete: 35ms
05-19 16:34:30.680 687 708 D ActivityManagerTiming: OnBootPhase_1000_com.android.server.oemlock.OemLockService
05-19 16:34:30.680 687 708 V ActivityManagerTiming: OnBootPhase_1000_com.android.server.oemlock.OemLockService took to complete: 0ms
05-19 16:34:30.680 687 708 D ActivityManagerTiming: OnBootPhase_1000_com.android.server.DeviceIdleController
05-19 16:34:30.681 687 708 V ActivityManagerTiming: OnBootPhase_1000_com.android.server.DeviceIdleController took to complete: 0ms
05-19 16:34:30.681 687 708 D ActivityManagerTiming: OnBootPhase_1000_com.android.server.devicepolicy.DevicePolicyManagerService$Lifecycle
05-19 16:34:30.681 687 708 V ActivityManagerTiming: OnBootPhase_1000_com.android.server.devicepolicy.DevicePolicyManagerService$Lifecycle took to complete: 0ms
05-19 16:34:30.681 687 708 D ActivityManagerTiming: OnBootPhase_1000_com.android.server.texttospeech.TextToSpeechManagerService
05-19 16:34:30.681 687 708 V ActivityManagerTiming: OnBootPhase_1000_com.android.server.texttospeech.TextToSpeechManagerService took to complete: 0ms