05-19 16:34:26.348 687 687 V SystemServerTiming: OnBootPhase_520_com.android.server.twilight.TwilightService took to complete: 0ms
05-19 16:34:26.348 687 687 D SystemServerTiming: OnBootPhase_520_com.android.server.display.color.ColorDisplayService
05-19 16:34:26.348 687 687 V SystemServerTiming: OnBootPhase_520_com.android.server.display.color.ColorDisplayService took to complete: 0ms
05-19 16:34:26.348 687 687 D SystemServerTiming: OnBootPhase_520_com.android.server.job.JobSchedulerService
05-19 16:34:26.348 687 687 V SystemServerTiming: OnBootPhase_520_com.android.server.job.JobSchedulerService took to complete: 0ms
05-19 16:34:26.348 687 687 D SystemServerTiming: OnBootPhase_520_com.android.server.soundtrigger.SoundTriggerService
05-19 16:34:26.348 687 687 D SoundTriggerService: onBootPhase: 520 : false
05-19 16:34:26.349 687 687 V SystemServerTiming: OnBootPhase_520_com.android.server.soundtrigger.SoundTriggerService took to complete: 1ms
05-19 16:34:26.349 687 687 D SystemServerTiming: OnBootPhase_520_com.android.server.trust.TrustManagerService
05-19 16:34:26.349 687 687 V SystemServerTiming: OnBootPhase_520_com.android.server.trust.TrustManagerService took to complete: 0ms
05-19 16:34:26.349 687 687 D SystemServerTiming: OnBootPhase_520_com.android.server.backup.BackupManagerService$Lifecycle
05-19 16:34:26.349 687 687 V SystemServerTiming: OnBootPhase_520_com.android.server.backup.BackupManagerService$Lifecycle took to complete: 0ms
05-19 16:34:26.349 687 687 D SystemServerTiming: OnBootPhase_520_com.android.server.appwidget.AppWidgetService
05-19 16:34:26.349 687 687 V SystemServerTiming: OnBootPhase_520_com.android.server.appwidget.AppWidgetService took to complete: 0ms
05-19 16:34:26.349 687 687 D SystemServerTiming: OnBootPhase_520_com.android.server.voiceinteraction.VoiceInteractionManagerService
05-19 16:34:26.349 687 687 V SystemServerTiming: OnBootPhase_520_com.android.server.voiceinteraction.VoiceInteractionManagerService took to complete: 0ms
05-19 16:34:26.349 687 687 D SystemServerTiming: OnBootPhase_520_com.android.server.GestureLauncherService
05-19 16:34:26.349 687 687 V SystemServerTiming: OnBootPhase_520_com.android.server.GestureLauncherService took to complete: 0ms
05-19 16:34:26.349 687 687 D SystemServerTiming: OnBootPhase_520_com.android.server.SensorNotificationService
05-19 16:34:26.349 687 687 V SystemServerTiming: OnBootPhase_520_com.android.server.SensorNotificationService took to complete: 0ms
05-19 16:34:26.349 687 687 D SystemServerTiming: OnBootPhase_520_com.android.server.emergency.EmergencyAffordanceService
05-19 16:34:26.349 687 687 V SystemServerTiming: OnBootPhase_520_com.android.server.emergency.EmergencyAffordanceService took to complete: 0ms
05-19 16:34:26.349 687 687 D SystemServerTiming: OnBootPhase_520_com.android.server.blob.BlobStoreManagerService
05-19 16:34:26.349 687 687 V SystemServerTiming: OnBootPhase_520_com.android.server.blob.BlobStoreManagerService took to complete: 0ms
05-19 16:34:26.349 687 687 D SystemServerTiming: OnBootPhase_520_com.android.server.dreams.DreamManagerService
05-19 16:34:26.349 687 687 V SystemServerTiming: OnBootPhase_520_com.android.server.dreams.DreamManagerService took to complete: 0ms
05-19 16:34:26.349 687 687 D SystemServerTiming: OnBootPhase_520_com.android.server.security.AttestationVerificationManagerService
05-19 16:34:26.349 687 687 V SystemServerTiming: OnBootPhase_520_com.android.server.security.AttestationVerificationManagerService took to complete: 0ms
05-19 16:34:26.349 687 687 D SystemServerTiming: OnBootPhase_520_com.android.server.restrictions.RestrictionsManagerService
05-19 16:34:26.349 687 687 V SystemServerTiming: OnBootPhase_520_com.android.server.restrictions.RestrictionsManagerService took to complete: 0ms
05-19 16:34:26.349 687 687 D SystemServerTiming: OnBootPhase_520_com.android.server.media.MediaSessionService
05-19 16:34:26.349 687 687 V SystemServerTiming: OnBootPhase_520_com.android.server.media.MediaSessionService took to complete: 0ms
05-19 16:34:26.349 687 687 D SystemServerTiming: OnBootPhase_520_com.android.server.hdmi.HdmiControlService
05-19 16:34:26.349 687 687 V SystemServerTiming: OnBootPhase_520_com.android.server.hdmi.HdmiControlService took to complete: 0ms
05-19 16:34:26.349 687 687 D SystemServerTiming: OnBootPhase_520_com.android.server.tv.interactive.TvInteractiveAppManagerService
05-19 16:34:26.349 687 687 V SystemServerTiming: OnBootPhase_520_com.android.server.tv.interactive.TvInteractiveAppManagerService took to complete: 0ms
05-19 16:34:26.349 687 687 D SystemServerTiming: OnBootPhase_520_com.android.server.tv.TvInputManagerService
05-19 16:34:26.349 687 687 V SystemServerTiming: OnBootPhase_520_com.android.server.tv.TvInputManagerService took to complete: 0ms
05-19 16:34:26.349 687 687 D SystemServerTiming: OnBootPhase_520_com.android.server.media.MediaResourceMonitorService
05-19 16:34:26.349 687 687 V SystemServerTiming: OnBootPhase_520_com.android.server.media.MediaResourceMonitorService took to complete: 0ms
05-19 16:34:26.349 687 687 D SystemServerTiming: OnBootPhase_520_com.android.server.tv.TvRemoteService
05-19 16:34:26.349 687 687 V SystemServerTiming: OnBootPhase_520_com.android.server.tv.TvRemoteService took to complete: 0ms
05-19 16:34:26.349 687 687 D SystemServerTiming: OnBootPhase_520_com.android.server.biometrics.BiometricService
05-19 16:34:26.349 687 687 V SystemServerTiming: OnBootPhase_520_com.android.server.biometrics.BiometricService took to complete: 0ms
05-19 16:34:26.349 687 687 D SystemServerTiming: OnBootPhase_520_com.android.server.biometrics.AuthService
05-19 16:34:26.349 687 687 V SystemServerTiming: OnBootPhase_520_com.android.server.biometrics.AuthService took to complete: 0ms
05-19 16:34:26.350 687 687 D SystemServerTiming: OnBootPhase_520_com.android.server.pm.ShortcutService$Lifecycle
05-19 16:34:26.350 687 687 V SystemServerTiming: OnBootPhase_520_com.android.server.pm.ShortcutService$Lifecycle took to complete: 0ms
05-19 16:34:26.350 687 687 D SystemServerTiming: OnBootPhase_520_com.android.server.pm.LauncherAppsService
05-19 16:34:26.350 687 687 V SystemServerTiming: OnBootPhase_520_com.android.server.pm.LauncherAppsService took to complete: 0ms
05-19 16:34:26.350 687 687 D SystemServerTiming: OnBootPhase_520_com.android.server.pm.CrossProfileAppsService
05-19 16:34:26.350 687 687 V SystemServerTiming: OnBootPhase_520_com.android.server.pm.CrossProfileAppsService took to complete: 0ms
05-19 16:34:26.350 687 687 D SystemServerTiming: OnBootPhase_520_com.android.server.people.PeopleService
05-19 16:34:26.350 687 687 V SystemServerTiming: OnBootPhase_520_com.android.server.people.PeopleService took to complete: 0ms
05-19 16:34:26.350 687 687 D SystemServerTiming: OnBootPhase_520_com.android.server.media.metrics.MediaMetricsManagerService
05-19 16:34:26.350 687 687 V SystemServerTiming: OnBootPhase_520_com.android.server.media.metrics.MediaMetricsManagerService took to complete: 0ms
05-19 16:34:26.350 687 687 D SystemServerTiming: OnBootPhase_520_com.android.server.pm.BackgroundInstallControlService
05-19 16:34:26.350 687 687 V SystemServerTiming: OnBootPhase_520_com.android.server.pm.BackgroundInstallControlService took to complete: 0ms
05-19 16:34:26.350 687 687 D SystemServerTiming: OnBootPhase_520_com.android.server.media.projection.MediaProjectionManagerService
05-19 16:34:26.350 687 687 V SystemServerTiming: OnBootPhase_520_com.android.server.media.projection.MediaProjectionManagerService took to complete: 0ms
05-19 16:34:26.350 687 687 D SystemServerTiming: OnBootPhase_520_com.android.server.slice.SliceManagerService$Lifecycle
05-19 16:34:26.350 687 687 V SystemServerTiming: OnBootPhase_520_com.android.server.slice.SliceManagerService$Lifecycle took to complete: 0ms
05-19 16:34:26.350 687 687 D SystemServerTiming: OnBootPhase_520_com.android.server.stats.StatsCompanion$Lifecycle
05-19 16:34:26.350 687 687 V SystemServerTiming: OnBootPhase_520_com.android.server.stats.StatsCompanion$Lifecycle took to complete: 0ms
05-19 16:34:26.350 687 687 D SystemServerTiming: OnBootPhase_520_com.android.server.scheduling.RebootReadinessManagerService$Lifecycle
05-19 16:34:26.350 687 687 V SystemServerTiming: OnBootPhase_520_com.android.server.scheduling.RebootReadinessManagerService$Lifecycle took to complete: 0ms
05-19 16:34:26.350 687 687 D SystemServerTiming: OnBootPhase_520_com.android.server.stats.pull.StatsPullAtomService
05-19 16:34:26.350 687 687 V SystemServerTiming: OnBootPhase_520_com.android.server.stats.pull.StatsPullAtomService took to complete: 0ms
05-19 16:34:26.350 687 687 D SystemServerTiming: OnBootPhase_520_com.android.server.stats.bootstrap.StatsBootstrapAtomService$Lifecycle
05-19 16:34:26.350 687 687 V SystemServerTiming: OnBootPhase_520_com.android.server.stats.bootstrap.StatsBootstrapAtomService$Lifecycle took to complete: 0ms
05-19 16:34:26.350 687 687 D SystemServerTiming: OnBootPhase_520_com.android.server.incident.IncidentCompanionService
05-19 16:34:26.350 687 687 V SystemServerTiming: OnBootPhase_520_com.android.server.incident.IncidentCompanionService took to complete: 0ms
05-19 16:34:26.350 687 687 D SystemServerTiming: OnBootPhase_520_com.android.server.sdksandbox.SdkSandboxManagerService$Lifecycle
05-19 16:34:26.350 687 687 V SystemServerTiming: OnBootPhase_520_com.android.server.sdksandbox.SdkSandboxManagerService$Lifecycle took to complete: 0ms
05-19 16:34:26.350 687 687 D SystemServerTiming: OnBootPhase_520_com.android.server.adservices.AdServicesManagerService$Lifecycle
05-19 16:34:26.350 687 687 V SystemServerTiming: OnBootPhase_520_com.android.server.adservices.AdServicesManagerService$Lifecycle took to complete: 0ms
05-19 16:34:26.350 687 687 D SystemServerTiming: OnBootPhase_520_com.android.server.ondevicepersonalization.OnDevicePersonalizationSystemService$Lifecycle
05-19 16:34:26.350 687 687 V SystemServerTiming: OnBootPhase_520_com.android.server.ondevicepersonalization.OnDevicePersonalizationSystemService$Lifecycle took to complete: 0ms
05-19 16:34:26.350 687 687 D SystemServerTiming: OnBootPhase_520_com.android.server.autofill.AutofillManagerService
05-19 16:34:26.350 687 687 V SystemServerTiming: OnBootPhase_520_com.android.server.autofill.AutofillManagerService took to complete: 0ms
05-19 16:34:26.350 687 687 D SystemServerTiming: OnBootPhase_520_com.android.server.clipboard.ClipboardService
05-19 16:34:26.350 687 687 V SystemServerTiming: OnBootPhase_520_com.android.server.clipboard.ClipboardService took to complete: 0ms
05-19 16:34:26.350 687 687 D SystemServerTiming: OnBootPhase_520_com.android.server.appbinding.AppBindingService$Lifecycle
05-19 16:34:26.350 687 687 V SystemServerTiming: OnBootPhase_520_com.android.server.appbinding.AppBindingService$Lifecycle took to complete: 0ms
05-19 16:34:26.350 687 687 D SystemServerTiming: OnBootPhase_520_com.android.server.tracing.TracingServiceProxy
05-19 16:34:26.350 687 687 V SystemServerTiming: OnBootPhase_520_com.android.server.tracing.TracingServiceProxy took to complete: 0ms
05-19 16:34:26.350 687 687 D SystemServerTiming: OnBootPhase_520_com.android.server.policy.PermissionPolicyService
05-19 16:34:26.351 687 687 V SystemServerTiming: OnBootPhase_520_com.android.server.policy.PermissionPolicyService took to complete: 0ms
05-19 16:34:26.351 687 687 D SystemServerTiming: OnBootPhase_520_com.android.server.pm.StagingManager$Lifecycle
05-19 16:34:26.351 687 687 V SystemServerTiming: OnBootPhase_520_com.android.server.pm.StagingManager$Lifecycle took to complete: 0ms
05-19 16:34:26.351 687 687 D SystemServerTiming: OnBootPhase_520_com.android.server.app.GameManagerService$Lifecycle
05-19 16:34:26.351 687 687 V SystemServerTiming: OnBootPhase_520_com.android.server.app.GameManagerService$Lifecycle took to complete: 0ms
05-19 16:34:26.351 687 687 V SystemServerTiming: OnBootPhase_520 took to complete: 14ms
05-19 16:34:26.351 687 687 V SystemServerTiming: StartBootPhaseDeviceSpecificServicesReady took to complete: 14ms
05-19 16:34:26.351 687 687 D SystemServerTiming: StartSafetyCenterService
05-19 16:34:26.351 687 687 I SystemServiceManager: Starting com.android.safetycenter.SafetyCenterService
05-19 16:34:26.355 687 687 V SystemServerTiming: StartSafetyCenterService took to complete: 4ms
05-19 16:34:26.355 687 687 D SystemServerTiming: AppSearchModule
05-19 16:34:26.355 687 687 I SystemServiceManager: Starting com.android.server.appsearch.AppSearchModule$Lifecycle
05-19 16:34:26.364 687 687 V SystemServerTiming: AppSearchModule took to complete: 9ms
05-19 16:34:26.364 687 687 D SystemServerTiming: StartMediaCommunicationService
05-19 16:34:26.365 687 687 I SystemServiceManager: Starting com.android.server.media.MediaCommunicationService
05-19 16:34:26.366 687 687 V SystemServerTiming: StartMediaCommunicationService took to complete: 2ms
05-19 16:34:26.366 687 687 D SystemServerTiming: AppCompatOverridesService
05-19 16:34:26.366 687 687 I SystemServiceManager: Starting com.android.server.compat.overrides.AppCompatOverridesService$Lifecycle
05-19 16:34:26.368 687 687 V SystemServerTiming: AppCompatOverridesService took to complete: 2ms
05-19 16:34:26.368 687 687 D SystemServerTiming: HealthConnectManagerService
05-19 16:34:26.368 687 687 I SystemServiceManager: Starting com.android.server.healthconnect.HealthConnectManagerService
05-19 16:34:26.377 687 687 E HealthConnectResContext: Attempted to fetch resources before Health Connect resources APK is loaded!
05-19 16:34:26.377 687 687 E HealthConnectResContext: java.lang.IllegalStateException
05-19 16:34:26.377 687 687 E HealthConnectResContext: at com.android.server.healthconnect.migration.notification.HealthConnectResourcesContext.resolvePackageInfo(HealthConnectResourcesContext.java:129)
05-19 16:34:26.377 687 687 E HealthConnectResContext: at com.android.server.healthconnect.migration.notification.HealthConnectResourcesContext.initialisePackageNames(HealthConnectResourcesContext.java:87)
05-19 16:34:26.377 687 687 E HealthConnectResContext: at com.android.server.healthconnect.migration.notification.HealthConnectResourcesContext.(HealthConnectResourcesContext.java:83)
05-19 16:34:26.377 687 687 E HealthConnectResContext: at com.android.server.healthconnect.migration.notification.HealthConnectResourcesContext.(HealthConnectResourcesContext.java:70)
05-19 16:34:26.377 687 687 E HealthConnectResContext: at com.android.server.healthconnect.migration.notification.MigrationNotificationFactory.(MigrationNotificationFactory.java:107)
05-19 16:34:26.377 687 687 E HealthConnectResContext: at com.android.server.healthconnect.migration.notification.MigrationNotificationSender.(MigrationNotificationSender.java:60)
05-19 16:34:26.377 687 687 E HealthConnectResContext: at com.android.server.healthconnect.HealthConnectManagerService.(HealthConnectManagerService.java:105)
05-19 16:34:26.377 687 687 E HealthConnectResContext: at java.lang.reflect.Constructor.newInstance0(Native Method)
05-19 16:34:26.377 687 687 E HealthConnectResContext: at java.lang.reflect.Constructor.newInstance(Constructor.java:343)
05-19 16:34:26.377 687 687 E HealthConnectResContext: at com.android.server.SystemServiceManager.startService(SystemServiceManager.java:218)
05-19 16:34:26.377 687 687 E HealthConnectResContext: at com.android.server.SystemServiceManager.startService(SystemServiceManager.java:142)
05-19 16:34:26.377 687 687 E HealthConnectResContext: at com.android.server.SystemServer.startOtherServices(SystemServer.java:2877)
05-19 16:34:26.377 687 687 E HealthConnectResContext: at com.android.server.SystemServer.run(SystemServer.java:946)
05-19 16:34:26.377 687 687 E HealthConnectResContext: at com.android.server.SystemServer.main(SystemServer.java:668)
05-19 16:34:26.377 687 687 E HealthConnectResContext: at java.lang.reflect.Method.invoke(Native Method)
05-19 16:34:26.377 687 687 E HealthConnectResContext: at com.android.internal.os.RuntimeInit$MethodAndArgsCaller.run(RuntimeInit.java:552)
05-19 16:34:26.377 687 687 E HealthConnectResContext: at com.android.internal.os.ZygoteInit.main(ZygoteInit.java:956)
05-19 16:34:26.381 687 687 V SystemServerTiming: HealthConnectManagerService took to complete: 13ms
05-19 16:34:26.381 687 687 D SystemServerTiming: DeviceLockService
05-19 16:34:26.382 687 687 I SystemServiceManager: Starting com.android.server.devicelock.DeviceLockService
05-19 16:34:26.382 687 687 D DeviceLockService: DeviceLockService constructor
05-19 16:34:26.384 687 687 I DeviceLockService: Registering device_lock
05-19 16:34:26.385 687 687 V SystemServerTiming: DeviceLockService took to complete: 4ms
05-19 16:34:26.385 687 687 D SystemServerTiming: PhaseActivityManagerReady
05-19 16:34:26.386 687 687 D SystemServerTiming: controllersReady
05-19 16:34:26.394 687 759 D SystemServerTimingAsync: InitThreadPoolExec:Update app-ops uidState in case package com.vcinema.client.tv changed
05-19 16:34:26.394 687 769 D SystemServerTimingAsync: InitThreadPoolExec:Update app-ops uidState in case package com.dangbei.dbmusic.dbos.tab changed
05-19 16:34:26.394 687 769 D SystemServerInitThreadPool: Started executing Update app-ops uidState in case package com.dangbei.dbmusic.dbos.tab changed
05-19 16:34:26.394 687 712 D SystemServerTimingAsync: InitThreadPoolExec:Update app-ops uidState in case package com.xiaodianshi.tv.yst changed
05-19 16:34:26.394 687 712 D SystemServerInitThreadPool: Started executing Update app-ops uidState in case package com.xiaodianshi.tv.yst changed
05-19 16:34:26.394 687 748 D SystemServerTimingAsync: InitThreadPoolExec:Update app-ops uidState in case package com.cibn.tv changed
05-19 16:34:26.394 687 748 D SystemServerInitThreadPool: Started executing Update app-ops uidState in case package com.cibn.tv changed
05-19 16:34:26.395 687 759 D SystemServerInitThreadPool: Started executing Update app-ops uidState in case package com.vcinema.client.tv changed
05-19 16:34:26.396 687 769 D SystemServerInitThreadPool: Finished executing Update app-ops uidState in case package com.dangbei.dbmusic.dbos.tab changed
05-19 16:34:26.396 687 759 D SystemServerInitThreadPool: Finished executing Update app-ops uidState in case package com.vcinema.client.tv changed
05-19 16:34:26.396 687 759 V SystemServerTimingAsync: InitThreadPoolExec:Update app-ops uidState in case package com.vcinema.client.tv changed took to complete: 2ms
05-19 16:34:26.396 687 759 D SystemServerTimingAsync: InitThreadPoolExec:Update app-ops uidState in case package com.mitv.tvhome.othertv.dbscos changed
05-19 16:34:26.396 687 759 D SystemServerInitThreadPool: Started executing Update app-ops uidState in case package com.mitv.tvhome.othertv.dbscos changed
05-19 16:34:26.396 687 712 D SystemServerInitThreadPool: Finished executing Update app-ops uidState in case package com.xiaodianshi.tv.yst changed
05-19 16:34:26.396 687 759 D SystemServerInitThreadPool: Finished executing Update app-ops uidState in case package com.mitv.tvhome.othertv.dbscos changed
05-19 16:34:26.396 687 712 V SystemServerTimingAsync: InitThreadPoolExec:Update app-ops uidState in case package com.xiaodianshi.tv.yst changed took to complete: 2ms
05-19 16:34:26.396 687 769 V SystemServerTimingAsync: InitThreadPoolExec:Update app-ops uidState in case package com.dangbei.dbmusic.dbos.tab changed took to complete: 2ms
05-19 16:34:26.396 687 759 V SystemServerTimingAsync: InitThreadPoolExec:Update app-ops uidState in case package com.mitv.tvhome.othertv.dbscos changed took to complete: 0ms
05-19 16:34:26.396 687 769 D SystemServerTimingAsync: InitThreadPoolExec:Update app-ops uidState in case package com.android.providers.media.module changed
05-19 16:34:26.396 687 759 D SystemServerTimingAsync: InitThreadPoolExec:Update app-ops uidState in case package com.android.virtualmachine.res changed
05-19 16:34:26.396 687 769 D SystemServerInitThreadPool: Started executing Update app-ops uidState in case package com.android.providers.media.module changed
05-19 16:34:26.396 687 712 D SystemServerTimingAsync: InitThreadPoolExec:Update app-ops uidState in case package com.dangbei.hqmedia changed
05-19 16:34:26.396 687 712 D SystemServerInitThreadPool: Started executing Update app-ops uidState in case package com.dangbei.hqmedia changed
05-19 16:34:26.396 687 769 D SystemServerInitThreadPool: Finished executing Update app-ops uidState in case package com.android.providers.media.module changed
05-19 16:34:26.396 687 769 V SystemServerTimingAsync: InitThreadPoolExec:Update app-ops uidState in case package com.android.providers.media.module changed took to complete: 0ms
05-19 16:34:26.396 687 769 D SystemServerTimingAsync: InitThreadPoolExec:Update app-ops uidState in case package com.android.sdksandbox changed
05-19 16:34:26.396 687 769 D SystemServerInitThreadPool: Started executing Update app-ops uidState in case package com.android.sdksandbox changed
05-19 16:34:26.396 687 769 D SystemServerInitThreadPool: Finished executing Update app-ops uidState in case package com.android.sdksandbox changed
05-19 16:34:26.396 687 769 V SystemServerTimingAsync: InitThreadPoolExec:Update app-ops uidState in case package com.android.sdksandbox changed took to complete: 0ms
05-19 16:34:26.396 687 769 D SystemServerTimingAsync: InitThreadPoolExec:Update app-ops uidState in case package com.android.adservices.api changed
05-19 16:34:26.396 687 769 D SystemServerInitThreadPool: Started executing Update app-ops uidState in case package com.android.adservices.api changed
05-19 16:34:26.396 687 712 D SystemServerInitThreadPool: Finished executing Update app-ops uidState in case package com.dangbei.hqmedia changed
05-19 16:34:26.397 687 748 D SystemServerInitThreadPool: Finished executing Update app-ops uidState in case package com.cibn.tv changed
05-19 16:34:26.397 687 769 D SystemServerInitThreadPool: Finished executing Update app-ops uidState in case package com.android.adservices.api changed
05-19 16:34:26.397 687 712 V SystemServerTimingAsync: InitThreadPoolExec:Update app-ops uidState in case package com.dangbei.hqmedia changed took to complete: 1ms
05-19 16:34:26.397 687 748 V SystemServerTimingAsync: InitThreadPoolExec:Update app-ops uidState in case package com.cibn.tv changed took to complete: 2ms
05-19 16:34:26.397 687 712 D SystemServerTimingAsync: InitThreadPoolExec:Update app-ops uidState in case package com.android.rkpdapp changed
05-19 16:34:26.397 687 748 D SystemServerTimingAsync: InitThreadPoolExec:Update app-ops uidState in case package com.android.ondevicepersonalization.services changed
05-19 16:34:26.397 687 759 D SystemServerInitThreadPool: Started executing Update app-ops uidState in case package com.android.virtualmachine.res changed
05-19 16:34:26.397 687 748 D SystemServerInitThreadPool: Started executing Update app-ops uidState in case package com.android.ondevicepersonalization.services changed
05-19 16:34:26.397 687 759 D SystemServerInitThreadPool: Finished executing Update app-ops uidState in case package com.android.virtualmachine.res changed
05-19 16:34:26.397 687 759 V SystemServerTimingAsync: InitThreadPoolExec:Update app-ops uidState in case package com.android.virtualmachine.res changed took to complete: 1ms
05-19 16:34:26.397 687 712 D SystemServerInitThreadPool: Started executing Update app-ops uidState in case package com.android.rkpdapp changed
05-19 16:34:26.397 687 759 D SystemServerTimingAsync: InitThreadPoolExec:Update app-ops uidState in case package com.android.federatedcompute.services changed
05-19 16:34:26.397 687 712 D SystemServerInitThreadPool: Finished executing Update app-ops uidState in case package com.android.rkpdapp changed
05-19 16:34:26.397 687 769 V SystemServerTimingAsync: InitThreadPoolExec:Update app-ops uidState in case package com.android.adservices.api changed took to complete: 0ms
05-19 16:34:26.397 687 759 D SystemServerInitThreadPool: Started executing Update app-ops uidState in case package com.android.federatedcompute.services changed
05-19 16:34:26.397 687 769 D SystemServerTimingAsync: InitThreadPoolExec:Update app-ops uidState in case package com.android.cts.ctsshim changed
05-19 16:34:26.397 687 769 D SystemServerInitThreadPool: Started executing Update app-ops uidState in case package com.android.cts.ctsshim changed
05-19 16:34:26.397 687 759 D SystemServerInitThreadPool: Finished executing Update app-ops uidState in case package com.android.federatedcompute.services changed
05-19 16:34:26.397 687 748 D SystemServerInitThreadPool: Finished executing Update app-ops uidState in case package com.android.ondevicepersonalization.services changed
05-19 16:34:26.397 687 712 V SystemServerTimingAsync: InitThreadPoolExec:Update app-ops uidState in case package com.android.rkpdapp changed took to complete: 0ms
05-19 16:34:26.397 687 769 D SystemServerInitThreadPool: Finished executing Update app-ops uidState in case package com.android.cts.ctsshim changed
05-19 16:34:26.397 687 712 D SystemServerTimingAsync: InitThreadPoolExec:Update app-ops uidState in case package com.android.cts.priv.ctsshim changed
05-19 16:34:26.397 687 748 V SystemServerTimingAsync: InitThreadPoolExec:Update app-ops uidState in case package com.android.ondevicepersonalization.services changed took to complete: 0ms
05-19 16:34:26.397 687 712 D SystemServerInitThreadPool: Started executing Update app-ops uidState in case package com.android.cts.priv.ctsshim changed
05-19 16:34:26.397 687 748 D SystemServerTimingAsync: InitThreadPoolExec:Update app-ops uidState in case package com.android.wifi.dialog changed
05-19 16:34:26.397 687 759 V SystemServerTimingAsync: InitThreadPoolExec:Update app-ops uidState in case package com.android.federatedcompute.services changed took to complete: 0ms
05-19 16:34:26.397 687 759 D SystemServerTimingAsync: InitThreadPoolExec:Update app-ops uidState in case package com.android.hotspot2.osulogin changed
05-19 16:34:26.397 687 759 D SystemServerInitThreadPool: Started executing Update app-ops uidState in case package com.android.hotspot2.osulogin changed
05-19 16:34:26.397 687 759 D SystemServerInitThreadPool: Finished executing Update app-ops uidState in case package com.android.hotspot2.osulogin changed
05-19 16:34:26.397 687 759 V SystemServerTimingAsync: InitThreadPoolExec:Update app-ops uidState in case package com.android.hotspot2.osulogin changed took to complete: 0ms
05-19 16:34:26.397 687 759 D SystemServerTimingAsync: InitThreadPoolExec:Update app-ops uidState in case package com.android.wifi.resources changed
05-19 16:34:26.397 687 759 D SystemServerInitThreadPool: Started executing Update app-ops uidState in case package com.android.wifi.resources changed
05-19 16:34:26.397 687 759 D SystemServerInitThreadPool: Finished executing Update app-ops uidState in case package com.android.wifi.resources changed
05-19 16:34:26.397 687 759 V SystemServerTimingAsync: InitThreadPoolExec:Update app-ops uidState in case package com.android.wifi.resources changed took to complete: 0ms
05-19 16:34:26.397 687 759 D SystemServerTimingAsync: InitThreadPoolExec:Update app-ops uidState in case package com.android.permissioncontroller changed
05-19 16:34:26.397 687 759 D SystemServerInitThreadPool: Started executing Update app-ops uidState in case package com.android.permissioncontroller changed
05-19 16:34:26.397 687 759 D SystemServerInitThreadPool: Finished executing Update app-ops uidState in case package com.android.permissioncontroller changed
05-19 16:34:26.397 687 759 V SystemServerTimingAsync: InitThreadPoolExec:Update app-ops uidState in case package com.android.permissioncontroller changed took to complete: 0ms
05-19 16:34:26.397 687 748 D SystemServerInitThreadPool: Started executing Update app-ops uidState in case package com.android.wifi.dialog changed
05-19 16:34:26.398 687 769 V SystemServerTimingAsync: InitThreadPoolExec:Update app-ops uidState in case package com.android.cts.ctsshim changed took to complete: 0ms
05-19 16:34:26.398 687 769 D SystemServerTimingAsync: InitThreadPoolExec:Update app-ops uidState in case package com.android.devicelockcontroller changed
05-19 16:34:26.398 687 769 D SystemServerInitThreadPool: Started executing Update app-ops uidState in case package com.android.devicelockcontroller changed
05-19 16:34:26.398 687 748 D SystemServerInitThreadPool: Finished executing Update app-ops uidState in case package com.android.wifi.dialog changed
05-19 16:34:26.398 687 748 V SystemServerTimingAsync: InitThreadPoolExec:Update app-ops uidState in case package com.android.wifi.dialog changed took to complete: 1ms
05-19 16:34:26.398 687 748 D SystemServerTimingAsync: InitThreadPoolExec:Update app-ops uidState in case package com.android.uwb.resources changed
05-19 16:34:26.398 687 748 D SystemServerInitThreadPool: Started executing Update app-ops uidState in case package com.android.uwb.resources changed
05-19 16:34:26.398 687 748 D SystemServerInitThreadPool: Finished executing Update app-ops uidState in case package com.android.uwb.resources changed
05-19 16:34:26.398 687 748 V SystemServerTimingAsync: InitThreadPoolExec:Update app-ops uidState in case package com.android.uwb.resources changed took to complete: 0ms
05-19 16:34:26.398 687 748 D SystemServerTimingAsync: InitThreadPoolExec:Update app-ops uidState in case package com.android.nearby.halfsheet changed
05-19 16:34:26.398 687 748 D SystemServerInitThreadPool: Started executing Update app-ops uidState in case package com.android.nearby.halfsheet changed
05-19 16:34:26.398 687 759 D SystemServerTimingAsync: InitThreadPoolExec:Update app-ops uidState in case package com.android.safetycenter.resources changed
05-19 16:34:26.398 687 759 D SystemServerInitThreadPool: Started executing Update app-ops uidState in case package com.android.safetycenter.resources changed
05-19 16:34:26.398 687 759 D SystemServerInitThreadPool: Finished executing Update app-ops uidState in case package com.android.safetycenter.resources changed
05-19 16:34:26.398 687 759 V SystemServerTimingAsync: InitThreadPoolExec:Update app-ops uidState in case package com.android.safetycenter.resources changed took to complete: 0ms
05-19 16:34:26.398 687 769 D SystemServerInitThreadPool: Finished executing Update app-ops uidState in case package com.android.devicelockcontroller changed
05-19 16:34:26.398 687 769 V SystemServerTimingAsync: InitThreadPoolExec:Update app-ops uidState in case package com.android.devicelockcontroller changed took to complete: 0ms
05-19 16:34:26.398 687 769 D SystemServerTimingAsync: InitThreadPoolExec:Update app-ops uidState in case package com.android.health.connect.backuprestore changed
05-19 16:34:26.398 687 769 D SystemServerInitThreadPool: Started executing Update app-ops uidState in case package com.android.health.connect.backuprestore changed
05-19 16:34:26.398 687 748 D SystemServerInitThreadPool: Finished executing Update app-ops uidState in case package com.android.nearby.halfsheet changed
05-19 16:34:26.398 687 769 D SystemServerInitThreadPool: Finished executing Update app-ops uidState in case package com.android.health.connect.backuprestore changed
05-19 16:34:26.398 687 769 V SystemServerTimingAsync: InitThreadPoolExec:Update app-ops uidState in case package com.android.health.connect.backuprestore changed took to complete: 0ms
05-19 16:34:26.398 687 769 D SystemServerTimingAsync: InitThreadPoolExec:Update app-ops uidState in case package com.android.healthconnect.controller changed
05-19 16:34:26.398 687 748 V SystemServerTimingAsync: InitThreadPoolExec:Update app-ops uidState in case package com.android.nearby.halfsheet changed took to complete: 0ms
05-19 16:34:26.398 687 748 D SystemServerTimingAsync: InitThreadPoolExec:Update app-ops uidState in case package com.android.ext.adservices.api changed
05-19 16:34:26.398 687 748 D SystemServerInitThreadPool: Started executing Update app-ops uidState in case package com.android.ext.adservices.api changed
05-19 16:34:26.398 687 748 D SystemServerInitThreadPool: Finished executing Update app-ops uidState in case package com.android.ext.adservices.api changed
05-19 16:34:26.398 687 748 V SystemServerTimingAsync: InitThreadPoolExec:Update app-ops uidState in case package com.android.ext.adservices.api changed took to complete: 0ms
05-19 16:34:26.398 687 748 D SystemServerTimingAsync: InitThreadPoolExec:Update app-ops uidState in case package android.ext.services changed
05-19 16:34:26.398 687 748 D SystemServerInitThreadPool: Started executing Update app-ops uidState in case package android.ext.services changed
05-19 16:34:26.398 687 748 D SystemServerInitThreadPool: Finished executing Update app-ops uidState in case package android.ext.services changed
05-19 16:34:26.398 687 748 V SystemServerTimingAsync: InitThreadPoolExec:Update app-ops uidState in case package android.ext.services changed took to complete: 0ms
05-19 16:34:26.398 687 748 D SystemServerTimingAsync: InitThreadPoolExec:Update app-ops uidState in case package com.android.systemui changed
05-19 16:34:26.398 687 748 D SystemServerInitThreadPool: Started executing Update app-ops uidState in case package com.android.systemui changed
05-19 16:34:26.399 687 712 D SystemServerInitThreadPool: Finished executing Update app-ops uidState in case package com.android.cts.priv.ctsshim changed
05-19 16:34:26.399 687 712 V SystemServerTimingAsync: InitThreadPoolExec:Update app-ops uidState in case package com.android.cts.priv.ctsshim changed took to complete: 2ms
05-19 16:34:26.399 687 712 D SystemServerTimingAsync: InitThreadPoolExec:Update app-ops uidState in case package com.android.webview changed
05-19 16:34:26.399 687 712 D SystemServerInitThreadPool: Started executing Update app-ops uidState in case package com.android.webview changed
05-19 16:34:26.399 687 759 D SystemServerTimingAsync: InitThreadPoolExec:Update app-ops uidState in case package com.android.connectivity.resources changed
05-19 16:34:26.399 687 759 D SystemServerInitThreadPool: Started executing Update app-ops uidState in case package com.android.connectivity.resources changed
05-19 16:34:26.400 687 759 D SystemServerInitThreadPool: Finished executing Update app-ops uidState in case package com.android.connectivity.resources changed
05-19 16:34:26.400 687 759 V SystemServerTimingAsync: InitThreadPoolExec:Update app-ops uidState in case package com.android.connectivity.resources changed took to complete: 0ms
05-19 16:34:26.400 687 759 D SystemServerTimingAsync: InitThreadPoolExec:Update app-ops uidState in case package com.android.deskclock changed
05-19 16:34:26.400 687 759 D SystemServerInitThreadPool: Started executing Update app-ops uidState in case package com.android.deskclock changed
05-19 16:34:26.400 687 759 D SystemServerInitThreadPool: Finished executing Update app-ops uidState in case package com.android.deskclock changed
05-19 16:34:26.400 687 759 V SystemServerTimingAsync: InitThreadPoolExec:Update app-ops uidState in case package com.android.deskclock changed took to complete: 0ms
05-19 16:34:26.400 687 759 D SystemServerTimingAsync: InitThreadPoolExec:Update app-ops uidState in case package com.android.music changed
05-19 16:34:26.400 687 759 D SystemServerInitThreadPool: Started executing Update app-ops uidState in case package com.android.music changed
05-19 16:34:26.400 687 759 D SystemServerInitThreadPool: Finished executing Update app-ops uidState in case package com.android.music changed
05-19 16:34:26.400 687 759 V SystemServerTimingAsync: InitThreadPoolExec:Update app-ops uidState in case package com.android.music changed took to complete: 0ms
05-19 16:34:26.400 687 759 D SystemServerTimingAsync: InitThreadPoolExec:Update app-ops uidState in case package com.android.camera2 changed
05-19 16:34:26.400 687 759 D SystemServerInitThreadPool: Started executing Update app-ops uidState in case package com.android.camera2 changed
05-19 16:34:26.400 687 769 D SystemServerInitThreadPool: Started executing Update app-ops uidState in case package com.android.healthconnect.controller changed
05-19 16:34:26.400 687 759 D SystemServerInitThreadPool: Finished executing Update app-ops uidState in case package com.android.camera2 changed
05-19 16:34:26.400 687 769 D SystemServerInitThreadPool: Finished executing Update app-ops uidState in case package com.android.healthconnect.controller changed
05-19 16:34:26.400 687 769 V SystemServerTimingAsync: InitThreadPoolExec:Update app-ops uidState in case package com.android.healthconnect.controller changed took to complete: 2ms
05-19 16:34:26.400 687 748 D SystemServerInitThreadPool: Finished executing Update app-ops uidState in case package com.android.systemui changed
05-19 16:34:26.400 687 712 D SystemServerInitThreadPool: Finished executing Update app-ops uidState in case package com.android.webview changed
05-19 16:34:26.400 687 712 V SystemServerTimingAsync: InitThreadPoolExec:Update app-ops uidState in case package com.android.webview changed took to complete: 1ms
05-19 16:34:26.400 687 769 D SystemServerTimingAsync: InitThreadPoolExec:Update app-ops uidState in case package com.android.modulemetadata changed
05-19 16:34:26.400 687 748 V SystemServerTimingAsync: InitThreadPoolExec:Update app-ops uidState in case package com.android.systemui changed took to complete: 2ms
05-19 16:34:26.400 687 759 V SystemServerTimingAsync: InitThreadPoolExec:Update app-ops uidState in case package com.android.camera2 changed took to complete: 0ms
05-19 16:34:26.400 687 712 D SystemServerTimingAsync: InitThreadPoolExec:Update app-ops uidState in case package com.android.settings.intelligence changed
05-19 16:34:26.400 687 712 D SystemServerInitThreadPool: Started executing Update app-ops uidState in case package com.android.settings.intelligence changed
05-19 16:34:26.400 687 748 D SystemServerTimingAsync: InitThreadPoolExec:Update app-ops uidState in case package com.droidlogic.appinstall changed
05-19 16:34:26.400 687 759 D SystemServerTimingAsync: InitThreadPoolExec:Update app-ops uidState in case package com.dangbei.screencast changed
05-19 16:34:26.400 687 712 D SystemServerInitThreadPool: Finished executing Update app-ops uidState in case package com.android.settings.intelligence changed
05-19 16:34:26.400 687 748 D SystemServerInitThreadPool: Started executing Update app-ops uidState in case package com.droidlogic.appinstall changed
05-19 16:34:26.400 687 759 D SystemServerInitThreadPool: Started executing Update app-ops uidState in case package com.dangbei.screencast changed
05-19 16:34:26.400 687 748 D SystemServerInitThreadPool: Finished executing Update app-ops uidState in case package com.droidlogic.appinstall changed
05-19 16:34:26.400 687 759 D SystemServerInitThreadPool: Finished executing Update app-ops uidState in case package com.dangbei.screencast changed
05-19 16:34:26.401 687 759 V SystemServerTimingAsync: InitThreadPoolExec:Update app-ops uidState in case package com.dangbei.screencast changed took to complete: 1ms
05-19 16:34:26.401 687 748 V SystemServerTimingAsync: InitThreadPoolExec:Update app-ops uidState in case package com.droidlogic.appinstall changed took to complete: 1ms
05-19 16:34:26.401 687 748 D SystemServerTimingAsync: InitThreadPoolExec:Update app-ops uidState in case package com.dangbei.lerad.videoposter changed
05-19 16:34:26.401 687 748 D SystemServerInitThreadPool: Started executing Update app-ops uidState in case package com.dangbei.lerad.videoposter changed
05-19 16:34:26.401 687 759 D SystemServerTimingAsync: InitThreadPoolExec:Update app-ops uidState in case package com.dangbei.lerad.screensaver changed
05-19 16:34:26.401 687 759 D SystemServerInitThreadPool: Started executing Update app-ops uidState in case package com.dangbei.lerad.screensaver changed
05-19 16:34:26.401 687 769 D SystemServerInitThreadPool: Started executing Update app-ops uidState in case package com.android.modulemetadata changed
05-19 16:34:26.401 687 712 V SystemServerTimingAsync: InitThreadPoolExec:Update app-ops uidState in case package com.android.settings.intelligence changed took to complete: 0ms
05-19 16:34:26.401 687 769 D SystemServerInitThreadPool: Finished executing Update app-ops uidState in case package com.android.modulemetadata changed
05-19 16:34:26.401 687 759 D SystemServerInitThreadPool: Finished executing Update app-ops uidState in case package com.dangbei.lerad.screensaver changed
05-19 16:34:26.401 687 759 V SystemServerTimingAsync: InitThreadPoolExec:Update app-ops uidState in case package com.dangbei.lerad.screensaver changed took to complete: 0ms
05-19 16:34:26.401 687 712 D SystemServerTimingAsync: InitThreadPoolExec:Update app-ops uidState in case package com.tv.filemanager.os changed
05-19 16:34:26.401 687 769 V SystemServerTimingAsync: InitThreadPoolExec:Update app-ops uidState in case package com.android.modulemetadata changed took to complete: 1ms
05-19 16:34:26.401 687 769 D SystemServerTimingAsync: InitThreadPoolExec:Update app-ops uidState in case package com.sohu.inputmethod.sogou.tv changed
05-19 16:34:26.401 687 769 D SystemServerInitThreadPool: Started executing Update app-ops uidState in case package com.sohu.inputmethod.sogou.tv changed
05-19 16:34:26.401 687 769 D SystemServerInitThreadPool: Finished executing Update app-ops uidState in case package com.sohu.inputmethod.sogou.tv changed
05-19 16:34:26.401 687 769 V SystemServerTimingAsync: InitThreadPoolExec:Update app-ops uidState in case package com.sohu.inputmethod.sogou.tv changed took to complete: 0ms
05-19 16:34:26.401 687 769 D SystemServerTimingAsync: InitThreadPoolExec:Update app-ops uidState in case package com.android.printspooler changed
05-19 16:34:26.401 687 712 D SystemServerInitThreadPool: Started executing Update app-ops uidState in case package com.tv.filemanager.os changed
05-19 16:34:26.401 687 748 D SystemServerInitThreadPool: Finished executing Update app-ops uidState in case package com.dangbei.lerad.videoposter changed
05-19 16:34:26.401 687 712 D SystemServerInitThreadPool: Finished executing Update app-ops uidState in case package com.tv.filemanager.os changed
05-19 16:34:26.401 687 759 D SystemServerTimingAsync: InitThreadPoolExec:Update app-ops uidState in case package com.dangbei.lerad.leradwatcher changed
05-19 16:34:26.401 687 769 D SystemServerInitThreadPool: Started executing Update app-ops uidState in case package com.android.printspooler changed
05-19 16:34:26.401 687 748 V SystemServerTimingAsync: InitThreadPoolExec:Update app-ops uidState in case package com.dangbei.lerad.videoposter changed took to complete: 0ms
05-19 16:34:26.401 687 769 D SystemServerInitThreadPool: Finished executing Update app-ops uidState in case package com.android.printspooler changed
05-19 16:34:26.401 687 769 V SystemServerTimingAsync: InitThreadPoolExec:Update app-ops uidState in case package com.android.printspooler changed took to complete: 0ms
05-19 16:34:26.401 687 759 D SystemServerInitThreadPool: Started executing Update app-ops uidState in case package com.dangbei.lerad.leradwatcher changed
05-19 16:34:26.401 687 748 D SystemServerTimingAsync: InitThreadPoolExec:Update app-ops uidState in case package com.android.pacprocessor changed
05-19 16:34:26.401 687 748 D SystemServerInitThreadPool: Started executing Update app-ops uidState in case package com.android.pacprocessor changed
05-19 16:34:26.401 687 712 V SystemServerTimingAsync: InitThreadPoolExec:Update app-ops uidState in case package com.tv.filemanager.os changed took to complete: 0ms
05-19 16:34:26.401 687 759 D SystemServerInitThreadPool: Finished executing Update app-ops uidState in case package com.dangbei.lerad.leradwatcher changed
05-19 16:34:26.401 687 712 D SystemServerTimingAsync: InitThreadPoolExec:Update app-ops uidState in case package com.android.htmlviewer changed
05-19 16:34:26.401 687 748 D SystemServerInitThreadPool: Finished executing Update app-ops uidState in case package com.android.pacprocessor changed
05-19 16:34:26.401 687 748 V SystemServerTimingAsync: InitThreadPoolExec:Update app-ops uidState in case package com.android.pacprocessor changed took to complete: 1ms
05-19 16:34:26.401 687 759 V SystemServerTimingAsync: InitThreadPoolExec:Update app-ops uidState in case package com.dangbei.lerad.leradwatcher changed took to complete: 0ms
05-19 16:34:26.402 687 769 D SystemServerTimingAsync: InitThreadPoolExec:Update app-ops uidState in case package com.android.companiondevicemanager changed
05-19 16:34:26.402 687 712 D SystemServerInitThreadPool: Started executing Update app-ops uidState in case package com.android.htmlviewer changed
05-19 16:34:26.402 687 748 D SystemServerTimingAsync: InitThreadPoolExec:Update app-ops uidState in case package com.android.certinstaller changed
05-19 16:34:26.402 687 712 D SystemServerInitThreadPool: Finished executing Update app-ops uidState in case package com.android.htmlviewer changed
05-19 16:34:26.402 687 712 V SystemServerTimingAsync: InitThreadPoolExec:Update app-ops uidState in case package com.android.htmlviewer changed took to complete: 1ms
05-19 16:34:26.402 687 712 D SystemServerTimingAsync: InitThreadPoolExec:Update app-ops uidState in case package android.ext.shared changed
05-19 16:34:26.402 687 712 D SystemServerInitThreadPool: Started executing Update app-ops uidState in case package android.ext.shared changed
05-19 16:34:26.402 687 712 D SystemServerInitThreadPool: Finished executing Update app-ops uidState in case package android.ext.shared changed
05-19 16:34:26.402 687 712 V SystemServerTimingAsync: InitThreadPoolExec:Update app-ops uidState in case package android.ext.shared changed took to complete: 0ms
05-19 16:34:26.402 687 712 D SystemServerTimingAsync: InitThreadPoolExec:Update app-ops uidState in case package com.android.dreams.basic changed
05-19 16:34:26.402 687 712 D SystemServerInitThreadPool: Started executing Update app-ops uidState in case package com.android.dreams.basic changed
05-19 16:34:26.402 687 712 D SystemServerInitThreadPool: Finished executing Update app-ops uidState in case package com.android.dreams.basic changed
05-19 16:34:26.402 687 712 V SystemServerTimingAsync: InitThreadPoolExec:Update app-ops uidState in case package com.android.dreams.basic changed took to complete: 0ms
05-19 16:34:26.402 687 712 D SystemServerTimingAsync: InitThreadPoolExec:Update app-ops uidState in case package com.android.cameraextensions changed
05-19 16:34:26.402 687 712 D SystemServerInitThreadPool: Started executing Update app-ops uidState in case package com.android.cameraextensions changed
05-19 16:34:26.402 687 712 D SystemServerInitThreadPool: Finished executing Update app-ops uidState in case package com.android.cameraextensions changed
05-19 16:34:26.402 687 712 V SystemServerTimingAsync: InitThreadPoolExec:Update app-ops uidState in case package com.android.cameraextensions changed took to complete: 0ms
05-19 16:34:26.402 687 712 D SystemServerTimingAsync: InitThreadPoolExec:Update app-ops uidState in case package com.dangbei.hqguide changed
05-19 16:34:26.402 687 712 D SystemServerInitThreadPool: Started executing Update app-ops uidState in case package com.dangbei.hqguide changed
05-19 16:34:26.402 687 712 D SystemServerInitThreadPool: Finished executing Update app-ops uidState in case package com.dangbei.hqguide changed
05-19 16:34:26.402 687 712 V SystemServerTimingAsync: InitThreadPoolExec:Update app-ops uidState in case package com.dangbei.hqguide changed took to complete: 0ms
05-19 16:34:26.402 687 712 D SystemServerTimingAsync: InitThreadPoolExec:Update app-ops uidState in case package com.android.vpndialogs changed
05-19 16:34:26.402 687 712 D SystemServerInitThreadPool: Started executing Update app-ops uidState in case package com.android.vpndialogs changed
05-19 16:34:26.402 687 712 D SystemServerInitThreadPool: Finished executing Update app-ops uidState in case package com.android.vpndialogs changed
05-19 16:34:26.402 687 712 V SystemServerTimingAsync: InitThreadPoolExec:Update app-ops uidState in case package com.android.vpndialogs changed took to complete: 0ms
05-19 16:34:26.402 687 712 D SystemServerTimingAsync: InitThreadPoolExec:Update app-ops uidState in case package com.android.statementservice changed
05-19 16:34:26.402 687 712 D SystemServerInitThreadPool: Started executing Update app-ops uidState in case package com.android.statementservice changed
05-19 16:34:26.402 687 712 D SystemServerInitThreadPool: Finished executing Update app-ops uidState in case package com.android.statementservice changed
05-19 16:34:26.402 687 712 V SystemServerTimingAsync: InitThreadPoolExec:Update app-ops uidState in case package com.android.statementservice changed took to complete: 0ms
05-19 16:34:26.402 687 712 D SystemServerTimingAsync: InitThreadPoolExec:Update app-ops uidState in case package com.android.providers.tv changed
05-19 16:34:26.402 687 712 D SystemServerInitThreadPool: Started executing Update app-ops uidState in case package com.android.providers.tv changed
05-19 16:34:26.402 687 712 D SystemServerInitThreadPool: Finished executing Update app-ops uidState in case package com.android.providers.tv changed
05-19 16:34:26.402 687 712 V SystemServerTimingAsync: InitThreadPoolExec:Update app-ops uidState in case package com.android.providers.tv changed took to complete: 0ms
05-19 16:34:26.402 687 712 D SystemServerTimingAsync: InitThreadPoolExec:Update app-ops uidState in case package com.android.packageinstaller changed
05-19 16:34:26.402 687 712 D SystemServerInitThreadPool: Started executing Update app-ops uidState in case package com.android.packageinstaller changed
05-19 16:34:26.403 687 712 D SystemServerInitThreadPool: Finished executing Update app-ops uidState in case package com.android.packageinstaller changed
05-19 16:34:26.403 687 712 V SystemServerTimingAsync: InitThreadPoolExec:Update app-ops uidState in case package com.android.packageinstaller changed took to complete: 0ms
