05-19 16:34:26.403 687 712 D SystemServerTimingAsync: InitThreadPoolExec:Update app-ops uidState in case package com.android.sharedstoragebackup changed
05-19 16:34:26.403 687 712 D SystemServerInitThreadPool: Started executing Update app-ops uidState in case package com.android.sharedstoragebackup changed
05-19 16:34:26.403 687 712 D SystemServerInitThreadPool: Finished executing Update app-ops uidState in case package com.android.sharedstoragebackup changed
05-19 16:34:26.403 687 712 V SystemServerTimingAsync: InitThreadPoolExec:Update app-ops uidState in case package com.android.sharedstoragebackup changed took to complete: 0ms
05-19 16:34:26.403 687 712 D SystemServerTimingAsync: InitThreadPoolExec:Update app-ops uidState in case package com.android.proxyhandler changed
05-19 16:34:26.403 687 712 D SystemServerInitThreadPool: Started executing Update app-ops uidState in case package com.android.proxyhandler changed
05-19 16:34:26.403 687 712 D SystemServerInitThreadPool: Finished executing Update app-ops uidState in case package com.android.proxyhandler changed
05-19 16:34:26.403 687 712 V SystemServerTimingAsync: InitThreadPoolExec:Update app-ops uidState in case package com.android.proxyhandler changed took to complete: 0ms
05-19 16:34:26.403 687 712 D SystemServerTimingAsync: InitThreadPoolExec:Update app-ops uidState in case package com.android.managedprovisioning changed
05-19 16:34:26.403 687 712 D SystemServerInitThreadPool: Started executing Update app-ops uidState in case package com.android.managedprovisioning changed
05-19 16:34:26.403 687 712 D SystemServerInitThreadPool: Finished executing Update app-ops uidState in case package com.android.managedprovisioning changed
05-19 16:34:26.403 687 712 V SystemServerTimingAsync: InitThreadPoolExec:Update app-ops uidState in case package com.android.managedprovisioning changed took to complete: 0ms
05-19 16:34:26.403 687 712 D SystemServerTimingAsync: InitThreadPoolExec:Update app-ops uidState in case package com.android.musicfx changed
05-19 16:34:26.403 687 712 D SystemServerInitThreadPool: Started executing Update app-ops uidState in case package com.android.musicfx changed
05-19 16:34:26.403 687 712 D SystemServerInitThreadPool: Finished executing Update app-ops uidState in case package com.android.musicfx changed
05-19 16:34:26.403 687 712 V SystemServerTimingAsync: InitThreadPoolExec:Update app-ops uidState in case package com.android.musicfx changed took to complete: 0ms
05-19 16:34:26.403 687 712 D SystemServerTimingAsync: InitThreadPoolExec:Update app-ops uidState in case package com.android.intentresolver changed
05-19 16:34:26.403 687 712 D SystemServerInitThreadPool: Started executing Update app-ops uidState in case package com.android.intentresolver changed
05-19 16:34:26.403 687 712 D SystemServerInitThreadPool: Finished executing Update app-ops uidState in case package com.android.intentresolver changed
05-19 16:34:26.403 687 712 V SystemServerTimingAsync: InitThreadPoolExec:Update app-ops uidState in case package com.android.intentresolver changed took to complete: 0ms
05-19 16:34:26.403 687 712 D SystemServerTimingAsync: InitThreadPoolExec:Update app-ops uidState in case package com.android.providers.userdictionary changed
05-19 16:34:26.403 687 712 D SystemServerInitThreadPool: Started executing Update app-ops uidState in case package com.android.providers.userdictionary changed
05-19 16:34:26.403 687 712 D SystemServerInitThreadPool: Finished executing Update app-ops uidState in case package com.android.providers.userdictionary changed
05-19 16:34:26.403 687 712 V SystemServerTimingAsync: InitThreadPoolExec:Update app-ops uidState in case package com.android.providers.userdictionary changed took to complete: 0ms
05-19 16:34:26.403 687 712 D SystemServerTimingAsync: InitThreadPoolExec:Update app-ops uidState in case package com.android.providers.contacts changed
05-19 16:34:26.403 687 712 D SystemServerInitThreadPool: Started executing Update app-ops uidState in case package com.android.providers.contacts changed
05-19 16:34:26.403 687 712 D SystemServerInitThreadPool: Finished executing Update app-ops uidState in case package com.android.providers.contacts changed
05-19 16:34:26.403 687 712 V SystemServerTimingAsync: InitThreadPoolExec:Update app-ops uidState in case package com.android.providers.contacts changed took to complete: 0ms
05-19 16:34:26.403 687 712 D SystemServerTimingAsync: InitThreadPoolExec:Update app-ops uidState in case package com.android.externalstorage changed
05-19 16:34:26.403 687 712 D SystemServerInitThreadPool: Started executing Update app-ops uidState in case package com.android.externalstorage changed
05-19 16:34:26.403 687 712 D SystemServerInitThreadPool: Finished executing Update app-ops uidState in case package com.android.externalstorage changed
05-19 16:34:26.403 687 712 V SystemServerTimingAsync: InitThreadPoolExec:Update app-ops uidState in case package com.android.externalstorage changed took to complete: 0ms
05-19 16:34:26.403 687 712 D SystemServerTimingAsync: InitThreadPoolExec:Update app-ops uidState in case package com.android.providers.media changed
05-19 16:34:26.403 687 712 D SystemServerInitThreadPool: Started executing Update app-ops uidState in case package com.android.providers.media changed
05-19 16:34:26.403 687 712 D SystemServerInitThreadPool: Finished executing Update app-ops uidState in case package com.android.providers.media changed
05-19 16:34:26.403 687 712 V SystemServerTimingAsync: InitThreadPoolExec:Update app-ops uidState in case package com.android.providers.media changed took to complete: 1ms
05-19 16:34:26.403 687 712 D SystemServerTimingAsync: InitThreadPoolExec:Update app-ops uidState in case package com.android.providers.downloads changed
05-19 16:34:26.404 687 712 D SystemServerInitThreadPool: Started executing Update app-ops uidState in case package com.android.providers.downloads changed
05-19 16:34:26.404 687 712 D SystemServerInitThreadPool: Finished executing Update app-ops uidState in case package com.android.providers.downloads changed
05-19 16:34:26.404 687 712 V SystemServerTimingAsync: InitThreadPoolExec:Update app-ops uidState in case package com.android.providers.downloads changed took to complete: 0ms
05-19 16:34:26.404 687 712 D SystemServerTimingAsync: InitThreadPoolExec:Update app-ops uidState in case package com.android.mtp changed
05-19 16:34:26.404 687 712 D SystemServerInitThreadPool: Started executing Update app-ops uidState in case package com.android.mtp changed
05-19 16:34:26.404 687 712 D SystemServerInitThreadPool: Finished executing Update app-ops uidState in case package com.android.mtp changed
05-19 16:34:26.404 687 712 V SystemServerTimingAsync: InitThreadPoolExec:Update app-ops uidState in case package com.android.mtp changed took to complete: 0ms
05-19 16:34:26.404 687 712 D SystemServerTimingAsync: InitThreadPoolExec:Update app-ops uidState in case package com.android.soundpicker changed
05-19 16:34:26.404 687 712 D SystemServerInitThreadPool: Started executing Update app-ops uidState in case package com.android.soundpicker changed
05-19 16:34:26.404 687 712 D SystemServerInitThreadPool: Finished executing Update app-ops uidState in case package com.android.soundpicker changed
05-19 16:34:26.404 687 712 V SystemServerTimingAsync: InitThreadPoolExec:Update app-ops uidState in case package com.android.soundpicker changed took to complete: 0ms
05-19 16:34:26.404 687 712 D SystemServerTimingAsync: InitThreadPoolExec:Update app-ops uidState in case package com.android.providers.calendar changed
05-19 16:34:26.404 687 712 D SystemServerInitThreadPool: Started executing Update app-ops uidState in case package com.android.providers.calendar changed
05-19 16:34:26.404 687 712 D SystemServerInitThreadPool: Finished executing Update app-ops uidState in case package com.android.providers.calendar changed
05-19 16:34:26.404 687 712 V SystemServerTimingAsync: InitThreadPoolExec:Update app-ops uidState in case package com.android.providers.calendar changed took to complete: 0ms
05-19 16:34:26.404 687 712 D SystemServerTimingAsync: InitThreadPoolExec:Update app-ops uidState in case package com.android.backupconfirm changed
05-19 16:34:26.404 687 712 D SystemServerInitThreadPool: Started executing Update app-ops uidState in case package com.android.backupconfirm changed
05-19 16:34:26.404 687 712 D SystemServerInitThreadPool: Finished executing Update app-ops uidState in case package com.android.backupconfirm changed
05-19 16:34:26.404 687 712 V SystemServerTimingAsync: InitThreadPoolExec:Update app-ops uidState in case package com.android.backupconfirm changed took to complete: 0ms
05-19 16:34:26.404 687 712 D SystemServerTimingAsync: InitThreadPoolExec:Update app-ops uidState in case package com.android.systemui.auto_generated_rro_vendor__ changed
05-19 16:34:26.404 687 712 D SystemServerInitThreadPool: Started executing Update app-ops uidState in case package com.android.systemui.auto_generated_rro_vendor__ changed
05-19 16:34:26.404 687 712 D SystemServerInitThreadPool: Finished executing Update app-ops uidState in case package com.android.systemui.auto_generated_rro_vendor__ changed
05-19 16:34:26.404 687 712 V SystemServerTimingAsync: InitThreadPoolExec:Update app-ops uidState in case package com.android.systemui.auto_generated_rro_vendor__ changed took to complete: 0ms
05-19 16:34:26.404 687 712 D SystemServerTimingAsync: InitThreadPoolExec:Update app-ops uidState in case package com.android.networkstack.tethering.droidlogic changed
05-19 16:34:26.404 687 712 D SystemServerInitThreadPool: Started executing Update app-ops uidState in case package com.android.networkstack.tethering.droidlogic changed
05-19 16:34:26.404 687 712 D SystemServerInitThreadPool: Finished executing Update app-ops uidState in case package com.android.networkstack.tethering.droidlogic changed
05-19 16:34:26.404 687 712 V SystemServerTimingAsync: InitThreadPoolExec:Update app-ops uidState in case package com.android.networkstack.tethering.droidlogic changed took to complete: 0ms
05-19 16:34:26.404 687 712 D SystemServerTimingAsync: InitThreadPoolExec:Update app-ops uidState in case package android.auto_generated_rro_vendor__ changed
05-19 16:34:26.404 687 712 D SystemServerInitThreadPool: Started executing Update app-ops uidState in case package android.auto_generated_rro_vendor__ changed
05-19 16:34:26.404 687 712 D SystemServerInitThreadPool: Finished executing Update app-ops uidState in case package android.auto_generated_rro_vendor__ changed
05-19 16:34:26.404 687 712 V SystemServerTimingAsync: InitThreadPoolExec:Update app-ops uidState in case package android.auto_generated_rro_vendor__ changed took to complete: 0ms
05-19 16:34:26.404 687 712 D SystemServerTimingAsync: InitThreadPoolExec:Update app-ops uidState in case package com.droidlogic.wifitetheringoverlay changed
05-19 16:34:26.404 687 712 D SystemServerInitThreadPool: Started executing Update app-ops uidState in case package com.droidlogic.wifitetheringoverlay changed
05-19 16:34:26.404 687 712 D SystemServerInitThreadPool: Finished executing Update app-ops uidState in case package com.droidlogic.wifitetheringoverlay changed
05-19 16:34:26.404 687 712 V SystemServerTimingAsync: InitThreadPoolExec:Update app-ops uidState in case package com.droidlogic.wifitetheringoverlay changed took to complete: 0ms
05-19 16:34:26.404 687 712 D SystemServerTimingAsync: InitThreadPoolExec:Update app-ops uidState in case package com.droidlogic.wifion changed
05-19 16:34:26.404 687 712 D SystemServerInitThreadPool: Started executing Update app-ops uidState in case package com.droidlogic.wifion changed
05-19 16:34:26.405 687 712 D SystemServerInitThreadPool: Finished executing Update app-ops uidState in case package com.droidlogic.wifion changed
05-19 16:34:26.405 687 712 V SystemServerTimingAsync: InitThreadPoolExec:Update app-ops uidState in case package com.droidlogic.wifion changed took to complete: 1ms
05-19 16:34:26.405 687 712 D SystemServerTimingAsync: InitThreadPoolExec:Update app-ops uidState in case package com.android.tv.overlay.networkstack changed
05-19 16:34:26.405 687 712 D SystemServerInitThreadPool: Started executing Update app-ops uidState in case package com.android.tv.overlay.networkstack changed
05-19 16:34:26.405 687 748 D SystemServerInitThreadPool: Started executing Update app-ops uidState in case package com.android.certinstaller changed
05-19 16:34:26.405 687 759 D SystemServerTimingAsync: InitThreadPoolExec:Update app-ops uidState in case package com.android.captiveportallogin changed
05-19 16:34:26.405 687 759 D SystemServerInitThreadPool: Started executing Update app-ops uidState in case package com.android.captiveportallogin changed
05-19 16:34:26.405 687 759 D SystemServerInitThreadPool: Finished executing Update app-ops uidState in case package com.android.captiveportallogin changed
05-19 16:34:26.405 687 759 V SystemServerTimingAsync: InitThreadPoolExec:Update app-ops uidState in case package com.android.captiveportallogin changed took to complete: 0ms
05-19 16:34:26.405 687 759 D SystemServerTimingAsync: InitThreadPoolExec:Update app-ops uidState in case package com.android.tv.overlay.lps.disabled changed
05-19 16:34:26.405 687 759 D SystemServerInitThreadPool: Started executing Update app-ops uidState in case package com.android.tv.overlay.lps.disabled changed
05-19 16:34:26.405 687 759 D SystemServerInitThreadPool: Finished executing Update app-ops uidState in case package com.android.tv.overlay.lps.disabled changed
05-19 16:34:26.405 687 759 V SystemServerTimingAsync: InitThreadPoolExec:Update app-ops uidState in case package com.android.tv.overlay.lps.disabled changed took to complete: 0ms
05-19 16:34:26.405 687 759 D SystemServerTimingAsync: InitThreadPoolExec:Update app-ops uidState in case package com.android.tv.overlay.framework changed
05-19 16:34:26.405 687 759 D SystemServerInitThreadPool: Started executing Update app-ops uidState in case package com.android.tv.overlay.framework changed
05-19 16:34:26.405 687 759 D SystemServerInitThreadPool: Finished executing Update app-ops uidState in case package com.android.tv.overlay.framework changed
05-19 16:34:26.406 687 712 D SystemServerInitThreadPool: Finished executing Update app-ops uidState in case package com.android.tv.overlay.networkstack changed
05-19 16:34:26.406 687 712 V SystemServerTimingAsync: InitThreadPoolExec:Update app-ops uidState in case package com.android.tv.overlay.networkstack changed took to complete: 1ms
05-19 16:34:26.406 687 712 D SystemServerTimingAsync: InitThreadPoolExec:Update app-ops uidState in case package com.android.tv.overlay.wifi.resources changed
05-19 16:34:26.406 687 712 D SystemServerInitThreadPool: Started executing Update app-ops uidState in case package com.android.tv.overlay.wifi.resources changed
05-19 16:34:26.406 687 712 D SystemServerInitThreadPool: Finished executing Update app-ops uidState in case package com.android.tv.overlay.wifi.resources changed
05-19 16:34:26.406 687 712 V SystemServerTimingAsync: InitThreadPoolExec:Update app-ops uidState in case package com.android.tv.overlay.wifi.resources changed took to complete: 0ms
05-19 16:34:26.406 687 712 D SystemServerTimingAsync: InitThreadPoolExec:Update app-ops uidState in case package com.android.tv.overlay.settingsprovider changed
05-19 16:34:26.406 687 712 D SystemServerInitThreadPool: Started executing Update app-ops uidState in case package com.android.tv.overlay.settingsprovider changed
05-19 16:34:26.406 687 712 D SystemServerInitThreadPool: Finished executing Update app-ops uidState in case package com.android.tv.overlay.settingsprovider changed
05-19 16:34:26.406 687 712 V SystemServerTimingAsync: InitThreadPoolExec:Update app-ops uidState in case package com.android.tv.overlay.settingsprovider changed took to complete: 0ms
05-19 16:34:26.406 687 712 D SystemServerTimingAsync: InitThreadPoolExec:Update app-ops uidState in case package com.droidlogic.tvprovider.overlay changed
05-19 16:34:26.406 687 712 D SystemServerInitThreadPool: Started executing Update app-ops uidState in case package com.droidlogic.tvprovider.overlay changed
05-19 16:34:26.406 687 712 D SystemServerInitThreadPool: Finished executing Update app-ops uidState in case package com.droidlogic.tvprovider.overlay changed
05-19 16:34:26.406 687 712 V SystemServerTimingAsync: InitThreadPoolExec:Update app-ops uidState in case package com.droidlogic.tvprovider.overlay changed took to complete: 0ms
05-19 16:34:26.406 687 712 D SystemServerTimingAsync: InitThreadPoolExec:Update app-ops uidState in case package com.dlg.framework.overlay changed
05-19 16:34:26.406 687 712 D SystemServerInitThreadPool: Started executing Update app-ops uidState in case package com.dlg.framework.overlay changed
05-19 16:34:26.406 687 712 D SystemServerInitThreadPool: Finished executing Update app-ops uidState in case package com.dlg.framework.overlay changed
05-19 16:34:26.406 687 712 V SystemServerTimingAsync: InitThreadPoolExec:Update app-ops uidState in case package com.dlg.framework.overlay changed took to complete: 0ms
05-19 16:34:26.406 687 712 D SystemServerTimingAsync: InitThreadPoolExec:Update app-ops uidState in case package com.droidlogic.overlay changed
05-19 16:34:26.406 687 712 D SystemServerInitThreadPool: Started executing Update app-ops uidState in case package com.droidlogic.overlay changed
05-19 16:34:26.406 687 712 D SystemServerInitThreadPool: Finished executing Update app-ops uidState in case package com.droidlogic.overlay changed
05-19 16:34:26.406 687 712 V SystemServerTimingAsync: InitThreadPoolExec:Update app-ops uidState in case package com.droidlogic.overlay changed took to complete: 0ms
05-19 16:34:26.406 687 712 D SystemServerTimingAsync: InitThreadPoolExec:Update app-ops uidState in case package com.droidlogic.systemui.overlay changed
05-19 16:34:26.406 687 712 D SystemServerInitThreadPool: Started executing Update app-ops uidState in case package com.droidlogic.systemui.overlay changed
05-19 16:34:26.406 687 712 D SystemServerInitThreadPool: Finished executing Update app-ops uidState in case package com.droidlogic.systemui.overlay changed
05-19 16:34:26.406 687 712 V SystemServerTimingAsync: InitThreadPoolExec:Update app-ops uidState in case package com.droidlogic.systemui.overlay changed took to complete: 0ms
05-19 16:34:26.406 687 712 D SystemServerTimingAsync: InitThreadPoolExec:Update app-ops uidState in case package com.amlogic.tv.overlay.matchcontent changed
05-19 16:34:26.406 687 712 D SystemServerInitThreadPool: Started executing Update app-ops uidState in case package com.amlogic.tv.overlay.matchcontent changed
05-19 16:34:26.406 687 712 D SystemServerInitThreadPool: Finished executing Update app-ops uidState in case package com.amlogic.tv.overlay.matchcontent changed
05-19 16:34:26.406 687 712 V SystemServerTimingAsync: InitThreadPoolExec:Update app-ops uidState in case package com.amlogic.tv.overlay.matchcontent changed took to complete: 0ms
05-19 16:34:26.406 687 712 D SystemServerTimingAsync: InitThreadPoolExec:Update app-ops uidState in case package com.android.shell changed
05-19 16:34:26.406 687 712 D SystemServerInitThreadPool: Started executing Update app-ops uidState in case package com.android.shell changed
05-19 16:34:26.407 687 712 D SystemServerInitThreadPool: Finished executing Update app-ops uidState in case package com.android.shell changed
05-19 16:34:26.407 687 712 V SystemServerTimingAsync: InitThreadPoolExec:Update app-ops uidState in case package com.android.shell changed took to complete: 0ms
05-19 16:34:26.407 687 712 D SystemServerTimingAsync: InitThreadPoolExec:Update app-ops uidState in case package com.android.networkstack changed
05-19 16:34:26.407 687 712 D SystemServerInitThreadPool: Started executing Update app-ops uidState in case package com.android.networkstack changed
05-19 16:34:26.407 687 712 D SystemServerInitThreadPool: Finished executing Update app-ops uidState in case package com.android.networkstack changed
05-19 16:34:26.407 687 712 V SystemServerTimingAsync: InitThreadPoolExec:Update app-ops uidState in case package com.android.networkstack changed took to complete: 0ms
05-19 16:34:26.407 687 712 D SystemServerTimingAsync: InitThreadPoolExec:Update app-ops uidState in case package com.android.networkstack.tethering changed
05-19 16:34:26.407 687 712 D SystemServerInitThreadPool: Started executing Update app-ops uidState in case package com.android.networkstack.tethering changed
05-19 16:34:26.407 687 769 D SystemServerInitThreadPool: Started executing Update app-ops uidState in case package com.android.companiondevicemanager changed
05-19 16:34:26.407 687 759 V SystemServerTimingAsync: InitThreadPoolExec:Update app-ops uidState in case package com.android.tv.overlay.framework changed took to complete: 1ms
05-19 16:34:26.407 687 759 D SystemServerTimingAsync: InitThreadPoolExec:Update app-ops uidState in case package com.android.se changed
05-19 16:34:26.407 687 759 D SystemServerInitThreadPool: Started executing Update app-ops uidState in case package com.android.se changed
05-19 16:34:26.407 687 759 D SystemServerInitThreadPool: Finished executing Update app-ops uidState in case package com.android.se changed
05-19 16:34:26.407 687 759 V SystemServerTimingAsync: InitThreadPoolExec:Update app-ops uidState in case package com.android.se changed took to complete: 0ms
05-19 16:34:26.407 687 759 D SystemServerTimingAsync: InitThreadPoolExec:Update app-ops uidState in case package com.android.bluetooth changed
05-19 16:34:26.407 687 759 D SystemServerInitThreadPool: Started executing Update app-ops uidState in case package com.android.bluetooth changed
05-19 16:34:26.407 687 759 D SystemServerInitThreadPool: Finished executing Update app-ops uidState in case package com.android.bluetooth changed
05-19 16:34:26.407 687 759 V SystemServerTimingAsync: InitThreadPoolExec:Update app-ops uidState in case package com.android.bluetooth changed took to complete: 0ms
05-19 16:34:26.407 687 759 D SystemServerTimingAsync: InitThreadPoolExec:Update app-ops uidState in case package com.android.dynsystem changed
05-19 16:34:26.407 687 759 D SystemServerInitThreadPool: Started executing Update app-ops uidState in case package com.android.dynsystem changed
05-19 16:34:26.407 687 759 D SystemServerInitThreadPool: Finished executing Update app-ops uidState in case package com.android.dynsystem changed
05-19 16:34:26.407 687 759 V SystemServerTimingAsync: InitThreadPoolExec:Update app-ops uidState in case package com.android.dynsystem changed took to complete: 0ms
05-19 16:34:26.407 687 759 D SystemServerTimingAsync: InitThreadPoolExec:Update app-ops uidState in case package com.dangbei.lerad.rocky changed
05-19 16:34:26.407 687 759 D SystemServerInitThreadPool: Started executing Update app-ops uidState in case package com.dangbei.lerad.rocky changed
05-19 16:34:26.407 687 759 D SystemServerInitThreadPool: Finished executing Update app-ops uidState in case package com.dangbei.lerad.rocky changed
05-19 16:34:26.407 687 759 V SystemServerTimingAsync: InitThreadPoolExec:Update app-ops uidState in case package com.dangbei.lerad.rocky changed took to complete: 0ms
05-19 16:34:26.407 687 759 D SystemServerTimingAsync: InitThreadPoolExec:Update app-ops uidState in case package com.android.tv.settings changed
05-19 16:34:26.407 687 759 D SystemServerInitThreadPool: Started executing Update app-ops uidState in case package com.android.tv.settings changed
05-19 16:34:26.408 687 759 D SystemServerInitThreadPool: Finished executing Update app-ops uidState in case package com.android.tv.settings changed
05-19 16:34:26.408 687 759 V SystemServerTimingAsync: InitThreadPoolExec:Update app-ops uidState in case package com.android.tv.settings changed took to complete: 0ms
05-19 16:34:26.408 687 759 D SystemServerTimingAsync: InitThreadPoolExec:Update app-ops uidState in case package com.dangbei.zhushou.os changed
05-19 16:34:26.408 687 759 D SystemServerInitThreadPool: Started executing Update app-ops uidState in case package com.dangbei.zhushou.os changed
05-19 16:34:26.408 687 759 D SystemServerInitThreadPool: Finished executing Update app-ops uidState in case package com.dangbei.zhushou.os changed
05-19 16:34:26.408 687 759 V SystemServerTimingAsync: InitThreadPoolExec:Update app-ops uidState in case package com.dangbei.zhushou.os changed took to complete: 0ms
05-19 16:34:26.408 687 759 D SystemServerTimingAsync: InitThreadPoolExec:Update app-ops uidState in case package com.droidlogic.mediacenter changed
05-19 16:34:26.408 687 759 D SystemServerInitThreadPool: Started executing Update app-ops uidState in case package com.droidlogic.mediacenter changed
05-19 16:34:26.408 687 759 D SystemServerInitThreadPool: Finished executing Update app-ops uidState in case package com.droidlogic.mediacenter changed
05-19 16:34:26.408 687 759 V SystemServerTimingAsync: InitThreadPoolExec:Update app-ops uidState in case package com.droidlogic.mediacenter changed took to complete: 0ms
05-19 16:34:26.408 687 759 D SystemServerTimingAsync: InitThreadPoolExec:Update app-ops uidState in case package com.droidlogic changed
05-19 16:34:26.408 687 759 D SystemServerInitThreadPool: Started executing Update app-ops uidState in case package com.droidlogic changed
05-19 16:34:26.408 687 687 E ActivityManager: Unable to find com.tencent.wemeet.rooms/u0
05-19 16:34:26.408 687 759 D SystemServerInitThreadPool: Finished executing Update app-ops uidState in case package com.droidlogic changed
05-19 16:34:26.408 687 759 V SystemServerTimingAsync: InitThreadPoolExec:Update app-ops uidState in case package com.droidlogic changed took to complete: 0ms
05-19 16:34:26.408 687 769 D SystemServerInitThreadPool: Finished executing Update app-ops uidState in case package com.android.companiondevicemanager changed
05-19 16:34:26.408 687 759 D SystemServerTimingAsync: InitThreadPoolExec:Update app-ops uidState in case package com.droidlogic.tv.settings changed
05-19 16:34:26.408 687 759 D SystemServerInitThreadPool: Started executing Update app-ops uidState in case package com.droidlogic.tv.settings changed
05-19 16:34:26.408 687 712 D SystemServerInitThreadPool: Finished executing Update app-ops uidState in case package com.android.networkstack.tethering changed
05-19 16:34:26.408 687 712 V SystemServerTimingAsync: InitThreadPoolExec:Update app-ops uidState in case package com.android.networkstack.tethering changed took to complete: 1ms
05-19 16:34:26.408 687 769 V SystemServerTimingAsync: InitThreadPoolExec:Update app-ops uidState in case package com.android.companiondevicemanager changed took to complete: 6ms
05-19 16:34:26.408 687 712 D SystemServerTimingAsync: InitThreadPoolExec:Update app-ops uidState in case package com.oranth.ledstatus changed
05-19 16:34:26.408 687 712 D SystemServerInitThreadPool: Started executing Update app-ops uidState in case package com.oranth.ledstatus changed
05-19 16:34:26.408 687 687 E ActivityManager: Unable to find com.starcor.mango/u0
05-19 16:34:26.408 687 759 D SystemServerInitThreadPool: Finished executing Update app-ops uidState in case package com.droidlogic.tv.settings changed
05-19 16:34:26.408 687 712 D SystemServerInitThreadPool: Finished executing Update app-ops uidState in case package com.oranth.ledstatus changed
05-19 16:34:26.408 687 712 V SystemServerTimingAsync: InitThreadPoolExec:Update app-ops uidState in case package com.oranth.ledstatus changed took to complete: 0ms
05-19 16:34:26.408 687 712 D SystemServerTimingAsync: InitThreadPoolExec:Update app-ops uidState in case package com.dangbei.leard.leradlauncher changed
05-19 16:34:26.408 687 769 D SystemServerTimingAsync: InitThreadPoolExec:Update app-ops uidState in case package android changed
05-19 16:34:26.408 687 712 D SystemServerInitThreadPool: Started executing Update app-ops uidState in case package com.dangbei.leard.leradlauncher changed
05-19 16:34:26.408 687 769 D SystemServerInitThreadPool: Started executing Update app-ops uidState in case package android changed
05-19 16:34:26.408 687 712 D SystemServerInitThreadPool: Finished executing Update app-ops uidState in case package com.dangbei.leard.leradlauncher changed
05-19 16:34:26.408 687 712 V SystemServerTimingAsync: InitThreadPoolExec:Update app-ops uidState in case package com.dangbei.leard.leradlauncher changed took to complete: 0ms
05-19 16:34:26.408 687 712 D SystemServerTimingAsync: InitThreadPoolExec:Update app-ops uidState in case package com.android.providers.settings changed
05-19 16:34:26.408 687 712 D SystemServerInitThreadPool: Started executing Update app-ops uidState in case package com.android.providers.settings changed
05-19 16:34:26.408 687 759 V SystemServerTimingAsync: InitThreadPoolExec:Update app-ops uidState in case package com.droidlogic.tv.settings changed took to complete: 0ms
05-19 16:34:26.408 687 712 D SystemServerInitThreadPool: Finished executing Update app-ops uidState in case package com.android.providers.settings changed
05-19 16:34:26.408 687 769 D SystemServerInitThreadPool: Finished executing Update app-ops uidState in case package android changed
05-19 16:34:26.408 687 769 V SystemServerTimingAsync: InitThreadPoolExec:Update app-ops uidState in case package android changed took to complete: 1ms
05-19 16:34:26.408 687 769 D SystemServerTimingAsync: InitThreadPoolExec:Update app-ops uidState in case package com.oranth.inputmacsn changed
05-19 16:34:26.408 687 769 D SystemServerInitThreadPool: Started executing Update app-ops uidState in case package com.oranth.inputmacsn changed
05-19 16:34:26.409 687 769 D SystemServerInitThreadPool: Finished executing Update app-ops uidState in case package com.oranth.inputmacsn changed
05-19 16:34:26.409 687 769 V SystemServerTimingAsync: InitThreadPoolExec:Update app-ops uidState in case package com.oranth.inputmacsn changed took to complete: 0ms
05-19 16:34:26.409 687 769 D SystemServerTimingAsync: InitThreadPoolExec:Update app-ops uidState in case package com.android.keychain changed
05-19 16:34:26.409 687 769 D SystemServerInitThreadPool: Started executing Update app-ops uidState in case package com.android.keychain changed
05-19 16:34:26.409 687 769 D SystemServerInitThreadPool: Finished executing Update app-ops uidState in case package com.android.keychain changed
05-19 16:34:26.409 687 769 V SystemServerTimingAsync: InitThreadPoolExec:Update app-ops uidState in case package com.android.keychain changed took to complete: 0ms
05-19 16:34:26.409 687 769 D SystemServerTimingAsync: InitThreadPoolExec:Update app-ops uidState in case package com.android.localtransport changed
05-19 16:34:26.409 687 769 D SystemServerInitThreadPool: Started executing Update app-ops uidState in case package com.android.localtransport changed
05-19 16:34:26.409 687 769 D SystemServerInitThreadPool: Finished executing Update app-ops uidState in case package com.android.localtransport changed
05-19 16:34:26.409 687 769 V SystemServerTimingAsync: InitThreadPoolExec:Update app-ops uidState in case package com.android.localtransport changed took to complete: 0ms
05-19 16:34:26.409 687 769 D SystemServerTimingAsync: InitThreadPoolExec:Update app-ops uidState in case package com.droidlogic.mictoggle changed
05-19 16:34:26.409 687 769 D SystemServerInitThreadPool: Started executing Update app-ops uidState in case package com.droidlogic.mictoggle changed
05-19 16:34:26.409 687 769 D SystemServerInitThreadPool: Finished executing Update app-ops uidState in case package com.droidlogic.mictoggle changed
05-19 16:34:26.409 687 769 V SystemServerTimingAsync: InitThreadPoolExec:Update app-ops uidState in case package com.droidlogic.mictoggle changed took to complete: 0ms
05-19 16:34:26.409 687 769 D SystemServerTimingAsync: InitThreadPoolExec:Update app-ops uidState in case package com.cskj.factorytest changed
05-19 16:34:26.409 687 769 D SystemServerInitThreadPool: Started executing Update app-ops uidState in case package com.cskj.factorytest changed
05-19 16:34:26.409 687 769 D SystemServerInitThreadPool: Finished executing Update app-ops uidState in case package com.cskj.factorytest changed
05-19 16:34:26.409 687 769 V SystemServerTimingAsync: InitThreadPoolExec:Update app-ops uidState in case package com.cskj.factorytest changed took to complete: 0ms
05-19 16:34:26.409 687 769 D SystemServerTimingAsync: InitThreadPoolExec:Update app-ops uidState in case package com.oranth.usbopenft changed
05-19 16:34:26.409 687 769 D SystemServerInitThreadPool: Started executing Update app-ops uidState in case package com.oranth.usbopenft changed
05-19 16:34:26.409 687 769 D SystemServerInitThreadPool: Finished executing Update app-ops uidState in case package com.oranth.usbopenft changed
05-19 16:34:26.409 687 769 V SystemServerTimingAsync: InitThreadPoolExec:Update app-ops uidState in case package com.oranth.usbopenft changed took to complete: 0ms
05-19 16:34:26.409 687 769 D SystemServerTimingAsync: InitThreadPoolExec:Update app-ops uidState in case package com.dangbei.lerad.etna.haqu changed
05-19 16:34:26.409 687 769 D SystemServerInitThreadPool: Started executing Update app-ops uidState in case package com.dangbei.lerad.etna.haqu changed
05-19 16:34:26.409 687 769 D SystemServerInitThreadPool: Finished executing Update app-ops uidState in case package com.dangbei.lerad.etna.haqu changed
05-19 16:34:26.409 687 769 V SystemServerTimingAsync: InitThreadPoolExec:Update app-ops uidState in case package com.dangbei.lerad.etna.haqu changed took to complete: 0ms
05-19 16:34:26.409 687 769 D SystemServerTimingAsync: InitThreadPoolExec:Update app-ops uidState in case package com.droidlogic.miracast changed
05-19 16:34:26.409 687 769 D SystemServerInitThreadPool: Started executing Update app-ops uidState in case package com.droidlogic.miracast changed
05-19 16:34:26.409 687 769 D SystemServerInitThreadPool: Finished executing Update app-ops uidState in case package com.droidlogic.miracast changed
05-19 16:34:26.409 687 769 V SystemServerTimingAsync: InitThreadPoolExec:Update app-ops uidState in case package com.droidlogic.miracast changed took to complete: 0ms
05-19 16:34:26.409 687 769 D SystemServerTimingAsync: InitThreadPoolExec:Update app-ops uidState in case package com.oranth.powerwindow changed
05-19 16:34:26.409 687 769 D SystemServerInitThreadPool: Started executing Update app-ops uidState in case package com.oranth.powerwindow changed
05-19 16:34:26.409 687 769 D SystemServerInitThreadPool: Finished executing Update app-ops uidState in case package com.oranth.powerwindow changed
05-19 16:34:26.409 687 769 V SystemServerTimingAsync: InitThreadPoolExec:Update app-ops uidState in case package com.oranth.powerwindow changed took to complete: 0ms
05-19 16:34:26.409 687 769 D SystemServerTimingAsync: InitThreadPoolExec:Update app-ops uidState in case package com.android.wallpaperbackup changed
05-19 16:34:26.409 687 769 D SystemServerInitThreadPool: Started executing Update app-ops uidState in case package com.android.wallpaperbackup changed
05-19 16:34:26.409 687 769 D SystemServerInitThreadPool: Finished executing Update app-ops uidState in case package com.android.wallpaperbackup changed
05-19 16:34:26.409 687 769 V SystemServerTimingAsync: InitThreadPoolExec:Update app-ops uidState in case package com.android.wallpaperbackup changed took to complete: 0ms
05-19 16:34:26.409 687 769 D SystemServerTimingAsync: InitThreadPoolExec:Update app-ops uidState in case package com.oranth.storage changed
05-19 16:34:26.409 687 769 D SystemServerInitThreadPool: Started executing Update app-ops uidState in case package com.oranth.storage changed
05-19 16:34:26.410 687 769 D SystemServerInitThreadPool: Finished executing Update app-ops uidState in case package com.oranth.storage changed
05-19 16:34:26.410 687 769 V SystemServerTimingAsync: InitThreadPoolExec:Update app-ops uidState in case package com.oranth.storage changed took to complete: 1ms
05-19 16:34:26.410 687 769 D SystemServerTimingAsync: InitThreadPoolExec:Update app-ops uidState in case package com.android.location.fused changed
05-19 16:34:26.410 687 769 D SystemServerInitThreadPool: Started executing Update app-ops uidState in case package com.android.location.fused changed
05-19 16:34:26.410 687 769 D SystemServerInitThreadPool: Finished executing Update app-ops uidState in case package com.android.location.fused changed
05-19 16:34:26.410 687 769 V SystemServerTimingAsync: InitThreadPoolExec:Update app-ops uidState in case package com.android.location.fused changed took to complete: 0ms
05-19 16:34:26.410 687 769 D SystemServerTimingAsync: InitThreadPoolExec:Update app-ops uidState in case package com.dangbei.haqusetting changed
05-19 16:34:26.410 687 769 D SystemServerInitThreadPool: Started executing Update app-ops uidState in case package com.dangbei.haqusetting changed
05-19 16:34:26.410 687 769 D SystemServerInitThreadPool: Finished executing Update app-ops uidState in case package com.dangbei.haqusetting changed
05-19 16:34:26.410 687 769 V SystemServerTimingAsync: InitThreadPoolExec:Update app-ops uidState in case package com.dangbei.haqusetting changed took to complete: 0ms
05-19 16:34:26.410 687 759 D SystemServerTimingAsync: InitThreadPoolExec:Update app-ops uidState in case package com.android.inputdevices changed
05-19 16:34:26.410 687 759 D SystemServerInitThreadPool: Started executing Update app-ops uidState in case package com.android.inputdevices changed
05-19 16:34:26.410 687 748 D SystemServerInitThreadPool: Finished executing Update app-ops uidState in case package com.android.certinstaller changed
05-19 16:34:26.410 687 759 D SystemServerInitThreadPool: Finished executing Update app-ops uidState in case package com.android.inputdevices changed
05-19 16:34:26.410 687 759 V SystemServerTimingAsync: InitThreadPoolExec:Update app-ops uidState in case package com.android.inputdevices changed took to complete: 0ms
05-19 16:34:26.410 687 748 V SystemServerTimingAsync: InitThreadPoolExec:Update app-ops uidState in case package com.android.certinstaller changed took to complete: 8ms
05-19 16:34:26.410 687 712 V SystemServerTimingAsync: InitThreadPoolExec:Update app-ops uidState in case package com.android.providers.settings changed took to complete: 0ms
05-19 16:34:26.415 687 687 V SystemServerTiming: controllersReady took to complete: 29ms
05-19 16:34:26.416 687 687 D SystemServerTiming: killProcesses
05-19 16:34:26.416 687 687 V SystemServerTiming: killProcesses took to complete: 0ms
05-19 16:34:26.416 687 687 I ActivityManager: System now ready
05-19 16:34:26.416 687 687 D SystemServerTiming: updateTopComponentForFactoryTest
05-19 16:34:26.416 687 687 V SystemServerTiming: updateTopComponentForFactoryTest took to complete: 0ms
05-19 16:34:26.416 687 687 D SystemServerTiming: registerActivityLaunchObserver
05-19 16:34:26.417 687 687 V SystemServerTiming: registerActivityLaunchObserver took to complete: 1ms
05-19 16:34:26.417 687 687 D SystemServerTiming: watchDeviceProvisioning
05-19 16:34:26.420 687 687 V SystemServerTiming: watchDeviceProvisioning took to complete: 3ms
05-19 16:34:26.420 687 687 D SystemServerTiming: retrieveSettings
05-19 16:34:26.422 687 687 I ActivityTaskManager: Config changes=10000000 {1.0 ?mcc0mnc [zh_CN] ldltr sw720dp w1280dp h720dp 240dpi xlrg long land television -touch -keyb/v/h dpad/v winConfig={ mBounds=Rect(0, 0 - 1920, 1080) mAppBounds=Rect(0, 0 - 1920, 1080) mMaxBounds=Rect(0, 0 - 1920, 1080) mDisplayRotation=ROTATION_0 mWindowingMode=fullscreen mDisplayWindowingMode=fullscreen mActivityType=undefined mAlwaysOnTop=undefined mRotation=ROTATION_0} s.6 fontWeightAdjustment=0}
05-19 16:34:26.423 687 687 I WindowManager: Override config changes=10000000 {1.0 ?mcc0mnc [zh_CN] ldltr sw720dp w1280dp h720dp 240dpi xlrg long land television -touch -keyb/v/h dpad/v winConfig={ mBounds=Rect(0, 0 - 1920, 1080) mAppBounds=Rect(0, 0 - 1920, 1080) mMaxBounds=Rect(0, 0 - 1920, 1080) mDisplayRotation=ROTATION_0 mWindowingMode=fullscreen mDisplayWindowingMode=fullscreen mActivityType=undefined mAlwaysOnTop=undefined mRotation=ROTATION_0} s.6 fontWeightAdjustment=0} for displayId=0
05-19 16:34:26.427 687 687 V SystemServerTiming: retrieveSettings took to complete: 7ms
05-19 16:34:26.427 687 687 D SystemServerTiming: Ugm.onSystemReady
05-19 16:34:26.428 687 687 V SystemServerTiming: Ugm.onSystemReady took to complete: 1ms
05-19 16:34:26.428 687 687 D SystemServerTiming: updateForceBackgroundCheck
05-19 16:34:26.428 687 687 V SystemServerTiming: updateForceBackgroundCheck took to complete: 0ms
05-19 16:34:26.428 687 687 I SystemServer: Making services ready
05-19 16:34:26.428 687 687 D SystemServerTiming: StartActivityManagerReadyPhase
05-19 16:34:26.428 687 687 I SystemServiceManager: Starting phase 550
05-19 16:34:26.428 687 687 D SystemServerTiming: OnBootPhase_550
05-19 16:34:26.428 687 687 D SystemServerTiming: OnBootPhase_550_com.android.server.security.FileIntegrityService
05-19 16:34:26.428 687 687 V SystemServerTiming: OnBootPhase_550_com.android.server.security.FileIntegrityService took to complete: 0ms
05-19 16:34:26.428 687 687 D SystemServerTiming: OnBootPhase_550_com.android.server.pm.Installer
05-19 16:34:26.428 687 687 V SystemServerTiming: OnBootPhase_550_com.android.server.pm.Installer took to complete: 0ms
05-19 16:34:26.428 687 687 D SystemServerTiming: OnBootPhase_550_com.android.server.os.DeviceIdentifiersPolicyService
05-19 16:34:26.428 687 687 V SystemServerTiming: OnBootPhase_550_com.android.server.os.DeviceIdentifiersPolicyService took to complete: 0ms
05-19 16:34:26.428 687 687 D SystemServerTiming: OnBootPhase_550_com.android.server.flags.FeatureFlagsService
05-19 16:34:26.428 687 687 V SystemServerTiming: OnBootPhase_550_com.android.server.flags.FeatureFlagsService took to complete: 0ms
05-19 16:34:26.429 687 687 D SystemServerTiming: OnBootPhase_550_com.android.server.uri.UriGrantsManagerService$Lifecycle
05-19 16:34:26.429 687 687 V SystemServerTiming: OnBootPhase_550_com.android.server.uri.UriGrantsManagerService$Lifecycle took to complete: 0ms
05-19 16:34:26.429 687 687 D SystemServerTiming: OnBootPhase_550_com.android.server.powerstats.PowerStatsService
05-19 16:34:26.429 687 687 V SystemServerTiming: OnBootPhase_550_com.android.server.powerstats.PowerStatsService took to complete: 0ms
05-19 16:34:26.429 687 687 D SystemServerTiming: OnBootPhase_550_com.android.server.permission.access.AccessCheckingService
05-19 16:34:26.429 687 687 V SystemServerTiming: OnBootPhase_550_com.android.server.permission.access.AccessCheckingService took to complete: 0ms
05-19 16:34:26.429 687 687 D SystemServerTiming: OnBootPhase_550_com.android.server.wm.ActivityTaskManagerService$Lifecycle
05-19 16:34:26.429 687 687 V SystemServerTiming: OnBootPhase_550_com.android.server.wm.ActivityTaskManagerService$Lifecycle took to complete: 0ms
05-19 16:34:26.429 687 687 D SystemServerTiming: OnBootPhase_550_com.android.server.am.ActivityManagerService$Lifecycle
05-19 16:34:26.431 687 687 V SystemServerTiming: OnBootPhase_550_com.android.server.am.ActivityManagerService$Lifecycle took to complete: 2ms
05-19 16:34:26.431 687 687 D SystemServerTiming: OnBootPhase_550_com.android.server.pm.DataLoaderManagerService
05-19 16:34:26.431 687 687 V SystemServerTiming: OnBootPhase_550_com.android.server.pm.DataLoaderManagerService took to complete: 0ms
05-19 16:34:26.431 687 687 D SystemServerTiming: OnBootPhase_550_com.android.server.power.PowerManagerService
05-19 16:34:26.431 687 687 V SystemServerTiming: OnBootPhase_550_com.android.server.power.PowerManagerService took to complete: 0ms
05-19 16:34:26.431 687 687 D SystemServerTiming: OnBootPhase_550_com.android.server.power.ThermalManagerService
05-19 16:34:26.432 687 687 I ThermalHalWrapper: Thermal HAL AIDL service connected.
05-19 16:34:26.436 687 687 E ThermalHalWrapper: Couldn't getTemperatureThresholds due to invalid status
05-19 16:34:26.436 687 687 E ThermalHalWrapper: java.lang.IllegalStateException: ThermalHal cannot read any sensor data
05-19 16:34:26.436 687 687 E ThermalHalWrapper: at android.os.Parcel.createExceptionOrNull(Parcel.java:3065)
05-19 16:34:26.436 687 687 E ThermalHalWrapper: at android.os.Parcel.createException(Parcel.java:3041)
05-19 16:34:26.436 687 687 E ThermalHalWrapper: at android.os.Parcel.readException(Parcel.java:3024)
05-19 16:34:26.436 687 687 E ThermalHalWrapper: at android.os.Parcel.readException(Parcel.java:2966)
05-19 16:34:26.436 687 687 E ThermalHalWrapper: at android.hardware.thermal.IThermal$Stub$Proxy.getTemperatureThresholdsWithType(IThermal.java:399)
05-19 16:34:26.436 687 687 E ThermalHalWrapper: at com.android.server.power.ThermalManagerService$ThermalHalAidlWrapper.getTemperatureThresholds(ThermalManagerService.java:831)
05-19 16:34:26.436 687 687 E ThermalHalWrapper: at com.android.server.power.ThermalManagerService$TemperatureWatcher.updateSevereThresholds(ThermalManagerService.java:1358)
05-19 16:34:26.436 687 687 E ThermalHalWrapper: at com.android.server.power.ThermalManagerService.onActivityManagerReady(ThermalManagerService.java:184)
05-19 16:34:26.436 687 687 E ThermalHalWrapper: at com.android.server.power.ThermalManagerService.onBootPhase(ThermalManagerService.java:146)
05-19 16:34:26.436 687 687 E ThermalHalWrapper: at com.android.server.SystemServiceManager.startBootPhase(SystemServiceManager.java:291)
05-19 16:34:26.436 687 687 E ThermalHalWrapper: at com.android.server.SystemServer.lambda$startOtherServices$6(SystemServer.java:2910)
05-19 16:34:26.436 687 687 E ThermalHalWrapper: at com.android.server.SystemServer.$r8$lambda$j-o4YiFI6CGg9c4nnNy8d-lY-7g(SystemServer.java:0)
05-19 16:34:26.436 687 687 E ThermalHalWrapper: at com.android.server.SystemServer$$ExternalSyntheticLambda6.run(R8$$SyntheticClass:0)
05-19 16:34:26.436 687 687 E ThermalHalWrapper: at com.android.server.am.ActivityManagerService.systemReady(ActivityManagerService.java:8683)
05-19 16:34:26.436 687 687 E ThermalHalWrapper: at com.android.server.SystemServer.startOtherServices(SystemServer.java:2907)
05-19 16:34:26.436 687 687 E ThermalHalWrapper: at com.android.server.SystemServer.run(SystemServer.java:946)
05-19 16:34:26.436 687 687 E ThermalHalWrapper: at com.android.server.SystemServer.main(SystemServer.java:668)
05-19 16:34:26.436 687 687 E ThermalHalWrapper: at java.lang.reflect.Method.invoke(Native Method)
05-19 16:34:26.436 687 687 E ThermalHalWrapper: at com.android.internal.os.RuntimeInit$MethodAndArgsCaller.run(RuntimeInit.java:552)
05-19 16:34:26.436 687 687 E ThermalHalWrapper: at com.android.internal.os.ZygoteInit.main(ZygoteInit.java:956)
05-19 16:34:26.436 687 687 V SystemServerTiming: OnBootPhase_550_com.android.server.power.ThermalManagerService took to complete: 5ms
05-19 16:34:26.436 687 687 D SystemServerTiming: OnBootPhase_550_com.android.server.power.hint.HintManagerService
05-19 16:34:26.436 687 687 V SystemServerTiming: OnBootPhase_550_com.android.server.power.hint.HintManagerService took to complete: 0ms
05-19 16:34:26.436 687 687 D SystemServerTiming: OnBootPhase_550_com.android.server.recoverysystem.RecoverySystemService$Lifecycle
05-19 16:34:26.436 687 687 V SystemServerTiming: OnBootPhase_550_com.android.server.recoverysystem.RecoverySystemService$Lifecycle took to complete: 0ms
05-19 16:34:26.436 687 687 D SystemServerTiming: OnBootPhase_550_com.android.server.lights.LightsService
05-19 16:34:26.436 687 687 V SystemServerTiming: OnBootPhase_550_com.android.server.lights.LightsService took to complete: 0ms
05-19 16:34:26.437 687 687 D SystemServerTiming: OnBootPhase_550_com.android.server.display.DisplayManagerService
05-19 16:34:26.437 687 687 V SystemServerTiming: OnBootPhase_550_com.android.server.display.DisplayManagerService took to complete: 0ms
05-19 16:34:26.437 687 687 D SystemServerTiming: OnBootPhase_550_com.android.server.pm.verify.domain.DomainVerificationService
05-19 16:34:26.437 687 687 V SystemServerTiming: OnBootPhase_550_com.android.server.pm.verify.domain.DomainVerificationService took to complete: 0ms
05-19 16:34:26.437 687 687 D SystemServerTiming: OnBootPhase_550_com.android.server.pm.PackageInstallerService$Lifecycle
05-19 16:34:26.437 687 687 V SystemServerTiming: OnBootPhase_550_com.android.server.pm.PackageInstallerService$Lifecycle took to complete: 0ms
05-19 16:34:26.437 687 687 D SystemServerTiming: OnBootPhase_550_com.android.server.pm.UserManagerService$LifeCycle
05-19 16:34:26.437 687 687 V SystemServerTiming: OnBootPhase_550_com.android.server.pm.UserManagerService$LifeCycle took to complete: 0ms
05-19 16:34:26.437 687 687 D SystemServerTiming: OnBootPhase_550_com.android.server.om.OverlayManagerService
05-19 16:34:26.437 687 687 V SystemServerTiming: OnBootPhase_550_com.android.server.om.OverlayManagerService took to complete: 0ms
05-19 16:34:26.437 687 687 D SystemServerTiming: OnBootPhase_550_com.android.server.resources.ResourcesManagerService
05-19 16:34:26.437 687 687 V SystemServerTiming: OnBootPhase_550_com.android.server.resources.ResourcesManagerService took to complete: 0ms
05-19 16:34:26.437 687 687 D SystemServerTiming: OnBootPhase_550_com.android.server.sensorprivacy.SensorPrivacyService
01-01 08:00:16.732 0 0 I [0 T508 ..] [wireless]: [usb_power_control] Set WiFi power down
01-01 08:00:16.732 0 0 I [0 T508 ..] [wireless]: [usb_power_control] Set WiFi power on !
05-19 16:34:26.438 687 687 V SystemServerTiming: OnBootPhase_550_com.android.server.sensorprivacy.SensorPrivacyService took to complete: 1ms
05-19 16:34:26.438 687 687 D SystemServerTiming: OnBootPhase_550_com.android.server.sensors.SensorService
05-19 16:34:26.438 687 687 V SystemServerTiming: OnBootPhase_550_com.android.server.sensors.SensorService took to complete: 0ms
05-19 16:34:26.438 687 687 D SystemServerTiming: OnBootPhase_550_com.android.server.SystemConfigService
